94.130.90.54 - - [06/May/2024:14:09:58 +0200] "GET /wp-content/uploads/logo.jpg HTTP/1.1" 304 3388 "https://tuerk.inglory.de/" "Serf/1.3.9 (mod_pagespeed/1.13.35.2-0)"
94.130.90.54 - - [06/May/2024:14:09:58 +0200] "GET /wp-content/uploads/elementor/css/custom-pro-widget-nav-menu.min.css?ver=1714833498 HTTP/1.1" 304 3389 "https://tuerk.inglory.de/" "Serf/1.3.9 (mod_pagespeed/1.13.35.2-0)"
94.130.90.54 - - [06/May/2024:14:09:58 +0200] "GET /wp-content/plugins/pro-elements/assets/css/widget-loop-builder.min.css HTTP/1.1" 304 3389 "https://tuerk.inglory.de/" "Serf/1.3.9 (mod_pagespeed/1.13.35.2-0)"
94.130.90.54 - - [06/May/2024:14:09:58 +0200] "GET /wp-content/uploads/elementor/css/custom-widget-icon-list.min.css?ver=1714833498 HTTP/1.1" 304 3389 "https://tuerk.inglory.de/" "Serf/1.3.9 (mod_pagespeed/1.13.35.2-0)"
94.130.90.54 - - [06/May/2024:14:09:58 +0200] "GET /wp-includes/js/jquery/jquery.min.js?ver=3.7.1 HTTP/1.1" 304 3390 "https://tuerk.inglory.de/" "Serf/1.3.9 (mod_pagespeed/1.13.35.2-0)"
94.130.90.54 - - [06/May/2024:14:09:58 +0200] "GET /wp-includes/js/jquery/jquery-migrate.min.js?ver=3.4.1 HTTP/1.1" 304 3389 "https://tuerk.inglory.de/" "Serf/1.3.9 (mod_pagespeed/1.13.35.2-0)"
94.130.90.54 - - [06/May/2024:14:09:58 +0200] "GET /wp-content/plugins/contact-form-7/includes/swv/js/index.js?ver=5.9.3 HTTP/1.1" 304 3389 "https://tuerk.inglory.de/" "Serf/1.3.9 (mod_pagespeed/1.13.35.2-0)"
94.130.90.54 - - [06/May/2024:14:09:58 +0200] "GET /wp-content/plugins/elementor/assets/js/frontend.min.js?ver=3.21.4 HTTP/1.1" 304 3389 "https://tuerk.inglory.de/" "Serf/1.3.9 (mod_pagespeed/1.13.35.2-0)"
94.130.90.54 - - [06/May/2024:14:09:58 +0200] "GET /wp-content/plugins/pro-elements/assets/js/elements-handlers.min.js?ver=3.21.0 HTTP/1.1" 304 3389 "https://tuerk.inglory.de/" "Serf/1.3.9 (mod_pagespeed/1.13.35.2-0)"
94.130.90.54 - - [06/May/2024:14:09:58 +0200] "GET /wp-content/themes/hub/assets/vendors/fresco/css/fresco.css HTTP/1.1" 304 3389 "https://tuerk.inglory.de/" "Serf/1.3.9 (mod_pagespeed/1.13.35.2-0)"
94.130.90.54 - - [06/May/2024:14:09:58 +0200] "GET /wp-content/uploads/803429.R1_1_x.webp HTTP/1.1" 200 466277 "https://tuerk.inglory.de/" "Serf/1.3.9 (mod_pagespeed/1.13.35.2-0)"
94.130.90.54 - - [06/May/2024:14:09:58 +0200] "GET /wp-content/uploads/803429.R1_1_x.webp HTTP/1.1" 200 466277 "https://tuerk.inglory.de/" "Serf/1.3.9 (mod_pagespeed/1.13.35.2-0)"
94.130.90.54 - - [06/May/2024:14:09:58 +0200] "GET /wp-content/uploads/803429.R1_1_x-232x300.webp HTTP/1.1" 200 24538 "https://tuerk.inglory.de/" "Serf/1.3.9 (mod_pagespeed/1.13.35.2-0)"
94.130.90.54 - - [06/May/2024:14:09:58 +0200] "GET /wp-content/uploads/803429.R1_1_x-793x1024.webp HTTP/1.1" 200 218214 "https://tuerk.inglory.de/" "Serf/1.3.9 (mod_pagespeed/1.13.35.2-0)"
84.178.144.211 - - [06/May/2024:14:09:58 +0200] "GET /wp-content/themes/hub/assets/vendors/liquid-icon/lqd-essentials/fonts/lqd-essentials.woff2 HTTP/1.0" 200 6843 "https://tuerk.inglory.de/" "Mozilla/5.0 (iPhone; CPU iPhone OS 17_4_1 like Mac OS X) AppleWebKit/605.1.15 (KHTML, like Gecko) Version/17.4.1 Mobile/15E148 Safari/604.1"
94.130.90.54 - - [06/May/2024:14:09:58 +0200] "GET /wp-content/uploads/803429.R1_1_x-1189x1536.webp HTTP/1.1" 200 435995 "https://tuerk.inglory.de/" "Serf/1.3.9 (mod_pagespeed/1.13.35.2-0)"
94.130.90.54 - - [06/May/2024:14:09:58 +0200] "GET /wp-content/uploads/VOX_Logo_2013.svg HTTP/1.1" 200 698965 "https://tuerk.inglory.de/" "Serf/1.3.9 (mod_pagespeed/1.13.35.2-0)"
84.178.144.211 - - [06/May/2024:14:09:58 +0200] "GET /wp-content/plugins/contact-form-7/includes/css/A.styles.css,qver=5.9.3.pagespeed.cf.bkX63Rfd0q.css HTTP/1.0" 200 1812 "https://tuerk.inglory.de/" "Mozilla/5.0 (iPhone; CPU iPhone OS 17_4_1 like Mac OS X) AppleWebKit/605.1.15 (KHTML, like Gecko) Version/17.4.1 Mobile/15E148 Safari/604.1"
94.130.90.54 - - [06/May/2024:14:09:58 +0200] "GET /wp-content/uploads/RTL.de_Logo_2021_united.svg HTTP/1.1" 200 4260 "https://tuerk.inglory.de/" "Serf/1.3.9 (mod_pagespeed/1.13.35.2-0)"
84.178.144.211 - - [06/May/2024:14:09:58 +0200] "GET /wp-content/plugins/hub-core/extras/redux-framework/redux-core/assets/css/extendify-utilities.css?ver=4.4.12.2 HTTP/1.0" 200 6753 "https://tuerk.inglory.de/" "Mozilla/5.0 (iPhone; CPU iPhone OS 17_4_1 like Mac OS X) AppleWebKit/605.1.15 (KHTML, like Gecko) Version/17.4.1 Mobile/15E148 Safari/604.1"
84.178.144.211 - - [06/May/2024:14:09:58 +0200] "GET /wp-content/themes/hub/assets/vendors/bootstrap/css/bootstrap.min.css HTTP/1.0" 200 10876 "https://tuerk.inglory.de/" "Mozilla/5.0 (iPhone; CPU iPhone OS 17_4_1 like Mac OS X) AppleWebKit/605.1.15 (KHTML, like Gecko) Version/17.4.1 Mobile/15E148 Safari/604.1"
84.178.144.211 - - [06/May/2024:14:09:58 +0200] "GET /wp-content/themes/hub/style.css HTTP/1.0" 200 2063 "https://tuerk.inglory.de/" "Mozilla/5.0 (iPhone; CPU iPhone OS 17_4_1 like Mac OS X) AppleWebKit/605.1.15 (KHTML, like Gecko) Version/17.4.1 Mobile/15E148 Safari/604.1"
84.178.144.211 - - [06/May/2024:14:09:58 +0200] "GET /wp-content/themes/hub/assets/css/elements/base/typography.css HTTP/1.0" 200 1179 "https://tuerk.inglory.de/" "Mozilla/5.0 (iPhone; CPU iPhone OS 17_4_1 like Mac OS X) AppleWebKit/605.1.15 (KHTML, like Gecko) Version/17.4.1 Mobile/15E148 Safari/604.1"
94.130.90.54 - - [06/May/2024:14:09:58 +0200] "GET /wp-content/uploads/am_logo_v02.svg HTTP/1.1" 200 9629 "https://tuerk.inglory.de/" "Serf/1.3.9 (mod_pagespeed/1.13.35.2-0)"
84.178.144.211 - - [06/May/2024:14:09:58 +0200] "GET /wp-content/uploads/elementor/css/custom-frontend-lite.min.css?ver=1714833497 HTTP/1.0" 200 16188 "https://tuerk.inglory.de/" "Mozilla/5.0 (iPhone; CPU iPhone OS 17_4_1 like Mac OS X) AppleWebKit/605.1.15 (KHTML, like Gecko) Version/17.4.1 Mobile/15E148 Safari/604.1"
84.178.144.211 - - [06/May/2024:14:09:58 +0200] "GET /wp-content/plugins/elementor/assets/lib/swiper/v8/css/swiper.min.css?ver=8.4.5 HTTP/1.0" 200 5545 "https://tuerk.inglory.de/" "Mozilla/5.0 (iPhone; CPU iPhone OS 17_4_1 like Mac OS X) AppleWebKit/605.1.15 (KHTML, like Gecko) Version/17.4.1 Mobile/15E148 Safari/604.1"
94.130.90.54 - - [06/May/2024:14:09:58 +0200] "GET /wp-content/uploads/am_logo_v02-1.svg HTTP/1.1" 200 9629 "https://tuerk.inglory.de/" "Serf/1.3.9 (mod_pagespeed/1.13.35.2-0)"
84.178.144.211 - - [06/May/2024:14:09:58 +0200] "GET /wp-content/uploads/elementor/css/custom-pro-frontend-lite.min.css?ver=1714833497 HTTP/1.0" 200 2437 "https://tuerk.inglory.de/" "Mozilla/5.0 (iPhone; CPU iPhone OS 17_4_1 like Mac OS X) AppleWebKit/605.1.15 (KHTML, like Gecko) Version/17.4.1 Mobile/15E148 Safari/604.1"
94.130.90.54 - - [06/May/2024:14:09:58 +0200] "GET /wp-content/uploads/logo_HUSSEL_Confiserie.svg HTTP/1.1" 200 12875 "https://tuerk.inglory.de/" "Serf/1.3.9 (mod_pagespeed/1.13.35.2-0)"
84.178.144.211 - - [06/May/2024:14:09:58 +0200] "GET /wp-includes/js/jquery/jquery-migrate.min.js?ver=3.4.1 HTTP/1.0" 200 5867 "https://tuerk.inglory.de/" "Mozilla/5.0 (iPhone; CPU iPhone OS 17_4_1 like Mac OS X) AppleWebKit/605.1.15 (KHTML, like Gecko) Version/17.4.1 Mobile/15E148 Safari/604.1"
84.178.144.211 - - [06/May/2024:14:09:58 +0200] "GET /wp-content/plugins/hub-elementor-addons/assets/css/theme-elementor.min.css?ver=4.3 HTTP/1.0" 200 78873 "https://tuerk.inglory.de/" "Mozilla/5.0 (iPhone; CPU iPhone OS 17_4_1 like Mac OS X) AppleWebKit/605.1.15 (KHTML, like Gecko) Version/17.4.1 Mobile/15E148 Safari/604.1"
84.178.144.211 - - [06/May/2024:14:09:58 +0200] "GET /wp-includes/js/jquery/jquery.min.js?ver=3.7.1 HTTP/1.0" 200 31364 "https://tuerk.inglory.de/" "Mozilla/5.0 (iPhone; CPU iPhone OS 17_4_1 like Mac OS X) AppleWebKit/605.1.15 (KHTML, like Gecko) Version/17.4.1 Mobile/15E148 Safari/604.1"
94.130.90.54 - - [06/May/2024:14:09:58 +0200] "GET /wp-content/uploads/schneiderlogo.svg HTTP/1.1" 200 18377 "https://tuerk.inglory.de/" "Serf/1.3.9 (mod_pagespeed/1.13.35.2-0)"
84.178.144.211 - - [06/May/2024:14:09:58 +0200] "GET /wp-content/uploads/elementor/css/custom-pro-widget-nav-menu.min.css?ver=1714833498 HTTP/1.0" 200 4269 "https://tuerk.inglory.de/" "Mozilla/5.0 (iPhone; CPU iPhone OS 17_4_1 like Mac OS X) AppleWebKit/605.1.15 (KHTML, like Gecko) Version/17.4.1 Mobile/15E148 Safari/604.1"
84.178.144.211 - - [06/May/2024:14:09:58 +0200] "GET /wp-content/plugins/pro-elements/assets/css/widget-loop-builder.min.css HTTP/1.0" 200 3497 "https://tuerk.inglory.de/" "Mozilla/5.0 (iPhone; CPU iPhone OS 17_4_1 like Mac OS X) AppleWebKit/605.1.15 (KHTML, like Gecko) Version/17.4.1 Mobile/15E148 Safari/604.1"
84.178.144.211 - - [06/May/2024:14:09:58 +0200] "GET /wp-content/uploads/803429.R1_1_x.webp HTTP/1.0" 200 464797 "https://tuerk.inglory.de/" "Mozilla/5.0 (iPhone; CPU iPhone OS 17_4_1 like Mac OS X) AppleWebKit/605.1.15 (KHTML, like Gecko) Version/17.4.1 Mobile/15E148 Safari/604.1"
94.130.90.54 - - [06/May/2024:14:09:58 +0200] "GET /wp-content/uploads/topp-verlag-vector-logo.svg HTTP/1.1" 200 7012 "https://tuerk.inglory.de/" "Serf/1.3.9 (mod_pagespeed/1.13.35.2-0)"
84.178.144.211 - - [06/May/2024:14:09:58 +0200] "GET /wp-content/uploads/elementor/css/custom-widget-icon-list.min.css?ver=1714833498 HTTP/1.0" 200 1901 "https://tuerk.inglory.de/" "Mozilla/5.0 (iPhone; CPU iPhone OS 17_4_1 like Mac OS X) AppleWebKit/605.1.15 (KHTML, like Gecko) Version/17.4.1 Mobile/15E148 Safari/604.1"
94.130.90.54 - - [06/May/2024:14:09:58 +0200] "GET /wp-content/uploads/432263564_18309579112180546_203085280539664659_n.jpg HTTP/1.1" 304 3390 "https://tuerk.inglory.de/" "Serf/1.3.9 (mod_pagespeed/1.13.35.2-0)"
84.178.144.211 - - [06/May/2024:14:09:58 +0200] "GET /wp-content/themes/hub/assets/vendors/liquid-icon/lqd-essentials/lqd-essentials.min.css HTTP/1.0" 200 1721 "https://tuerk.inglory.de/" "Mozilla/5.0 (iPhone; CPU iPhone OS 17_4_1 like Mac OS X) AppleWebKit/605.1.15 (KHTML, like Gecko) Version/17.4.1 Mobile/15E148 Safari/604.1"
84.178.144.211 - - [06/May/2024:14:09:58 +0200] "GET /wp-content/plugins/contact-form-7/includes/swv/js/index.js?ver=5.9.3 HTTP/1.0" 200 4329 "https://tuerk.inglory.de/" "Mozilla/5.0 (iPhone; CPU iPhone OS 17_4_1 like Mac OS X) AppleWebKit/605.1.15 (KHTML, like Gecko) Version/17.4.1 Mobile/15E148 Safari/604.1"
84.178.144.211 - - [06/May/2024:14:09:58 +0200] "GET /wp-content/themes/hub/assets/vendors/fresco/css/fresco.css HTTP/1.0" 200 8184 "https://tuerk.inglory.de/" "Mozilla/5.0 (iPhone; CPU iPhone OS 17_4_1 like Mac OS X) AppleWebKit/605.1.15 (KHTML, like Gecko) Version/17.4.1 Mobile/15E148 Safari/604.1"
84.178.144.211 - - [06/May/2024:14:09:58 +0200] "GET /wp-content/plugins/contact-form-7/includes/js/index.js?ver=5.9.3 HTTP/1.0" 200 5074 "https://tuerk.inglory.de/" "Mozilla/5.0 (iPhone; CPU iPhone OS 17_4_1 like Mac OS X) AppleWebKit/605.1.15 (KHTML, like Gecko) Version/17.4.1 Mobile/15E148 Safari/604.1"
84.178.144.211 - - [06/May/2024:14:09:58 +0200] "GET /wp-content/plugins/elementor/assets/lib/e-gallery/css/e-gallery.min.css?ver=1.2.0 HTTP/1.0" 200 3252 "https://tuerk.inglory.de/" "Mozilla/5.0 (iPhone; CPU iPhone OS 17_4_1 like Mac OS X) AppleWebKit/605.1.15 (KHTML, like Gecko) Version/17.4.1 Mobile/15E148 Safari/604.1"
84.178.144.211 - - [06/May/2024:14:09:58 +0200] "GET /wp-content/themes/hub/assets/vendors/fastdom/fastdom.min.js HTTP/1.0" 200 3213 "https://tuerk.inglory.de/" "Mozilla/5.0 (iPhone; CPU iPhone OS 17_4_1 like Mac OS X) AppleWebKit/605.1.15 (KHTML, like Gecko) Version/17.4.1 Mobile/15E148 Safari/604.1"
94.130.90.54 - - [06/May/2024:14:09:58 +0200] "GET /wp-content/uploads/cache_43060806.jpeg HTTP/1.1" 304 3390 "https://tuerk.inglory.de/" "Serf/1.3.9 (mod_pagespeed/1.13.35.2-0)"
84.178.144.211 - - [06/May/2024:14:09:58 +0200] "GET /wp-includes/js/imagesloaded.min.js?ver=5.0.0 HTTP/1.0" 200 2708 "https://tuerk.inglory.de/" "Mozilla/5.0 (iPhone; CPU iPhone OS 17_4_1 like Mac OS X) AppleWebKit/605.1.15 (KHTML, like Gecko) Version/17.4.1 Mobile/15E148 Safari/604.1"
84.178.144.211 - - [06/May/2024:14:09:58 +0200] "GET /wp-content/themes/hub/assets/vendors/lity/lity.min.js HTTP/1.0" 200 3322 "https://tuerk.inglory.de/" "Mozilla/5.0 (iPhone; CPU iPhone OS 17_4_1 like Mac OS X) AppleWebKit/605.1.15 (KHTML, like Gecko) Version/17.4.1 Mobile/15E148 Safari/604.1"
84.178.144.211 - - [06/May/2024:14:09:58 +0200] "GET /wp-content/themes/hub/assets/vendors/fresco/js/fresco.js HTTP/1.0" 200 17254 "https://tuerk.inglory.de/" "Mozilla/5.0 (iPhone; CPU iPhone OS 17_4_1 like Mac OS X) AppleWebKit/605.1.15 (KHTML, like Gecko) Version/17.4.1 Mobile/15E148 Safari/604.1"
84.178.144.211 - - [06/May/2024:14:09:58 +0200] "GET /wp-content/themes/hub/assets/vendors/fontfaceobserver.js HTTP/1.0" 200 3197 "https://tuerk.inglory.de/" "Mozilla/5.0 (iPhone; CPU iPhone OS 17_4_1 like Mac OS X) AppleWebKit/605.1.15 (KHTML, like Gecko) Version/17.4.1 Mobile/15E148 Safari/604.1"
84.178.144.211 - - [06/May/2024:14:09:58 +0200] "GET /wp-content/themes/hub/assets/vendors/intersection-observer.js HTTP/1.0" 200 3638 "https://tuerk.inglory.de/" "Mozilla/5.0 (iPhone; CPU iPhone OS 17_4_1 like Mac OS X) AppleWebKit/605.1.15 (KHTML, like Gecko) Version/17.4.1 Mobile/15E148 Safari/604.1"
94.130.90.54 - - [06/May/2024:14:09:58 +0200] "GET /wp-content/themes/hub/assets/vendors/fresco/fresco-skins/sprite.png HTTP/1.1" 304 3389 "https://tuerk.inglory.de/wp-content/themes/hub/assets/vendors/fresco/css/fresco.css" "Serf/1.3.9 (mod_pagespeed/1.13.35.2-0)"
84.178.144.211 - - [06/May/2024:14:09:58 +0200] "GET /wp-content/themes/hub/assets/vendors/gsap/minified/ScrollTrigger.min.js HTTP/1.0" 200 15883 "https://tuerk.inglory.de/" "Mozilla/5.0 (iPhone; CPU iPhone OS 17_4_1 like Mac OS X) AppleWebKit/605.1.15 (KHTML, like Gecko) Version/17.4.1 Mobile/15E148 Safari/604.1"
94.130.90.54 - - [06/May/2024:14:09:58 +0200] "GET /wp-content/uploads/BG-Lines.svg HTTP/1.1" 200 9185 "https://tuerk.inglory.de/" "Serf/1.3.9 (mod_pagespeed/1.13.35.2-0)"
94.130.90.54 - - [06/May/2024:14:09:58 +0200] "GET /wp-content/plugins/contact-form-7/includes/js/index.js?ver=5.9.3 HTTP/1.1" 304 3389 "https://tuerk.inglory.de/" "Serf/1.3.9 (mod_pagespeed/1.13.35.2-0)"
94.130.90.54 - - [06/May/2024:14:09:58 +0200] "GET /wp-content/themes/hub/assets/vendors/fresco/fresco-skins/sprite.svg HTTP/1.1" 200 152259 "https://tuerk.inglory.de/wp-content/themes/hub/assets/vendors/fresco/css/fresco.css" "Serf/1.3.9 (mod_pagespeed/1.13.35.2-0)"
94.130.90.54 - - [06/May/2024:14:09:58 +0200] "GET /wp-content/themes/hub/assets/vendors/fastdom/fastdom.min.js HTTP/1.1" 304 3388 "https://tuerk.inglory.de/" "Serf/1.3.9 (mod_pagespeed/1.13.35.2-0)"
84.178.144.211 - - [06/May/2024:14:09:58 +0200] "GET /wp-content/themes/hub/assets/vendors/tinycolor-min.js HTTP/1.0" 200 6243 "https://tuerk.inglory.de/" "Mozilla/5.0 (iPhone; CPU iPhone OS 17_4_1 like Mac OS X) AppleWebKit/605.1.15 (KHTML, like Gecko) Version/17.4.1 Mobile/15E148 Safari/604.1"
84.178.144.211 - - [06/May/2024:14:09:58 +0200] "GET /wp-content/themes/hub/assets/vendors/jquery-ui/jquery-ui.min.js HTTP/1.0" 200 30368 "https://tuerk.inglory.de/" "Mozilla/5.0 (iPhone; CPU iPhone OS 17_4_1 like Mac OS X) AppleWebKit/605.1.15 (KHTML, like Gecko) Version/17.4.1 Mobile/15E148 Safari/604.1"
84.178.144.211 - - [06/May/2024:14:09:58 +0200] "GET /wp-content/themes/hub/assets/vendors/isotope/isotope.pkgd.min.js HTTP/1.0" 200 10953 "https://tuerk.inglory.de/" "Mozilla/5.0 (iPhone; CPU iPhone OS 17_4_1 like Mac OS X) AppleWebKit/605.1.15 (KHTML, like Gecko) Version/17.4.1 Mobile/15E148 Safari/604.1"
84.178.144.211 - - [06/May/2024:14:09:58 +0200] "GET /wp-content/themes/hub/assets/vendors/isotope/packery-mode.pkgd.min.js HTTP/1.0" 200 5094 "https://tuerk.inglory.de/" "Mozilla/5.0 (iPhone; CPU iPhone OS 17_4_1 like Mac OS X) AppleWebKit/605.1.15 (KHTML, like Gecko) Version/17.4.1 Mobile/15E148 Safari/604.1"
84.178.144.211 - - [06/May/2024:14:09:58 +0200] "GET /wp-content/plugins/elementor/assets/lib/e-gallery/js/e-gallery.min.js?ver=1.2.0 HTTP/1.0" 200 5596 "https://tuerk.inglory.de/" "Mozilla/5.0 (iPhone; CPU iPhone OS 17_4_1 like Mac OS X) AppleWebKit/605.1.15 (KHTML, like Gecko) Version/17.4.1 Mobile/15E148 Safari/604.1"
84.178.144.211 - - [06/May/2024:14:09:58 +0200] "GET /wp-content/themes/hub/assets/vendors/bootstrap/js/bootstrap.min.js HTTP/1.0" 200 26369 "https://tuerk.inglory.de/" "Mozilla/5.0 (iPhone; CPU iPhone OS 17_4_1 like Mac OS X) AppleWebKit/605.1.15 (KHTML, like Gecko) Version/17.4.1 Mobile/15E148 Safari/604.1"
84.178.144.211 - - [06/May/2024:14:09:58 +0200] "GET /wp-content/themes/hub/assets/vendors/flickity/flickity-fade.min.js HTTP/1.0" 200 2169 "https://tuerk.inglory.de/" "Mozilla/5.0 (iPhone; CPU iPhone OS 17_4_1 like Mac OS X) AppleWebKit/605.1.15 (KHTML, like Gecko) Version/17.4.1 Mobile/15E148 Safari/604.1"
84.178.144.211 - - [06/May/2024:14:09:58 +0200] "GET /wp-content/plugins/pro-elements/assets/js/webpack-pro.runtime.min.js?ver=3.21.0 HTTP/1.0" 200 3559 "https://tuerk.inglory.de/" "Mozilla/5.0 (iPhone; CPU iPhone OS 17_4_1 like Mac OS X) AppleWebKit/605.1.15 (KHTML, like Gecko) Version/17.4.1 Mobile/15E148 Safari/604.1"
94.130.90.54 - - [06/May/2024:14:09:58 +0200] "GET /wp-content/themes/hub/assets/vendors/bootstrap/js/bootstrap.min.js HTTP/1.1" 304 3390 "https://tuerk.inglory.de/" "Serf/1.3.9 (mod_pagespeed/1.13.35.2-0)"
84.178.144.211 - - [06/May/2024:14:09:58 +0200] "GET /wp-content/plugins/elementor/assets/js/frontend-modules.min.js?ver=3.21.4 HTTP/1.0" 200 18509 "https://tuerk.inglory.de/" "Mozilla/5.0 (iPhone; CPU iPhone OS 17_4_1 like Mac OS X) AppleWebKit/605.1.15 (KHTML, like Gecko) Version/17.4.1 Mobile/15E148 Safari/604.1"
84.178.144.211 - - [06/May/2024:14:09:58 +0200] "GET /wp-includes/js/dist/vendor/regenerator-runtime.min.js?ver=0.14.0 HTTP/1.0" 200 4948 "https://tuerk.inglory.de/" "Mozilla/5.0 (iPhone; CPU iPhone OS 17_4_1 like Mac OS X) AppleWebKit/605.1.15 (KHTML, like Gecko) Version/17.4.1 Mobile/15E148 Safari/604.1"
84.178.144.211 - - [06/May/2024:14:09:58 +0200] "GET /wp-content/plugins/pro-elements/assets/lib/smartmenus/jquery.smartmenus.min.js?ver=1.2.1 HTTP/1.0" 200 8052 "https://tuerk.inglory.de/" "Mozilla/5.0 (iPhone; CPU iPhone OS 17_4_1 like Mac OS X) AppleWebKit/605.1.15 (KHTML, like Gecko) Version/17.4.1 Mobile/15E148 Safari/604.1"
84.178.144.211 - - [06/May/2024:14:09:58 +0200] "GET /wp-includes/js/dist/vendor/wp-polyfill.min.js?ver=3.15.0 HTTP/1.0" 200 16223 "https://tuerk.inglory.de/" "Mozilla/5.0 (iPhone; CPU iPhone OS 17_4_1 like Mac OS X) AppleWebKit/605.1.15 (KHTML, like Gecko) Version/17.4.1 Mobile/15E148 Safari/604.1"
84.178.144.211 - - [06/May/2024:14:09:58 +0200] "GET /wp-content/plugins/pro-elements/assets/js/frontend.min.js?ver=3.21.0 HTTP/1.0" 200 9125 "https://tuerk.inglory.de/" "Mozilla/5.0 (iPhone; CPU iPhone OS 17_4_1 like Mac OS X) AppleWebKit/605.1.15 (KHTML, like Gecko) Version/17.4.1 Mobile/15E148 Safari/604.1"
84.178.144.211 - - [06/May/2024:14:09:58 +0200] "GET /wp-content/themes/hub/assets/vendors/lazyload.min.js HTTP/1.0" 200 4046 "https://tuerk.inglory.de/" "Mozilla/5.0 (iPhone; CPU iPhone OS 17_4_1 like Mac OS X) AppleWebKit/605.1.15 (KHTML, like Gecko) Version/17.4.1 Mobile/15E148 Safari/604.1"
84.178.144.211 - - [06/May/2024:14:09:58 +0200] "GET /wp-content/plugins/elementor/assets/lib/waypoints/waypoints.min.js?ver=4.0.2 HTTP/1.0" 200 5441 "https://tuerk.inglory.de/" "Mozilla/5.0 (iPhone; CPU iPhone OS 17_4_1 like Mac OS X) AppleWebKit/605.1.15 (KHTML, like Gecko) Version/17.4.1 Mobile/15E148 Safari/604.1"
84.178.144.211 - - [06/May/2024:14:09:58 +0200] "GET /wp-content/plugins/elementor/assets/js/frontend.min.js?ver=3.21.4 HTTP/1.0" 200 14564 "https://tuerk.inglory.de/" "Mozilla/5.0 (iPhone; CPU iPhone OS 17_4_1 like Mac OS X) AppleWebKit/605.1.15 (KHTML, like Gecko) Version/17.4.1 Mobile/15E148 Safari/604.1"
84.178.144.211 - - [06/May/2024:14:09:58 +0200] "GET /wp-includes/js/jquery/ui/core.min.js?ver=1.13.2 HTTP/1.0" 200 9530 "https://tuerk.inglory.de/" "Mozilla/5.0 (iPhone; CPU iPhone OS 17_4_1 like Mac OS X) AppleWebKit/605.1.15 (KHTML, like Gecko) Version/17.4.1 Mobile/15E148 Safari/604.1"
84.178.144.211 - - [06/May/2024:14:09:58 +0200] "GET /wp-includes/js/dist/vendor/wp-polyfill-inert.min.js?ver=3.1.2 HTTP/1.0" 200 3482 "https://tuerk.inglory.de/" "Mozilla/5.0 (iPhone; CPU iPhone OS 17_4_1 like Mac OS X) AppleWebKit/605.1.15 (KHTML, like Gecko) Version/17.4.1 Mobile/15E148 Safari/604.1"
84.178.144.211 - - [06/May/2024:14:09:58 +0200] "GET /wp-includes/js/dist/hooks.min.js?ver=2810c76e705dd1a53b18 HTTP/1.0" 200 3965 "https://tuerk.inglory.de/" "Mozilla/5.0 (iPhone; CPU iPhone OS 17_4_1 like Mac OS X) AppleWebKit/605.1.15 (KHTML, like Gecko) Version/17.4.1 Mobile/15E148 Safari/604.1"
84.178.144.211 - - [06/May/2024:14:09:58 +0200] "GET /wp-content/plugins/elementor/assets/js/webpack.runtime.min.js?ver=3.21.4 HTTP/1.0" 200 3119 "https://tuerk.inglory.de/" "Mozilla/5.0 (iPhone; CPU iPhone OS 17_4_1 like Mac OS X) AppleWebKit/605.1.15 (KHTML, like Gecko) Version/17.4.1 Mobile/15E148 Safari/604.1"
84.178.144.211 - - [06/May/2024:14:09:58 +0200] "GET /wp-content/themes/hub/assets/vendors/gsap/minified/gsap.min.js HTTP/1.0" 200 26623 "https://tuerk.inglory.de/" "Mozilla/5.0 (iPhone; CPU iPhone OS 17_4_1 like Mac OS X) AppleWebKit/605.1.15 (KHTML, like Gecko) Version/17.4.1 Mobile/15E148 Safari/604.1"
84.178.144.211 - - [06/May/2024:14:09:58 +0200] "GET /wp-content/plugins/pro-elements/assets/js/elements-handlers.min.js?ver=3.21.0 HTTP/1.0" 200 11670 "https://tuerk.inglory.de/" "Mozilla/5.0 (iPhone; CPU iPhone OS 17_4_1 like Mac OS X) AppleWebKit/605.1.15 (KHTML, like Gecko) Version/17.4.1 Mobile/15E148 Safari/604.1"
84.178.144.211 - - [06/May/2024:14:09:58 +0200] "GET /wp-content/themes/hub/assets/vendors/flickity/flickity.pkgd.min.js HTTP/1.0" 200 15183 "https://tuerk.inglory.de/" "Mozilla/5.0 (iPhone; CPU iPhone OS 17_4_1 like Mac OS X) AppleWebKit/605.1.15 (KHTML, like Gecko) Version/17.4.1 Mobile/15E148 Safari/604.1"
94.130.90.54 - - [06/May/2024:14:09:58 +0200] "GET /wp-includes/js/imagesloaded.min.js?ver=5.0.0 HTTP/1.1" 304 3389 "https://tuerk.inglory.de/" "Serf/1.3.9 (mod_pagespeed/1.13.35.2-0)"
84.178.144.211 - - [06/May/2024:14:09:58 +0200] "GET /wp-includes/js/dist/i18n.min.js?ver=5e580eb46a90c2b997e6 HTTP/1.0" 200 6110 "https://tuerk.inglory.de/" "Mozilla/5.0 (iPhone; CPU iPhone OS 17_4_1 like Mac OS X) AppleWebKit/605.1.15 (KHTML, like Gecko) Version/17.4.1 Mobile/15E148 Safari/604.1"
84.178.144.211 - - [06/May/2024:14:09:58 +0200] "GET /wp-content/themes/hub/assets/vendors/gsap/utils/SplitText.min.js HTTP/1.0" 200 6222 "https://tuerk.inglory.de/" "Mozilla/5.0 (iPhone; CPU iPhone OS 17_4_1 like Mac OS X) AppleWebKit/605.1.15 (KHTML, like Gecko) Version/17.4.1 Mobile/15E148 Safari/604.1"
94.130.90.54 - - [06/May/2024:14:09:58 +0200] "GET /wp-content/themes/hub/assets/vendors/jquery-ui/jquery-ui.min.js HTTP/1.1" 304 3390 "https://tuerk.inglory.de/" "Serf/1.3.9 (mod_pagespeed/1.13.35.2-0)"
94.130.90.54 - - [06/May/2024:14:09:58 +0200] "GET /wp-content/themes/hub/assets/vendors/gsap/minified/gsap.min.js HTTP/1.1" 304 3389 "https://tuerk.inglory.de/" "Serf/1.3.9 (mod_pagespeed/1.13.35.2-0)"
94.130.90.54 - - [06/May/2024:14:09:58 +0200] "GET /wp-content/themes/hub/assets/js/theme.min.js HTTP/1.1" 304 3390 "https://tuerk.inglory.de/" "Serf/1.3.9 (mod_pagespeed/1.13.35.2-0)"
94.130.90.54 - - [06/May/2024:14:09:58 +0200] "GET /wp-content/plugins/pro-elements/assets/js/webpack-pro.runtime.min.js?ver=3.21.0 HTTP/1.1" 304 3389 "https://tuerk.inglory.de/" "Serf/1.3.9 (mod_pagespeed/1.13.35.2-0)"
94.130.90.54 - - [06/May/2024:14:09:58 +0200] "GET /wp-content/plugins/elementor/assets/js/webpack.runtime.min.js?ver=3.21.4 HTTP/1.1" 304 3389 "https://tuerk.inglory.de/" "Serf/1.3.9 (mod_pagespeed/1.13.35.2-0)"
94.130.90.54 - - [06/May/2024:14:09:58 +0200] "GET /wp-content/themes/hub/assets/vendors/fresco/fresco-skins/sprite.png HTTP/1.1" 304 3389 "https://tuerk.inglory.de/" "Serf/1.3.9 (mod_pagespeed/1.13.35.2-0)"
94.130.90.54 - - [06/May/2024:14:09:58 +0200] "GET /wp-content/themes/hub/assets/vendors/fresco/fresco-skins/sprite.svg HTTP/1.1" 200 152259 "https://tuerk.inglory.de/" "Serf/1.3.9 (mod_pagespeed/1.13.35.2-0)"
84.178.144.211 - - [06/May/2024:14:09:58 +0200] "GET /wp-content/themes/hub/assets/js/theme.min.js HTTP/1.0" 200 74979 "https://tuerk.inglory.de/" "Mozilla/5.0 (iPhone; CPU iPhone OS 17_4_1 like Mac OS X) AppleWebKit/605.1.15 (KHTML, like Gecko) Version/17.4.1 Mobile/15E148 Safari/604.1"
84.178.144.211 - - [06/May/2024:14:09:58 +0200] "GET /wp-content/uploads/logo.jpg HTTP/1.0" 200 3030 "https://tuerk.inglory.de/" "Mozilla/5.0 (iPhone; CPU iPhone OS 17_4_1 like Mac OS X) AppleWebKit/605.1.15 (KHTML, like Gecko) Version/17.4.1 Mobile/15E148 Safari/604.1"
84.178.144.211 - - [06/May/2024:14:09:58 +0200] "GET /wp-content/uploads/VOX_Logo_2013.svg HTTP/1.0" 200 695938 "https://tuerk.inglory.de/" "Mozilla/5.0 (iPhone; CPU iPhone OS 17_4_1 like Mac OS X) AppleWebKit/605.1.15 (KHTML, like Gecko) Version/17.4.1 Mobile/15E148 Safari/604.1"
84.178.144.211 - - [06/May/2024:14:09:58 +0200] "GET /wp-content/uploads/cache_43060806.jpeg HTTP/1.0" 200 175666 "https://tuerk.inglory.de/" "Mozilla/5.0 (iPhone; CPU iPhone OS 17_4_1 like Mac OS X) AppleWebKit/605.1.15 (KHTML, like Gecko) Version/17.4.1 Mobile/15E148 Safari/604.1"
84.178.144.211 - - [06/May/2024:14:09:58 +0200] "GET /wp-content/uploads/Belove.ttf HTTP/1.0" 200 44642 "https://tuerk.inglory.de/" "Mozilla/5.0 (iPhone; CPU iPhone OS 17_4_1 like Mac OS X) AppleWebKit/605.1.15 (KHTML, like Gecko) Version/17.4.1 Mobile/15E148 Safari/604.1"
84.178.144.211 - - [06/May/2024:14:09:58 +0200] "GET /wp-content/uploads/RTL.de_Logo_2021_united.svg HTTP/1.0" 200 1534 "https://tuerk.inglory.de/" "Mozilla/5.0 (iPhone; CPU iPhone OS 17_4_1 like Mac OS X) AppleWebKit/605.1.15 (KHTML, like Gecko) Version/17.4.1 Mobile/15E148 Safari/604.1"
84.178.144.211 - - [06/May/2024:14:09:58 +0200] "GET /wp-content/uploads/am_logo_v02.svg HTTP/1.0" 200 6896 "https://tuerk.inglory.de/" "Mozilla/5.0 (iPhone; CPU iPhone OS 17_4_1 like Mac OS X) AppleWebKit/605.1.15 (KHTML, like Gecko) Version/17.4.1 Mobile/15E148 Safari/604.1"
84.178.144.211 - - [06/May/2024:14:09:58 +0200] "GET /wp-content/plugins/pro-elements/assets/js/nav-menu.d43af66e5000fd109c04.bundle.min.js HTTP/1.0" 200 2545 "https://tuerk.inglory.de/" "Mozilla/5.0 (iPhone; CPU iPhone OS 17_4_1 like Mac OS X) AppleWebKit/605.1.15 (KHTML, like Gecko) Version/17.4.1 Mobile/15E148 Safari/604.1"
84.178.144.211 - - [06/May/2024:14:09:58 +0200] "GET /wp-content/plugins/pro-elements/assets/js/loop.4f538ab2476dd2d124e6.bundle.min.js HTTP/1.0" 200 4096 "https://tuerk.inglory.de/" "Mozilla/5.0 (iPhone; CPU iPhone OS 17_4_1 like Mac OS X) AppleWebKit/605.1.15 (KHTML, like Gecko) Version/17.4.1 Mobile/15E148 Safari/604.1"
84.178.144.211 - - [06/May/2024:14:09:58 +0200] "GET /wp-content/plugins/pro-elements/assets/js/loop-carousel.4e8fd6593adbba21698e.bundle.min.js HTTP/1.0" 200 2989 "https://tuerk.inglory.de/" "Mozilla/5.0 (iPhone; CPU iPhone OS 17_4_1 like Mac OS X) AppleWebKit/605.1.15 (KHTML, like Gecko) Version/17.4.1 Mobile/15E148 Safari/604.1"
84.178.144.211 - - [06/May/2024:14:09:58 +0200] "GET /wp-content/plugins/pro-elements/assets/js/gallery.8ca9a354ce039d1ba641.bundle.min.js HTTP/1.0" 200 2668 "https://tuerk.inglory.de/" "Mozilla/5.0 (iPhone; CPU iPhone OS 17_4_1 like Mac OS X) AppleWebKit/605.1.15 (KHTML, like Gecko) Version/17.4.1 Mobile/15E148 Safari/604.1"
84.178.144.211 - - [06/May/2024:14:09:58 +0200] "GET /wp-content/plugins/elementor/assets/js/text-editor.2c35aafbe5bf0e127950.bundle.min.js HTTP/1.0" 200 1525 "https://tuerk.inglory.de/" "Mozilla/5.0 (iPhone; CPU iPhone OS 17_4_1 like Mac OS X) AppleWebKit/605.1.15 (KHTML, like Gecko) Version/17.4.1 Mobile/15E148 Safari/604.1"
84.178.144.211 - - [06/May/2024:14:09:58 +0200] "GET /wp-content/plugins/elementor/assets/lib/swiper/v8/swiper.min.js?ver=8.4.5 HTTP/1.0" 200 40690 "https://tuerk.inglory.de/" "Mozilla/5.0 (iPhone; CPU iPhone OS 17_4_1 like Mac OS X) AppleWebKit/605.1.15 (KHTML, like Gecko) Version/17.4.1 Mobile/15E148 Safari/604.1"
84.178.144.211 - - [06/May/2024:14:09:58 +0200] "GET /wp-json/contact-form-7/v1/contact-forms/53/feedback/schema HTTP/1.0" 200 1439 "https://tuerk.inglory.de/" "Mozilla/5.0 (iPhone; CPU iPhone OS 17_4_1 like Mac OS X) AppleWebKit/605.1.15 (KHTML, like Gecko) Version/17.4.1 Mobile/15E148 Safari/604.1"
84.178.144.211 - - [06/May/2024:14:10:00 +0200] "GET /wp-content/uploads/BG-Lines.svg HTTP/1.0" 200 6452 "https://tuerk.inglory.de/" "Mozilla/5.0 (iPhone; CPU iPhone OS 17_4_1 like Mac OS X) AppleWebKit/605.1.15 (KHTML, like Gecko) Version/17.4.1 Mobile/15E148 Safari/604.1"
84.178.144.211 - - [06/May/2024:14:10:01 +0200] "GET /wp-content/uploads/432260335_18309214555180546_3128400243577085945_n.jpg HTTP/1.0" 200 221971 "https://tuerk.inglory.de/" "Mozilla/5.0 (iPhone; CPU iPhone OS 17_4_1 like Mac OS X) AppleWebKit/605.1.15 (KHTML, like Gecko) Version/17.4.1 Mobile/15E148 Safari/604.1"
84.178.144.211 - - [06/May/2024:14:10:03 +0200] "GET /wp-content/uploads/tuerk_01_1000_555x.webp HTTP/1.0" 200 26408 "https://tuerk.inglory.de/" "Mozilla/5.0 (iPhone; CPU iPhone OS 17_4_1 like Mac OS X) AppleWebKit/605.1.15 (KHTML, like Gecko) Version/17.4.1 Mobile/15E148 Safari/604.1"
84.178.144.211 - - [06/May/2024:14:10:04 +0200] "GET /wp-content/uploads/83ef3106-af82-4c1d-ac60-e6a98d438584.jpg HTTP/1.0" 200 95101 "https://tuerk.inglory.de/" "Mozilla/5.0 (iPhone; CPU iPhone OS 17_4_1 like Mac OS X) AppleWebKit/605.1.15 (KHTML, like Gecko) Version/17.4.1 Mobile/15E148 Safari/604.1"
84.178.144.211 - - [06/May/2024:14:10:07 +0200] "GET /wp-content/uploads/5a2ecb5e6b7996134d0a69ce115b48f3.jpg HTTP/1.0" 200 73773 "https://tuerk.inglory.de/" "Mozilla/5.0 (iPhone; CPU iPhone OS 17_4_1 like Mac OS X) AppleWebKit/605.1.15 (KHTML, like Gecko) Version/17.4.1 Mobile/15E148 Safari/604.1"
84.178.144.211 - - [06/May/2024:14:10:07 +0200] "GET /wp-content/uploads/6666ad47e9699fa420ba6c220b9b3b9d.jpg HTTP/1.0" 200 98084 "https://tuerk.inglory.de/" "Mozilla/5.0 (iPhone; CPU iPhone OS 17_4_1 like Mac OS X) AppleWebKit/605.1.15 (KHTML, like Gecko) Version/17.4.1 Mobile/15E148 Safari/604.1"
84.178.144.211 - - [06/May/2024:14:10:08 +0200] "GET /wp-content/uploads/cache_43060805.jpeg HTTP/1.0" 200 199421 "https://tuerk.inglory.de/" "Mozilla/5.0 (iPhone; CPU iPhone OS 17_4_1 like Mac OS X) AppleWebKit/605.1.15 (KHTML, like Gecko) Version/17.4.1 Mobile/15E148 Safari/604.1"
84.178.144.211 - - [06/May/2024:14:10:08 +0200] "GET /wp-content/uploads/432465468_18310072705180546_4112574030022213084_n.jpg HTTP/1.0" 200 158172 "https://tuerk.inglory.de/" "Mozilla/5.0 (iPhone; CPU iPhone OS 17_4_1 like Mac OS X) AppleWebKit/605.1.15 (KHTML, like Gecko) Version/17.4.1 Mobile/15E148 Safari/604.1"
84.178.144.211 - - [06/May/2024:14:10:08 +0200] "GET /wp-content/uploads/432263564_18309579112180546_203085280539664659_n-1.jpg HTTP/1.0" 200 305165 "https://tuerk.inglory.de/" "Mozilla/5.0 (iPhone; CPU iPhone OS 17_4_1 like Mac OS X) AppleWebKit/605.1.15 (KHTML, like Gecko) Version/17.4.1 Mobile/15E148 Safari/604.1"
84.178.144.211 - - [06/May/2024:14:10:09 +0200] "GET /wp-content/uploads/am_logo_v02-1.svg HTTP/1.0" 200 6896 "https://tuerk.inglory.de/" "Mozilla/5.0 (iPhone; CPU iPhone OS 17_4_1 like Mac OS X) AppleWebKit/605.1.15 (KHTML, like Gecko) Version/17.4.1 Mobile/15E148 Safari/604.1"
84.178.144.211 - - [06/May/2024:14:10:09 +0200] "GET /wp-content/uploads/logo_HUSSEL_Confiserie.svg HTTP/1.0" 200 10142 "https://tuerk.inglory.de/" "Mozilla/5.0 (iPhone; CPU iPhone OS 17_4_1 like Mac OS X) AppleWebKit/605.1.15 (KHTML, like Gecko) Version/17.4.1 Mobile/15E148 Safari/604.1"
84.178.144.211 - - [06/May/2024:14:10:10 +0200] "GET /wp-content/uploads/schneiderlogo.svg HTTP/1.0" 200 15644 "https://tuerk.inglory.de/" "Mozilla/5.0 (iPhone; CPU iPhone OS 17_4_1 like Mac OS X) AppleWebKit/605.1.15 (KHTML, like Gecko) Version/17.4.1 Mobile/15E148 Safari/604.1"
84.178.144.211 - - [06/May/2024:14:10:10 +0200] "GET /wp-content/uploads/topp-verlag-vector-logo.svg HTTP/1.0" 200 4279 "https://tuerk.inglory.de/" "Mozilla/5.0 (iPhone; CPU iPhone OS 17_4_1 like Mac OS X) AppleWebKit/605.1.15 (KHTML, like Gecko) Version/17.4.1 Mobile/15E148 Safari/604.1"
84.178.144.211 - - [06/May/2024:14:10:13 +0200] "GET /wp-content/uploads/frechverlag-4c.png HTTP/1.0" 200 17230 "https://tuerk.inglory.de/" "Mozilla/5.0 (iPhone; CPU iPhone OS 17_4_1 like Mac OS X) AppleWebKit/605.1.15 (KHTML, like Gecko) Version/17.4.1 Mobile/15E148 Safari/604.1"
84.178.144.211 - - [06/May/2024:14:10:14 +0200] "GET /wp-content/uploads/432263564_18309579112180546_203085280539664659_n.jpg HTTP/1.0" 200 305178 "https://tuerk.inglory.de/" "Mozilla/5.0 (iPhone; CPU iPhone OS 17_4_1 like Mac OS X) AppleWebKit/605.1.15 (KHTML, like Gecko) Version/17.4.1 Mobile/15E148 Safari/604.1"
84.178.144.211 - - [06/May/2024:14:10:18 +0200] "GET /wp-content/uploads/803390.R1_1_x.webp HTTP/1.0" 200 471844 "https://tuerk.inglory.de/" "Mozilla/5.0 (iPhone; CPU iPhone OS 17_4_1 like Mac OS X) AppleWebKit/605.1.15 (KHTML, like Gecko) Version/17.4.1 Mobile/15E148 Safari/604.1"
84.178.144.211 - - [06/May/2024:14:10:18 +0200] "GET /wp-content/uploads/428425312_18306442624180546_66469892722693695_n.jpg HTTP/1.0" 200 263552 "https://tuerk.inglory.de/" "Mozilla/5.0 (iPhone; CPU iPhone OS 17_4_1 like Mac OS X) AppleWebKit/605.1.15 (KHTML, like Gecko) Version/17.4.1 Mobile/15E148 Safari/604.1"
84.178.144.211 - - [06/May/2024:14:10:18 +0200] "GET /wp-content/uploads/433550323_18310407961180546_8520854775588986114_n.jpg HTTP/1.0" 200 204871 "https://tuerk.inglory.de/" "Mozilla/5.0 (iPhone; CPU iPhone OS 17_4_1 like Mac OS X) AppleWebKit/605.1.15 (KHTML, like Gecko) Version/17.4.1 Mobile/15E148 Safari/604.1"
84.178.144.211 - - [06/May/2024:14:10:18 +0200] "GET /wp-content/uploads/BG.jpeg HTTP/1.0" 200 125624 "https://tuerk.inglory.de/" "Mozilla/5.0 (iPhone; CPU iPhone OS 17_4_1 like Mac OS X) AppleWebKit/605.1.15 (KHTML, like Gecko) Version/17.4.1 Mobile/15E148 Safari/604.1"
84.178.144.211 - - [06/May/2024:14:10:18 +0200] "GET /wp-content/uploads/cache_43060843-1.jpeg HTTP/1.0" 200 192184 "https://tuerk.inglory.de/" "Mozilla/5.0 (iPhone; CPU iPhone OS 17_4_1 like Mac OS X) AppleWebKit/605.1.15 (KHTML, like Gecko) Version/17.4.1 Mobile/15E148 Safari/604.1"
94.130.90.54 - - [06/May/2024:16:49:51 +0200] "POST /wp-cron.php?doing_wp_cron=1715006991.3720219135284423828125 HTTP/1.0" 200 839 "-" "WordPress/6.5.2; https://tuerk.inglory.de"
103.102.228.23 - - [06/May/2024:16:49:50 +0200] "GET /.git/config HTTP/1.0" 404 94437 "-" "Mozilla/5.0 (Windows NT 10.0; Win64; x64) AppleWebKit/537.36 (KHTML, like Gecko) Chrome/69.0.3497.100 Safari/537.36"
94.130.90.54 - - [06/May/2024:18:47:18 +0200] "POST /wp-cron.php?doing_wp_cron=1715014038.5243670940399169921875 HTTP/1.0" 200 839 "-" "WordPress/6.5.2; https://tuerk.inglory.de"
94.130.90.54 - - [06/May/2024:18:47:18 +0200] "GET /wp-content/uploads/803390.R1_1_x.webp HTTP/1.0" 200 471872 "-" "-"
94.130.90.54 - - [06/May/2024:18:47:19 +0200] "GET /wp-content/uploads/VOX_Logo_2013.svg HTTP/1.0" 200 695966 "-" "-"
94.130.90.54 - - [06/May/2024:18:47:19 +0200] "GET /wp-content/uploads/RTL.de_Logo_2021_united.svg HTTP/1.0" 200 1562 "-" "-"
94.130.90.54 - - [06/May/2024:18:47:19 +0200] "GET /wp-content/uploads/am_logo_v02.svg HTTP/1.0" 200 6924 "-" "-"
94.130.90.54 - - [06/May/2024:18:47:19 +0200] "GET /wp-content/uploads/tuerk_01_1000_555x.webp HTTP/1.0" 200 26436 "-" "-"
94.130.90.54 - - [06/May/2024:18:47:19 +0200] "GET /wp-content/uploads/83ef3106-af82-4c1d-ac60-e6a98d438584.jpg HTTP/1.0" 200 104220 "-" "-"
94.130.90.54 - - [06/May/2024:18:47:19 +0200] "GET /wp-content/uploads/83ef3106-af82-4c1d-ac60-e6a98d438584.jpg HTTP/1.0" 200 104293 "-" "-"
94.130.90.54 - - [06/May/2024:18:47:19 +0200] "GET /wp-content/uploads/5a2ecb5e6b7996134d0a69ce115b48f3.jpg HTTP/1.0" 200 73700 "-" "-"
94.130.90.54 - - [06/May/2024:18:47:19 +0200] "GET /wp-content/uploads/432465468_18310072705180546_4112574030022213084_n.jpg HTTP/1.0" 200 158099 "-" "-"
94.130.90.54 - - [06/May/2024:18:47:19 +0200] "GET /wp-content/uploads/6666ad47e9699fa420ba6c220b9b3b9d.jpg HTTP/1.0" 200 98011 "-" "-"
94.130.90.54 - - [06/May/2024:18:47:19 +0200] "GET /wp-content/uploads/432260335_18309214555180546_3128400243577085945_n.jpg HTTP/1.0" 200 221898 "-" "-"
94.130.90.54 - - [06/May/2024:18:47:19 +0200] "GET /wp-content/uploads/emotionheader26580211_1.jpeg HTTP/1.0" 200 158873 "-" "-"
94.130.90.54 - - [06/May/2024:18:47:19 +0200] "GET /wp-content/uploads/cc19b4bae80aac74d59fce0f0a9aaa9c.jpg HTTP/1.0" 200 96113 "-" "-"
94.130.90.54 - - [06/May/2024:18:47:19 +0200] "GET /wp-content/uploads/432263564_18309579112180546_203085280539664659_n-1.jpg HTTP/1.0" 200 305092 "-" "-"
94.130.90.54 - - [06/May/2024:18:47:19 +0200] "GET /wp-content/uploads/73d2b601cf749ad429b331b2d6d8cd02.jpg HTTP/1.0" 200 76525 "-" "-"
94.130.90.54 - - [06/May/2024:18:47:19 +0200] "GET /wp-content/uploads/am_logo_v02-1.svg HTTP/1.0" 200 6924 "-" "-"
94.130.90.54 - - [06/May/2024:18:47:19 +0200] "GET /wp-content/uploads/logo_HUSSEL_Confiserie.svg HTTP/1.0" 200 10170 "-" "-"
94.130.90.54 - - [06/May/2024:18:47:19 +0200] "GET /wp-content/uploads/frechverlag-4c.png HTTP/1.0" 200 17157 "-" "-"
94.130.90.54 - - [06/May/2024:18:47:19 +0200] "GET /wp-content/uploads/schneiderlogo.svg HTTP/1.0" 200 15672 "-" "-"
94.130.90.54 - - [06/May/2024:18:47:19 +0200] "GET /wp-content/uploads/suedpfalz.png HTTP/1.0" 200 275291 "-" "-"
94.130.90.54 - - [06/May/2024:18:47:19 +0200] "GET /wp-content/uploads/Logo_INTERGAST_ohneClaim.png HTTP/1.0" 200 7788 "-" "-"
94.130.90.54 - - [06/May/2024:18:47:19 +0200] "GET /wp-content/uploads/2000px-ABB_logo.svg.png HTTP/1.0" 200 32098 "-" "-"
94.130.90.54 - - [06/May/2024:18:47:19 +0200] "GET /wp-content/uploads/topp-verlag-vector-logo.svg HTTP/1.0" 200 4307 "-" "-"
94.130.90.54 - - [06/May/2024:18:47:19 +0200] "GET /wp-content/plugins/contact-form-7/includes/css/styles.css?ver=5.9.3 HTTP/1.1" 304 3388 "https://tuerk.inglory.de/" "Serf/1.3.9 (mod_pagespeed/1.13.35.2-0)"
94.130.90.54 - - [06/May/2024:18:47:19 +0200] "GET /wp-content/plugins/hub-core/extras/redux-framework/redux-core/assets/css/extendify-utilities.css?ver=4.4.12.2 HTTP/1.1" 304 3389 "https://tuerk.inglory.de/" "Serf/1.3.9 (mod_pagespeed/1.13.35.2-0)"
94.130.90.54 - - [06/May/2024:18:47:19 +0200] "GET /wp-content/themes/hub/assets/vendors/bootstrap/css/bootstrap.min.css HTTP/1.1" 304 3389 "https://tuerk.inglory.de/" "Serf/1.3.9 (mod_pagespeed/1.13.35.2-0)"
94.130.90.54 - - [06/May/2024:18:47:19 +0200] "GET /wp-content/themes/hub/style.css HTTP/1.1" 304 3388 "https://tuerk.inglory.de/" "Serf/1.3.9 (mod_pagespeed/1.13.35.2-0)"
94.130.90.54 - - [06/May/2024:18:47:19 +0200] "GET /wp-content/themes/hub/assets/css/elements/base/typography.css HTTP/1.1" 304 3388 "https://tuerk.inglory.de/" "Serf/1.3.9 (mod_pagespeed/1.13.35.2-0)"
94.130.90.54 - - [06/May/2024:18:47:19 +0200] "GET /wp-content/uploads/elementor/css/custom-frontend-lite.min.css?ver=1714833497 HTTP/1.1" 304 3390 "https://tuerk.inglory.de/" "Serf/1.3.9 (mod_pagespeed/1.13.35.2-0)"
94.130.90.54 - - [06/May/2024:18:47:19 +0200] "GET /wp-content/plugins/elementor/assets/lib/swiper/v8/css/swiper.min.css?ver=8.4.5 HTTP/1.1" 304 3389 "https://tuerk.inglory.de/" "Serf/1.3.9 (mod_pagespeed/1.13.35.2-0)"
94.31.72.196 - - [06/May/2024:18:47:18 +0200] "GET / HTTP/1.0" 200 47532 "-" "Mozilla/5.0 (Macintosh; Intel Mac OS X 10_15_7) AppleWebKit/537.36 (KHTML, like Gecko) Chrome/123.0.0.0 Safari/537.36"
94.130.90.54 - - [06/May/2024:18:47:19 +0200] "GET /wp-content/uploads/elementor/css/custom-pro-frontend-lite.min.css?ver=1714833497 HTTP/1.1" 304 3389 "https://tuerk.inglory.de/" "Serf/1.3.9 (mod_pagespeed/1.13.35.2-0)"
94.130.90.54 - - [06/May/2024:18:47:19 +0200] "GET /wp-content/plugins/hub-elementor-addons/assets/css/theme-elementor.min.css?ver=4.3 HTTP/1.1" 304 3390 "https://tuerk.inglory.de/" "Serf/1.3.9 (mod_pagespeed/1.13.35.2-0)"
94.130.90.54 - - [06/May/2024:18:47:19 +0200] "GET /wp-content/plugins/elementor/assets/lib/e-gallery/css/e-gallery.min.css?ver=1.2.0 HTTP/1.1" 304 3388 "https://tuerk.inglory.de/" "Serf/1.3.9 (mod_pagespeed/1.13.35.2-0)"
94.130.90.54 - - [06/May/2024:18:47:19 +0200] "GET /wp-content/themes/hub/assets/vendors/liquid-icon/lqd-essentials/lqd-essentials.min.css HTTP/1.1" 304 3388 "https://tuerk.inglory.de/" "Serf/1.3.9 (mod_pagespeed/1.13.35.2-0)"
94.130.90.54 - - [06/May/2024:18:47:19 +0200] "GET /wp-content/themes/hub/assets/vendors/fresco/js/fresco.js HTTP/1.1" 304 3390 "https://tuerk.inglory.de/" "Serf/1.3.9 (mod_pagespeed/1.13.35.2-0)"
94.130.90.54 - - [06/May/2024:18:47:19 +0200] "GET /wp-content/themes/hub/assets/vendors/lity/lity.min.js HTTP/1.1" 304 3389 "https://tuerk.inglory.de/" "Serf/1.3.9 (mod_pagespeed/1.13.35.2-0)"
94.130.90.54 - - [06/May/2024:18:47:19 +0200] "GET /wp-content/themes/hub/assets/vendors/gsap/minified/ScrollTrigger.min.js HTTP/1.1" 304 3389 "https://tuerk.inglory.de/" "Serf/1.3.9 (mod_pagespeed/1.13.35.2-0)"
94.130.90.54 - - [06/May/2024:18:47:19 +0200] "GET /wp-content/themes/hub/assets/vendors/fontfaceobserver.js HTTP/1.1" 304 3389 "https://tuerk.inglory.de/" "Serf/1.3.9 (mod_pagespeed/1.13.35.2-0)"
94.130.90.54 - - [06/May/2024:18:47:19 +0200] "GET /wp-content/themes/hub/assets/vendors/intersection-observer.js HTTP/1.1" 304 3389 "https://tuerk.inglory.de/" "Serf/1.3.9 (mod_pagespeed/1.13.35.2-0)"
94.130.90.54 - - [06/May/2024:18:47:19 +0200] "GET /wp-content/themes/hub/assets/vendors/lazyload.min.js HTTP/1.1" 304 3389 "https://tuerk.inglory.de/" "Serf/1.3.9 (mod_pagespeed/1.13.35.2-0)"
94.130.90.54 - - [06/May/2024:18:47:19 +0200] "GET /wp-content/themes/hub/assets/vendors/tinycolor-min.js HTTP/1.1" 304 3389 "https://tuerk.inglory.de/" "Serf/1.3.9 (mod_pagespeed/1.13.35.2-0)"
94.130.90.54 - - [06/May/2024:18:47:19 +0200] "GET /wp-content/themes/hub/assets/vendors/gsap/utils/SplitText.min.js HTTP/1.1" 304 3389 "https://tuerk.inglory.de/" "Serf/1.3.9 (mod_pagespeed/1.13.35.2-0)"
94.130.90.54 - - [06/May/2024:18:47:19 +0200] "GET /wp-content/plugins/pro-elements/assets/lib/smartmenus/jquery.smartmenus.min.js?ver=1.2.1 HTTP/1.1" 304 3389 "https://tuerk.inglory.de/" "Serf/1.3.9 (mod_pagespeed/1.13.35.2-0)"
94.130.90.54 - - [06/May/2024:18:47:19 +0200] "GET /wp-content/themes/hub/assets/vendors/isotope/isotope.pkgd.min.js HTTP/1.1" 304 3389 "https://tuerk.inglory.de/" "Serf/1.3.9 (mod_pagespeed/1.13.35.2-0)"
94.130.90.54 - - [06/May/2024:18:47:19 +0200] "GET /wp-content/themes/hub/assets/vendors/isotope/packery-mode.pkgd.min.js HTTP/1.1" 304 3389 "https://tuerk.inglory.de/" "Serf/1.3.9 (mod_pagespeed/1.13.35.2-0)"
94.130.90.54 - - [06/May/2024:18:47:19 +0200] "GET /wp-content/plugins/elementor/assets/lib/e-gallery/js/e-gallery.min.js?ver=1.2.0 HTTP/1.1" 304 3389 "https://tuerk.inglory.de/" "Serf/1.3.9 (mod_pagespeed/1.13.35.2-0)"
94.130.90.54 - - [06/May/2024:18:47:19 +0200] "GET /wp-content/themes/hub/assets/vendors/flickity/flickity.pkgd.min.js HTTP/1.1" 304 3389 "https://tuerk.inglory.de/" "Serf/1.3.9 (mod_pagespeed/1.13.35.2-0)"
94.130.90.54 - - [06/May/2024:18:47:19 +0200] "GET /wp-content/themes/hub/assets/vendors/flickity/flickity-fade.min.js HTTP/1.1" 304 3388 "https://tuerk.inglory.de/" "Serf/1.3.9 (mod_pagespeed/1.13.35.2-0)"
94.130.90.54 - - [06/May/2024:18:47:19 +0200] "GET /wp-content/plugins/elementor/assets/js/frontend-modules.min.js?ver=3.21.4 HTTP/1.1" 304 3389 "https://tuerk.inglory.de/" "Serf/1.3.9 (mod_pagespeed/1.13.35.2-0)"
94.130.90.54 - - [06/May/2024:18:47:19 +0200] "GET /wp-includes/js/dist/vendor/wp-polyfill-inert.min.js?ver=3.1.2 HTTP/1.1" 304 3389 "https://tuerk.inglory.de/" "Serf/1.3.9 (mod_pagespeed/1.13.35.2-0)"
94.130.90.54 - - [06/May/2024:18:47:19 +0200] "GET /wp-includes/js/dist/vendor/regenerator-runtime.min.js?ver=0.14.0 HTTP/1.1" 304 3389 "https://tuerk.inglory.de/" "Serf/1.3.9 (mod_pagespeed/1.13.35.2-0)"
94.130.90.54 - - [06/May/2024:18:47:19 +0200] "GET /wp-includes/js/dist/vendor/wp-polyfill.min.js?ver=3.15.0 HTTP/1.1" 304 3389 "https://tuerk.inglory.de/" "Serf/1.3.9 (mod_pagespeed/1.13.35.2-0)"
94.130.90.54 - - [06/May/2024:18:47:19 +0200] "GET /wp-includes/js/dist/hooks.min.js?ver=2810c76e705dd1a53b18 HTTP/1.1" 304 3389 "https://tuerk.inglory.de/" "Serf/1.3.9 (mod_pagespeed/1.13.35.2-0)"
94.130.90.54 - - [06/May/2024:18:47:19 +0200] "GET /wp-includes/js/dist/i18n.min.js?ver=5e580eb46a90c2b997e6 HTTP/1.1" 304 3389 "https://tuerk.inglory.de/" "Serf/1.3.9 (mod_pagespeed/1.13.35.2-0)"
94.130.90.54 - - [06/May/2024:18:47:19 +0200] "GET /wp-content/plugins/pro-elements/assets/js/frontend.min.js?ver=3.21.0 HTTP/1.1" 304 3389 "https://tuerk.inglory.de/" "Serf/1.3.9 (mod_pagespeed/1.13.35.2-0)"
94.130.90.54 - - [06/May/2024:18:47:19 +0200] "GET /wp-content/plugins/elementor/assets/lib/waypoints/waypoints.min.js?ver=4.0.2 HTTP/1.1" 304 3389 "https://tuerk.inglory.de/" "Serf/1.3.9 (mod_pagespeed/1.13.35.2-0)"
94.130.90.54 - - [06/May/2024:18:47:19 +0200] "GET /wp-includes/js/jquery/ui/core.min.js?ver=1.13.2 HTTP/1.1" 304 3389 "https://tuerk.inglory.de/" "Serf/1.3.9 (mod_pagespeed/1.13.35.2-0)"
94.130.90.54 - - [06/May/2024:18:47:19 +0200] "GET /wp-content/themes/hub/favicon.png HTTP/1.1" 304 3388 "https://tuerk.inglory.de/" "Serf/1.3.9 (mod_pagespeed/1.13.35.2-0)"
94.130.90.54 - - [06/May/2024:18:47:19 +0200] "GET /wp-content/uploads/cropped-logo-32x32.jpg HTTP/1.1" 304 3388 "https://tuerk.inglory.de/" "Serf/1.3.9 (mod_pagespeed/1.13.35.2-0)"
94.130.90.54 - - [06/May/2024:18:47:19 +0200] "GET /wp-content/uploads/cropped-logo-192x192.jpg HTTP/1.1" 304 3389 "https://tuerk.inglory.de/" "Serf/1.3.9 (mod_pagespeed/1.13.35.2-0)"
94.130.90.54 - - [06/May/2024:18:47:19 +0200] "GET /wp-content/uploads/cropped-logo-180x180.jpg HTTP/1.1" 304 3388 "https://tuerk.inglory.de/" "Serf/1.3.9 (mod_pagespeed/1.13.35.2-0)"
94.130.90.54 - - [06/May/2024:18:47:19 +0200] "GET /wp-content/uploads/logo.jpg HTTP/1.1" 304 3388 "https://tuerk.inglory.de/" "Serf/1.3.9 (mod_pagespeed/1.13.35.2-0)"
94.130.90.54 - - [06/May/2024:18:47:19 +0200] "GET /wp-content/uploads/elementor/css/custom-pro-widget-nav-menu.min.css?ver=1714833498 HTTP/1.1" 304 3389 "https://tuerk.inglory.de/" "Serf/1.3.9 (mod_pagespeed/1.13.35.2-0)"
94.130.90.54 - - [06/May/2024:18:47:19 +0200] "GET /wp-content/plugins/pro-elements/assets/css/widget-loop-builder.min.css HTTP/1.1" 304 3389 "https://tuerk.inglory.de/" "Serf/1.3.9 (mod_pagespeed/1.13.35.2-0)"
94.130.90.54 - - [06/May/2024:18:47:19 +0200] "GET /wp-content/uploads/elementor/css/custom-widget-icon-list.min.css?ver=1714833498 HTTP/1.1" 304 3389 "https://tuerk.inglory.de/" "Serf/1.3.9 (mod_pagespeed/1.13.35.2-0)"
94.130.90.54 - - [06/May/2024:18:47:19 +0200] "GET /wp-includes/js/jquery/jquery.min.js?ver=3.7.1 HTTP/1.1" 304 3390 "https://tuerk.inglory.de/" "Serf/1.3.9 (mod_pagespeed/1.13.35.2-0)"
94.130.90.54 - - [06/May/2024:18:47:19 +0200] "GET /wp-includes/js/jquery/jquery-migrate.min.js?ver=3.4.1 HTTP/1.1" 304 3389 "https://tuerk.inglory.de/" "Serf/1.3.9 (mod_pagespeed/1.13.35.2-0)"
94.130.90.54 - - [06/May/2024:18:47:19 +0200] "GET /wp-content/plugins/contact-form-7/includes/swv/js/index.js?ver=5.9.3 HTTP/1.1" 304 3389 "https://tuerk.inglory.de/" "Serf/1.3.9 (mod_pagespeed/1.13.35.2-0)"
94.130.90.54 - - [06/May/2024:18:47:19 +0200] "GET /wp-content/plugins/elementor/assets/js/frontend.min.js?ver=3.21.4 HTTP/1.1" 304 3389 "https://tuerk.inglory.de/" "Serf/1.3.9 (mod_pagespeed/1.13.35.2-0)"
94.130.90.54 - - [06/May/2024:18:47:19 +0200] "GET /wp-content/plugins/pro-elements/assets/js/elements-handlers.min.js?ver=3.21.0 HTTP/1.1" 304 3389 "https://tuerk.inglory.de/" "Serf/1.3.9 (mod_pagespeed/1.13.35.2-0)"
94.130.90.54 - - [06/May/2024:18:47:19 +0200] "GET /wp-content/themes/hub/assets/vendors/fresco/css/fresco.css HTTP/1.1" 304 3389 "https://tuerk.inglory.de/" "Serf/1.3.9 (mod_pagespeed/1.13.35.2-0)"
94.130.90.54 - - [06/May/2024:18:47:19 +0200] "GET /wp-content/uploads/803429.R1_1_x.webp HTTP/1.1" 200 466277 "https://tuerk.inglory.de/" "Serf/1.3.9 (mod_pagespeed/1.13.35.2-0)"
94.130.90.54 - - [06/May/2024:18:47:19 +0200] "GET /wp-content/uploads/803429.R1_1_x.webp HTTP/1.1" 200 466277 "https://tuerk.inglory.de/" "Serf/1.3.9 (mod_pagespeed/1.13.35.2-0)"
94.130.90.54 - - [06/May/2024:18:47:19 +0200] "GET /wp-content/uploads/803429.R1_1_x-232x300.webp HTTP/1.1" 200 24538 "https://tuerk.inglory.de/" "Serf/1.3.9 (mod_pagespeed/1.13.35.2-0)"
94.130.90.54 - - [06/May/2024:18:47:19 +0200] "GET /wp-content/uploads/803429.R1_1_x-793x1024.webp HTTP/1.1" 200 218214 "https://tuerk.inglory.de/" "Serf/1.3.9 (mod_pagespeed/1.13.35.2-0)"
94.130.90.54 - - [06/May/2024:18:47:19 +0200] "GET /wp-content/uploads/803429.R1_1_x-1189x1536.webp HTTP/1.1" 200 435995 "https://tuerk.inglory.de/" "Serf/1.3.9 (mod_pagespeed/1.13.35.2-0)"
94.130.90.54 - - [06/May/2024:18:47:19 +0200] "GET /wp-content/uploads/VOX_Logo_2013.svg HTTP/1.1" 200 698965 "https://tuerk.inglory.de/" "Serf/1.3.9 (mod_pagespeed/1.13.35.2-0)"
94.130.90.54 - - [06/May/2024:18:47:19 +0200] "GET /wp-content/uploads/RTL.de_Logo_2021_united.svg HTTP/1.1" 200 4260 "https://tuerk.inglory.de/" "Serf/1.3.9 (mod_pagespeed/1.13.35.2-0)"
94.130.90.54 - - [06/May/2024:18:47:19 +0200] "GET /wp-content/uploads/am_logo_v02.svg HTTP/1.1" 200 9629 "https://tuerk.inglory.de/" "Serf/1.3.9 (mod_pagespeed/1.13.35.2-0)"
94.130.90.54 - - [06/May/2024:18:47:19 +0200] "GET /wp-content/uploads/am_logo_v02-1.svg HTTP/1.1" 200 9629 "https://tuerk.inglory.de/" "Serf/1.3.9 (mod_pagespeed/1.13.35.2-0)"
94.130.90.54 - - [06/May/2024:18:47:19 +0200] "GET /wp-content/uploads/logo_HUSSEL_Confiserie.svg HTTP/1.1" 200 12875 "https://tuerk.inglory.de/" "Serf/1.3.9 (mod_pagespeed/1.13.35.2-0)"
94.130.90.54 - - [06/May/2024:18:47:19 +0200] "GET /wp-content/uploads/schneiderlogo.svg HTTP/1.1" 200 18377 "https://tuerk.inglory.de/" "Serf/1.3.9 (mod_pagespeed/1.13.35.2-0)"
94.130.90.54 - - [06/May/2024:18:47:19 +0200] "GET /wp-content/uploads/topp-verlag-vector-logo.svg HTTP/1.1" 200 7012 "https://tuerk.inglory.de/" "Serf/1.3.9 (mod_pagespeed/1.13.35.2-0)"
