94.130.90.54 - - [11/May/2024:09:31:44 +0200] "GET /wp-content/themes/hub/assets/vendors/fresco/fresco-skins/sprite.svg HTTP/1.1" 200 152259 "https://tuerk.inglory.de/" "Serf/1.3.9 (mod_pagespeed/1.13.35.2-0)"
94.130.90.54 - - [11/May/2024:18:24:00 +0200] "POST /wp-cron.php?doing_wp_cron=1715444640.8164000511169433593750 HTTP/1.0" 200 839 "-" "WordPress/6.5.3; https://tuerk.inglory.de"
94.130.90.54 - - [11/May/2024:18:24:01 +0200] "GET /wp-content/uploads/803390.R1_1_x.webp HTTP/1.0" 200 471872 "-" "-"
94.130.90.54 - - [11/May/2024:18:24:01 +0200] "GET /wp-content/uploads/VOX_Logo_2013.svg HTTP/1.0" 200 695966 "-" "-"
94.130.90.54 - - [11/May/2024:18:24:01 +0200] "GET /wp-content/uploads/RTL.de_Logo_2021_united.svg HTTP/1.0" 200 1562 "-" "-"
94.130.90.54 - - [11/May/2024:18:24:01 +0200] "GET /wp-content/uploads/am_logo_v02.svg HTTP/1.0" 200 6924 "-" "-"
94.130.90.54 - - [11/May/2024:18:24:01 +0200] "GET /wp-content/uploads/tuerk_01_1000_555x.webp HTTP/1.0" 200 26436 "-" "-"
94.130.90.54 - - [11/May/2024:18:24:01 +0200] "GET /wp-content/uploads/83ef3106-af82-4c1d-ac60-e6a98d438584.jpg HTTP/1.0" 200 104220 "-" "-"
94.130.90.54 - - [11/May/2024:18:24:01 +0200] "GET /wp-content/uploads/83ef3106-af82-4c1d-ac60-e6a98d438584.jpg HTTP/1.0" 200 104293 "-" "-"
94.130.90.54 - - [11/May/2024:18:24:01 +0200] "GET /wp-content/uploads/5a2ecb5e6b7996134d0a69ce115b48f3.jpg HTTP/1.0" 200 73700 "-" "-"
94.130.90.54 - - [11/May/2024:18:24:01 +0200] "GET /wp-content/uploads/432465468_18310072705180546_4112574030022213084_n.jpg HTTP/1.0" 200 158099 "-" "-"
94.130.90.54 - - [11/May/2024:18:24:01 +0200] "GET /wp-content/uploads/6666ad47e9699fa420ba6c220b9b3b9d.jpg HTTP/1.0" 200 98011 "-" "-"
94.130.90.54 - - [11/May/2024:18:24:01 +0200] "GET /wp-content/uploads/432260335_18309214555180546_3128400243577085945_n.jpg HTTP/1.0" 200 221898 "-" "-"
94.130.90.54 - - [11/May/2024:18:24:01 +0200] "GET /wp-content/uploads/emotionheader26580211_1.jpeg HTTP/1.0" 200 158873 "-" "-"
94.130.90.54 - - [11/May/2024:18:24:01 +0200] "GET /wp-content/uploads/cc19b4bae80aac74d59fce0f0a9aaa9c.jpg HTTP/1.0" 200 96113 "-" "-"
94.130.90.54 - - [11/May/2024:18:24:01 +0200] "GET /wp-content/uploads/432263564_18309579112180546_203085280539664659_n-1.jpg HTTP/1.0" 200 305092 "-" "-"
94.130.90.54 - - [11/May/2024:18:24:01 +0200] "GET /wp-content/uploads/73d2b601cf749ad429b331b2d6d8cd02.jpg HTTP/1.0" 200 76525 "-" "-"
94.130.90.54 - - [11/May/2024:18:24:01 +0200] "GET /wp-content/uploads/am_logo_v02-1.svg HTTP/1.0" 200 6924 "-" "-"
94.130.90.54 - - [11/May/2024:18:24:01 +0200] "GET /wp-content/uploads/logo_HUSSEL_Confiserie.svg HTTP/1.0" 200 10170 "-" "-"
94.130.90.54 - - [11/May/2024:18:24:01 +0200] "GET /wp-content/uploads/frechverlag-4c.png HTTP/1.0" 200 17157 "-" "-"
94.130.90.54 - - [11/May/2024:18:24:01 +0200] "GET /wp-content/uploads/schneiderlogo.svg HTTP/1.0" 200 15672 "-" "-"
94.130.90.54 - - [11/May/2024:18:24:01 +0200] "GET /wp-content/uploads/suedpfalz.png HTTP/1.0" 200 275291 "-" "-"
94.130.90.54 - - [11/May/2024:18:24:01 +0200] "GET /wp-content/uploads/Logo_INTERGAST_ohneClaim.png HTTP/1.0" 200 7788 "-" "-"
94.130.90.54 - - [11/May/2024:18:24:01 +0200] "GET /wp-content/uploads/2000px-ABB_logo.svg.png HTTP/1.0" 200 32098 "-" "-"
94.130.90.54 - - [11/May/2024:18:24:01 +0200] "GET /wp-content/uploads/topp-verlag-vector-logo.svg HTTP/1.0" 200 4307 "-" "-"
94.130.90.54 - - [11/May/2024:18:24:01 +0200] "GET /wp-content/plugins/contact-form-7/includes/css/styles.css?ver=5.9.3 HTTP/1.1" 304 3388 "https://tuerk.inglory.de/" "Serf/1.3.9 (mod_pagespeed/1.13.35.2-0)"
94.130.90.54 - - [11/May/2024:18:24:01 +0200] "GET /wp-content/plugins/hub-core/extras/redux-framework/redux-core/assets/css/extendify-utilities.css?ver=4.4.12.2 HTTP/1.1" 304 3389 "https://tuerk.inglory.de/" "Serf/1.3.9 (mod_pagespeed/1.13.35.2-0)"
94.130.90.54 - - [11/May/2024:18:24:01 +0200] "GET /wp-content/themes/hub/assets/vendors/bootstrap/css/bootstrap.min.css HTTP/1.1" 304 3389 "https://tuerk.inglory.de/" "Serf/1.3.9 (mod_pagespeed/1.13.35.2-0)"
94.130.90.54 - - [11/May/2024:18:24:01 +0200] "GET /wp-content/themes/hub/style.css HTTP/1.1" 304 3388 "https://tuerk.inglory.de/" "Serf/1.3.9 (mod_pagespeed/1.13.35.2-0)"
94.130.90.54 - - [11/May/2024:18:24:01 +0200] "GET /wp-content/themes/hub/assets/css/elements/base/typography.css HTTP/1.1" 304 3388 "https://tuerk.inglory.de/" "Serf/1.3.9 (mod_pagespeed/1.13.35.2-0)"
94.130.90.54 - - [11/May/2024:18:24:01 +0200] "GET /wp-content/uploads/elementor/css/custom-frontend-lite.min.css?ver=1715174756 HTTP/1.1" 304 3390 "https://tuerk.inglory.de/" "Serf/1.3.9 (mod_pagespeed/1.13.35.2-0)"
94.130.90.54 - - [11/May/2024:18:24:01 +0200] "GET /wp-content/plugins/elementor/assets/lib/swiper/v8/css/swiper.min.css?ver=8.4.5 HTTP/1.1" 304 3389 "https://tuerk.inglory.de/" "Serf/1.3.9 (mod_pagespeed/1.13.35.2-0)"
37.120.213.195 - - [11/May/2024:18:24:00 +0200] "GET / HTTP/1.0" 200 43591 "-" "Mozilla/5.0 (X11; Linux x86_64) AppleWebKit/537.36 (KHTML, like Gecko) Chrome/122.0.0.0 Safari/537.36 Edg/122.0.0.0"
94.130.90.54 - - [11/May/2024:18:24:01 +0200] "GET /wp-content/uploads/elementor/css/custom-pro-frontend-lite.min.css?ver=1715174757 HTTP/1.1" 304 3389 "https://tuerk.inglory.de/" "Serf/1.3.9 (mod_pagespeed/1.13.35.2-0)"
94.130.90.54 - - [11/May/2024:18:24:01 +0200] "GET /wp-content/plugins/hub-elementor-addons/assets/css/theme-elementor.min.css?ver=4.3 HTTP/1.1" 304 3390 "https://tuerk.inglory.de/" "Serf/1.3.9 (mod_pagespeed/1.13.35.2-0)"
94.130.90.54 - - [11/May/2024:18:24:01 +0200] "GET /wp-content/plugins/elementor/assets/lib/e-gallery/css/e-gallery.min.css?ver=1.2.0 HTTP/1.1" 304 3388 "https://tuerk.inglory.de/" "Serf/1.3.9 (mod_pagespeed/1.13.35.2-0)"
94.130.90.54 - - [11/May/2024:18:24:01 +0200] "GET /wp-content/themes/hub/assets/vendors/liquid-icon/lqd-essentials/lqd-essentials.min.css HTTP/1.1" 304 3388 "https://tuerk.inglory.de/" "Serf/1.3.9 (mod_pagespeed/1.13.35.2-0)"
94.130.90.54 - - [11/May/2024:18:24:01 +0200] "GET /wp-content/themes/hub/assets/vendors/fresco/js/fresco.js HTTP/1.1" 304 3390 "https://tuerk.inglory.de/" "Serf/1.3.9 (mod_pagespeed/1.13.35.2-0)"
94.130.90.54 - - [11/May/2024:18:24:01 +0200] "GET /wp-content/themes/hub/assets/vendors/lity/lity.min.js HTTP/1.1" 304 3389 "https://tuerk.inglory.de/" "Serf/1.3.9 (mod_pagespeed/1.13.35.2-0)"
94.130.90.54 - - [11/May/2024:18:24:01 +0200] "GET /wp-content/themes/hub/assets/vendors/gsap/minified/ScrollTrigger.min.js HTTP/1.1" 304 3389 "https://tuerk.inglory.de/" "Serf/1.3.9 (mod_pagespeed/1.13.35.2-0)"
94.130.90.54 - - [11/May/2024:18:24:01 +0200] "GET /wp-content/themes/hub/assets/vendors/fontfaceobserver.js HTTP/1.1" 304 3389 "https://tuerk.inglory.de/" "Serf/1.3.9 (mod_pagespeed/1.13.35.2-0)"
94.130.90.54 - - [11/May/2024:18:24:01 +0200] "GET /wp-content/themes/hub/assets/vendors/intersection-observer.js HTTP/1.1" 304 3389 "https://tuerk.inglory.de/" "Serf/1.3.9 (mod_pagespeed/1.13.35.2-0)"
94.130.90.54 - - [11/May/2024:18:24:01 +0200] "GET /wp-content/themes/hub/assets/vendors/lazyload.min.js HTTP/1.1" 304 3389 "https://tuerk.inglory.de/" "Serf/1.3.9 (mod_pagespeed/1.13.35.2-0)"
94.130.90.54 - - [11/May/2024:18:24:01 +0200] "GET /wp-content/themes/hub/assets/vendors/tinycolor-min.js HTTP/1.1" 304 3389 "https://tuerk.inglory.de/" "Serf/1.3.9 (mod_pagespeed/1.13.35.2-0)"
94.130.90.54 - - [11/May/2024:18:24:01 +0200] "GET /wp-content/themes/hub/assets/vendors/gsap/utils/SplitText.min.js HTTP/1.1" 304 3389 "https://tuerk.inglory.de/" "Serf/1.3.9 (mod_pagespeed/1.13.35.2-0)"
94.130.90.54 - - [11/May/2024:18:24:01 +0200] "GET /wp-content/plugins/pro-elements/assets/lib/smartmenus/jquery.smartmenus.min.js?ver=1.2.1 HTTP/1.1" 304 3389 "https://tuerk.inglory.de/" "Serf/1.3.9 (mod_pagespeed/1.13.35.2-0)"
94.130.90.54 - - [11/May/2024:18:24:01 +0200] "GET /wp-content/themes/hub/assets/vendors/isotope/isotope.pkgd.min.js HTTP/1.1" 304 3389 "https://tuerk.inglory.de/" "Serf/1.3.9 (mod_pagespeed/1.13.35.2-0)"
94.130.90.54 - - [11/May/2024:18:24:01 +0200] "GET /wp-content/themes/hub/assets/vendors/isotope/packery-mode.pkgd.min.js HTTP/1.1" 304 3389 "https://tuerk.inglory.de/" "Serf/1.3.9 (mod_pagespeed/1.13.35.2-0)"
94.130.90.54 - - [11/May/2024:18:24:01 +0200] "GET /wp-content/plugins/elementor/assets/lib/e-gallery/js/e-gallery.min.js?ver=1.2.0 HTTP/1.1" 304 3389 "https://tuerk.inglory.de/" "Serf/1.3.9 (mod_pagespeed/1.13.35.2-0)"
94.130.90.54 - - [11/May/2024:18:24:01 +0200] "GET /wp-content/themes/hub/assets/vendors/flickity/flickity.pkgd.min.js HTTP/1.1" 304 3389 "https://tuerk.inglory.de/" "Serf/1.3.9 (mod_pagespeed/1.13.35.2-0)"
94.130.90.54 - - [11/May/2024:18:24:01 +0200] "GET /wp-content/themes/hub/assets/vendors/flickity/flickity-fade.min.js HTTP/1.1" 304 3388 "https://tuerk.inglory.de/" "Serf/1.3.9 (mod_pagespeed/1.13.35.2-0)"
94.130.90.54 - - [11/May/2024:18:24:01 +0200] "GET /wp-content/plugins/elementor/assets/js/frontend-modules.min.js?ver=3.21.4 HTTP/1.1" 304 3389 "https://tuerk.inglory.de/" "Serf/1.3.9 (mod_pagespeed/1.13.35.2-0)"
94.130.90.54 - - [11/May/2024:18:24:01 +0200] "GET /wp-includes/js/dist/vendor/wp-polyfill-inert.min.js?ver=3.1.2 HTTP/1.1" 304 3389 "https://tuerk.inglory.de/" "Serf/1.3.9 (mod_pagespeed/1.13.35.2-0)"
94.130.90.54 - - [11/May/2024:18:24:01 +0200] "GET /wp-includes/js/dist/vendor/regenerator-runtime.min.js?ver=0.14.0 HTTP/1.1" 304 3389 "https://tuerk.inglory.de/" "Serf/1.3.9 (mod_pagespeed/1.13.35.2-0)"
94.130.90.54 - - [11/May/2024:18:24:01 +0200] "GET /wp-includes/js/dist/vendor/wp-polyfill.min.js?ver=3.15.0 HTTP/1.1" 304 3389 "https://tuerk.inglory.de/" "Serf/1.3.9 (mod_pagespeed/1.13.35.2-0)"
94.130.90.54 - - [11/May/2024:18:24:01 +0200] "GET /wp-includes/js/dist/hooks.min.js?ver=2810c76e705dd1a53b18 HTTP/1.1" 304 3389 "https://tuerk.inglory.de/" "Serf/1.3.9 (mod_pagespeed/1.13.35.2-0)"
94.130.90.54 - - [11/May/2024:18:24:01 +0200] "GET /wp-includes/js/dist/i18n.min.js?ver=5e580eb46a90c2b997e6 HTTP/1.1" 304 3389 "https://tuerk.inglory.de/" "Serf/1.3.9 (mod_pagespeed/1.13.35.2-0)"
94.130.90.54 - - [11/May/2024:18:24:01 +0200] "GET /wp-content/plugins/pro-elements/assets/js/frontend.min.js?ver=3.21.0 HTTP/1.1" 304 3389 "https://tuerk.inglory.de/" "Serf/1.3.9 (mod_pagespeed/1.13.35.2-0)"
94.130.90.54 - - [11/May/2024:18:24:01 +0200] "GET /wp-content/plugins/elementor/assets/lib/waypoints/waypoints.min.js?ver=4.0.2 HTTP/1.1" 304 3389 "https://tuerk.inglory.de/" "Serf/1.3.9 (mod_pagespeed/1.13.35.2-0)"
94.130.90.54 - - [11/May/2024:18:24:01 +0200] "GET /wp-includes/js/jquery/ui/core.min.js?ver=1.13.2 HTTP/1.1" 304 3389 "https://tuerk.inglory.de/" "Serf/1.3.9 (mod_pagespeed/1.13.35.2-0)"
94.130.90.54 - - [11/May/2024:18:24:01 +0200] "GET /wp-content/themes/hub/favicon.png HTTP/1.1" 304 3388 "https://tuerk.inglory.de/" "Serf/1.3.9 (mod_pagespeed/1.13.35.2-0)"
94.130.90.54 - - [11/May/2024:18:24:01 +0200] "GET /wp-content/uploads/cropped-logo-32x32.jpg HTTP/1.1" 304 3388 "https://tuerk.inglory.de/" "Serf/1.3.9 (mod_pagespeed/1.13.35.2-0)"
94.130.90.54 - - [11/May/2024:18:24:01 +0200] "GET /wp-content/uploads/cropped-logo-192x192.jpg HTTP/1.1" 304 3389 "https://tuerk.inglory.de/" "Serf/1.3.9 (mod_pagespeed/1.13.35.2-0)"
94.130.90.54 - - [11/May/2024:18:24:01 +0200] "GET /wp-content/uploads/cropped-logo-180x180.jpg HTTP/1.1" 304 3388 "https://tuerk.inglory.de/" "Serf/1.3.9 (mod_pagespeed/1.13.35.2-0)"
94.130.90.54 - - [11/May/2024:18:24:01 +0200] "GET /wp-content/uploads/logo.jpg HTTP/1.1" 304 3388 "https://tuerk.inglory.de/" "Serf/1.3.9 (mod_pagespeed/1.13.35.2-0)"
94.130.90.54 - - [11/May/2024:18:24:01 +0200] "GET /wp-content/uploads/elementor/css/custom-pro-widget-nav-menu.min.css?ver=1715174757 HTTP/1.1" 304 3389 "https://tuerk.inglory.de/" "Serf/1.3.9 (mod_pagespeed/1.13.35.2-0)"
94.130.90.54 - - [11/May/2024:18:24:01 +0200] "GET /wp-content/plugins/pro-elements/assets/css/widget-loop-builder.min.css HTTP/1.1" 304 3389 "https://tuerk.inglory.de/" "Serf/1.3.9 (mod_pagespeed/1.13.35.2-0)"
94.130.90.54 - - [11/May/2024:18:24:01 +0200] "GET /wp-content/uploads/elementor/css/custom-widget-icon-list.min.css?ver=1715174757 HTTP/1.1" 304 3389 "https://tuerk.inglory.de/" "Serf/1.3.9 (mod_pagespeed/1.13.35.2-0)"
94.130.90.54 - - [11/May/2024:18:24:01 +0200] "GET /wp-includes/js/jquery/jquery.min.js?ver=3.7.1 HTTP/1.1" 304 3390 "https://tuerk.inglory.de/" "Serf/1.3.9 (mod_pagespeed/1.13.35.2-0)"
94.130.90.54 - - [11/May/2024:18:24:01 +0200] "GET /wp-includes/js/jquery/jquery-migrate.min.js?ver=3.4.1 HTTP/1.1" 304 3389 "https://tuerk.inglory.de/" "Serf/1.3.9 (mod_pagespeed/1.13.35.2-0)"
94.130.90.54 - - [11/May/2024:18:24:01 +0200] "GET /wp-content/plugins/contact-form-7/includes/swv/js/index.js?ver=5.9.3 HTTP/1.1" 304 3389 "https://tuerk.inglory.de/" "Serf/1.3.9 (mod_pagespeed/1.13.35.2-0)"
94.130.90.54 - - [11/May/2024:18:24:01 +0200] "GET /wp-content/plugins/elementor/assets/js/frontend.min.js?ver=3.21.4 HTTP/1.1" 304 3389 "https://tuerk.inglory.de/" "Serf/1.3.9 (mod_pagespeed/1.13.35.2-0)"
94.130.90.54 - - [11/May/2024:18:24:01 +0200] "GET /wp-content/plugins/pro-elements/assets/js/elements-handlers.min.js?ver=3.21.0 HTTP/1.1" 304 3389 "https://tuerk.inglory.de/" "Serf/1.3.9 (mod_pagespeed/1.13.35.2-0)"
94.130.90.54 - - [11/May/2024:18:24:01 +0200] "GET /wp-content/themes/hub/assets/vendors/fresco/css/fresco.css HTTP/1.1" 304 3389 "https://tuerk.inglory.de/" "Serf/1.3.9 (mod_pagespeed/1.13.35.2-0)"
94.130.90.54 - - [11/May/2024:18:24:01 +0200] "GET /wp-content/uploads/803429.R1_1_x.webp HTTP/1.1" 200 466277 "https://tuerk.inglory.de/" "Serf/1.3.9 (mod_pagespeed/1.13.35.2-0)"
94.130.90.54 - - [11/May/2024:18:24:01 +0200] "GET /wp-content/uploads/803429.R1_1_x.webp HTTP/1.1" 200 466277 "https://tuerk.inglory.de/" "Serf/1.3.9 (mod_pagespeed/1.13.35.2-0)"
94.130.90.54 - - [11/May/2024:18:24:01 +0200] "GET /wp-content/uploads/803429.R1_1_x-232x300.webp HTTP/1.1" 200 24538 "https://tuerk.inglory.de/" "Serf/1.3.9 (mod_pagespeed/1.13.35.2-0)"
94.130.90.54 - - [11/May/2024:18:24:01 +0200] "GET /wp-content/uploads/803429.R1_1_x-793x1024.webp HTTP/1.1" 200 218214 "https://tuerk.inglory.de/" "Serf/1.3.9 (mod_pagespeed/1.13.35.2-0)"
94.130.90.54 - - [11/May/2024:18:24:01 +0200] "GET /wp-content/uploads/803429.R1_1_x-1189x1536.webp HTTP/1.1" 200 435995 "https://tuerk.inglory.de/" "Serf/1.3.9 (mod_pagespeed/1.13.35.2-0)"
94.130.90.54 - - [11/May/2024:18:24:01 +0200] "GET /wp-content/uploads/VOX_Logo_2013.svg HTTP/1.1" 200 698965 "https://tuerk.inglory.de/" "Serf/1.3.9 (mod_pagespeed/1.13.35.2-0)"
94.130.90.54 - - [11/May/2024:18:24:01 +0200] "GET /wp-content/uploads/RTL.de_Logo_2021_united.svg HTTP/1.1" 200 4260 "https://tuerk.inglory.de/" "Serf/1.3.9 (mod_pagespeed/1.13.35.2-0)"
94.130.90.54 - - [11/May/2024:18:24:01 +0200] "GET /wp-content/uploads/am_logo_v02.svg HTTP/1.1" 200 9629 "https://tuerk.inglory.de/" "Serf/1.3.9 (mod_pagespeed/1.13.35.2-0)"
94.130.90.54 - - [11/May/2024:18:24:01 +0200] "GET /wp-content/uploads/am_logo_v02-1.svg HTTP/1.1" 200 9629 "https://tuerk.inglory.de/" "Serf/1.3.9 (mod_pagespeed/1.13.35.2-0)"
94.130.90.54 - - [11/May/2024:18:24:01 +0200] "GET /wp-content/uploads/logo_HUSSEL_Confiserie.svg HTTP/1.1" 200 12875 "https://tuerk.inglory.de/" "Serf/1.3.9 (mod_pagespeed/1.13.35.2-0)"
94.130.90.54 - - [11/May/2024:18:24:01 +0200] "GET /wp-content/uploads/schneiderlogo.svg HTTP/1.1" 200 18377 "https://tuerk.inglory.de/" "Serf/1.3.9 (mod_pagespeed/1.13.35.2-0)"
94.130.90.54 - - [11/May/2024:18:24:01 +0200] "GET /wp-content/uploads/topp-verlag-vector-logo.svg HTTP/1.1" 200 7012 "https://tuerk.inglory.de/" "Serf/1.3.9 (mod_pagespeed/1.13.35.2-0)"
94.130.90.54 - - [11/May/2024:18:24:01 +0200] "GET /wp-content/uploads/432263564_18309579112180546_203085280539664659_n.jpg HTTP/1.1" 304 3390 "https://tuerk.inglory.de/" "Serf/1.3.9 (mod_pagespeed/1.13.35.2-0)"
94.130.90.54 - - [11/May/2024:18:24:01 +0200] "GET /wp-content/uploads/cache_43060806.jpeg HTTP/1.1" 304 3390 "https://tuerk.inglory.de/" "Serf/1.3.9 (mod_pagespeed/1.13.35.2-0)"
94.130.90.54 - - [11/May/2024:18:24:01 +0200] "GET /wp-content/uploads/BG-Lines.svg HTTP/1.1" 200 9185 "https://tuerk.inglory.de/" "Serf/1.3.9 (mod_pagespeed/1.13.35.2-0)"
94.130.90.54 - - [11/May/2024:18:24:01 +0200] "GET /wp-content/plugins/contact-form-7/includes/js/index.js?ver=5.9.3 HTTP/1.1" 304 3389 "https://tuerk.inglory.de/" "Serf/1.3.9 (mod_pagespeed/1.13.35.2-0)"
94.130.90.54 - - [11/May/2024:18:24:01 +0200] "GET /wp-content/themes/hub/assets/vendors/fastdom/fastdom.min.js HTTP/1.1" 304 3388 "https://tuerk.inglory.de/" "Serf/1.3.9 (mod_pagespeed/1.13.35.2-0)"
94.130.90.54 - - [11/May/2024:18:24:01 +0200] "GET /wp-content/themes/hub/assets/vendors/bootstrap/js/bootstrap.min.js HTTP/1.1" 304 3390 "https://tuerk.inglory.de/" "Serf/1.3.9 (mod_pagespeed/1.13.35.2-0)"
94.130.90.54 - - [11/May/2024:18:24:01 +0200] "GET /wp-includes/js/imagesloaded.min.js?ver=5.0.0 HTTP/1.1" 304 3389 "https://tuerk.inglory.de/" "Serf/1.3.9 (mod_pagespeed/1.13.35.2-0)"
94.130.90.54 - - [11/May/2024:18:24:01 +0200] "GET /wp-content/themes/hub/assets/vendors/jquery-ui/jquery-ui.min.js HTTP/1.1" 304 3390 "https://tuerk.inglory.de/" "Serf/1.3.9 (mod_pagespeed/1.13.35.2-0)"
94.130.90.54 - - [11/May/2024:18:24:01 +0200] "GET /wp-content/themes/hub/assets/vendors/gsap/minified/gsap.min.js HTTP/1.1" 304 3389 "https://tuerk.inglory.de/" "Serf/1.3.9 (mod_pagespeed/1.13.35.2-0)"
94.130.90.54 - - [11/May/2024:18:24:01 +0200] "GET /wp-content/themes/hub/assets/js/theme.min.js HTTP/1.1" 304 3390 "https://tuerk.inglory.de/" "Serf/1.3.9 (mod_pagespeed/1.13.35.2-0)"
94.130.90.54 - - [11/May/2024:18:24:01 +0200] "GET /wp-content/plugins/pro-elements/assets/js/webpack-pro.runtime.min.js?ver=3.21.0 HTTP/1.1" 304 3389 "https://tuerk.inglory.de/" "Serf/1.3.9 (mod_pagespeed/1.13.35.2-0)"
94.130.90.54 - - [11/May/2024:18:24:01 +0200] "GET /wp-content/plugins/elementor/assets/js/webpack.runtime.min.js?ver=3.21.4 HTTP/1.1" 304 3389 "https://tuerk.inglory.de/" "Serf/1.3.9 (mod_pagespeed/1.13.35.2-0)"
94.130.90.54 - - [11/May/2024:18:24:01 +0200] "GET /wp-content/themes/hub/assets/vendors/fresco/fresco-skins/sprite.png HTTP/1.1" 304 3389 "https://tuerk.inglory.de/" "Serf/1.3.9 (mod_pagespeed/1.13.35.2-0)"
94.130.90.54 - - [11/May/2024:18:24:01 +0200] "GET /wp-content/themes/hub/assets/vendors/fresco/fresco-skins/sprite.svg HTTP/1.1" 200 152259 "https://tuerk.inglory.de/" "Serf/1.3.9 (mod_pagespeed/1.13.35.2-0)"
94.130.90.54 - - [11/May/2024:20:09:39 +0200] "POST /wp-cron.php?doing_wp_cron=1715450979.6077330112457275390625 HTTP/1.0" 200 839 "-" "WordPress/6.5.3; https://tuerk.inglory.de"
37.120.213.195 - - [11/May/2024:20:09:39 +0200] "GET /_profiler/empty/search/results?limit=10 HTTP/1.0" 404 93560 "-" "Mozilla/5.0 (Macintosh; Intel Mac OS X 10_15_7) AppleWebKit/605.1.15 (KHTML, like Gecko) Version/16.5 Safari/605.1.15 Ddg/17.4"
37.120.213.195 - - [11/May/2024:20:09:40 +0200] "GET /app_dev.php/_profiler/empty/search/results?limit=10 HTTP/1.0" 404 93560 "-" "Mozilla/5.0 (Windows NT 10.0; Win64; x64) AppleWebKit/537.36 (KHTML, like Gecko) Chrome/64.0.3282.140 Safari/537.36 Edge/17.17134"
94.130.90.54 - - [12/May/2024:05:22:54 +0200] "POST /wp-cron.php?doing_wp_cron=1715484174.2865478992462158203125 HTTP/1.0" 200 839 "-" "WordPress/6.5.3; https://tuerk.inglory.de"
94.130.90.54 - - [12/May/2024:23:22:26 +0200] "POST /wp-cron.php?doing_wp_cron=1715548946.3973679542541503906250 HTTP/1.0" 200 839 "-" "WordPress/6.5.3; https://tuerk.inglory.de"
94.130.90.54 - - [12/May/2024:23:22:26 +0200] "GET /wp-content/uploads/803390.R1_1_x.webp HTTP/1.0" 200 471872 "-" "-"
94.130.90.54 - - [12/May/2024:23:22:26 +0200] "GET /wp-content/uploads/VOX_Logo_2013.svg HTTP/1.0" 200 695966 "-" "-"
94.130.90.54 - - [12/May/2024:23:22:26 +0200] "GET /wp-content/uploads/RTL.de_Logo_2021_united.svg HTTP/1.0" 200 1562 "-" "-"
94.130.90.54 - - [12/May/2024:23:22:26 +0200] "GET /wp-content/uploads/am_logo_v02.svg HTTP/1.0" 200 6924 "-" "-"
94.130.90.54 - - [12/May/2024:23:22:27 +0200] "GET /wp-content/uploads/tuerk_01_1000_555x.webp HTTP/1.0" 200 26436 "-" "-"
94.130.90.54 - - [12/May/2024:23:22:27 +0200] "GET /wp-content/uploads/83ef3106-af82-4c1d-ac60-e6a98d438584.jpg HTTP/1.0" 200 104220 "-" "-"
94.130.90.54 - - [12/May/2024:23:22:27 +0200] "GET /wp-content/uploads/83ef3106-af82-4c1d-ac60-e6a98d438584.jpg HTTP/1.0" 200 104293 "-" "-"
94.130.90.54 - - [12/May/2024:23:22:27 +0200] "GET /wp-content/uploads/5a2ecb5e6b7996134d0a69ce115b48f3.jpg HTTP/1.0" 200 73700 "-" "-"
94.130.90.54 - - [12/May/2024:23:22:27 +0200] "GET /wp-content/uploads/432465468_18310072705180546_4112574030022213084_n.jpg HTTP/1.0" 200 158099 "-" "-"
94.130.90.54 - - [12/May/2024:23:22:27 +0200] "GET /wp-content/uploads/6666ad47e9699fa420ba6c220b9b3b9d.jpg HTTP/1.0" 200 98011 "-" "-"
94.130.90.54 - - [12/May/2024:23:22:27 +0200] "GET /wp-content/uploads/432260335_18309214555180546_3128400243577085945_n.jpg HTTP/1.0" 200 221898 "-" "-"
94.130.90.54 - - [12/May/2024:23:22:27 +0200] "GET /wp-content/uploads/emotionheader26580211_1.jpeg HTTP/1.0" 200 158873 "-" "-"
94.130.90.54 - - [12/May/2024:23:22:27 +0200] "GET /wp-content/uploads/cc19b4bae80aac74d59fce0f0a9aaa9c.jpg HTTP/1.0" 200 96113 "-" "-"
94.130.90.54 - - [12/May/2024:23:22:27 +0200] "GET /wp-content/uploads/432263564_18309579112180546_203085280539664659_n-1.jpg HTTP/1.0" 200 305092 "-" "-"
94.130.90.54 - - [12/May/2024:23:22:27 +0200] "GET /wp-content/uploads/73d2b601cf749ad429b331b2d6d8cd02.jpg HTTP/1.0" 200 76525 "-" "-"
94.130.90.54 - - [12/May/2024:23:22:27 +0200] "GET /wp-content/uploads/am_logo_v02-1.svg HTTP/1.0" 200 6924 "-" "-"
94.130.90.54 - - [12/May/2024:23:22:27 +0200] "GET /wp-content/uploads/logo_HUSSEL_Confiserie.svg HTTP/1.0" 200 10170 "-" "-"
94.130.90.54 - - [12/May/2024:23:22:27 +0200] "GET /wp-content/uploads/frechverlag-4c.png HTTP/1.0" 200 17157 "-" "-"
94.130.90.54 - - [12/May/2024:23:22:27 +0200] "GET /wp-content/uploads/schneiderlogo.svg HTTP/1.0" 200 15672 "-" "-"
94.130.90.54 - - [12/May/2024:23:22:27 +0200] "GET /wp-content/uploads/suedpfalz.png HTTP/1.0" 200 275291 "-" "-"
94.130.90.54 - - [12/May/2024:23:22:27 +0200] "GET /wp-content/uploads/Logo_INTERGAST_ohneClaim.png HTTP/1.0" 200 7788 "-" "-"
94.130.90.54 - - [12/May/2024:23:22:27 +0200] "GET /wp-content/uploads/2000px-ABB_logo.svg.png HTTP/1.0" 200 32098 "-" "-"
94.130.90.54 - - [12/May/2024:23:22:27 +0200] "GET /wp-content/uploads/topp-verlag-vector-logo.svg HTTP/1.0" 200 4307 "-" "-"
94.130.90.54 - - [12/May/2024:23:22:27 +0200] "GET /wp-content/plugins/contact-form-7/includes/css/styles.css?ver=5.9.3 HTTP/1.1" 200 6438 "https://tuerk.inglory.de/" "Serf/1.3.9 (mod_pagespeed/1.13.35.2-0)"
94.130.90.54 - - [12/May/2024:23:22:27 +0200] "GET /wp-content/plugins/hub-core/extras/redux-framework/redux-core/assets/css/extendify-utilities.css?ver=4.4.12.2 HTTP/1.1" 200 57068 "https://tuerk.inglory.de/" "Serf/1.3.9 (mod_pagespeed/1.13.35.2-0)"
94.130.90.54 - - [12/May/2024:23:22:27 +0200] "GET /wp-content/themes/hub/assets/vendors/bootstrap/css/bootstrap.min.css HTTP/1.1" 200 55790 "https://tuerk.inglory.de/" "Serf/1.3.9 (mod_pagespeed/1.13.35.2-0)"
94.130.90.54 - - [12/May/2024:23:22:27 +0200] "GET /wp-content/themes/hub/style.css HTTP/1.1" 200 7196 "https://tuerk.inglory.de/" "Serf/1.3.9 (mod_pagespeed/1.13.35.2-0)"
94.31.72.180 - - [12/May/2024:23:22:25 +0200] "GET / HTTP/1.0" 200 47393 "-" "Mozilla/5.0 (Macintosh; Intel Mac OS X 10_15_7) AppleWebKit/537.36 (KHTML, like Gecko) Chrome/123.0.0.0 Safari/537.36"
94.130.90.54 - - [12/May/2024:23:22:27 +0200] "GET /wp-content/themes/hub/assets/css/elements/base/typography.css HTTP/1.1" 200 3900 "https://tuerk.inglory.de/" "Serf/1.3.9 (mod_pagespeed/1.13.35.2-0)"
94.130.90.54 - - [12/May/2024:23:22:27 +0200] "GET /wp-content/uploads/elementor/css/custom-frontend-lite.min.css?ver=1715174756 HTTP/1.1" 200 122763 "https://tuerk.inglory.de/" "Serf/1.3.9 (mod_pagespeed/1.13.35.2-0)"
94.130.90.54 - - [12/May/2024:23:22:27 +0200] "GET /wp-content/plugins/elementor/assets/lib/swiper/v8/css/swiper.min.css?ver=8.4.5 HTTP/1.1" 200 20046 "https://tuerk.inglory.de/" "Serf/1.3.9 (mod_pagespeed/1.13.35.2-0)"
94.130.90.54 - - [12/May/2024:23:22:27 +0200] "GET /wp-content/uploads/elementor/css/custom-pro-frontend-lite.min.css?ver=1715174757 HTTP/1.1" 200 14555 "https://tuerk.inglory.de/" "Serf/1.3.9 (mod_pagespeed/1.13.35.2-0)"
94.130.90.54 - - [12/May/2024:23:22:27 +0200] "GET /wp-content/plugins/hub-elementor-addons/assets/css/theme-elementor.min.css?ver=4.3 HTTP/1.1" 200 489259 "https://tuerk.inglory.de/" "Serf/1.3.9 (mod_pagespeed/1.13.35.2-0)"
94.130.90.54 - - [12/May/2024:23:22:27 +0200] "GET /wp-content/plugins/elementor/assets/lib/e-gallery/css/e-gallery.min.css?ver=1.2.0 HTTP/1.1" 200 6847 "https://tuerk.inglory.de/" "Serf/1.3.9 (mod_pagespeed/1.13.35.2-0)"
94.130.90.54 - - [12/May/2024:23:22:27 +0200] "GET /wp-content/themes/hub/assets/vendors/liquid-icon/lqd-essentials/lqd-essentials.min.css HTTP/1.1" 200 6846 "https://tuerk.inglory.de/" "Serf/1.3.9 (mod_pagespeed/1.13.35.2-0)"
94.130.90.54 - - [12/May/2024:23:22:27 +0200] "GET /wp-content/themes/hub/assets/vendors/fresco/js/fresco.js HTTP/1.1" 200 77939 "https://tuerk.inglory.de/" "Serf/1.3.9 (mod_pagespeed/1.13.35.2-0)"
94.130.90.54 - - [12/May/2024:23:22:27 +0200] "GET /wp-content/themes/hub/assets/vendors/lity/lity.min.js HTTP/1.1" 200 8758 "https://tuerk.inglory.de/" "Serf/1.3.9 (mod_pagespeed/1.13.35.2-0)"
94.130.90.54 - - [12/May/2024:23:22:27 +0200] "GET /wp-content/themes/hub/assets/vendors/gsap/minified/ScrollTrigger.min.js HTTP/1.1" 200 39402 "https://tuerk.inglory.de/" "Serf/1.3.9 (mod_pagespeed/1.13.35.2-0)"
94.130.90.54 - - [12/May/2024:23:22:27 +0200] "GET /wp-content/themes/hub/assets/vendors/fontfaceobserver.js HTTP/1.1" 200 9443 "https://tuerk.inglory.de/" "Serf/1.3.9 (mod_pagespeed/1.13.35.2-0)"
94.130.90.54 - - [12/May/2024:23:22:27 +0200] "GET /wp-content/themes/hub/assets/vendors/intersection-observer.js HTTP/1.1" 200 10943 "https://tuerk.inglory.de/" "Serf/1.3.9 (mod_pagespeed/1.13.35.2-0)"
94.130.90.54 - - [12/May/2024:23:22:27 +0200] "GET /wp-content/themes/hub/assets/vendors/lazyload.min.js HTTP/1.1" 200 12375 "https://tuerk.inglory.de/" "Serf/1.3.9 (mod_pagespeed/1.13.35.2-0)"
94.130.90.54 - - [12/May/2024:23:22:27 +0200] "GET /wp-content/themes/hub/assets/vendors/tinycolor-min.js HTTP/1.1" 200 18343 "https://tuerk.inglory.de/" "Serf/1.3.9 (mod_pagespeed/1.13.35.2-0)"
94.130.90.54 - - [12/May/2024:23:22:27 +0200] "GET /wp-content/themes/hub/assets/vendors/gsap/utils/SplitText.min.js HTTP/1.1" 200 19069 "https://tuerk.inglory.de/" "Serf/1.3.9 (mod_pagespeed/1.13.35.2-0)"
94.130.90.54 - - [12/May/2024:23:22:27 +0200] "GET /wp-content/plugins/pro-elements/assets/lib/smartmenus/jquery.smartmenus.min.js?ver=1.2.1 HTTP/1.1" 200 27698 "https://tuerk.inglory.de/" "Serf/1.3.9 (mod_pagespeed/1.13.35.2-0)"
94.130.90.54 - - [12/May/2024:23:22:27 +0200] "GET /wp-content/themes/hub/assets/vendors/isotope/isotope.pkgd.min.js HTTP/1.1" 200 40735 "https://tuerk.inglory.de/" "Serf/1.3.9 (mod_pagespeed/1.13.35.2-0)"
94.31.72.180 - - [12/May/2024:23:22:27 +0200] "GET /wp-content/plugins/hub-elementor-addons/assets/css/theme-elementor.min.css?ver=4.3 HTTP/1.0" 200 78873 "https://tuerk.inglory.de/" "Mozilla/5.0 (Macintosh; Intel Mac OS X 10_15_7) AppleWebKit/537.36 (KHTML, like Gecko) Chrome/123.0.0.0 Safari/537.36"
94.31.72.180 - - [12/May/2024:23:22:27 +0200] "GET /wp-content/themes/hub/assets/vendors/liquid-icon/lqd-essentials/fonts/lqd-essentials.woff2 HTTP/1.0" 304 691 "https://tuerk.inglory.de/" "Mozilla/5.0 (Macintosh; Intel Mac OS X 10_15_7) AppleWebKit/537.36 (KHTML, like Gecko) Chrome/123.0.0.0 Safari/537.36"
94.31.72.180 - - [12/May/2024:23:22:27 +0200] "GET /wp-content/themes/hub/assets/vendors/bootstrap/css/bootstrap.min.css HTTP/1.0" 304 691 "https://tuerk.inglory.de/" "Mozilla/5.0 (Macintosh; Intel Mac OS X 10_15_7) AppleWebKit/537.36 (KHTML, like Gecko) Chrome/123.0.0.0 Safari/537.36"
94.31.72.180 - - [12/May/2024:23:22:27 +0200] "GET /wp-content/themes/hub/style.css HTTP/1.0" 304 690 "https://tuerk.inglory.de/" "Mozilla/5.0 (Macintosh; Intel Mac OS X 10_15_7) AppleWebKit/537.36 (KHTML, like Gecko) Chrome/123.0.0.0 Safari/537.36"
94.130.90.54 - - [12/May/2024:23:22:27 +0200] "GET /wp-content/themes/hub/assets/vendors/isotope/packery-mode.pkgd.min.js HTTP/1.1" 200 17185 "https://tuerk.inglory.de/" "Serf/1.3.9 (mod_pagespeed/1.13.35.2-0)"
94.31.72.180 - - [12/May/2024:23:22:27 +0200] "GET /wp-content/themes/hub/assets/css/elements/base/typography.css HTTP/1.0" 304 690 "https://tuerk.inglory.de/" "Mozilla/5.0 (Macintosh; Intel Mac OS X 10_15_7) AppleWebKit/537.36 (KHTML, like Gecko) Chrome/123.0.0.0 Safari/537.36"
94.31.72.180 - - [12/May/2024:23:22:27 +0200] "GET /wp-content/uploads/elementor/css/custom-frontend-lite.min.css?ver=1715174756 HTTP/1.0" 304 692 "https://tuerk.inglory.de/" "Mozilla/5.0 (Macintosh; Intel Mac OS X 10_15_7) AppleWebKit/537.36 (KHTML, like Gecko) Chrome/123.0.0.0 Safari/537.36"
94.31.72.180 - - [12/May/2024:23:22:27 +0200] "GET /wp-content/plugins/elementor/assets/lib/swiper/v8/css/swiper.min.css?ver=8.4.5 HTTP/1.0" 304 691 "https://tuerk.inglory.de/" "Mozilla/5.0 (Macintosh; Intel Mac OS X 10_15_7) AppleWebKit/537.36 (KHTML, like Gecko) Chrome/123.0.0.0 Safari/537.36"
94.31.72.180 - - [12/May/2024:23:22:27 +0200] "GET /wp-content/uploads/elementor/css/custom-pro-frontend-lite.min.css?ver=1715174757 HTTP/1.0" 304 691 "https://tuerk.inglory.de/" "Mozilla/5.0 (Macintosh; Intel Mac OS X 10_15_7) AppleWebKit/537.36 (KHTML, like Gecko) Chrome/123.0.0.0 Safari/537.36"
94.31.72.180 - - [12/May/2024:23:22:27 +0200] "GET /wp-includes/js/jquery/jquery-migrate.min.js?ver=3.4.1 HTTP/1.0" 304 691 "https://tuerk.inglory.de/" "Mozilla/5.0 (Macintosh; Intel Mac OS X 10_15_7) AppleWebKit/537.36 (KHTML, like Gecko) Chrome/123.0.0.0 Safari/537.36"
94.130.90.54 - - [12/May/2024:23:22:27 +0200] "GET /wp-content/plugins/elementor/assets/lib/e-gallery/js/e-gallery.min.js?ver=1.2.0 HTTP/1.1" 200 18907 "https://tuerk.inglory.de/" "Serf/1.3.9 (mod_pagespeed/1.13.35.2-0)"
94.31.72.180 - - [12/May/2024:23:22:27 +0200] "GET /wp-content/plugins/hub-core/extras/redux-framework/redux-core/assets/css/extendify-utilities.css?ver=4.4.12.2 HTTP/1.0" 304 691 "https://tuerk.inglory.de/" "Mozilla/5.0 (Macintosh; Intel Mac OS X 10_15_7) AppleWebKit/537.36 (KHTML, like Gecko) Chrome/123.0.0.0 Safari/537.36"
94.130.90.54 - - [12/May/2024:23:22:27 +0200] "GET /wp-content/themes/hub/assets/vendors/flickity/flickity.pkgd.min.js HTTP/1.1" 200 61760 "https://tuerk.inglory.de/" "Serf/1.3.9 (mod_pagespeed/1.13.35.2-0)"
94.31.72.180 - - [12/May/2024:23:22:27 +0200] "GET /wp-includes/js/jquery/jquery.min.js?ver=3.7.1 HTTP/1.0" 200 31341 "https://tuerk.inglory.de/" "Mozilla/5.0 (Macintosh; Intel Mac OS X 10_15_7) AppleWebKit/537.36 (KHTML, like Gecko) Chrome/123.0.0.0 Safari/537.36"
94.130.90.54 - - [12/May/2024:23:22:27 +0200] "GET /wp-content/themes/hub/assets/vendors/flickity/flickity-fade.min.js HTTP/1.1" 200 7093 "https://tuerk.inglory.de/" "Serf/1.3.9 (mod_pagespeed/1.13.35.2-0)"
94.130.90.54 - - [12/May/2024:23:22:27 +0200] "GET /wp-content/plugins/elementor/assets/js/frontend-modules.min.js?ver=3.21.4 HTTP/1.1" 200 66922 "https://tuerk.inglory.de/" "Serf/1.3.9 (mod_pagespeed/1.13.35.2-0)"
94.130.90.54 - - [12/May/2024:23:22:27 +0200] "GET /wp-includes/js/dist/vendor/wp-polyfill-inert.min.js?ver=3.1.2 HTTP/1.1" 200 11730 "https://tuerk.inglory.de/" "Serf/1.3.9 (mod_pagespeed/1.13.35.2-0)"
94.130.90.54 - - [12/May/2024:23:22:27 +0200] "GET /wp-includes/js/dist/vendor/regenerator-runtime.min.js?ver=0.14.0 HTTP/1.1" 200 10184 "https://tuerk.inglory.de/" "Serf/1.3.9 (mod_pagespeed/1.13.35.2-0)"
94.130.90.54 - - [12/May/2024:23:22:27 +0200] "GET /wp-includes/js/dist/vendor/wp-polyfill.min.js?ver=3.15.0 HTTP/1.1" 200 42208 "https://tuerk.inglory.de/" "Serf/1.3.9 (mod_pagespeed/1.13.35.2-0)"
94.31.72.180 - - [12/May/2024:23:22:27 +0200] "GET /wp-content/uploads/logo.jpg HTTP/1.0" 304 690 "https://tuerk.inglory.de/" "Mozilla/5.0 (Macintosh; Intel Mac OS X 10_15_7) AppleWebKit/537.36 (KHTML, like Gecko) Chrome/123.0.0.0 Safari/537.36"
94.31.72.180 - - [12/May/2024:23:22:27 +0200] "GET /wp-content/uploads/803429.R1_1_x.webp HTTP/1.0" 200 463376 "https://tuerk.inglory.de/" "Mozilla/5.0 (Macintosh; Intel Mac OS X 10_15_7) AppleWebKit/537.36 (KHTML, like Gecko) Chrome/123.0.0.0 Safari/537.36"
94.130.90.54 - - [12/May/2024:23:22:27 +0200] "GET /wp-includes/js/dist/hooks.min.js?ver=2810c76e705dd1a53b18 HTTP/1.1" 200 7866 "https://tuerk.inglory.de/" "Serf/1.3.9 (mod_pagespeed/1.13.35.2-0)"
94.130.90.54 - - [12/May/2024:23:22:27 +0200] "GET /wp-includes/js/dist/i18n.min.js?ver=5e580eb46a90c2b997e6 HTTP/1.1" 200 12700 "https://tuerk.inglory.de/" "Serf/1.3.9 (mod_pagespeed/1.13.35.2-0)"
94.130.90.54 - - [12/May/2024:23:22:27 +0200] "GET /wp-content/plugins/pro-elements/assets/js/frontend.min.js?ver=3.21.0 HTTP/1.1" 200 28654 "https://tuerk.inglory.de/" "Serf/1.3.9 (mod_pagespeed/1.13.35.2-0)"
94.130.90.54 - - [12/May/2024:23:22:27 +0200] "GET /wp-content/plugins/elementor/assets/lib/waypoints/waypoints.min.js?ver=4.0.2 HTTP/1.1" 200 15758 "https://tuerk.inglory.de/" "Serf/1.3.9 (mod_pagespeed/1.13.35.2-0)"
94.130.90.54 - - [12/May/2024:23:22:27 +0200] "GET /wp-includes/js/jquery/ui/core.min.js?ver=1.13.2 HTTP/1.1" 200 25027 "https://tuerk.inglory.de/" "Serf/1.3.9 (mod_pagespeed/1.13.35.2-0)"
94.130.90.54 - - [12/May/2024:23:22:27 +0200] "GET /wp-content/themes/hub/favicon.png HTTP/1.1" 200 3963 "https://tuerk.inglory.de/" "Serf/1.3.9 (mod_pagespeed/1.13.35.2-0)"
94.130.90.54 - - [12/May/2024:23:22:27 +0200] "GET /wp-content/uploads/cropped-logo-32x32.jpg HTTP/1.1" 200 4086 "https://tuerk.inglory.de/" "Serf/1.3.9 (mod_pagespeed/1.13.35.2-0)"
94.130.90.54 - - [12/May/2024:23:22:27 +0200] "GET /wp-content/uploads/cropped-logo-192x192.jpg HTTP/1.1" 200 7708 "https://tuerk.inglory.de/" "Serf/1.3.9 (mod_pagespeed/1.13.35.2-0)"
94.130.90.54 - - [12/May/2024:23:22:27 +0200] "GET /wp-content/uploads/cropped-logo-180x180.jpg HTTP/1.1" 200 7550 "https://tuerk.inglory.de/" "Serf/1.3.9 (mod_pagespeed/1.13.35.2-0)"
94.130.90.54 - - [12/May/2024:23:22:27 +0200] "GET /wp-content/uploads/logo.jpg HTTP/1.1" 200 5649 "https://tuerk.inglory.de/" "Serf/1.3.9 (mod_pagespeed/1.13.35.2-0)"
94.130.90.54 - - [12/May/2024:23:22:27 +0200] "GET /wp-content/uploads/elementor/css/custom-pro-widget-nav-menu.min.css?ver=1715174757 HTTP/1.1" 200 30454 "https://tuerk.inglory.de/" "Serf/1.3.9 (mod_pagespeed/1.13.35.2-0)"
94.130.90.54 - - [12/May/2024:23:22:27 +0200] "GET /wp-content/plugins/pro-elements/assets/css/widget-loop-builder.min.css HTTP/1.1" 200 23722 "https://tuerk.inglory.de/" "Serf/1.3.9 (mod_pagespeed/1.13.35.2-0)"
94.31.72.180 - - [12/May/2024:23:22:27 +0200] "GET /wp-content/uploads/elementor/css/custom-pro-widget-nav-menu.min.css?ver=1715174757 HTTP/1.0" 200 4269 "https://tuerk.inglory.de/" "Mozilla/5.0 (Macintosh; Intel Mac OS X 10_15_7) AppleWebKit/537.36 (KHTML, like Gecko) Chrome/123.0.0.0 Safari/537.36"
94.130.90.54 - - [12/May/2024:23:22:27 +0200] "GET /wp-content/uploads/elementor/css/custom-widget-icon-list.min.css?ver=1715174757 HTTP/1.1" 200 13434 "https://tuerk.inglory.de/" "Serf/1.3.9 (mod_pagespeed/1.13.35.2-0)"
94.31.72.180 - - [12/May/2024:23:22:27 +0200] "GET /wp-content/plugins/pro-elements/assets/css/widget-loop-builder.min.css HTTP/1.0" 304 691 "https://tuerk.inglory.de/" "Mozilla/5.0 (Macintosh; Intel Mac OS X 10_15_7) AppleWebKit/537.36 (KHTML, like Gecko) Chrome/123.0.0.0 Safari/537.36"
94.130.90.54 - - [12/May/2024:23:22:27 +0200] "GET /wp-includes/js/jquery/jquery.min.js?ver=3.7.1 HTTP/1.1" 200 91259 "https://tuerk.inglory.de/" "Serf/1.3.9 (mod_pagespeed/1.13.35.2-0)"
94.130.90.54 - - [12/May/2024:23:22:27 +0200] "GET /wp-includes/js/jquery/jquery-migrate.min.js?ver=3.4.1 HTTP/1.1" 200 17137 "https://tuerk.inglory.de/" "Serf/1.3.9 (mod_pagespeed/1.13.35.2-0)"
94.130.90.54 - - [12/May/2024:23:22:27 +0200] "GET /wp-content/plugins/contact-form-7/includes/swv/js/index.js?ver=5.9.3 HTTP/1.1" 200 15073 "https://tuerk.inglory.de/" "Serf/1.3.9 (mod_pagespeed/1.13.35.2-0)"
94.130.90.54 - - [12/May/2024:23:22:27 +0200] "GET /wp-content/plugins/elementor/assets/js/frontend.min.js?ver=3.21.4 HTTP/1.1" 200 43590 "https://tuerk.inglory.de/" "Serf/1.3.9 (mod_pagespeed/1.13.35.2-0)"
94.130.90.54 - - [12/May/2024:23:22:27 +0200] "GET /wp-content/plugins/pro-elements/assets/js/elements-handlers.min.js?ver=3.21.0 HTTP/1.1" 200 41899 "https://tuerk.inglory.de/" "Serf/1.3.9 (mod_pagespeed/1.13.35.2-0)"
94.130.90.54 - - [12/May/2024:23:22:27 +0200] "GET /wp-content/themes/hub/assets/vendors/fresco/css/fresco.css HTTP/1.1" 200 40487 "https://tuerk.inglory.de/" "Serf/1.3.9 (mod_pagespeed/1.13.35.2-0)"
94.130.90.54 - - [12/May/2024:23:22:27 +0200] "GET /wp-content/uploads/803429.R1_1_x.webp HTTP/1.1" 200 466277 "https://tuerk.inglory.de/" "Serf/1.3.9 (mod_pagespeed/1.13.35.2-0)"
94.130.90.54 - - [12/May/2024:23:22:27 +0200] "GET /wp-content/uploads/803429.R1_1_x.webp HTTP/1.1" 200 466277 "https://tuerk.inglory.de/" "Serf/1.3.9 (mod_pagespeed/1.13.35.2-0)"
94.130.90.54 - - [12/May/2024:23:22:27 +0200] "GET /wp-content/uploads/803429.R1_1_x-232x300.webp HTTP/1.1" 200 24538 "https://tuerk.inglory.de/" "Serf/1.3.9 (mod_pagespeed/1.13.35.2-0)"
94.130.90.54 - - [12/May/2024:23:22:27 +0200] "GET /wp-content/uploads/803429.R1_1_x-793x1024.webp HTTP/1.1" 200 218214 "https://tuerk.inglory.de/" "Serf/1.3.9 (mod_pagespeed/1.13.35.2-0)"
94.130.90.54 - - [12/May/2024:23:22:27 +0200] "GET /wp-content/uploads/803429.R1_1_x-1189x1536.webp HTTP/1.1" 200 435995 "https://tuerk.inglory.de/" "Serf/1.3.9 (mod_pagespeed/1.13.35.2-0)"
94.130.90.54 - - [12/May/2024:23:22:27 +0200] "GET /wp-content/uploads/VOX_Logo_2013.svg HTTP/1.1" 200 698965 "https://tuerk.inglory.de/" "Serf/1.3.9 (mod_pagespeed/1.13.35.2-0)"
94.31.72.180 - - [12/May/2024:23:22:27 +0200] "GET /wp-content/uploads/elementor/css/custom-widget-icon-list.min.css?ver=1715174757 HTTP/1.0" 200 1901 "https://tuerk.inglory.de/" "Mozilla/5.0 (Macintosh; Intel Mac OS X 10_15_7) AppleWebKit/537.36 (KHTML, like Gecko) Chrome/123.0.0.0 Safari/537.36"
94.31.72.180 - - [12/May/2024:23:22:27 +0200] "GET /wp-content/plugins/elementor/assets/lib/e-gallery/css/e-gallery.min.css?ver=1.2.0 HTTP/1.0" 304 690 "https://tuerk.inglory.de/" "Mozilla/5.0 (Macintosh; Intel Mac OS X 10_15_7) AppleWebKit/537.36 (KHTML, like Gecko) Chrome/123.0.0.0 Safari/537.36"
94.31.72.180 - - [12/May/2024:23:22:27 +0200] "GET /wp-content/themes/hub/assets/vendors/fresco/js/fresco.js HTTP/1.0" 200 17254 "https://tuerk.inglory.de/" "Mozilla/5.0 (Macintosh; Intel Mac OS X 10_15_7) AppleWebKit/537.36 (KHTML, like Gecko) Chrome/123.0.0.0 Safari/537.36"
94.31.72.180 - - [12/May/2024:23:22:27 +0200] "GET /wp-content/themes/hub/assets/vendors/gsap/minified/ScrollTrigger.min.js HTTP/1.0" 200 15883 "https://tuerk.inglory.de/" "Mozilla/5.0 (Macintosh; Intel Mac OS X 10_15_7) AppleWebKit/537.36 (KHTML, like Gecko) Chrome/123.0.0.0 Safari/537.36"
94.31.72.180 - - [12/May/2024:23:22:27 +0200] "GET /wp-content/themes/hub/assets/vendors/liquid-icon/lqd-essentials/lqd-essentials.min.css HTTP/1.0" 304 690 "https://tuerk.inglory.de/" "Mozilla/5.0 (Macintosh; Intel Mac OS X 10_15_7) AppleWebKit/537.36 (KHTML, like Gecko) Chrome/123.0.0.0 Safari/537.36"
94.31.72.180 - - [12/May/2024:23:22:27 +0200] "GET /wp-content/plugins/contact-form-7/includes/swv/js/index.js?ver=5.9.3 HTTP/1.0" 304 691 "https://tuerk.inglory.de/" "Mozilla/5.0 (Macintosh; Intel Mac OS X 10_15_7) AppleWebKit/537.36 (KHTML, like Gecko) Chrome/123.0.0.0 Safari/537.36"
94.31.72.180 - - [12/May/2024:23:22:27 +0200] "GET /wp-content/themes/hub/assets/vendors/lity/lity.min.js HTTP/1.0" 304 691 "https://tuerk.inglory.de/" "Mozilla/5.0 (Macintosh; Intel Mac OS X 10_15_7) AppleWebKit/537.36 (KHTML, like Gecko) Chrome/123.0.0.0 Safari/537.36"
94.31.72.180 - - [12/May/2024:23:22:27 +0200] "GET /wp-content/themes/hub/assets/vendors/fontfaceobserver.js HTTP/1.0" 304 691 "https://tuerk.inglory.de/" "Mozilla/5.0 (Macintosh; Intel Mac OS X 10_15_7) AppleWebKit/537.36 (KHTML, like Gecko) Chrome/123.0.0.0 Safari/537.36"
94.31.72.180 - - [12/May/2024:23:22:27 +0200] "GET /wp-content/themes/hub/assets/vendors/intersection-observer.js HTTP/1.0" 304 691 "https://tuerk.inglory.de/" "Mozilla/5.0 (Macintosh; Intel Mac OS X 10_15_7) AppleWebKit/537.36 (KHTML, like Gecko) Chrome/123.0.0.0 Safari/537.36"
94.130.90.54 - - [12/May/2024:23:22:27 +0200] "GET /wp-content/uploads/RTL.de_Logo_2021_united.svg HTTP/1.1" 200 4260 "https://tuerk.inglory.de/" "Serf/1.3.9 (mod_pagespeed/1.13.35.2-0)"
94.31.72.180 - - [12/May/2024:23:22:27 +0200] "GET /wp-content/themes/hub/assets/vendors/tinycolor-min.js HTTP/1.0" 304 691 "https://tuerk.inglory.de/" "Mozilla/5.0 (Macintosh; Intel Mac OS X 10_15_7) AppleWebKit/537.36 (KHTML, like Gecko) Chrome/123.0.0.0 Safari/537.36"
94.31.72.180 - - [12/May/2024:23:22:27 +0200] "GET /wp-content/themes/hub/assets/vendors/lazyload.min.js HTTP/1.0" 304 691 "https://tuerk.inglory.de/" "Mozilla/5.0 (Macintosh; Intel Mac OS X 10_15_7) AppleWebKit/537.36 (KHTML, like Gecko) Chrome/123.0.0.0 Safari/537.36"
94.31.72.180 - - [12/May/2024:23:22:27 +0200] "GET /wp-content/themes/hub/assets/vendors/gsap/utils/SplitText.min.js HTTP/1.0" 304 691 "https://tuerk.inglory.de/" "Mozilla/5.0 (Macintosh; Intel Mac OS X 10_15_7) AppleWebKit/537.36 (KHTML, like Gecko) Chrome/123.0.0.0 Safari/537.36"
94.31.72.180 - - [12/May/2024:23:22:27 +0200] "GET /wp-content/themes/hub/assets/vendors/isotope/isotope.pkgd.min.js HTTP/1.0" 304 691 "https://tuerk.inglory.de/" "Mozilla/5.0 (Macintosh; Intel Mac OS X 10_15_7) AppleWebKit/537.36 (KHTML, like Gecko) Chrome/123.0.0.0 Safari/537.36"
94.31.72.180 - - [12/May/2024:23:22:27 +0200] "GET /wp-content/themes/hub/assets/vendors/isotope/packery-mode.pkgd.min.js HTTP/1.0" 304 691 "https://tuerk.inglory.de/" "Mozilla/5.0 (Macintosh; Intel Mac OS X 10_15_7) AppleWebKit/537.36 (KHTML, like Gecko) Chrome/123.0.0.0 Safari/537.36"
94.31.72.180 - - [12/May/2024:23:22:27 +0200] "GET /wp-content/plugins/elementor/assets/lib/e-gallery/js/e-gallery.min.js?ver=1.2.0 HTTP/1.0" 304 691 "https://tuerk.inglory.de/" "Mozilla/5.0 (Macintosh; Intel Mac OS X 10_15_7) AppleWebKit/537.36 (KHTML, like Gecko) Chrome/123.0.0.0 Safari/537.36"
94.130.90.54 - - [12/May/2024:23:22:27 +0200] "GET /wp-content/uploads/am_logo_v02.svg HTTP/1.1" 200 9629 "https://tuerk.inglory.de/" "Serf/1.3.9 (mod_pagespeed/1.13.35.2-0)"
94.31.72.180 - - [12/May/2024:23:22:27 +0200] "GET /wp-content/plugins/contact-form-7/includes/js/index.js?ver=5.9.3 HTTP/1.0" 304 691 "https://tuerk.inglory.de/" "Mozilla/5.0 (Macintosh; Intel Mac OS X 10_15_7) AppleWebKit/537.36 (KHTML, like Gecko) Chrome/123.0.0.0 Safari/537.36"
94.31.72.180 - - [12/May/2024:23:22:27 +0200] "GET /wp-content/themes/hub/assets/vendors/flickity/flickity.pkgd.min.js HTTP/1.0" 304 691 "https://tuerk.inglory.de/" "Mozilla/5.0 (Macintosh; Intel Mac OS X 10_15_7) AppleWebKit/537.36 (KHTML, like Gecko) Chrome/123.0.0.0 Safari/537.36"
94.31.72.180 - - [12/May/2024:23:22:27 +0200] "GET /wp-content/themes/hub/assets/vendors/flickity/flickity-fade.min.js HTTP/1.0" 304 690 "https://tuerk.inglory.de/" "Mozilla/5.0 (Macintosh; Intel Mac OS X 10_15_7) AppleWebKit/537.36 (KHTML, like Gecko) Chrome/123.0.0.0 Safari/537.36"
94.31.72.180 - - [12/May/2024:23:22:27 +0200] "GET /wp-content/plugins/elementor/assets/js/webpack.runtime.min.js?ver=3.21.4 HTTP/1.0" 304 691 "https://tuerk.inglory.de/" "Mozilla/5.0 (Macintosh; Intel Mac OS X 10_15_7) AppleWebKit/537.36 (KHTML, like Gecko) Chrome/123.0.0.0 Safari/537.36"
94.130.90.54 - - [12/May/2024:23:22:27 +0200] "GET /wp-content/uploads/am_logo_v02-1.svg HTTP/1.1" 200 9629 "https://tuerk.inglory.de/" "Serf/1.3.9 (mod_pagespeed/1.13.35.2-0)"
94.31.72.180 - - [12/May/2024:23:22:27 +0200] "GET /wp-includes/js/dist/vendor/wp-polyfill-inert.min.js?ver=3.1.2 HTTP/1.0" 304 691 "https://tuerk.inglory.de/" "Mozilla/5.0 (Macintosh; Intel Mac OS X 10_15_7) AppleWebKit/537.36 (KHTML, like Gecko) Chrome/123.0.0.0 Safari/537.36"
94.31.72.180 - - [12/May/2024:23:22:27 +0200] "GET /wp-content/uploads/VOX_Logo_2013.svg HTTP/1.0" 200 695938 "https://tuerk.inglory.de/" "Mozilla/5.0 (Macintosh; Intel Mac OS X 10_15_7) AppleWebKit/537.36 (KHTML, like Gecko) Chrome/123.0.0.0 Safari/537.36"
94.31.72.180 - - [12/May/2024:23:22:27 +0200] "GET /wp-includes/js/dist/vendor/regenerator-runtime.min.js?ver=0.14.0 HTTP/1.0" 304 691 "https://tuerk.inglory.de/" "Mozilla/5.0 (Macintosh; Intel Mac OS X 10_15_7) AppleWebKit/537.36 (KHTML, like Gecko) Chrome/123.0.0.0 Safari/537.36"
94.31.72.180 - - [12/May/2024:23:22:27 +0200] "GET /wp-includes/js/dist/vendor/wp-polyfill.min.js?ver=3.15.0 HTTP/1.0" 304 691 "https://tuerk.inglory.de/" "Mozilla/5.0 (Macintosh; Intel Mac OS X 10_15_7) AppleWebKit/537.36 (KHTML, like Gecko) Chrome/123.0.0.0 Safari/537.36"
94.31.72.180 - - [12/May/2024:23:22:27 +0200] "GET /wp-includes/js/dist/hooks.min.js?ver=2810c76e705dd1a53b18 HTTP/1.0" 304 691 "https://tuerk.inglory.de/" "Mozilla/5.0 (Macintosh; Intel Mac OS X 10_15_7) AppleWebKit/537.36 (KHTML, like Gecko) Chrome/123.0.0.0 Safari/537.36"
94.31.72.180 - - [12/May/2024:23:22:27 +0200] "GET /wp-includes/js/dist/i18n.min.js?ver=5e580eb46a90c2b997e6 HTTP/1.0" 304 691 "https://tuerk.inglory.de/" "Mozilla/5.0 (Macintosh; Intel Mac OS X 10_15_7) AppleWebKit/537.36 (KHTML, like Gecko) Chrome/123.0.0.0 Safari/537.36"
94.31.72.180 - - [12/May/2024:23:22:27 +0200] "GET /wp-content/plugins/pro-elements/assets/js/frontend.min.js?ver=3.21.0 HTTP/1.0" 304 691 "https://tuerk.inglory.de/" "Mozilla/5.0 (Macintosh; Intel Mac OS X 10_15_7) AppleWebKit/537.36 (KHTML, like Gecko) Chrome/123.0.0.0 Safari/537.36"
94.31.72.180 - - [12/May/2024:23:22:27 +0200] "GET /wp-content/themes/hub/assets/vendors/fresco/css/fresco.css HTTP/1.0" 304 691 "https://tuerk.inglory.de/" "Mozilla/5.0 (Macintosh; Intel Mac OS X 10_15_7) AppleWebKit/537.36 (KHTML, like Gecko) Chrome/123.0.0.0 Safari/537.36"
94.31.72.180 - - [12/May/2024:23:22:27 +0200] "GET /wp-includes/js/jquery/ui/core.min.js?ver=1.13.2 HTTP/1.0" 304 691 "https://tuerk.inglory.de/" "Mozilla/5.0 (Macintosh; Intel Mac OS X 10_15_7) AppleWebKit/537.36 (KHTML, like Gecko) Chrome/123.0.0.0 Safari/537.36"
94.31.72.180 - - [12/May/2024:23:22:27 +0200] "GET /wp-content/plugins/elementor/assets/js/frontend.min.js?ver=3.21.4 HTTP/1.0" 304 691 "https://tuerk.inglory.de/" "Mozilla/5.0 (Macintosh; Intel Mac OS X 10_15_7) AppleWebKit/537.36 (KHTML, like Gecko) Chrome/123.0.0.0 Safari/537.36"
94.31.72.180 - - [12/May/2024:23:22:27 +0200] "GET /wp-content/plugins/pro-elements/assets/js/elements-handlers.min.js?ver=3.21.0 HTTP/1.0" 304 691 "https://tuerk.inglory.de/" "Mozilla/5.0 (Macintosh; Intel Mac OS X 10_15_7) AppleWebKit/537.36 (KHTML, like Gecko) Chrome/123.0.0.0 Safari/537.36"
94.31.72.180 - - [12/May/2024:23:22:27 +0200] "GET /wp-content/themes/hub/assets/vendors/bootstrap/js/bootstrap.min.js HTTP/1.0" 200 26369 "https://tuerk.inglory.de/" "Mozilla/5.0 (Macintosh; Intel Mac OS X 10_15_7) AppleWebKit/537.36 (KHTML, like Gecko) Chrome/123.0.0.0 Safari/537.36"
94.130.90.54 - - [12/May/2024:23:22:27 +0200] "GET /wp-content/uploads/logo_HUSSEL_Confiserie.svg HTTP/1.1" 200 12875 "https://tuerk.inglory.de/" "Serf/1.3.9 (mod_pagespeed/1.13.35.2-0)"
94.31.72.180 - - [12/May/2024:23:22:27 +0200] "GET /wp-content/plugins/pro-elements/assets/lib/smartmenus/jquery.smartmenus.min.js?ver=1.2.1 HTTP/1.0" 304 691 "https://tuerk.inglory.de/" "Mozilla/5.0 (Macintosh; Intel Mac OS X 10_15_7) AppleWebKit/537.36 (KHTML, like Gecko) Chrome/123.0.0.0 Safari/537.36"
94.31.72.180 - - [12/May/2024:23:22:27 +0200] "GET /wp-content/plugins/elementor/assets/js/frontend-modules.min.js?ver=3.21.4 HTTP/1.0" 304 691 "https://tuerk.inglory.de/" "Mozilla/5.0 (Macintosh; Intel Mac OS X 10_15_7) AppleWebKit/537.36 (KHTML, like Gecko) Chrome/123.0.0.0 Safari/537.36"
94.31.72.180 - - [12/May/2024:23:22:27 +0200] "GET /wp-content/themes/hub/assets/js/theme.min.js HTTP/1.0" 304 692 "https://tuerk.inglory.de/" "Mozilla/5.0 (Macintosh; Intel Mac OS X 10_15_7) AppleWebKit/537.36 (KHTML, like Gecko) Chrome/123.0.0.0 Safari/537.36"
94.31.72.180 - - [12/May/2024:23:22:27 +0200] "GET /wp-content/plugins/elementor/assets/lib/waypoints/waypoints.min.js?ver=4.0.2 HTTP/1.0" 304 691 "https://tuerk.inglory.de/" "Mozilla/5.0 (Macintosh; Intel Mac OS X 10_15_7) AppleWebKit/537.36 (KHTML, like Gecko) Chrome/123.0.0.0 Safari/537.36"
94.31.72.180 - - [12/May/2024:23:22:27 +0200] "GET /wp-content/themes/hub/assets/vendors/jquery-ui/jquery-ui.min.js HTTP/1.0" 200 30368 "https://tuerk.inglory.de/" "Mozilla/5.0 (Macintosh; Intel Mac OS X 10_15_7) AppleWebKit/537.36 (KHTML, like Gecko) Chrome/123.0.0.0 Safari/537.36"
94.31.72.180 - - [12/May/2024:23:22:27 +0200] "GET /wp-content/themes/hub/assets/vendors/fastdom/fastdom.min.js HTTP/1.0" 304 690 "https://tuerk.inglory.de/" "Mozilla/5.0 (Macintosh; Intel Mac OS X 10_15_7) AppleWebKit/537.36 (KHTML, like Gecko) Chrome/123.0.0.0 Safari/537.36"
94.130.90.54 - - [12/May/2024:23:22:27 +0200] "GET /wp-content/uploads/schneiderlogo.svg HTTP/1.1" 200 18377 "https://tuerk.inglory.de/" "Serf/1.3.9 (mod_pagespeed/1.13.35.2-0)"
94.31.72.180 - - [12/May/2024:23:22:27 +0200] "GET /wp-content/plugins/pro-elements/assets/js/webpack-pro.runtime.min.js?ver=3.21.0 HTTP/1.0" 304 691 "https://tuerk.inglory.de/" "Mozilla/5.0 (Macintosh; Intel Mac OS X 10_15_7) AppleWebKit/537.36 (KHTML, like Gecko) Chrome/123.0.0.0 Safari/537.36"
94.130.90.54 - - [12/May/2024:23:22:27 +0200] "GET /wp-content/uploads/topp-verlag-vector-logo.svg HTTP/1.1" 200 7012 "https://tuerk.inglory.de/" "Serf/1.3.9 (mod_pagespeed/1.13.35.2-0)"
