89.244.92.53 - - [13/May/2024:16:10:49 +0200] "POST /wp-admin/admin-ajax.php HTTP/1.0" 200 1117 "https://tuerk.inglory.de/wp-admin/post.php?post=7&action=elementor" "Mozilla/5.0 (Macintosh; Intel Mac OS X 10_15_7) AppleWebKit/537.36 (KHTML, like Gecko) Chrome/124.0.0.0 Safari/537.36"
94.130.90.54 - - [13/May/2024:16:10:50 +0200] "GET /wp-includes/css/admin-bar.min.css?ver=6.5.3 HTTP/1.1" 200 23894 "https://tuerk.inglory.de/?elementor-preview=7&ver=1715609448" "Serf/1.3.9 (mod_pagespeed/1.13.35.2-0)"
94.130.90.54 - - [13/May/2024:16:10:50 +0200] "GET /wp-content/plugins/pro-elements/assets/css/modules/notes/frontend.min.css?ver=3.21.0 HTTP/1.1" 200 4724 "https://tuerk.inglory.de/?elementor-preview=7&ver=1715609448" "Serf/1.3.9 (mod_pagespeed/1.13.35.2-0)"
94.130.90.54 - - [13/May/2024:16:10:50 +0200] "GET /wp-content/plugins/contact-form-7/includes/css/styles.css?ver=5.9.3 HTTP/1.1" 304 3388 "https://tuerk.inglory.de/?elementor-preview=7&ver=1715609448" "Serf/1.3.9 (mod_pagespeed/1.13.35.2-0)"
94.130.90.54 - - [13/May/2024:16:10:50 +0200] "GET /wp-content/plugins/hub-core/extras/redux-framework/redux-core/assets/css/extendify-utilities.css?ver=4.4.12.2 HTTP/1.1" 200 57068 "https://tuerk.inglory.de/?elementor-preview=7&ver=1715609448" "Serf/1.3.9 (mod_pagespeed/1.13.35.2-0)"
89.244.92.53 - - [13/May/2024:16:10:49 +0200] "GET /?elementor-preview=7&ver=1715609448 HTTP/1.0" 200 24590 "https://tuerk.inglory.de/wp-admin/post.php?post=7&action=elementor" "Mozilla/5.0 (Macintosh; Intel Mac OS X 10_15_7) AppleWebKit/537.36 (KHTML, like Gecko) Chrome/124.0.0.0 Safari/537.36"
94.130.90.54 - - [13/May/2024:16:10:50 +0200] "GET /wp-content/themes/hub/assets/vendors/bootstrap/css/bootstrap.min.css HTTP/1.1" 200 55790 "https://tuerk.inglory.de/?elementor-preview=7&ver=1715609448" "Serf/1.3.9 (mod_pagespeed/1.13.35.2-0)"
94.130.90.54 - - [13/May/2024:16:10:50 +0200] "GET /wp-content/themes/hub/style.css HTTP/1.1" 200 7196 "https://tuerk.inglory.de/?elementor-preview=7&ver=1715609448" "Serf/1.3.9 (mod_pagespeed/1.13.35.2-0)"
94.130.90.54 - - [13/May/2024:16:10:50 +0200] "GET /wp-content/themes/hub/assets/css/elements/base/typography.css HTTP/1.1" 200 3900 "https://tuerk.inglory.de/?elementor-preview=7&ver=1715609448" "Serf/1.3.9 (mod_pagespeed/1.13.35.2-0)"
94.130.90.54 - - [13/May/2024:16:10:50 +0200] "GET /wp-content/plugins/hub-elementor-addons/assets/css/theme-elementor.min.css?ver=4.3 HTTP/1.1" 304 3390 "https://tuerk.inglory.de/?elementor-preview=7&ver=1715609448" "Serf/1.3.9 (mod_pagespeed/1.13.35.2-0)"
94.130.90.54 - - [13/May/2024:16:10:50 +0200] "GET /wp-content/plugins/hub-elementor-addons/assets/css/liquid-elementor-iframe.css?ver=4.3 HTTP/1.1" 200 26857 "https://tuerk.inglory.de/?elementor-preview=7&ver=1715609448" "Serf/1.3.9 (mod_pagespeed/1.13.35.2-0)"
94.130.90.54 - - [13/May/2024:16:10:50 +0200] "GET /wp-content/plugins/elementor/assets/lib/swiper/v8/css/swiper.min.css?ver=8.4.5 HTTP/1.1" 200 20046 "https://tuerk.inglory.de/?elementor-preview=7&ver=1715609448" "Serf/1.3.9 (mod_pagespeed/1.13.35.2-0)"
94.130.90.54 - - [13/May/2024:16:10:50 +0200] "GET /wp-content/plugins/elementor/assets/lib/font-awesome/css/fontawesome.min.css?ver=5.15.3 HTTP/1.1" 200 61704 "https://tuerk.inglory.de/?elementor-preview=7&ver=1715609448" "Serf/1.3.9 (mod_pagespeed/1.13.35.2-0)"
94.130.90.54 - - [13/May/2024:16:10:50 +0200] "GET /wp-content/plugins/elementor/assets/lib/font-awesome/css/solid.min.css?ver=5.15.3 HTTP/1.1" 200 4183 "https://tuerk.inglory.de/?elementor-preview=7&ver=1715609448" "Serf/1.3.9 (mod_pagespeed/1.13.35.2-0)"
94.130.90.54 - - [13/May/2024:16:10:50 +0200] "GET /wp-content/plugins/elementor/assets/lib/font-awesome/css/brands.min.css?ver=5.15.3 HTTP/1.1" 200 4189 "https://tuerk.inglory.de/?elementor-preview=7&ver=1715609448" "Serf/1.3.9 (mod_pagespeed/1.13.35.2-0)"
94.130.90.54 - - [13/May/2024:16:10:50 +0200] "GET /wp-content/themes/hub/assets/vendors/jqury.mb.YTPlayer/jquery.mb.YTPlayer-min.css HTTP/1.1" 200 7318 "https://tuerk.inglory.de/?elementor-preview=7&ver=1715609448" "Serf/1.3.9 (mod_pagespeed/1.13.35.2-0)"
94.130.90.54 - - [13/May/2024:16:10:50 +0200] "GET /wp-content/plugins/hub-elementor-addons/assets/css/widgets/liquid-events-table.min.css?ver=4.3 HTTP/1.1" 200 12612 "https://tuerk.inglory.de/?elementor-preview=7&ver=1715609448" "Serf/1.3.9 (mod_pagespeed/1.13.35.2-0)"
94.130.90.54 - - [13/May/2024:16:10:50 +0200] "GET /wp-content/plugins/elementor/assets/lib/e-gallery/css/e-gallery.min.css?ver=1.2.0 HTTP/1.1" 200 6847 "https://tuerk.inglory.de/?elementor-preview=7&ver=1715609448" "Serf/1.3.9 (mod_pagespeed/1.13.35.2-0)"
94.130.90.54 - - [13/May/2024:16:10:50 +0200] "GET /wp-content/plugins/elementor/assets/lib/font-awesome/css/regular.min.css?ver=5.15.3 HTTP/1.1" 200 4191 "https://tuerk.inglory.de/?elementor-preview=7&ver=1715609448" "Serf/1.3.9 (mod_pagespeed/1.13.35.2-0)"
94.130.90.54 - - [13/May/2024:16:10:50 +0200] "GET /wp-content/plugins/pro-elements/assets/css/modules/code-highlight.min.css?ver=1.23.0 HTTP/1.1" 200 23099 "https://tuerk.inglory.de/?elementor-preview=7&ver=1715609448" "Serf/1.3.9 (mod_pagespeed/1.13.35.2-0)"
89.244.92.53 - - [13/May/2024:16:10:50 +0200] "GET /wp-content/plugins/elementor/assets/lib/eicons/css/elementor-icons.min.css?ver=5.29.0 HTTP/1.0" 304 663 "https://tuerk.inglory.de/?elementor-preview=7&ver=1715609448" "Mozilla/5.0 (Macintosh; Intel Mac OS X 10_15_7) AppleWebKit/537.36 (KHTML, like Gecko) Chrome/124.0.0.0 Safari/537.36"
94.130.90.54 - - [13/May/2024:16:10:50 +0200] "GET /wp-content/plugins/pro-elements/assets/css/preview.min.css?ver=3.21.0 HTTP/1.1" 200 11443 "https://tuerk.inglory.de/?elementor-preview=7&ver=1715609448" "Serf/1.3.9 (mod_pagespeed/1.13.35.2-0)"
94.130.90.54 - - [13/May/2024:16:10:50 +0200] "GET /wp-content/plugins/elementor/assets/css/modules/ai/layout-preview.min.css?ver=3.21.4 HTTP/1.1" 200 7647 "https://tuerk.inglory.de/?elementor-preview=7&ver=1715609448" "Serf/1.3.9 (mod_pagespeed/1.13.35.2-0)"
89.244.92.53 - - [13/May/2024:16:10:50 +0200] "GET /wp-includes/css/A.admin-bar.min.css,qver=6.5.3.pagespeed.cf.4XucbdnnzG.css HTTP/1.0" 200 4757 "https://tuerk.inglory.de/?elementor-preview=7&ver=1715609448" "Mozilla/5.0 (Macintosh; Intel Mac OS X 10_15_7) AppleWebKit/537.36 (KHTML, like Gecko) Chrome/124.0.0.0 Safari/537.36"
94.130.90.54 - - [13/May/2024:16:10:50 +0200] "GET /wp-content/plugins/elementor/assets/css/modules/styleguide/styleguide.min.css?ver=3.21.4 HTTP/1.1" 200 4258 "https://tuerk.inglory.de/?elementor-preview=7&ver=1715609448" "Serf/1.3.9 (mod_pagespeed/1.13.35.2-0)"
94.130.90.54 - - [13/May/2024:16:10:50 +0200] "GET /wp-content/plugins/elementor/assets/lib/flatpickr/flatpickr.min.css?ver=4.1.4 HTTP/1.1" 200 20797 "https://tuerk.inglory.de/?elementor-preview=7&ver=1715609448" "Serf/1.3.9 (mod_pagespeed/1.13.35.2-0)"
94.130.90.54 - - [13/May/2024:16:10:50 +0200] "GET /wp-content/themes/hub/assets/vendors/liquid-icon/lqd-essentials/lqd-essentials.min.css HTTP/1.1" 200 6846 "https://tuerk.inglory.de/?elementor-preview=7&ver=1715609448" "Serf/1.3.9 (mod_pagespeed/1.13.35.2-0)"
94.130.90.54 - - [13/May/2024:16:10:50 +0200] "GET /wp-content/plugins/elementor/assets/lib/animations/animations.min.css?ver=3.21.4 HTTP/1.1" 200 22043 "https://tuerk.inglory.de/?elementor-preview=7&ver=1715609448" "Serf/1.3.9 (mod_pagespeed/1.13.35.2-0)"
94.130.90.54 - - [13/May/2024:16:10:50 +0200] "GET /wp-content/themes/hub/assets/vendors/fresco/js/fresco.js HTTP/1.1" 200 77939 "https://tuerk.inglory.de/?elementor-preview=7&ver=1715609448" "Serf/1.3.9 (mod_pagespeed/1.13.35.2-0)"
94.130.90.54 - - [13/May/2024:16:10:50 +0200] "GET /wp-content/themes/hub/assets/vendors/lity/lity.min.js HTTP/1.1" 200 8758 "https://tuerk.inglory.de/?elementor-preview=7&ver=1715609448" "Serf/1.3.9 (mod_pagespeed/1.13.35.2-0)"
94.130.90.54 - - [13/May/2024:16:10:50 +0200] "GET /wp-content/themes/hub/assets/vendors/gsap/minified/ScrollTrigger.min.js HTTP/1.1" 200 39402 "https://tuerk.inglory.de/?elementor-preview=7&ver=1715609448" "Serf/1.3.9 (mod_pagespeed/1.13.35.2-0)"
89.244.92.53 - - [13/May/2024:16:10:50 +0200] "GET /wp-content/plugins/contact-form-7/includes/css/styles.css?ver=5.9.3 HTTP/1.0" 304 690 "https://tuerk.inglory.de/?elementor-preview=7&ver=1715609448" "Mozilla/5.0 (Macintosh; Intel Mac OS X 10_15_7) AppleWebKit/537.36 (KHTML, like Gecko) Chrome/124.0.0.0 Safari/537.36"
94.130.90.54 - - [13/May/2024:16:10:50 +0200] "GET /wp-content/themes/hub/assets/vendors/fontfaceobserver.js HTTP/1.1" 200 9443 "https://tuerk.inglory.de/?elementor-preview=7&ver=1715609448" "Serf/1.3.9 (mod_pagespeed/1.13.35.2-0)"
94.130.90.54 - - [13/May/2024:16:10:50 +0200] "GET /wp-content/themes/hub/assets/vendors/intersection-observer.js HTTP/1.1" 200 10943 "https://tuerk.inglory.de/?elementor-preview=7&ver=1715609448" "Serf/1.3.9 (mod_pagespeed/1.13.35.2-0)"
89.244.92.53 - - [13/May/2024:16:10:50 +0200] "GET /wp-content/plugins/hub-core/extras/redux-framework/redux-core/assets/css/extendify-utilities.css?ver=4.4.12.2 HTTP/1.0" 304 691 "https://tuerk.inglory.de/?elementor-preview=7&ver=1715609448" "Mozilla/5.0 (Macintosh; Intel Mac OS X 10_15_7) AppleWebKit/537.36 (KHTML, like Gecko) Chrome/124.0.0.0 Safari/537.36"
94.130.90.54 - - [13/May/2024:16:10:50 +0200] "GET /wp-content/themes/hub/assets/vendors/lazyload.min.js HTTP/1.1" 200 12375 "https://tuerk.inglory.de/?elementor-preview=7&ver=1715609448" "Serf/1.3.9 (mod_pagespeed/1.13.35.2-0)"
94.130.90.54 - - [13/May/2024:16:10:50 +0200] "GET /wp-content/themes/hub/assets/vendors/tinycolor-min.js HTTP/1.1" 200 18343 "https://tuerk.inglory.de/?elementor-preview=7&ver=1715609448" "Serf/1.3.9 (mod_pagespeed/1.13.35.2-0)"
94.130.90.54 - - [13/May/2024:16:10:50 +0200] "GET /wp-content/themes/hub/assets/vendors/gsap/utils/SplitText.min.js HTTP/1.1" 200 19069 "https://tuerk.inglory.de/?elementor-preview=7&ver=1715609448" "Serf/1.3.9 (mod_pagespeed/1.13.35.2-0)"
94.130.90.54 - - [13/May/2024:16:10:50 +0200] "GET /wp-content/plugins/elementor/assets/js/frontend-modules.min.js?ver=3.21.4 HTTP/1.1" 304 3389 "https://tuerk.inglory.de/?elementor-preview=7&ver=1715609448" "Serf/1.3.9 (mod_pagespeed/1.13.35.2-0)"
94.130.90.54 - - [13/May/2024:16:10:50 +0200] "GET /wp-content/plugins/elementor/assets/lib/waypoints/waypoints.min.js?ver=4.0.2 HTTP/1.1" 200 15758 "https://tuerk.inglory.de/?elementor-preview=7&ver=1715609448" "Serf/1.3.9 (mod_pagespeed/1.13.35.2-0)"
89.244.92.53 - - [13/May/2024:16:10:50 +0200] "GET /wp-content/themes/hub/assets/vendors/bootstrap/css/bootstrap.min.css HTTP/1.0" 304 691 "https://tuerk.inglory.de/?elementor-preview=7&ver=1715609448" "Mozilla/5.0 (Macintosh; Intel Mac OS X 10_15_7) AppleWebKit/537.36 (KHTML, like Gecko) Chrome/124.0.0.0 Safari/537.36"
94.130.90.54 - - [13/May/2024:16:10:51 +0200] "GET /wp-content/plugins/hub-elementor-addons/assets/js/liquid-elementor-iframe.min.js?ver=4.3 HTTP/1.1" 200 67101 "https://tuerk.inglory.de/?elementor-preview=7&ver=1715609448" "Serf/1.3.9 (mod_pagespeed/1.13.35.2-0)"
94.130.90.54 - - [13/May/2024:16:10:51 +0200] "GET /wp-content/plugins/elementor/assets/lib/jquery-numerator/jquery-numerator.min.js?ver=0.2.1 HTTP/1.1" 200 5359 "https://tuerk.inglory.de/?elementor-preview=7&ver=1715609448" "Serf/1.3.9 (mod_pagespeed/1.13.35.2-0)"
89.244.92.53 - - [13/May/2024:16:10:51 +0200] "GET /wp-content/themes/hub/style.css HTTP/1.0" 304 690 "https://tuerk.inglory.de/?elementor-preview=7&ver=1715609448" "Mozilla/5.0 (Macintosh; Intel Mac OS X 10_15_7) AppleWebKit/537.36 (KHTML, like Gecko) Chrome/124.0.0.0 Safari/537.36"
94.130.90.54 - - [13/May/2024:16:10:51 +0200] "GET /wp-content/themes/hub/assets/js/animated-blob/liquidAnimatedBlob.min.js HTTP/1.1" 200 7281 "https://tuerk.inglory.de/?elementor-preview=7&ver=1715609448" "Serf/1.3.9 (mod_pagespeed/1.13.35.2-0)"
94.130.90.54 - - [13/May/2024:16:10:51 +0200] "GET /wp-content/themes/hub/assets/js/mailchimp-form.js HTTP/1.1" 200 4983 "https://tuerk.inglory.de/?elementor-preview=7&ver=1715609448" "Serf/1.3.9 (mod_pagespeed/1.13.35.2-0)"
94.130.90.54 - - [13/May/2024:16:10:51 +0200] "GET /wp-content/themes/hub/assets/vendors/particles.min.js HTTP/1.1" 200 26855 "https://tuerk.inglory.de/?elementor-preview=7&ver=1715609448" "Serf/1.3.9 (mod_pagespeed/1.13.35.2-0)"
94.130.90.54 - - [13/May/2024:16:10:51 +0200] "GET /wp-content/themes/hub/assets/vendors/circle-progress.min.js HTTP/1.1" 200 8004 "https://tuerk.inglory.de/?elementor-preview=7&ver=1715609448" "Serf/1.3.9 (mod_pagespeed/1.13.35.2-0)"
94.130.90.54 - - [13/May/2024:16:10:51 +0200] "GET /wp-content/themes/hub/assets/js/section-flow/liquidSectionFlow.min.js?ver=4.3 HTTP/1.1" 200 5672 "https://tuerk.inglory.de/?elementor-preview=7&ver=1715609448" "Serf/1.3.9 (mod_pagespeed/1.13.35.2-0)"
89.244.92.53 - - [13/May/2024:16:10:51 +0200] "GET /wp-content/themes/hub/assets/css/elements/base/typography.css HTTP/1.0" 304 690 "https://tuerk.inglory.de/?elementor-preview=7&ver=1715609448" "Mozilla/5.0 (Macintosh; Intel Mac OS X 10_15_7) AppleWebKit/537.36 (KHTML, like Gecko) Chrome/124.0.0.0 Safari/537.36"
94.130.90.54 - - [13/May/2024:16:10:51 +0200] "GET /wp-content/plugins/hub-elementor-addons/assets/js/widgets/liquidEventsTable-vendors.min.js?ver=4.3 HTTP/1.1" 200 62477 "https://tuerk.inglory.de/?elementor-preview=7&ver=1715609448" "Serf/1.3.9 (mod_pagespeed/1.13.35.2-0)"
94.130.90.54 - - [13/May/2024:16:10:51 +0200] "GET /wp-content/themes/hub/assets/vendors/matter/matter.min.js?ver=4.3 HTTP/1.1" 200 83213 "https://tuerk.inglory.de/?elementor-preview=7&ver=1715609448" "Serf/1.3.9 (mod_pagespeed/1.13.35.2-0)"
94.130.90.54 - - [13/May/2024:16:10:51 +0200] "GET /wp-content/themes/hub/assets/js/throwable/liquidThrowable.min.js?ver=4.3 HTTP/1.1" 200 9145 "https://tuerk.inglory.de/?elementor-preview=7&ver=1715609448" "Serf/1.3.9 (mod_pagespeed/1.13.35.2-0)"
94.130.90.54 - - [13/May/2024:16:10:51 +0200] "GET /wp-content/themes/hub/assets/js/liquid-mouse-pos/liquid-mouse-pos.min.js HTTP/1.1" 200 5015 "https://tuerk.inglory.de/?elementor-preview=7&ver=1715609448" "Serf/1.3.9 (mod_pagespeed/1.13.35.2-0)"
89.244.92.53 - - [13/May/2024:16:10:51 +0200] "GET /wp-content/uploads/elementor/css/custom-frontend.min.css?ver=1715609450 HTTP/1.0" 200 21351 "https://tuerk.inglory.de/?elementor-preview=7&ver=1715609448" "Mozilla/5.0 (Macintosh; Intel Mac OS X 10_15_7) AppleWebKit/537.36 (KHTML, like Gecko) Chrome/124.0.0.0 Safari/537.36"
94.130.90.54 - - [13/May/2024:16:10:51 +0200] "GET /wp-content/plugins/elementor/assets/lib/e-gallery/js/e-gallery.min.js?ver=1.2.0 HTTP/1.1" 304 3389 "https://tuerk.inglory.de/?elementor-preview=7&ver=1715609448" "Serf/1.3.9 (mod_pagespeed/1.13.35.2-0)"
89.244.92.53 - - [13/May/2024:16:10:51 +0200] "GET /wp-content/plugins/hub-elementor-addons/assets/css/theme-elementor.min.css?ver=4.3 HTTP/1.0" 304 692 "https://tuerk.inglory.de/?elementor-preview=7&ver=1715609448" "Mozilla/5.0 (Macintosh; Intel Mac OS X 10_15_7) AppleWebKit/537.36 (KHTML, like Gecko) Chrome/124.0.0.0 Safari/537.36"
94.130.90.54 - - [13/May/2024:16:10:51 +0200] "GET /wp-content/plugins/pro-elements/assets/lib/smartmenus/jquery.smartmenus.min.js?ver=1.2.1 HTTP/1.1" 200 27698 "https://tuerk.inglory.de/?elementor-preview=7&ver=1715609448" "Serf/1.3.9 (mod_pagespeed/1.13.35.2-0)"
94.130.90.54 - - [13/May/2024:16:10:51 +0200] "GET /wp-content/plugins/elementor/assets/lib/inline-editor/js/inline-editor.min.js?ver=3.21.4 HTTP/1.1" 200 21244 "https://tuerk.inglory.de/?elementor-preview=7&ver=1715609448" "Serf/1.3.9 (mod_pagespeed/1.13.35.2-0)"
94.130.90.54 - - [13/May/2024:16:10:51 +0200] "GET /wp-content/plugins/pro-elements/assets/js/preview.min.js?ver=3.21.0 HTTP/1.1" 200 21044 "https://tuerk.inglory.de/?elementor-preview=7&ver=1715609448" "Serf/1.3.9 (mod_pagespeed/1.13.35.2-0)"
94.130.90.54 - - [13/May/2024:16:10:51 +0200] "GET /wp-content/themes/hub/favicon.png HTTP/1.1" 200 3963 "https://tuerk.inglory.de/?elementor-preview=7&ver=1715609448" "Serf/1.3.9 (mod_pagespeed/1.13.35.2-0)"
94.130.90.54 - - [13/May/2024:16:10:51 +0200] "GET /wp-content/uploads/logo.jpg HTTP/1.1" 200 5649 "https://tuerk.inglory.de/?elementor-preview=7&ver=1715609448" "Serf/1.3.9 (mod_pagespeed/1.13.35.2-0)"
94.130.90.54 - - [13/May/2024:16:10:51 +0200] "GET /wp-content/plugins/pro-elements/assets//lib/instant-page/instant-page.min.js?ver=3.21.0 HTTP/1.1" 200 6417 "https://tuerk.inglory.de/?elementor-preview=7&ver=1715609448" "Serf/1.3.9 (mod_pagespeed/1.13.35.2-0)"
94.130.90.54 - - [13/May/2024:16:10:51 +0200] "GET /wp-content/plugins/pro-elements/assets/js/page-transitions.min.js?ver=3.21.0 HTTP/1.1" 200 20798 "https://tuerk.inglory.de/?elementor-preview=7&ver=1715609448" "Serf/1.3.9 (mod_pagespeed/1.13.35.2-0)"
94.130.90.54 - - [13/May/2024:16:10:51 +0200] "GET /wp-includes/js/dist/vendor/react.min.js?ver=18.2.0 HTTP/1.1" 200 14169 "https://tuerk.inglory.de/?elementor-preview=7&ver=1715609448" "Serf/1.3.9 (mod_pagespeed/1.13.35.2-0)"
89.244.92.53 - - [13/May/2024:16:10:51 +0200] "GET /wp-content/plugins/hub-elementor-addons/assets/css/liquid-elementor-iframe.css?ver=4.3 HTTP/1.0" 304 691 "https://tuerk.inglory.de/?elementor-preview=7&ver=1715609448" "Mozilla/5.0 (Macintosh; Intel Mac OS X 10_15_7) AppleWebKit/537.36 (KHTML, like Gecko) Chrome/124.0.0.0 Safari/537.36"
94.130.90.54 - - [13/May/2024:16:10:51 +0200] "GET /wp-includes/js/dist/vendor/react-dom.min.js?ver=18.2.0 HTTP/1.1" 200 133162 "https://tuerk.inglory.de/?elementor-preview=7&ver=1715609448" "Serf/1.3.9 (mod_pagespeed/1.13.35.2-0)"
89.244.92.53 - - [13/May/2024:16:10:51 +0200] "GET /wp-content/plugins/elementor/assets/lib/swiper/v8/css/swiper.min.css?ver=8.4.5 HTTP/1.0" 304 691 "https://tuerk.inglory.de/?elementor-preview=7&ver=1715609448" "Mozilla/5.0 (Macintosh; Intel Mac OS X 10_15_7) AppleWebKit/537.36 (KHTML, like Gecko) Chrome/124.0.0.0 Safari/537.36"
94.130.90.54 - - [13/May/2024:16:10:51 +0200] "GET /wp-content/plugins/elementor/assets/js/styleguide-app-initiator.min.js?ver=3.21.4 HTTP/1.1" 200 18751 "https://tuerk.inglory.de/?elementor-preview=7&ver=1715609448" "Serf/1.3.9 (mod_pagespeed/1.13.35.2-0)"
94.130.90.54 - - [13/May/2024:16:10:51 +0200] "GET /wp-content/plugins/pro-elements/assets/js/notes/notes-app-initiator.min.js?ver=3.21.0 HTTP/1.1" 200 7039 "https://tuerk.inglory.de/?elementor-preview=7&ver=1715609448" "Serf/1.3.9 (mod_pagespeed/1.13.35.2-0)"
94.130.90.54 - - [13/May/2024:16:10:51 +0200] "GET /wp-content/plugins/contact-form-7/includes/swv/js/index.js?ver=5.9.3 HTTP/1.1" 200 15073 "https://tuerk.inglory.de/?elementor-preview=7&ver=1715609448" "Serf/1.3.9 (mod_pagespeed/1.13.35.2-0)"
94.130.90.54 - - [13/May/2024:16:10:51 +0200] "GET /wp-content/themes/hub/assets/js/theme.min.js HTTP/1.1" 304 3390 "https://tuerk.inglory.de/?elementor-preview=7&ver=1715609448" "Serf/1.3.9 (mod_pagespeed/1.13.35.2-0)"
94.130.90.54 - - [13/May/2024:16:10:51 +0200] "GET /wp-content/themes/hub/assets/vendors/jqury.mb.YTPlayer/jquery.mb.YTPlayer.min.js HTTP/1.1" 200 62307 "https://tuerk.inglory.de/?elementor-preview=7&ver=1715609448" "Serf/1.3.9 (mod_pagespeed/1.13.35.2-0)"
89.244.92.53 - - [13/May/2024:16:10:51 +0200] "GET /wp-content/plugins/elementor/assets/lib/font-awesome/css/fontawesome.min.css?ver=5.15.3 HTTP/1.0" 304 691 "https://tuerk.inglory.de/?elementor-preview=7&ver=1715609448" "Mozilla/5.0 (Macintosh; Intel Mac OS X 10_15_7) AppleWebKit/537.36 (KHTML, like Gecko) Chrome/124.0.0.0 Safari/537.36"
94.130.90.54 - - [13/May/2024:16:10:51 +0200] "GET /wp-content/themes/hub/assets/vendors/gsap/utils/CustomEase.min.js HTTP/1.1" 200 10744 "https://tuerk.inglory.de/?elementor-preview=7&ver=1715609448" "Serf/1.3.9 (mod_pagespeed/1.13.35.2-0)"
94.130.90.54 - - [13/May/2024:16:10:51 +0200] "GET /wp-content/themes/hub/assets/vendors/isotope/isotope.pkgd.min.js HTTP/1.1" 200 40735 "https://tuerk.inglory.de/?elementor-preview=7&ver=1715609448" "Serf/1.3.9 (mod_pagespeed/1.13.35.2-0)"
94.130.90.54 - - [13/May/2024:16:10:51 +0200] "GET /wp-content/themes/hub/assets/vendors/isotope/packery-mode.pkgd.min.js HTTP/1.1" 200 17185 "https://tuerk.inglory.de/?elementor-preview=7&ver=1715609448" "Serf/1.3.9 (mod_pagespeed/1.13.35.2-0)"
94.130.90.54 - - [13/May/2024:16:10:51 +0200] "GET /wp-content/themes/hub/assets/vendors/flickity/flickity.pkgd.min.js HTTP/1.1" 200 61760 "https://tuerk.inglory.de/?elementor-preview=7&ver=1715609448" "Serf/1.3.9 (mod_pagespeed/1.13.35.2-0)"
94.130.90.54 - - [13/May/2024:16:10:51 +0200] "GET /wp-content/themes/hub/assets/vendors/draggabilly.pkgd.min.js HTTP/1.1" 200 18433 "https://tuerk.inglory.de/?elementor-preview=7&ver=1715609448" "Serf/1.3.9 (mod_pagespeed/1.13.35.2-0)"
89.244.92.53 - - [13/May/2024:16:10:51 +0200] "GET /wp-content/plugins/elementor/assets/lib/font-awesome/css/solid.min.css?ver=5.15.3 HTTP/1.0" 304 690 "https://tuerk.inglory.de/?elementor-preview=7&ver=1715609448" "Mozilla/5.0 (Macintosh; Intel Mac OS X 10_15_7) AppleWebKit/537.36 (KHTML, like Gecko) Chrome/124.0.0.0 Safari/537.36"
94.130.90.54 - - [13/May/2024:16:10:51 +0200] "GET /wp-content/themes/hub/assets/vendors/flickity/flickity-fade.min.js HTTP/1.1" 200 7093 "https://tuerk.inglory.de/?elementor-preview=7&ver=1715609448" "Serf/1.3.9 (mod_pagespeed/1.13.35.2-0)"
94.130.90.54 - - [13/May/2024:16:10:51 +0200] "GET /wp-content/themes/hub/assets/vendors/countdown/jquery.plugin.min.js HTTP/1.1" 200 6908 "https://tuerk.inglory.de/?elementor-preview=7&ver=1715609448" "Serf/1.3.9 (mod_pagespeed/1.13.35.2-0)"
94.130.90.54 - - [13/May/2024:16:10:51 +0200] "GET /wp-content/themes/hub/assets/vendors/countdown/jquery.countdown.min.js HTTP/1.1" 200 17166 "https://tuerk.inglory.de/?elementor-preview=7&ver=1715609448" "Serf/1.3.9 (mod_pagespeed/1.13.35.2-0)"
94.130.90.54 - - [13/May/2024:16:10:51 +0200] "GET /wp-content/themes/hub/assets/vendors/gsap/minified/DrawSVGPlugin.min.js HTTP/1.1" 200 7747 "https://tuerk.inglory.de/?elementor-preview=7&ver=1715609448" "Serf/1.3.9 (mod_pagespeed/1.13.35.2-0)"
94.130.90.54 - - [13/May/2024:16:10:51 +0200] "GET /wp-content/themes/hub/assets/js/draw-shape/liquidDrawShape.min.js HTTP/1.1" 200 4561 "https://tuerk.inglory.de/?elementor-preview=7&ver=1715609448" "Serf/1.3.9 (mod_pagespeed/1.13.35.2-0)"
89.244.92.53 - - [13/May/2024:16:10:51 +0200] "GET /wp-content/uploads/elementor/css/custom-pro-frontend.min.css?ver=1715609450 HTTP/1.0" 200 44059 "https://tuerk.inglory.de/?elementor-preview=7&ver=1715609448" "Mozilla/5.0 (Macintosh; Intel Mac OS X 10_15_7) AppleWebKit/537.36 (KHTML, like Gecko) Chrome/124.0.0.0 Safari/537.36"
94.130.90.54 - - [13/May/2024:16:10:51 +0200] "GET /wp-content/themes/hub/assets/vendors/vivus.min.js HTTP/1.1" 200 15582 "https://tuerk.inglory.de/?elementor-preview=7&ver=1715609448" "Serf/1.3.9 (mod_pagespeed/1.13.35.2-0)"
94.130.90.54 - - [13/May/2024:16:10:51 +0200] "GET /wp-content/plugins/pro-elements/assets/lib/lottie/lottie.min.js?ver=5.6.6 HTTP/1.1" 200 256585 "https://tuerk.inglory.de/?elementor-preview=7&ver=1715609448" "Serf/1.3.9 (mod_pagespeed/1.13.35.2-0)"
89.244.92.53 - - [13/May/2024:16:10:51 +0200] "GET /wp-content/plugins/elementor/assets/lib/font-awesome/css/brands.min.css?ver=5.15.3 HTTP/1.0" 304 690 "https://tuerk.inglory.de/?elementor-preview=7&ver=1715609448" "Mozilla/5.0 (Macintosh; Intel Mac OS X 10_15_7) AppleWebKit/537.36 (KHTML, like Gecko) Chrome/124.0.0.0 Safari/537.36"
94.130.90.54 - - [13/May/2024:16:10:51 +0200] "GET /wp-content/plugins/pro-elements/assets/js/frontend.min.js?ver=3.21.0 HTTP/1.1" 200 28654 "https://tuerk.inglory.de/?elementor-preview=7&ver=1715609448" "Serf/1.3.9 (mod_pagespeed/1.13.35.2-0)"
94.130.90.54 - - [13/May/2024:16:10:51 +0200] "GET /wp-content/plugins/pro-elements/assets/js/elements-handlers.min.js?ver=3.21.0 HTTP/1.1" 304 3389 "https://tuerk.inglory.de/?elementor-preview=7&ver=1715609448" "Serf/1.3.9 (mod_pagespeed/1.13.35.2-0)"
94.130.90.54 - - [13/May/2024:16:10:51 +0200] "GET /wp-content/plugins/pro-elements/assets/lib/sticky/jquery.sticky.min.js?ver=3.21.0 HTTP/1.1" 200 7279 "https://tuerk.inglory.de/?elementor-preview=7&ver=1715609448" "Serf/1.3.9 (mod_pagespeed/1.13.35.2-0)"
94.130.90.54 - - [13/May/2024:16:10:51 +0200] "GET /wp-content/plugins/elementor/assets/js/elementor-admin-bar.min.js?ver=3.21.4 HTTP/1.1" 200 11091 "https://tuerk.inglory.de/?elementor-preview=7&ver=1715609448" "Serf/1.3.9 (mod_pagespeed/1.13.35.2-0)"
89.244.92.53 - - [13/May/2024:16:10:51 +0200] "GET /wp-content/themes/hub/assets/vendors/fresco/css/fresco.css HTTP/1.0" 304 691 "https://tuerk.inglory.de/?elementor-preview=7&ver=1715609448" "Mozilla/5.0 (Macintosh; Intel Mac OS X 10_15_7) AppleWebKit/537.36 (KHTML, like Gecko) Chrome/124.0.0.0 Safari/537.36"
94.130.90.54 - - [13/May/2024:16:10:51 +0200] "GET /wp-includes/js/hoverintent-js.min.js?ver=2.2.1 HTTP/1.1" 200 5247 "https://tuerk.inglory.de/?elementor-preview=7&ver=1715609448" "Serf/1.3.9 (mod_pagespeed/1.13.35.2-0)"
94.130.90.54 - - [13/May/2024:16:10:51 +0200] "GET /wp-content/uploads/elementor/css/custom-frontend.min.css?ver=1715609450 HTTP/1.1" 200 177653 "https://tuerk.inglory.de/?elementor-preview=7&ver=1715609448" "Serf/1.3.9 (mod_pagespeed/1.13.35.2-0)"
89.244.92.53 - - [13/May/2024:16:10:51 +0200] "GET /wp-content/themes/hub/assets/vendors/jqury.mb.YTPlayer/jquery.mb.YTPlayer-min.css HTTP/1.0" 304 690 "https://tuerk.inglory.de/?elementor-preview=7&ver=1715609448" "Mozilla/5.0 (Macintosh; Intel Mac OS X 10_15_7) AppleWebKit/537.36 (KHTML, like Gecko) Chrome/124.0.0.0 Safari/537.36"
94.130.90.54 - - [13/May/2024:16:10:51 +0200] "GET /wp-content/uploads/elementor/css/custom-pro-frontend.min.css?ver=1715609450 HTTP/1.1" 200 460227 "https://tuerk.inglory.de/?elementor-preview=7&ver=1715609448" "Serf/1.3.9 (mod_pagespeed/1.13.35.2-0)"
89.244.92.53 - - [13/May/2024:16:10:51 +0200] "GET /wp-content/plugins/hub-elementor-addons/assets/css/widgets/liquid-events-table.min.css?ver=4.3 HTTP/1.0" 304 691 "https://tuerk.inglory.de/?elementor-preview=7&ver=1715609448" "Mozilla/5.0 (Macintosh; Intel Mac OS X 10_15_7) AppleWebKit/537.36 (KHTML, like Gecko) Chrome/124.0.0.0 Safari/537.36"
89.244.92.53 - - [13/May/2024:16:10:51 +0200] "GET /wp-content/plugins/elementor/assets/lib/e-gallery/css/e-gallery.min.css?ver=1.2.0 HTTP/1.0" 304 690 "https://tuerk.inglory.de/?elementor-preview=7&ver=1715609448" "Mozilla/5.0 (Macintosh; Intel Mac OS X 10_15_7) AppleWebKit/537.36 (KHTML, like Gecko) Chrome/124.0.0.0 Safari/537.36"
94.130.90.54 - - [13/May/2024:16:10:51 +0200] "GET /wp-content/themes/hub/assets/vendors/fresco/css/fresco.css HTTP/1.1" 200 40487 "https://tuerk.inglory.de/?elementor-preview=7&ver=1715609448" "Serf/1.3.9 (mod_pagespeed/1.13.35.2-0)"
94.130.90.54 - - [13/May/2024:16:10:51 +0200] "GET /wp-content/plugins/elementor/assets/css/editor-preview.min.css?ver=3.21.4 HTTP/1.1" 200 134596 "https://tuerk.inglory.de/?elementor-preview=7&ver=1715609448" "Serf/1.3.9 (mod_pagespeed/1.13.35.2-0)"
89.244.92.53 - - [13/May/2024:16:10:51 +0200] "GET /wp-content/plugins/elementor/assets/lib/font-awesome/css/regular.min.css?ver=5.15.3 HTTP/1.0" 304 690 "https://tuerk.inglory.de/?elementor-preview=7&ver=1715609448" "Mozilla/5.0 (Macintosh; Intel Mac OS X 10_15_7) AppleWebKit/537.36 (KHTML, like Gecko) Chrome/124.0.0.0 Safari/537.36"
94.130.90.54 - - [13/May/2024:16:10:51 +0200] "GET /wp-includes/js/mediaelement/mediaelementplayer-legacy.min.css?ver=4.2.17 HTTP/1.1" 200 14802 "https://tuerk.inglory.de/?elementor-preview=7&ver=1715609448" "Serf/1.3.9 (mod_pagespeed/1.13.35.2-0)"
89.244.92.53 - - [13/May/2024:16:10:51 +0200] "GET /wp-content/plugins/pro-elements/assets/css/modules/code-highlight.min.css?ver=1.23.0 HTTP/1.0" 304 691 "https://tuerk.inglory.de/?elementor-preview=7&ver=1715609448" "Mozilla/5.0 (Macintosh; Intel Mac OS X 10_15_7) AppleWebKit/537.36 (KHTML, like Gecko) Chrome/124.0.0.0 Safari/537.36"
94.130.90.54 - - [13/May/2024:16:10:51 +0200] "GET /wp-content/plugins/contact-form-7/includes/js/index.js?ver=5.9.3 HTTP/1.1" 200 16614 "https://tuerk.inglory.de/?elementor-preview=7&ver=1715609448" "Serf/1.3.9 (mod_pagespeed/1.13.35.2-0)"
94.130.90.54 - - [13/May/2024:16:10:51 +0200] "GET /wp-content/themes/hub/assets/vendors/fastdom/fastdom.min.js HTTP/1.1" 200 5644 "https://tuerk.inglory.de/?elementor-preview=7&ver=1715609448" "Serf/1.3.9 (mod_pagespeed/1.13.35.2-0)"
94.130.90.54 - - [13/May/2024:16:10:51 +0200] "GET /wp-content/themes/hub/assets/vendors/bootstrap/js/bootstrap.min.js HTTP/1.1" 200 101162 "https://tuerk.inglory.de/?elementor-preview=7&ver=1715609448" "Serf/1.3.9 (mod_pagespeed/1.13.35.2-0)"
94.130.90.54 - - [13/May/2024:16:10:51 +0200] "GET /wp-includes/js/imagesloaded.min.js?ver=5.0.0 HTTP/1.1" 304 3389 "https://tuerk.inglory.de/?elementor-preview=7&ver=1715609448" "Serf/1.3.9 (mod_pagespeed/1.13.35.2-0)"
89.244.92.53 - - [13/May/2024:16:10:51 +0200] "GET /wp-content/plugins/elementor/assets/css/theme-light.min.css?ver=3.21.4 HTTP/1.0" 304 662 "https://tuerk.inglory.de/?elementor-preview=7&ver=1715609448" "Mozilla/5.0 (Macintosh; Intel Mac OS X 10_15_7) AppleWebKit/537.36 (KHTML, like Gecko) Chrome/124.0.0.0 Safari/537.36"
94.130.90.54 - - [13/May/2024:16:10:51 +0200] "GET /wp-content/themes/hub/assets/vendors/jquery-ui/jquery-ui.min.js HTTP/1.1" 304 3390 "https://tuerk.inglory.de/?elementor-preview=7&ver=1715609448" "Serf/1.3.9 (mod_pagespeed/1.13.35.2-0)"
94.130.90.54 - - [13/May/2024:16:10:51 +0200] "GET /wp-content/themes/hub/assets/vendors/gsap/minified/gsap.min.js HTTP/1.1" 304 3389 "https://tuerk.inglory.de/?elementor-preview=7&ver=1715609448" "Serf/1.3.9 (mod_pagespeed/1.13.35.2-0)"
89.244.92.53 - - [13/May/2024:16:10:51 +0200] "GET /wp-content/plugins/elementor/assets/css/editor-preview.min.css?ver=3.21.4 HTTP/1.0" 200 18070 "https://tuerk.inglory.de/?elementor-preview=7&ver=1715609448" "Mozilla/5.0 (Macintosh; Intel Mac OS X 10_15_7) AppleWebKit/537.36 (KHTML, like Gecko) Chrome/124.0.0.0 Safari/537.36"
94.130.90.54 - - [13/May/2024:16:10:51 +0200] "GET /wp-content/plugins/elementor/assets/js/webpack.runtime.min.js?ver=3.21.4 HTTP/1.1" 200 8556 "https://tuerk.inglory.de/?elementor-preview=7&ver=1715609448" "Serf/1.3.9 (mod_pagespeed/1.13.35.2-0)"
94.130.90.54 - - [13/May/2024:16:10:51 +0200] "GET /wp-includes/js/jquery/ui/core.min.js?ver=1.13.2 HTTP/1.1" 304 3389 "https://tuerk.inglory.de/?elementor-preview=7&ver=1715609448" "Serf/1.3.9 (mod_pagespeed/1.13.35.2-0)"
94.130.90.54 - - [13/May/2024:16:10:51 +0200] "GET /wp-content/plugins/elementor/assets/js/frontend.min.js?ver=3.21.4 HTTP/1.1" 304 3389 "https://tuerk.inglory.de/?elementor-preview=7&ver=1715609448" "Serf/1.3.9 (mod_pagespeed/1.13.35.2-0)"
94.130.90.54 - - [13/May/2024:16:10:51 +0200] "GET /wp-content/plugins/hub-elementor-addons/assets/js/widgets/liquidEventsTable.min.js?ver=4.3 HTTP/1.1" 200 11225 "https://tuerk.inglory.de/?elementor-preview=7&ver=1715609448" "Serf/1.3.9 (mod_pagespeed/1.13.35.2-0)"
94.130.90.54 - - [13/May/2024:16:10:51 +0200] "GET /wp-content/themes/hub/assets/vendors/t-js/t.min.js HTTP/1.1" 200 11915 "https://tuerk.inglory.de/?elementor-preview=7&ver=1715609448" "Serf/1.3.9 (mod_pagespeed/1.13.35.2-0)"
94.130.90.54 - - [13/May/2024:16:10:51 +0200] "GET /wp-content/themes/hub/assets/vendors/threejs/three.min.js HTTP/1.1" 200 602952 "https://tuerk.inglory.de/?elementor-preview=7&ver=1715609448" "Serf/1.3.9 (mod_pagespeed/1.13.35.2-0)"
89.244.92.53 - - [13/May/2024:16:10:51 +0200] "GET /wp-includes/js/mediaelement/wp-mediaelement.min.css,qver=6.5.3.pagespeed.ce.6pWCdrfeRU.css HTTP/1.0" 200 2066 "https://tuerk.inglory.de/?elementor-preview=7&ver=1715609448" "Mozilla/5.0 (Macintosh; Intel Mac OS X 10_15_7) AppleWebKit/537.36 (KHTML, like Gecko) Chrome/124.0.0.0 Safari/537.36"
89.244.92.53 - - [13/May/2024:16:10:51 +0200] "GET /wp-content/plugins/pro-elements/assets/css/preview.min.css?ver=3.21.0 HTTP/1.0" 304 691 "https://tuerk.inglory.de/?elementor-preview=7&ver=1715609448" "Mozilla/5.0 (Macintosh; Intel Mac OS X 10_15_7) AppleWebKit/537.36 (KHTML, like Gecko) Chrome/124.0.0.0 Safari/537.36"
89.244.92.53 - - [13/May/2024:16:10:51 +0200] "GET /wp-content/plugins/elementor/assets/css/modules/ai/layout-preview.min.css?ver=3.21.4 HTTP/1.0" 304 691 "https://tuerk.inglory.de/?elementor-preview=7&ver=1715609448" "Mozilla/5.0 (Macintosh; Intel Mac OS X 10_15_7) AppleWebKit/537.36 (KHTML, like Gecko) Chrome/124.0.0.0 Safari/537.36"
94.130.90.54 - - [13/May/2024:16:10:51 +0200] "GET /wp-content/plugins/elementor/assets/lib/flatpickr/flatpickr.min.js?ver=4.1.4 HTTP/1.1" 200 47202 "https://tuerk.inglory.de/?elementor-preview=7&ver=1715609448" "Serf/1.3.9 (mod_pagespeed/1.13.35.2-0)"
89.244.92.53 - - [13/May/2024:16:10:51 +0200] "GET /wp-content/plugins/elementor/assets/css/modules/styleguide/styleguide.min.css?ver=3.21.4 HTTP/1.0" 304 690 "https://tuerk.inglory.de/?elementor-preview=7&ver=1715609448" "Mozilla/5.0 (Macintosh; Intel Mac OS X 10_15_7) AppleWebKit/537.36 (KHTML, like Gecko) Chrome/124.0.0.0 Safari/537.36"
94.130.90.54 - - [13/May/2024:16:10:51 +0200] "GET /wp-content/plugins/pro-elements/assets/js/webpack-pro.runtime.min.js?ver=3.21.0 HTTP/1.1" 200 9383 "https://tuerk.inglory.de/?elementor-preview=7&ver=1715609448" "Serf/1.3.9 (mod_pagespeed/1.13.35.2-0)"
94.130.90.54 - - [13/May/2024:16:10:51 +0200] "GET /wp-content/themes/hub/assets/vendors/fresco/fresco-skins/sprite.png HTTP/1.1" 304 3389 "https://tuerk.inglory.de/?elementor-preview=7&ver=1715609448" "Serf/1.3.9 (mod_pagespeed/1.13.35.2-0)"
94.130.90.54 - - [13/May/2024:16:10:51 +0200] "GET /wp-content/themes/hub/assets/vendors/fresco/fresco-skins/sprite.svg HTTP/1.1" 200 152259 "https://tuerk.inglory.de/?elementor-preview=7&ver=1715609448" "Serf/1.3.9 (mod_pagespeed/1.13.35.2-0)"
94.130.90.54 - - [13/May/2024:16:10:51 +0200] "GET /wp-content/plugins/elementor/assets/images/blur.png HTTP/1.1" 200 15121 "https://tuerk.inglory.de/?elementor-preview=7&ver=1715609448" "Serf/1.3.9 (mod_pagespeed/1.13.35.2-0)"
89.244.92.53 - - [13/May/2024:16:10:51 +0200] "GET /wp-content/plugins/elementor/assets/lib/flatpickr/flatpickr.min.css?ver=4.1.4 HTTP/1.0" 304 691 "https://tuerk.inglory.de/?elementor-preview=7&ver=1715609448" "Mozilla/5.0 (Macintosh; Intel Mac OS X 10_15_7) AppleWebKit/537.36 (KHTML, like Gecko) Chrome/124.0.0.0 Safari/537.36"
94.130.90.54 - - [13/May/2024:16:10:51 +0200] "GET /wp-content/plugins/elementor/assets/images/contrast.png HTTP/1.1" 200 4711 "https://tuerk.inglory.de/?elementor-preview=7&ver=1715609448" "Serf/1.3.9 (mod_pagespeed/1.13.35.2-0)"
94.130.90.54 - - [13/May/2024:16:10:51 +0200] "GET /wp-content/plugins/elementor/assets/images/eyedropper.svg HTTP/1.1" 200 5300 "https://tuerk.inglory.de/?elementor-preview=7&ver=1715609448" "Serf/1.3.9 (mod_pagespeed/1.13.35.2-0)"
94.130.90.54 - - [13/May/2024:16:10:51 +0200] "GET /wp-includes/js/mediaelement/mejs-controls.svg HTTP/1.1" 200 8125 "https://tuerk.inglory.de/?elementor-preview=7&ver=1715609448" "Serf/1.3.9 (mod_pagespeed/1.13.35.2-0)"
94.130.90.54 - - [13/May/2024:16:10:51 +0200] "GET /wp-content/plugins/elementor/assets/images/blur.png HTTP/1.1" 200 15121 "https://tuerk.inglory.de/wp-content/plugins/elementor/assets/css/editor-preview.min.css?ver=3.21.4" "Serf/1.3.9 (mod_pagespeed/1.13.35.2-0)"
89.244.92.53 - - [13/May/2024:16:10:51 +0200] "GET /wp-content/plugins/pro-elements/assets/js/page-transitions.min.js?ver=3.21.0 HTTP/1.0" 304 691 "https://tuerk.inglory.de/?elementor-preview=7&ver=1715609448" "Mozilla/5.0 (Macintosh; Intel Mac OS X 10_15_7) AppleWebKit/537.36 (KHTML, like Gecko) Chrome/124.0.0.0 Safari/537.36"
94.130.90.54 - - [13/May/2024:16:10:51 +0200] "GET /wp-content/plugins/elementor/assets/images/contrast.png HTTP/1.1" 200 4711 "https://tuerk.inglory.de/wp-content/plugins/elementor/assets/css/editor-preview.min.css?ver=3.21.4" "Serf/1.3.9 (mod_pagespeed/1.13.35.2-0)"
94.130.90.54 - - [13/May/2024:16:10:51 +0200] "GET /wp-content/plugins/elementor/assets/images/eyedropper.svg HTTP/1.1" 200 5300 "https://tuerk.inglory.de/wp-content/plugins/elementor/assets/css/editor-preview.min.css?ver=3.21.4" "Serf/1.3.9 (mod_pagespeed/1.13.35.2-0)"
89.244.92.53 - - [13/May/2024:16:10:51 +0200] "GET /wp-content/themes/hub/assets/vendors/liquid-icon/lqd-essentials/lqd-essentials.min.css HTTP/1.0" 304 690 "https://tuerk.inglory.de/?elementor-preview=7&ver=1715609448" "Mozilla/5.0 (Macintosh; Intel Mac OS X 10_15_7) AppleWebKit/537.36 (KHTML, like Gecko) Chrome/124.0.0.0 Safari/537.36"
89.244.92.53 - - [13/May/2024:16:10:51 +0200] "GET /wp-content/uploads/logo.jpg HTTP/1.0" 304 690 "https://tuerk.inglory.de/?elementor-preview=7&ver=1715609448" "Mozilla/5.0 (Macintosh; Intel Mac OS X 10_15_7) AppleWebKit/537.36 (KHTML, like Gecko) Chrome/124.0.0.0 Safari/537.36"
89.244.92.53 - - [13/May/2024:16:10:51 +0200] "GET /wp-content/plugins/pro-elements/assets//lib/instant-page/instant-page.min.js?ver=3.21.0 HTTP/1.0" 200 3599 "https://tuerk.inglory.de/?elementor-preview=7&ver=1715609448" "Mozilla/5.0 (Macintosh; Intel Mac OS X 10_15_7) AppleWebKit/537.36 (KHTML, like Gecko) Chrome/124.0.0.0 Safari/537.36"
89.244.92.53 - - [13/May/2024:16:10:51 +0200] "GET /wp-content/plugins/elementor/assets/lib/animations/animations.min.css?ver=3.21.4 HTTP/1.0" 304 691 "https://tuerk.inglory.de/?elementor-preview=7&ver=1715609448" "Mozilla/5.0 (Macintosh; Intel Mac OS X 10_15_7) AppleWebKit/537.36 (KHTML, like Gecko) Chrome/124.0.0.0 Safari/537.36"
89.244.92.53 - - [13/May/2024:16:10:51 +0200] "GET /wp-includes/js/dist/vendor/react-dom.min.js?ver=18.2.0 HTTP/1.0" 200 42971 "https://tuerk.inglory.de/?elementor-preview=7&ver=1715609448" "Mozilla/5.0 (Macintosh; Intel Mac OS X 10_15_7) AppleWebKit/537.36 (KHTML, like Gecko) Chrome/124.0.0.0 Safari/537.36"
89.244.92.53 - - [13/May/2024:16:10:51 +0200] "GET /wp-content/plugins/elementor/assets/js/styleguide-app-initiator.min.js?ver=3.21.4 HTTP/1.0" 200 6197 "https://tuerk.inglory.de/?elementor-preview=7&ver=1715609448" "Mozilla/5.0 (Macintosh; Intel Mac OS X 10_15_7) AppleWebKit/537.36 (KHTML, like Gecko) Chrome/124.0.0.0 Safari/537.36"
89.244.92.53 - - [13/May/2024:16:10:51 +0200] "GET /wp-content/plugins/pro-elements/assets/js/notes/notes-app-initiator.min.js?ver=3.21.0 HTTP/1.0" 304 690 "https://tuerk.inglory.de/?elementor-preview=7&ver=1715609448" "Mozilla/5.0 (Macintosh; Intel Mac OS X 10_15_7) AppleWebKit/537.36 (KHTML, like Gecko) Chrome/124.0.0.0 Safari/537.36"
89.244.92.53 - - [13/May/2024:16:10:51 +0200] "GET /wp-content/plugins/contact-form-7/includes/swv/js/index.js?ver=5.9.3 HTTP/1.0" 304 691 "https://tuerk.inglory.de/?elementor-preview=7&ver=1715609448" "Mozilla/5.0 (Macintosh; Intel Mac OS X 10_15_7) AppleWebKit/537.36 (KHTML, like Gecko) Chrome/124.0.0.0 Safari/537.36"
89.244.92.53 - - [13/May/2024:16:10:51 +0200] "GET /wp-content/plugins/contact-form-7/includes/js/index.js?ver=5.9.3 HTTP/1.0" 304 691 "https://tuerk.inglory.de/?elementor-preview=7&ver=1715609448" "Mozilla/5.0 (Macintosh; Intel Mac OS X 10_15_7) AppleWebKit/537.36 (KHTML, like Gecko) Chrome/124.0.0.0 Safari/537.36"
89.244.92.53 - - [13/May/2024:16:10:51 +0200] "GET /wp-content/themes/hub/assets/vendors/fastdom/fastdom.min.js HTTP/1.0" 304 2139 "https://tuerk.inglory.de/?elementor-preview=7&ver=1715609448" "Mozilla/5.0 (Macintosh; Intel Mac OS X 10_15_7) AppleWebKit/537.36 (KHTML, like Gecko) Chrome/124.0.0.0 Safari/537.36"
89.244.92.53 - - [13/May/2024:16:10:51 +0200] "GET /wp-content/themes/hub/assets/vendors/jquery-ui/jquery-ui.min.js HTTP/1.0" 304 692 "https://tuerk.inglory.de/?elementor-preview=7&ver=1715609448" "Mozilla/5.0 (Macintosh; Intel Mac OS X 10_15_7) AppleWebKit/537.36 (KHTML, like Gecko) Chrome/124.0.0.0 Safari/537.36"
89.244.92.53 - - [13/May/2024:16:10:51 +0200] "GET /wp-content/themes/hub/assets/vendors/bootstrap/js/bootstrap.min.js HTTP/1.0" 304 692 "https://tuerk.inglory.de/?elementor-preview=7&ver=1715609448" "Mozilla/5.0 (Macintosh; Intel Mac OS X 10_15_7) AppleWebKit/537.36 (KHTML, like Gecko) Chrome/124.0.0.0 Safari/537.36"
89.244.92.53 - - [13/May/2024:16:10:51 +0200] "GET /wp-content/themes/hub/assets/vendors/fresco/js/fresco.js HTTP/1.0" 304 692 "https://tuerk.inglory.de/?elementor-preview=7&ver=1715609448" "Mozilla/5.0 (Macintosh; Intel Mac OS X 10_15_7) AppleWebKit/537.36 (KHTML, like Gecko) Chrome/124.0.0.0 Safari/537.36"
89.244.92.53 - - [13/May/2024:16:10:51 +0200] "GET /wp-content/themes/hub/assets/vendors/lity/lity.min.js HTTP/1.0" 304 691 "https://tuerk.inglory.de/?elementor-preview=7&ver=1715609448" "Mozilla/5.0 (Macintosh; Intel Mac OS X 10_15_7) AppleWebKit/537.36 (KHTML, like Gecko) Chrome/124.0.0.0 Safari/537.36"
89.244.92.53 - - [13/May/2024:16:10:51 +0200] "GET /wp-content/themes/hub/assets/vendors/gsap/minified/gsap.min.js HTTP/1.0" 304 691 "https://tuerk.inglory.de/?elementor-preview=7&ver=1715609448" "Mozilla/5.0 (Macintosh; Intel Mac OS X 10_15_7) AppleWebKit/537.36 (KHTML, like Gecko) Chrome/124.0.0.0 Safari/537.36"
89.244.92.53 - - [13/May/2024:16:10:51 +0200] "GET /wp-content/themes/hub/assets/vendors/gsap/minified/ScrollTrigger.min.js HTTP/1.0" 304 691 "https://tuerk.inglory.de/?elementor-preview=7&ver=1715609448" "Mozilla/5.0 (Macintosh; Intel Mac OS X 10_15_7) AppleWebKit/537.36 (KHTML, like Gecko) Chrome/124.0.0.0 Safari/537.36"
89.244.92.53 - - [13/May/2024:16:10:51 +0200] "GET /wp-content/themes/hub/assets/vendors/fontfaceobserver.js HTTP/1.0" 304 691 "https://tuerk.inglory.de/?elementor-preview=7&ver=1715609448" "Mozilla/5.0 (Macintosh; Intel Mac OS X 10_15_7) AppleWebKit/537.36 (KHTML, like Gecko) Chrome/124.0.0.0 Safari/537.36"
89.244.92.53 - - [13/May/2024:16:10:51 +0200] "GET /wp-content/themes/hub/assets/vendors/intersection-observer.js HTTP/1.0" 304 691 "https://tuerk.inglory.de/?elementor-preview=7&ver=1715609448" "Mozilla/5.0 (Macintosh; Intel Mac OS X 10_15_7) AppleWebKit/537.36 (KHTML, like Gecko) Chrome/124.0.0.0 Safari/537.36"
89.244.92.53 - - [13/May/2024:16:10:51 +0200] "GET /wp-content/themes/hub/assets/vendors/lazyload.min.js HTTP/1.0" 304 691 "https://tuerk.inglory.de/?elementor-preview=7&ver=1715609448" "Mozilla/5.0 (Macintosh; Intel Mac OS X 10_15_7) AppleWebKit/537.36 (KHTML, like Gecko) Chrome/124.0.0.0 Safari/537.36"
89.244.92.53 - - [13/May/2024:16:10:51 +0200] "GET /wp-content/themes/hub/assets/vendors/tinycolor-min.js HTTP/1.0" 304 691 "https://tuerk.inglory.de/?elementor-preview=7&ver=1715609448" "Mozilla/5.0 (Macintosh; Intel Mac OS X 10_15_7) AppleWebKit/537.36 (KHTML, like Gecko) Chrome/124.0.0.0 Safari/537.36"
89.244.92.53 - - [13/May/2024:16:10:51 +0200] "GET /wp-content/themes/hub/assets/vendors/gsap/utils/SplitText.min.js HTTP/1.0" 304 691 "https://tuerk.inglory.de/?elementor-preview=7&ver=1715609448" "Mozilla/5.0 (Macintosh; Intel Mac OS X 10_15_7) AppleWebKit/537.36 (KHTML, like Gecko) Chrome/124.0.0.0 Safari/537.36"
89.244.92.53 - - [13/May/2024:16:10:51 +0200] "GET /wp-content/themes/hub/assets/js/theme.min.js HTTP/1.0" 304 692 "https://tuerk.inglory.de/?elementor-preview=7&ver=1715609448" "Mozilla/5.0 (Macintosh; Intel Mac OS X 10_15_7) AppleWebKit/537.36 (KHTML, like Gecko) Chrome/124.0.0.0 Safari/537.36"
89.244.92.53 - - [13/May/2024:16:10:51 +0200] "GET /wp-content/plugins/elementor/assets/js/webpack.runtime.min.js?ver=3.21.4 HTTP/1.0" 304 691 "https://tuerk.inglory.de/?elementor-preview=7&ver=1715609448" "Mozilla/5.0 (Macintosh; Intel Mac OS X 10_15_7) AppleWebKit/537.36 (KHTML, like Gecko) Chrome/124.0.0.0 Safari/537.36"
89.244.92.53 - - [13/May/2024:16:10:51 +0200] "GET /wp-content/plugins/elementor/assets/js/frontend-modules.min.js?ver=3.21.4 HTTP/1.0" 304 691 "https://tuerk.inglory.de/?elementor-preview=7&ver=1715609448" "Mozilla/5.0 (Macintosh; Intel Mac OS X 10_15_7) AppleWebKit/537.36 (KHTML, like Gecko) Chrome/124.0.0.0 Safari/537.36"
89.244.92.53 - - [13/May/2024:16:10:51 +0200] "GET /wp-content/plugins/elementor/assets/lib/waypoints/waypoints.min.js?ver=4.0.2 HTTP/1.0" 304 691 "https://tuerk.inglory.de/?elementor-preview=7&ver=1715609448" "Mozilla/5.0 (Macintosh; Intel Mac OS X 10_15_7) AppleWebKit/537.36 (KHTML, like Gecko) Chrome/124.0.0.0 Safari/537.36"
89.244.92.53 - - [13/May/2024:16:10:51 +0200] "GET /wp-content/plugins/elementor/assets/js/frontend.min.js?ver=3.21.4 HTTP/1.0" 304 691 "https://tuerk.inglory.de/?elementor-preview=7&ver=1715609448" "Mozilla/5.0 (Macintosh; Intel Mac OS X 10_15_7) AppleWebKit/537.36 (KHTML, like Gecko) Chrome/124.0.0.0 Safari/537.36"
89.244.92.53 - - [13/May/2024:16:10:51 +0200] "GET /wp-content/plugins/hub-elementor-addons/assets/js/liquid-elementor-iframe.min.js?ver=4.3 HTTP/1.0" 304 691 "https://tuerk.inglory.de/?elementor-preview=7&ver=1715609448" "Mozilla/5.0 (Macintosh; Intel Mac OS X 10_15_7) AppleWebKit/537.36 (KHTML, like Gecko) Chrome/124.0.0.0 Safari/537.36"
89.244.92.53 - - [13/May/2024:16:10:51 +0200] "GET /wp-content/plugins/elementor/assets/lib/jquery-numerator/jquery-numerator.min.js?ver=0.2.1 HTTP/1.0" 304 690 "https://tuerk.inglory.de/?elementor-preview=7&ver=1715609448" "Mozilla/5.0 (Macintosh; Intel Mac OS X 10_15_7) AppleWebKit/537.36 (KHTML, like Gecko) Chrome/124.0.0.0 Safari/537.36"
89.244.92.53 - - [13/May/2024:16:10:51 +0200] "GET /wp-content/themes/hub/assets/js/animated-blob/liquidAnimatedBlob.min.js HTTP/1.0" 304 690 "https://tuerk.inglory.de/?elementor-preview=7&ver=1715609448" "Mozilla/5.0 (Macintosh; Intel Mac OS X 10_15_7) AppleWebKit/537.36 (KHTML, like Gecko) Chrome/124.0.0.0 Safari/537.36"
89.244.92.53 - - [13/May/2024:16:10:51 +0200] "GET /wp-content/themes/hub/assets/vendors/jqury.mb.YTPlayer/jquery.mb.YTPlayer.min.js HTTP/1.0" 200 15698 "https://tuerk.inglory.de/?elementor-preview=7&ver=1715609448" "Mozilla/5.0 (Macintosh; Intel Mac OS X 10_15_7) AppleWebKit/537.36 (KHTML, like Gecko) Chrome/124.0.0.0 Safari/537.36"
89.244.92.53 - - [13/May/2024:16:10:51 +0200] "GET /wp-includes/js/mediaelement/mediaelement-and-player.min.js,qver=4.2.17.pagespeed.jm.LVhVlU2M6U.js HTTP/1.0" 200 39671 "https://tuerk.inglory.de/?elementor-preview=7&ver=1715609448" "Mozilla/5.0 (Macintosh; Intel Mac OS X 10_15_7) AppleWebKit/537.36 (KHTML, like Gecko) Chrome/124.0.0.0 Safari/537.36"
89.244.92.53 - - [13/May/2024:16:10:51 +0200] "GET /wp-content/themes/hub/assets/vendors/gsap/utils/CustomEase.min.js HTTP/1.0" 304 691 "https://tuerk.inglory.de/?elementor-preview=7&ver=1715609448" "Mozilla/5.0 (Macintosh; Intel Mac OS X 10_15_7) AppleWebKit/537.36 (KHTML, like Gecko) Chrome/124.0.0.0 Safari/537.36"
89.244.92.53 - - [13/May/2024:16:10:51 +0200] "GET /wp-content/themes/hub/assets/vendors/isotope/isotope.pkgd.min.js HTTP/1.0" 304 691 "https://tuerk.inglory.de/?elementor-preview=7&ver=1715609448" "Mozilla/5.0 (Macintosh; Intel Mac OS X 10_15_7) AppleWebKit/537.36 (KHTML, like Gecko) Chrome/124.0.0.0 Safari/537.36"
89.244.92.53 - - [13/May/2024:16:10:51 +0200] "GET /wp-content/themes/hub/assets/vendors/isotope/packery-mode.pkgd.min.js HTTP/1.0" 304 691 "https://tuerk.inglory.de/?elementor-preview=7&ver=1715609448" "Mozilla/5.0 (Macintosh; Intel Mac OS X 10_15_7) AppleWebKit/537.36 (KHTML, like Gecko) Chrome/124.0.0.0 Safari/537.36"
89.244.92.53 - - [13/May/2024:16:10:51 +0200] "GET /wp-content/themes/hub/assets/vendors/flickity/flickity.pkgd.min.js HTTP/1.0" 304 691 "https://tuerk.inglory.de/?elementor-preview=7&ver=1715609448" "Mozilla/5.0 (Macintosh; Intel Mac OS X 10_15_7) AppleWebKit/537.36 (KHTML, like Gecko) Chrome/124.0.0.0 Safari/537.36"
89.244.92.53 - - [13/May/2024:16:10:51 +0200] "GET /wp-content/themes/hub/assets/vendors/draggabilly.pkgd.min.js HTTP/1.0" 304 691 "https://tuerk.inglory.de/?elementor-preview=7&ver=1715609448" "Mozilla/5.0 (Macintosh; Intel Mac OS X 10_15_7) AppleWebKit/537.36 (KHTML, like Gecko) Chrome/124.0.0.0 Safari/537.36"
89.244.92.53 - - [13/May/2024:16:10:51 +0200] "GET /wp-content/themes/hub/assets/vendors/countdown/jquery.plugin.min.js HTTP/1.0" 304 690 "https://tuerk.inglory.de/?elementor-preview=7&ver=1715609448" "Mozilla/5.0 (Macintosh; Intel Mac OS X 10_15_7) AppleWebKit/537.36 (KHTML, like Gecko) Chrome/124.0.0.0 Safari/537.36"
89.244.92.53 - - [13/May/2024:16:10:51 +0200] "GET /wp-content/themes/hub/assets/vendors/flickity/flickity-fade.min.js HTTP/1.0" 304 690 "https://tuerk.inglory.de/?elementor-preview=7&ver=1715609448" "Mozilla/5.0 (Macintosh; Intel Mac OS X 10_15_7) AppleWebKit/537.36 (KHTML, like Gecko) Chrome/124.0.0.0 Safari/537.36"
89.244.92.53 - - [13/May/2024:16:10:51 +0200] "GET /wp-content/themes/hub/assets/vendors/countdown/jquery.countdown.min.js HTTP/1.0" 304 691 "https://tuerk.inglory.de/?elementor-preview=7&ver=1715609448" "Mozilla/5.0 (Macintosh; Intel Mac OS X 10_15_7) AppleWebKit/537.36 (KHTML, like Gecko) Chrome/124.0.0.0 Safari/537.36"
89.244.92.53 - - [13/May/2024:16:10:51 +0200] "GET /wp-content/themes/hub/assets/vendors/gsap/minified/DrawSVGPlugin.min.js HTTP/1.0" 304 691 "https://tuerk.inglory.de/?elementor-preview=7&ver=1715609448" "Mozilla/5.0 (Macintosh; Intel Mac OS X 10_15_7) AppleWebKit/537.36 (KHTML, like Gecko) Chrome/124.0.0.0 Safari/537.36"
89.244.92.53 - - [13/May/2024:16:10:51 +0200] "GET /wp-content/themes/hub/assets/js/draw-shape/liquidDrawShape.min.js HTTP/1.0" 304 690 "https://tuerk.inglory.de/?elementor-preview=7&ver=1715609448" "Mozilla/5.0 (Macintosh; Intel Mac OS X 10_15_7) AppleWebKit/537.36 (KHTML, like Gecko) Chrome/124.0.0.0 Safari/537.36"
89.244.92.53 - - [13/May/2024:16:10:51 +0200] "GET /wp-content/themes/hub/assets/vendors/vivus.min.js HTTP/1.0" 200 4968 "https://tuerk.inglory.de/?elementor-preview=7&ver=1715609448" "Mozilla/5.0 (Macintosh; Intel Mac OS X 10_15_7) AppleWebKit/537.36 (KHTML, like Gecko) Chrome/124.0.0.0 Safari/537.36"
89.244.92.53 - - [13/May/2024:16:10:51 +0200] "GET /wp-content/themes/hub/assets/js/mailchimp-form.js HTTP/1.0" 304 690 "https://tuerk.inglory.de/?elementor-preview=7&ver=1715609448" "Mozilla/5.0 (Macintosh; Intel Mac OS X 10_15_7) AppleWebKit/537.36 (KHTML, like Gecko) Chrome/124.0.0.0 Safari/537.36"
