94.31.72.196 - - [08/May/2024:15:25:36 +0200] "GET /wp-content/plugins/pro-elements/assets/lib/sticky/jquery.sticky.min.js?ver=3.21.0 HTTP/1.0" 304 690 "https://tuerk.inglory.de/?elementor_library=footer&elementor-preview=6028&ver=1715174735" "Mozilla/5.0 (Macintosh; Intel Mac OS X 10_15_7) AppleWebKit/537.36 (KHTML, like Gecko) Chrome/123.0.0.0 Safari/537.36"
94.31.72.196 - - [08/May/2024:15:25:36 +0200] "GET /wp-content/plugins/pro-elements/assets//lib/instant-page/instant-page.min.js?ver=3.21.0 HTTP/1.0" 304 690 "https://tuerk.inglory.de/?elementor_library=footer&elementor-preview=6028&ver=1715174735" "Mozilla/5.0 (Macintosh; Intel Mac OS X 10_15_7) AppleWebKit/537.36 (KHTML, like Gecko) Chrome/123.0.0.0 Safari/537.36"
94.31.72.196 - - [08/May/2024:15:25:36 +0200] "GET /wp-includes/js/hoverintent-js.min.js?ver=2.2.1 HTTP/1.0" 304 662 "https://tuerk.inglory.de/?elementor_library=footer&elementor-preview=6028&ver=1715174735" "Mozilla/5.0 (Macintosh; Intel Mac OS X 10_15_7) AppleWebKit/537.36 (KHTML, like Gecko) Chrome/123.0.0.0 Safari/537.36"
94.31.72.196 - - [08/May/2024:15:25:36 +0200] "GET /wp-content/themes/hub/assets/js/mailchimp-form.js HTTP/1.0" 304 690 "https://tuerk.inglory.de/?elementor_library=footer&elementor-preview=6028&ver=1715174735" "Mozilla/5.0 (Macintosh; Intel Mac OS X 10_15_7) AppleWebKit/537.36 (KHTML, like Gecko) Chrome/123.0.0.0 Safari/537.36"
94.130.90.54 - - [08/May/2024:15:25:37 +0200] "GET /wp-content/plugins/elementor/assets/js/elementor-admin-bar.min.js?ver=3.21.4 HTTP/1.1" 200 11091 "https://tuerk.inglory.de/?elementor_library=footer&elementor-preview=6028&ver=1715174735" "Serf/1.3.9 (mod_pagespeed/1.13.35.2-0)"
94.31.72.196 - - [08/May/2024:15:25:37 +0200] "GET /wp-content/themes/hub/assets/vendors/gsap/minified/DrawSVGPlugin.min.js HTTP/1.0" 304 691 "https://tuerk.inglory.de/?elementor_library=footer&elementor-preview=6028&ver=1715174735" "Mozilla/5.0 (Macintosh; Intel Mac OS X 10_15_7) AppleWebKit/537.36 (KHTML, like Gecko) Chrome/123.0.0.0 Safari/537.36"
94.31.72.196 - - [08/May/2024:15:25:37 +0200] "GET /wp-content/themes/hub/assets/js/theme.min.js HTTP/1.0" 200 74713 "https://tuerk.inglory.de/?elementor_library=footer&elementor-preview=6028&ver=1715174735" "Mozilla/5.0 (Macintosh; Intel Mac OS X 10_15_7) AppleWebKit/537.36 (KHTML, like Gecko) Chrome/123.0.0.0 Safari/537.36"
94.31.72.196 - - [08/May/2024:15:25:37 +0200] "GET /wp-content/plugins/hub-elementor-addons/assets/js/widgets/liquidEventsTable.min.js?ver=4.3 HTTP/1.0" 304 691 "https://tuerk.inglory.de/?elementor_library=footer&elementor-preview=6028&ver=1715174735" "Mozilla/5.0 (Macintosh; Intel Mac OS X 10_15_7) AppleWebKit/537.36 (KHTML, like Gecko) Chrome/123.0.0.0 Safari/537.36"
94.31.72.196 - - [08/May/2024:15:25:37 +0200] "GET /wp-content/plugins/pro-elements/assets/js/elements-handlers.min.js?ver=3.21.0 HTTP/1.0" 200 10208 "https://tuerk.inglory.de/?elementor_library=footer&elementor-preview=6028&ver=1715174735" "Mozilla/5.0 (Macintosh; Intel Mac OS X 10_15_7) AppleWebKit/537.36 (KHTML, like Gecko) Chrome/123.0.0.0 Safari/537.36"
94.31.72.196 - - [08/May/2024:15:25:37 +0200] "GET /wp-content/themes/hub/assets/vendors/vivus.min.js HTTP/1.0" 200 4968 "https://tuerk.inglory.de/?elementor_library=footer&elementor-preview=6028&ver=1715174735" "Mozilla/5.0 (Macintosh; Intel Mac OS X 10_15_7) AppleWebKit/537.36 (KHTML, like Gecko) Chrome/123.0.0.0 Safari/537.36"
94.31.72.196 - - [08/May/2024:15:25:37 +0200] "GET /wp-content/plugins/elementor/assets/js/elementor-admin-bar.min.js?ver=3.21.4 HTTP/1.0" 304 691 "https://tuerk.inglory.de/?elementor_library=footer&elementor-preview=6028&ver=1715174735" "Mozilla/5.0 (Macintosh; Intel Mac OS X 10_15_7) AppleWebKit/537.36 (KHTML, like Gecko) Chrome/123.0.0.0 Safari/537.36"
94.31.72.196 - - [08/May/2024:15:25:37 +0200] "GET /wp-content/plugins/pro-elements/assets/js/frontend.min.js?ver=3.21.0 HTTP/1.0" 200 7663 "https://tuerk.inglory.de/?elementor_library=footer&elementor-preview=6028&ver=1715174735" "Mozilla/5.0 (Macintosh; Intel Mac OS X 10_15_7) AppleWebKit/537.36 (KHTML, like Gecko) Chrome/123.0.0.0 Safari/537.36"
94.130.90.54 - - [08/May/2024:15:25:37 +0200] "GET /wp-includes/css/admin-bar.min.css?ver=6.5.3 HTTP/1.1" 200 23894 "https://tuerk.inglory.de/?elementor_library=footer&elementor-preview=6028&ver=1715174735" "Serf/1.3.9 (mod_pagespeed/1.13.35.2-0)"
94.130.90.54 - - [08/May/2024:15:25:37 +0200] "GET /wp-content/plugins/elementor/assets/css/editor-preview.min.css?ver=3.21.4 HTTP/1.1" 200 134596 "https://tuerk.inglory.de/?elementor_library=footer&elementor-preview=6028&ver=1715174735" "Serf/1.3.9 (mod_pagespeed/1.13.35.2-0)"
94.31.72.196 - - [08/May/2024:15:25:36 +0200] "GET /wp-content/plugins/pro-elements/assets/lib/lottie/lottie.min.js?ver=5.6.6 HTTP/1.0" 200 64815 "https://tuerk.inglory.de/?elementor_library=footer&elementor-preview=6028&ver=1715174735" "Mozilla/5.0 (Macintosh; Intel Mac OS X 10_15_7) AppleWebKit/537.36 (KHTML, like Gecko) Chrome/123.0.0.0 Safari/537.36"
94.130.90.54 - - [08/May/2024:15:25:37 +0200] "GET /wp-includes/js/mediaelement/mediaelementplayer-legacy.min.css?ver=4.2.17 HTTP/1.1" 200 14802 "https://tuerk.inglory.de/?elementor_library=footer&elementor-preview=6028&ver=1715174735" "Serf/1.3.9 (mod_pagespeed/1.13.35.2-0)"
94.130.90.54 - - [08/May/2024:15:25:37 +0200] "GET /wp-content/plugins/hub-elementor-addons/assets/js/widgets/liquidEventsTable.min.js?ver=4.3 HTTP/1.1" 200 11225 "https://tuerk.inglory.de/?elementor_library=footer&elementor-preview=6028&ver=1715174735" "Serf/1.3.9 (mod_pagespeed/1.13.35.2-0)"
94.130.90.54 - - [08/May/2024:15:25:37 +0200] "GET /wp-content/themes/hub/assets/vendors/t-js/t.min.js HTTP/1.1" 200 11915 "https://tuerk.inglory.de/?elementor_library=footer&elementor-preview=6028&ver=1715174735" "Serf/1.3.9 (mod_pagespeed/1.13.35.2-0)"
94.130.90.54 - - [08/May/2024:15:25:37 +0200] "GET /wp-content/themes/hub/assets/vendors/threejs/three.min.js HTTP/1.1" 200 602952 "https://tuerk.inglory.de/?elementor_library=footer&elementor-preview=6028&ver=1715174735" "Serf/1.3.9 (mod_pagespeed/1.13.35.2-0)"
94.31.72.196 - - [08/May/2024:15:25:36 +0200] "GET /wp-content/themes/hub/assets/vendors/threejs/three.min.js HTTP/1.0" 200 151348 "https://tuerk.inglory.de/?elementor_library=footer&elementor-preview=6028&ver=1715174735" "Mozilla/5.0 (Macintosh; Intel Mac OS X 10_15_7) AppleWebKit/537.36 (KHTML, like Gecko) Chrome/123.0.0.0 Safari/537.36"
94.130.90.54 - - [08/May/2024:15:25:37 +0200] "GET /wp-content/plugins/elementor/assets/lib/flatpickr/flatpickr.min.js?ver=4.1.4 HTTP/1.1" 200 47202 "https://tuerk.inglory.de/?elementor_library=footer&elementor-preview=6028&ver=1715174735" "Serf/1.3.9 (mod_pagespeed/1.13.35.2-0)"
94.130.90.54 - - [08/May/2024:15:25:37 +0200] "GET /wp-content/plugins/elementor/assets/images/blur.png HTTP/1.1" 200 15121 "https://tuerk.inglory.de/?elementor_library=footer&elementor-preview=6028&ver=1715174735" "Serf/1.3.9 (mod_pagespeed/1.13.35.2-0)"
94.130.90.54 - - [08/May/2024:15:25:37 +0200] "GET /wp-content/plugins/elementor/assets/images/contrast.png HTTP/1.1" 200 4711 "https://tuerk.inglory.de/?elementor_library=footer&elementor-preview=6028&ver=1715174735" "Serf/1.3.9 (mod_pagespeed/1.13.35.2-0)"
94.130.90.54 - - [08/May/2024:15:25:37 +0200] "GET /wp-content/plugins/elementor/assets/images/eyedropper.svg HTTP/1.1" 200 5300 "https://tuerk.inglory.de/?elementor_library=footer&elementor-preview=6028&ver=1715174735" "Serf/1.3.9 (mod_pagespeed/1.13.35.2-0)"
94.130.90.54 - - [08/May/2024:15:25:37 +0200] "GET /wp-includes/js/mediaelement/mejs-controls.svg HTTP/1.1" 200 8125 "https://tuerk.inglory.de/?elementor_library=footer&elementor-preview=6028&ver=1715174735" "Serf/1.3.9 (mod_pagespeed/1.13.35.2-0)"
94.31.72.196 - - [08/May/2024:15:25:37 +0200] "GET /wp-content/plugins/pro-elements/assets/js/1b816ba777b14157325b.bundle.min.js HTTP/1.0" 200 2162 "https://tuerk.inglory.de/wp-admin/post.php?post=6028&action=elementor" "Mozilla/5.0 (Macintosh; Intel Mac OS X 10_15_7) AppleWebKit/537.36 (KHTML, like Gecko) Chrome/123.0.0.0 Safari/537.36"
94.31.72.196 - - [08/May/2024:15:25:37 +0200] "POST /mod_pagespeed_beacon?url=https%3A%2F%2Ftuerk.inglory.de%2F%3Felementor_library%3Dfooter%26elementor-preview%3D6028%26ver%3D1715174735 HTTP/1.0" 204 669 "https://tuerk.inglory.de/?elementor_library=footer&elementor-preview=6028&ver=1715174735" "Mozilla/5.0 (Macintosh; Intel Mac OS X 10_15_7) AppleWebKit/537.36 (KHTML, like Gecko) Chrome/123.0.0.0 Safari/537.36"
94.31.72.196 - - [08/May/2024:15:25:37 +0200] "GET /wp-json/elementor/v1/globals HTTP/1.0" 200 2294 "https://tuerk.inglory.de/wp-admin/post.php?post=6028&action=elementor" "Mozilla/5.0 (Macintosh; Intel Mac OS X 10_15_7) AppleWebKit/537.36 (KHTML, like Gecko) Chrome/123.0.0.0 Safari/537.36"
94.31.72.196 - - [08/May/2024:15:25:37 +0200] "GET /wp-content/plugins/elementor/assets/lib/font-awesome/css/solid.min.css HTTP/1.0" 200 1154 "https://tuerk.inglory.de/?elementor_library=footer&elementor-preview=6028&ver=1715174735" "Mozilla/5.0 (Macintosh; Intel Mac OS X 10_15_7) AppleWebKit/537.36 (KHTML, like Gecko) Chrome/123.0.0.0 Safari/537.36"
94.31.72.196 - - [08/May/2024:15:25:37 +0200] "GET /wp-content/plugins/elementor/assets/lib/font-awesome/css/fontawesome.min.css HTTP/1.0" 200 13531 "https://tuerk.inglory.de/?elementor_library=footer&elementor-preview=6028&ver=1715174735" "Mozilla/5.0 (Macintosh; Intel Mac OS X 10_15_7) AppleWebKit/537.36 (KHTML, like Gecko) Chrome/123.0.0.0 Safari/537.36"
94.31.72.196 - - [08/May/2024:15:25:38 +0200] "GET /wp-content/plugins/elementor/assets/lib/font-awesome/css/brands.min.css HTTP/1.0" 200 1153 "https://tuerk.inglory.de/?elementor_library=footer&elementor-preview=6028&ver=1715174735" "Mozilla/5.0 (Macintosh; Intel Mac OS X 10_15_7) AppleWebKit/537.36 (KHTML, like Gecko) Chrome/123.0.0.0 Safari/537.36"
94.31.72.196 - - [08/May/2024:15:25:38 +0200] "GET /wp-content/plugins/elementor/assets/images/logo-panel.svg HTTP/1.0" 304 690 "https://tuerk.inglory.de/wp-admin/post.php?post=6028&action=elementor" "Mozilla/5.0 (Macintosh; Intel Mac OS X 10_15_7) AppleWebKit/537.36 (KHTML, like Gecko) Chrome/123.0.0.0 Safari/537.36"
94.31.72.196 - - [08/May/2024:15:25:36 +0200] "POST /wp-admin/admin-ajax.php HTTP/1.0" 200 1236471 "https://tuerk.inglory.de/wp-admin/post.php?post=6028&action=elementor" "Mozilla/5.0 (Macintosh; Intel Mac OS X 10_15_7) AppleWebKit/537.36 (KHTML, like Gecko) Chrome/123.0.0.0 Safari/537.36"
94.31.72.196 - - [08/May/2024:15:25:38 +0200] "GET /wp-content/plugins/elementor/assets/js/container.c65a2a923085e1120e75.bundle.min.js HTTP/1.0" 200 3834 "https://tuerk.inglory.de/?elementor_library=footer&elementor-preview=6028&ver=1715174735" "Mozilla/5.0 (Macintosh; Intel Mac OS X 10_15_7) AppleWebKit/537.36 (KHTML, like Gecko) Chrome/123.0.0.0 Safari/537.36"
94.31.72.196 - - [08/May/2024:15:25:38 +0200] "GET /wp-content/plugins/hub-elementor-addons/elementor/params/shape-divider/15.svg HTTP/1.0" 304 691 "https://tuerk.inglory.de/?elementor_library=footer&elementor-preview=6028&ver=1715174735" "Mozilla/5.0 (Macintosh; Intel Mac OS X 10_15_7) AppleWebKit/537.36 (KHTML, like Gecko) Chrome/123.0.0.0 Safari/537.36"
94.31.72.196 - - [08/May/2024:15:25:38 +0200] "POST /wp-admin/admin-ajax.php HTTP/1.0" 200 1280 "https://tuerk.inglory.de/wp-admin/post.php?post=6028&action=elementor" "Mozilla/5.0 (Macintosh; Intel Mac OS X 10_15_7) AppleWebKit/537.36 (KHTML, like Gecko) Chrome/123.0.0.0 Safari/537.36"
94.31.72.196 - - [08/May/2024:15:25:39 +0200] "POST /wp-admin/admin-ajax.php HTTP/1.0" 200 1087 "https://tuerk.inglory.de/wp-admin/edit.php?post_type=elementor_library" "Mozilla/5.0 (Macintosh; Intel Mac OS X 10_15_7) AppleWebKit/537.36 (KHTML, like Gecko) Chrome/123.0.0.0 Safari/537.36"
94.31.72.196 - - [08/May/2024:15:25:42 +0200] "GET /wp-content/plugins/elementor/assets/lib/font-awesome/css/regular.min.css HTTP/1.0" 200 1153 "https://tuerk.inglory.de/wp-admin/post.php?post=6028&action=elementor" "Mozilla/5.0 (Macintosh; Intel Mac OS X 10_15_7) AppleWebKit/537.36 (KHTML, like Gecko) Chrome/123.0.0.0 Safari/537.36"
94.31.72.196 - - [08/May/2024:15:25:42 +0200] "GET /wp-content/themes/hub/assets/vendors/liquid-icon/lqd-essentials/lqd-essentials.min.css HTTP/1.0" 200 1708 "https://tuerk.inglory.de/wp-admin/post.php?post=6028&action=elementor" "Mozilla/5.0 (Macintosh; Intel Mac OS X 10_15_7) AppleWebKit/537.36 (KHTML, like Gecko) Chrome/123.0.0.0 Safari/537.36"
94.31.72.196 - - [08/May/2024:15:25:42 +0200] "GET /wp-content/plugins/elementor/assets/lib/font-awesome/js/regular.js HTTP/1.0" 200 1610 "https://tuerk.inglory.de/wp-admin/post.php?post=6028&action=elementor" "Mozilla/5.0 (Macintosh; Intel Mac OS X 10_15_7) AppleWebKit/537.36 (KHTML, like Gecko) Chrome/123.0.0.0 Safari/537.36"
94.31.72.196 - - [08/May/2024:15:25:42 +0200] "GET /wp-content/plugins/elementor/assets/lib/font-awesome/js/brands.js HTTP/1.0" 200 3233 "https://tuerk.inglory.de/wp-admin/post.php?post=6028&action=elementor" "Mozilla/5.0 (Macintosh; Intel Mac OS X 10_15_7) AppleWebKit/537.36 (KHTML, like Gecko) Chrome/123.0.0.0 Safari/537.36"
94.31.72.196 - - [08/May/2024:15:25:42 +0200] "GET /wp-content/plugins/elementor/assets/lib/font-awesome/js/solid.js HTTP/1.0" 200 5380 "https://tuerk.inglory.de/wp-admin/post.php?post=6028&action=elementor" "Mozilla/5.0 (Macintosh; Intel Mac OS X 10_15_7) AppleWebKit/537.36 (KHTML, like Gecko) Chrome/123.0.0.0 Safari/537.36"
94.31.72.196 - - [08/May/2024:15:25:42 +0200] "GET /wp-content/plugins/elementor/assets/lib/font-awesome/webfonts/fa-solid-900.woff2 HTTP/1.0" 200 79105 "https://tuerk.inglory.de/wp-content/plugins/elementor/assets/lib/font-awesome/css/solid.min.css" "Mozilla/5.0 (Macintosh; Intel Mac OS X 10_15_7) AppleWebKit/537.36 (KHTML, like Gecko) Chrome/123.0.0.0 Safari/537.36"
94.31.72.196 - - [08/May/2024:15:25:51 +0200] "POST /wp-admin/admin-ajax.php HTTP/1.0" 200 1117 "https://tuerk.inglory.de/wp-admin/post.php?post=6028&action=elementor" "Mozilla/5.0 (Macintosh; Intel Mac OS X 10_15_7) AppleWebKit/537.36 (KHTML, like Gecko) Chrome/123.0.0.0 Safari/537.36"
94.31.72.196 - - [08/May/2024:15:25:51 +0200] "POST /wp-admin/admin-ajax.php HTTP/1.0" 200 1532 "https://tuerk.inglory.de/wp-admin/post.php?post=6028&action=elementor" "Mozilla/5.0 (Macintosh; Intel Mac OS X 10_15_7) AppleWebKit/537.36 (KHTML, like Gecko) Chrome/123.0.0.0 Safari/537.36"
94.31.72.196 - - [08/May/2024:15:25:52 +0200] "POST /wp-admin/admin-ajax.php HTTP/1.0" 200 1518 "https://tuerk.inglory.de/wp-admin/post.php?post=6028&action=elementor" "Mozilla/5.0 (Macintosh; Intel Mac OS X 10_15_7) AppleWebKit/537.36 (KHTML, like Gecko) Chrome/123.0.0.0 Safari/537.36"
94.130.90.54 - - [08/May/2024:15:25:57 +0200] "GET /wp-content/uploads/803390.R1_1_x.webp HTTP/1.0" 200 471844 "-" "-"
94.130.90.54 - - [08/May/2024:15:25:57 +0200] "GET /wp-content/uploads/VOX_Logo_2013.svg HTTP/1.0" 200 695938 "-" "-"
94.130.90.54 - - [08/May/2024:15:25:57 +0200] "GET /wp-content/uploads/RTL.de_Logo_2021_united.svg HTTP/1.0" 200 1534 "-" "-"
94.130.90.54 - - [08/May/2024:15:25:57 +0200] "GET /wp-content/uploads/am_logo_v02.svg HTTP/1.0" 200 6896 "-" "-"
94.130.90.54 - - [08/May/2024:15:25:57 +0200] "GET /wp-content/uploads/tuerk_01_1000_555x.webp HTTP/1.0" 200 26408 "-" "-"
94.130.90.54 - - [08/May/2024:15:25:57 +0200] "GET /wp-content/uploads/83ef3106-af82-4c1d-ac60-e6a98d438584.jpg HTTP/1.0" 200 95101 "-" "-"
94.130.90.54 - - [08/May/2024:15:25:57 +0200] "GET /wp-content/uploads/83ef3106-af82-4c1d-ac60-e6a98d438584.jpg HTTP/1.0" 200 95101 "-" "-"
94.130.90.54 - - [08/May/2024:15:25:57 +0200] "GET /wp-content/uploads/5a2ecb5e6b7996134d0a69ce115b48f3.jpg HTTP/1.0" 200 73705 "-" "-"
94.130.90.54 - - [08/May/2024:15:25:57 +0200] "GET /wp-content/uploads/432465468_18310072705180546_4112574030022213084_n.jpg HTTP/1.0" 200 154538 "-" "-"
94.130.90.54 - - [08/May/2024:15:25:57 +0200] "GET /wp-content/uploads/6666ad47e9699fa420ba6c220b9b3b9d.jpg HTTP/1.0" 200 98092 "-" "-"
94.130.90.54 - - [08/May/2024:15:25:57 +0200] "GET /wp-content/uploads/432260335_18309214555180546_3128400243577085945_n.jpg HTTP/1.0" 200 216666 "-" "-"
94.130.90.54 - - [08/May/2024:15:25:57 +0200] "GET /wp-content/uploads/emotionheader26580211_1.jpeg HTTP/1.0" 200 94067 "-" "-"
94.130.90.54 - - [08/May/2024:15:25:57 +0200] "GET /wp-content/uploads/cc19b4bae80aac74d59fce0f0a9aaa9c.jpg HTTP/1.0" 200 96194 "-" "-"
94.130.90.54 - - [08/May/2024:15:25:57 +0200] "GET /wp-content/uploads/432263564_18309579112180546_203085280539664659_n-1.jpg HTTP/1.0" 200 297783 "-" "-"
94.130.90.54 - - [08/May/2024:15:25:57 +0200] "GET /wp-content/uploads/73d2b601cf749ad429b331b2d6d8cd02.jpg HTTP/1.0" 200 76606 "-" "-"
94.130.90.54 - - [08/May/2024:15:25:58 +0200] "GET /wp-content/uploads/am_logo_v02-1.svg HTTP/1.0" 200 6896 "-" "-"
94.130.90.54 - - [08/May/2024:15:25:58 +0200] "GET /wp-content/uploads/logo_HUSSEL_Confiserie.svg HTTP/1.0" 200 10142 "-" "-"
94.130.90.54 - - [08/May/2024:15:25:58 +0200] "GET /wp-content/uploads/frechverlag-4c.png HTTP/1.0" 200 9027 "-" "-"
94.130.90.54 - - [08/May/2024:15:25:58 +0200] "GET /wp-content/uploads/schneiderlogo.svg HTTP/1.0" 200 15644 "-" "-"
94.130.90.54 - - [08/May/2024:15:25:58 +0200] "GET /wp-content/uploads/suedpfalz.png HTTP/1.0" 200 267309 "-" "-"
94.130.90.54 - - [08/May/2024:15:25:58 +0200] "GET /wp-content/uploads/Logo_INTERGAST_ohneClaim.png HTTP/1.0" 200 4918 "-" "-"
94.130.90.54 - - [08/May/2024:15:25:58 +0200] "GET /wp-content/uploads/2000px-ABB_logo.svg.png HTTP/1.0" 200 19216 "-" "-"
94.130.90.54 - - [08/May/2024:15:25:58 +0200] "GET /wp-content/uploads/topp-verlag-vector-logo.svg HTTP/1.0" 200 4279 "-" "-"
94.130.90.54 - - [08/May/2024:15:25:58 +0200] "GET /wp-includes/js/jquery/ui/draggable.min.js?ver=1.13.2 HTTP/1.1" 200 21910 "https://tuerk.inglory.de/" "Serf/1.3.9 (mod_pagespeed/1.13.35.2-0)"
94.130.90.54 - - [08/May/2024:15:25:58 +0200] "GET /wp-includes/js/backbone.min.js?ver=1.5.0 HTTP/1.1" 200 27729 "https://tuerk.inglory.de/" "Serf/1.3.9 (mod_pagespeed/1.13.35.2-0)"
94.130.90.54 - - [08/May/2024:15:25:58 +0200] "GET /wp-content/uploads/elementor/css/custom-pro-widget-nav-menu.min.css?ver=1715174757 HTTP/1.1" 200 30456 "https://tuerk.inglory.de/" "Serf/1.3.9 (mod_pagespeed/1.13.35.2-0)"
94.130.90.54 - - [08/May/2024:15:25:58 +0200] "GET /wp-content/uploads/elementor/css/custom-widget-icon-list.min.css?ver=1715174757 HTTP/1.1" 200 13436 "https://tuerk.inglory.de/" "Serf/1.3.9 (mod_pagespeed/1.13.35.2-0)"
94.130.90.54 - - [08/May/2024:15:25:58 +0200] "GET /wp-content/uploads/elementor/css/custom-frontend-lite.min.css?ver=1715174756 HTTP/1.1" 200 122763 "https://tuerk.inglory.de/" "Serf/1.3.9 (mod_pagespeed/1.13.35.2-0)"
94.31.72.196 - - [08/May/2024:15:25:56 +0200] "GET / HTTP/1.0" 200 54823 "-" "Mozilla/5.0 (Macintosh; Intel Mac OS X 10_15_7) AppleWebKit/537.36 (KHTML, like Gecko) Chrome/123.0.0.0 Safari/537.36"
94.130.90.54 - - [08/May/2024:15:25:58 +0200] "GET /wp-content/uploads/elementor/css/custom-pro-frontend-lite.min.css?ver=1715174757 HTTP/1.1" 200 14555 "https://tuerk.inglory.de/" "Serf/1.3.9 (mod_pagespeed/1.13.35.2-0)"
94.31.72.196 - - [08/May/2024:15:25:58 +0200] "GET /wp-includes/css/A.admin-bar.min.css,qver=6.5.3.pagespeed.cf.4XucbdnnzG.css HTTP/1.0" 200 4706 "https://tuerk.inglory.de/" "Mozilla/5.0 (Macintosh; Intel Mac OS X 10_15_7) AppleWebKit/537.36 (KHTML, like Gecko) Chrome/123.0.0.0 Safari/537.36"
94.31.72.196 - - [08/May/2024:15:25:58 +0200] "GET /wp-content/plugins/elementor/assets/lib/eicons/css/elementor-icons.min.css?ver=5.29.0 HTTP/1.0" 304 663 "https://tuerk.inglory.de/" "Mozilla/5.0 (Macintosh; Intel Mac OS X 10_15_7) AppleWebKit/537.36 (KHTML, like Gecko) Chrome/123.0.0.0 Safari/537.36"
94.31.72.196 - - [08/May/2024:15:25:58 +0200] "GET /wp-content/plugins/elementor/assets/css/theme-light.min.css?ver=3.21.4 HTTP/1.0" 304 662 "https://tuerk.inglory.de/" "Mozilla/5.0 (Macintosh; Intel Mac OS X 10_15_7) AppleWebKit/537.36 (KHTML, like Gecko) Chrome/123.0.0.0 Safari/537.36"
94.31.72.196 - - [08/May/2024:15:25:58 +0200] "GET /wp-content/plugins/elementor/assets/css/common.min.css?ver=3.21.4 HTTP/1.0" 304 663 "https://tuerk.inglory.de/" "Mozilla/5.0 (Macintosh; Intel Mac OS X 10_15_7) AppleWebKit/537.36 (KHTML, like Gecko) Chrome/123.0.0.0 Safari/537.36"
94.31.72.196 - - [08/May/2024:15:25:58 +0200] "GET /wp-content/uploads/elementor/css/custom-frontend-lite.min.css?ver=1715174756 HTTP/1.0" 200 14739 "https://tuerk.inglory.de/" "Mozilla/5.0 (Macintosh; Intel Mac OS X 10_15_7) AppleWebKit/537.36 (KHTML, like Gecko) Chrome/123.0.0.0 Safari/537.36"
94.31.72.196 - - [08/May/2024:15:25:58 +0200] "GET /wp-content/uploads/elementor/css/custom-pro-frontend-lite.min.css?ver=1715174757 HTTP/1.0" 200 2437 "https://tuerk.inglory.de/" "Mozilla/5.0 (Macintosh; Intel Mac OS X 10_15_7) AppleWebKit/537.36 (KHTML, like Gecko) Chrome/123.0.0.0 Safari/537.36"
94.31.72.196 - - [08/May/2024:15:25:58 +0200] "GET /wp-content/uploads/elementor/css/custom-pro-widget-nav-menu.min.css?ver=1715174757 HTTP/1.0" 200 4271 "https://tuerk.inglory.de/" "Mozilla/5.0 (Macintosh; Intel Mac OS X 10_15_7) AppleWebKit/537.36 (KHTML, like Gecko) Chrome/123.0.0.0 Safari/537.36"
94.31.72.196 - - [08/May/2024:15:25:58 +0200] "GET /wp-content/uploads/elementor/css/custom-widget-icon-list.min.css?ver=1715174757 HTTP/1.0" 200 1903 "https://tuerk.inglory.de/" "Mozilla/5.0 (Macintosh; Intel Mac OS X 10_15_7) AppleWebKit/537.36 (KHTML, like Gecko) Chrome/123.0.0.0 Safari/537.36"
94.31.72.196 - - [08/May/2024:15:25:58 +0200] "GET /wp-content/plugins/elementor/assets/js/web-cli.min.js,qver=3.21.4.pagespeed.ce.1xdjxa8rIW.js HTTP/1.0" 200 42115 "https://tuerk.inglory.de/" "Mozilla/5.0 (Macintosh; Intel Mac OS X 10_15_7) AppleWebKit/537.36 (KHTML, like Gecko) Chrome/123.0.0.0 Safari/537.36"
94.31.72.196 - - [08/May/2024:15:25:58 +0200] "GET /wp-includes/js/dist/vendor/wp-polyfill-inert.min.js,qver==3.1.2+regenerator-runtime.min.js,qver==0.14.0+wp-polyfill.min.js,qver==3.15.0+react.min.js,qver==18.2.0.pagespeed.jc.-9T4zPS_ul.js HTTP/1.0" 200 23458 "https://tuerk.inglory.de/" "Mozilla/5.0 (Macintosh; Intel Mac OS X 10_15_7) AppleWebKit/537.36 (KHTML, like Gecko) Chrome/123.0.0.0 Safari/537.36"
94.31.72.196 - - [08/May/2024:15:25:58 +0200] "GET /wp-includes/js/dist/vendor/react-dom.min.js,qver=18.2.0.pagespeed.jm.xis6nfi-fn.js HTTP/1.0" 200 130519 "https://tuerk.inglory.de/" "Mozilla/5.0 (Macintosh; Intel Mac OS X 10_15_7) AppleWebKit/537.36 (KHTML, like Gecko) Chrome/123.0.0.0 Safari/537.36"
94.31.72.196 - - [08/May/2024:15:25:58 +0200] "GET /wp-content/plugins/pro-elements/assets/js/notes/notes.min.js?ver=3.21.0 HTTP/1.0" 304 663 "https://tuerk.inglory.de/" "Mozilla/5.0 (Macintosh; Intel Mac OS X 10_15_7) AppleWebKit/537.36 (KHTML, like Gecko) Chrome/123.0.0.0 Safari/537.36"
94.31.72.196 - - [08/May/2024:15:25:58 +0200] "GET /wp-content/plugins/pro-elements/assets/js/notes/notes-app-initiator.min.js?ver=3.21.0 HTTP/1.0" 304 662 "https://tuerk.inglory.de/" "Mozilla/5.0 (Macintosh; Intel Mac OS X 10_15_7) AppleWebKit/537.36 (KHTML, like Gecko) Chrome/123.0.0.0 Safari/537.36"
94.31.72.196 - - [08/May/2024:15:25:58 +0200] "GET /wp-includes/js/admin-bar.min.js,qver=6.5.3.pagespeed.jm.YQM-xBuP_4.js HTTP/1.0" 200 2363 "https://tuerk.inglory.de/" "Mozilla/5.0 (Macintosh; Intel Mac OS X 10_15_7) AppleWebKit/537.36 (KHTML, like Gecko) Chrome/123.0.0.0 Safari/537.36"
94.31.72.196 - - [08/May/2024:15:25:58 +0200] "GET /wp-includes/js/jquery/ui/core.min.js?ver=1.13.2 HTTP/1.0" 304 663 "https://tuerk.inglory.de/" "Mozilla/5.0 (Macintosh; Intel Mac OS X 10_15_7) AppleWebKit/537.36 (KHTML, like Gecko) Chrome/123.0.0.0 Safari/537.36"
94.31.72.196 - - [08/May/2024:15:25:58 +0200] "GET /wp-includes/js/jquery/ui/mouse.min.js?ver=1.13.2 HTTP/1.0" 304 662 "https://tuerk.inglory.de/" "Mozilla/5.0 (Macintosh; Intel Mac OS X 10_15_7) AppleWebKit/537.36 (KHTML, like Gecko) Chrome/123.0.0.0 Safari/537.36"
94.31.72.196 - - [08/May/2024:15:25:58 +0200] "GET /wp-includes/js/underscore.min.js?ver=1.13.4 HTTP/1.0" 304 663 "https://tuerk.inglory.de/" "Mozilla/5.0 (Macintosh; Intel Mac OS X 10_15_7) AppleWebKit/537.36 (KHTML, like Gecko) Chrome/123.0.0.0 Safari/537.36"
94.31.72.196 - - [08/May/2024:15:25:58 +0200] "GET /wp-content/plugins/elementor/assets/lib/backbone/backbone.marionette.min.js?ver=2.4.5.e1 HTTP/1.0" 304 663 "https://tuerk.inglory.de/" "Mozilla/5.0 (Macintosh; Intel Mac OS X 10_15_7) AppleWebKit/537.36 (KHTML, like Gecko) Chrome/123.0.0.0 Safari/537.36"
94.31.72.196 - - [08/May/2024:15:25:58 +0200] "GET /wp-content/plugins/elementor/assets/lib/backbone/backbone.radio.min.js?ver=1.0.4 HTTP/1.0" 304 662 "https://tuerk.inglory.de/" "Mozilla/5.0 (Macintosh; Intel Mac OS X 10_15_7) AppleWebKit/537.36 (KHTML, like Gecko) Chrome/123.0.0.0 Safari/537.36"
94.31.72.196 - - [08/May/2024:15:25:58 +0200] "GET /wp-content/plugins/elementor/assets/lib/dialog/dialog.min.js?ver=4.9.0 HTTP/1.0" 304 663 "https://tuerk.inglory.de/" "Mozilla/5.0 (Macintosh; Intel Mac OS X 10_15_7) AppleWebKit/537.36 (KHTML, like Gecko) Chrome/123.0.0.0 Safari/537.36"
94.31.72.196 - - [08/May/2024:15:25:58 +0200] "GET /wp-content/plugins/elementor/assets/js/dev-tools.min.js?ver=3.21.4 HTTP/1.0" 304 663 "https://tuerk.inglory.de/" "Mozilla/5.0 (Macintosh; Intel Mac OS X 10_15_7) AppleWebKit/537.36 (KHTML, like Gecko) Chrome/123.0.0.0 Safari/537.36"
94.31.72.196 - - [08/May/2024:15:25:58 +0200] "GET /wp-content/plugins/elementor/assets/js/frontend-modules.min.js?ver=3.21.4 HTTP/1.0" 200 18496 "https://tuerk.inglory.de/" "Mozilla/5.0 (Macintosh; Intel Mac OS X 10_15_7) AppleWebKit/537.36 (KHTML, like Gecko) Chrome/123.0.0.0 Safari/537.36"
94.31.72.196 - - [08/May/2024:15:25:58 +0200] "GET /wp-includes/js/hoverintent-js.min.js?ver=2.2.1 HTTP/1.0" 304 662 "https://tuerk.inglory.de/" "Mozilla/5.0 (Macintosh; Intel Mac OS X 10_15_7) AppleWebKit/537.36 (KHTML, like Gecko) Chrome/123.0.0.0 Safari/537.36"
94.130.90.54 - - [08/May/2024:15:25:58 +0200] "GET /wp-content/themes/hub/assets/vendors/isotope/isotope.pkgd.min.js HTTP/1.1" 200 40735 "https://tuerk.inglory.de/" "Serf/1.3.9 (mod_pagespeed/1.13.35.2-0)"
94.130.90.54 - - [08/May/2024:15:25:58 +0200] "GET /wp-content/themes/hub/assets/vendors/flickity/flickity.pkgd.min.js HTTP/1.1" 200 61760 "https://tuerk.inglory.de/" "Serf/1.3.9 (mod_pagespeed/1.13.35.2-0)"
94.31.72.196 - - [08/May/2024:15:25:58 +0200] "GET /wp-content/plugins/elementor/assets/js/common.min.js,qver=3.21.4.pagespeed.ce.toRpeTz3gv.js HTTP/1.0" 200 38394 "https://tuerk.inglory.de/" "Mozilla/5.0 (Macintosh; Intel Mac OS X 10_15_7) AppleWebKit/537.36 (KHTML, like Gecko) Chrome/123.0.0.0 Safari/537.36"
94.31.72.196 - - [08/May/2024:15:25:58 +0200] "GET /wp-content/themes/hub/assets/vendors/isotope/isotope.pkgd.min.js.pagespeed.jm.fq6kcpv3wV.js HTTP/1.0" 200 10645 "https://tuerk.inglory.de/" "Mozilla/5.0 (Macintosh; Intel Mac OS X 10_15_7) AppleWebKit/537.36 (KHTML, like Gecko) Chrome/123.0.0.0 Safari/537.36"
94.31.72.196 - - [08/May/2024:15:25:58 +0200] "GET /wp-content/themes/hub/assets/vendors/flickity/flickity.pkgd.min.js.pagespeed.jm.nLHjuJJPVu.js HTTP/1.0" 200 14736 "https://tuerk.inglory.de/" "Mozilla/5.0 (Macintosh; Intel Mac OS X 10_15_7) AppleWebKit/537.36 (KHTML, like Gecko) Chrome/123.0.0.0 Safari/537.36"
94.31.72.196 - - [08/May/2024:15:25:58 +0200] "POST /mod_pagespeed_beacon?url=https%3A%2F%2Ftuerk.inglory.de%2F HTTP/1.0" 204 669 "https://tuerk.inglory.de/" "Mozilla/5.0 (Macintosh; Intel Mac OS X 10_15_7) AppleWebKit/537.36 (KHTML, like Gecko) Chrome/123.0.0.0 Safari/537.36"
94.31.72.196 - - [08/May/2024:15:25:58 +0200] "GET /wp-json/contact-form-7/v1/contact-forms/53/feedback/schema HTTP/1.0" 200 1411 "https://tuerk.inglory.de/" "Mozilla/5.0 (Macintosh; Intel Mac OS X 10_15_7) AppleWebKit/537.36 (KHTML, like Gecko) Chrome/123.0.0.0 Safari/537.36"
94.31.72.196 - - [08/May/2024:15:25:58 +0200] "GET /wp-content/uploads/6666ad47e9699fa420ba6c220b9b3b9d.jpg HTTP/1.0" 200 98092 "https://tuerk.inglory.de/" "Mozilla/5.0 (Macintosh; Intel Mac OS X 10_15_7) AppleWebKit/537.36 (KHTML, like Gecko) Chrome/123.0.0.0 Safari/537.36"
94.31.72.196 - - [08/May/2024:15:25:59 +0200] "GET /wp-content/uploads/tuerk_01_1000_555x.webp HTTP/1.0" 304 663 "https://tuerk.inglory.de/" "Mozilla/5.0 (Macintosh; Intel Mac OS X 10_15_7) AppleWebKit/537.36 (KHTML, like Gecko) Chrome/123.0.0.0 Safari/537.36"
94.31.72.196 - - [08/May/2024:15:25:58 +0200] "GET /wp-content/uploads/x432260335_18309214555180546_3128400243577085945_n.jpg.pagespeed.ic.oGHebsBGcF.webp HTTP/1.0" 200 222074 "https://tuerk.inglory.de/" "Mozilla/5.0 (Macintosh; Intel Mac OS X 10_15_7) AppleWebKit/537.36 (KHTML, like Gecko) Chrome/123.0.0.0 Safari/537.36"
94.31.72.196 - - [08/May/2024:15:25:59 +0200] "GET /wp-content/uploads/83ef3106-af82-4c1d-ac60-e6a98d438584.jpg HTTP/1.0" 304 671 "https://tuerk.inglory.de/" "Mozilla/5.0 (Macintosh; Intel Mac OS X 10_15_7) AppleWebKit/537.36 (KHTML, like Gecko) Chrome/123.0.0.0 Safari/537.36"
94.31.72.196 - - [08/May/2024:15:25:59 +0200] "GET /wp-content/uploads/432260335_18309214555180546_3128400243577085945_n.jpg HTTP/1.0" 200 216666 "https://tuerk.inglory.de/" "Mozilla/5.0 (Macintosh; Intel Mac OS X 10_15_7) AppleWebKit/537.36 (KHTML, like Gecko) Chrome/123.0.0.0 Safari/537.36"
94.31.72.196 - - [08/May/2024:15:25:59 +0200] "GET /wp-content/uploads/73d2b601cf749ad429b331b2d6d8cd02.jpg HTTP/1.0" 200 76606 "https://tuerk.inglory.de/" "Mozilla/5.0 (Macintosh; Intel Mac OS X 10_15_7) AppleWebKit/537.36 (KHTML, like Gecko) Chrome/123.0.0.0 Safari/537.36"
94.31.72.196 - - [08/May/2024:15:25:59 +0200] "GET /wp-content/uploads/emotionheader26580211_1.jpeg HTTP/1.0" 200 94067 "https://tuerk.inglory.de/" "Mozilla/5.0 (Macintosh; Intel Mac OS X 10_15_7) AppleWebKit/537.36 (KHTML, like Gecko) Chrome/123.0.0.0 Safari/537.36"
94.31.72.196 - - [08/May/2024:15:25:59 +0200] "GET /wp-content/uploads/cc19b4bae80aac74d59fce0f0a9aaa9c.jpg HTTP/1.0" 200 96194 "https://tuerk.inglory.de/" "Mozilla/5.0 (Macintosh; Intel Mac OS X 10_15_7) AppleWebKit/537.36 (KHTML, like Gecko) Chrome/123.0.0.0 Safari/537.36"
94.31.72.196 - - [08/May/2024:15:25:59 +0200] "GET /wp-content/uploads/x432263564_18309579112180546_203085280539664659_n.jpg.pagespeed.ic.xaPaMFzH97.webp HTTP/1.0" 200 253273 "https://tuerk.inglory.de/" "Mozilla/5.0 (Macintosh; Intel Mac OS X 10_15_7) AppleWebKit/537.36 (KHTML, like Gecko) Chrome/123.0.0.0 Safari/537.36"
94.31.72.196 - - [08/May/2024:15:25:59 +0200] "GET /wp-content/uploads/am_logo_v02-1.svg HTTP/1.0" 304 663 "https://tuerk.inglory.de/" "Mozilla/5.0 (Macintosh; Intel Mac OS X 10_15_7) AppleWebKit/537.36 (KHTML, like Gecko) Chrome/123.0.0.0 Safari/537.36"
94.31.72.196 - - [08/May/2024:15:25:59 +0200] "GET /wp-content/uploads/logo_HUSSEL_Confiserie.svg HTTP/1.0" 304 663 "https://tuerk.inglory.de/" "Mozilla/5.0 (Macintosh; Intel Mac OS X 10_15_7) AppleWebKit/537.36 (KHTML, like Gecko) Chrome/123.0.0.0 Safari/537.36"
94.31.72.196 - - [08/May/2024:15:25:59 +0200] "GET /wp-content/uploads/schneiderlogo.svg HTTP/1.0" 304 663 "https://tuerk.inglory.de/" "Mozilla/5.0 (Macintosh; Intel Mac OS X 10_15_7) AppleWebKit/537.36 (KHTML, like Gecko) Chrome/123.0.0.0 Safari/537.36"
94.31.72.196 - - [08/May/2024:15:25:59 +0200] "GET /wp-content/uploads/suedpfalz.png HTTP/1.0" 200 267309 "https://tuerk.inglory.de/" "Mozilla/5.0 (Macintosh; Intel Mac OS X 10_15_7) AppleWebKit/537.36 (KHTML, like Gecko) Chrome/123.0.0.0 Safari/537.36"
94.31.72.196 - - [08/May/2024:15:25:59 +0200] "GET /wp-content/uploads/xsuedpfalz.png.pagespeed.ic.6LpftJe1Dc.webp HTTP/1.0" 200 183162 "https://tuerk.inglory.de/" "Mozilla/5.0 (Macintosh; Intel Mac OS X 10_15_7) AppleWebKit/537.36 (KHTML, like Gecko) Chrome/123.0.0.0 Safari/537.36"
94.31.72.196 - - [08/May/2024:15:25:59 +0200] "GET /wp-content/uploads/Logo_INTERGAST_ohneClaim.png HTTP/1.0" 200 4918 "https://tuerk.inglory.de/" "Mozilla/5.0 (Macintosh; Intel Mac OS X 10_15_7) AppleWebKit/537.36 (KHTML, like Gecko) Chrome/123.0.0.0 Safari/537.36"
94.31.72.196 - - [08/May/2024:15:25:59 +0200] "GET /wp-content/uploads/frechverlag-4c.png HTTP/1.0" 200 9027 "https://tuerk.inglory.de/" "Mozilla/5.0 (Macintosh; Intel Mac OS X 10_15_7) AppleWebKit/537.36 (KHTML, like Gecko) Chrome/123.0.0.0 Safari/537.36"
94.31.72.196 - - [08/May/2024:15:25:59 +0200] "GET /wp-content/uploads/topp-verlag-vector-logo.svg HTTP/1.0" 304 662 "https://tuerk.inglory.de/" "Mozilla/5.0 (Macintosh; Intel Mac OS X 10_15_7) AppleWebKit/537.36 (KHTML, like Gecko) Chrome/123.0.0.0 Safari/537.36"
94.31.72.196 - - [08/May/2024:15:26:06 +0200] "POST /wp-admin/admin-ajax.php HTTP/1.0" 200 1117 "https://tuerk.inglory.de/wp-admin/post.php?post=6028&action=elementor" "Mozilla/5.0 (Macintosh; Intel Mac OS X 10_15_7) AppleWebKit/537.36 (KHTML, like Gecko) Chrome/123.0.0.0 Safari/537.36"
94.31.72.196 - - [08/May/2024:15:26:10 +0200] "POST /wp-admin/admin-ajax.php HTTP/1.0" 200 1087 "https://tuerk.inglory.de/wp-admin/" "Mozilla/5.0 (Macintosh; Intel Mac OS X 10_15_7) AppleWebKit/537.36 (KHTML, like Gecko) Chrome/123.0.0.0 Safari/537.36"
94.130.90.54 - - [08/May/2024:15:26:14 +0200] "GET /wp-content/uploads/803390.R1_1_x.webp HTTP/1.0" 200 471844 "-" "-"
94.130.90.54 - - [08/May/2024:15:26:14 +0200] "GET /wp-content/uploads/cache_43060808.jpeg HTTP/1.1" 200 187741 "https://tuerk.inglory.de/galerie/" "Serf/1.3.9 (mod_pagespeed/1.13.35.2-0)"
94.31.72.196 - - [08/May/2024:15:26:13 +0200] "GET /galerie/ HTTP/1.0" 200 42021 "https://tuerk.inglory.de/?elementor_library=footer&elementor-preview=6028&ver=1715174735" "Mozilla/5.0 (Macintosh; Intel Mac OS X 10_15_7) AppleWebKit/537.36 (KHTML, like Gecko) Chrome/123.0.0.0 Safari/537.36"
94.31.72.196 - - [08/May/2024:15:26:14 +0200] "GET /impressum/ HTTP/1.0" 200 33438 "https://tuerk.inglory.de/?elementor_library=footer&elementor-preview=6028&ver=1715174735" "Mozilla/5.0 (Macintosh; Intel Mac OS X 10_15_7) AppleWebKit/537.36 (KHTML, like Gecko) Chrome/123.0.0.0 Safari/537.36"
94.31.72.196 - - [08/May/2024:15:26:14 +0200] "GET /datenschutz/ HTTP/1.0" 200 33437 "https://tuerk.inglory.de/?elementor_library=footer&elementor-preview=6028&ver=1715174735" "Mozilla/5.0 (Macintosh; Intel Mac OS X 10_15_7) AppleWebKit/537.36 (KHTML, like Gecko) Chrome/123.0.0.0 Safari/537.36"
94.31.72.196 - - [08/May/2024:15:26:17 +0200] "POST /wp-admin/admin-ajax.php HTTP/1.0" 200 1087 "https://tuerk.inglory.de/wp-admin/edit.php?post_type=elementor_library" "Mozilla/5.0 (Macintosh; Intel Mac OS X 10_15_7) AppleWebKit/537.36 (KHTML, like Gecko) Chrome/123.0.0.0 Safari/537.36"
94.130.90.54 - - [08/May/2024:20:19:19 +0200] "POST /wp-cron.php?doing_wp_cron=1715192359.0431458950042724609375 HTTP/1.0" 200 839 "-" "WordPress/6.5.3; https://tuerk.inglory.de"
20.127.157.200 - - [08/May/2024:20:19:18 +0200] "GET /.env HTTP/1.0" 404 93560 "-" "Mozilla/5.0 (Linux; Android 8.0.0; SAMSUNG-SM-G891A) AppleWebKit/537.36 (KHTML, like Gecko) Chrome/76.0.3809.111 Mobile Safari/537.36"
94.130.90.54 - - [08/May/2024:21:56:16 +0200] "POST /wp-cron.php?doing_wp_cron=1715198176.2694981098175048828125 HTTP/1.0" 200 839 "-" "WordPress/6.5.3; https://tuerk.inglory.de"
103.102.228.23 - - [08/May/2024:21:56:15 +0200] "GET /.env HTTP/1.0" 404 93560 "-" "Mozilla/5.0 (X11; Linux x86_64) AppleWebKit/537.36 (KHTML, like Gecko) Chrome/71.0.3578.80 Safari/537.36"
94.130.90.54 - - [09/May/2024:00:00:49 +0200] "POST /wp-cron.php?doing_wp_cron=1715205649.2027349472045898437500 HTTP/1.0" 200 839 "-" "WordPress/6.5.3; https://tuerk.inglory.de"
3.84.118.17 - - [09/May/2024:00:00:48 +0200] "GET /.git/config HTTP/1.0" 404 95009 "-" "Mozilla/5.0 (Linux; Android 9; G8343 Build/47.2.A.10.107; wv) AppleWebKit/537.36 (KHTML, like Gecko) Version/4.0 Chrome/76.0.3809.111 Mobile Safari/537.36 [FB_IAB/Orca-Android;FBAV/229.1.0.17.118;]"
94.130.90.54 - - [09/May/2024:05:24:02 +0200] "POST /wp-cron.php?doing_wp_cron=1715225042.9712049961090087890625 HTTP/1.0" 200 839 "-" "WordPress/6.5.3; https://tuerk.inglory.de"
94.130.90.54 - - [09/May/2024:17:35:36 +0200] "POST /wp-cron.php?doing_wp_cron=1715268936.7114748954772949218750 HTTP/1.0" 200 839 "-" "WordPress/6.5.3; https://tuerk.inglory.de"
203.55.81.29 - - [09/May/2024:17:35:36 +0200] "GET /.git/config HTTP/1.0" 404 93560 "-" "Mozilla/5.0 (Linux; Android 6.0; NCE-AL00 Build/HUAWEINCE-AL00; wv) AppleWebKit/537.36 (KHTML, like Gecko) Version/4.0 Chrome/66.0.3359.126 MQQBrowser/6.2 TBS/044813 Mobile Safari/537.36 MMWEBID/6904 MicroMessenger/7.0.6.1460(0x27000634) Process/tools NetType/4G Language/zh_CN"
94.130.90.54 - - [09/May/2024:19:03:50 +0200] "POST /wp-cron.php?doing_wp_cron=1715274230.3325700759887695312500 HTTP/1.0" 200 839 "-" "WordPress/6.5.3; https://tuerk.inglory.de"
203.55.81.29 - - [09/May/2024:19:03:49 +0200] "GET /.git/config HTTP/1.0" 404 93560 "-" "Mozilla/5.0 (Windows; U; Windows NT 6.0; en-US) AppleWebKit/527 (KHTML, like Gecko, Safari/419.3) Arora/0.6 (Change: )"
94.130.90.54 - - [09/May/2024:20:11:08 +0200] "POST /wp-cron.php?doing_wp_cron=1715278268.1637189388275146484375 HTTP/1.0" 200 839 "-" "WordPress/6.5.3; https://tuerk.inglory.de"
203.55.81.29 - - [09/May/2024:20:11:07 +0200] "GET /.git/config HTTP/1.0" 404 93560 "-" "Mozilla/5.0 (Macintosh; Intel Mac OS X 10_14_6) AppleWebKit/537.36 (KHTML, like Gecko) Chrome/75.0.3770.142 Safari/537.36"
94.130.90.54 - - [10/May/2024:03:23:39 +0200] "POST /wp-cron.php?doing_wp_cron=1715304219.0268039703369140625000 HTTP/1.0" 200 839 "-" "WordPress/6.5.3; https://tuerk.inglory.de"
94.130.90.54 - - [10/May/2024:03:23:39 +0200] "GET /wp-content/uploads/803390.R1_1_x.webp HTTP/1.0" 200 471872 "-" "-"
94.130.90.54 - - [10/May/2024:03:23:39 +0200] "GET /wp-content/uploads/VOX_Logo_2013.svg HTTP/1.0" 200 695966 "-" "-"
94.130.90.54 - - [10/May/2024:03:23:39 +0200] "GET /wp-content/uploads/RTL.de_Logo_2021_united.svg HTTP/1.0" 200 1562 "-" "-"
94.130.90.54 - - [10/May/2024:03:23:39 +0200] "GET /wp-content/uploads/am_logo_v02.svg HTTP/1.0" 200 6924 "-" "-"
94.130.90.54 - - [10/May/2024:03:23:39 +0200] "GET /wp-content/uploads/tuerk_01_1000_555x.webp HTTP/1.0" 200 26436 "-" "-"
94.130.90.54 - - [10/May/2024:03:23:39 +0200] "GET /wp-content/uploads/83ef3106-af82-4c1d-ac60-e6a98d438584.jpg HTTP/1.0" 200 104220 "-" "-"
94.130.90.54 - - [10/May/2024:03:23:39 +0200] "GET /wp-content/uploads/83ef3106-af82-4c1d-ac60-e6a98d438584.jpg HTTP/1.0" 200 104293 "-" "-"
94.130.90.54 - - [10/May/2024:03:23:39 +0200] "GET /wp-content/uploads/5a2ecb5e6b7996134d0a69ce115b48f3.jpg HTTP/1.0" 200 73700 "-" "-"
94.130.90.54 - - [10/May/2024:03:23:39 +0200] "GET /wp-content/uploads/432465468_18310072705180546_4112574030022213084_n.jpg HTTP/1.0" 200 158099 "-" "-"
94.130.90.54 - - [10/May/2024:03:23:39 +0200] "GET /wp-content/uploads/6666ad47e9699fa420ba6c220b9b3b9d.jpg HTTP/1.0" 200 98011 "-" "-"
94.130.90.54 - - [10/May/2024:03:23:39 +0200] "GET /wp-content/uploads/432260335_18309214555180546_3128400243577085945_n.jpg HTTP/1.0" 200 221898 "-" "-"
94.130.90.54 - - [10/May/2024:03:23:39 +0200] "GET /wp-content/uploads/emotionheader26580211_1.jpeg HTTP/1.0" 200 158873 "-" "-"
94.130.90.54 - - [10/May/2024:03:23:39 +0200] "GET /wp-content/uploads/cc19b4bae80aac74d59fce0f0a9aaa9c.jpg HTTP/1.0" 200 96113 "-" "-"
94.130.90.54 - - [10/May/2024:03:23:39 +0200] "GET /wp-content/uploads/432263564_18309579112180546_203085280539664659_n-1.jpg HTTP/1.0" 200 305092 "-" "-"
94.130.90.54 - - [10/May/2024:03:23:39 +0200] "GET /wp-content/uploads/73d2b601cf749ad429b331b2d6d8cd02.jpg HTTP/1.0" 200 76525 "-" "-"
94.130.90.54 - - [10/May/2024:03:23:39 +0200] "GET /wp-content/uploads/am_logo_v02-1.svg HTTP/1.0" 200 6924 "-" "-"
94.130.90.54 - - [10/May/2024:03:23:39 +0200] "GET /wp-content/uploads/logo_HUSSEL_Confiserie.svg HTTP/1.0" 200 10170 "-" "-"
94.130.90.54 - - [10/May/2024:03:23:39 +0200] "GET /wp-content/uploads/frechverlag-4c.png HTTP/1.0" 200 17157 "-" "-"
94.130.90.54 - - [10/May/2024:03:23:39 +0200] "GET /wp-content/uploads/schneiderlogo.svg HTTP/1.0" 200 15672 "-" "-"
94.130.90.54 - - [10/May/2024:03:23:39 +0200] "GET /wp-content/uploads/suedpfalz.png HTTP/1.0" 200 275291 "-" "-"
94.130.90.54 - - [10/May/2024:03:23:40 +0200] "GET /wp-content/uploads/Logo_INTERGAST_ohneClaim.png HTTP/1.0" 200 7788 "-" "-"
94.130.90.54 - - [10/May/2024:03:23:40 +0200] "GET /wp-content/uploads/2000px-ABB_logo.svg.png HTTP/1.0" 200 32098 "-" "-"
94.130.90.54 - - [10/May/2024:03:23:40 +0200] "GET /wp-content/uploads/topp-verlag-vector-logo.svg HTTP/1.0" 200 4307 "-" "-"
94.130.90.54 - - [10/May/2024:03:23:40 +0200] "GET /wp-content/plugins/contact-form-7/includes/css/styles.css?ver=5.9.3 HTTP/1.1" 304 3388 "https://tuerk.inglory.de/" "Serf/1.3.9 (mod_pagespeed/1.13.35.2-0)"
94.130.90.54 - - [10/May/2024:03:23:40 +0200] "GET /wp-content/plugins/hub-core/extras/redux-framework/redux-core/assets/css/extendify-utilities.css?ver=4.4.12.2 HTTP/1.1" 304 3389 "https://tuerk.inglory.de/" "Serf/1.3.9 (mod_pagespeed/1.13.35.2-0)"
94.130.90.54 - - [10/May/2024:03:23:40 +0200] "GET /wp-content/themes/hub/assets/vendors/bootstrap/css/bootstrap.min.css HTTP/1.1" 304 3389 "https://tuerk.inglory.de/" "Serf/1.3.9 (mod_pagespeed/1.13.35.2-0)"
94.130.90.54 - - [10/May/2024:03:23:40 +0200] "GET /wp-content/themes/hub/style.css HTTP/1.1" 304 3388 "https://tuerk.inglory.de/" "Serf/1.3.9 (mod_pagespeed/1.13.35.2-0)"
94.130.90.54 - - [10/May/2024:03:23:40 +0200] "GET /wp-content/themes/hub/assets/css/elements/base/typography.css HTTP/1.1" 304 3388 "https://tuerk.inglory.de/" "Serf/1.3.9 (mod_pagespeed/1.13.35.2-0)"
104.166.80.143 - - [10/May/2024:03:23:38 +0200] "GET / HTTP/1.0" 200 43555 "-" "Mozilla/5.0 (X11; Linux i686; rv:109.0) Gecko/20100101 Firefox/120.0"
94.130.90.54 - - [10/May/2024:03:23:40 +0200] "GET /wp-content/plugins/elementor/assets/lib/swiper/v8/css/swiper.min.css?ver=8.4.5 HTTP/1.1" 304 3389 "https://tuerk.inglory.de/" "Serf/1.3.9 (mod_pagespeed/1.13.35.2-0)"
94.130.90.54 - - [10/May/2024:03:23:40 +0200] "GET /wp-content/plugins/hub-elementor-addons/assets/css/theme-elementor.min.css?ver=4.3 HTTP/1.1" 304 3390 "https://tuerk.inglory.de/" "Serf/1.3.9 (mod_pagespeed/1.13.35.2-0)"
94.130.90.54 - - [10/May/2024:03:23:40 +0200] "GET /wp-content/plugins/elementor/assets/lib/e-gallery/css/e-gallery.min.css?ver=1.2.0 HTTP/1.1" 304 3388 "https://tuerk.inglory.de/" "Serf/1.3.9 (mod_pagespeed/1.13.35.2-0)"
94.130.90.54 - - [10/May/2024:03:23:40 +0200] "GET /wp-content/themes/hub/assets/vendors/liquid-icon/lqd-essentials/lqd-essentials.min.css HTTP/1.1" 304 3388 "https://tuerk.inglory.de/" "Serf/1.3.9 (mod_pagespeed/1.13.35.2-0)"
94.130.90.54 - - [10/May/2024:03:23:40 +0200] "GET /wp-content/themes/hub/assets/vendors/fresco/js/fresco.js HTTP/1.1" 304 3390 "https://tuerk.inglory.de/" "Serf/1.3.9 (mod_pagespeed/1.13.35.2-0)"
94.130.90.54 - - [10/May/2024:03:23:40 +0200] "GET /wp-content/themes/hub/assets/vendors/lity/lity.min.js HTTP/1.1" 304 3389 "https://tuerk.inglory.de/" "Serf/1.3.9 (mod_pagespeed/1.13.35.2-0)"
94.130.90.54 - - [10/May/2024:03:23:40 +0200] "GET /wp-content/themes/hub/assets/vendors/gsap/minified/ScrollTrigger.min.js HTTP/1.1" 304 3389 "https://tuerk.inglory.de/" "Serf/1.3.9 (mod_pagespeed/1.13.35.2-0)"
94.130.90.54 - - [10/May/2024:03:23:40 +0200] "GET /wp-content/themes/hub/assets/vendors/fontfaceobserver.js HTTP/1.1" 304 3389 "https://tuerk.inglory.de/" "Serf/1.3.9 (mod_pagespeed/1.13.35.2-0)"
94.130.90.54 - - [10/May/2024:03:23:40 +0200] "GET /wp-content/themes/hub/assets/vendors/intersection-observer.js HTTP/1.1" 304 3389 "https://tuerk.inglory.de/" "Serf/1.3.9 (mod_pagespeed/1.13.35.2-0)"
94.130.90.54 - - [10/May/2024:03:23:40 +0200] "GET /wp-content/themes/hub/assets/vendors/lazyload.min.js HTTP/1.1" 304 3389 "https://tuerk.inglory.de/" "Serf/1.3.9 (mod_pagespeed/1.13.35.2-0)"
94.130.90.54 - - [10/May/2024:03:23:40 +0200] "GET /wp-content/themes/hub/assets/vendors/tinycolor-min.js HTTP/1.1" 304 3389 "https://tuerk.inglory.de/" "Serf/1.3.9 (mod_pagespeed/1.13.35.2-0)"
94.130.90.54 - - [10/May/2024:03:23:40 +0200] "GET /wp-content/themes/hub/assets/vendors/gsap/utils/SplitText.min.js HTTP/1.1" 200 19069 "https://tuerk.inglory.de/" "Serf/1.3.9 (mod_pagespeed/1.13.35.2-0)"
94.130.90.54 - - [10/May/2024:03:23:40 +0200] "GET /wp-content/plugins/pro-elements/assets/lib/smartmenus/jquery.smartmenus.min.js?ver=1.2.1 HTTP/1.1" 200 27698 "https://tuerk.inglory.de/" "Serf/1.3.9 (mod_pagespeed/1.13.35.2-0)"
94.130.90.54 - - [10/May/2024:03:23:40 +0200] "GET /wp-content/themes/hub/assets/vendors/isotope/isotope.pkgd.min.js HTTP/1.1" 304 3389 "https://tuerk.inglory.de/" "Serf/1.3.9 (mod_pagespeed/1.13.35.2-0)"
94.130.90.54 - - [10/May/2024:03:23:40 +0200] "GET /wp-content/themes/hub/assets/vendors/isotope/packery-mode.pkgd.min.js HTTP/1.1" 200 17185 "https://tuerk.inglory.de/" "Serf/1.3.9 (mod_pagespeed/1.13.35.2-0)"
94.130.90.54 - - [10/May/2024:03:23:40 +0200] "GET /wp-content/plugins/elementor/assets/lib/e-gallery/js/e-gallery.min.js?ver=1.2.0 HTTP/1.1" 200 18907 "https://tuerk.inglory.de/" "Serf/1.3.9 (mod_pagespeed/1.13.35.2-0)"
94.130.90.54 - - [10/May/2024:03:23:40 +0200] "GET /wp-content/themes/hub/assets/vendors/flickity/flickity.pkgd.min.js HTTP/1.1" 304 3389 "https://tuerk.inglory.de/" "Serf/1.3.9 (mod_pagespeed/1.13.35.2-0)"
94.130.90.54 - - [10/May/2024:03:23:40 +0200] "GET /wp-content/themes/hub/assets/vendors/flickity/flickity-fade.min.js HTTP/1.1" 304 3388 "https://tuerk.inglory.de/" "Serf/1.3.9 (mod_pagespeed/1.13.35.2-0)"
94.130.90.54 - - [10/May/2024:03:23:40 +0200] "GET /wp-content/plugins/elementor/assets/js/frontend-modules.min.js?ver=3.21.4 HTTP/1.1" 304 3389 "https://tuerk.inglory.de/" "Serf/1.3.9 (mod_pagespeed/1.13.35.2-0)"
94.130.90.54 - - [10/May/2024:03:23:40 +0200] "GET /wp-includes/js/dist/vendor/wp-polyfill-inert.min.js?ver=3.1.2 HTTP/1.1" 304 3389 "https://tuerk.inglory.de/" "Serf/1.3.9 (mod_pagespeed/1.13.35.2-0)"
94.130.90.54 - - [10/May/2024:03:23:40 +0200] "GET /wp-includes/js/dist/vendor/regenerator-runtime.min.js?ver=0.14.0 HTTP/1.1" 304 3389 "https://tuerk.inglory.de/" "Serf/1.3.9 (mod_pagespeed/1.13.35.2-0)"
94.130.90.54 - - [10/May/2024:03:23:40 +0200] "GET /wp-includes/js/dist/vendor/wp-polyfill.min.js?ver=3.15.0 HTTP/1.1" 304 3389 "https://tuerk.inglory.de/" "Serf/1.3.9 (mod_pagespeed/1.13.35.2-0)"
94.130.90.54 - - [10/May/2024:03:23:40 +0200] "GET /wp-includes/js/dist/hooks.min.js?ver=2810c76e705dd1a53b18 HTTP/1.1" 304 3389 "https://tuerk.inglory.de/" "Serf/1.3.9 (mod_pagespeed/1.13.35.2-0)"
94.130.90.54 - - [10/May/2024:03:23:40 +0200] "GET /wp-includes/js/dist/i18n.min.js?ver=5e580eb46a90c2b997e6 HTTP/1.1" 304 3389 "https://tuerk.inglory.de/" "Serf/1.3.9 (mod_pagespeed/1.13.35.2-0)"
94.130.90.54 - - [10/May/2024:03:23:40 +0200] "GET /wp-content/plugins/pro-elements/assets/js/frontend.min.js?ver=3.21.0 HTTP/1.1" 304 3389 "https://tuerk.inglory.de/" "Serf/1.3.9 (mod_pagespeed/1.13.35.2-0)"
94.130.90.54 - - [10/May/2024:03:23:40 +0200] "GET /wp-content/plugins/elementor/assets/lib/waypoints/waypoints.min.js?ver=4.0.2 HTTP/1.1" 304 3389 "https://tuerk.inglory.de/" "Serf/1.3.9 (mod_pagespeed/1.13.35.2-0)"
94.130.90.54 - - [10/May/2024:03:23:40 +0200] "GET /wp-includes/js/jquery/ui/core.min.js?ver=1.13.2 HTTP/1.1" 200 25027 "https://tuerk.inglory.de/" "Serf/1.3.9 (mod_pagespeed/1.13.35.2-0)"
94.130.90.54 - - [10/May/2024:03:23:40 +0200] "GET /wp-content/themes/hub/favicon.png HTTP/1.1" 304 3388 "https://tuerk.inglory.de/" "Serf/1.3.9 (mod_pagespeed/1.13.35.2-0)"
94.130.90.54 - - [10/May/2024:03:23:40 +0200] "GET /wp-content/uploads/cropped-logo-32x32.jpg HTTP/1.1" 304 3388 "https://tuerk.inglory.de/" "Serf/1.3.9 (mod_pagespeed/1.13.35.2-0)"
94.130.90.54 - - [10/May/2024:03:23:40 +0200] "GET /wp-content/uploads/cropped-logo-192x192.jpg HTTP/1.1" 304 3389 "https://tuerk.inglory.de/" "Serf/1.3.9 (mod_pagespeed/1.13.35.2-0)"
94.130.90.54 - - [10/May/2024:03:23:40 +0200] "GET /wp-content/uploads/cropped-logo-180x180.jpg HTTP/1.1" 304 3388 "https://tuerk.inglory.de/" "Serf/1.3.9 (mod_pagespeed/1.13.35.2-0)"
94.130.90.54 - - [10/May/2024:03:23:40 +0200] "GET /wp-content/uploads/logo.jpg HTTP/1.1" 304 3388 "https://tuerk.inglory.de/" "Serf/1.3.9 (mod_pagespeed/1.13.35.2-0)"
94.130.90.54 - - [10/May/2024:03:23:40 +0200] "GET /wp-content/uploads/elementor/css/custom-pro-widget-nav-menu.min.css?ver=1715174757 HTTP/1.1" 304 3389 "https://tuerk.inglory.de/" "Serf/1.3.9 (mod_pagespeed/1.13.35.2-0)"
94.130.90.54 - - [10/May/2024:03:23:40 +0200] "GET /wp-content/plugins/pro-elements/assets/css/widget-loop-builder.min.css HTTP/1.1" 304 3389 "https://tuerk.inglory.de/" "Serf/1.3.9 (mod_pagespeed/1.13.35.2-0)"
94.130.90.54 - - [10/May/2024:03:23:40 +0200] "GET /wp-content/uploads/elementor/css/custom-widget-icon-list.min.css?ver=1715174757 HTTP/1.1" 304 3389 "https://tuerk.inglory.de/" "Serf/1.3.9 (mod_pagespeed/1.13.35.2-0)"
94.130.90.54 - - [10/May/2024:03:23:40 +0200] "GET /wp-includes/js/jquery/jquery.min.js?ver=3.7.1 HTTP/1.1" 304 3390 "https://tuerk.inglory.de/" "Serf/1.3.9 (mod_pagespeed/1.13.35.2-0)"
94.130.90.54 - - [10/May/2024:03:23:40 +0200] "GET /wp-includes/js/jquery/jquery-migrate.min.js?ver=3.4.1 HTTP/1.1" 304 3389 "https://tuerk.inglory.de/" "Serf/1.3.9 (mod_pagespeed/1.13.35.2-0)"
94.130.90.54 - - [10/May/2024:03:23:40 +0200] "GET /wp-content/plugins/contact-form-7/includes/swv/js/index.js?ver=5.9.3 HTTP/1.1" 304 3389 "https://tuerk.inglory.de/" "Serf/1.3.9 (mod_pagespeed/1.13.35.2-0)"
94.130.90.54 - - [10/May/2024:03:23:40 +0200] "GET /wp-content/plugins/elementor/assets/js/frontend.min.js?ver=3.21.4 HTTP/1.1" 304 3389 "https://tuerk.inglory.de/" "Serf/1.3.9 (mod_pagespeed/1.13.35.2-0)"
94.130.90.54 - - [10/May/2024:03:23:40 +0200] "GET /wp-content/plugins/pro-elements/assets/js/elements-handlers.min.js?ver=3.21.0 HTTP/1.1" 304 3389 "https://tuerk.inglory.de/" "Serf/1.3.9 (mod_pagespeed/1.13.35.2-0)"
