94.130.90.54 - - [13/May/2024:15:22:39 +0200] "GET /wp-content/plugins/elementor/assets/js/webpack.runtime.min.js?ver=3.21.4 HTTP/1.1" 304 3389 "https://tuerk.inglory.de/" "Serf/1.3.9 (mod_pagespeed/1.13.35.2-0)"
94.130.90.54 - - [13/May/2024:15:22:39 +0200] "GET /wp-content/themes/hub/assets/vendors/fresco/fresco-skins/sprite.png HTTP/1.1" 304 3389 "https://tuerk.inglory.de/" "Serf/1.3.9 (mod_pagespeed/1.13.35.2-0)"
94.130.90.54 - - [13/May/2024:15:22:39 +0200] "GET /wp-content/themes/hub/assets/vendors/fresco/fresco-skins/sprite.svg HTTP/1.1" 200 152259 "https://tuerk.inglory.de/" "Serf/1.3.9 (mod_pagespeed/1.13.35.2-0)"
89.244.92.53 - - [13/May/2024:15:22:39 +0200] "GET /wp-content/themes/hub/assets/vendors/liquid-icon/lqd-essentials/fonts/lqd-essentials.woff2 HTTP/1.0" 304 691 "https://tuerk.inglory.de/" "Mozilla/5.0 (Macintosh; Intel Mac OS X 10_15_7) AppleWebKit/537.36 (KHTML, like Gecko) Chrome/124.0.0.0 Safari/537.36"
89.244.92.53 - - [13/May/2024:15:22:39 +0200] "GET /wp-content/uploads/elementor/css/custom-frontend-lite.min.css?ver=1715174756 HTTP/1.0" 200 14739 "https://tuerk.inglory.de/" "Mozilla/5.0 (Macintosh; Intel Mac OS X 10_15_7) AppleWebKit/537.36 (KHTML, like Gecko) Chrome/124.0.0.0 Safari/537.36"
89.244.92.53 - - [13/May/2024:15:22:39 +0200] "GET /wp-content/plugins/hub-core/extras/redux-framework/redux-core/assets/css/extendify-utilities.css?ver=4.4.12.2 HTTP/1.0" 304 691 "https://tuerk.inglory.de/" "Mozilla/5.0 (Macintosh; Intel Mac OS X 10_15_7) AppleWebKit/537.36 (KHTML, like Gecko) Chrome/124.0.0.0 Safari/537.36"
89.244.92.53 - - [13/May/2024:15:22:39 +0200] "GET /wp-content/themes/hub/assets/vendors/bootstrap/css/bootstrap.min.css HTTP/1.0" 304 691 "https://tuerk.inglory.de/" "Mozilla/5.0 (Macintosh; Intel Mac OS X 10_15_7) AppleWebKit/537.36 (KHTML, like Gecko) Chrome/124.0.0.0 Safari/537.36"
89.244.92.53 - - [13/May/2024:15:22:39 +0200] "GET /wp-content/themes/hub/assets/css/elements/base/typography.css HTTP/1.0" 304 690 "https://tuerk.inglory.de/" "Mozilla/5.0 (Macintosh; Intel Mac OS X 10_15_7) AppleWebKit/537.36 (KHTML, like Gecko) Chrome/124.0.0.0 Safari/537.36"
89.244.92.53 - - [13/May/2024:15:22:39 +0200] "GET /wp-content/themes/hub/style.css HTTP/1.0" 304 690 "https://tuerk.inglory.de/" "Mozilla/5.0 (Macintosh; Intel Mac OS X 10_15_7) AppleWebKit/537.36 (KHTML, like Gecko) Chrome/124.0.0.0 Safari/537.36"
89.244.92.53 - - [13/May/2024:15:22:40 +0200] "GET /wp-content/uploads/elementor/css/custom-pro-frontend-lite.min.css?ver=1715174757 HTTP/1.0" 200 2437 "https://tuerk.inglory.de/" "Mozilla/5.0 (Macintosh; Intel Mac OS X 10_15_7) AppleWebKit/537.36 (KHTML, like Gecko) Chrome/124.0.0.0 Safari/537.36"
89.244.92.53 - - [13/May/2024:15:22:40 +0200] "GET /wp-includes/js/jquery/jquery.min.js?ver=3.7.1 HTTP/1.0" 200 31364 "https://tuerk.inglory.de/" "Mozilla/5.0 (Macintosh; Intel Mac OS X 10_15_7) AppleWebKit/537.36 (KHTML, like Gecko) Chrome/124.0.0.0 Safari/537.36"
89.244.92.53 - - [13/May/2024:15:22:40 +0200] "GET /wp-content/uploads/803429.R1_1_x.webp HTTP/1.0" 200 463348 "https://tuerk.inglory.de/" "Mozilla/5.0 (Macintosh; Intel Mac OS X 10_15_7) AppleWebKit/537.36 (KHTML, like Gecko) Chrome/124.0.0.0 Safari/537.36"
89.244.92.53 - - [13/May/2024:15:22:40 +0200] "GET /wp-content/plugins/elementor/assets/lib/swiper/v8/css/swiper.min.css?ver=8.4.5 HTTP/1.0" 304 691 "https://tuerk.inglory.de/" "Mozilla/5.0 (Macintosh; Intel Mac OS X 10_15_7) AppleWebKit/537.36 (KHTML, like Gecko) Chrome/124.0.0.0 Safari/537.36"
89.244.92.53 - - [13/May/2024:15:22:40 +0200] "GET /wp-includes/js/jquery/jquery-migrate.min.js?ver=3.4.1 HTTP/1.0" 304 691 "https://tuerk.inglory.de/" "Mozilla/5.0 (Macintosh; Intel Mac OS X 10_15_7) AppleWebKit/537.36 (KHTML, like Gecko) Chrome/124.0.0.0 Safari/537.36"
89.244.92.53 - - [13/May/2024:15:22:40 +0200] "GET /wp-content/plugins/hub-elementor-addons/assets/css/theme-elementor.min.css?ver=4.3 HTTP/1.0" 200 78873 "https://tuerk.inglory.de/" "Mozilla/5.0 (Macintosh; Intel Mac OS X 10_15_7) AppleWebKit/537.36 (KHTML, like Gecko) Chrome/124.0.0.0 Safari/537.36"
89.244.92.53 - - [13/May/2024:15:22:40 +0200] "GET /wp-content/uploads/elementor/css/custom-pro-widget-nav-menu.min.css?ver=1715174757 HTTP/1.0" 200 4269 "https://tuerk.inglory.de/" "Mozilla/5.0 (Macintosh; Intel Mac OS X 10_15_7) AppleWebKit/537.36 (KHTML, like Gecko) Chrome/124.0.0.0 Safari/537.36"
89.244.92.53 - - [13/May/2024:15:22:40 +0200] "GET /wp-content/uploads/logo.jpg HTTP/1.0" 304 690 "https://tuerk.inglory.de/" "Mozilla/5.0 (Macintosh; Intel Mac OS X 10_15_7) AppleWebKit/537.36 (KHTML, like Gecko) Chrome/124.0.0.0 Safari/537.36"
89.244.92.53 - - [13/May/2024:15:22:41 +0200] "GET /wp-content/uploads/elementor/css/custom-widget-icon-list.min.css?ver=1715174757 HTTP/1.0" 200 1901 "https://tuerk.inglory.de/" "Mozilla/5.0 (Macintosh; Intel Mac OS X 10_15_7) AppleWebKit/537.36 (KHTML, like Gecko) Chrome/124.0.0.0 Safari/537.36"
89.244.92.53 - - [13/May/2024:15:22:41 +0200] "GET /wp-content/plugins/pro-elements/assets/css/widget-loop-builder.min.css HTTP/1.0" 304 691 "https://tuerk.inglory.de/" "Mozilla/5.0 (Macintosh; Intel Mac OS X 10_15_7) AppleWebKit/537.36 (KHTML, like Gecko) Chrome/124.0.0.0 Safari/537.36"
89.244.92.53 - - [13/May/2024:15:22:41 +0200] "GET /wp-content/themes/hub/assets/vendors/fresco/css/fresco.css HTTP/1.0" 304 691 "https://tuerk.inglory.de/" "Mozilla/5.0 (Macintosh; Intel Mac OS X 10_15_7) AppleWebKit/537.36 (KHTML, like Gecko) Chrome/124.0.0.0 Safari/537.36"
89.244.92.53 - - [13/May/2024:15:22:52 +0200] "GET /wp-content/plugins/contact-form-7/includes/swv/js/index.js?ver=5.9.3 HTTP/1.0" 304 691 "https://tuerk.inglory.de/" "Mozilla/5.0 (Macintosh; Intel Mac OS X 10_15_7) AppleWebKit/537.36 (KHTML, like Gecko) Chrome/124.0.0.0 Safari/537.36"
89.244.92.53 - - [13/May/2024:15:22:52 +0200] "GET /wp-content/themes/hub/assets/vendors/liquid-icon/lqd-essentials/lqd-essentials.min.css HTTP/1.0" 304 690 "https://tuerk.inglory.de/" "Mozilla/5.0 (Macintosh; Intel Mac OS X 10_15_7) AppleWebKit/537.36 (KHTML, like Gecko) Chrome/124.0.0.0 Safari/537.36"
89.244.92.53 - - [13/May/2024:15:22:52 +0200] "GET /wp-content/themes/hub/assets/vendors/jquery-ui/jquery-ui.min.js HTTP/1.0" 200 30317 "https://tuerk.inglory.de/" "Mozilla/5.0 (Macintosh; Intel Mac OS X 10_15_7) AppleWebKit/537.36 (KHTML, like Gecko) Chrome/124.0.0.0 Safari/537.36"
89.244.92.53 - - [13/May/2024:15:22:52 +0200] "GET /wp-content/plugins/elementor/assets/lib/e-gallery/css/e-gallery.min.css?ver=1.2.0 HTTP/1.0" 304 690 "https://tuerk.inglory.de/" "Mozilla/5.0 (Macintosh; Intel Mac OS X 10_15_7) AppleWebKit/537.36 (KHTML, like Gecko) Chrome/124.0.0.0 Safari/537.36"
89.244.92.53 - - [13/May/2024:15:22:52 +0200] "GET /wp-content/themes/hub/assets/vendors/bootstrap/js/bootstrap.min.js HTTP/1.0" 304 692 "https://tuerk.inglory.de/" "Mozilla/5.0 (Macintosh; Intel Mac OS X 10_15_7) AppleWebKit/537.36 (KHTML, like Gecko) Chrome/124.0.0.0 Safari/537.36"
89.244.92.53 - - [13/May/2024:15:22:52 +0200] "GET /wp-content/themes/hub/assets/vendors/fastdom/fastdom.min.js HTTP/1.0" 304 690 "https://tuerk.inglory.de/" "Mozilla/5.0 (Macintosh; Intel Mac OS X 10_15_7) AppleWebKit/537.36 (KHTML, like Gecko) Chrome/124.0.0.0 Safari/537.36"
89.244.92.53 - - [13/May/2024:15:22:52 +0200] "GET /wp-content/plugins/contact-form-7/includes/js/index.js?ver=5.9.3 HTTP/1.0" 304 691 "https://tuerk.inglory.de/" "Mozilla/5.0 (Macintosh; Intel Mac OS X 10_15_7) AppleWebKit/537.36 (KHTML, like Gecko) Chrome/124.0.0.0 Safari/537.36"
89.244.92.53 - - [13/May/2024:15:22:52 +0200] "GET /wp-content/themes/hub/assets/vendors/fresco/js/fresco.js HTTP/1.0" 304 692 "https://tuerk.inglory.de/" "Mozilla/5.0 (Macintosh; Intel Mac OS X 10_15_7) AppleWebKit/537.36 (KHTML, like Gecko) Chrome/124.0.0.0 Safari/537.36"
89.244.92.53 - - [13/May/2024:15:22:52 +0200] "GET /wp-content/uploads/VOX_Logo_2013.svg HTTP/1.0" 200 695938 "https://tuerk.inglory.de/" "Mozilla/5.0 (Macintosh; Intel Mac OS X 10_15_7) AppleWebKit/537.36 (KHTML, like Gecko) Chrome/124.0.0.0 Safari/537.36"
89.244.92.53 - - [13/May/2024:15:22:52 +0200] "GET /wp-content/uploads/am_logo_v02.svg HTTP/1.0" 304 663 "https://tuerk.inglory.de/" "Mozilla/5.0 (Macintosh; Intel Mac OS X 10_15_7) AppleWebKit/537.36 (KHTML, like Gecko) Chrome/124.0.0.0 Safari/537.36"
89.244.92.53 - - [13/May/2024:15:22:52 +0200] "GET /wp-content/uploads/RTL.de_Logo_2021_united.svg HTTP/1.0" 304 662 "https://tuerk.inglory.de/" "Mozilla/5.0 (Macintosh; Intel Mac OS X 10_15_7) AppleWebKit/537.36 (KHTML, like Gecko) Chrome/124.0.0.0 Safari/537.36"
89.244.92.53 - - [13/May/2024:15:22:53 +0200] "GET /wp-content/themes/hub/assets/vendors/lity/lity.min.js HTTP/1.0" 304 691 "https://tuerk.inglory.de/" "Mozilla/5.0 (Macintosh; Intel Mac OS X 10_15_7) AppleWebKit/537.36 (KHTML, like Gecko) Chrome/124.0.0.0 Safari/537.36"
89.244.92.53 - - [13/May/2024:15:23:00 +0200] "GET /wp-content/themes/hub/assets/vendors/gsap/minified/gsap.min.js HTTP/1.0" 200 26662 "https://tuerk.inglory.de/" "Mozilla/5.0 (Macintosh; Intel Mac OS X 10_15_7) AppleWebKit/537.36 (KHTML, like Gecko) Chrome/124.0.0.0 Safari/537.36"
89.244.92.53 - - [13/May/2024:15:23:00 +0200] "GET /wp-content/themes/hub/assets/js/theme.min.js HTTP/1.0" 200 74726 "https://tuerk.inglory.de/" "Mozilla/5.0 (Macintosh; Intel Mac OS X 10_15_7) AppleWebKit/537.36 (KHTML, like Gecko) Chrome/124.0.0.0 Safari/537.36"
89.244.92.53 - - [13/May/2024:15:23:00 +0200] "GET /wp-content/plugins/elementor/assets/lib/e-gallery/js/e-gallery.min.js?ver=1.2.0 HTTP/1.0" 200 5596 "https://tuerk.inglory.de/" "Mozilla/5.0 (Macintosh; Intel Mac OS X 10_15_7) AppleWebKit/537.36 (KHTML, like Gecko) Chrome/124.0.0.0 Safari/537.36"
89.244.92.53 - - [13/May/2024:15:23:00 +0200] "GET /wp-content/plugins/elementor/assets/js/frontend-modules.min.js?ver=3.21.4 HTTP/1.0" 304 691 "https://tuerk.inglory.de/" "Mozilla/5.0 (Macintosh; Intel Mac OS X 10_15_7) AppleWebKit/537.36 (KHTML, like Gecko) Chrome/124.0.0.0 Safari/537.36"
89.244.92.53 - - [13/May/2024:15:23:00 +0200] "GET /wp-includes/js/dist/vendor/wp-polyfill-inert.min.js?ver=3.1.2 HTTP/1.0" 304 691 "https://tuerk.inglory.de/" "Mozilla/5.0 (Macintosh; Intel Mac OS X 10_15_7) AppleWebKit/537.36 (KHTML, like Gecko) Chrome/124.0.0.0 Safari/537.36"
89.244.92.53 - - [13/May/2024:15:23:00 +0200] "GET /wp-includes/js/dist/vendor/regenerator-runtime.min.js?ver=0.14.0 HTTP/1.0" 304 691 "https://tuerk.inglory.de/" "Mozilla/5.0 (Macintosh; Intel Mac OS X 10_15_7) AppleWebKit/537.36 (KHTML, like Gecko) Chrome/124.0.0.0 Safari/537.36"
89.244.92.53 - - [13/May/2024:15:23:00 +0200] "GET /wp-includes/js/dist/hooks.min.js?ver=2810c76e705dd1a53b18 HTTP/1.0" 304 691 "https://tuerk.inglory.de/" "Mozilla/5.0 (Macintosh; Intel Mac OS X 10_15_7) AppleWebKit/537.36 (KHTML, like Gecko) Chrome/124.0.0.0 Safari/537.36"
89.244.92.53 - - [13/May/2024:15:23:00 +0200] "GET /wp-includes/js/dist/vendor/wp-polyfill.min.js?ver=3.15.0 HTTP/1.0" 304 691 "https://tuerk.inglory.de/" "Mozilla/5.0 (Macintosh; Intel Mac OS X 10_15_7) AppleWebKit/537.36 (KHTML, like Gecko) Chrome/124.0.0.0 Safari/537.36"
89.244.92.53 - - [13/May/2024:15:23:00 +0200] "GET /wp-content/plugins/pro-elements/assets/js/elements-handlers.min.js?ver=3.21.0 HTTP/1.0" 304 2140 "https://tuerk.inglory.de/" "Mozilla/5.0 (Macintosh; Intel Mac OS X 10_15_7) AppleWebKit/537.36 (KHTML, like Gecko) Chrome/124.0.0.0 Safari/537.36"
89.244.92.53 - - [13/May/2024:15:23:00 +0200] "GET /wp-includes/js/dist/i18n.min.js?ver=5e580eb46a90c2b997e6 HTTP/1.0" 304 691 "https://tuerk.inglory.de/" "Mozilla/5.0 (Macintosh; Intel Mac OS X 10_15_7) AppleWebKit/537.36 (KHTML, like Gecko) Chrome/124.0.0.0 Safari/537.36"
89.244.92.53 - - [13/May/2024:15:23:00 +0200] "GET /wp-content/plugins/elementor/assets/js/webpack.runtime.min.js?ver=3.21.4 HTTP/1.0" 304 691 "https://tuerk.inglory.de/" "Mozilla/5.0 (Macintosh; Intel Mac OS X 10_15_7) AppleWebKit/537.36 (KHTML, like Gecko) Chrome/124.0.0.0 Safari/537.36"
89.244.92.53 - - [13/May/2024:15:23:00 +0200] "GET /wp-content/themes/hub/assets/vendors/gsap/minified/ScrollTrigger.min.js HTTP/1.0" 304 691 "https://tuerk.inglory.de/" "Mozilla/5.0 (Macintosh; Intel Mac OS X 10_15_7) AppleWebKit/537.36 (KHTML, like Gecko) Chrome/124.0.0.0 Safari/537.36"
89.244.92.53 - - [13/May/2024:15:23:00 +0200] "GET /wp-content/plugins/elementor/assets/lib/waypoints/waypoints.min.js?ver=4.0.2 HTTP/1.0" 304 2140 "https://tuerk.inglory.de/" "Mozilla/5.0 (Macintosh; Intel Mac OS X 10_15_7) AppleWebKit/537.36 (KHTML, like Gecko) Chrome/124.0.0.0 Safari/537.36"
89.244.92.53 - - [13/May/2024:15:23:00 +0200] "GET /wp-content/plugins/pro-elements/assets/lib/smartmenus/jquery.smartmenus.min.js?ver=1.2.1 HTTP/1.0" 304 691 "https://tuerk.inglory.de/" "Mozilla/5.0 (Macintosh; Intel Mac OS X 10_15_7) AppleWebKit/537.36 (KHTML, like Gecko) Chrome/124.0.0.0 Safari/537.36"
89.244.92.53 - - [13/May/2024:15:23:00 +0200] "GET /wp-content/plugins/elementor/assets/js/frontend.min.js?ver=3.21.4 HTTP/1.0" 304 2140 "https://tuerk.inglory.de/" "Mozilla/5.0 (Macintosh; Intel Mac OS X 10_15_7) AppleWebKit/537.36 (KHTML, like Gecko) Chrome/124.0.0.0 Safari/537.36"
89.244.92.53 - - [13/May/2024:15:23:00 +0200] "GET /wp-content/themes/hub/assets/vendors/flickity/flickity.pkgd.min.js HTTP/1.0" 304 691 "https://tuerk.inglory.de/" "Mozilla/5.0 (Macintosh; Intel Mac OS X 10_15_7) AppleWebKit/537.36 (KHTML, like Gecko) Chrome/124.0.0.0 Safari/537.36"
89.244.92.53 - - [13/May/2024:15:23:00 +0200] "GET /wp-content/themes/hub/assets/vendors/isotope/isotope.pkgd.min.js HTTP/1.0" 304 691 "https://tuerk.inglory.de/" "Mozilla/5.0 (Macintosh; Intel Mac OS X 10_15_7) AppleWebKit/537.36 (KHTML, like Gecko) Chrome/124.0.0.0 Safari/537.36"
89.244.92.53 - - [13/May/2024:15:23:00 +0200] "GET /wp-content/themes/hub/assets/vendors/fontfaceobserver.js HTTP/1.0" 304 691 "https://tuerk.inglory.de/" "Mozilla/5.0 (Macintosh; Intel Mac OS X 10_15_7) AppleWebKit/537.36 (KHTML, like Gecko) Chrome/124.0.0.0 Safari/537.36"
89.244.92.53 - - [13/May/2024:15:23:00 +0200] "GET /wp-content/themes/hub/assets/vendors/intersection-observer.js HTTP/1.0" 304 691 "https://tuerk.inglory.de/" "Mozilla/5.0 (Macintosh; Intel Mac OS X 10_15_7) AppleWebKit/537.36 (KHTML, like Gecko) Chrome/124.0.0.0 Safari/537.36"
89.244.92.53 - - [13/May/2024:15:23:00 +0200] "GET /wp-content/themes/hub/assets/vendors/isotope/packery-mode.pkgd.min.js HTTP/1.0" 304 691 "https://tuerk.inglory.de/" "Mozilla/5.0 (Macintosh; Intel Mac OS X 10_15_7) AppleWebKit/537.36 (KHTML, like Gecko) Chrome/124.0.0.0 Safari/537.36"
89.244.92.53 - - [13/May/2024:15:23:00 +0200] "GET /wp-content/plugins/pro-elements/assets/js/webpack-pro.runtime.min.js?ver=3.21.0 HTTP/1.0" 304 691 "https://tuerk.inglory.de/" "Mozilla/5.0 (Macintosh; Intel Mac OS X 10_15_7) AppleWebKit/537.36 (KHTML, like Gecko) Chrome/124.0.0.0 Safari/537.36"
89.244.92.53 - - [13/May/2024:15:23:00 +0200] "GET /wp-content/themes/hub/assets/vendors/flickity/flickity-fade.min.js HTTP/1.0" 304 690 "https://tuerk.inglory.de/" "Mozilla/5.0 (Macintosh; Intel Mac OS X 10_15_7) AppleWebKit/537.36 (KHTML, like Gecko) Chrome/124.0.0.0 Safari/537.36"
89.244.92.53 - - [13/May/2024:15:23:00 +0200] "GET /wp-content/themes/hub/assets/vendors/lazyload.min.js HTTP/1.0" 304 691 "https://tuerk.inglory.de/" "Mozilla/5.0 (Macintosh; Intel Mac OS X 10_15_7) AppleWebKit/537.36 (KHTML, like Gecko) Chrome/124.0.0.0 Safari/537.36"
89.244.92.53 - - [13/May/2024:15:23:00 +0200] "GET /wp-content/themes/hub/assets/vendors/tinycolor-min.js HTTP/1.0" 304 691 "https://tuerk.inglory.de/" "Mozilla/5.0 (Macintosh; Intel Mac OS X 10_15_7) AppleWebKit/537.36 (KHTML, like Gecko) Chrome/124.0.0.0 Safari/537.36"
89.244.92.53 - - [13/May/2024:15:23:00 +0200] "GET /wp-content/plugins/pro-elements/assets/js/frontend.min.js?ver=3.21.0 HTTP/1.0" 304 2140 "https://tuerk.inglory.de/" "Mozilla/5.0 (Macintosh; Intel Mac OS X 10_15_7) AppleWebKit/537.36 (KHTML, like Gecko) Chrome/124.0.0.0 Safari/537.36"
89.244.92.53 - - [13/May/2024:15:23:00 +0200] "GET /wp-content/themes/hub/assets/vendors/gsap/utils/SplitText.min.js HTTP/1.0" 304 691 "https://tuerk.inglory.de/" "Mozilla/5.0 (Macintosh; Intel Mac OS X 10_15_7) AppleWebKit/537.36 (KHTML, like Gecko) Chrome/124.0.0.0 Safari/537.36"
89.244.92.53 - - [13/May/2024:15:23:05 +0200] "GET /wp-content/uploads/Belove.ttf HTTP/1.0" 200 44642 "https://tuerk.inglory.de/" "Mozilla/5.0 (Macintosh; Intel Mac OS X 10_15_7) AppleWebKit/537.36 (KHTML, like Gecko) Chrome/124.0.0.0 Safari/537.36"
89.244.92.53 - - [13/May/2024:15:23:06 +0200] "GET /wp-content/plugins/pro-elements/assets/js/nav-menu.d43af66e5000fd109c04.bundle.min.js HTTP/1.0" 200 2545 "https://tuerk.inglory.de/" "Mozilla/5.0 (Macintosh; Intel Mac OS X 10_15_7) AppleWebKit/537.36 (KHTML, like Gecko) Chrome/124.0.0.0 Safari/537.36"
89.244.92.53 - - [13/May/2024:15:23:06 +0200] "GET /wp-content/uploads/428425312_18306442624180546_66469892722693695_n.jpg HTTP/1.0" 200 263552 "https://tuerk.inglory.de/" "Mozilla/5.0 (Macintosh; Intel Mac OS X 10_15_7) AppleWebKit/537.36 (KHTML, like Gecko) Chrome/124.0.0.0 Safari/537.36"
89.244.92.53 - - [13/May/2024:15:23:06 +0200] "GET /wp-content/uploads/433550323_18310407961180546_8520854775588986114_n.jpg HTTP/1.0" 200 204871 "https://tuerk.inglory.de/" "Mozilla/5.0 (Macintosh; Intel Mac OS X 10_15_7) AppleWebKit/537.36 (KHTML, like Gecko) Chrome/124.0.0.0 Safari/537.36"
89.244.92.53 - - [13/May/2024:15:23:06 +0200] "GET /wp-content/plugins/elementor/assets/lib/swiper/v8/swiper.min.js?ver=8.4.5 HTTP/1.0" 200 40690 "https://tuerk.inglory.de/" "Mozilla/5.0 (Macintosh; Intel Mac OS X 10_15_7) AppleWebKit/537.36 (KHTML, like Gecko) Chrome/124.0.0.0 Safari/537.36"
89.244.92.53 - - [13/May/2024:15:23:06 +0200] "GET /wp-content/uploads/BG-Lines.svg HTTP/1.0" 304 663 "https://tuerk.inglory.de/" "Mozilla/5.0 (Macintosh; Intel Mac OS X 10_15_7) AppleWebKit/537.36 (KHTML, like Gecko) Chrome/124.0.0.0 Safari/537.36"
89.244.92.53 - - [13/May/2024:15:23:06 +0200] "GET /wp-json/contact-form-7/v1/contact-forms/53/feedback/schema HTTP/1.0" 200 1439 "https://tuerk.inglory.de/" "Mozilla/5.0 (Macintosh; Intel Mac OS X 10_15_7) AppleWebKit/537.36 (KHTML, like Gecko) Chrome/124.0.0.0 Safari/537.36"
89.244.92.53 - - [13/May/2024:15:23:09 +0200] "GET /wp-content/plugins/elementor/assets/js/text-editor.2c35aafbe5bf0e127950.bundle.min.js HTTP/1.0" 200 1525 "https://tuerk.inglory.de/" "Mozilla/5.0 (Macintosh; Intel Mac OS X 10_15_7) AppleWebKit/537.36 (KHTML, like Gecko) Chrome/124.0.0.0 Safari/537.36"
89.244.92.53 - - [13/May/2024:15:23:09 +0200] "GET /wp-content/plugins/pro-elements/assets/js/gallery.8ca9a354ce039d1ba641.bundle.min.js HTTP/1.0" 200 2668 "https://tuerk.inglory.de/" "Mozilla/5.0 (Macintosh; Intel Mac OS X 10_15_7) AppleWebKit/537.36 (KHTML, like Gecko) Chrome/124.0.0.0 Safari/537.36"
89.244.92.53 - - [13/May/2024:15:23:09 +0200] "GET /wp-content/plugins/pro-elements/assets/js/loop-carousel.4e8fd6593adbba21698e.bundle.min.js HTTP/1.0" 200 1540 "https://tuerk.inglory.de/" "Mozilla/5.0 (Macintosh; Intel Mac OS X 10_15_7) AppleWebKit/537.36 (KHTML, like Gecko) Chrome/124.0.0.0 Safari/537.36"
89.244.92.53 - - [13/May/2024:15:23:09 +0200] "GET /wp-content/uploads/BG.jpeg HTTP/1.0" 200 125624 "https://tuerk.inglory.de/" "Mozilla/5.0 (Macintosh; Intel Mac OS X 10_15_7) AppleWebKit/537.36 (KHTML, like Gecko) Chrome/124.0.0.0 Safari/537.36"
89.244.92.53 - - [13/May/2024:15:23:09 +0200] "GET /wp-content/plugins/pro-elements/assets/js/loop.4f538ab2476dd2d124e6.bundle.min.js HTTP/1.0" 200 4096 "https://tuerk.inglory.de/" "Mozilla/5.0 (Macintosh; Intel Mac OS X 10_15_7) AppleWebKit/537.36 (KHTML, like Gecko) Chrome/124.0.0.0 Safari/537.36"
89.244.92.53 - - [13/May/2024:15:23:09 +0200] "GET /wp-content/uploads/cache_43060843-1.jpeg HTTP/1.0" 200 192184 "https://tuerk.inglory.de/" "Mozilla/5.0 (Macintosh; Intel Mac OS X 10_15_7) AppleWebKit/537.36 (KHTML, like Gecko) Chrome/124.0.0.0 Safari/537.36"
89.244.92.53 - - [13/May/2024:15:23:10 +0200] "GET /wp-content/uploads/803390.R1_1_x.webp HTTP/1.0" 200 471844 "https://tuerk.inglory.de/" "Mozilla/5.0 (Macintosh; Intel Mac OS X 10_15_7) AppleWebKit/537.36 (KHTML, like Gecko) Chrome/124.0.0.0 Safari/537.36"
89.244.92.53 - - [13/May/2024:15:23:13 +0200] "GET /wp-content/uploads/5a2ecb5e6b7996134d0a69ce115b48f3.jpg HTTP/1.0" 200 73773 "https://tuerk.inglory.de/" "Mozilla/5.0 (Macintosh; Intel Mac OS X 10_15_7) AppleWebKit/537.36 (KHTML, like Gecko) Chrome/124.0.0.0 Safari/537.36"
89.244.92.53 - - [13/May/2024:15:23:13 +0200] "GET /wp-content/uploads/6666ad47e9699fa420ba6c220b9b3b9d.jpg HTTP/1.0" 200 98084 "https://tuerk.inglory.de/" "Mozilla/5.0 (Macintosh; Intel Mac OS X 10_15_7) AppleWebKit/537.36 (KHTML, like Gecko) Chrome/124.0.0.0 Safari/537.36"
89.244.92.53 - - [13/May/2024:15:23:18 +0200] "GET /wp-content/uploads/cache_43060806.jpeg HTTP/1.0" 200 175666 "https://tuerk.inglory.de/" "Mozilla/5.0 (Macintosh; Intel Mac OS X 10_15_7) AppleWebKit/537.36 (KHTML, like Gecko) Chrome/124.0.0.0 Safari/537.36"
89.244.92.53 - - [13/May/2024:15:23:19 +0200] "GET /wp-content/uploads/cache_43060805.jpeg HTTP/1.0" 200 199421 "https://tuerk.inglory.de/" "Mozilla/5.0 (Macintosh; Intel Mac OS X 10_15_7) AppleWebKit/537.36 (KHTML, like Gecko) Chrome/124.0.0.0 Safari/537.36"
89.244.92.53 - - [13/May/2024:15:23:20 +0200] "GET /wp-content/uploads/432465468_18310072705180546_4112574030022213084_n.jpg HTTP/1.0" 200 158172 "https://tuerk.inglory.de/" "Mozilla/5.0 (Macintosh; Intel Mac OS X 10_15_7) AppleWebKit/537.36 (KHTML, like Gecko) Chrome/124.0.0.0 Safari/537.36"
89.244.92.53 - - [13/May/2024:15:23:22 +0200] "GET /wp-content/uploads/432263564_18309579112180546_203085280539664659_n-1.jpg HTTP/1.0" 200 305165 "https://tuerk.inglory.de/" "Mozilla/5.0 (Macintosh; Intel Mac OS X 10_15_7) AppleWebKit/537.36 (KHTML, like Gecko) Chrome/124.0.0.0 Safari/537.36"
89.244.92.53 - - [13/May/2024:15:23:26 +0200] "POST /mod_pagespeed_beacon?url=https%3A%2F%2Ftuerk.inglory.de%2F HTTP/1.0" 204 669 "https://tuerk.inglory.de/" "Mozilla/5.0 (Macintosh; Intel Mac OS X 10_15_7) AppleWebKit/537.36 (KHTML, like Gecko) Chrome/124.0.0.0 Safari/537.36"
89.244.92.53 - - [13/May/2024:15:23:26 +0200] "GET /wp-content/themes/hub/favicon.png HTTP/1.0" 304 690 "https://tuerk.inglory.de/" "Mozilla/5.0 (Macintosh; Intel Mac OS X 10_15_7) AppleWebKit/537.36 (KHTML, like Gecko) Chrome/124.0.0.0 Safari/537.36"
89.244.92.53 - - [13/May/2024:15:26:58 +0200] "GET /wp-content/uploads/tuerk_01_1000_555x.webp HTTP/1.0" 304 663 "https://tuerk.inglory.de/" "Mozilla/5.0 (Macintosh; Intel Mac OS X 10_15_7) AppleWebKit/537.36 (KHTML, like Gecko) Chrome/124.0.0.0 Safari/537.36"
89.244.92.53 - - [13/May/2024:15:26:58 +0200] "GET /wp-content/uploads/83ef3106-af82-4c1d-ac60-e6a98d438584.jpg HTTP/1.0" 200 104293 "https://tuerk.inglory.de/" "Mozilla/5.0 (Macintosh; Intel Mac OS X 10_15_7) AppleWebKit/537.36 (KHTML, like Gecko) Chrome/124.0.0.0 Safari/537.36"
89.244.92.53 - - [13/May/2024:15:26:58 +0200] "GET /wp-content/uploads/432260335_18309214555180546_3128400243577085945_n.jpg HTTP/1.0" 200 221971 "https://tuerk.inglory.de/" "Mozilla/5.0 (Macintosh; Intel Mac OS X 10_15_7) AppleWebKit/537.36 (KHTML, like Gecko) Chrome/124.0.0.0 Safari/537.36"
94.130.90.54 - - [13/May/2024:15:26:58 +0200] "GET /wp-content/uploads/432260335_18309214555180546_3128400243577085945_n.jpg HTTP/1.1" 304 3390 "https://tuerk.inglory.de/wp-content/uploads/432260335_18309214555180546_3128400243577085945_n.jpg" "Serf/1.3.9 (mod_pagespeed/1.13.35.2-0)"
89.244.92.53 - - [13/May/2024:15:26:58 +0200] "GET /wp-content/uploads/logo_HUSSEL_Confiserie.svg HTTP/1.0" 200 10142 "https://tuerk.inglory.de/" "Mozilla/5.0 (Macintosh; Intel Mac OS X 10_15_7) AppleWebKit/537.36 (KHTML, like Gecko) Chrome/124.0.0.0 Safari/537.36"
89.244.92.53 - - [13/May/2024:15:26:58 +0200] "GET /wp-content/uploads/am_logo_v02-1.svg HTTP/1.0" 200 6896 "https://tuerk.inglory.de/" "Mozilla/5.0 (Macintosh; Intel Mac OS X 10_15_7) AppleWebKit/537.36 (KHTML, like Gecko) Chrome/124.0.0.0 Safari/537.36"
89.244.92.53 - - [13/May/2024:15:26:58 +0200] "GET /wp-content/uploads/schneiderlogo.svg HTTP/1.0" 200 15644 "https://tuerk.inglory.de/" "Mozilla/5.0 (Macintosh; Intel Mac OS X 10_15_7) AppleWebKit/537.36 (KHTML, like Gecko) Chrome/124.0.0.0 Safari/537.36"
89.244.92.53 - - [13/May/2024:15:26:59 +0200] "GET /wp-content/uploads/emotionheader26580211_1.jpeg HTTP/1.0" 200 158946 "https://tuerk.inglory.de/" "Mozilla/5.0 (Macintosh; Intel Mac OS X 10_15_7) AppleWebKit/537.36 (KHTML, like Gecko) Chrome/124.0.0.0 Safari/537.36"
94.130.90.54 - - [13/May/2024:15:26:59 +0200] "GET /wp-content/uploads/emotionheader26580211_1.jpeg HTTP/1.1" 304 3390 "https://tuerk.inglory.de/wp-content/uploads/emotionheader26580211_1.jpeg" "Serf/1.3.9 (mod_pagespeed/1.13.35.2-0)"
89.244.92.53 - - [13/May/2024:15:26:59 +0200] "GET /wp-content/uploads/cc19b4bae80aac74d59fce0f0a9aaa9c.jpg HTTP/1.0" 200 96186 "https://tuerk.inglory.de/" "Mozilla/5.0 (Macintosh; Intel Mac OS X 10_15_7) AppleWebKit/537.36 (KHTML, like Gecko) Chrome/124.0.0.0 Safari/537.36"
94.130.90.54 - - [13/May/2024:15:26:59 +0200] "GET /wp-content/uploads/cc19b4bae80aac74d59fce0f0a9aaa9c.jpg HTTP/1.1" 304 3390 "https://tuerk.inglory.de/wp-content/uploads/cc19b4bae80aac74d59fce0f0a9aaa9c.jpg" "Serf/1.3.9 (mod_pagespeed/1.13.35.2-0)"
89.244.92.53 - - [13/May/2024:15:26:59 +0200] "GET /wp-content/uploads/73d2b601cf749ad429b331b2d6d8cd02.jpg HTTP/1.0" 200 76598 "https://tuerk.inglory.de/" "Mozilla/5.0 (Macintosh; Intel Mac OS X 10_15_7) AppleWebKit/537.36 (KHTML, like Gecko) Chrome/124.0.0.0 Safari/537.36"
89.244.92.53 - - [13/May/2024:15:26:59 +0200] "GET /wp-content/uploads/432263564_18309579112180546_203085280539664659_n.jpg HTTP/1.0" 200 305178 "https://tuerk.inglory.de/" "Mozilla/5.0 (Macintosh; Intel Mac OS X 10_15_7) AppleWebKit/537.36 (KHTML, like Gecko) Chrome/124.0.0.0 Safari/537.36"
94.130.90.54 - - [13/May/2024:15:26:59 +0200] "GET /wp-content/uploads/73d2b601cf749ad429b331b2d6d8cd02.jpg HTTP/1.1" 304 3390 "https://tuerk.inglory.de/wp-content/uploads/73d2b601cf749ad429b331b2d6d8cd02.jpg" "Serf/1.3.9 (mod_pagespeed/1.13.35.2-0)"
94.130.90.54 - - [13/May/2024:15:26:59 +0200] "GET /wp-content/uploads/432263564_18309579112180546_203085280539664659_n.jpg HTTP/1.1" 304 3390 "https://tuerk.inglory.de/wp-content/uploads/432263564_18309579112180546_203085280539664659_n.jpg" "Serf/1.3.9 (mod_pagespeed/1.13.35.2-0)"
89.244.92.53 - - [13/May/2024:15:27:00 +0200] "GET /wp-content/uploads/83ef3106-af82-4c1d-ac60-e6a98d438584.jpg HTTP/1.0" 200 95100 "https://tuerk.inglory.de/" "Mozilla/5.0 (Macintosh; Intel Mac OS X 10_15_7) AppleWebKit/537.36 (KHTML, like Gecko) Chrome/124.0.0.0 Safari/537.36"
94.130.90.54 - - [13/May/2024:15:27:00 +0200] "GET /wp-content/uploads/83ef3106-af82-4c1d-ac60-e6a98d438584.jpg HTTP/1.1" 304 3390 "https://tuerk.inglory.de/wp-content/uploads/83ef3106-af82-4c1d-ac60-e6a98d438584.jpg" "Serf/1.3.9 (mod_pagespeed/1.13.35.2-0)"
89.244.92.53 - - [13/May/2024:15:27:00 +0200] "GET /wp-content/uploads/tuerk_01_1000_555x.webp HTTP/1.0" 200 26408 "https://tuerk.inglory.de/" "Mozilla/5.0 (Macintosh; Intel Mac OS X 10_15_7) AppleWebKit/537.36 (KHTML, like Gecko) Chrome/124.0.0.0 Safari/537.36"
89.244.92.53 - - [13/May/2024:15:27:04 +0200] "GET /wp-content/uploads/tuerk_01_1000_555x.webp HTTP/1.0" 200 26408 "https://tuerk.inglory.de/" "Mozilla/5.0 (Macintosh; Intel Mac OS X 10_15_7) AppleWebKit/537.36 (KHTML, like Gecko) Chrome/124.0.0.0 Safari/537.36"
89.244.92.53 - - [13/May/2024:15:27:04 +0200] "GET /wp-content/uploads/tuerk_01_1000_555x.webp HTTP/1.0" 200 26408 "https://tuerk.inglory.de/" "Mozilla/5.0 (Macintosh; Intel Mac OS X 10_15_7) AppleWebKit/537.36 (KHTML, like Gecko) Chrome/124.0.0.0 Safari/537.36"
89.244.92.53 - - [13/May/2024:15:27:07 +0200] "GET /wp-content/uploads/tuerk_01_1000_555x.webp HTTP/1.0" 200 26408 "https://tuerk.inglory.de/" "Mozilla/5.0 (Macintosh; Intel Mac OS X 10_15_7) AppleWebKit/537.36 (KHTML, like Gecko) Chrome/124.0.0.0 Safari/537.36"
89.244.92.53 - - [13/May/2024:15:27:07 +0200] "GET /wp-content/uploads/83ef3106-af82-4c1d-ac60-e6a98d438584.jpg HTTP/1.0" 200 95101 "https://tuerk.inglory.de/" "Mozilla/5.0 (Macintosh; Intel Mac OS X 10_15_7) AppleWebKit/537.36 (KHTML, like Gecko) Chrome/124.0.0.0 Safari/537.36"
89.244.92.53 - - [13/May/2024:15:27:08 +0200] "GET /wp-content/uploads/73d2b601cf749ad429b331b2d6d8cd02.jpg HTTP/1.0" 200 76598 "https://tuerk.inglory.de/" "Mozilla/5.0 (Macintosh; Intel Mac OS X 10_15_7) AppleWebKit/537.36 (KHTML, like Gecko) Chrome/124.0.0.0 Safari/537.36"
89.244.92.53 - - [13/May/2024:15:27:08 +0200] "GET /wp-content/uploads/emotionheader26580211_1.jpeg HTTP/1.0" 200 158959 "https://tuerk.inglory.de/" "Mozilla/5.0 (Macintosh; Intel Mac OS X 10_15_7) AppleWebKit/537.36 (KHTML, like Gecko) Chrome/124.0.0.0 Safari/537.36"
89.244.92.53 - - [13/May/2024:15:27:09 +0200] "GET /wp-content/uploads/suedpfalz.png HTTP/1.0" 200 275364 "https://tuerk.inglory.de/" "Mozilla/5.0 (Macintosh; Intel Mac OS X 10_15_7) AppleWebKit/537.36 (KHTML, like Gecko) Chrome/124.0.0.0 Safari/537.36"
94.130.90.54 - - [13/May/2024:15:27:09 +0200] "GET /wp-content/uploads/suedpfalz.png HTTP/1.1" 304 3390 "https://tuerk.inglory.de/wp-content/uploads/suedpfalz.png" "Serf/1.3.9 (mod_pagespeed/1.13.35.2-0)"
89.244.92.53 - - [13/May/2024:15:27:09 +0200] "GET /wp-content/uploads/frechverlag-4c.png HTTP/1.0" 200 17230 "https://tuerk.inglory.de/" "Mozilla/5.0 (Macintosh; Intel Mac OS X 10_15_7) AppleWebKit/537.36 (KHTML, like Gecko) Chrome/124.0.0.0 Safari/537.36"
89.244.92.53 - - [13/May/2024:15:27:09 +0200] "GET /wp-content/uploads/Logo_INTERGAST_ohneClaim.png HTTP/1.0" 200 7861 "https://tuerk.inglory.de/" "Mozilla/5.0 (Macintosh; Intel Mac OS X 10_15_7) AppleWebKit/537.36 (KHTML, like Gecko) Chrome/124.0.0.0 Safari/537.36"
94.130.90.54 - - [13/May/2024:15:27:09 +0200] "GET /wp-content/uploads/frechverlag-4c.png HTTP/1.1" 304 3389 "https://tuerk.inglory.de/wp-content/uploads/frechverlag-4c.png" "Serf/1.3.9 (mod_pagespeed/1.13.35.2-0)"
94.130.90.54 - - [13/May/2024:15:27:09 +0200] "GET /wp-content/uploads/Logo_INTERGAST_ohneClaim.png HTTP/1.1" 304 3389 "https://tuerk.inglory.de/wp-content/uploads/Logo_INTERGAST_ohneClaim.png" "Serf/1.3.9 (mod_pagespeed/1.13.35.2-0)"
89.244.92.53 - - [13/May/2024:15:27:10 +0200] "GET /wp-content/uploads/topp-verlag-vector-logo.svg HTTP/1.0" 200 4279 "https://tuerk.inglory.de/" "Mozilla/5.0 (Macintosh; Intel Mac OS X 10_15_7) AppleWebKit/537.36 (KHTML, like Gecko) Chrome/124.0.0.0 Safari/537.36"
89.244.92.53 - - [13/May/2024:15:27:10 +0200] "GET /wp-content/uploads/xfrechverlag-4c.png.pagespeed.ic.yrah_Wq0V-.webp HTTP/1.0" 200 17299 "https://tuerk.inglory.de/" "Mozilla/5.0 (Macintosh; Intel Mac OS X 10_15_7) AppleWebKit/537.36 (KHTML, like Gecko) Chrome/124.0.0.0 Safari/537.36"
89.244.92.53 - - [13/May/2024:15:27:16 +0200] "GET /wp-content/uploads/emotionheader26580211_1.jpeg HTTP/1.0" 200 94067 "https://tuerk.inglory.de/" "Mozilla/5.0 (Macintosh; Intel Mac OS X 10_15_7) AppleWebKit/537.36 (KHTML, like Gecko) Chrome/124.0.0.0 Safari/537.36"
89.244.92.53 - - [13/May/2024:15:27:16 +0200] "GET /wp-content/uploads/73d2b601cf749ad429b331b2d6d8cd02.jpg HTTP/1.0" 200 76598 "https://tuerk.inglory.de/" "Mozilla/5.0 (Macintosh; Intel Mac OS X 10_15_7) AppleWebKit/537.36 (KHTML, like Gecko) Chrome/124.0.0.0 Safari/537.36"
89.244.92.53 - - [13/May/2024:15:27:17 +0200] "GET /wp-content/uploads/83ef3106-af82-4c1d-ac60-e6a98d438584.jpg HTTP/1.0" 200 95101 "https://tuerk.inglory.de/" "Mozilla/5.0 (Macintosh; Intel Mac OS X 10_15_7) AppleWebKit/537.36 (KHTML, like Gecko) Chrome/124.0.0.0 Safari/537.36"
89.244.92.53 - - [13/May/2024:15:27:18 +0200] "GET /wp-content/uploads/tuerk_01_1000_555x.webp HTTP/1.0" 200 26408 "https://tuerk.inglory.de/" "Mozilla/5.0 (Macintosh; Intel Mac OS X 10_15_7) AppleWebKit/537.36 (KHTML, like Gecko) Chrome/124.0.0.0 Safari/537.36"
89.244.92.53 - - [13/May/2024:15:43:20 +0200] "GET /wp-content/uploads/tuerk_01_1000_555x.webp HTTP/1.0" 200 26436 "https://tuerk.inglory.de/" "Mozilla/5.0 (Macintosh; Intel Mac OS X 10_15_7) AppleWebKit/537.36 (KHTML, like Gecko) Chrome/124.0.0.0 Safari/537.36"
94.130.90.54 - - [13/May/2024:16:10:03 +0200] "POST /wp-cron.php?doing_wp_cron=1715609403.1504440307617187500000 HTTP/1.0" 200 839 "-" "WordPress/6.5.3; https://tuerk.inglory.de"
89.244.92.53 - - [13/May/2024:16:10:02 +0200] "GET /wp-admin/ HTTP/1.0" 302 947 "-" "Mozilla/5.0 (Macintosh; Intel Mac OS X 10_15_7) AppleWebKit/537.36 (KHTML, like Gecko) Chrome/124.0.0.0 Safari/537.36"
94.130.90.54 - - [13/May/2024:16:10:04 +0200] "GET /wp-includes/css/dashicons.min.css?ver=6.5.3 HTTP/1.1" 200 62649 "https://tuerk.inglory.de/wp-login.php?redirect_to=https%3A%2F%2Ftuerk.inglory.de%2Fwp-admin%2F&reauth=1" "Serf/1.3.9 (mod_pagespeed/1.13.35.2-0)"
89.244.92.53 - - [13/May/2024:16:10:03 +0200] "GET /wp-login.php?redirect_to=https%3A%2F%2Ftuerk.inglory.de%2Fwp-admin%2F&reauth=1 HTTP/1.0" 200 5835 "-" "Mozilla/5.0 (Macintosh; Intel Mac OS X 10_15_7) AppleWebKit/537.36 (KHTML, like Gecko) Chrome/124.0.0.0 Safari/537.36"
94.130.90.54 - - [13/May/2024:16:10:04 +0200] "GET /wp-includes/css/buttons.min.css?ver=6.5.3 HTTP/1.1" 200 9606 "https://tuerk.inglory.de/wp-login.php?redirect_to=https%3A%2F%2Ftuerk.inglory.de%2Fwp-admin%2F&reauth=1" "Serf/1.3.9 (mod_pagespeed/1.13.35.2-0)"
94.130.90.54 - - [13/May/2024:16:10:04 +0200] "GET /wp-includes/js/dist/vendor/wp-polyfill-inert.min.js?ver=3.1.2 HTTP/1.1" 304 3389 "https://tuerk.inglory.de/wp-login.php?redirect_to=https%3A%2F%2Ftuerk.inglory.de%2Fwp-admin%2F&reauth=1" "Serf/1.3.9 (mod_pagespeed/1.13.35.2-0)"
94.130.90.54 - - [13/May/2024:16:10:04 +0200] "GET /wp-includes/js/dist/vendor/regenerator-runtime.min.js?ver=0.14.0 HTTP/1.1" 304 3389 "https://tuerk.inglory.de/wp-login.php?redirect_to=https%3A%2F%2Ftuerk.inglory.de%2Fwp-admin%2F&reauth=1" "Serf/1.3.9 (mod_pagespeed/1.13.35.2-0)"
94.130.90.54 - - [13/May/2024:16:10:04 +0200] "GET /wp-includes/js/dist/vendor/wp-polyfill.min.js?ver=3.15.0 HTTP/1.1" 304 3389 "https://tuerk.inglory.de/wp-login.php?redirect_to=https%3A%2F%2Ftuerk.inglory.de%2Fwp-admin%2F&reauth=1" "Serf/1.3.9 (mod_pagespeed/1.13.35.2-0)"
89.244.92.53 - - [13/May/2024:16:10:04 +0200] "GET /wp-includes/css/dashicons.min.css?ver=6.5.3 HTTP/1.0" 200 36713 "https://tuerk.inglory.de/wp-login.php?redirect_to=https%3A%2F%2Ftuerk.inglory.de%2Fwp-admin%2F&reauth=1" "Mozilla/5.0 (Macintosh; Intel Mac OS X 10_15_7) AppleWebKit/537.36 (KHTML, like Gecko) Chrome/124.0.0.0 Safari/537.36"
94.130.90.54 - - [13/May/2024:16:10:04 +0200] "GET /wp-includes/js/dist/hooks.min.js?ver=2810c76e705dd1a53b18 HTTP/1.1" 304 3389 "https://tuerk.inglory.de/wp-login.php?redirect_to=https%3A%2F%2Ftuerk.inglory.de%2Fwp-admin%2F&reauth=1" "Serf/1.3.9 (mod_pagespeed/1.13.35.2-0)"
89.244.92.53 - - [13/May/2024:16:10:04 +0200] "GET /wp-includes/css/buttons.min.css?ver=6.5.3 HTTP/1.0" 200 2424 "https://tuerk.inglory.de/wp-login.php?redirect_to=https%3A%2F%2Ftuerk.inglory.de%2Fwp-admin%2F&reauth=1" "Mozilla/5.0 (Macintosh; Intel Mac OS X 10_15_7) AppleWebKit/537.36 (KHTML, like Gecko) Chrome/124.0.0.0 Safari/537.36"
89.244.92.53 - - [13/May/2024:16:10:04 +0200] "GET /wp-admin/css/l10n.min.css?ver=6.5.3 HTTP/1.0" 200 1503 "https://tuerk.inglory.de/wp-login.php?redirect_to=https%3A%2F%2Ftuerk.inglory.de%2Fwp-admin%2F&reauth=1" "Mozilla/5.0 (Macintosh; Intel Mac OS X 10_15_7) AppleWebKit/537.36 (KHTML, like Gecko) Chrome/124.0.0.0 Safari/537.36"
89.244.92.53 - - [13/May/2024:16:10:04 +0200] "GET /wp-admin/css/login.min.css?ver=6.5.3 HTTP/1.0" 200 3065 "https://tuerk.inglory.de/wp-login.php?redirect_to=https%3A%2F%2Ftuerk.inglory.de%2Fwp-admin%2F&reauth=1" "Mozilla/5.0 (Macintosh; Intel Mac OS X 10_15_7) AppleWebKit/537.36 (KHTML, like Gecko) Chrome/124.0.0.0 Safari/537.36"
89.244.92.53 - - [13/May/2024:16:10:04 +0200] "GET /wp-admin/css/forms.min.css?ver=6.5.3 HTTP/1.0" 200 7564 "https://tuerk.inglory.de/wp-login.php?redirect_to=https%3A%2F%2Ftuerk.inglory.de%2Fwp-admin%2F&reauth=1" "Mozilla/5.0 (Macintosh; Intel Mac OS X 10_15_7) AppleWebKit/537.36 (KHTML, like Gecko) Chrome/124.0.0.0 Safari/537.36"
89.244.92.53 - - [13/May/2024:16:10:04 +0200] "GET /wp-admin/js/password-strength-meter.min.js?ver=6.5.3 HTTP/1.0" 200 1452 "https://tuerk.inglory.de/wp-login.php?redirect_to=https%3A%2F%2Ftuerk.inglory.de%2Fwp-admin%2F&reauth=1" "Mozilla/5.0 (Macintosh; Intel Mac OS X 10_15_7) AppleWebKit/537.36 (KHTML, like Gecko) Chrome/124.0.0.0 Safari/537.36"
89.244.92.53 - - [13/May/2024:16:10:04 +0200] "GET /wp-includes/js/wp-util.min.js?ver=6.5.3 HTTP/1.0" 200 1615 "https://tuerk.inglory.de/wp-login.php?redirect_to=https%3A%2F%2Ftuerk.inglory.de%2Fwp-admin%2F&reauth=1" "Mozilla/5.0 (Macintosh; Intel Mac OS X 10_15_7) AppleWebKit/537.36 (KHTML, like Gecko) Chrome/124.0.0.0 Safari/537.36"
89.244.92.53 - - [13/May/2024:16:10:04 +0200] "GET /wp-admin/js/user-profile.min.js?ver=6.5.3 HTTP/1.0" 200 3238 "https://tuerk.inglory.de/wp-login.php?redirect_to=https%3A%2F%2Ftuerk.inglory.de%2Fwp-admin%2F&reauth=1" "Mozilla/5.0 (Macintosh; Intel Mac OS X 10_15_7) AppleWebKit/537.36 (KHTML, like Gecko) Chrome/124.0.0.0 Safari/537.36"
94.130.90.54 - - [13/May/2024:16:10:04 +0200] "GET /wp-includes/js/dist/i18n.min.js?ver=5e580eb46a90c2b997e6 HTTP/1.1" 200 12700 "https://tuerk.inglory.de/wp-login.php?redirect_to=https%3A%2F%2Ftuerk.inglory.de%2Fwp-admin%2F&reauth=1" "Serf/1.3.9 (mod_pagespeed/1.13.35.2-0)"
89.244.92.53 - - [13/May/2024:16:10:04 +0200] "GET /wp-includes/js/jquery/jquery.min.js?ver=3.7.1 HTTP/1.0" 304 692 "https://tuerk.inglory.de/wp-login.php?redirect_to=https%3A%2F%2Ftuerk.inglory.de%2Fwp-admin%2F&reauth=1" "Mozilla/5.0 (Macintosh; Intel Mac OS X 10_15_7) AppleWebKit/537.36 (KHTML, like Gecko) Chrome/124.0.0.0 Safari/537.36"
89.244.92.53 - - [13/May/2024:16:10:04 +0200] "GET /wp-includes/js/jquery/jquery-migrate.min.js?ver=3.4.1 HTTP/1.0" 304 691 "https://tuerk.inglory.de/wp-login.php?redirect_to=https%3A%2F%2Ftuerk.inglory.de%2Fwp-admin%2F&reauth=1" "Mozilla/5.0 (Macintosh; Intel Mac OS X 10_15_7) AppleWebKit/537.36 (KHTML, like Gecko) Chrome/124.0.0.0 Safari/537.36"
89.244.92.53 - - [13/May/2024:16:10:04 +0200] "GET /wp-includes/js/zxcvbn-async.min.js?ver=1.0 HTTP/1.0" 304 2139 "https://tuerk.inglory.de/wp-login.php?redirect_to=https%3A%2F%2Ftuerk.inglory.de%2Fwp-admin%2F&reauth=1" "Mozilla/5.0 (Macintosh; Intel Mac OS X 10_15_7) AppleWebKit/537.36 (KHTML, like Gecko) Chrome/124.0.0.0 Safari/537.36"
89.244.92.53 - - [13/May/2024:16:10:04 +0200] "GET /wp-includes/js/dist/vendor/wp-polyfill-inert.min.js?ver=3.1.2 HTTP/1.0" 304 2140 "https://tuerk.inglory.de/wp-login.php?redirect_to=https%3A%2F%2Ftuerk.inglory.de%2Fwp-admin%2F&reauth=1" "Mozilla/5.0 (Macintosh; Intel Mac OS X 10_15_7) AppleWebKit/537.36 (KHTML, like Gecko) Chrome/124.0.0.0 Safari/537.36"
89.244.92.53 - - [13/May/2024:16:10:04 +0200] "GET /wp-includes/js/dist/vendor/wp-polyfill.min.js?ver=3.15.0 HTTP/1.0" 304 2140 "https://tuerk.inglory.de/wp-login.php?redirect_to=https%3A%2F%2Ftuerk.inglory.de%2Fwp-admin%2F&reauth=1" "Mozilla/5.0 (Macintosh; Intel Mac OS X 10_15_7) AppleWebKit/537.36 (KHTML, like Gecko) Chrome/124.0.0.0 Safari/537.36"
89.244.92.53 - - [13/May/2024:16:10:04 +0200] "GET /wp-includes/js/dist/vendor/regenerator-runtime.min.js?ver=0.14.0 HTTP/1.0" 304 2140 "https://tuerk.inglory.de/wp-login.php?redirect_to=https%3A%2F%2Ftuerk.inglory.de%2Fwp-admin%2F&reauth=1" "Mozilla/5.0 (Macintosh; Intel Mac OS X 10_15_7) AppleWebKit/537.36 (KHTML, like Gecko) Chrome/124.0.0.0 Safari/537.36"
89.244.92.53 - - [13/May/2024:16:10:04 +0200] "GET /wp-includes/js/dist/i18n.min.js?ver=5e580eb46a90c2b997e6 HTTP/1.0" 304 2140 "https://tuerk.inglory.de/wp-login.php?redirect_to=https%3A%2F%2Ftuerk.inglory.de%2Fwp-admin%2F&reauth=1" "Mozilla/5.0 (Macintosh; Intel Mac OS X 10_15_7) AppleWebKit/537.36 (KHTML, like Gecko) Chrome/124.0.0.0 Safari/537.36"
89.244.92.53 - - [13/May/2024:16:10:04 +0200] "GET /wp-includes/js/underscore.min.js?ver=1.13.4 HTTP/1.0" 304 2140 "https://tuerk.inglory.de/wp-login.php?redirect_to=https%3A%2F%2Ftuerk.inglory.de%2Fwp-admin%2F&reauth=1" "Mozilla/5.0 (Macintosh; Intel Mac OS X 10_15_7) AppleWebKit/537.36 (KHTML, like Gecko) Chrome/124.0.0.0 Safari/537.36"
89.244.92.53 - - [13/May/2024:16:10:04 +0200] "GET /wp-includes/js/dist/hooks.min.js?ver=2810c76e705dd1a53b18 HTTP/1.0" 304 2140 "https://tuerk.inglory.de/wp-login.php?redirect_to=https%3A%2F%2Ftuerk.inglory.de%2Fwp-admin%2F&reauth=1" "Mozilla/5.0 (Macintosh; Intel Mac OS X 10_15_7) AppleWebKit/537.36 (KHTML, like Gecko) Chrome/124.0.0.0 Safari/537.36"
94.130.90.54 - - [13/May/2024:16:10:04 +0200] "GET /wp-content/uploads/cropped-logo-32x32.jpg HTTP/1.1" 304 3388 "https://tuerk.inglory.de/wp-login.php?redirect_to=https%3A%2F%2Ftuerk.inglory.de%2Fwp-admin%2F&reauth=1" "Serf/1.3.9 (mod_pagespeed/1.13.35.2-0)"
94.130.90.54 - - [13/May/2024:16:10:04 +0200] "GET /wp-content/uploads/cropped-logo-192x192.jpg HTTP/1.1" 304 3389 "https://tuerk.inglory.de/wp-login.php?redirect_to=https%3A%2F%2Ftuerk.inglory.de%2Fwp-admin%2F&reauth=1" "Serf/1.3.9 (mod_pagespeed/1.13.35.2-0)"
94.130.90.54 - - [13/May/2024:16:10:04 +0200] "GET /wp-content/uploads/cropped-logo-180x180.jpg HTTP/1.1" 304 3388 "https://tuerk.inglory.de/wp-login.php?redirect_to=https%3A%2F%2Ftuerk.inglory.de%2Fwp-admin%2F&reauth=1" "Serf/1.3.9 (mod_pagespeed/1.13.35.2-0)"
94.130.90.54 - - [13/May/2024:16:10:04 +0200] "GET /wp-includes/js/jquery/jquery.min.js?ver=3.7.1 HTTP/1.1" 304 3390 "https://tuerk.inglory.de/wp-login.php?redirect_to=https%3A%2F%2Ftuerk.inglory.de%2Fwp-admin%2F&reauth=1" "Serf/1.3.9 (mod_pagespeed/1.13.35.2-0)"
94.130.90.54 - - [13/May/2024:16:10:04 +0200] "GET /wp-includes/js/jquery/jquery-migrate.min.js?ver=3.4.1 HTTP/1.1" 200 17137 "https://tuerk.inglory.de/wp-login.php?redirect_to=https%3A%2F%2Ftuerk.inglory.de%2Fwp-admin%2F&reauth=1" "Serf/1.3.9 (mod_pagespeed/1.13.35.2-0)"
94.130.90.54 - - [13/May/2024:16:10:04 +0200] "GET /wp-includes/js/underscore.min.js?ver=1.13.4 HTTP/1.1" 200 22422 "https://tuerk.inglory.de/wp-login.php?redirect_to=https%3A%2F%2Ftuerk.inglory.de%2Fwp-admin%2F&reauth=1" "Serf/1.3.9 (mod_pagespeed/1.13.35.2-0)"
94.130.90.54 - - [13/May/2024:16:10:04 +0200] "GET /wp-includes/js/wp-util.min.js?ver=6.5.3 HTTP/1.1" 200 4955 "https://tuerk.inglory.de/wp-login.php?redirect_to=https%3A%2F%2Ftuerk.inglory.de%2Fwp-admin%2F&reauth=1" "Serf/1.3.9 (mod_pagespeed/1.13.35.2-0)"
94.130.90.54 - - [13/May/2024:16:10:04 +0200] "GET /wp-includes/js/zxcvbn-async.min.js?ver=1.0 HTTP/1.1" 200 3879 "https://tuerk.inglory.de/wp-login.php?redirect_to=https%3A%2F%2Ftuerk.inglory.de%2Fwp-admin%2F&reauth=1" "Serf/1.3.9 (mod_pagespeed/1.13.35.2-0)"
89.244.92.53 - - [13/May/2024:16:10:04 +0200] "GET /wp-content/uploads/cropped-logo-32x32.jpg HTTP/1.0" 304 690 "https://tuerk.inglory.de/wp-login.php?redirect_to=https%3A%2F%2Ftuerk.inglory.de%2Fwp-admin%2F&reauth=1" "Mozilla/5.0 (Macintosh; Intel Mac OS X 10_15_7) AppleWebKit/537.36 (KHTML, like Gecko) Chrome/124.0.0.0 Safari/537.36"
89.244.92.53 - - [13/May/2024:16:10:04 +0200] "GET /wp-includes/js/zxcvbn.min.js HTTP/1.0" 200 401623 "https://tuerk.inglory.de/wp-login.php?redirect_to=https%3A%2F%2Ftuerk.inglory.de%2Fwp-admin%2F&reauth=1" "Mozilla/5.0 (Macintosh; Intel Mac OS X 10_15_7) AppleWebKit/537.36 (KHTML, like Gecko) Chrome/124.0.0.0 Safari/537.36"
89.244.92.53 - - [13/May/2024:16:10:08 +0200] "POST /wp-login.php HTTP/1.0" 200 4733 "https://tuerk.inglory.de/wp-login.php?redirect_to=https%3A%2F%2Ftuerk.inglory.de%2Fwp-admin%2F&reauth=1" "Mozilla/5.0 (Macintosh; Intel Mac OS X 10_15_7) AppleWebKit/537.36 (KHTML, like Gecko) Chrome/124.0.0.0 Safari/537.36"
94.130.90.54 - - [13/May/2024:16:10:09 +0200] "GET /wp-includes/js/dist/vendor/wp-polyfill-inert.min.js?ver=3.1.2 HTTP/1.1" 200 11730 "https://tuerk.inglory.de/wp-login.php" "Serf/1.3.9 (mod_pagespeed/1.13.35.2-0)"
89.244.92.53 - - [13/May/2024:16:10:09 +0200] "GET /wp-includes/css/A.buttons.min.css,qver=6.5.3.pagespeed.cf.WCX6X5rgTl.css HTTP/1.0" 200 2360 "https://tuerk.inglory.de/wp-login.php" "Mozilla/5.0 (Macintosh; Intel Mac OS X 10_15_7) AppleWebKit/537.36 (KHTML, like Gecko) Chrome/124.0.0.0 Safari/537.36"
89.244.92.53 - - [13/May/2024:16:10:09 +0200] "GET /wp-includes/css/A.dashicons.min.css,qver=6.5.3.pagespeed.cf.DVmAQMtQdn.css HTTP/1.0" 200 36737 "https://tuerk.inglory.de/wp-login.php" "Mozilla/5.0 (Macintosh; Intel Mac OS X 10_15_7) AppleWebKit/537.36 (KHTML, like Gecko) Chrome/124.0.0.0 Safari/537.36"
89.244.92.53 - - [13/May/2024:16:10:09 +0200] "GET /wp-includes/js/zxcvbn-async.min.js?ver=1.0 HTTP/1.0" 304 690 "https://tuerk.inglory.de/wp-login.php" "Mozilla/5.0 (Macintosh; Intel Mac OS X 10_15_7) AppleWebKit/537.36 (KHTML, like Gecko) Chrome/124.0.0.0 Safari/537.36"
94.130.90.54 - - [13/May/2024:16:10:09 +0200] "GET /wp-includes/js/dist/i18n.min.js?ver=5e580eb46a90c2b997e6 HTTP/1.1" 200 12700 "https://tuerk.inglory.de/wp-login.php" "Serf/1.3.9 (mod_pagespeed/1.13.35.2-0)"
94.130.90.54 - - [13/May/2024:16:10:09 +0200] "GET /wp-includes/js/dist/vendor/regenerator-runtime.min.js?ver=0.14.0 HTTP/1.1" 200 10184 "https://tuerk.inglory.de/wp-login.php" "Serf/1.3.9 (mod_pagespeed/1.13.35.2-0)"
94.130.90.54 - - [13/May/2024:16:10:09 +0200] "GET /wp-includes/js/dist/hooks.min.js?ver=2810c76e705dd1a53b18 HTTP/1.1" 200 7866 "https://tuerk.inglory.de/wp-login.php" "Serf/1.3.9 (mod_pagespeed/1.13.35.2-0)"
94.130.90.54 - - [13/May/2024:16:10:09 +0200] "GET /wp-includes/js/dist/vendor/wp-polyfill.min.js?ver=3.15.0 HTTP/1.1" 200 42208 "https://tuerk.inglory.de/wp-login.php" "Serf/1.3.9 (mod_pagespeed/1.13.35.2-0)"
89.244.92.53 - - [13/May/2024:16:10:09 +0200] "GET /wp-includes/js/dist/vendor,_wp-polyfill-inert.min.js,qver==3.1.2+vendor,_regenerator-runtime.min.js,qver==0.14.0+vendor,_wp-polyfill.min.js,qver==3.15.0+hooks.min.js,qver==2810c76e705dd1a53b18+i18n.min.js,qver==5e580eb46a90c2b997e6.pagespeed.jc.NUeAruhSwe.js HTTP/1.0" 200 24212 "https://tuerk.inglory.de/wp-login.php" "Mozilla/5.0 (Macintosh; Intel Mac OS X 10_15_7) AppleWebKit/537.36 (KHTML, like Gecko) Chrome/124.0.0.0 Safari/537.36"
89.244.92.53 - - [13/May/2024:16:10:12 +0200] "POST /wp-login.php HTTP/1.0" 200 4733 "https://tuerk.inglory.de/wp-login.php" "Mozilla/5.0 (Macintosh; Intel Mac OS X 10_15_7) AppleWebKit/537.36 (KHTML, like Gecko) Chrome/124.0.0.0 Safari/537.36"
89.244.92.53 - - [13/May/2024:16:10:12 +0200] "GET /wp-includes/js/zxcvbn-async.min.js?ver=1.0 HTTP/1.0" 304 662 "https://tuerk.inglory.de/wp-login.php" "Mozilla/5.0 (Macintosh; Intel Mac OS X 10_15_7) AppleWebKit/537.36 (KHTML, like Gecko) Chrome/124.0.0.0 Safari/537.36"
89.244.92.53 - - [13/May/2024:16:10:16 +0200] "POST /wp-login.php HTTP/1.0" 200 4733 "https://tuerk.inglory.de/wp-login.php" "Mozilla/5.0 (Macintosh; Intel Mac OS X 10_15_7) AppleWebKit/537.36 (KHTML, like Gecko) Chrome/124.0.0.0 Safari/537.36"
89.244.92.53 - - [13/May/2024:16:10:16 +0200] "GET /wp-includes/js/zxcvbn-async.min.js?ver=1.0 HTTP/1.0" 304 662 "https://tuerk.inglory.de/wp-login.php" "Mozilla/5.0 (Macintosh; Intel Mac OS X 10_15_7) AppleWebKit/537.36 (KHTML, like Gecko) Chrome/124.0.0.0 Safari/537.36"
89.244.92.53 - - [13/May/2024:16:10:21 +0200] "POST /wp-login.php HTTP/1.0" 302 1670 "https://tuerk.inglory.de/wp-login.php" "Mozilla/5.0 (Macintosh; Intel Mac OS X 10_15_7) AppleWebKit/537.36 (KHTML, like Gecko) Chrome/124.0.0.0 Safari/537.36"
89.244.92.53 - - [13/May/2024:16:10:21 +0200] "GET /wp-admin/ HTTP/1.0" 200 77083 "https://tuerk.inglory.de/wp-login.php" "Mozilla/5.0 (Macintosh; Intel Mac OS X 10_15_7) AppleWebKit/537.36 (KHTML, like Gecko) Chrome/124.0.0.0 Safari/537.36"
89.244.92.53 - - [13/May/2024:16:10:24 +0200] "GET /wp-includes/js/thickbox/thickbox.css?ver=6.5.3 HTTP/1.0" 200 1784 "https://tuerk.inglory.de/wp-admin/" "Mozilla/5.0 (Macintosh; Intel Mac OS X 10_15_7) AppleWebKit/537.36 (KHTML, like Gecko) Chrome/124.0.0.0 Safari/537.36"
89.244.92.53 - - [13/May/2024:16:10:24 +0200] "GET /wp-content/plugins/pro-elements/assets/css/admin.min.css?ver=3.21.0 HTTP/1.0" 200 3821 "https://tuerk.inglory.de/wp-admin/" "Mozilla/5.0 (Macintosh; Intel Mac OS X 10_15_7) AppleWebKit/537.36 (KHTML, like Gecko) Chrome/124.0.0.0 Safari/537.36"
89.244.92.53 - - [13/May/2024:16:10:24 +0200] "GET /wp-admin/load-styles.php?c=0&dir=ltr&load%5Bchunk_0%5D=dashicons,admin-bar,site-health,common,forms,admin-menu,dashboard,list-tables,edit,revisions,media,themes,about,nav-menus,wp-poi&load%5Bchunk_1%5D=nter,widgets,site-icon,l10n,buttons,wp-auth-check&ver=6.5.3 HTTP/1.0" 200 102495 "https://tuerk.inglory.de/wp-admin/" "Mozilla/5.0 (Macintosh; Intel Mac OS X 10_15_7) AppleWebKit/537.36 (KHTML, like Gecko) Chrome/124.0.0.0 Safari/537.36"
89.244.92.53 - - [13/May/2024:16:10:24 +0200] "GET /wp-content/plugins/elementor/assets/lib/eicons/css/elementor-icons.min.css?ver=5.29.0 HTTP/1.0" 304 691 "https://tuerk.inglory.de/wp-admin/" "Mozilla/5.0 (Macintosh; Intel Mac OS X 10_15_7) AppleWebKit/537.36 (KHTML, like Gecko) Chrome/124.0.0.0 Safari/537.36"
89.244.92.53 - - [13/May/2024:16:10:24 +0200] "GET /wp-content/plugins/elementor/assets/css/common.min.css?ver=3.21.4 HTTP/1.0" 304 2140 "https://tuerk.inglory.de/wp-admin/" "Mozilla/5.0 (Macintosh; Intel Mac OS X 10_15_7) AppleWebKit/537.36 (KHTML, like Gecko) Chrome/124.0.0.0 Safari/537.36"
89.244.92.53 - - [13/May/2024:16:10:24 +0200] "GET /wp-content/plugins/elementor/assets/css/theme-light.min.css?ver=3.21.4 HTTP/1.0" 304 690 "https://tuerk.inglory.de/wp-admin/" "Mozilla/5.0 (Macintosh; Intel Mac OS X 10_15_7) AppleWebKit/537.36 (KHTML, like Gecko) Chrome/124.0.0.0 Safari/537.36"
89.244.92.53 - - [13/May/2024:16:10:24 +0200] "GET /wp-content/themes/hub/liquid/assets/vendors/image-picker/image-picker.css?ver=6.5.3 HTTP/1.0" 200 2597 "https://tuerk.inglory.de/wp-admin/" "Mozilla/5.0 (Macintosh; Intel Mac OS X 10_15_7) AppleWebKit/537.36 (KHTML, like Gecko) Chrome/124.0.0.0 Safari/537.36"
