54.73.6.70 - - [12/Jan/2026:17:05:46 +0100] "GET /wp-content/uploads/icon-2.svg HTTP/1.0" 200 10211 "https://tiebel.inglory.de/" "Plesk screenshot bot https://support.plesk.com/hc/en-us/articles/10301006946066"
94.130.90.54 - - [12/Jan/2026:17:05:46 +0100] "GET /wp-content/uploads/mob-10.jpg HTTP/1.1" 304 3398 "https://tiebel.inglory.de/" "Serf/1.3.9 (mod_pagespeed/1.13.35.2-0)"
54.73.6.70 - - [12/Jan/2026:17:05:46 +0100] "GET /wp-content/plugins/elementor/assets/css/widget-icon-list.min.css HTTP/1.0" 200 5168 "https://tiebel.inglory.de/" "Plesk screenshot bot https://support.plesk.com/hc/en-us/articles/10301006946066"
54.73.6.70 - - [12/Jan/2026:17:05:46 +0100] "GET /wp-content/uploads/menu-button.svg HTTP/1.0" 200 4351 "https://tiebel.inglory.de/" "Plesk screenshot bot https://support.plesk.com/hc/en-us/articles/10301006946066"
54.73.6.70 - - [12/Jan/2026:17:05:46 +0100] "GET /wp-content/uploads/icon-14.svg HTTP/1.0" 200 8998 "https://tiebel.inglory.de/" "Plesk screenshot bot https://support.plesk.com/hc/en-us/articles/10301006946066"
54.73.6.70 - - [12/Jan/2026:17:05:46 +0100] "GET /wp-content/plugins/elementor-pro/assets/css/widget-nav-menu.min.css HTTP/1.0" 200 7482 "https://tiebel.inglory.de/" "Plesk screenshot bot https://support.plesk.com/hc/en-us/articles/10301006946066"
54.73.6.70 - - [12/Jan/2026:17:05:46 +0100] "GET /wp-content/plugins/elementor-pro/assets/css/widget-loop-builder.min.css HTTP/1.0" 200 6733 "https://tiebel.inglory.de/" "Plesk screenshot bot https://support.plesk.com/hc/en-us/articles/10301006946066"
54.73.6.70 - - [12/Jan/2026:17:05:46 +0100] "GET /wp-content/uploads/icon-15.svg HTTP/1.0" 200 4806 "https://tiebel.inglory.de/" "Plesk screenshot bot https://support.plesk.com/hc/en-us/articles/10301006946066"
54.73.6.70 - - [12/Jan/2026:17:05:46 +0100] "GET /wp-includes/js/jquery/jquery-migrate.min.js?ver=3.4.1 HTTP/1.0" 200 9104 "https://tiebel.inglory.de/" "Plesk screenshot bot https://support.plesk.com/hc/en-us/articles/10301006946066"
54.73.6.70 - - [12/Jan/2026:17:05:46 +0100] "GET /wp-content/uploads/icon-16.svg HTTP/1.0" 200 4529 "https://tiebel.inglory.de/" "Plesk screenshot bot https://support.plesk.com/hc/en-us/articles/10301006946066"
94.130.90.54 - - [12/Jan/2026:17:05:46 +0100] "GET /wp-content/uploads/mob-10-300x206.jpg HTTP/1.1" 304 3397 "https://tiebel.inglory.de/" "Serf/1.3.9 (mod_pagespeed/1.13.35.2-0)"
54.73.6.70 - - [12/Jan/2026:17:05:46 +0100] "GET /wp-content/plugins/elementor-pro/assets/lib/smartmenus/jquery.smartmenus.min.js?ver=1.2.1 HTTP/1.0" 200 11289 "https://tiebel.inglory.de/" "Plesk screenshot bot https://support.plesk.com/hc/en-us/articles/10301006946066"
54.73.6.70 - - [12/Jan/2026:17:05:46 +0100] "GET /wp-includes/js/imagesloaded.min.js?ver=5.0.0 HTTP/1.0" 200 6035 "https://tiebel.inglory.de/" "Plesk screenshot bot https://support.plesk.com/hc/en-us/articles/10301006946066"
54.73.6.70 - - [12/Jan/2026:17:05:46 +0100] "GET /wp-content/plugins/elementor-pro/assets/js/webpack-pro.runtime.min.js?ver=3.21.2 HTTP/1.0" 200 6794 "https://tiebel.inglory.de/" "Plesk screenshot bot https://support.plesk.com/hc/en-us/articles/10301006946066"
54.73.6.70 - - [12/Jan/2026:17:05:46 +0100] "GET /wp-includes/js/dist/i18n.min.js?ver=c26c3dc7bed366793375 HTTP/1.0" 200 6462 "https://tiebel.inglory.de/" "Plesk screenshot bot https://support.plesk.com/hc/en-us/articles/10301006946066"
54.73.6.70 - - [12/Jan/2026:17:05:46 +0100] "GET /wp-content/plugins/elementor/assets/js/webpack.runtime.min.js?ver=3.22.3 HTTP/1.0" 200 6357 "https://tiebel.inglory.de/" "Plesk screenshot bot https://support.plesk.com/hc/en-us/articles/10301006946066"
54.73.6.70 - - [12/Jan/2026:17:05:46 +0100] "GET /wp-includes/js/dist/hooks.min.js?ver=dd5603f07f9220ed27f1 HTTP/1.0" 200 6175 "https://tiebel.inglory.de/" "Plesk screenshot bot https://support.plesk.com/hc/en-us/articles/10301006946066"
94.130.90.54 - - [12/Jan/2026:17:05:46 +0100] "GET /wp-content/uploads/mob-10-1024x702.jpg HTTP/1.1" 304 3398 "https://tiebel.inglory.de/" "Serf/1.3.9 (mod_pagespeed/1.13.35.2-0)"
54.73.6.70 - - [12/Jan/2026:17:05:46 +0100] "GET /wp-content/plugins/elementor-pro/assets/js/frontend.min.js?ver=3.21.2 HTTP/1.0" 200 10911 "https://tiebel.inglory.de/" "Plesk screenshot bot https://support.plesk.com/hc/en-us/articles/10301006946066"
54.73.6.70 - - [12/Jan/2026:17:05:46 +0100] "GET /wp-includes/js/jquery/ui/core.min.js?ver=1.13.3 HTTP/1.0" 200 11328 "https://tiebel.inglory.de/" "Plesk screenshot bot https://support.plesk.com/hc/en-us/articles/10301006946066"
54.73.6.70 - - [12/Jan/2026:17:05:46 +0100] "GET /wp-content/plugins/elementor/assets/js/frontend-modules.min.js?ver=3.22.3 HTTP/1.0" 200 22636 "https://tiebel.inglory.de/" "Plesk screenshot bot https://support.plesk.com/hc/en-us/articles/10301006946066"
54.73.6.70 - - [12/Jan/2026:17:05:46 +0100] "GET /wp-content/plugins/elementor-pro/assets/lib/sticky/jquery.sticky.min.js?ver=3.21.2 HTTP/1.0" 200 5639 "https://tiebel.inglory.de/" "Plesk screenshot bot https://support.plesk.com/hc/en-us/articles/10301006946066"
94.130.90.54 - - [12/Jan/2026:17:05:46 +0100] "GET /wp-content/uploads/mob-10-768x527.jpg HTTP/1.1" 304 3397 "https://tiebel.inglory.de/" "Serf/1.3.9 (mod_pagespeed/1.13.35.2-0)"
54.73.6.70 - - [12/Jan/2026:17:05:46 +0100] "GET /wp-includes/js/jquery/jquery.min.js?ver=3.7.1 HTTP/1.0" 200 34578 "https://tiebel.inglory.de/" "Plesk screenshot bot https://support.plesk.com/hc/en-us/articles/10301006946066"
54.73.6.70 - - [12/Jan/2026:17:05:46 +0100] "GET /wp-content/plugins/elementor/assets/js/frontend.min.js?ver=3.22.3 HTTP/1.0" 200 16387 "https://tiebel.inglory.de/" "Plesk screenshot bot https://support.plesk.com/hc/en-us/articles/10301006946066"
54.73.6.70 - - [12/Jan/2026:17:05:46 +0100] "GET /wp-content/plugins/elementor-pro/assets/js/elements-handlers.min.js?ver=3.21.2 HTTP/1.0" 200 13429 "https://tiebel.inglory.de/" "Plesk screenshot bot https://support.plesk.com/hc/en-us/articles/10301006946066"
94.130.90.54 - - [12/Jan/2026:17:05:46 +0100] "GET /wp-content/uploads/img.jpg HTTP/1.1" 304 3398 "https://tiebel.inglory.de/" "Serf/1.3.9 (mod_pagespeed/1.13.35.2-0)"
94.130.90.54 - - [12/Jan/2026:17:05:46 +0100] "GET /wp-content/uploads/img.jpg HTTP/1.1" 304 3398 "https://tiebel.inglory.de/" "Serf/1.3.9 (mod_pagespeed/1.13.35.2-0)"
94.130.90.54 - - [12/Jan/2026:17:05:46 +0100] "GET /wp-content/uploads/img-300x155.jpg HTTP/1.1" 304 3397 "https://tiebel.inglory.de/" "Serf/1.3.9 (mod_pagespeed/1.13.35.2-0)"
94.130.90.54 - - [12/Jan/2026:17:05:46 +0100] "GET /wp-content/uploads/img-1024x530.jpg HTTP/1.1" 304 3397 "https://tiebel.inglory.de/" "Serf/1.3.9 (mod_pagespeed/1.13.35.2-0)"
94.130.90.54 - - [12/Jan/2026:17:05:46 +0100] "GET /wp-content/uploads/img-768x397.jpg HTTP/1.1" 304 3397 "https://tiebel.inglory.de/" "Serf/1.3.9 (mod_pagespeed/1.13.35.2-0)"
94.130.90.54 - - [12/Jan/2026:17:05:46 +0100] "GET /wp-content/uploads/img-1536x794.jpg HTTP/1.1" 304 3398 "https://tiebel.inglory.de/" "Serf/1.3.9 (mod_pagespeed/1.13.35.2-0)"
94.130.90.54 - - [12/Jan/2026:17:05:46 +0100] "GET /wp-content/uploads/img-2111.jpg HTTP/1.1" 304 3398 "https://tiebel.inglory.de/" "Serf/1.3.9 (mod_pagespeed/1.13.35.2-0)"
94.130.90.54 - - [12/Jan/2026:17:05:46 +0100] "GET /wp-content/uploads/img-2111.jpg HTTP/1.1" 304 3398 "https://tiebel.inglory.de/" "Serf/1.3.9 (mod_pagespeed/1.13.35.2-0)"
94.130.90.54 - - [12/Jan/2026:17:05:46 +0100] "GET /wp-content/uploads/img-2111-300x278.jpg HTTP/1.1" 304 3397 "https://tiebel.inglory.de/" "Serf/1.3.9 (mod_pagespeed/1.13.35.2-0)"
94.130.90.54 - - [12/Jan/2026:17:05:46 +0100] "GET /wp-content/uploads/img-2111-768x711.jpg HTTP/1.1" 304 3398 "https://tiebel.inglory.de/" "Serf/1.3.9 (mod_pagespeed/1.13.35.2-0)"
94.130.90.54 - - [12/Jan/2026:17:05:46 +0100] "GET /wp-content/uploads/mob-1.jpg HTTP/1.1" 304 3397 "https://tiebel.inglory.de/" "Serf/1.3.9 (mod_pagespeed/1.13.35.2-0)"
94.130.90.54 - - [12/Jan/2026:17:05:46 +0100] "GET /wp-content/uploads/mob-1.jpg HTTP/1.1" 304 3397 "https://tiebel.inglory.de/" "Serf/1.3.9 (mod_pagespeed/1.13.35.2-0)"
94.130.90.54 - - [12/Jan/2026:17:05:46 +0100] "GET /wp-content/uploads/mob-1-300x206.jpg HTTP/1.1" 304 3397 "https://tiebel.inglory.de/" "Serf/1.3.9 (mod_pagespeed/1.13.35.2-0)"
94.130.90.54 - - [12/Jan/2026:17:05:46 +0100] "GET /wp-content/uploads/mob-1-1024x702.jpg HTTP/1.1" 304 3398 "https://tiebel.inglory.de/" "Serf/1.3.9 (mod_pagespeed/1.13.35.2-0)"
94.130.90.54 - - [12/Jan/2026:17:05:46 +0100] "GET /wp-content/uploads/mob-1-768x527.jpg HTTP/1.1" 304 3397 "https://tiebel.inglory.de/" "Serf/1.3.9 (mod_pagespeed/1.13.35.2-0)"
94.130.90.54 - - [12/Jan/2026:17:05:46 +0100] "GET /wp-content/uploads/img-1.jpg HTTP/1.1" 304 3398 "https://tiebel.inglory.de/" "Serf/1.3.9 (mod_pagespeed/1.13.35.2-0)"
94.130.90.54 - - [12/Jan/2026:17:05:46 +0100] "GET /wp-content/uploads/img-1.jpg HTTP/1.1" 304 3398 "https://tiebel.inglory.de/" "Serf/1.3.9 (mod_pagespeed/1.13.35.2-0)"
94.130.90.54 - - [12/Jan/2026:17:05:46 +0100] "GET /wp-content/uploads/img-1-300x155.jpg HTTP/1.1" 304 3397 "https://tiebel.inglory.de/" "Serf/1.3.9 (mod_pagespeed/1.13.35.2-0)"
94.130.90.54 - - [12/Jan/2026:17:05:46 +0100] "GET /wp-content/uploads/img-1-1024x530.jpg HTTP/1.1" 304 3397 "https://tiebel.inglory.de/" "Serf/1.3.9 (mod_pagespeed/1.13.35.2-0)"
94.130.90.54 - - [12/Jan/2026:17:05:46 +0100] "GET /wp-content/uploads/img-1-768x397.jpg HTTP/1.1" 304 3397 "https://tiebel.inglory.de/" "Serf/1.3.9 (mod_pagespeed/1.13.35.2-0)"
94.130.90.54 - - [12/Jan/2026:17:05:46 +0100] "GET /wp-content/uploads/img-1-1536x794.jpg HTTP/1.1" 304 3398 "https://tiebel.inglory.de/" "Serf/1.3.9 (mod_pagespeed/1.13.35.2-0)"
94.130.90.54 - - [12/Jan/2026:17:05:46 +0100] "GET /wp-content/uploads/img-4-2.jpg HTTP/1.1" 304 3397 "https://tiebel.inglory.de/" "Serf/1.3.9 (mod_pagespeed/1.13.35.2-0)"
94.130.90.54 - - [12/Jan/2026:17:05:46 +0100] "GET /wp-content/uploads/img-4-2.jpg HTTP/1.1" 304 3397 "https://tiebel.inglory.de/" "Serf/1.3.9 (mod_pagespeed/1.13.35.2-0)"
94.130.90.54 - - [12/Jan/2026:17:05:46 +0100] "GET /wp-content/uploads/img-4-2-300x278.jpg HTTP/1.1" 304 3397 "https://tiebel.inglory.de/" "Serf/1.3.9 (mod_pagespeed/1.13.35.2-0)"
94.130.90.54 - - [12/Jan/2026:17:05:46 +0100] "GET /wp-content/uploads/img-4-2-768x711.jpg HTTP/1.1" 304 3397 "https://tiebel.inglory.de/" "Serf/1.3.9 (mod_pagespeed/1.13.35.2-0)"
94.130.90.54 - - [12/Jan/2026:17:05:46 +0100] "GET /wp-content/uploads/mob-2.jpg HTTP/1.1" 304 3398 "https://tiebel.inglory.de/" "Serf/1.3.9 (mod_pagespeed/1.13.35.2-0)"
94.130.90.54 - - [12/Jan/2026:17:05:46 +0100] "GET /wp-content/uploads/mob-2.jpg HTTP/1.1" 304 3398 "https://tiebel.inglory.de/" "Serf/1.3.9 (mod_pagespeed/1.13.35.2-0)"
94.130.90.54 - - [12/Jan/2026:17:05:46 +0100] "GET /wp-content/uploads/mob-2-300x206.jpg HTTP/1.1" 304 3397 "https://tiebel.inglory.de/" "Serf/1.3.9 (mod_pagespeed/1.13.35.2-0)"
94.130.90.54 - - [12/Jan/2026:17:05:46 +0100] "GET /wp-content/uploads/mob-2-1024x702.jpg HTTP/1.1" 304 3397 "https://tiebel.inglory.de/" "Serf/1.3.9 (mod_pagespeed/1.13.35.2-0)"
54.73.6.70 - - [12/Jan/2026:17:05:46 +0100] "GET /wp-content/uploads/Anuphan-Light.ttf HTTP/1.0" 200 118097 "https://tiebel.inglory.de/wp-content/uploads/elementor/css/post-6.css?ver=1720003266" "Plesk screenshot bot https://support.plesk.com/hc/en-us/articles/10301006946066"
94.130.90.54 - - [12/Jan/2026:17:05:46 +0100] "GET /wp-content/uploads/mob-2-768x527.jpg HTTP/1.1" 304 3397 "https://tiebel.inglory.de/" "Serf/1.3.9 (mod_pagespeed/1.13.35.2-0)"
94.130.90.54 - - [12/Jan/2026:17:05:46 +0100] "GET /wp-content/uploads/img-2.jpg HTTP/1.1" 304 3398 "https://tiebel.inglory.de/" "Serf/1.3.9 (mod_pagespeed/1.13.35.2-0)"
94.130.90.54 - - [12/Jan/2026:17:05:46 +0100] "GET /wp-content/uploads/img-2.jpg HTTP/1.1" 304 3398 "https://tiebel.inglory.de/" "Serf/1.3.9 (mod_pagespeed/1.13.35.2-0)"
94.130.90.54 - - [12/Jan/2026:17:05:46 +0100] "GET /wp-content/uploads/img-2-300x155.jpg HTTP/1.1" 304 3397 "https://tiebel.inglory.de/" "Serf/1.3.9 (mod_pagespeed/1.13.35.2-0)"
94.130.90.54 - - [12/Jan/2026:17:05:46 +0100] "GET /wp-content/uploads/img-2-1024x530.jpg HTTP/1.1" 304 3398 "https://tiebel.inglory.de/" "Serf/1.3.9 (mod_pagespeed/1.13.35.2-0)"
94.130.90.54 - - [12/Jan/2026:17:05:46 +0100] "GET /wp-content/uploads/img-2-768x397.jpg HTTP/1.1" 304 3398 "https://tiebel.inglory.de/" "Serf/1.3.9 (mod_pagespeed/1.13.35.2-0)"
94.130.90.54 - - [12/Jan/2026:17:05:46 +0100] "GET /wp-content/uploads/img-2-1536x794.jpg HTTP/1.1" 304 3398 "https://tiebel.inglory.de/" "Serf/1.3.9 (mod_pagespeed/1.13.35.2-0)"
94.130.90.54 - - [12/Jan/2026:17:05:46 +0100] "GET /wp-content/uploads/img-5-2.jpg HTTP/1.1" 304 3398 "https://tiebel.inglory.de/" "Serf/1.3.9 (mod_pagespeed/1.13.35.2-0)"
94.130.90.54 - - [12/Jan/2026:17:05:46 +0100] "GET /wp-content/uploads/img-5-2.jpg HTTP/1.1" 304 3398 "https://tiebel.inglory.de/" "Serf/1.3.9 (mod_pagespeed/1.13.35.2-0)"
94.130.90.54 - - [12/Jan/2026:17:05:46 +0100] "GET /wp-content/uploads/img-5-2-300x278.jpg HTTP/1.1" 304 3397 "https://tiebel.inglory.de/" "Serf/1.3.9 (mod_pagespeed/1.13.35.2-0)"
94.130.90.54 - - [12/Jan/2026:17:05:46 +0100] "GET /wp-content/uploads/img-5-2-768x711.jpg HTTP/1.1" 304 3398 "https://tiebel.inglory.de/" "Serf/1.3.9 (mod_pagespeed/1.13.35.2-0)"
94.130.90.54 - - [12/Jan/2026:17:05:46 +0100] "GET /wp-content/uploads/mob-3.jpg HTTP/1.1" 304 3398 "https://tiebel.inglory.de/" "Serf/1.3.9 (mod_pagespeed/1.13.35.2-0)"
94.130.90.54 - - [12/Jan/2026:17:05:46 +0100] "GET /wp-content/uploads/mob-3.jpg HTTP/1.1" 304 3398 "https://tiebel.inglory.de/" "Serf/1.3.9 (mod_pagespeed/1.13.35.2-0)"
94.130.90.54 - - [12/Jan/2026:17:05:46 +0100] "GET /wp-content/uploads/mob-3-300x206.jpg HTTP/1.1" 304 3397 "https://tiebel.inglory.de/" "Serf/1.3.9 (mod_pagespeed/1.13.35.2-0)"
94.130.90.54 - - [12/Jan/2026:17:05:46 +0100] "GET /wp-content/uploads/mob-3-1024x702.jpg HTTP/1.1" 304 3398 "https://tiebel.inglory.de/" "Serf/1.3.9 (mod_pagespeed/1.13.35.2-0)"
54.73.6.70 - - [12/Jan/2026:17:05:46 +0100] "GET /wp-content/uploads/img-3-1.jpg HTTP/1.0" 200 91978 "https://tiebel.inglory.de/wp-content/uploads/elementor/css/post-14.css?ver=1720349126" "Plesk screenshot bot https://support.plesk.com/hc/en-us/articles/10301006946066"
94.130.90.54 - - [12/Jan/2026:17:05:46 +0100] "GET /wp-content/uploads/mob-3-768x527.jpg HTTP/1.1" 304 3398 "https://tiebel.inglory.de/" "Serf/1.3.9 (mod_pagespeed/1.13.35.2-0)"
94.130.90.54 - - [12/Jan/2026:17:05:46 +0100] "GET /wp-content/uploads/img-3.jpg HTTP/1.1" 304 3398 "https://tiebel.inglory.de/" "Serf/1.3.9 (mod_pagespeed/1.13.35.2-0)"
94.130.90.54 - - [12/Jan/2026:17:05:46 +0100] "GET /wp-content/uploads/img-3.jpg HTTP/1.1" 304 3398 "https://tiebel.inglory.de/" "Serf/1.3.9 (mod_pagespeed/1.13.35.2-0)"
94.130.90.54 - - [12/Jan/2026:17:05:46 +0100] "GET /wp-content/uploads/img-3-300x155.jpg HTTP/1.1" 304 3397 "https://tiebel.inglory.de/" "Serf/1.3.9 (mod_pagespeed/1.13.35.2-0)"
94.130.90.54 - - [12/Jan/2026:17:05:46 +0100] "GET /wp-content/uploads/img-3-1024x530.jpg HTTP/1.1" 304 3398 "https://tiebel.inglory.de/" "Serf/1.3.9 (mod_pagespeed/1.13.35.2-0)"
94.130.90.54 - - [12/Jan/2026:17:05:46 +0100] "GET /wp-content/uploads/img-3-768x397.jpg HTTP/1.1" 304 3397 "https://tiebel.inglory.de/" "Serf/1.3.9 (mod_pagespeed/1.13.35.2-0)"
94.130.90.54 - - [12/Jan/2026:17:05:46 +0100] "GET /wp-content/uploads/img-3-1536x794.jpg HTTP/1.1" 304 3398 "https://tiebel.inglory.de/" "Serf/1.3.9 (mod_pagespeed/1.13.35.2-0)"
94.130.90.54 - - [12/Jan/2026:17:05:46 +0100] "GET /wp-content/uploads/img-6-1.jpg HTTP/1.1" 304 3398 "https://tiebel.inglory.de/" "Serf/1.3.9 (mod_pagespeed/1.13.35.2-0)"
94.130.90.54 - - [12/Jan/2026:17:05:46 +0100] "GET /wp-content/uploads/img-6-1.jpg HTTP/1.1" 304 3398 "https://tiebel.inglory.de/" "Serf/1.3.9 (mod_pagespeed/1.13.35.2-0)"
94.130.90.54 - - [12/Jan/2026:17:05:46 +0100] "GET /wp-content/uploads/img-6-1-300x278.jpg HTTP/1.1" 304 3397 "https://tiebel.inglory.de/" "Serf/1.3.9 (mod_pagespeed/1.13.35.2-0)"
94.130.90.54 - - [12/Jan/2026:17:05:46 +0100] "GET /wp-content/uploads/img-6-1-768x711.jpg HTTP/1.1" 304 3398 "https://tiebel.inglory.de/" "Serf/1.3.9 (mod_pagespeed/1.13.35.2-0)"
94.130.90.54 - - [12/Jan/2026:17:05:46 +0100] "GET /wp-content/uploads/mob-4.jpg HTTP/1.1" 304 3398 "https://tiebel.inglory.de/" "Serf/1.3.9 (mod_pagespeed/1.13.35.2-0)"
94.130.90.54 - - [12/Jan/2026:17:05:46 +0100] "GET /wp-content/uploads/mob-4.jpg HTTP/1.1" 304 3398 "https://tiebel.inglory.de/" "Serf/1.3.9 (mod_pagespeed/1.13.35.2-0)"
54.73.6.70 - - [12/Jan/2026:17:05:46 +0100] "GET /wp-content/uploads/Anuphan-Regular.ttf HTTP/1.0" 200 117625 "https://tiebel.inglory.de/wp-content/uploads/elementor/css/post-6.css?ver=1720003266" "Plesk screenshot bot https://support.plesk.com/hc/en-us/articles/10301006946066"
54.73.6.70 - - [12/Jan/2026:17:05:46 +0100] "GET /wp-content/uploads/Anuphan-Bold.ttf HTTP/1.0" 200 117917 "https://tiebel.inglory.de/wp-content/uploads/elementor/css/post-6.css?ver=1720003266" "Plesk screenshot bot https://support.plesk.com/hc/en-us/articles/10301006946066"
54.73.6.70 - - [12/Jan/2026:17:05:46 +0100] "GET /wp-content/plugins/elementor/assets/lib/font-awesome/webfonts/fa-brands-400.woff2 HTTP/1.0" 200 85758 "https://tiebel.inglory.de/wp-content/plugins/elementor/assets/lib/font-awesome/css/brands.min.css?ver=5.15.3" "Plesk screenshot bot https://support.plesk.com/hc/en-us/articles/10301006946066"
94.130.90.54 - - [12/Jan/2026:17:05:46 +0100] "GET /wp-content/uploads/mob-4-300x206.jpg HTTP/1.1" 304 3397 "https://tiebel.inglory.de/" "Serf/1.3.9 (mod_pagespeed/1.13.35.2-0)"
94.130.90.54 - - [12/Jan/2026:17:05:46 +0100] "GET /wp-content/uploads/mob-4-1024x702.jpg HTTP/1.1" 304 3398 "https://tiebel.inglory.de/" "Serf/1.3.9 (mod_pagespeed/1.13.35.2-0)"
94.130.90.54 - - [12/Jan/2026:17:05:46 +0100] "GET /wp-content/uploads/mob-4-768x527.jpg HTTP/1.1" 304 3398 "https://tiebel.inglory.de/" "Serf/1.3.9 (mod_pagespeed/1.13.35.2-0)"
94.130.90.54 - - [12/Jan/2026:17:05:46 +0100] "GET /wp-content/uploads/img-4.jpg HTTP/1.1" 304 3398 "https://tiebel.inglory.de/" "Serf/1.3.9 (mod_pagespeed/1.13.35.2-0)"
94.130.90.54 - - [12/Jan/2026:17:05:46 +0100] "GET /wp-content/uploads/img-4.jpg HTTP/1.1" 304 3398 "https://tiebel.inglory.de/" "Serf/1.3.9 (mod_pagespeed/1.13.35.2-0)"
94.130.90.54 - - [12/Jan/2026:17:05:46 +0100] "GET /wp-content/uploads/img-4-300x155.jpg HTTP/1.1" 304 3397 "https://tiebel.inglory.de/" "Serf/1.3.9 (mod_pagespeed/1.13.35.2-0)"
94.130.90.54 - - [12/Jan/2026:17:05:46 +0100] "GET /wp-content/uploads/img-4-1024x530.jpg HTTP/1.1" 304 3397 "https://tiebel.inglory.de/" "Serf/1.3.9 (mod_pagespeed/1.13.35.2-0)"
94.130.90.54 - - [12/Jan/2026:17:05:46 +0100] "GET /wp-content/uploads/img-4-768x397.jpg HTTP/1.1" 304 3397 "https://tiebel.inglory.de/" "Serf/1.3.9 (mod_pagespeed/1.13.35.2-0)"
94.130.90.54 - - [12/Jan/2026:17:05:46 +0100] "GET /wp-content/uploads/img-4-1536x794.jpg HTTP/1.1" 304 3398 "https://tiebel.inglory.de/" "Serf/1.3.9 (mod_pagespeed/1.13.35.2-0)"
94.130.90.54 - - [12/Jan/2026:17:05:46 +0100] "GET /wp-content/uploads/img-1-2.jpg HTTP/1.1" 304 3398 "https://tiebel.inglory.de/" "Serf/1.3.9 (mod_pagespeed/1.13.35.2-0)"
54.73.6.70 - - [12/Jan/2026:17:05:46 +0100] "GET /wp-content/plugins/elementor/assets/lib/eicons/fonts/eicons.woff2?5.30.0 HTTP/1.0" 200 101300 "https://tiebel.inglory.de/wp-content/plugins/elementor/assets/lib/eicons/css/elementor-icons.min.css?ver=5.30.0" "Plesk screenshot bot https://support.plesk.com/hc/en-us/articles/10301006946066"
94.130.90.54 - - [12/Jan/2026:17:05:46 +0100] "GET /wp-content/uploads/img-1-2.jpg HTTP/1.1" 304 3398 "https://tiebel.inglory.de/" "Serf/1.3.9 (mod_pagespeed/1.13.35.2-0)"
94.130.90.54 - - [12/Jan/2026:17:05:46 +0100] "GET /wp-content/uploads/img-1-2-300x278.jpg HTTP/1.1" 304 3397 "https://tiebel.inglory.de/" "Serf/1.3.9 (mod_pagespeed/1.13.35.2-0)"
94.130.90.54 - - [12/Jan/2026:17:05:46 +0100] "GET /wp-content/uploads/img-1-2-768x711.jpg HTTP/1.1" 304 3397 "https://tiebel.inglory.de/" "Serf/1.3.9 (mod_pagespeed/1.13.35.2-0)"
94.130.90.54 - - [12/Jan/2026:17:05:46 +0100] "GET /wp-content/uploads/mob-5.jpg HTTP/1.1" 304 3398 "https://tiebel.inglory.de/" "Serf/1.3.9 (mod_pagespeed/1.13.35.2-0)"
94.130.90.54 - - [12/Jan/2026:17:05:46 +0100] "GET /wp-content/uploads/mob-5.jpg HTTP/1.1" 304 3398 "https://tiebel.inglory.de/" "Serf/1.3.9 (mod_pagespeed/1.13.35.2-0)"
94.130.90.54 - - [12/Jan/2026:17:05:46 +0100] "GET /wp-content/uploads/mob-5-300x206.jpg HTTP/1.1" 304 3397 "https://tiebel.inglory.de/" "Serf/1.3.9 (mod_pagespeed/1.13.35.2-0)"
94.130.90.54 - - [12/Jan/2026:17:05:46 +0100] "GET /wp-content/uploads/mob-5-1024x702.jpg HTTP/1.1" 304 3398 "https://tiebel.inglory.de/" "Serf/1.3.9 (mod_pagespeed/1.13.35.2-0)"
94.130.90.54 - - [12/Jan/2026:17:05:46 +0100] "GET /wp-content/uploads/mob-5-768x527.jpg HTTP/1.1" 304 3397 "https://tiebel.inglory.de/" "Serf/1.3.9 (mod_pagespeed/1.13.35.2-0)"
94.130.90.54 - - [12/Jan/2026:17:05:46 +0100] "GET /wp-content/uploads/img-5.jpg HTTP/1.1" 304 3397 "https://tiebel.inglory.de/" "Serf/1.3.9 (mod_pagespeed/1.13.35.2-0)"
94.130.90.54 - - [12/Jan/2026:17:05:46 +0100] "GET /wp-content/uploads/img-5.jpg HTTP/1.1" 304 3397 "https://tiebel.inglory.de/" "Serf/1.3.9 (mod_pagespeed/1.13.35.2-0)"
94.130.90.54 - - [12/Jan/2026:17:05:46 +0100] "GET /wp-content/uploads/img-5-300x155.jpg HTTP/1.1" 304 3397 "https://tiebel.inglory.de/" "Serf/1.3.9 (mod_pagespeed/1.13.35.2-0)"
94.130.90.54 - - [12/Jan/2026:17:05:46 +0100] "GET /wp-content/uploads/img-5-1024x530.jpg HTTP/1.1" 304 3397 "https://tiebel.inglory.de/" "Serf/1.3.9 (mod_pagespeed/1.13.35.2-0)"
94.130.90.54 - - [12/Jan/2026:17:05:46 +0100] "GET /wp-content/uploads/img-5-768x397.jpg HTTP/1.1" 304 3397 "https://tiebel.inglory.de/" "Serf/1.3.9 (mod_pagespeed/1.13.35.2-0)"
94.130.90.54 - - [12/Jan/2026:17:05:46 +0100] "GET /wp-content/uploads/img-5-1536x794.jpg HTTP/1.1" 304 3397 "https://tiebel.inglory.de/" "Serf/1.3.9 (mod_pagespeed/1.13.35.2-0)"
94.130.90.54 - - [12/Jan/2026:17:05:46 +0100] "GET /wp-content/uploads/img-8-1.jpg HTTP/1.1" 304 3397 "https://tiebel.inglory.de/" "Serf/1.3.9 (mod_pagespeed/1.13.35.2-0)"
94.130.90.54 - - [12/Jan/2026:17:05:46 +0100] "GET /wp-content/uploads/img-8-1.jpg HTTP/1.1" 304 3397 "https://tiebel.inglory.de/" "Serf/1.3.9 (mod_pagespeed/1.13.35.2-0)"
94.130.90.54 - - [12/Jan/2026:17:05:46 +0100] "GET /wp-content/uploads/img-8-1-300x278.jpg HTTP/1.1" 304 3397 "https://tiebel.inglory.de/" "Serf/1.3.9 (mod_pagespeed/1.13.35.2-0)"
94.130.90.54 - - [12/Jan/2026:17:05:46 +0100] "GET /wp-content/uploads/img-8-1-768x711.jpg HTTP/1.1" 304 3397 "https://tiebel.inglory.de/" "Serf/1.3.9 (mod_pagespeed/1.13.35.2-0)"
54.73.6.70 - - [12/Jan/2026:17:05:46 +0100] "GET /wp-content/uploads/3.svg HTTP/1.0" 200 8190 "https://tiebel.inglory.de/" "Plesk screenshot bot https://support.plesk.com/hc/en-us/articles/10301006946066"
94.130.90.54 - - [12/Jan/2026:17:05:46 +0100] "GET /wp-content/uploads/mob-6.jpg HTTP/1.1" 304 3397 "https://tiebel.inglory.de/" "Serf/1.3.9 (mod_pagespeed/1.13.35.2-0)"
54.73.6.70 - - [12/Jan/2026:17:05:46 +0100] "GET /wp-content/uploads/icon-17.svg HTTP/1.0" 200 22064 "https://tiebel.inglory.de/" "Plesk screenshot bot https://support.plesk.com/hc/en-us/articles/10301006946066"
54.73.6.70 - - [12/Jan/2026:17:05:46 +0100] "GET /wp-content/uploads/img-9.jpg HTTP/1.0" 200 87050 "https://tiebel.inglory.de/" "Plesk screenshot bot https://support.plesk.com/hc/en-us/articles/10301006946066"
54.73.6.70 - - [12/Jan/2026:17:05:46 +0100] "GET /wp-content/uploads/img-2111.jpg HTTP/1.0" 200 72512 "https://tiebel.inglory.de/" "Plesk screenshot bot https://support.plesk.com/hc/en-us/articles/10301006946066"
54.73.6.70 - - [12/Jan/2026:17:05:46 +0100] "GET /wp-content/uploads/img-3-2.jpg HTTP/1.0" 200 123740 "https://tiebel.inglory.de/" "Plesk screenshot bot https://support.plesk.com/hc/en-us/articles/10301006946066"
54.73.6.70 - - [12/Jan/2026:17:05:46 +0100] "GET /wp-content/uploads/img-1-2.jpg HTTP/1.0" 200 88327 "https://tiebel.inglory.de/" "Plesk screenshot bot https://support.plesk.com/hc/en-us/articles/10301006946066"
94.130.90.54 - - [12/Jan/2026:17:05:46 +0100] "GET /wp-content/uploads/mob-6.jpg HTTP/1.1" 304 3397 "https://tiebel.inglory.de/" "Serf/1.3.9 (mod_pagespeed/1.13.35.2-0)"
94.130.90.54 - - [12/Jan/2026:17:05:46 +0100] "GET /wp-content/uploads/mob-6-300x206.jpg HTTP/1.1" 304 3397 "https://tiebel.inglory.de/" "Serf/1.3.9 (mod_pagespeed/1.13.35.2-0)"
94.130.90.54 - - [12/Jan/2026:17:05:46 +0100] "GET /wp-content/uploads/mob-6-1024x702.jpg HTTP/1.1" 304 3397 "https://tiebel.inglory.de/" "Serf/1.3.9 (mod_pagespeed/1.13.35.2-0)"
94.130.90.54 - - [12/Jan/2026:17:05:46 +0100] "GET /wp-content/uploads/mob-6-768x527.jpg HTTP/1.1" 304 3397 "https://tiebel.inglory.de/" "Serf/1.3.9 (mod_pagespeed/1.13.35.2-0)"
94.130.90.54 - - [12/Jan/2026:17:05:46 +0100] "GET /wp-content/uploads/img-6.jpg HTTP/1.1" 304 3398 "https://tiebel.inglory.de/" "Serf/1.3.9 (mod_pagespeed/1.13.35.2-0)"
94.130.90.54 - - [12/Jan/2026:17:05:46 +0100] "GET /wp-content/uploads/img-6.jpg HTTP/1.1" 304 3398 "https://tiebel.inglory.de/" "Serf/1.3.9 (mod_pagespeed/1.13.35.2-0)"
94.130.90.54 - - [12/Jan/2026:17:05:46 +0100] "GET /wp-content/uploads/img-6-300x155.jpg HTTP/1.1" 304 3397 "https://tiebel.inglory.de/" "Serf/1.3.9 (mod_pagespeed/1.13.35.2-0)"
94.130.90.54 - - [12/Jan/2026:17:05:46 +0100] "GET /wp-content/uploads/img-6-1024x530.jpg HTTP/1.1" 304 3398 "https://tiebel.inglory.de/" "Serf/1.3.9 (mod_pagespeed/1.13.35.2-0)"
94.130.90.54 - - [12/Jan/2026:17:05:46 +0100] "GET /wp-content/uploads/img-6-768x397.jpg HTTP/1.1" 304 3397 "https://tiebel.inglory.de/" "Serf/1.3.9 (mod_pagespeed/1.13.35.2-0)"
94.130.90.54 - - [12/Jan/2026:17:05:46 +0100] "GET /wp-content/uploads/img-7-1-768x711.jpg HTTP/1.1" 304 3398 "https://tiebel.inglory.de/" "Serf/1.3.9 (mod_pagespeed/1.13.35.2-0)"
94.130.90.54 - - [12/Jan/2026:17:05:46 +0100] "GET /wp-content/uploads/mob-7.jpg HTTP/1.1" 304 3398 "https://tiebel.inglory.de/" "Serf/1.3.9 (mod_pagespeed/1.13.35.2-0)"
94.130.90.54 - - [12/Jan/2026:17:05:46 +0100] "GET /wp-content/uploads/mob-7-1024x702.jpg HTTP/1.1" 304 3398 "https://tiebel.inglory.de/" "Serf/1.3.9 (mod_pagespeed/1.13.35.2-0)"
94.130.90.54 - - [12/Jan/2026:17:05:46 +0100] "GET /wp-content/uploads/mob-7-768x527.jpg HTTP/1.1" 304 3397 "https://tiebel.inglory.de/" "Serf/1.3.9 (mod_pagespeed/1.13.35.2-0)"
94.130.90.54 - - [12/Jan/2026:17:05:46 +0100] "GET /wp-content/uploads/img-7.jpg HTTP/1.1" 304 3398 "https://tiebel.inglory.de/" "Serf/1.3.9 (mod_pagespeed/1.13.35.2-0)"
94.130.90.54 - - [12/Jan/2026:17:05:46 +0100] "GET /wp-content/uploads/img-7.jpg HTTP/1.1" 304 3398 "https://tiebel.inglory.de/" "Serf/1.3.9 (mod_pagespeed/1.13.35.2-0)"
94.130.90.54 - - [12/Jan/2026:17:05:46 +0100] "GET /wp-content/uploads/img-7-300x155.jpg HTTP/1.1" 304 3397 "https://tiebel.inglory.de/" "Serf/1.3.9 (mod_pagespeed/1.13.35.2-0)"
94.130.90.54 - - [12/Jan/2026:17:05:46 +0100] "GET /wp-content/uploads/img-7-1024x530.jpg HTTP/1.1" 304 3398 "https://tiebel.inglory.de/" "Serf/1.3.9 (mod_pagespeed/1.13.35.2-0)"
94.130.90.54 - - [12/Jan/2026:17:05:46 +0100] "GET /wp-content/uploads/img-7-768x397.jpg HTTP/1.1" 304 3397 "https://tiebel.inglory.de/" "Serf/1.3.9 (mod_pagespeed/1.13.35.2-0)"
94.130.90.54 - - [12/Jan/2026:17:05:46 +0100] "GET /wp-content/uploads/img-7-1536x794.jpg HTTP/1.1" 304 3398 "https://tiebel.inglory.de/" "Serf/1.3.9 (mod_pagespeed/1.13.35.2-0)"
94.130.90.54 - - [12/Jan/2026:17:05:46 +0100] "GET /wp-content/uploads/img-9-1.jpg HTTP/1.1" 304 3398 "https://tiebel.inglory.de/" "Serf/1.3.9 (mod_pagespeed/1.13.35.2-0)"
94.130.90.54 - - [12/Jan/2026:17:05:46 +0100] "GET /wp-content/uploads/img-9-1.jpg HTTP/1.1" 304 3398 "https://tiebel.inglory.de/" "Serf/1.3.9 (mod_pagespeed/1.13.35.2-0)"
94.130.90.54 - - [12/Jan/2026:17:05:46 +0100] "GET /wp-content/uploads/img-9-1-300x278.jpg HTTP/1.1" 304 3397 "https://tiebel.inglory.de/" "Serf/1.3.9 (mod_pagespeed/1.13.35.2-0)"
94.130.90.54 - - [12/Jan/2026:17:05:46 +0100] "GET /wp-content/uploads/img-9-1-768x711.jpg HTTP/1.1" 304 3398 "https://tiebel.inglory.de/" "Serf/1.3.9 (mod_pagespeed/1.13.35.2-0)"
94.130.90.54 - - [12/Jan/2026:17:05:46 +0100] "GET /wp-content/uploads/mob-8.jpg HTTP/1.1" 304 3398 "https://tiebel.inglory.de/" "Serf/1.3.9 (mod_pagespeed/1.13.35.2-0)"
94.130.90.54 - - [12/Jan/2026:17:05:46 +0100] "GET /wp-content/uploads/mob-8.jpg HTTP/1.1" 304 3398 "https://tiebel.inglory.de/" "Serf/1.3.9 (mod_pagespeed/1.13.35.2-0)"
94.130.90.54 - - [12/Jan/2026:17:05:46 +0100] "GET /wp-content/uploads/mob-8-300x206.jpg HTTP/1.1" 304 3397 "https://tiebel.inglory.de/" "Serf/1.3.9 (mod_pagespeed/1.13.35.2-0)"
94.130.90.54 - - [12/Jan/2026:17:05:46 +0100] "GET /wp-content/uploads/mob-8-1024x702.jpg HTTP/1.1" 304 3398 "https://tiebel.inglory.de/" "Serf/1.3.9 (mod_pagespeed/1.13.35.2-0)"
94.130.90.54 - - [12/Jan/2026:17:05:46 +0100] "GET /wp-content/uploads/mob-8-768x527.jpg HTTP/1.1" 304 3397 "https://tiebel.inglory.de/" "Serf/1.3.9 (mod_pagespeed/1.13.35.2-0)"
94.130.90.54 - - [12/Jan/2026:17:05:46 +0100] "GET /wp-content/uploads/img-8.jpg HTTP/1.1" 304 3398 "https://tiebel.inglory.de/" "Serf/1.3.9 (mod_pagespeed/1.13.35.2-0)"
94.130.90.54 - - [12/Jan/2026:17:05:46 +0100] "GET /wp-content/uploads/img-8-300x155.jpg HTTP/1.1" 304 3397 "https://tiebel.inglory.de/" "Serf/1.3.9 (mod_pagespeed/1.13.35.2-0)"
94.130.90.54 - - [12/Jan/2026:17:05:46 +0100] "GET /wp-content/uploads/img-8-1536x794.jpg HTTP/1.1" 304 3398 "https://tiebel.inglory.de/" "Serf/1.3.9 (mod_pagespeed/1.13.35.2-0)"
94.130.90.54 - - [12/Jan/2026:17:05:46 +0100] "GET /wp-content/uploads/img-3-2.jpg HTTP/1.1" 304 3398 "https://tiebel.inglory.de/" "Serf/1.3.9 (mod_pagespeed/1.13.35.2-0)"
94.130.90.54 - - [12/Jan/2026:17:05:46 +0100] "GET /wp-content/uploads/img-3-2.jpg HTTP/1.1" 304 3398 "https://tiebel.inglory.de/" "Serf/1.3.9 (mod_pagespeed/1.13.35.2-0)"
94.130.90.54 - - [12/Jan/2026:17:05:46 +0100] "GET /wp-content/uploads/img-3-2-300x278.jpg HTTP/1.1" 304 3397 "https://tiebel.inglory.de/" "Serf/1.3.9 (mod_pagespeed/1.13.35.2-0)"
94.130.90.54 - - [12/Jan/2026:17:05:46 +0100] "GET /wp-content/uploads/img-3-2-768x711.jpg HTTP/1.1" 304 3398 "https://tiebel.inglory.de/" "Serf/1.3.9 (mod_pagespeed/1.13.35.2-0)"
94.130.90.54 - - [12/Jan/2026:17:05:46 +0100] "GET /wp-content/uploads/mob-9.jpg HTTP/1.1" 304 3398 "https://tiebel.inglory.de/" "Serf/1.3.9 (mod_pagespeed/1.13.35.2-0)"
94.130.90.54 - - [12/Jan/2026:17:05:46 +0100] "GET /wp-content/uploads/mob-9.jpg HTTP/1.1" 304 3398 "https://tiebel.inglory.de/" "Serf/1.3.9 (mod_pagespeed/1.13.35.2-0)"
94.130.90.54 - - [12/Jan/2026:17:05:46 +0100] "GET /wp-content/uploads/mob-9-300x206.jpg HTTP/1.1" 304 3397 "https://tiebel.inglory.de/" "Serf/1.3.9 (mod_pagespeed/1.13.35.2-0)"
94.130.90.54 - - [12/Jan/2026:17:05:46 +0100] "GET /wp-content/uploads/mob-9-1024x702.jpg HTTP/1.1" 304 3398 "https://tiebel.inglory.de/" "Serf/1.3.9 (mod_pagespeed/1.13.35.2-0)"
94.130.90.54 - - [12/Jan/2026:17:05:46 +0100] "GET /wp-content/uploads/img-1-1.png HTTP/1.1" 304 3398 "https://tiebel.inglory.de/" "Serf/1.3.9 (mod_pagespeed/1.13.35.2-0)"
94.130.90.54 - - [12/Jan/2026:17:05:46 +0100] "GET /wp-content/uploads/img-1-1.png HTTP/1.1" 304 3398 "https://tiebel.inglory.de/" "Serf/1.3.9 (mod_pagespeed/1.13.35.2-0)"
94.130.90.54 - - [12/Jan/2026:17:05:46 +0100] "GET /wp-content/uploads/img-1-1-300x298.png HTTP/1.1" 304 3398 "https://tiebel.inglory.de/" "Serf/1.3.9 (mod_pagespeed/1.13.35.2-0)"
94.130.90.54 - - [12/Jan/2026:17:05:46 +0100] "GET /wp-content/uploads/img-1-1-1024x1017.png HTTP/1.1" 304 3399 "https://tiebel.inglory.de/" "Serf/1.3.9 (mod_pagespeed/1.13.35.2-0)"
94.130.90.54 - - [12/Jan/2026:17:05:46 +0100] "GET /wp-content/uploads/img-1-1-150x150.png HTTP/1.1" 304 3397 "https://tiebel.inglory.de/" "Serf/1.3.9 (mod_pagespeed/1.13.35.2-0)"
94.130.90.54 - - [12/Jan/2026:17:05:46 +0100] "GET /wp-content/uploads/img-1-1-768x763.png HTTP/1.1" 304 3398 "https://tiebel.inglory.de/" "Serf/1.3.9 (mod_pagespeed/1.13.35.2-0)"
94.130.90.54 - - [12/Jan/2026:17:05:46 +0100] "GET /wp-content/uploads/img-3-1.png HTTP/1.1" 304 3398 "https://tiebel.inglory.de/" "Serf/1.3.9 (mod_pagespeed/1.13.35.2-0)"
94.130.90.54 - - [12/Jan/2026:17:05:46 +0100] "GET /wp-content/uploads/img-3-1.png HTTP/1.1" 304 3398 "https://tiebel.inglory.de/" "Serf/1.3.9 (mod_pagespeed/1.13.35.2-0)"
94.130.90.54 - - [12/Jan/2026:17:05:46 +0100] "GET /wp-content/uploads/img-3-1-300x225.png HTTP/1.1" 304 3398 "https://tiebel.inglory.de/" "Serf/1.3.9 (mod_pagespeed/1.13.35.2-0)"
94.130.90.54 - - [12/Jan/2026:17:05:46 +0100] "GET /wp-content/uploads/Frame-1-1-1.png HTTP/1.1" 304 3397 "https://tiebel.inglory.de/" "Serf/1.3.9 (mod_pagespeed/1.13.35.2-0)"
94.130.90.54 - - [12/Jan/2026:17:05:46 +0100] "GET /wp-content/uploads/Frame-1-1-1.png HTTP/1.1" 304 3397 "https://tiebel.inglory.de/" "Serf/1.3.9 (mod_pagespeed/1.13.35.2-0)"
94.130.90.54 - - [12/Jan/2026:17:05:46 +0100] "GET /wp-content/uploads/Frame-1-1-1-300x300.png HTTP/1.1" 304 3398 "https://tiebel.inglory.de/" "Serf/1.3.9 (mod_pagespeed/1.13.35.2-0)"
94.130.90.54 - - [12/Jan/2026:17:05:46 +0100] "GET /wp-content/uploads/Frame-1-1-1-150x150.png HTTP/1.1" 304 3397 "https://tiebel.inglory.de/" "Serf/1.3.9 (mod_pagespeed/1.13.35.2-0)"
94.130.90.54 - - [12/Jan/2026:17:05:46 +0100] "GET /wp-content/uploads/img-5-3.jpg HTTP/1.1" 304 3398 "https://tiebel.inglory.de/" "Serf/1.3.9 (mod_pagespeed/1.13.35.2-0)"
94.130.90.54 - - [12/Jan/2026:17:05:46 +0100] "GET /wp-content/uploads/img-5-3.jpg HTTP/1.1" 304 3398 "https://tiebel.inglory.de/" "Serf/1.3.9 (mod_pagespeed/1.13.35.2-0)"
94.130.90.54 - - [12/Jan/2026:17:05:46 +0100] "GET /wp-content/uploads/img-5-3-228x300.jpg HTTP/1.1" 304 3397 "https://tiebel.inglory.de/" "Serf/1.3.9 (mod_pagespeed/1.13.35.2-0)"
94.130.90.54 - - [12/Jan/2026:17:05:46 +0100] "GET /wp-content/uploads/img-1-1-2.jpg HTTP/1.1" 304 3398 "https://tiebel.inglory.de/" "Serf/1.3.9 (mod_pagespeed/1.13.35.2-0)"
94.130.90.54 - - [12/Jan/2026:17:05:46 +0100] "GET /wp-content/uploads/img-1-1-2.jpg HTTP/1.1" 304 3398 "https://tiebel.inglory.de/" "Serf/1.3.9 (mod_pagespeed/1.13.35.2-0)"
94.130.90.54 - - [12/Jan/2026:17:05:46 +0100] "GET /wp-content/uploads/img-1-1-2-228x300.jpg HTTP/1.1" 304 3397 "https://tiebel.inglory.de/" "Serf/1.3.9 (mod_pagespeed/1.13.35.2-0)"
94.130.90.54 - - [12/Jan/2026:17:05:46 +0100] "GET /wp-content/uploads/img-2-1.jpg HTTP/1.1" 304 3398 "https://tiebel.inglory.de/" "Serf/1.3.9 (mod_pagespeed/1.13.35.2-0)"
94.130.90.54 - - [12/Jan/2026:17:05:46 +0100] "GET /wp-content/uploads/img-2-1.jpg HTTP/1.1" 304 3398 "https://tiebel.inglory.de/" "Serf/1.3.9 (mod_pagespeed/1.13.35.2-0)"
94.130.90.54 - - [12/Jan/2026:17:05:46 +0100] "GET /wp-content/uploads/img-2-1-228x300.jpg HTTP/1.1" 304 3397 "https://tiebel.inglory.de/" "Serf/1.3.9 (mod_pagespeed/1.13.35.2-0)"
94.130.90.54 - - [12/Jan/2026:17:05:46 +0100] "GET /wp-content/uploads/img-4-1-1.jpg HTTP/1.1" 304 3398 "https://tiebel.inglory.de/" "Serf/1.3.9 (mod_pagespeed/1.13.35.2-0)"
94.130.90.54 - - [12/Jan/2026:17:05:46 +0100] "GET /wp-content/uploads/img-4-1-1.jpg HTTP/1.1" 304 3398 "https://tiebel.inglory.de/" "Serf/1.3.9 (mod_pagespeed/1.13.35.2-0)"
94.130.90.54 - - [12/Jan/2026:17:05:46 +0100] "GET /wp-content/uploads/img-4-1-1-228x300.jpg HTTP/1.1" 304 3397 "https://tiebel.inglory.de/" "Serf/1.3.9 (mod_pagespeed/1.13.35.2-0)"
94.130.90.54 - - [12/Jan/2026:17:05:46 +0100] "GET /wp-content/uploads/img-3-1-1.jpg HTTP/1.1" 304 3397 "https://tiebel.inglory.de/" "Serf/1.3.9 (mod_pagespeed/1.13.35.2-0)"
94.130.90.54 - - [12/Jan/2026:17:05:46 +0100] "GET /wp-content/uploads/img-3-1-1.jpg HTTP/1.1" 304 3397 "https://tiebel.inglory.de/" "Serf/1.3.9 (mod_pagespeed/1.13.35.2-0)"
94.130.90.54 - - [12/Jan/2026:17:05:46 +0100] "GET /wp-content/uploads/img-3-1-1-228x300.jpg HTTP/1.1" 304 3397 "https://tiebel.inglory.de/" "Serf/1.3.9 (mod_pagespeed/1.13.35.2-0)"
94.130.90.54 - - [12/Jan/2026:17:05:46 +0100] "GET /wp-content/uploads/img-1-1-1.jpg HTTP/1.1" 304 3398 "https://tiebel.inglory.de/" "Serf/1.3.9 (mod_pagespeed/1.13.35.2-0)"
94.130.90.54 - - [12/Jan/2026:17:05:46 +0100] "GET /wp-content/uploads/img-1-1-1.jpg HTTP/1.1" 304 3398 "https://tiebel.inglory.de/" "Serf/1.3.9 (mod_pagespeed/1.13.35.2-0)"
94.130.90.54 - - [12/Jan/2026:17:05:46 +0100] "GET /wp-content/uploads/img-1-1-1-228x300.jpg HTTP/1.1" 304 3397 "https://tiebel.inglory.de/" "Serf/1.3.9 (mod_pagespeed/1.13.35.2-0)"
54.73.6.70 - - [12/Jan/2026:17:05:46 +0100] "GET /wp-content/plugins/elementor/assets/lib/dialog/dialog.min.js?ver=4.9.0 HTTP/1.0" 200 7630 "https://tiebel.inglory.de/" "Plesk screenshot bot https://support.plesk.com/hc/en-us/articles/10301006946066"
94.130.90.54 - - [12/Jan/2026:17:05:46 +0100] "GET /wp-content/uploads/img-3-1-1.png HTTP/1.1" 304 3397 "https://tiebel.inglory.de/" "Serf/1.3.9 (mod_pagespeed/1.13.35.2-0)"
94.130.90.54 - - [12/Jan/2026:17:05:46 +0100] "GET /wp-content/uploads/img-7-1-1-300x120.jpg HTTP/1.1" 304 3397 "https://tiebel.inglory.de/" "Serf/1.3.9 (mod_pagespeed/1.13.35.2-0)"
94.130.90.54 - - [12/Jan/2026:17:05:46 +0100] "GET /wp-content/uploads/img-7-1-1-1024x411.jpg HTTP/1.1" 304 3397 "https://tiebel.inglory.de/" "Serf/1.3.9 (mod_pagespeed/1.13.35.2-0)"
94.130.90.54 - - [12/Jan/2026:17:05:46 +0100] "GET /wp-content/uploads/img-7-1-1-768x308.jpg HTTP/1.1" 304 3397 "https://tiebel.inglory.de/" "Serf/1.3.9 (mod_pagespeed/1.13.35.2-0)"
54.73.6.70 - - [12/Jan/2026:17:05:46 +0100] "GET /wp-content/uploads/logo.svg HTTP/1.0" 200 11434 "https://tiebel.inglory.de/" "Plesk screenshot bot https://support.plesk.com/hc/en-us/articles/10301006946066"
54.73.6.70 - - [12/Jan/2026:17:05:46 +0100] "GET /wp-content/uploads/menu-button.svg HTTP/1.0" 200 4351 "https://tiebel.inglory.de/" "Plesk screenshot bot https://support.plesk.com/hc/en-us/articles/10301006946066"
94.130.90.54 - - [12/Jan/2026:17:05:46 +0100] "GET /wp-content/uploads/img-8-1-1.jpg HTTP/1.1" 304 3397 "https://tiebel.inglory.de/" "Serf/1.3.9 (mod_pagespeed/1.13.35.2-0)"
94.130.90.54 - - [12/Jan/2026:17:05:46 +0100] "GET /wp-content/uploads/img-8-1-1.jpg HTTP/1.1" 304 3397 "https://tiebel.inglory.de/" "Serf/1.3.9 (mod_pagespeed/1.13.35.2-0)"
94.130.90.54 - - [12/Jan/2026:17:05:46 +0100] "GET /wp-content/uploads/img-8-1-1-300x206.jpg HTTP/1.1" 304 3397 "https://tiebel.inglory.de/" "Serf/1.3.9 (mod_pagespeed/1.13.35.2-0)"
94.130.90.54 - - [12/Jan/2026:17:05:46 +0100] "GET /wp-content/uploads/img-2-1-1.jpg HTTP/1.1" 304 3398 "https://tiebel.inglory.de/" "Serf/1.3.9 (mod_pagespeed/1.13.35.2-0)"
94.130.90.54 - - [12/Jan/2026:17:05:46 +0100] "GET /wp-content/uploads/img-2-1-1-300x143.jpg HTTP/1.1" 304 3397 "https://tiebel.inglory.de/" "Serf/1.3.9 (mod_pagespeed/1.13.35.2-0)"
54.73.6.70 - - [12/Jan/2026:17:05:46 +0100] "GET /wp-content/plugins/elementor-pro/assets/css/widget-nav-menu.min.css HTTP/1.0" 200 7531 "https://tiebel.inglory.de/" "Plesk screenshot bot https://support.plesk.com/hc/en-us/articles/10301006946066"
54.73.6.70 - - [12/Jan/2026:17:05:46 +0100] "GET /wp-content/plugins/elementor-pro/assets/js/nav-menu.d43af66e5000fd109c04.bundle.min.js HTTP/1.0" 200 5782 "https://tiebel.inglory.de/" "Plesk screenshot bot https://support.plesk.com/hc/en-us/articles/10301006946066"
94.130.90.54 - - [12/Jan/2026:17:05:46 +0100] "GET /wp-content/uploads/img-11-1-239x300.jpg HTTP/1.1" 304 3397 "https://tiebel.inglory.de/" "Serf/1.3.9 (mod_pagespeed/1.13.35.2-0)"
54.73.6.70 - - [12/Jan/2026:17:05:46 +0100] "GET /wp-content/plugins/elementor/assets/js/text-editor.2c35aafbe5bf0e127950.bundle.min.js HTTP/1.0" 200 4762 "https://tiebel.inglory.de/" "Plesk screenshot bot https://support.plesk.com/hc/en-us/articles/10301006946066"
94.130.90.54 - - [12/Jan/2026:17:05:46 +0100] "GET /wp-content/uploads/img-12-1-1.jpg HTTP/1.1" 304 3398 "https://tiebel.inglory.de/" "Serf/1.3.9 (mod_pagespeed/1.13.35.2-0)"
94.130.90.54 - - [12/Jan/2026:17:05:46 +0100] "GET /wp-content/uploads/img-13-1-300x143.jpg HTTP/1.1" 304 3397 "https://tiebel.inglory.de/" "Serf/1.3.9 (mod_pagespeed/1.13.35.2-0)"
94.130.90.54 - - [12/Jan/2026:17:05:46 +0100] "GET /wp-content/uploads/img-14-1.jpg HTTP/1.1" 304 3398 "https://tiebel.inglory.de/" "Serf/1.3.9 (mod_pagespeed/1.13.35.2-0)"
94.130.90.54 - - [12/Jan/2026:17:05:46 +0100] "GET /wp-content/uploads/img-14-1-300x143.jpg HTTP/1.1" 304 3397 "https://tiebel.inglory.de/" "Serf/1.3.9 (mod_pagespeed/1.13.35.2-0)"
94.130.90.54 - - [12/Jan/2026:17:05:46 +0100] "GET /wp-content/uploads/img-14-1-1024x487.jpg HTTP/1.1" 304 3398 "https://tiebel.inglory.de/" "Serf/1.3.9 (mod_pagespeed/1.13.35.2-0)"
94.130.90.54 - - [12/Jan/2026:17:05:46 +0100] "GET /wp-content/uploads/img-14-1-768x365.jpg HTTP/1.1" 304 3397 "https://tiebel.inglory.de/" "Serf/1.3.9 (mod_pagespeed/1.13.35.2-0)"
94.130.90.54 - - [12/Jan/2026:17:05:46 +0100] "GET /wp-content/uploads/img-17-1.jpg HTTP/1.1" 304 3397 "https://tiebel.inglory.de/" "Serf/1.3.9 (mod_pagespeed/1.13.35.2-0)"
94.130.90.54 - - [12/Jan/2026:17:05:46 +0100] "GET /wp-content/uploads/img-17-1-225x300.jpg HTTP/1.1" 304 3397 "https://tiebel.inglory.de/" "Serf/1.3.9 (mod_pagespeed/1.13.35.2-0)"
94.130.90.54 - - [12/Jan/2026:17:05:46 +0100] "GET /wp-content/uploads/img-20-1.jpg HTTP/1.1" 304 3397 "https://tiebel.inglory.de/" "Serf/1.3.9 (mod_pagespeed/1.13.35.2-0)"
94.130.90.54 - - [12/Jan/2026:17:05:46 +0100] "GET /wp-content/uploads/img-20-1.jpg HTTP/1.1" 304 3397 "https://tiebel.inglory.de/" "Serf/1.3.9 (mod_pagespeed/1.13.35.2-0)"
94.130.90.54 - - [12/Jan/2026:17:05:46 +0100] "GET /wp-content/uploads/img-15-1.jpg HTTP/1.1" 304 3398 "https://tiebel.inglory.de/" "Serf/1.3.9 (mod_pagespeed/1.13.35.2-0)"
94.130.90.54 - - [12/Jan/2026:17:05:46 +0100] "GET /wp-content/uploads/img-15-1-1024x487.jpg HTTP/1.1" 304 3397 "https://tiebel.inglory.de/" "Serf/1.3.9 (mod_pagespeed/1.13.35.2-0)"
94.130.90.54 - - [12/Jan/2026:17:05:46 +0100] "GET /wp-content/uploads/img-15-1-768x365.jpg HTTP/1.1" 304 3397 "https://tiebel.inglory.de/" "Serf/1.3.9 (mod_pagespeed/1.13.35.2-0)"
54.73.6.70 - - [12/Jan/2026:17:05:46 +0100] "GET /wp-content/plugins/elementor-pro/assets/js/loop.4f538ab2476dd2d124e6.bundle.min.js HTTP/1.0" 200 7330 "https://tiebel.inglory.de/" "Plesk screenshot bot https://support.plesk.com/hc/en-us/articles/10301006946066"
54.73.6.70 - - [12/Jan/2026:17:05:46 +0100] "GET /wp-content/plugins/elementor-pro/assets/js/loop-carousel.4e8fd6593adbba21698e.bundle.min.js HTTP/1.0" 200 4774 "https://tiebel.inglory.de/" "Plesk screenshot bot https://support.plesk.com/hc/en-us/articles/10301006946066"
94.130.90.54 - - [12/Jan/2026:17:05:46 +0100] "GET /wp-content/uploads/img-21-1.jpg HTTP/1.1" 304 3397 "https://tiebel.inglory.de/" "Serf/1.3.9 (mod_pagespeed/1.13.35.2-0)"
94.130.90.54 - - [12/Jan/2026:17:05:46 +0100] "GET /wp-content/uploads/img-21-1-300x257.jpg HTTP/1.1" 304 3397 "https://tiebel.inglory.de/" "Serf/1.3.9 (mod_pagespeed/1.13.35.2-0)"
94.130.90.54 - - [12/Jan/2026:17:05:46 +0100] "GET /wp-content/plugins/elementor-pro/assets/css/widget-nav-menu.min.css HTTP/1.1" 304 3397 "https://tiebel.inglory.de/" "Serf/1.3.9 (mod_pagespeed/1.13.35.2-0)"
94.130.90.54 - - [12/Jan/2026:17:05:46 +0100] "GET /wp-content/plugins/elementor/assets/js/frontend.min.js?ver=3.22.3 HTTP/1.1" 304 3397 "https://tiebel.inglory.de/" "Serf/1.3.9 (mod_pagespeed/1.13.35.2-0)"
94.130.90.54 - - [12/Jan/2026:17:05:46 +0100] "GET /wp-content/plugins/elementor-pro/assets/js/elements-handlers.min.js?ver=3.21.2 HTTP/1.1" 304 3397 "https://tiebel.inglory.de/" "Serf/1.3.9 (mod_pagespeed/1.13.35.2-0)"
94.130.90.54 - - [12/Jan/2026:17:05:46 +0100] "GET /wp-content/plugins/elementor-pro/assets/lib/sticky/jquery.sticky.min.js?ver=3.21.2 HTTP/1.1" 304 3396 "https://tiebel.inglory.de/" "Serf/1.3.9 (mod_pagespeed/1.13.35.2-0)"
94.130.90.54 - - [12/Jan/2026:17:05:46 +0100] "GET /wp-content/uploads/elementor/css/post-14.css?ver=1720349126 HTTP/1.1" 304 3398 "https://tiebel.inglory.de/" "Serf/1.3.9 (mod_pagespeed/1.13.35.2-0)"
94.130.90.54 - - [12/Jan/2026:17:05:46 +0100] "GET /wp-content/uploads/logo.svg HTTP/1.1" 200 10910 "https://tiebel.inglory.de/" "Serf/1.3.9 (mod_pagespeed/1.13.35.2-0)"
94.130.90.54 - - [12/Jan/2026:17:05:46 +0100] "GET /wp-content/uploads/menu-button.svg HTTP/1.1" 200 3820 "https://tiebel.inglory.de/" "Serf/1.3.9 (mod_pagespeed/1.13.35.2-0)"
54.73.6.70 - - [12/Jan/2026:17:05:46 +0100] "GET /wp-content/plugins/elementor-pro/assets/js/form.10bf1a6475f0741920ff.bundle.min.js HTTP/1.0" 200 9134 "https://tiebel.inglory.de/" "Plesk screenshot bot https://support.plesk.com/hc/en-us/articles/10301006946066"
94.130.90.54 - - [12/Jan/2026:17:05:46 +0100] "GET /wp-content/uploads/icon-2.svg HTTP/1.1" 200 9687 "https://tiebel.inglory.de/" "Serf/1.3.9 (mod_pagespeed/1.13.35.2-0)"
54.73.6.70 - - [12/Jan/2026:17:05:46 +0100] "GET /wp-content/plugins/elementor-pro/assets/js/popup.085c1727e36940b18f29.bundle.min.js HTTP/1.0" 200 4539 "https://tiebel.inglory.de/" "Plesk screenshot bot https://support.plesk.com/hc/en-us/articles/10301006946066"
94.130.90.54 - - [12/Jan/2026:17:05:46 +0100] "GET /wp-content/uploads/icon-17.svg HTTP/1.1" 200 21547 "https://tiebel.inglory.de/" "Serf/1.3.9 (mod_pagespeed/1.13.35.2-0)"
94.130.90.54 - - [12/Jan/2026:17:05:46 +0100] "GET /wp-content/uploads/3.svg HTTP/1.1" 200 7666 "https://tiebel.inglory.de/" "Serf/1.3.9 (mod_pagespeed/1.13.35.2-0)"
94.130.90.54 - - [12/Jan/2026:17:05:46 +0100] "GET /wp-content/uploads/img-6-1536x794.jpg HTTP/1.1" 304 3398 "https://tiebel.inglory.de/" "Serf/1.3.9 (mod_pagespeed/1.13.35.2-0)"
54.73.6.70 - - [12/Jan/2026:17:05:46 +0100] "GET /wp-content/uploads/favicon-150x150.png HTTP/1.0" 200 8802 "https://tiebel.inglory.de/" "Plesk screenshot bot https://support.plesk.com/hc/en-us/articles/10301006946066"
94.130.90.54 - - [12/Jan/2026:17:05:46 +0100] "GET /wp-content/uploads/img-7-1.jpg HTTP/1.1" 304 3398 "https://tiebel.inglory.de/" "Serf/1.3.9 (mod_pagespeed/1.13.35.2-0)"
94.130.90.54 - - [12/Jan/2026:17:05:46 +0100] "GET /wp-content/uploads/img-7-1.jpg HTTP/1.1" 304 3398 "https://tiebel.inglory.de/" "Serf/1.3.9 (mod_pagespeed/1.13.35.2-0)"
94.130.90.54 - - [12/Jan/2026:17:05:46 +0100] "GET /wp-content/uploads/img-7-1-300x278.jpg HTTP/1.1" 304 3397 "https://tiebel.inglory.de/" "Serf/1.3.9 (mod_pagespeed/1.13.35.2-0)"
94.130.90.54 - - [12/Jan/2026:17:05:46 +0100] "GET /wp-content/uploads/mob-7.jpg HTTP/1.1" 304 3398 "https://tiebel.inglory.de/" "Serf/1.3.9 (mod_pagespeed/1.13.35.2-0)"
94.130.90.54 - - [12/Jan/2026:17:05:46 +0100] "GET /wp-content/uploads/mob-7-300x206.jpg HTTP/1.1" 304 3397 "https://tiebel.inglory.de/" "Serf/1.3.9 (mod_pagespeed/1.13.35.2-0)"
94.130.90.54 - - [12/Jan/2026:17:05:46 +0100] "GET /wp-content/uploads/img-8.jpg HTTP/1.1" 304 3398 "https://tiebel.inglory.de/" "Serf/1.3.9 (mod_pagespeed/1.13.35.2-0)"
94.130.90.54 - - [12/Jan/2026:17:05:46 +0100] "GET /wp-content/uploads/img-8-1024x530.jpg HTTP/1.1" 304 3398 "https://tiebel.inglory.de/" "Serf/1.3.9 (mod_pagespeed/1.13.35.2-0)"
94.130.90.54 - - [12/Jan/2026:17:05:46 +0100] "GET /wp-content/uploads/img-8-768x397.jpg HTTP/1.1" 304 3398 "https://tiebel.inglory.de/" "Serf/1.3.9 (mod_pagespeed/1.13.35.2-0)"
94.130.90.54 - - [12/Jan/2026:17:05:46 +0100] "GET /wp-content/uploads/mob-9-768x527.jpg HTTP/1.1" 304 3398 "https://tiebel.inglory.de/" "Serf/1.3.9 (mod_pagespeed/1.13.35.2-0)"
94.130.90.54 - - [12/Jan/2026:17:05:46 +0100] "GET /wp-content/uploads/img-3-1-768x575.png HTTP/1.1" 304 3398 "https://tiebel.inglory.de/" "Serf/1.3.9 (mod_pagespeed/1.13.35.2-0)"
94.130.90.54 - - [12/Jan/2026:17:05:46 +0100] "GET /wp-content/uploads/signature.svg HTTP/1.1" 200 29112 "https://tiebel.inglory.de/" "Serf/1.3.9 (mod_pagespeed/1.13.35.2-0)"
94.130.90.54 - - [12/Jan/2026:17:05:46 +0100] "GET /wp-content/uploads/logo-1.svg HTTP/1.1" 200 4666 "https://tiebel.inglory.de/" "Serf/1.3.9 (mod_pagespeed/1.13.35.2-0)"
94.130.90.54 - - [12/Jan/2026:17:05:46 +0100] "GET /wp-content/uploads/rating.svg HTTP/1.1" 200 6793 "https://tiebel.inglory.de/" "Serf/1.3.9 (mod_pagespeed/1.13.35.2-0)"
94.130.90.54 - - [12/Jan/2026:17:05:46 +0100] "GET /wp-content/uploads/img-1.png HTTP/1.1" 304 3397 "https://tiebel.inglory.de/" "Serf/1.3.9 (mod_pagespeed/1.13.35.2-0)"
94.130.90.54 - - [12/Jan/2026:17:05:46 +0100] "GET /wp-content/uploads/logo-1-1.svg HTTP/1.1" 200 4700 "https://tiebel.inglory.de/" "Serf/1.3.9 (mod_pagespeed/1.13.35.2-0)"
94.130.90.54 - - [12/Jan/2026:17:05:46 +0100] "GET /wp-content/uploads/img-2-1.png HTTP/1.1" 304 3397 "https://tiebel.inglory.de/" "Serf/1.3.9 (mod_pagespeed/1.13.35.2-0)"
94.130.90.54 - - [12/Jan/2026:17:05:46 +0100] "GET /wp-content/uploads/img-4-1.png HTTP/1.1" 304 3397 "https://tiebel.inglory.de/" "Serf/1.3.9 (mod_pagespeed/1.13.35.2-0)"
94.130.90.54 - - [12/Jan/2026:17:05:46 +0100] "GET /wp-content/uploads/img-1-3.jpg HTTP/1.1" 304 3397 "https://tiebel.inglory.de/" "Serf/1.3.9 (mod_pagespeed/1.13.35.2-0)"
94.130.90.54 - - [12/Jan/2026:17:05:46 +0100] "GET /wp-content/uploads/img-1-3.jpg HTTP/1.1" 304 3397 "https://tiebel.inglory.de/" "Serf/1.3.9 (mod_pagespeed/1.13.35.2-0)"
54.73.6.70 - - [12/Jan/2026:17:05:46 +0100] "GET /wp-content/uploads/img-5-3.jpg HTTP/1.0" 200 89003 "https://tiebel.inglory.de/" "Plesk screenshot bot https://support.plesk.com/hc/en-us/articles/10301006946066"
54.73.6.70 - - [12/Jan/2026:17:05:46 +0100] "GET /wp-content/uploads/img-1-1-2.jpg HTTP/1.0" 200 151523 "https://tiebel.inglory.de/" "Plesk screenshot bot https://support.plesk.com/hc/en-us/articles/10301006946066"
54.73.6.70 - - [12/Jan/2026:17:05:46 +0100] "GET /wp-content/uploads/img-2-1.jpg HTTP/1.0" 200 90189 "https://tiebel.inglory.de/" "Plesk screenshot bot https://support.plesk.com/hc/en-us/articles/10301006946066"
54.73.6.70 - - [12/Jan/2026:17:05:46 +0100] "GET /wp-content/uploads/img-4-1-1.jpg HTTP/1.0" 200 92638 "https://tiebel.inglory.de/" "Plesk screenshot bot https://support.plesk.com/hc/en-us/articles/10301006946066"
