94.130.90.54 - - [09/Mar/2026:20:28:29 +0100] "GET /wp-includes/js/jquery/ui/datepicker.min.js?ver=1.13.3 HTTP/1.1" 304 3383 "https://reezone.inglory.de/product/7-zonen-matratze-bluemotion-180/" "Serf/1.3.9 (mod_pagespeed/1.13.35.2-0)"
94.130.90.54 - - [09/Mar/2026:20:28:29 +0100] "GET /wp-content/plugins/elementor/assets/js/elementor-admin-bar.min.js?ver=3.35.6 HTTP/1.1" 200 10866 "https://reezone.inglory.de/product/7-zonen-matratze-bluemotion-180/" "Serf/1.3.9 (mod_pagespeed/1.13.35.2-0)"
94.130.90.54 - - [09/Mar/2026:20:28:29 +0100] "GET /wp-includes/js/hoverintent-js.min.js?ver=2.2.1 HTTP/1.1" 200 5241 "https://reezone.inglory.de/product/7-zonen-matratze-bluemotion-180/" "Serf/1.3.9 (mod_pagespeed/1.13.35.2-0)"
94.130.90.54 - - [09/Mar/2026:20:28:29 +0100] "GET /wp-includes/js/admin-bar.min.js?ver=6.9.1 HTTP/1.1" 200 7039 "https://reezone.inglory.de/product/7-zonen-matratze-bluemotion-180/" "Serf/1.3.9 (mod_pagespeed/1.13.35.2-0)"
94.130.90.54 - - [09/Mar/2026:20:28:29 +0100] "GET /wp-content/plugins/woocommerce/assets/js/frontend/add-to-cart.min.js?ver=10.5.3 HTTP/1.1" 304 3383 "https://reezone.inglory.de/product/7-zonen-matratze-bluemotion-180/" "Serf/1.3.9 (mod_pagespeed/1.13.35.2-0)"
94.130.90.54 - - [09/Mar/2026:20:28:29 +0100] "GET /wp-content/plugins/woocommerce/assets/js/zoom/jquery.zoom.min.js?ver=1.7.21-wc.10.5.3 HTTP/1.1" 200 6225 "https://reezone.inglory.de/product/7-zonen-matratze-bluemotion-180/" "Serf/1.3.9 (mod_pagespeed/1.13.35.2-0)"
94.130.90.54 - - [09/Mar/2026:20:28:29 +0100] "GET /wp-content/plugins/woocommerce/assets/js/flexslider/jquery.flexslider.min.js?ver=2.7.2-wc.10.5.3 HTTP/1.1" 200 25138 "https://reezone.inglory.de/product/7-zonen-matratze-bluemotion-180/" "Serf/1.3.9 (mod_pagespeed/1.13.35.2-0)"
80.187.100.35 - - [09/Mar/2026:20:28:29 +0100] "GET /wp-content/plugins/woocommerce/assets/js/jquery-blockui/jquery.blockUI.min.js?ver=2.7.0-wc.10.5.3 HTTP/1.0" 304 3914 "https://reezone.inglory.de/product/7-zonen-matratze-bluemotion-180/" "Mozilla/5.0 (Macintosh; Intel Mac OS X 10_15_7) AppleWebKit/537.36 (KHTML, like Gecko) Chrome/145.0.0.0 Safari/537.36"
80.187.100.35 - - [09/Mar/2026:20:28:29 +0100] "GET /wp-content/plugins/woocommerce/assets/client/blocks/wc-blocks.css?ver=wc-10.5.3 HTTP/1.0" 304 3914 "https://reezone.inglory.de/product/7-zonen-matratze-bluemotion-180/" "Mozilla/5.0 (Macintosh; Intel Mac OS X 10_15_7) AppleWebKit/537.36 (KHTML, like Gecko) Chrome/145.0.0.0 Safari/537.36"
80.187.100.35 - - [09/Mar/2026:20:28:29 +0100] "GET /wp-includes/js/wp-util.min.js?ver=6.9.1 HTTP/1.0" 304 3913 "https://reezone.inglory.de/product/7-zonen-matratze-bluemotion-180/" "Mozilla/5.0 (Macintosh; Intel Mac OS X 10_15_7) AppleWebKit/537.36 (KHTML, like Gecko) Chrome/145.0.0.0 Safari/537.36"
94.130.90.54 - - [09/Mar/2026:20:28:29 +0100] "GET /wp-content/plugins/woocommerce/assets/js/photoswipe/photoswipe.min.js?ver=4.1.1-wc.10.5.3 HTTP/1.1" 200 35209 "https://reezone.inglory.de/product/7-zonen-matratze-bluemotion-180/" "Serf/1.3.9 (mod_pagespeed/1.13.35.2-0)"
94.130.90.54 - - [09/Mar/2026:20:28:29 +0100] "GET /wp-content/plugins/woocommerce/assets/js/photoswipe/photoswipe-ui-default.min.js?ver=4.1.1-wc.10.5.3 HTTP/1.1" 200 13302 "https://reezone.inglory.de/product/7-zonen-matratze-bluemotion-180/" "Serf/1.3.9 (mod_pagespeed/1.13.35.2-0)"
94.130.90.54 - - [09/Mar/2026:20:28:29 +0100] "GET /wp-content/plugins/woocommerce/assets/js/js-cookie/js.cookie.min.js?ver=2.1.4-wc.10.5.3 HTTP/1.1" 304 3382 "https://reezone.inglory.de/product/7-zonen-matratze-bluemotion-180/" "Serf/1.3.9 (mod_pagespeed/1.13.35.2-0)"
94.130.90.54 - - [09/Mar/2026:20:28:29 +0100] "GET /wp-content/plugins/woocommerce/assets/js/frontend/woocommerce.min.js?ver=10.5.3 HTTP/1.1" 304 3383 "https://reezone.inglory.de/product/7-zonen-matratze-bluemotion-180/" "Serf/1.3.9 (mod_pagespeed/1.13.35.2-0)"
94.130.90.54 - - [09/Mar/2026:20:28:29 +0100] "GET /wp-content/plugins/woocommerce/assets/js/frontend/cart-fragments.min.js?ver=10.5.3 HTTP/1.1" 304 3382 "https://reezone.inglory.de/product/7-zonen-matratze-bluemotion-180/" "Serf/1.3.9 (mod_pagespeed/1.13.35.2-0)"
94.130.90.54 - - [09/Mar/2026:20:28:29 +0100] "GET /wp-content/uploads/cropped-items-1-32x32.png HTTP/1.1" 304 3382 "https://reezone.inglory.de/product/7-zonen-matratze-bluemotion-180/" "Serf/1.3.9 (mod_pagespeed/1.13.35.2-0)"
94.130.90.54 - - [09/Mar/2026:20:28:29 +0100] "GET /wp-content/uploads/cropped-items-1-192x192.png HTTP/1.1" 304 3382 "https://reezone.inglory.de/product/7-zonen-matratze-bluemotion-180/" "Serf/1.3.9 (mod_pagespeed/1.13.35.2-0)"
94.130.90.54 - - [09/Mar/2026:20:28:29 +0100] "GET /wp-content/uploads/cropped-items-1-180x180.png HTTP/1.1" 304 3382 "https://reezone.inglory.de/product/7-zonen-matratze-bluemotion-180/" "Serf/1.3.9 (mod_pagespeed/1.13.35.2-0)"
94.130.90.54 - - [09/Mar/2026:20:28:29 +0100] "GET /wp-content/uploads/Frame-162-5.jpg HTTP/1.1" 200 227330 "https://reezone.inglory.de/product/7-zonen-matratze-bluemotion-180/" "Serf/1.3.9 (mod_pagespeed/1.13.35.2-0)"
94.130.90.54 - - [09/Mar/2026:20:28:29 +0100] "GET /wp-content/uploads/bluemotion2025.png HTTP/1.1" 200 295240 "https://reezone.inglory.de/product/7-zonen-matratze-bluemotion-180/" "Serf/1.3.9 (mod_pagespeed/1.13.35.2-0)"
94.130.90.54 - - [09/Mar/2026:20:28:29 +0100] "GET /wp-content/uploads/Frame-162-5-150x150.jpg HTTP/1.1" 200 8089 "https://reezone.inglory.de/product/7-zonen-matratze-bluemotion-180/" "Serf/1.3.9 (mod_pagespeed/1.13.35.2-0)"
94.130.90.54 - - [09/Mar/2026:20:28:29 +0100] "GET /wp-content/uploads/Frame-162-5-150x150.jpg HTTP/1.1" 200 8089 "https://reezone.inglory.de/product/7-zonen-matratze-bluemotion-180/" "Serf/1.3.9 (mod_pagespeed/1.13.35.2-0)"
94.130.90.54 - - [09/Mar/2026:20:28:29 +0100] "GET /wp-content/uploads/Frame-162-5-300x300.jpg HTTP/1.1" 200 16332 "https://reezone.inglory.de/product/7-zonen-matratze-bluemotion-180/" "Serf/1.3.9 (mod_pagespeed/1.13.35.2-0)"
94.130.90.54 - - [09/Mar/2026:20:28:29 +0100] "GET /wp-content/uploads/Frame-162-5-100x100.jpg HTTP/1.1" 200 6071 "https://reezone.inglory.de/product/7-zonen-matratze-bluemotion-180/" "Serf/1.3.9 (mod_pagespeed/1.13.35.2-0)"
94.130.90.54 - - [09/Mar/2026:20:28:29 +0100] "GET /wp-content/uploads/bluemotion2025-150x150.png HTTP/1.1" 200 16455 "https://reezone.inglory.de/product/7-zonen-matratze-bluemotion-180/" "Serf/1.3.9 (mod_pagespeed/1.13.35.2-0)"
94.130.90.54 - - [09/Mar/2026:20:28:29 +0100] "GET /wp-content/uploads/bluemotion2025.png HTTP/1.1" 200 295240 "https://reezone.inglory.de/product/7-zonen-matratze-bluemotion-180/" "Serf/1.3.9 (mod_pagespeed/1.13.35.2-0)"
94.130.90.54 - - [09/Mar/2026:20:28:29 +0100] "GET /wp-content/uploads/bluemotion2025-150x150.png HTTP/1.1" 200 16455 "https://reezone.inglory.de/product/7-zonen-matratze-bluemotion-180/" "Serf/1.3.9 (mod_pagespeed/1.13.35.2-0)"
94.130.90.54 - - [09/Mar/2026:20:28:29 +0100] "GET /wp-content/uploads/bluemotion2025-300x300.png HTTP/1.1" 200 45941 "https://reezone.inglory.de/product/7-zonen-matratze-bluemotion-180/" "Serf/1.3.9 (mod_pagespeed/1.13.35.2-0)"
94.130.90.54 - - [09/Mar/2026:20:28:29 +0100] "GET /wp-content/uploads/bluemotion2025-100x100.png HTTP/1.1" 200 10272 "https://reezone.inglory.de/product/7-zonen-matratze-bluemotion-180/" "Serf/1.3.9 (mod_pagespeed/1.13.35.2-0)"
94.130.90.54 - - [09/Mar/2026:20:28:29 +0100] "GET /wp-content/uploads/CleanShot-2026-02-04-at-13.44.22@2x-1.jpg HTTP/1.1" 200 256572 "https://reezone.inglory.de/product/7-zonen-matratze-bluemotion-180/" "Serf/1.3.9 (mod_pagespeed/1.13.35.2-0)"
94.130.90.54 - - [09/Mar/2026:20:28:29 +0100] "GET /wp-content/uploads/CleanShot-2026-02-04-at-13.44.22@2x-1.jpg HTTP/1.1" 200 256572 "https://reezone.inglory.de/product/7-zonen-matratze-bluemotion-180/" "Serf/1.3.9 (mod_pagespeed/1.13.35.2-0)"
94.130.90.54 - - [09/Mar/2026:20:28:29 +0100] "GET /wp-content/uploads/CleanShot-2026-02-04-at-13.44.22@2x-1-300x183.jpg HTTP/1.1" 200 11246 "https://reezone.inglory.de/product/7-zonen-matratze-bluemotion-180/" "Serf/1.3.9 (mod_pagespeed/1.13.35.2-0)"
94.130.90.54 - - [09/Mar/2026:20:28:29 +0100] "GET /wp-content/uploads/CleanShot-2026-02-04-at-13.44.22@2x-1-1024x623.jpg HTTP/1.1" 200 58301 "https://reezone.inglory.de/product/7-zonen-matratze-bluemotion-180/" "Serf/1.3.9 (mod_pagespeed/1.13.35.2-0)"
94.130.90.54 - - [09/Mar/2026:20:28:29 +0100] "GET /wp-content/uploads/CleanShot-2026-02-04-at-13.44.22@2x-1-768x467.jpg HTTP/1.1" 200 38884 "https://reezone.inglory.de/product/7-zonen-matratze-bluemotion-180/" "Serf/1.3.9 (mod_pagespeed/1.13.35.2-0)"
94.130.90.54 - - [09/Mar/2026:20:28:29 +0100] "GET /wp-content/uploads/CleanShot-2026-02-04-at-13.44.22@2x-1-600x365.jpg HTTP/1.1" 200 26907 "https://reezone.inglory.de/product/7-zonen-matratze-bluemotion-180/" "Serf/1.3.9 (mod_pagespeed/1.13.35.2-0)"
94.130.90.54 - - [09/Mar/2026:20:28:29 +0100] "GET /wp-content/uploads/Frame-162-4.jpg HTTP/1.1" 200 196887 "https://reezone.inglory.de/product/7-zonen-matratze-bluemotion-180/" "Serf/1.3.9 (mod_pagespeed/1.13.35.2-0)"
94.130.90.54 - - [09/Mar/2026:20:28:29 +0100] "GET /wp-content/uploads/Frame-162-4.jpg HTTP/1.1" 200 196887 "https://reezone.inglory.de/product/7-zonen-matratze-bluemotion-180/" "Serf/1.3.9 (mod_pagespeed/1.13.35.2-0)"
94.130.90.54 - - [09/Mar/2026:20:28:29 +0100] "GET /wp-content/uploads/Frame-162-4-300x186.jpg HTTP/1.1" 200 11565 "https://reezone.inglory.de/product/7-zonen-matratze-bluemotion-180/" "Serf/1.3.9 (mod_pagespeed/1.13.35.2-0)"
94.130.90.54 - - [09/Mar/2026:20:28:29 +0100] "GET /wp-content/uploads/Frame-162-4-1024x636.jpg HTTP/1.1" 200 48398 "https://reezone.inglory.de/product/7-zonen-matratze-bluemotion-180/" "Serf/1.3.9 (mod_pagespeed/1.13.35.2-0)"
80.187.100.35 - - [09/Mar/2026:20:28:29 +0100] "GET /wp-content/plugins/elementor/assets/css/widget-nested-accordion.min.css?ver=3.35.6 HTTP/1.0" 304 3914 "https://reezone.inglory.de/product/7-zonen-matratze-bluemotion-180/" "Mozilla/5.0 (Macintosh; Intel Mac OS X 10_15_7) AppleWebKit/537.36 (KHTML, like Gecko) Chrome/145.0.0.0 Safari/537.36"
80.187.100.35 - - [09/Mar/2026:20:28:29 +0100] "GET /wp-content/uploads/elementor/css/post-677.css?ver=1772619373 HTTP/1.0" 200 5798 "https://reezone.inglory.de/product/7-zonen-matratze-bluemotion-180/" "Mozilla/5.0 (Macintosh; Intel Mac OS X 10_15_7) AppleWebKit/537.36 (KHTML, like Gecko) Chrome/145.0.0.0 Safari/537.36"
94.130.90.54 - - [09/Mar/2026:20:28:29 +0100] "GET /wp-content/uploads/Frame-162-4-768x477.jpg HTTP/1.1" 200 33577 "https://reezone.inglory.de/product/7-zonen-matratze-bluemotion-180/" "Serf/1.3.9 (mod_pagespeed/1.13.35.2-0)"
80.187.100.35 - - [09/Mar/2026:20:28:29 +0100] "GET /wp-content/plugins/jet-engine/includes/components/query-builder/assets/js/frontend.js?ver=3.8.5 HTTP/1.0" 304 3913 "https://reezone.inglory.de/product/7-zonen-matratze-bluemotion-180/" "Mozilla/5.0 (Macintosh; Intel Mac OS X 10_15_7) AppleWebKit/537.36 (KHTML, like Gecko) Chrome/145.0.0.0 Safari/537.36"
94.130.90.54 - - [09/Mar/2026:20:28:29 +0100] "GET /wp-content/uploads/Frame-162-4-600x372.jpg HTTP/1.1" 200 24991 "https://reezone.inglory.de/product/7-zonen-matratze-bluemotion-180/" "Serf/1.3.9 (mod_pagespeed/1.13.35.2-0)"
94.130.90.54 - - [09/Mar/2026:20:28:29 +0100] "GET /wp-content/uploads/Frame-162-1-1-Kopie.jpg HTTP/1.1" 200 396588 "https://reezone.inglory.de/product/7-zonen-matratze-bluemotion-180/" "Serf/1.3.9 (mod_pagespeed/1.13.35.2-0)"
94.130.90.54 - - [09/Mar/2026:20:28:29 +0100] "GET /wp-content/uploads/Frame-162-1-1-Kopie.jpg HTTP/1.1" 200 396588 "https://reezone.inglory.de/product/7-zonen-matratze-bluemotion-180/" "Serf/1.3.9 (mod_pagespeed/1.13.35.2-0)"
80.187.100.35 - - [09/Mar/2026:20:28:29 +0100] "GET /wp-includes/js/dist/i18n.min.js?ver=c26c3dc7bed366793375 HTTP/1.0" 304 3914 "https://reezone.inglory.de/product/7-zonen-matratze-bluemotion-180/" "Mozilla/5.0 (Macintosh; Intel Mac OS X 10_15_7) AppleWebKit/537.36 (KHTML, like Gecko) Chrome/145.0.0.0 Safari/537.36"
80.187.100.35 - - [09/Mar/2026:20:28:29 +0100] "GET /wp-content/plugins/elementor-pro/assets/js/notes/notes.min.js?ver=3.35.1 HTTP/1.0" 304 3914 "https://reezone.inglory.de/product/7-zonen-matratze-bluemotion-180/" "Mozilla/5.0 (Macintosh; Intel Mac OS X 10_15_7) AppleWebKit/537.36 (KHTML, like Gecko) Chrome/145.0.0.0 Safari/537.36"
80.187.100.35 - - [09/Mar/2026:20:28:29 +0100] "GET /wp-content/plugins/elementor-pro/assets/js/notes/notes-app-initiator.min.js?ver=3.35.1 HTTP/1.0" 304 3913 "https://reezone.inglory.de/product/7-zonen-matratze-bluemotion-180/" "Mozilla/5.0 (Macintosh; Intel Mac OS X 10_15_7) AppleWebKit/537.36 (KHTML, like Gecko) Chrome/145.0.0.0 Safari/537.36"
80.187.100.35 - - [09/Mar/2026:20:28:29 +0100] "GET /wp-content/plugins/elementor/assets/lib/backbone/backbone.radio.min.js?ver=1.0.4 HTTP/1.0" 200 5651 "https://reezone.inglory.de/product/7-zonen-matratze-bluemotion-180/" "Mozilla/5.0 (Macintosh; Intel Mac OS X 10_15_7) AppleWebKit/537.36 (KHTML, like Gecko) Chrome/145.0.0.0 Safari/537.36"
94.130.90.54 - - [09/Mar/2026:20:28:29 +0100] "GET /wp-content/uploads/Frame-162-1-1-Kopie-300x186.jpg HTTP/1.1" 200 25408 "https://reezone.inglory.de/product/7-zonen-matratze-bluemotion-180/" "Serf/1.3.9 (mod_pagespeed/1.13.35.2-0)"
94.130.90.54 - - [09/Mar/2026:20:28:29 +0100] "GET /wp-content/uploads/Frame-162-1-1-Kopie-1024x636.jpg HTTP/1.1" 200 115661 "https://reezone.inglory.de/product/7-zonen-matratze-bluemotion-180/" "Serf/1.3.9 (mod_pagespeed/1.13.35.2-0)"
80.187.100.35 - - [09/Mar/2026:20:28:29 +0100] "GET /wp-content/plugins/elementor/assets/js/common-modules.min.js?ver=3.35.6 HTTP/1.0" 200 32775 "https://reezone.inglory.de/product/7-zonen-matratze-bluemotion-180/" "Mozilla/5.0 (Macintosh; Intel Mac OS X 10_15_7) AppleWebKit/537.36 (KHTML, like Gecko) Chrome/145.0.0.0 Safari/537.36"
80.187.100.35 - - [09/Mar/2026:20:28:29 +0100] "GET /wp-content/plugins/elementor/assets/js/web-cli.min.js?ver=3.35.6 HTTP/1.0" 200 45047 "https://reezone.inglory.de/product/7-zonen-matratze-bluemotion-180/" "Mozilla/5.0 (Macintosh; Intel Mac OS X 10_15_7) AppleWebKit/537.36 (KHTML, like Gecko) Chrome/145.0.0.0 Safari/537.36"
94.130.90.54 - - [09/Mar/2026:20:28:29 +0100] "GET /wp-content/uploads/Frame-162-1-1-Kopie-768x477.jpg HTTP/1.1" 200 77128 "https://reezone.inglory.de/product/7-zonen-matratze-bluemotion-180/" "Serf/1.3.9 (mod_pagespeed/1.13.35.2-0)"
80.187.100.35 - - [09/Mar/2026:20:28:29 +0100] "GET /wp-content/plugins/elementor/assets/js/app-loader.min.js?ver=3.35.6 HTTP/1.0" 200 28813 "https://reezone.inglory.de/product/7-zonen-matratze-bluemotion-180/" "Mozilla/5.0 (Macintosh; Intel Mac OS X 10_15_7) AppleWebKit/537.36 (KHTML, like Gecko) Chrome/145.0.0.0 Safari/537.36"
80.187.100.35 - - [09/Mar/2026:20:28:29 +0100] "GET /wp-includes/js/dist/hooks.min.js?ver=dd5603f07f9220ed27f1 HTTP/1.0" 304 3914 "https://reezone.inglory.de/product/7-zonen-matratze-bluemotion-180/" "Mozilla/5.0 (Macintosh; Intel Mac OS X 10_15_7) AppleWebKit/537.36 (KHTML, like Gecko) Chrome/145.0.0.0 Safari/537.36"
80.187.100.35 - - [09/Mar/2026:20:28:29 +0100] "GET /wp-content/plugins/elementor/assets/js/dev-tools.min.js?ver=3.35.6 HTTP/1.0" 200 6597 "https://reezone.inglory.de/product/7-zonen-matratze-bluemotion-180/" "Mozilla/5.0 (Macintosh; Intel Mac OS X 10_15_7) AppleWebKit/537.36 (KHTML, like Gecko) Chrome/145.0.0.0 Safari/537.36"
94.130.90.54 - - [09/Mar/2026:20:28:29 +0100] "GET /wp-content/uploads/Frame-162-1-1-Kopie-600x372.jpg HTTP/1.1" 200 54982 "https://reezone.inglory.de/product/7-zonen-matratze-bluemotion-180/" "Serf/1.3.9 (mod_pagespeed/1.13.35.2-0)"
80.187.100.35 - - [09/Mar/2026:20:28:29 +0100] "GET /wp-content/plugins/elementor/assets/lib/backbone/backbone.marionette.min.js?ver=2.4.5.e1 HTTP/1.0" 200 15673 "https://reezone.inglory.de/product/7-zonen-matratze-bluemotion-180/" "Mozilla/5.0 (Macintosh; Intel Mac OS X 10_15_7) AppleWebKit/537.36 (KHTML, like Gecko) Chrome/145.0.0.0 Safari/537.36"
94.130.90.54 - - [09/Mar/2026:20:28:29 +0100] "GET /wp-content/plugins/woocommerce/assets/js/jquery-blockui/jquery.blockUI.min.js?ver=2.7.0-wc.10.5.3 HTTP/1.1" 304 3383 "https://reezone.inglory.de/product/7-zonen-matratze-bluemotion-180/" "Serf/1.3.9 (mod_pagespeed/1.13.35.2-0)"
94.130.90.54 - - [09/Mar/2026:20:28:29 +0100] "GET /wp-includes/js/wp-util.min.js?ver=6.9.1 HTTP/1.1" 304 3382 "https://reezone.inglory.de/product/7-zonen-matratze-bluemotion-180/" "Serf/1.3.9 (mod_pagespeed/1.13.35.2-0)"
80.187.100.35 - - [09/Mar/2026:20:28:29 +0100] "GET /wp-content/plugins/elementor-pro/assets/js/elements-handlers.min.js?ver=3.35.1 HTTP/1.0" 304 3914 "https://reezone.inglory.de/product/7-zonen-matratze-bluemotion-180/" "Mozilla/5.0 (Macintosh; Intel Mac OS X 10_15_7) AppleWebKit/537.36 (KHTML, like Gecko) Chrome/145.0.0.0 Safari/537.36"
80.187.100.35 - - [09/Mar/2026:20:28:29 +0100] "GET /wp-content/plugins/elementor/assets/lib/dialog/dialog.min.js?ver=4.9.4 HTTP/1.0" 304 3914 "https://reezone.inglory.de/product/7-zonen-matratze-bluemotion-180/" "Mozilla/5.0 (Macintosh; Intel Mac OS X 10_15_7) AppleWebKit/537.36 (KHTML, like Gecko) Chrome/145.0.0.0 Safari/537.36"
80.187.100.35 - - [09/Mar/2026:20:28:29 +0100] "GET /wp-content/plugins/woocommerce/assets/js/frontend/single-product.min.js?ver=10.5.3 HTTP/1.0" 304 3914 "https://reezone.inglory.de/product/7-zonen-matratze-bluemotion-180/" "Mozilla/5.0 (Macintosh; Intel Mac OS X 10_15_7) AppleWebKit/537.36 (KHTML, like Gecko) Chrome/145.0.0.0 Safari/537.36"
80.187.100.35 - - [09/Mar/2026:20:28:29 +0100] "GET /wp-content/plugins/woocommerce/assets/js/frontend/add-to-cart-variation.min.js?ver=10.5.3 HTTP/1.0" 304 3914 "https://reezone.inglory.de/product/7-zonen-matratze-bluemotion-180/" "Mozilla/5.0 (Macintosh; Intel Mac OS X 10_15_7) AppleWebKit/537.36 (KHTML, like Gecko) Chrome/145.0.0.0 Safari/537.36"
80.187.100.35 - - [09/Mar/2026:20:28:29 +0100] "GET /wp-content/plugins/elementor/assets/js/webpack.runtime.min.js?ver=3.35.6 HTTP/1.0" 304 3914 "https://reezone.inglory.de/product/7-zonen-matratze-bluemotion-180/" "Mozilla/5.0 (Macintosh; Intel Mac OS X 10_15_7) AppleWebKit/537.36 (KHTML, like Gecko) Chrome/145.0.0.0 Safari/537.36"
94.130.90.54 - - [09/Mar/2026:20:28:29 +0100] "GET /wp-content/plugins/jet-engine/includes/components/query-builder/assets/js/frontend.js?ver=3.8.5 HTTP/1.1" 200 6590 "https://reezone.inglory.de/product/7-zonen-matratze-bluemotion-180/" "Serf/1.3.9 (mod_pagespeed/1.13.35.2-0)"
80.187.100.35 - - [09/Mar/2026:20:28:29 +0100] "GET /wp-content/plugins/elementor-pro/assets/lib/smartmenus/jquery.smartmenus.min.js?ver=1.2.1 HTTP/1.0" 304 3914 "https://reezone.inglory.de/product/7-zonen-matratze-bluemotion-180/" "Mozilla/5.0 (Macintosh; Intel Mac OS X 10_15_7) AppleWebKit/537.36 (KHTML, like Gecko) Chrome/145.0.0.0 Safari/537.36"
80.187.100.35 - - [09/Mar/2026:20:28:29 +0100] "GET /wp-content/plugins/elementor-pro/assets/lib/sticky/jquery.sticky.min.js?ver=3.35.1 HTTP/1.0" 304 3913 "https://reezone.inglory.de/product/7-zonen-matratze-bluemotion-180/" "Mozilla/5.0 (Macintosh; Intel Mac OS X 10_15_7) AppleWebKit/537.36 (KHTML, like Gecko) Chrome/145.0.0.0 Safari/537.36"
80.187.100.35 - - [09/Mar/2026:20:28:29 +0100] "GET /wp-content/plugins/elementor/assets/js/frontend-modules.min.js?ver=3.35.6 HTTP/1.0" 304 3914 "https://reezone.inglory.de/product/7-zonen-matratze-bluemotion-180/" "Mozilla/5.0 (Macintosh; Intel Mac OS X 10_15_7) AppleWebKit/537.36 (KHTML, like Gecko) Chrome/145.0.0.0 Safari/537.36"
80.187.100.35 - - [09/Mar/2026:20:28:29 +0100] "GET /wp-includes/js/jquery/ui/datepicker.min.js?ver=1.13.3 HTTP/1.0" 304 3914 "https://reezone.inglory.de/product/7-zonen-matratze-bluemotion-180/" "Mozilla/5.0 (Macintosh; Intel Mac OS X 10_15_7) AppleWebKit/537.36 (KHTML, like Gecko) Chrome/145.0.0.0 Safari/537.36"
80.187.100.35 - - [09/Mar/2026:20:28:29 +0100] "GET /wp-content/plugins/woocommerce/assets/js/sourcebuster/sourcebuster.min.js?ver=10.5.3 HTTP/1.0" 304 3914 "https://reezone.inglory.de/product/7-zonen-matratze-bluemotion-180/" "Mozilla/5.0 (Macintosh; Intel Mac OS X 10_15_7) AppleWebKit/537.36 (KHTML, like Gecko) Chrome/145.0.0.0 Safari/537.36"
80.187.100.35 - - [09/Mar/2026:20:28:29 +0100] "GET /wp-content/plugins/elementor/assets/js/frontend.min.js?ver=3.35.6 HTTP/1.0" 304 3914 "https://reezone.inglory.de/product/7-zonen-matratze-bluemotion-180/" "Mozilla/5.0 (Macintosh; Intel Mac OS X 10_15_7) AppleWebKit/537.36 (KHTML, like Gecko) Chrome/145.0.0.0 Safari/537.36"
80.187.100.35 - - [09/Mar/2026:20:28:29 +0100] "GET /wp-includes/js/jquery/ui/progressbar.min.js?ver=1.13.3 HTTP/1.0" 304 3913 "https://reezone.inglory.de/product/7-zonen-matratze-bluemotion-180/" "Mozilla/5.0 (Macintosh; Intel Mac OS X 10_15_7) AppleWebKit/537.36 (KHTML, like Gecko) Chrome/145.0.0.0 Safari/537.36"
94.130.90.54 - - [09/Mar/2026:20:28:29 +0100] "GET /wp-content/plugins/elementor-pro/assets/js/notes/notes.min.js?ver=3.35.1 HTTP/1.1" 200 16901 "https://reezone.inglory.de/product/7-zonen-matratze-bluemotion-180/" "Serf/1.3.9 (mod_pagespeed/1.13.35.2-0)"
80.187.100.35 - - [09/Mar/2026:20:28:29 +0100] "GET /wp-content/plugins/woocommerce/assets/js/frontend/order-attribution.min.js?ver=10.5.3 HTTP/1.0" 304 3913 "https://reezone.inglory.de/product/7-zonen-matratze-bluemotion-180/" "Mozilla/5.0 (Macintosh; Intel Mac OS X 10_15_7) AppleWebKit/537.36 (KHTML, like Gecko) Chrome/145.0.0.0 Safari/537.36"
80.187.100.35 - - [09/Mar/2026:20:28:29 +0100] "GET /wp-content/plugins/woocommerce/assets/js/selectWoo/selectWoo.full.min.js?ver=1.0.9-wc.10.5.3 HTTP/1.0" 304 3915 "https://reezone.inglory.de/product/7-zonen-matratze-bluemotion-180/" "Mozilla/5.0 (Macintosh; Intel Mac OS X 10_15_7) AppleWebKit/537.36 (KHTML, like Gecko) Chrome/145.0.0.0 Safari/537.36"
80.187.100.35 - - [09/Mar/2026:20:28:29 +0100] "GET /wp-content/plugins/yith-woocommerce-product-add-ons/assets/js/front.min.js?ver=4.28.0 HTTP/1.0" 304 3914 "https://reezone.inglory.de/product/7-zonen-matratze-bluemotion-180/" "Mozilla/5.0 (Macintosh; Intel Mac OS X 10_15_7) AppleWebKit/537.36 (KHTML, like Gecko) Chrome/145.0.0.0 Safari/537.36"
80.187.100.35 - - [09/Mar/2026:20:28:29 +0100] "GET /wp-content/plugins/jet-woo-product-gallery/assets/lib/swiper/swiper.min.js?ver=5.3.6 HTTP/1.0" 304 3915 "https://reezone.inglory.de/product/7-zonen-matratze-bluemotion-180/" "Mozilla/5.0 (Macintosh; Intel Mac OS X 10_15_7) AppleWebKit/537.36 (KHTML, like Gecko) Chrome/145.0.0.0 Safari/537.36"
80.187.100.35 - - [09/Mar/2026:20:28:29 +0100] "GET /wp-content/plugins/elementor-pro/assets/js/frontend.min.js?ver=3.35.1 HTTP/1.0" 304 3914 "https://reezone.inglory.de/product/7-zonen-matratze-bluemotion-180/" "Mozilla/5.0 (Macintosh; Intel Mac OS X 10_15_7) AppleWebKit/537.36 (KHTML, like Gecko) Chrome/145.0.0.0 Safari/537.36"
80.187.100.35 - - [09/Mar/2026:20:28:29 +0100] "GET /wp-content/plugins/jet-woo-product-gallery/assets/js/jet-woo-product-gallery.min.js?ver=2.2.6 HTTP/1.0" 304 3914 "https://reezone.inglory.de/product/7-zonen-matratze-bluemotion-180/" "Mozilla/5.0 (Macintosh; Intel Mac OS X 10_15_7) AppleWebKit/537.36 (KHTML, like Gecko) Chrome/145.0.0.0 Safari/537.36"
94.130.90.54 - - [09/Mar/2026:20:28:29 +0100] "GET /wp-includes/js/api-request.min.js?ver=6.9.1 HTTP/1.1" 200 4546 "https://reezone.inglory.de/product/7-zonen-matratze-bluemotion-180/" "Serf/1.3.9 (mod_pagespeed/1.13.35.2-0)"
80.187.100.35 - - [09/Mar/2026:20:28:29 +0100] "GET /wp-content/plugins/elementor-pro/assets/js/webpack-pro.runtime.min.js?ver=3.35.1 HTTP/1.0" 304 3914 "https://reezone.inglory.de/product/7-zonen-matratze-bluemotion-180/" "Mozilla/5.0 (Macintosh; Intel Mac OS X 10_15_7) AppleWebKit/537.36 (KHTML, like Gecko) Chrome/145.0.0.0 Safari/537.36"
80.187.100.35 - - [09/Mar/2026:20:28:29 +0100] "GET /wp-content/plugins/woocommerce/assets/js/flexslider/jquery.flexslider.min.js?ver=2.7.2-wc.10.5.3 HTTP/1.0" 304 3914 "https://reezone.inglory.de/product/7-zonen-matratze-bluemotion-180/" "Mozilla/5.0 (Macintosh; Intel Mac OS X 10_15_7) AppleWebKit/537.36 (KHTML, like Gecko) Chrome/145.0.0.0 Safari/537.36"
80.187.100.35 - - [09/Mar/2026:20:28:29 +0100] "GET /wp-content/plugins/woocommerce/assets/js/zoom/jquery.zoom.min.js?ver=1.7.21-wc.10.5.3 HTTP/1.0" 304 3913 "https://reezone.inglory.de/product/7-zonen-matratze-bluemotion-180/" "Mozilla/5.0 (Macintosh; Intel Mac OS X 10_15_7) AppleWebKit/537.36 (KHTML, like Gecko) Chrome/145.0.0.0 Safari/537.36"
80.187.100.35 - - [09/Mar/2026:20:28:29 +0100] "GET /wp-content/plugins/woocommerce/assets/js/frontend/add-to-cart.min.js?ver=10.5.3 HTTP/1.0" 304 3914 "https://reezone.inglory.de/product/7-zonen-matratze-bluemotion-180/" "Mozilla/5.0 (Macintosh; Intel Mac OS X 10_15_7) AppleWebKit/537.36 (KHTML, like Gecko) Chrome/145.0.0.0 Safari/537.36"
80.187.100.35 - - [09/Mar/2026:20:28:29 +0100] "GET /wp-content/plugins/woocommerce/assets/js/frontend/woocommerce.min.js?ver=10.5.3 HTTP/1.0" 304 3914 "https://reezone.inglory.de/product/7-zonen-matratze-bluemotion-180/" "Mozilla/5.0 (Macintosh; Intel Mac OS X 10_15_7) AppleWebKit/537.36 (KHTML, like Gecko) Chrome/145.0.0.0 Safari/537.36"
94.130.90.54 - - [09/Mar/2026:20:28:29 +0100] "GET /wp-content/plugins/elementor/assets/js/dev-tools.min.js?ver=3.35.6 HTTP/1.1" 200 11130 "https://reezone.inglory.de/product/7-zonen-matratze-bluemotion-180/" "Serf/1.3.9 (mod_pagespeed/1.13.35.2-0)"
80.187.100.35 - - [09/Mar/2026:20:28:29 +0100] "GET /wp-content/plugins/woocommerce/assets/js/photoswipe/photoswipe.min.js?ver=4.1.1-wc.10.5.3 HTTP/1.0" 304 3914 "https://reezone.inglory.de/product/7-zonen-matratze-bluemotion-180/" "Mozilla/5.0 (Macintosh; Intel Mac OS X 10_15_7) AppleWebKit/537.36 (KHTML, like Gecko) Chrome/145.0.0.0 Safari/537.36"
80.187.100.35 - - [09/Mar/2026:20:28:29 +0100] "GET /wp-content/plugins/elementor/assets/js/elementor-admin-bar.min.js?ver=3.35.6 HTTP/1.0" 304 3914 "https://reezone.inglory.de/product/7-zonen-matratze-bluemotion-180/" "Mozilla/5.0 (Macintosh; Intel Mac OS X 10_15_7) AppleWebKit/537.36 (KHTML, like Gecko) Chrome/145.0.0.0 Safari/537.36"
80.187.100.35 - - [09/Mar/2026:20:28:29 +0100] "GET /wp-content/plugins/woocommerce/assets/js/js-cookie/js.cookie.min.js?ver=2.1.4-wc.10.5.3 HTTP/1.0" 304 3913 "https://reezone.inglory.de/product/7-zonen-matratze-bluemotion-180/" "Mozilla/5.0 (Macintosh; Intel Mac OS X 10_15_7) AppleWebKit/537.36 (KHTML, like Gecko) Chrome/145.0.0.0 Safari/537.36"
94.130.90.54 - - [09/Mar/2026:20:28:29 +0100] "GET /wp-content/plugins/elementor/assets/js/common.min.js?ver=3.35.6 HTTP/1.1" 200 540041 "https://reezone.inglory.de/product/7-zonen-matratze-bluemotion-180/" "Serf/1.3.9 (mod_pagespeed/1.13.35.2-0)"
80.187.100.35 - - [09/Mar/2026:20:28:29 +0100] "GET /wp-content/uploads/Frame-162-5-300x300.jpg HTTP/1.0" 304 3914 "https://reezone.inglory.de/product/7-zonen-matratze-bluemotion-180/" "Mozilla/5.0 (Macintosh; Intel Mac OS X 10_15_7) AppleWebKit/537.36 (KHTML, like Gecko) Chrome/145.0.0.0 Safari/537.36"
80.187.100.35 - - [09/Mar/2026:20:28:29 +0100] "GET /wp-content/plugins/woocommerce/assets/js/frontend/cart-fragments.min.js?ver=10.5.3 HTTP/1.0" 304 3913 "https://reezone.inglory.de/product/7-zonen-matratze-bluemotion-180/" "Mozilla/5.0 (Macintosh; Intel Mac OS X 10_15_7) AppleWebKit/537.36 (KHTML, like Gecko) Chrome/145.0.0.0 Safari/537.36"
80.187.100.35 - - [09/Mar/2026:20:28:29 +0100] "GET /wp-content/plugins/woocommerce/assets/css/woocommerce-smallscreen.css?ver=10.5.3 HTTP/1.0" 304 3914 "https://reezone.inglory.de/product/7-zonen-matratze-bluemotion-180/" "Mozilla/5.0 (Macintosh; Intel Mac OS X 10_15_7) AppleWebKit/537.36 (KHTML, like Gecko) Chrome/145.0.0.0 Safari/537.36"
80.187.100.35 - - [09/Mar/2026:20:28:29 +0100] "GET /wp-content/plugins/woocommerce/assets/js/photoswipe/photoswipe-ui-default.min.js?ver=4.1.1-wc.10.5.3 HTTP/1.0" 304 3914 "https://reezone.inglory.de/product/7-zonen-matratze-bluemotion-180/" "Mozilla/5.0 (Macintosh; Intel Mac OS X 10_15_7) AppleWebKit/537.36 (KHTML, like Gecko) Chrome/145.0.0.0 Safari/537.36"
80.187.100.35 - - [09/Mar/2026:20:28:29 +0100] "GET /wp-content/plugins/elementor/assets/lib/font-awesome/webfonts/fa-brands-400.woff2 HTTP/1.0" 304 3915 "https://reezone.inglory.de/wp-content/plugins/elementor/assets/lib/font-awesome/css/brands.min.css?ver=5.15.3" "Mozilla/5.0 (Macintosh; Intel Mac OS X 10_15_7) AppleWebKit/537.36 (KHTML, like Gecko) Chrome/145.0.0.0 Safari/537.36"
80.187.100.35 - - [09/Mar/2026:20:28:29 +0100] "GET /wp-content/uploads/bg-1-1.jpg HTTP/1.0" 200 351692 "https://reezone.inglory.de/product/7-zonen-matratze-bluemotion-180/" "Mozilla/5.0 (Macintosh; Intel Mac OS X 10_15_7) AppleWebKit/537.36 (KHTML, like Gecko) Chrome/145.0.0.0 Safari/537.36"
80.187.100.35 - - [09/Mar/2026:20:28:29 +0100] "GET /wp-content/plugins/elementor/assets/lib/eicons/fonts/eicons.woff2?5.47.0 HTTP/1.0" 304 3915 "https://reezone.inglory.de/wp-content/plugins/elementor/assets/lib/eicons/css/elementor-icons.min.css?ver=5.47.0" "Mozilla/5.0 (Macintosh; Intel Mac OS X 10_15_7) AppleWebKit/537.36 (KHTML, like Gecko) Chrome/145.0.0.0 Safari/537.36"
80.187.100.35 - - [09/Mar/2026:20:28:29 +0100] "GET /wp-content/uploads/bluemotion2025-300x300.png HTTP/1.0" 304 3914 "https://reezone.inglory.de/product/7-zonen-matratze-bluemotion-180/" "Mozilla/5.0 (Macintosh; Intel Mac OS X 10_15_7) AppleWebKit/537.36 (KHTML, like Gecko) Chrome/145.0.0.0 Safari/537.36"
80.187.100.35 - - [09/Mar/2026:20:28:29 +0100] "GET /wp-content/plugins/elementor/assets/js/common.min.js?ver=3.35.6 HTTP/1.0" 200 149277 "https://reezone.inglory.de/product/7-zonen-matratze-bluemotion-180/" "Mozilla/5.0 (Macintosh; Intel Mac OS X 10_15_7) AppleWebKit/537.36 (KHTML, like Gecko) Chrome/145.0.0.0 Safari/537.36"
94.130.90.54 - - [09/Mar/2026:20:28:29 +0100] "GET /wp-content/plugins/elementor/assets/js/app-loader.min.js?ver=3.35.6 HTTP/1.1" 200 93930 "https://reezone.inglory.de/product/7-zonen-matratze-bluemotion-180/" "Serf/1.3.9 (mod_pagespeed/1.13.35.2-0)"
94.130.90.54 - - [09/Mar/2026:20:28:29 +0100] "GET /wp-content/plugins/woocommerce/assets/js/frontend/single-product.min.js?ver=10.5.3 HTTP/1.1" 304 3383 "https://reezone.inglory.de/product/7-zonen-matratze-bluemotion-180/" "Serf/1.3.9 (mod_pagespeed/1.13.35.2-0)"
94.130.90.54 - - [09/Mar/2026:20:28:29 +0100] "GET /wp-content/plugins/woocommerce/assets/js/frontend/add-to-cart-variation.min.js?ver=10.5.3 HTTP/1.1" 304 3383 "https://reezone.inglory.de/product/7-zonen-matratze-bluemotion-180/" "Serf/1.3.9 (mod_pagespeed/1.13.35.2-0)"
94.130.90.54 - - [09/Mar/2026:20:28:29 +0100] "GET /wp-content/plugins/variation-swatches-woo/assets/js/swatches.js?ver=1.0.13 HTTP/1.1" 200 20059 "https://reezone.inglory.de/product/7-zonen-matratze-bluemotion-180/" "Serf/1.3.9 (mod_pagespeed/1.13.35.2-0)"
94.130.90.54 - - [09/Mar/2026:20:28:29 +0100] "GET /wp-content/plugins/elementor/assets/js/webpack.runtime.min.js?ver=3.35.6 HTTP/1.1" 304 3383 "https://reezone.inglory.de/product/7-zonen-matratze-bluemotion-180/" "Serf/1.3.9 (mod_pagespeed/1.13.35.2-0)"
94.130.90.54 - - [09/Mar/2026:20:28:29 +0100] "GET /wp-content/plugins/elementor/assets/js/frontend-modules.min.js?ver=3.35.6 HTTP/1.1" 304 3383 "https://reezone.inglory.de/product/7-zonen-matratze-bluemotion-180/" "Serf/1.3.9 (mod_pagespeed/1.13.35.2-0)"
94.130.90.54 - - [09/Mar/2026:20:28:29 +0100] "GET /wp-includes/js/mediaelement/mediaelement-and-player.min.js?ver=4.2.17 HTTP/1.1" 200 161822 "https://reezone.inglory.de/product/7-zonen-matratze-bluemotion-180/" "Serf/1.3.9 (mod_pagespeed/1.13.35.2-0)"
94.130.90.54 - - [09/Mar/2026:20:28:29 +0100] "GET /wp-includes/js/mediaelement/mediaelement-migrate.min.js?ver=6.9.1 HTTP/1.1" 200 4714 "https://reezone.inglory.de/product/7-zonen-matratze-bluemotion-180/" "Serf/1.3.9 (mod_pagespeed/1.13.35.2-0)"
94.130.90.54 - - [09/Mar/2026:20:28:29 +0100] "GET /wp-includes/js/imagesloaded.min.js?ver=5.0.0 HTTP/1.1" 200 9073 "https://reezone.inglory.de/product/7-zonen-matratze-bluemotion-180/" "Serf/1.3.9 (mod_pagespeed/1.13.35.2-0)"
94.130.90.54 - - [09/Mar/2026:20:28:29 +0100] "GET /wp-content/plugins/woocommerce/assets/js/sourcebuster/sourcebuster.min.js?ver=10.5.3 HTTP/1.1" 304 3383 "https://reezone.inglory.de/product/7-zonen-matratze-bluemotion-180/" "Serf/1.3.9 (mod_pagespeed/1.13.35.2-0)"
94.130.90.54 - - [09/Mar/2026:20:28:29 +0100] "GET /wp-includes/js/jquery/ui/progressbar.min.js?ver=1.13.3 HTTP/1.1" 304 3382 "https://reezone.inglory.de/product/7-zonen-matratze-bluemotion-180/" "Serf/1.3.9 (mod_pagespeed/1.13.35.2-0)"
94.130.90.54 - - [09/Mar/2026:20:28:29 +0100] "GET /wp-content/plugins/woocommerce/assets/js/selectWoo/selectWoo.full.min.js?ver=1.0.9-wc.10.5.3 HTTP/1.1" 304 3384 "https://reezone.inglory.de/product/7-zonen-matratze-bluemotion-180/" "Serf/1.3.9 (mod_pagespeed/1.13.35.2-0)"
94.130.90.54 - - [09/Mar/2026:20:28:29 +0100] "GET /wp-content/plugins/yith-woocommerce-product-add-ons/assets/js/front.min.js?ver=4.28.0 HTTP/1.1" 304 3383 "https://reezone.inglory.de/product/7-zonen-matratze-bluemotion-180/" "Serf/1.3.9 (mod_pagespeed/1.13.35.2-0)"
94.130.90.54 - - [09/Mar/2026:20:28:29 +0100] "GET /wp-content/plugins/jet-woo-product-gallery/assets/lib/swiper/swiper.min.js?ver=5.3.6 HTTP/1.1" 304 3384 "https://reezone.inglory.de/product/7-zonen-matratze-bluemotion-180/" "Serf/1.3.9 (mod_pagespeed/1.13.35.2-0)"
94.130.90.54 - - [09/Mar/2026:20:28:29 +0100] "GET /wp-content/plugins/jet-engine/assets/lib/jet-plugins/jet-plugins.js?ver=1.1.0 HTTP/1.1" 200 10087 "https://reezone.inglory.de/product/7-zonen-matratze-bluemotion-180/" "Serf/1.3.9 (mod_pagespeed/1.13.35.2-0)"
94.130.90.54 - - [09/Mar/2026:20:28:29 +0100] "GET /wp-content/plugins/jet-woo-product-gallery/assets/js/jet-woo-product-gallery.min.js?ver=2.2.6 HTTP/1.1" 200 21045 "https://reezone.inglory.de/product/7-zonen-matratze-bluemotion-180/" "Serf/1.3.9 (mod_pagespeed/1.13.35.2-0)"
94.130.90.54 - - [09/Mar/2026:20:28:29 +0100] "GET /wp-content/plugins/elementor-pro/assets/js/webpack-pro.runtime.min.js?ver=3.35.1 HTTP/1.1" 304 3383 "https://reezone.inglory.de/product/7-zonen-matratze-bluemotion-180/" "Serf/1.3.9 (mod_pagespeed/1.13.35.2-0)"
94.130.90.54 - - [09/Mar/2026:20:28:29 +0100] "GET /wp-content/plugins/elementor-pro/assets/js/frontend.min.js?ver=3.35.1 HTTP/1.1" 304 3383 "https://reezone.inglory.de/product/7-zonen-matratze-bluemotion-180/" "Serf/1.3.9 (mod_pagespeed/1.13.35.2-0)"
94.130.90.54 - - [09/Mar/2026:20:28:29 +0100] "GET /wp-content/plugins/elementor-pro/assets/js/elements-handlers.min.js?ver=3.35.1 HTTP/1.1" 304 3383 "https://reezone.inglory.de/product/7-zonen-matratze-bluemotion-180/" "Serf/1.3.9 (mod_pagespeed/1.13.35.2-0)"
94.130.90.54 - - [09/Mar/2026:20:28:29 +0100] "GET /wp-content/plugins/woocommerce/assets/css/photoswipe/photoswipe.min.css?ver=10.5.3 HTTP/1.1" 304 3382 "https://reezone.inglory.de/product/7-zonen-matratze-bluemotion-180/" "Serf/1.3.9 (mod_pagespeed/1.13.35.2-0)"
94.130.90.54 - - [09/Mar/2026:20:28:29 +0100] "GET /wp-content/plugins/woocommerce/assets/css/photoswipe/default-skin/default-skin.min.css?ver=10.5.3 HTTP/1.1" 304 3383 "https://reezone.inglory.de/product/7-zonen-matratze-bluemotion-180/" "Serf/1.3.9 (mod_pagespeed/1.13.35.2-0)"
94.130.90.54 - - [09/Mar/2026:20:28:29 +0100] "GET /wp-content/plugins/woocommerce/assets/css/woocommerce.css?ver=10.5.3 HTTP/1.1" 304 3384 "https://reezone.inglory.de/product/7-zonen-matratze-bluemotion-180/" "Serf/1.3.9 (mod_pagespeed/1.13.35.2-0)"
94.130.90.54 - - [09/Mar/2026:20:28:29 +0100] "GET /wp-includes/js/mediaelement/mediaelementplayer-legacy.min.css?ver=4.2.17 HTTP/1.1" 200 14796 "https://reezone.inglory.de/product/7-zonen-matratze-bluemotion-180/" "Serf/1.3.9 (mod_pagespeed/1.13.35.2-0)"
94.130.90.54 - - [09/Mar/2026:20:28:29 +0100] "GET /wp-content/uploads/elementor/css/post-415.css?ver=1772619372 HTTP/1.1" 200 30496 "https://reezone.inglory.de/product/7-zonen-matratze-bluemotion-180/" "Serf/1.3.9 (mod_pagespeed/1.13.35.2-0)"
94.130.90.54 - - [09/Mar/2026:20:28:29 +0100] "GET /wp-content/plugins/yith-woocommerce-product-add-ons/assets/css/front.css?ver=4.28.0 HTTP/1.1" 304 3383 "https://reezone.inglory.de/product/7-zonen-matratze-bluemotion-180/" "Serf/1.3.9 (mod_pagespeed/1.13.35.2-0)"
94.130.90.54 - - [09/Mar/2026:20:28:29 +0100] "GET /wp-content/uploads/elementor/css/post-677.css?ver=1772619373 HTTP/1.1" 200 22243 "https://reezone.inglory.de/product/7-zonen-matratze-bluemotion-180/" "Serf/1.3.9 (mod_pagespeed/1.13.35.2-0)"
94.130.90.54 - - [09/Mar/2026:20:28:29 +0100] "GET /wp-content/uploads/logo.svg HTTP/1.1" 200 8774 "https://reezone.inglory.de/product/7-zonen-matratze-bluemotion-180/" "Serf/1.3.9 (mod_pagespeed/1.13.35.2-0)"
94.130.90.54 - - [09/Mar/2026:20:28:29 +0100] "GET /wp-content/uploads/Frame-162-5.jpg HTTP/1.1" 200 227330 "https://reezone.inglory.de/product/7-zonen-matratze-bluemotion-180/" "Serf/1.3.9 (mod_pagespeed/1.13.35.2-0)"
94.130.90.54 - - [09/Mar/2026:20:28:29 +0100] "GET /wp-content/uploads/svgexport-1-2-1.svg HTTP/1.1" 200 13136 "https://reezone.inglory.de/product/7-zonen-matratze-bluemotion-180/" "Serf/1.3.9 (mod_pagespeed/1.13.35.2-0)"
94.130.90.54 - - [09/Mar/2026:20:28:29 +0100] "GET /wp-content/uploads/logo-1.svg HTTP/1.1" 200 9278 "https://reezone.inglory.de/product/7-zonen-matratze-bluemotion-180/" "Serf/1.3.9 (mod_pagespeed/1.13.35.2-0)"
94.130.90.54 - - [09/Mar/2026:20:28:29 +0100] "GET /wp-content/uploads/bg-1-1.jpg HTTP/1.1" 200 351315 "https://reezone.inglory.de/product/7-zonen-matratze-bluemotion-180/" "Serf/1.3.9 (mod_pagespeed/1.13.35.2-0)"
94.130.90.54 - - [09/Mar/2026:20:28:29 +0100] "GET /wp-includes/js/jquery/jquery.min.js?ver=3.7.1 HTTP/1.1" 304 3384 "https://reezone.inglory.de/product/7-zonen-matratze-bluemotion-180/" "Serf/1.3.9 (mod_pagespeed/1.13.35.2-0)"
94.130.90.54 - - [09/Mar/2026:20:28:29 +0100] "GET /wp-content/plugins/elementor/assets/js/web-cli.min.js?ver=3.35.6 HTTP/1.1" 200 174260 "https://reezone.inglory.de/product/7-zonen-matratze-bluemotion-180/" "Serf/1.3.9 (mod_pagespeed/1.13.35.2-0)"
94.130.90.54 - - [09/Mar/2026:20:28:29 +0100] "GET /wp-includes/js/dist/vendor/react.min.js?ver=18.3.1.1 HTTP/1.1" 200 14182 "https://reezone.inglory.de/product/7-zonen-matratze-bluemotion-180/" "Serf/1.3.9 (mod_pagespeed/1.13.35.2-0)"
94.130.90.54 - - [09/Mar/2026:20:28:29 +0100] "GET /wp-includes/js/dist/vendor/react-dom.min.js?ver=18.3.1.1 HTTP/1.1" 200 132705 "https://reezone.inglory.de/product/7-zonen-matratze-bluemotion-180/" "Serf/1.3.9 (mod_pagespeed/1.13.35.2-0)"
94.130.90.54 - - [09/Mar/2026:20:28:29 +0100] "GET /wp-content/plugins/elementor-pro/assets/js/notes/notes-app-initiator.min.js?ver=3.35.1 HTTP/1.1" 200 7110 "https://reezone.inglory.de/product/7-zonen-matratze-bluemotion-180/" "Serf/1.3.9 (mod_pagespeed/1.13.35.2-0)"
94.130.90.54 - - [09/Mar/2026:20:28:29 +0100] "GET /wp-content/plugins/elementor/assets/lib/backbone/backbone.radio.min.js?ver=1.0.4 HTTP/1.1" 200 7305 "https://reezone.inglory.de/product/7-zonen-matratze-bluemotion-180/" "Serf/1.3.9 (mod_pagespeed/1.13.35.2-0)"
94.130.90.54 - - [09/Mar/2026:20:28:29 +0100] "GET /wp-content/plugins/elementor/assets/js/common-modules.min.js?ver=3.35.6 HTTP/1.1" 200 113089 "https://reezone.inglory.de/product/7-zonen-matratze-bluemotion-180/" "Serf/1.3.9 (mod_pagespeed/1.13.35.2-0)"
94.130.90.54 - - [09/Mar/2026:20:28:29 +0100] "GET /wp-content/plugins/elementor/assets/lib/dialog/dialog.min.js?ver=4.9.4 HTTP/1.1" 200 15176 "https://reezone.inglory.de/product/7-zonen-matratze-bluemotion-180/" "Serf/1.3.9 (mod_pagespeed/1.13.35.2-0)"
94.130.90.54 - - [09/Mar/2026:20:28:29 +0100] "GET /wp-includes/js/jquery/ui/core.min.js?ver=1.13.3 HTTP/1.1" 304 3383 "https://reezone.inglory.de/product/7-zonen-matratze-bluemotion-180/" "Serf/1.3.9 (mod_pagespeed/1.13.35.2-0)"
94.130.90.54 - - [09/Mar/2026:20:28:29 +0100] "GET /wp-content/plugins/elementor/assets/js/frontend.min.js?ver=3.35.6 HTTP/1.1" 304 3383 "https://reezone.inglory.de/product/7-zonen-matratze-bluemotion-180/" "Serf/1.3.9 (mod_pagespeed/1.13.35.2-0)"
94.130.90.54 - - [09/Mar/2026:20:28:29 +0100] "GET /wp-content/plugins/woocommerce/assets/css/photoswipe/default-skin/default-skin.png HTTP/1.1" 304 3382 "https://reezone.inglory.de/product/7-zonen-matratze-bluemotion-180/" "Serf/1.3.9 (mod_pagespeed/1.13.35.2-0)"
94.130.90.54 - - [09/Mar/2026:20:28:29 +0100] "GET /wp-content/plugins/woocommerce/assets/css/photoswipe/default-skin/preloader.gif HTTP/1.1" 304 3382 "https://reezone.inglory.de/product/7-zonen-matratze-bluemotion-180/" "Serf/1.3.9 (mod_pagespeed/1.13.35.2-0)"
94.130.90.54 - - [09/Mar/2026:20:28:29 +0100] "GET /wp-content/plugins/woocommerce/assets/css/photoswipe/default-skin/default-skin.svg HTTP/1.1" 200 5045 "https://reezone.inglory.de/product/7-zonen-matratze-bluemotion-180/" "Serf/1.3.9 (mod_pagespeed/1.13.35.2-0)"
94.130.90.54 - - [09/Mar/2026:20:28:29 +0100] "GET /wp-content/plugins/woocommerce/assets/images/icons/loader.svg HTTP/1.1" 200 3647 "https://reezone.inglory.de/product/7-zonen-matratze-bluemotion-180/" "Serf/1.3.9 (mod_pagespeed/1.13.35.2-0)"
94.130.90.54 - - [09/Mar/2026:20:28:29 +0100] "GET /wp-content/plugins/woocommerce/assets/images/icons/credit-cards/visa.svg HTTP/1.1" 200 4850 "https://reezone.inglory.de/product/7-zonen-matratze-bluemotion-180/" "Serf/1.3.9 (mod_pagespeed/1.13.35.2-0)"
94.130.90.54 - - [09/Mar/2026:20:28:29 +0100] "GET /wp-content/plugins/woocommerce/assets/images/icons/credit-cards/mastercard.svg HTTP/1.1" 200 8155 "https://reezone.inglory.de/product/7-zonen-matratze-bluemotion-180/" "Serf/1.3.9 (mod_pagespeed/1.13.35.2-0)"
94.130.90.54 - - [09/Mar/2026:20:28:29 +0100] "GET /wp-content/plugins/woocommerce/assets/images/icons/credit-cards/laser.svg HTTP/1.1" 200 6630 "https://reezone.inglory.de/product/7-zonen-matratze-bluemotion-180/" "Serf/1.3.9 (mod_pagespeed/1.13.35.2-0)"
94.130.90.54 - - [09/Mar/2026:20:28:29 +0100] "GET /wp-content/plugins/woocommerce/assets/images/icons/credit-cards/diners.svg HTTP/1.1" 200 4294 "https://reezone.inglory.de/product/7-zonen-matratze-bluemotion-180/" "Serf/1.3.9 (mod_pagespeed/1.13.35.2-0)"
94.130.90.54 - - [09/Mar/2026:20:28:29 +0100] "GET /wp-content/plugins/woocommerce/assets/images/icons/credit-cards/maestro.svg HTTP/1.1" 200 10318 "https://reezone.inglory.de/product/7-zonen-matratze-bluemotion-180/" "Serf/1.3.9 (mod_pagespeed/1.13.35.2-0)"
94.130.90.54 - - [09/Mar/2026:20:28:29 +0100] "GET /wp-content/plugins/woocommerce/assets/images/icons/credit-cards/jcb.svg HTTP/1.1" 200 6320 "https://reezone.inglory.de/product/7-zonen-matratze-bluemotion-180/" "Serf/1.3.9 (mod_pagespeed/1.13.35.2-0)"
94.130.90.54 - - [09/Mar/2026:20:28:29 +0100] "GET /wp-content/plugins/woocommerce/assets/images/icons/credit-cards/amex.svg HTTP/1.1" 200 8183 "https://reezone.inglory.de/product/7-zonen-matratze-bluemotion-180/" "Serf/1.3.9 (mod_pagespeed/1.13.35.2-0)"
80.187.100.35 - - [09/Mar/2026:20:28:29 +0100] "GET /wp-content/plugins/elementor/assets/lib/dialog/dialog.min.js?ver=4.9.3 HTTP/1.0" 200 7910 "https://reezone.inglory.de/product/7-zonen-matratze-bluemotion-180/" "Mozilla/5.0 (Macintosh; Intel Mac OS X 10_15_7) AppleWebKit/537.36 (KHTML, like Gecko) Chrome/145.0.0.0 Safari/537.36"
94.130.90.54 - - [09/Mar/2026:20:28:29 +0100] "GET /wp-content/plugins/woocommerce/assets/images/icons/credit-cards/discover.svg HTTP/1.1" 200 5705 "https://reezone.inglory.de/product/7-zonen-matratze-bluemotion-180/" "Serf/1.3.9 (mod_pagespeed/1.13.35.2-0)"
94.130.90.54 - - [09/Mar/2026:20:28:29 +0100] "GET /wp-includes/js/mediaelement/mejs-controls.svg HTTP/1.1" 200 8119 "https://reezone.inglory.de/product/7-zonen-matratze-bluemotion-180/" "Serf/1.3.9 (mod_pagespeed/1.13.35.2-0)"
94.130.90.54 - - [09/Mar/2026:20:28:29 +0100] "GET /wp-content/uploads/icon.png HTTP/1.1" 200 6704 "https://reezone.inglory.de/product/7-zonen-matratze-bluemotion-180/" "Serf/1.3.9 (mod_pagespeed/1.13.35.2-0)"
94.130.90.54 - - [09/Mar/2026:20:28:29 +0100] "GET /wp-content/plugins/yith-woocommerce-product-add-ons/assets/img/icon-check.png HTTP/1.1" 304 3382 "https://reezone.inglory.de/product/7-zonen-matratze-bluemotion-180/" "Serf/1.3.9 (mod_pagespeed/1.13.35.2-0)"
80.187.100.35 - - [09/Mar/2026:20:28:29 +0100] "GET /wp-content/plugins/elementor/assets/lib/swiper/v8/css/swiper.min.css?ver=8.4.5 HTTP/1.0" 304 3914 "https://reezone.inglory.de/product/7-zonen-matratze-bluemotion-180/" "Mozilla/5.0 (Macintosh; Intel Mac OS X 10_15_7) AppleWebKit/537.36 (KHTML, like Gecko) Chrome/145.0.0.0 Safari/537.36"
80.187.100.35 - - [09/Mar/2026:20:28:29 +0100] "GET /wp-content/plugins/elementor/assets/css/conditionals/dialog.min.css?ver=3.35.6 HTTP/1.0" 200 5648 "https://reezone.inglory.de/product/7-zonen-matratze-bluemotion-180/" "Mozilla/5.0 (Macintosh; Intel Mac OS X 10_15_7) AppleWebKit/537.36 (KHTML, like Gecko) Chrome/145.0.0.0 Safari/537.36"
80.187.100.35 - - [09/Mar/2026:20:28:29 +0100] "GET /wp-content/plugins/elementor/assets/js/397f2d183c19202777d6.bundle.min.js HTTP/1.0" 200 12935 "https://reezone.inglory.de/product/7-zonen-matratze-bluemotion-180/" "Mozilla/5.0 (Macintosh; Intel Mac OS X 10_15_7) AppleWebKit/537.36 (KHTML, like Gecko) Chrome/145.0.0.0 Safari/537.36"
80.187.100.35 - - [09/Mar/2026:20:28:29 +0100] "GET /wp-content/plugins/elementor/assets/js/lightbox.570c05c5a283cfb6b223.bundle.min.js HTTP/1.0" 200 13763 "https://reezone.inglory.de/product/7-zonen-matratze-bluemotion-180/" "Mozilla/5.0 (Macintosh; Intel Mac OS X 10_15_7) AppleWebKit/537.36 (KHTML, like Gecko) Chrome/145.0.0.0 Safari/537.36"
80.187.100.35 - - [09/Mar/2026:20:28:29 +0100] "GET /wp-content/plugins/elementor/assets/css/conditionals/lightbox.min.css?ver=3.35.6 HTTP/1.0" 200 6077 "https://reezone.inglory.de/product/7-zonen-matratze-bluemotion-180/" "Mozilla/5.0 (Macintosh; Intel Mac OS X 10_15_7) AppleWebKit/537.36 (KHTML, like Gecko) Chrome/145.0.0.0 Safari/537.36"
94.130.90.54 - - [09/Mar/2026:20:28:29 +0100] "GET /wp-content/plugins/yith-woocommerce-product-add-ons/assets/img/check.svg HTTP/1.1" 200 4116 "https://reezone.inglory.de/product/7-zonen-matratze-bluemotion-180/" "Serf/1.3.9 (mod_pagespeed/1.13.35.2-0)"
80.187.100.35 - - [09/Mar/2026:20:28:29 +0100] "GET /wp-content/plugins/elementor/assets/lib/share-link/share-link.min.js?ver=3.35.6 HTTP/1.0" 200 5252 "https://reezone.inglory.de/product/7-zonen-matratze-bluemotion-180/" "Mozilla/5.0 (Macintosh; Intel Mac OS X 10_15_7) AppleWebKit/537.36 (KHTML, like Gecko) Chrome/145.0.0.0 Safari/537.36"
94.130.90.54 - - [09/Mar/2026:20:28:29 +0100] "GET /wp-content/uploads/img-5-1.jpg HTTP/1.1" 200 89055 "https://reezone.inglory.de/product/7-zonen-matratze-bluemotion-180/" "Serf/1.3.9 (mod_pagespeed/1.13.35.2-0)"
94.130.90.54 - - [09/Mar/2026:20:28:29 +0100] "GET /wp-content/uploads/img-1-3.jpg HTTP/1.1" 200 143515 "https://reezone.inglory.de/product/7-zonen-matratze-bluemotion-180/" "Serf/1.3.9 (mod_pagespeed/1.13.35.2-0)"
80.187.100.35 - - [09/Mar/2026:20:28:29 +0100] "GET /wp-content/plugins/elementor/assets/js/shared-frontend-handlers.03caa53373b56d3bab67.bundle.min.js HTTP/1.0" 200 6772 "https://reezone.inglory.de/product/7-zonen-matratze-bluemotion-180/" "Mozilla/5.0 (Macintosh; Intel Mac OS X 10_15_7) AppleWebKit/537.36 (KHTML, like Gecko) Chrome/145.0.0.0 Safari/537.36"
80.187.100.35 - - [09/Mar/2026:20:28:29 +0100] "GET /wp-content/plugins/elementor/assets/js/text-editor.45609661e409413f1cef.bundle.min.js HTTP/1.0" 200 4730 "https://reezone.inglory.de/product/7-zonen-matratze-bluemotion-180/" "Mozilla/5.0 (Macintosh; Intel Mac OS X 10_15_7) AppleWebKit/537.36 (KHTML, like Gecko) Chrome/145.0.0.0 Safari/537.36"
80.187.100.35 - - [09/Mar/2026:20:28:29 +0100] "GET /wp-content/plugins/elementor/assets/js/nested-accordion.294d40984397351fd0f5.bundle.min.js HTTP/1.0" 200 7004 "https://reezone.inglory.de/product/7-zonen-matratze-bluemotion-180/" "Mozilla/5.0 (Macintosh; Intel Mac OS X 10_15_7) AppleWebKit/537.36 (KHTML, like Gecko) Chrome/145.0.0.0 Safari/537.36"
80.187.100.35 - - [09/Mar/2026:20:28:29 +0100] "GET /wp-content/plugins/elementor/assets/lib/font-awesome/webfonts/fa-solid-900.woff2 HTTP/1.0" 304 3915 "https://reezone.inglory.de/wp-content/plugins/elementor/assets/lib/font-awesome/css/solid.min.css?ver=5.15.3" "Mozilla/5.0 (Macintosh; Intel Mac OS X 10_15_7) AppleWebKit/537.36 (KHTML, like Gecko) Chrome/145.0.0.0 Safari/537.36"
80.187.100.35 - - [09/Mar/2026:20:28:29 +0100] "GET /wp-content/uploads/Frame-162-4.jpg HTTP/1.0" 304 3915 "https://reezone.inglory.de/product/7-zonen-matratze-bluemotion-180/" "Mozilla/5.0 (Macintosh; Intel Mac OS X 10_15_7) AppleWebKit/537.36 (KHTML, like Gecko) Chrome/145.0.0.0 Safari/537.36"
80.187.100.35 - - [09/Mar/2026:20:28:29 +0100] "GET /wp-content/uploads/Frame-162-1-1-Kopie.jpg HTTP/1.0" 304 3915 "https://reezone.inglory.de/product/7-zonen-matratze-bluemotion-180/" "Mozilla/5.0 (Macintosh; Intel Mac OS X 10_15_7) AppleWebKit/537.36 (KHTML, like Gecko) Chrome/145.0.0.0 Safari/537.36"
80.187.100.35 - - [09/Mar/2026:20:28:30 +0100] "POST /mod_pagespeed_beacon?url=https%3A%2F%2Freezone.inglory.de%2Fproduct%2F7-zonen-matratze-bluemotion-180%2F HTTP/1.0" 204 3892 "https://reezone.inglory.de/product/7-zonen-matratze-bluemotion-180/" "Mozilla/5.0 (Macintosh; Intel Mac OS X 10_15_7) AppleWebKit/537.36 (KHTML, like Gecko) Chrome/145.0.0.0 Safari/537.36"
80.187.100.35 - - [09/Mar/2026:20:28:29 +0100] "POST /?wc-ajax=get_refreshed_fragments HTTP/1.0" 200 7513 "https://reezone.inglory.de/product/7-zonen-matratze-bluemotion-180/" "Mozilla/5.0 (Macintosh; Intel Mac OS X 10_15_7) AppleWebKit/537.36 (KHTML, like Gecko) Chrome/145.0.0.0 Safari/537.36"
80.187.100.35 - - [09/Mar/2026:20:28:29 +0100] "POST /wp-admin/admin-ajax.php HTTP/1.0" 200 4804 "https://reezone.inglory.de/product/7-zonen-matratze-bluemotion-180/" "Mozilla/5.0 (Macintosh; Intel Mac OS X 10_15_7) AppleWebKit/537.36 (KHTML, like Gecko) Chrome/145.0.0.0 Safari/537.36"
