103.164.254.165 - - [09/Mar/2026:06:42:55 +0100] "POST /mod_pagespeed_beacon?url=https%3A%2F%2Freezone.inglory.de%2F HTTP/1.0" 204 3892 "https://reezone.inglory.de/" "Mozilla/5.0 (Macintosh; Intel Mac OS X 10_15_7) AppleWebKit/537.36 (KHTML, like Gecko) Chrome/145.0.0.0 Safari/537.36"
103.164.254.165 - - [09/Mar/2026:06:43:06 +0100] "POST /wp-admin/admin-ajax.php HTTP/1.0" 200 4362 "https://reezone.inglory.de/wp-admin/" "Mozilla/5.0 (Macintosh; Intel Mac OS X 10_15_7) AppleWebKit/537.36 (KHTML, like Gecko) Chrome/145.0.0.0 Safari/537.36"
103.164.254.165 - - [09/Mar/2026:06:43:09 +0100] "GET /wp-admin/edit.php?post_type=elementor_font HTTP/1.0" 200 74197 "https://reezone.inglory.de/wp-admin/" "Mozilla/5.0 (Macintosh; Intel Mac OS X 10_15_7) AppleWebKit/537.36 (KHTML, like Gecko) Chrome/145.0.0.0 Safari/537.36"
103.164.254.165 - - [09/Mar/2026:06:43:10 +0100] "GET /wp-content/plugins/elementor/assets/css/modules/editor-one/sidebar-navigation.min.css?ver=3.35.6 HTTP/1.0" 200 4687 "https://reezone.inglory.de/wp-admin/edit.php?post_type=elementor_font" "Mozilla/5.0 (Macintosh; Intel Mac OS X 10_15_7) AppleWebKit/537.36 (KHTML, like Gecko) Chrome/145.0.0.0 Safari/537.36"
103.164.254.165 - - [09/Mar/2026:06:43:10 +0100] "GET /wp-content/plugins/elementor/assets/css/editor-one-elements.min.css?ver=3.35.6 HTTP/1.0" 200 4805 "https://reezone.inglory.de/wp-admin/edit.php?post_type=elementor_font" "Mozilla/5.0 (Macintosh; Intel Mac OS X 10_15_7) AppleWebKit/537.36 (KHTML, like Gecko) Chrome/145.0.0.0 Safari/537.36"
103.164.254.165 - - [09/Mar/2026:06:43:10 +0100] "GET /wp-content/plugins/elementor/assets/css/modules/editor-one/top-bar.min.css?ver=3.35.6 HTTP/1.0" 200 4476 "https://reezone.inglory.de/wp-admin/edit.php?post_type=elementor_font" "Mozilla/5.0 (Macintosh; Intel Mac OS X 10_15_7) AppleWebKit/537.36 (KHTML, like Gecko) Chrome/145.0.0.0 Safari/537.36"
103.164.254.165 - - [09/Mar/2026:06:43:10 +0100] "GET /wp-content/plugins/elementor/assets/css/editor-one-common.min.css?ver=3.35.6 HTTP/1.0" 200 7853 "https://reezone.inglory.de/wp-admin/edit.php?post_type=elementor_font" "Mozilla/5.0 (Macintosh; Intel Mac OS X 10_15_7) AppleWebKit/537.36 (KHTML, like Gecko) Chrome/145.0.0.0 Safari/537.36"
103.164.254.165 - - [09/Mar/2026:06:43:10 +0100] "GET /wp-content/plugins/elementor/assets/css/editor-one-tables.min.css?ver=3.35.6 HTTP/1.0" 200 5574 "https://reezone.inglory.de/wp-admin/edit.php?post_type=elementor_font" "Mozilla/5.0 (Macintosh; Intel Mac OS X 10_15_7) AppleWebKit/537.36 (KHTML, like Gecko) Chrome/145.0.0.0 Safari/537.36"
103.164.254.165 - - [09/Mar/2026:06:43:10 +0100] "GET /wp-admin/load-styles.php?c=0&dir=ltr&load%5Bchunk_0%5D=dashicons,admin-bar,common,forms,admin-menu,dashboard,list-tables,edit,revisions,media,themes,about,nav-menus,wp-pointer,widgets&load%5Bchunk_1%5D=,site-icon,l10n,buttons,wp-auth-check,wp-components,wp-commands,wp-jquery-ui-dialog&ver=6.9.1 HTTP/1.0" 200 124882 "https://reezone.inglory.de/wp-admin/edit.php?post_type=elementor_font" "Mozilla/5.0 (Macintosh; Intel Mac OS X 10_15_7) AppleWebKit/537.36 (KHTML, like Gecko) Chrome/145.0.0.0 Safari/537.36"
103.164.254.165 - - [09/Mar/2026:06:43:11 +0100] "GET /wp-includes/js/jquery/ui/menu.min.js?ver=1.13.3 HTTP/1.0" 200 7186 "https://reezone.inglory.de/wp-admin/edit.php?post_type=elementor_font" "Mozilla/5.0 (Macintosh; Intel Mac OS X 10_15_7) AppleWebKit/537.36 (KHTML, like Gecko) Chrome/145.0.0.0 Safari/537.36"
103.164.254.165 - - [09/Mar/2026:06:43:11 +0100] "GET /wp-includes/js/jquery/ui/autocomplete.min.js?ver=1.13.3 HTTP/1.0" 200 7033 "https://reezone.inglory.de/wp-admin/edit.php?post_type=elementor_font" "Mozilla/5.0 (Macintosh; Intel Mac OS X 10_15_7) AppleWebKit/537.36 (KHTML, like Gecko) Chrome/145.0.0.0 Safari/537.36"
103.164.254.165 - - [09/Mar/2026:06:43:13 +0100] "GET /wp-admin/js/tags-suggest.min.js?ver=6.9.1 HTTP/1.0" 200 5140 "https://reezone.inglory.de/wp-admin/edit.php?post_type=elementor_font" "Mozilla/5.0 (Macintosh; Intel Mac OS X 10_15_7) AppleWebKit/537.36 (KHTML, like Gecko) Chrome/145.0.0.0 Safari/537.36"
103.164.254.165 - - [09/Mar/2026:06:43:13 +0100] "GET /wp-admin/js/inline-edit-post.min.js?ver=6.9.1 HTTP/1.0" 200 7408 "https://reezone.inglory.de/wp-admin/edit.php?post_type=elementor_font" "Mozilla/5.0 (Macintosh; Intel Mac OS X 10_15_7) AppleWebKit/537.36 (KHTML, like Gecko) Chrome/145.0.0.0 Safari/537.36"
103.164.254.165 - - [09/Mar/2026:06:43:13 +0100] "GET /wp-content/plugins/elementor/assets/js/editor-one-admin.min.js?ver=3.35.6 HTTP/1.0" 200 4310 "https://reezone.inglory.de/wp-admin/edit.php?post_type=elementor_font" "Mozilla/5.0 (Macintosh; Intel Mac OS X 10_15_7) AppleWebKit/537.36 (KHTML, like Gecko) Chrome/145.0.0.0 Safari/537.36"
103.164.254.165 - - [09/Mar/2026:06:43:13 +0100] "GET /wp-content/plugins/elementor/assets/js/editor-one-sidebar-navigation.min.js?ver=3.35.6 HTTP/1.0" 200 17998 "https://reezone.inglory.de/wp-admin/edit.php?post_type=elementor_font" "Mozilla/5.0 (Macintosh; Intel Mac OS X 10_15_7) AppleWebKit/537.36 (KHTML, like Gecko) Chrome/145.0.0.0 Safari/537.36"
103.164.254.165 - - [09/Mar/2026:06:43:13 +0100] "GET /wp-content/plugins/elementor/assets/js/packages/ui/ui.min.js?ver=3.35.6 HTTP/1.0" 200 267722 "https://reezone.inglory.de/wp-admin/edit.php?post_type=elementor_font" "Mozilla/5.0 (Macintosh; Intel Mac OS X 10_15_7) AppleWebKit/537.36 (KHTML, like Gecko) Chrome/145.0.0.0 Safari/537.36"
103.164.254.165 - - [09/Mar/2026:06:43:13 +0100] "GET /wp-content/plugins/elementor/assets/js/packages/icons/icons.min.js?ver=3.35.6 HTTP/1.0" 200 118263 "https://reezone.inglory.de/wp-admin/edit.php?post_type=elementor_font" "Mozilla/5.0 (Macintosh; Intel Mac OS X 10_15_7) AppleWebKit/537.36 (KHTML, like Gecko) Chrome/145.0.0.0 Safari/537.36"
103.164.254.165 - - [09/Mar/2026:06:43:13 +0100] "GET /wp-content/plugins/elementor/assets/js/editor-one-top-bar.min.js?ver=3.35.6 HTTP/1.0" 200 228462 "https://reezone.inglory.de/wp-admin/edit.php?post_type=elementor_font" "Mozilla/5.0 (Macintosh; Intel Mac OS X 10_15_7) AppleWebKit/537.36 (KHTML, like Gecko) Chrome/145.0.0.0 Safari/537.36"
103.164.254.165 - - [09/Mar/2026:06:43:18 +0100] "GET /wp-content/plugins/elementor/assets/js/3c838288a9b7ddd2aea4.bundle.min.js HTTP/1.0" 200 4454 "https://reezone.inglory.de/wp-admin/edit.php?post_type=elementor_font" "Mozilla/5.0 (Macintosh; Intel Mac OS X 10_15_7) AppleWebKit/537.36 (KHTML, like Gecko) Chrome/145.0.0.0 Safari/537.36"
103.164.254.165 - - [09/Mar/2026:06:43:18 +0100] "GET /wp-content/plugins/elementor/assets/js/7a8c6c081d659e35d7d2.bundle.min.js HTTP/1.0" 200 6417 "https://reezone.inglory.de/wp-admin/edit.php?post_type=elementor_font" "Mozilla/5.0 (Macintosh; Intel Mac OS X 10_15_7) AppleWebKit/537.36 (KHTML, like Gecko) Chrome/145.0.0.0 Safari/537.36"
103.164.254.165 - - [09/Mar/2026:06:43:18 +0100] "GET /wp-content/plugins/elementor/assets/js/bb708343060feb5c4a5d.bundle.min.js HTTP/1.0" 200 4745 "https://reezone.inglory.de/wp-admin/edit.php?post_type=elementor_font" "Mozilla/5.0 (Macintosh; Intel Mac OS X 10_15_7) AppleWebKit/537.36 (KHTML, like Gecko) Chrome/145.0.0.0 Safari/537.36"
103.164.254.165 - - [09/Mar/2026:06:43:18 +0100] "POST /wp-admin/admin-ajax.php HTTP/1.0" 200 4362 "https://reezone.inglory.de/wp-admin/edit.php?post_type=elementor_font" "Mozilla/5.0 (Macintosh; Intel Mac OS X 10_15_7) AppleWebKit/537.36 (KHTML, like Gecko) Chrome/145.0.0.0 Safari/537.36"
103.164.254.165 - - [09/Mar/2026:06:43:18 +0100] "GET /wp-json/elementor-one/v1/settings?sb_time=1773034998592&_locale=user HTTP/1.0" 200 4748 "https://reezone.inglory.de/wp-admin/edit.php?post_type=elementor_font" "Mozilla/5.0 (Macintosh; Intel Mac OS X 10_15_7) AppleWebKit/537.36 (KHTML, like Gecko) Chrome/145.0.0.0 Safari/537.36"
103.164.254.165 - - [09/Mar/2026:06:43:28 +0100] "POST /wp-admin/admin-ajax.php HTTP/1.0" 200 4362 "https://reezone.inglory.de/wp-admin/edit.php?post_type=elementor_font" "Mozilla/5.0 (Macintosh; Intel Mac OS X 10_15_7) AppleWebKit/537.36 (KHTML, like Gecko) Chrome/145.0.0.0 Safari/537.36"
94.130.90.54 - - [09/Mar/2026:06:43:39 +0100] "POST /wp-cron.php?doing_wp_cron=1773035019.0101029872894287109375 HTTP/1.0" 200 4062 "-" "WordPress/6.9.1; https://reezone.inglory.de"
103.164.254.165 - - [09/Mar/2026:06:43:38 +0100] "POST /wp-admin/admin-ajax.php HTTP/1.0" 200 4362 "https://reezone.inglory.de/wp-admin/edit.php?post_type=elementor_font" "Mozilla/5.0 (Macintosh; Intel Mac OS X 10_15_7) AppleWebKit/537.36 (KHTML, like Gecko) Chrome/145.0.0.0 Safari/537.36"
103.164.254.165 - - [09/Mar/2026:06:43:48 +0100] "POST /wp-admin/admin-ajax.php HTTP/1.0" 200 4362 "https://reezone.inglory.de/wp-admin/edit.php?post_type=elementor_font" "Mozilla/5.0 (Macintosh; Intel Mac OS X 10_15_7) AppleWebKit/537.36 (KHTML, like Gecko) Chrome/145.0.0.0 Safari/537.36"
103.164.254.165 - - [09/Mar/2026:06:43:58 +0100] "POST /wp-admin/admin-ajax.php HTTP/1.0" 200 4362 "https://reezone.inglory.de/wp-admin/edit.php?post_type=elementor_font" "Mozilla/5.0 (Macintosh; Intel Mac OS X 10_15_7) AppleWebKit/537.36 (KHTML, like Gecko) Chrome/145.0.0.0 Safari/537.36"
103.164.254.165 - - [09/Mar/2026:06:44:08 +0100] "POST /wp-admin/admin-ajax.php HTTP/1.0" 200 4362 "https://reezone.inglory.de/wp-admin/edit.php?post_type=elementor_font" "Mozilla/5.0 (Macintosh; Intel Mac OS X 10_15_7) AppleWebKit/537.36 (KHTML, like Gecko) Chrome/145.0.0.0 Safari/537.36"
103.164.254.165 - - [09/Mar/2026:06:44:14 +0100] "GET /wp-admin/edit.php?post_type=elementor_snippet HTTP/1.0" 200 77693 "https://reezone.inglory.de/wp-admin/edit.php?post_type=elementor_font" "Mozilla/5.0 (Macintosh; Intel Mac OS X 10_15_7) AppleWebKit/537.36 (KHTML, like Gecko) Chrome/145.0.0.0 Safari/537.36"
103.164.254.165 - - [09/Mar/2026:06:44:16 +0100] "POST /wp-admin/admin-ajax.php HTTP/1.0" 200 4362 "https://reezone.inglory.de/wp-admin/edit.php?post_type=elementor_snippet" "Mozilla/5.0 (Macintosh; Intel Mac OS X 10_15_7) AppleWebKit/537.36 (KHTML, like Gecko) Chrome/145.0.0.0 Safari/537.36"
103.164.254.165 - - [09/Mar/2026:06:44:16 +0100] "GET /wp-json/elementor-one/v1/settings?sb_time=1773035056378&_locale=user HTTP/1.0" 200 4748 "https://reezone.inglory.de/wp-admin/edit.php?post_type=elementor_snippet" "Mozilla/5.0 (Macintosh; Intel Mac OS X 10_15_7) AppleWebKit/537.36 (KHTML, like Gecko) Chrome/145.0.0.0 Safari/537.36"
103.164.254.165 - - [09/Mar/2026:06:44:26 +0100] "POST /wp-admin/admin-ajax.php HTTP/1.0" 200 4362 "https://reezone.inglory.de/wp-admin/edit.php?post_type=elementor_snippet" "Mozilla/5.0 (Macintosh; Intel Mac OS X 10_15_7) AppleWebKit/537.36 (KHTML, like Gecko) Chrome/145.0.0.0 Safari/537.36"
94.130.90.54 - - [09/Mar/2026:06:44:37 +0100] "POST /wp-cron.php?doing_wp_cron=1773035077.3273448944091796875000 HTTP/1.0" 200 4062 "-" "WordPress/6.9.1; https://reezone.inglory.de"
103.164.254.165 - - [09/Mar/2026:06:44:36 +0100] "POST /wp-admin/admin-ajax.php HTTP/1.0" 200 4362 "https://reezone.inglory.de/wp-admin/edit.php?post_type=elementor_snippet" "Mozilla/5.0 (Macintosh; Intel Mac OS X 10_15_7) AppleWebKit/537.36 (KHTML, like Gecko) Chrome/145.0.0.0 Safari/537.36"
103.164.254.165 - - [09/Mar/2026:06:44:46 +0100] "POST /wp-admin/admin-ajax.php HTTP/1.0" 200 4362 "https://reezone.inglory.de/wp-admin/edit.php?post_type=elementor_snippet" "Mozilla/5.0 (Macintosh; Intel Mac OS X 10_15_7) AppleWebKit/537.36 (KHTML, like Gecko) Chrome/145.0.0.0 Safari/537.36"
103.164.254.165 - - [09/Mar/2026:06:44:49 +0100] "GET /wp-admin/post.php?post=51&action=edit HTTP/1.0" 200 80515 "https://reezone.inglory.de/wp-admin/edit.php?post_type=elementor_snippet" "Mozilla/5.0 (Macintosh; Intel Mac OS X 10_15_7) AppleWebKit/537.36 (KHTML, like Gecko) Chrome/145.0.0.0 Safari/537.36"
103.164.254.165 - - [09/Mar/2026:06:44:50 +0100] "GET /wp-content/plugins/elementor/assets/lib/e-select2/css/e-select2.min.css?ver=4.0.6-rc.1 HTTP/1.0" 200 6073 "https://reezone.inglory.de/wp-admin/post.php?post=51&action=edit" "Mozilla/5.0 (Macintosh; Intel Mac OS X 10_15_7) AppleWebKit/537.36 (KHTML, like Gecko) Chrome/145.0.0.0 Safari/537.36"
103.164.254.165 - - [09/Mar/2026:06:44:50 +0100] "GET /wp-content/plugins/elementor/assets/css/app-base.min.css?ver=3.35.6 HTTP/1.0" 200 4418 "https://reezone.inglory.de/wp-admin/post.php?post=51&action=edit" "Mozilla/5.0 (Macintosh; Intel Mac OS X 10_15_7) AppleWebKit/537.36 (KHTML, like Gecko) Chrome/145.0.0.0 Safari/537.36"
103.164.254.165 - - [09/Mar/2026:06:44:50 +0100] "GET /wp-content/plugins/elementor-pro/assets/css/modules/custom-code.min.css?ver=3.35.1 HTTP/1.0" 200 11482 "https://reezone.inglory.de/wp-admin/post.php?post=51&action=edit" "Mozilla/5.0 (Macintosh; Intel Mac OS X 10_15_7) AppleWebKit/537.36 (KHTML, like Gecko) Chrome/145.0.0.0 Safari/537.36"
103.164.254.165 - - [09/Mar/2026:06:44:50 +0100] "GET /wp-admin/load-styles.php?c=0&dir=ltr&load%5Bchunk_0%5D=code-editor&ver=6.9.1 HTTP/1.0" 200 4617 "https://reezone.inglory.de/wp-admin/post.php?post=51&action=edit" "Mozilla/5.0 (Macintosh; Intel Mac OS X 10_15_7) AppleWebKit/537.36 (KHTML, like Gecko) Chrome/145.0.0.0 Safari/537.36"
103.164.254.165 - - [09/Mar/2026:06:44:51 +0100] "GET /wp-includes/js/codemirror/codemirror.min.css?ver=5.29.1-alpha-ee20357 HTTP/1.0" 200 8446 "https://reezone.inglory.de/wp-admin/post.php?post=51&action=edit" "Mozilla/5.0 (Macintosh; Intel Mac OS X 10_15_7) AppleWebKit/537.36 (KHTML, like Gecko) Chrome/145.0.0.0 Safari/537.36"
103.164.254.165 - - [09/Mar/2026:06:44:51 +0100] "GET /wp-includes/js/autosave.min.js?ver=6.9.1 HTTP/1.0" 200 6421 "https://reezone.inglory.de/wp-admin/post.php?post=51&action=edit" "Mozilla/5.0 (Macintosh; Intel Mac OS X 10_15_7) AppleWebKit/537.36 (KHTML, like Gecko) Chrome/145.0.0.0 Safari/537.36"
103.164.254.165 - - [09/Mar/2026:06:44:51 +0100] "GET /wp-includes/js/jquery/suggest.min.js?ver=1.1-20110113 HTTP/1.0" 200 5423 "https://reezone.inglory.de/wp-admin/post.php?post=51&action=edit" "Mozilla/5.0 (Macintosh; Intel Mac OS X 10_15_7) AppleWebKit/537.36 (KHTML, like Gecko) Chrome/145.0.0.0 Safari/537.36"
103.164.254.165 - - [09/Mar/2026:06:44:51 +0100] "GET /wp-admin/js/tags-box.min.js?ver=6.9.1 HTTP/1.0" 200 5363 "https://reezone.inglory.de/wp-admin/post.php?post=51&action=edit" "Mozilla/5.0 (Macintosh; Intel Mac OS X 10_15_7) AppleWebKit/537.36 (KHTML, like Gecko) Chrome/145.0.0.0 Safari/537.36"
103.164.254.165 - - [09/Mar/2026:06:44:51 +0100] "GET /wp-admin/js/word-count.min.js?ver=6.9.1 HTTP/1.0" 200 4738 "https://reezone.inglory.de/wp-admin/post.php?post=51&action=edit" "Mozilla/5.0 (Macintosh; Intel Mac OS X 10_15_7) AppleWebKit/537.36 (KHTML, like Gecko) Chrome/145.0.0.0 Safari/537.36"
103.164.254.165 - - [09/Mar/2026:06:44:51 +0100] "GET /wp-admin/js/post.min.js?ver=6.9.1 HTTP/1.0" 200 10309 "https://reezone.inglory.de/wp-admin/post.php?post=51&action=edit" "Mozilla/5.0 (Macintosh; Intel Mac OS X 10_15_7) AppleWebKit/537.36 (KHTML, like Gecko) Chrome/145.0.0.0 Safari/537.36"
103.164.254.165 - - [09/Mar/2026:06:44:51 +0100] "GET /wp-content/plugins/elementor/assets/lib/tipsy/tipsy.min.js?ver=1.0.0 HTTP/1.0" 200 5794 "https://reezone.inglory.de/wp-admin/post.php?post=51&action=edit" "Mozilla/5.0 (Macintosh; Intel Mac OS X 10_15_7) AppleWebKit/537.36 (KHTML, like Gecko) Chrome/145.0.0.0 Safari/537.36"
103.164.254.165 - - [09/Mar/2026:06:44:51 +0100] "GET /wp-content/plugins/elementor-pro/assets/js/custom-code.min.js?ver=3.35.1 HTTP/1.0" 200 11558 "https://reezone.inglory.de/wp-admin/post.php?post=51&action=edit" "Mozilla/5.0 (Macintosh; Intel Mac OS X 10_15_7) AppleWebKit/537.36 (KHTML, like Gecko) Chrome/145.0.0.0 Safari/537.36"
103.164.254.165 - - [09/Mar/2026:06:44:51 +0100] "GET /wp-includes/js/codemirror/htmlhint.js?ver=0.9.14-xwp HTTP/1.0" 200 9832 "https://reezone.inglory.de/wp-admin/post.php?post=51&action=edit" "Mozilla/5.0 (Macintosh; Intel Mac OS X 10_15_7) AppleWebKit/537.36 (KHTML, like Gecko) Chrome/145.0.0.0 Safari/537.36"
103.164.254.165 - - [09/Mar/2026:06:44:51 +0100] "GET /wp-admin/js/code-editor.min.js?ver=6.9.1 HTTP/1.0" 200 5355 "https://reezone.inglory.de/wp-admin/post.php?post=51&action=edit" "Mozilla/5.0 (Macintosh; Intel Mac OS X 10_15_7) AppleWebKit/537.36 (KHTML, like Gecko) Chrome/145.0.0.0 Safari/537.36"
103.164.254.165 - - [09/Mar/2026:06:44:51 +0100] "GET /wp-admin/images/spinner-2x.gif HTTP/1.0" 200 11549 "https://reezone.inglory.de/wp-admin/post.php?post=51&action=edit" "Mozilla/5.0 (Macintosh; Intel Mac OS X 10_15_7) AppleWebKit/537.36 (KHTML, like Gecko) Chrome/145.0.0.0 Safari/537.36"
103.164.254.165 - - [09/Mar/2026:06:44:51 +0100] "GET /wp-content/plugins/woocommerce/assets/js/select2/select2.full.min.js?ver=4.0.3 HTTP/1.0" 200 25252 "https://reezone.inglory.de/wp-admin/post.php?post=51&action=edit" "Mozilla/5.0 (Macintosh; Intel Mac OS X 10_15_7) AppleWebKit/537.36 (KHTML, like Gecko) Chrome/145.0.0.0 Safari/537.36"
103.164.254.165 - - [09/Mar/2026:06:44:51 +0100] "GET /wp-content/plugins/elementor/assets/js/app-packages.min.js?ver=3.35.6 HTTP/1.0" 200 35886 "https://reezone.inglory.de/wp-admin/post.php?post=51&action=edit" "Mozilla/5.0 (Macintosh; Intel Mac OS X 10_15_7) AppleWebKit/537.36 (KHTML, like Gecko) Chrome/145.0.0.0 Safari/537.36"
103.164.254.165 - - [09/Mar/2026:06:44:51 +0100] "GET /wp-admin/images/spinner.gif HTTP/1.0" 200 7668 "https://reezone.inglory.de/wp-admin/load-styles.php?c=0&dir=ltr&load%5Bchunk_0%5D=dashicons,admin-bar,common,forms,admin-menu,dashboard,list-tables,edit,revisions,media,themes,about,nav-menus,wp-pointer,widgets&load%5Bchunk_1%5D=,site-icon,l10n,buttons,wp-auth-check,wp-components,wp-commands,wp-jquery-ui-dialog&ver=6.9.1" "Mozilla/5.0 (Macintosh; Intel Mac OS X 10_15_7) AppleWebKit/537.36 (KHTML, like Gecko) Chrome/145.0.0.0 Safari/537.36"
103.164.254.165 - - [09/Mar/2026:06:44:51 +0100] "GET /wp-content/plugins/elementor/assets/js/ai-admin.min.js?ver=3.35.6 HTTP/1.0" 200 171019 "https://reezone.inglory.de/wp-admin/post.php?post=51&action=edit" "Mozilla/5.0 (Macintosh; Intel Mac OS X 10_15_7) AppleWebKit/537.36 (KHTML, like Gecko) Chrome/145.0.0.0 Safari/537.36"
103.164.254.165 - - [09/Mar/2026:06:44:51 +0100] "GET /wp-includes/js/codemirror/csslint.js?ver=1.0.5 HTTP/1.0" 200 71182 "https://reezone.inglory.de/wp-admin/post.php?post=51&action=edit" "Mozilla/5.0 (Macintosh; Intel Mac OS X 10_15_7) AppleWebKit/537.36 (KHTML, like Gecko) Chrome/145.0.0.0 Safari/537.36"
103.164.254.165 - - [09/Mar/2026:06:44:51 +0100] "GET /wp-includes/js/codemirror/codemirror.min.js?ver=5.29.1-alpha-ee20357 HTTP/1.0" 200 186481 "https://reezone.inglory.de/wp-admin/post.php?post=51&action=edit" "Mozilla/5.0 (Macintosh; Intel Mac OS X 10_15_7) AppleWebKit/537.36 (KHTML, like Gecko) Chrome/145.0.0.0 Safari/537.36"
103.164.254.165 - - [09/Mar/2026:06:44:51 +0100] "GET /wp-json/elementor-one/v1/settings?sb_time=1773035091787&_locale=user HTTP/1.0" 200 4748 "https://reezone.inglory.de/wp-admin/post.php?post=51&action=edit" "Mozilla/5.0 (Macintosh; Intel Mac OS X 10_15_7) AppleWebKit/537.36 (KHTML, like Gecko) Chrome/145.0.0.0 Safari/537.36"
103.164.254.165 - - [09/Mar/2026:06:44:52 +0100] "GET /wp-json/elementor/v1/site-editor/conditions-config HTTP/1.0" 200 15320 "https://reezone.inglory.de/wp-admin/post.php?post=51&action=edit" "Mozilla/5.0 (Macintosh; Intel Mac OS X 10_15_7) AppleWebKit/537.36 (KHTML, like Gecko) Chrome/145.0.0.0 Safari/537.36"
103.164.254.165 - - [09/Mar/2026:06:44:53 +0100] "GET /wp-json/elementor/v1/site-editor/templates-conditions/51 HTTP/1.0" 200 4510 "https://reezone.inglory.de/wp-admin/post.php?post=51&action=edit" "Mozilla/5.0 (Macintosh; Intel Mac OS X 10_15_7) AppleWebKit/537.36 (KHTML, like Gecko) Chrome/145.0.0.0 Safari/537.36"
103.164.254.165 - - [09/Mar/2026:06:45:02 +0100] "POST /wp-admin/admin-ajax.php HTTP/1.0" 200 4413 "https://reezone.inglory.de/wp-admin/post.php?post=51&action=edit" "Mozilla/5.0 (Macintosh; Intel Mac OS X 10_15_7) AppleWebKit/537.36 (KHTML, like Gecko) Chrome/145.0.0.0 Safari/537.36"
103.164.254.165 - - [09/Mar/2026:06:45:12 +0100] "POST /wp-admin/admin-ajax.php HTTP/1.0" 200 4413 "https://reezone.inglory.de/wp-admin/post.php?post=51&action=edit" "Mozilla/5.0 (Macintosh; Intel Mac OS X 10_15_7) AppleWebKit/537.36 (KHTML, like Gecko) Chrome/145.0.0.0 Safari/537.36"
103.164.254.165 - - [09/Mar/2026:06:45:23 +0100] "POST /wp-admin/admin-ajax.php HTTP/1.0" 200 4413 "https://reezone.inglory.de/wp-admin/post.php?post=51&action=edit" "Mozilla/5.0 (Macintosh; Intel Mac OS X 10_15_7) AppleWebKit/537.36 (KHTML, like Gecko) Chrome/145.0.0.0 Safari/537.36"
94.130.90.54 - - [09/Mar/2026:06:47:25 +0100] "POST /wp-cron.php?doing_wp_cron=1773035245.4654679298400878906250 HTTP/1.0" 200 4062 "-" "WordPress/6.9.1; https://reezone.inglory.de"
103.164.254.165 - - [09/Mar/2026:06:47:24 +0100] "POST /wp-admin/admin-ajax.php HTTP/1.0" 200 4413 "https://reezone.inglory.de/wp-admin/post.php?post=51&action=edit" "Mozilla/5.0 (Macintosh; Intel Mac OS X 10_15_7) AppleWebKit/537.36 (KHTML, like Gecko) Chrome/145.0.0.0 Safari/537.36"
94.130.90.54 - - [09/Mar/2026:06:49:26 +0100] "POST /wp-cron.php?doing_wp_cron=1773035366.3492779731750488281250 HTTP/1.0" 200 4062 "-" "WordPress/6.9.1; https://reezone.inglory.de"
103.164.254.165 - - [09/Mar/2026:06:49:25 +0100] "POST /wp-admin/admin-ajax.php HTTP/1.0" 200 4413 "https://reezone.inglory.de/wp-admin/post.php?post=51&action=edit" "Mozilla/5.0 (Macintosh; Intel Mac OS X 10_15_7) AppleWebKit/537.36 (KHTML, like Gecko) Chrome/145.0.0.0 Safari/537.36"
103.164.254.165 - - [09/Mar/2026:06:49:47 +0100] "GET /wp-content/uploads/ximage-2-1.png.pagespeed.ic.eOf1XWw1aE.webp HTTP/1.0" 304 3858 "https://reezone.inglory.de/" "Mozilla/5.0 (Macintosh; Intel Mac OS X 10_15_7) AppleWebKit/537.36 (KHTML, like Gecko) Chrome/145.0.0.0 Safari/537.36"
94.130.90.54 - - [09/Mar/2026:06:51:27 +0100] "POST /wp-cron.php?doing_wp_cron=1773035487.4028151035308837890625 HTTP/1.0" 200 4062 "-" "WordPress/6.9.1; https://reezone.inglory.de"
103.164.254.165 - - [09/Mar/2026:06:51:26 +0100] "POST /wp-admin/admin-ajax.php HTTP/1.0" 200 4413 "https://reezone.inglory.de/wp-admin/post.php?post=51&action=edit" "Mozilla/5.0 (Macintosh; Intel Mac OS X 10_15_7) AppleWebKit/537.36 (KHTML, like Gecko) Chrome/145.0.0.0 Safari/537.36"
94.130.90.54 - - [09/Mar/2026:06:51:42 +0100] "POST /wp-cron.php?doing_wp_cron=1773035502.1494219303131103515625 HTTP/1.0" 200 4062 "-" "WordPress/6.9.1; https://reezone.inglory.de"
103.164.254.165 - - [09/Mar/2026:06:51:41 +0100] "POST /wp-admin/admin-ajax.php HTTP/1.0" 200 4413 "https://reezone.inglory.de/wp-admin/post.php?post=51&action=edit" "Mozilla/5.0 (Macintosh; Intel Mac OS X 10_15_7) AppleWebKit/537.36 (KHTML, like Gecko) Chrome/145.0.0.0 Safari/537.36"
103.164.254.165 - - [09/Mar/2026:06:51:51 +0100] "POST /wp-admin/admin-ajax.php HTTP/1.0" 200 4413 "https://reezone.inglory.de/wp-admin/post.php?post=51&action=edit" "Mozilla/5.0 (Macintosh; Intel Mac OS X 10_15_7) AppleWebKit/537.36 (KHTML, like Gecko) Chrome/145.0.0.0 Safari/537.36"
103.164.254.165 - - [09/Mar/2026:06:52:01 +0100] "POST /wp-admin/admin-ajax.php HTTP/1.0" 200 4413 "https://reezone.inglory.de/wp-admin/post.php?post=51&action=edit" "Mozilla/5.0 (Macintosh; Intel Mac OS X 10_15_7) AppleWebKit/537.36 (KHTML, like Gecko) Chrome/145.0.0.0 Safari/537.36"
103.164.254.165 - - [09/Mar/2026:06:52:11 +0100] "POST /wp-admin/admin-ajax.php HTTP/1.0" 200 4413 "https://reezone.inglory.de/wp-admin/post.php?post=51&action=edit" "Mozilla/5.0 (Macintosh; Intel Mac OS X 10_15_7) AppleWebKit/537.36 (KHTML, like Gecko) Chrome/145.0.0.0 Safari/537.36"
103.164.254.165 - - [09/Mar/2026:06:52:21 +0100] "POST /wp-admin/admin-ajax.php HTTP/1.0" 200 4413 "https://reezone.inglory.de/wp-admin/post.php?post=51&action=edit" "Mozilla/5.0 (Macintosh; Intel Mac OS X 10_15_7) AppleWebKit/537.36 (KHTML, like Gecko) Chrome/145.0.0.0 Safari/537.36"
94.130.90.54 - - [09/Mar/2026:06:52:32 +0100] "POST /wp-cron.php?doing_wp_cron=1773035552.0783450603485107421875 HTTP/1.0" 200 4062 "-" "WordPress/6.9.1; https://reezone.inglory.de"
103.164.254.165 - - [09/Mar/2026:06:52:31 +0100] "POST /wp-admin/admin-ajax.php HTTP/1.0" 200 4413 "https://reezone.inglory.de/wp-admin/post.php?post=51&action=edit" "Mozilla/5.0 (Macintosh; Intel Mac OS X 10_15_7) AppleWebKit/537.36 (KHTML, like Gecko) Chrome/145.0.0.0 Safari/537.36"
103.164.254.165 - - [09/Mar/2026:06:52:41 +0100] "POST /wp-admin/admin-ajax.php HTTP/1.0" 200 4413 "https://reezone.inglory.de/wp-admin/post.php?post=51&action=edit" "Mozilla/5.0 (Macintosh; Intel Mac OS X 10_15_7) AppleWebKit/537.36 (KHTML, like Gecko) Chrome/145.0.0.0 Safari/537.36"
103.164.254.165 - - [09/Mar/2026:06:52:51 +0100] "POST /wp-admin/admin-ajax.php HTTP/1.0" 200 4413 "https://reezone.inglory.de/wp-admin/post.php?post=51&action=edit" "Mozilla/5.0 (Macintosh; Intel Mac OS X 10_15_7) AppleWebKit/537.36 (KHTML, like Gecko) Chrome/145.0.0.0 Safari/537.36"
103.164.254.165 - - [09/Mar/2026:06:53:01 +0100] "POST /wp-admin/admin-ajax.php HTTP/1.0" 200 4413 "https://reezone.inglory.de/wp-admin/post.php?post=51&action=edit" "Mozilla/5.0 (Macintosh; Intel Mac OS X 10_15_7) AppleWebKit/537.36 (KHTML, like Gecko) Chrome/145.0.0.0 Safari/537.36"
94.130.90.54 - - [09/Mar/2026:06:53:12 +0100] "POST /wp-cron.php?doing_wp_cron=1773035592.0842659473419189453125 HTTP/1.0" 200 4062 "-" "WordPress/6.9.1; https://reezone.inglory.de"
103.164.254.165 - - [09/Mar/2026:06:53:11 +0100] "POST /wp-admin/admin-ajax.php HTTP/1.0" 200 4413 "https://reezone.inglory.de/wp-admin/post.php?post=51&action=edit" "Mozilla/5.0 (Macintosh; Intel Mac OS X 10_15_7) AppleWebKit/537.36 (KHTML, like Gecko) Chrome/145.0.0.0 Safari/537.36"
94.130.90.54 - - [09/Mar/2026:06:53:22 +0100] "POST /wp-cron.php?doing_wp_cron=1773035602.0781760215759277343750 HTTP/1.0" 200 4062 "-" "WordPress/6.9.1; https://reezone.inglory.de"
103.164.254.165 - - [09/Mar/2026:06:53:21 +0100] "POST /wp-admin/admin-ajax.php HTTP/1.0" 200 4413 "https://reezone.inglory.de/wp-admin/post.php?post=51&action=edit" "Mozilla/5.0 (Macintosh; Intel Mac OS X 10_15_7) AppleWebKit/537.36 (KHTML, like Gecko) Chrome/145.0.0.0 Safari/537.36"
94.130.90.54 - - [09/Mar/2026:06:53:32 +0100] "POST /wp-cron.php?doing_wp_cron=1773035612.0717029571533203125000 HTTP/1.0" 200 4062 "-" "WordPress/6.9.1; https://reezone.inglory.de"
103.164.254.165 - - [09/Mar/2026:06:53:31 +0100] "POST /wp-admin/admin-ajax.php HTTP/1.0" 200 4413 "https://reezone.inglory.de/wp-admin/post.php?post=51&action=edit" "Mozilla/5.0 (Macintosh; Intel Mac OS X 10_15_7) AppleWebKit/537.36 (KHTML, like Gecko) Chrome/145.0.0.0 Safari/537.36"
103.164.254.165 - - [09/Mar/2026:06:53:38 +0100] "GET /wp-admin/post.php?post=11&action=elementor HTTP/1.0" 200 355827 "https://reezone.inglory.de/" "Mozilla/5.0 (Macintosh; Intel Mac OS X 10_15_7) AppleWebKit/537.36 (KHTML, like Gecko) Chrome/145.0.0.0 Safari/537.36"
103.164.254.165 - - [09/Mar/2026:06:53:40 +0100] "GET /wp-includes/css/dashicons.min.css?ver=6.9.1 HTTP/1.0" 304 3914 "https://reezone.inglory.de/wp-admin/post.php?post=11&action=elementor" "Mozilla/5.0 (Macintosh; Intel Mac OS X 10_15_7) AppleWebKit/537.36 (KHTML, like Gecko) Chrome/145.0.0.0 Safari/537.36"
103.164.254.165 - - [09/Mar/2026:06:53:40 +0100] "GET /wp-includes/css/editor.min.css?ver=6.9.1 HTTP/1.0" 200 10043 "https://reezone.inglory.de/wp-admin/post.php?post=11&action=elementor" "Mozilla/5.0 (Macintosh; Intel Mac OS X 10_15_7) AppleWebKit/537.36 (KHTML, like Gecko) Chrome/145.0.0.0 Safari/537.36"
103.164.254.165 - - [09/Mar/2026:06:53:40 +0100] "GET /wp-includes/js/tinymce/tinymce.min.js?ver=49110-20250317 HTTP/1.0" 200 128818 "https://reezone.inglory.de/wp-admin/post.php?post=11&action=elementor" "Mozilla/5.0 (Macintosh; Intel Mac OS X 10_15_7) AppleWebKit/537.36 (KHTML, like Gecko) Chrome/145.0.0.0 Safari/537.36"
103.164.254.165 - - [09/Mar/2026:06:53:41 +0100] "GET /wp-content/plugins/jet-engine/assets/css/admin/listings.css?ver=3.8.5 HTTP/1.0" 200 5767 "https://reezone.inglory.de/wp-admin/post.php?post=11&action=elementor" "Mozilla/5.0 (Macintosh; Intel Mac OS X 10_15_7) AppleWebKit/537.36 (KHTML, like Gecko) Chrome/145.0.0.0 Safari/537.36"
103.164.254.165 - - [09/Mar/2026:06:53:41 +0100] "GET /wp-includes/css/wp-pointer.min.css?ver=6.9.1 HTTP/1.0" 200 5006 "https://reezone.inglory.de/wp-admin/post.php?post=11&action=elementor" "Mozilla/5.0 (Macintosh; Intel Mac OS X 10_15_7) AppleWebKit/537.36 (KHTML, like Gecko) Chrome/145.0.0.0 Safari/537.36"
103.164.254.165 - - [09/Mar/2026:06:53:41 +0100] "GET /wp-admin/css/widgets.min.css?ver=6.9.1 HTTP/1.0" 200 7439 "https://reezone.inglory.de/wp-admin/post.php?post=11&action=elementor" "Mozilla/5.0 (Macintosh; Intel Mac OS X 10_15_7) AppleWebKit/537.36 (KHTML, like Gecko) Chrome/145.0.0.0 Safari/537.36"
103.164.254.165 - - [09/Mar/2026:06:53:42 +0100] "GET /wp-includes/js/mediaelement/mediaelementplayer-legacy.min.css?ver=4.2.17 HTTP/1.0" 200 6706 "https://reezone.inglory.de/wp-admin/post.php?post=11&action=elementor" "Mozilla/5.0 (Macintosh; Intel Mac OS X 10_15_7) AppleWebKit/537.36 (KHTML, like Gecko) Chrome/145.0.0.0 Safari/537.36"
103.164.254.165 - - [09/Mar/2026:06:53:42 +0100] "GET /wp-includes/css/buttons.min.css?ver=6.9.1 HTTP/1.0" 200 5540 "https://reezone.inglory.de/wp-admin/post.php?post=11&action=elementor" "Mozilla/5.0 (Macintosh; Intel Mac OS X 10_15_7) AppleWebKit/537.36 (KHTML, like Gecko) Chrome/145.0.0.0 Safari/537.36"
103.164.254.165 - - [09/Mar/2026:06:53:42 +0100] "GET /wp-includes/js/mediaelement/wp-mediaelement.min.css?ver=6.9.1 HTTP/1.0" 200 5226 "https://reezone.inglory.de/wp-admin/post.php?post=11&action=elementor" "Mozilla/5.0 (Macintosh; Intel Mac OS X 10_15_7) AppleWebKit/537.36 (KHTML, like Gecko) Chrome/145.0.0.0 Safari/537.36"
103.164.254.165 - - [09/Mar/2026:06:53:42 +0100] "GET /wp-includes/js/imgareaselect/imgareaselect.css?ver=0.9.8 HTTP/1.0" 200 4333 "https://reezone.inglory.de/wp-admin/post.php?post=11&action=elementor" "Mozilla/5.0 (Macintosh; Intel Mac OS X 10_15_7) AppleWebKit/537.36 (KHTML, like Gecko) Chrome/145.0.0.0 Safari/537.36"
103.164.254.165 - - [09/Mar/2026:06:53:42 +0100] "GET /wp-admin/css/media.min.css?ver=6.9.1 HTTP/1.0" 200 8914 "https://reezone.inglory.de/wp-admin/post.php?post=11&action=elementor" "Mozilla/5.0 (Macintosh; Intel Mac OS X 10_15_7) AppleWebKit/537.36 (KHTML, like Gecko) Chrome/145.0.0.0 Safari/537.36"
103.164.254.165 - - [09/Mar/2026:06:53:42 +0100] "GET /wp-includes/css/media-views.min.css?ver=6.9.1 HTTP/1.0" 200 12857 "https://reezone.inglory.de/wp-admin/post.php?post=11&action=elementor" "Mozilla/5.0 (Macintosh; Intel Mac OS X 10_15_7) AppleWebKit/537.36 (KHTML, like Gecko) Chrome/145.0.0.0 Safari/537.36"
103.164.254.165 - - [09/Mar/2026:06:53:42 +0100] "GET /wp-includes/css/wp-auth-check.min.css?ver=6.9.1 HTTP/1.0" 200 4809 "https://reezone.inglory.de/wp-admin/post.php?post=11&action=elementor" "Mozilla/5.0 (Macintosh; Intel Mac OS X 10_15_7) AppleWebKit/537.36 (KHTML, like Gecko) Chrome/145.0.0.0 Safari/537.36"
103.164.254.165 - - [09/Mar/2026:06:53:42 +0100] "GET /wp-content/plugins/elementor/assets/lib/flatpickr/flatpickr.min.css?ver=4.6.13 HTTP/1.0" 200 7118 "https://reezone.inglory.de/wp-admin/post.php?post=11&action=elementor" "Mozilla/5.0 (Macintosh; Intel Mac OS X 10_15_7) AppleWebKit/537.36 (KHTML, like Gecko) Chrome/145.0.0.0 Safari/537.36"
103.164.254.165 - - [09/Mar/2026:06:53:42 +0100] "GET /wp-content/plugins/elementor/assets/lib/eicons/css/elementor-icons.min.css?ver=5.47.0 HTTP/1.0" 304 3914 "https://reezone.inglory.de/wp-admin/post.php?post=11&action=elementor" "Mozilla/5.0 (Macintosh; Intel Mac OS X 10_15_7) AppleWebKit/537.36 (KHTML, like Gecko) Chrome/145.0.0.0 Safari/537.36"
103.164.254.165 - - [09/Mar/2026:06:53:42 +0100] "GET /wp-content/plugins/elementor/assets/lib/pickr/themes/monolith.min.css?ver=1.8.2 HTTP/1.0" 200 6093 "https://reezone.inglory.de/wp-admin/post.php?post=11&action=elementor" "Mozilla/5.0 (Macintosh; Intel Mac OS X 10_15_7) AppleWebKit/537.36 (KHTML, like Gecko) Chrome/145.0.0.0 Safari/537.36"
103.164.254.165 - - [09/Mar/2026:06:53:42 +0100] "GET /wp-content/plugins/elementor-pro/assets/css/editor.min.css?ver=3.35.1 HTTP/1.0" 200 7132 "https://reezone.inglory.de/wp-admin/post.php?post=11&action=elementor" "Mozilla/5.0 (Macintosh; Intel Mac OS X 10_15_7) AppleWebKit/537.36 (KHTML, like Gecko) Chrome/145.0.0.0 Safari/537.36"
103.164.254.165 - - [09/Mar/2026:06:53:42 +0100] "GET /wp-content/plugins/elementor/assets/css/editor-v2-app-bar-overrides.min.css?ver=3.35.6 HTTP/1.0" 200 4424 "https://reezone.inglory.de/wp-admin/post.php?post=11&action=elementor" "Mozilla/5.0 (Macintosh; Intel Mac OS X 10_15_7) AppleWebKit/537.36 (KHTML, like Gecko) Chrome/145.0.0.0 Safari/537.36"
103.164.254.165 - - [09/Mar/2026:06:53:42 +0100] "GET /wp-content/plugins/jet-engine/assets/lib/jetengine-icons/icons.css?ver=3.8.5-03062025 HTTP/1.0" 200 4815 "https://reezone.inglory.de/wp-admin/post.php?post=11&action=elementor" "Mozilla/5.0 (Macintosh; Intel Mac OS X 10_15_7) AppleWebKit/537.36 (KHTML, like Gecko) Chrome/145.0.0.0 Safari/537.36"
103.164.254.165 - - [09/Mar/2026:06:53:42 +0100] "GET /wp-content/plugins/elementor/assets/css/modules/ai/editor.min.css?ver=3.35.6 HTTP/1.0" 200 4362 "https://reezone.inglory.de/wp-admin/post.php?post=11&action=elementor" "Mozilla/5.0 (Macintosh; Intel Mac OS X 10_15_7) AppleWebKit/537.36 (KHTML, like Gecko) Chrome/145.0.0.0 Safari/537.36"
103.164.254.165 - - [09/Mar/2026:06:53:42 +0100] "GET /wp-content/plugins/jet-woo-product-gallery/assets/lib/jet-gallery-icons/icons.css?ver=2.2.6 HTTP/1.0" 200 4523 "https://reezone.inglory.de/wp-admin/post.php?post=11&action=elementor" "Mozilla/5.0 (Macintosh; Intel Mac OS X 10_15_7) AppleWebKit/537.36 (KHTML, like Gecko) Chrome/145.0.0.0 Safari/537.36"
103.164.254.165 - - [09/Mar/2026:06:53:42 +0100] "GET /wp-content/plugins/elementor/assets/css/modules/container-converter/editor.min.css?ver=3.35.6 HTTP/1.0" 200 4304 "https://reezone.inglory.de/wp-admin/post.php?post=11&action=elementor" "Mozilla/5.0 (Macintosh; Intel Mac OS X 10_15_7) AppleWebKit/537.36 (KHTML, like Gecko) Chrome/145.0.0.0 Safari/537.36"
103.164.254.165 - - [09/Mar/2026:06:53:42 +0100] "GET /wp-includes/js/dist/i18n.min.js?ver=c26c3dc7bed366793375 HTTP/1.0" 304 3914 "https://reezone.inglory.de/wp-admin/post.php?post=11&action=elementor" "Mozilla/5.0 (Macintosh; Intel Mac OS X 10_15_7) AppleWebKit/537.36 (KHTML, like Gecko) Chrome/145.0.0.0 Safari/537.36"
103.164.254.165 - - [09/Mar/2026:06:53:42 +0100] "GET /wp-includes/js/tinymce/plugins/compat3x/plugin.min.js?ver=49110-20250317 HTTP/1.0" 200 5795 "https://reezone.inglory.de/wp-admin/post.php?post=11&action=elementor" "Mozilla/5.0 (Macintosh; Intel Mac OS X 10_15_7) AppleWebKit/537.36 (KHTML, like Gecko) Chrome/145.0.0.0 Safari/537.36"
103.164.254.165 - - [09/Mar/2026:06:53:42 +0100] "GET /wp-includes/js/utils.min.js?ver=6.9.1 HTTP/1.0" 200 4901 "https://reezone.inglory.de/wp-admin/post.php?post=11&action=elementor" "Mozilla/5.0 (Macintosh; Intel Mac OS X 10_15_7) AppleWebKit/537.36 (KHTML, like Gecko) Chrome/145.0.0.0 Safari/537.36"
103.164.254.165 - - [09/Mar/2026:06:53:42 +0100] "GET /wp-includes/js/wp-backbone.min.js?ver=6.9.1 HTTP/1.0" 200 5258 "https://reezone.inglory.de/wp-admin/post.php?post=11&action=elementor" "Mozilla/5.0 (Macintosh; Intel Mac OS X 10_15_7) AppleWebKit/537.36 (KHTML, like Gecko) Chrome/145.0.0.0 Safari/537.36"
103.164.254.165 - - [09/Mar/2026:06:53:42 +0100] "GET /wp-includes/js/media-models.min.js?ver=6.9.1 HTTP/1.0" 200 8216 "https://reezone.inglory.de/wp-admin/post.php?post=11&action=elementor" "Mozilla/5.0 (Macintosh; Intel Mac OS X 10_15_7) AppleWebKit/537.36 (KHTML, like Gecko) Chrome/145.0.0.0 Safari/537.36"
103.164.254.165 - - [09/Mar/2026:06:53:42 +0100] "GET /wp-admin/js/widgets/custom-html-widgets.min.js?ver=6.9.1 HTTP/1.0" 200 6049 "https://reezone.inglory.de/wp-admin/post.php?post=11&action=elementor" "Mozilla/5.0 (Macintosh; Intel Mac OS X 10_15_7) AppleWebKit/537.36 (KHTML, like Gecko) Chrome/145.0.0.0 Safari/537.36"
103.164.254.165 - - [09/Mar/2026:06:53:42 +0100] "GET /wp-content/plugins/elementor/assets/css/editor.min.css?ver=3.35.6 HTTP/1.0" 200 32383 "https://reezone.inglory.de/wp-admin/post.php?post=11&action=elementor" "Mozilla/5.0 (Macintosh; Intel Mac OS X 10_15_7) AppleWebKit/537.36 (KHTML, like Gecko) Chrome/145.0.0.0 Safari/537.36"
103.164.254.165 - - [09/Mar/2026:06:53:42 +0100] "GET /wp-includes/js/plupload/plupload.min.js?ver=2.1.9 HTTP/1.0" 200 9715 "https://reezone.inglory.de/wp-admin/post.php?post=11&action=elementor" "Mozilla/5.0 (Macintosh; Intel Mac OS X 10_15_7) AppleWebKit/537.36 (KHTML, like Gecko) Chrome/145.0.0.0 Safari/537.36"
103.164.254.165 - - [09/Mar/2026:06:53:42 +0100] "GET /wp-includes/js/plupload/wp-plupload.min.js?ver=6.9.1 HTTP/1.0" 200 6466 "https://reezone.inglory.de/wp-admin/post.php?post=11&action=elementor" "Mozilla/5.0 (Macintosh; Intel Mac OS X 10_15_7) AppleWebKit/537.36 (KHTML, like Gecko) Chrome/145.0.0.0 Safari/537.36"
103.164.254.165 - - [09/Mar/2026:06:53:42 +0100] "GET /wp-includes/js/mediaelement/mediaelement-migrate.min.js?ver=6.9.1 HTTP/1.0" 200 4622 "https://reezone.inglory.de/wp-admin/post.php?post=11&action=elementor" "Mozilla/5.0 (Macintosh; Intel Mac OS X 10_15_7) AppleWebKit/537.36 (KHTML, like Gecko) Chrome/145.0.0.0 Safari/537.36"
103.164.254.165 - - [09/Mar/2026:06:53:42 +0100] "GET /wp-includes/js/plupload/moxie.min.js?ver=1.3.5.1 HTTP/1.0" 200 31574 "https://reezone.inglory.de/wp-admin/post.php?post=11&action=elementor" "Mozilla/5.0 (Macintosh; Intel Mac OS X 10_15_7) AppleWebKit/537.36 (KHTML, like Gecko) Chrome/145.0.0.0 Safari/537.36"
103.164.254.165 - - [09/Mar/2026:06:53:42 +0100] "GET /wp-includes/js/mediaelement/wp-mediaelement.min.js?ver=6.9.1 HTTP/1.0" 200 4620 "https://reezone.inglory.de/wp-admin/post.php?post=11&action=elementor" "Mozilla/5.0 (Macintosh; Intel Mac OS X 10_15_7) AppleWebKit/537.36 (KHTML, like Gecko) Chrome/145.0.0.0 Safari/537.36"
103.164.254.165 - - [09/Mar/2026:06:53:42 +0100] "GET /wp-admin/load-scripts.php?c=0&load%5Bchunk_0%5D=jquery-core,jquery-migrate,jquery-ui-core,jquery-ui-mouse,underscore,backbone,wp-api-request,wp-hooks&ver=6.9.1 HTTP/1.0" 200 62698 "https://reezone.inglory.de/wp-admin/post.php?post=11&action=elementor" "Mozilla/5.0 (Macintosh; Intel Mac OS X 10_15_7) AppleWebKit/537.36 (KHTML, like Gecko) Chrome/145.0.0.0 Safari/537.36"
103.164.254.165 - - [09/Mar/2026:06:53:42 +0100] "GET /wp-includes/js/clipboard.min.js?ver=2.0.11 HTTP/1.0" 304 3914 "https://reezone.inglory.de/wp-admin/post.php?post=11&action=elementor" "Mozilla/5.0 (Macintosh; Intel Mac OS X 10_15_7) AppleWebKit/537.36 (KHTML, like Gecko) Chrome/145.0.0.0 Safari/537.36"
103.164.254.165 - - [09/Mar/2026:06:53:42 +0100] "GET /wp-admin/js/widgets/media-widgets.min.js?ver=6.9.1 HTTP/1.0" 200 8761 "https://reezone.inglory.de/wp-admin/post.php?post=11&action=elementor" "Mozilla/5.0 (Macintosh; Intel Mac OS X 10_15_7) AppleWebKit/537.36 (KHTML, like Gecko) Chrome/145.0.0.0 Safari/537.36"
103.164.254.165 - - [09/Mar/2026:06:53:42 +0100] "GET /wp-includes/js/media-audiovideo.min.js?ver=6.9.1 HTTP/1.0" 200 7491 "https://reezone.inglory.de/wp-admin/post.php?post=11&action=elementor" "Mozilla/5.0 (Macintosh; Intel Mac OS X 10_15_7) AppleWebKit/537.36 (KHTML, like Gecko) Chrome/145.0.0.0 Safari/537.36"
103.164.254.165 - - [09/Mar/2026:06:53:42 +0100] "GET /wp-includes/js/dist/dom-ready.min.js?ver=f77871ff7694fffea381 HTTP/1.0" 200 4402 "https://reezone.inglory.de/wp-admin/post.php?post=11&action=elementor" "Mozilla/5.0 (Macintosh; Intel Mac OS X 10_15_7) AppleWebKit/537.36 (KHTML, like Gecko) Chrome/145.0.0.0 Safari/537.36"
103.164.254.165 - - [09/Mar/2026:06:53:42 +0100] "GET /wp-includes/js/media-editor.min.js?ver=6.9.1 HTTP/1.0" 200 7731 "https://reezone.inglory.de/wp-admin/post.php?post=11&action=elementor" "Mozilla/5.0 (Macintosh; Intel Mac OS X 10_15_7) AppleWebKit/537.36 (KHTML, like Gecko) Chrome/145.0.0.0 Safari/537.36"
103.164.254.165 - - [09/Mar/2026:06:53:42 +0100] "GET /wp-admin/js/widgets/media-audio-widget.min.js?ver=6.9.1 HTTP/1.0" 200 4739 "https://reezone.inglory.de/wp-admin/post.php?post=11&action=elementor" "Mozilla/5.0 (Macintosh; Intel Mac OS X 10_15_7) AppleWebKit/537.36 (KHTML, like Gecko) Chrome/145.0.0.0 Safari/537.36"
103.164.254.165 - - [09/Mar/2026:06:53:42 +0100] "GET /wp-admin/js/widgets/media-gallery-widget.min.js?ver=6.9.1 HTTP/1.0" 200 5282 "https://reezone.inglory.de/wp-admin/post.php?post=11&action=elementor" "Mozilla/5.0 (Macintosh; Intel Mac OS X 10_15_7) AppleWebKit/537.36 (KHTML, like Gecko) Chrome/145.0.0.0 Safari/537.36"
103.164.254.165 - - [09/Mar/2026:06:53:42 +0100] "GET /wp-admin/js/widgets/media-image-widget.min.js?ver=6.9.1 HTTP/1.0" 200 4895 "https://reezone.inglory.de/wp-admin/post.php?post=11&action=elementor" "Mozilla/5.0 (Macintosh; Intel Mac OS X 10_15_7) AppleWebKit/537.36 (KHTML, like Gecko) Chrome/145.0.0.0 Safari/537.36"
103.164.254.165 - - [09/Mar/2026:06:53:42 +0100] "GET /wp-includes/js/dist/a11y.min.js?ver=cb460b4676c94bd228ed HTTP/1.0" 304 3913 "https://reezone.inglory.de/wp-admin/post.php?post=11&action=elementor" "Mozilla/5.0 (Macintosh; Intel Mac OS X 10_15_7) AppleWebKit/537.36 (KHTML, like Gecko) Chrome/145.0.0.0 Safari/537.36"
103.164.254.165 - - [09/Mar/2026:06:53:42 +0100] "GET /wp-admin/js/widgets/text-widgets.min.js?ver=6.9.1 HTTP/1.0" 200 6128 "https://reezone.inglory.de/wp-admin/post.php?post=11&action=elementor" "Mozilla/5.0 (Macintosh; Intel Mac OS X 10_15_7) AppleWebKit/537.36 (KHTML, like Gecko) Chrome/145.0.0.0 Safari/537.36"
103.164.254.165 - - [09/Mar/2026:06:53:42 +0100] "GET /wp-admin/js/widgets/media-video-widget.min.js?ver=6.9.1 HTTP/1.0" 200 5215 "https://reezone.inglory.de/wp-admin/post.php?post=11&action=elementor" "Mozilla/5.0 (Macintosh; Intel Mac OS X 10_15_7) AppleWebKit/537.36 (KHTML, like Gecko) Chrome/145.0.0.0 Safari/537.36"
103.164.254.165 - - [09/Mar/2026:06:53:42 +0100] "GET /wp-admin/js/editor.min.js?ver=6.9.1 HTTP/1.0" 200 8833 "https://reezone.inglory.de/wp-admin/post.php?post=11&action=elementor" "Mozilla/5.0 (Macintosh; Intel Mac OS X 10_15_7) AppleWebKit/537.36 (KHTML, like Gecko) Chrome/145.0.0.0 Safari/537.36"
103.164.254.165 - - [09/Mar/2026:06:53:42 +0100] "GET /wp-includes/js/mediaelement/mediaelement-and-player.min.js?ver=4.2.17 HTTP/1.0" 200 43007 "https://reezone.inglory.de/wp-admin/post.php?post=11&action=elementor" "Mozilla/5.0 (Macintosh; Intel Mac OS X 10_15_7) AppleWebKit/537.36 (KHTML, like Gecko) Chrome/145.0.0.0 Safari/537.36"
103.164.254.165 - - [09/Mar/2026:06:53:42 +0100] "GET /wp-includes/js/media-views.min.js?ver=6.9.1 HTTP/1.0" 200 30803 "https://reezone.inglory.de/wp-admin/post.php?post=11&action=elementor" "Mozilla/5.0 (Macintosh; Intel Mac OS X 10_15_7) AppleWebKit/537.36 (KHTML, like Gecko) Chrome/145.0.0.0 Safari/537.36"
103.164.254.165 - - [09/Mar/2026:06:53:42 +0100] "GET /wp-content/plugins/elementor/assets/js/editor-modules.min.js?ver=3.35.6 HTTP/1.0" 200 17861 "https://reezone.inglory.de/wp-admin/post.php?post=11&action=elementor" "Mozilla/5.0 (Macintosh; Intel Mac OS X 10_15_7) AppleWebKit/537.36 (KHTML, like Gecko) Chrome/145.0.0.0 Safari/537.36"
103.164.254.165 - - [09/Mar/2026:06:53:42 +0100] "GET /wp-content/plugins/elementor/assets/js/packages/editor-responsive/editor-responsive.min.js?ver=3.35.6 HTTP/1.0" 200 5015 "https://reezone.inglory.de/wp-admin/post.php?post=11&action=elementor" "Mozilla/5.0 (Macintosh; Intel Mac OS X 10_15_7) AppleWebKit/537.36 (KHTML, like Gecko) Chrome/145.0.0.0 Safari/537.36"
103.164.254.165 - - [09/Mar/2026:06:53:42 +0100] "GET /wp-content/plugins/jet-engine/assets/lib/jet-plugins/jet-plugins.js?ver=1.1.0 HTTP/1.0" 200 6434 "https://reezone.inglory.de/wp-admin/post.php?post=11&action=elementor" "Mozilla/5.0 (Macintosh; Intel Mac OS X 10_15_7) AppleWebKit/537.36 (KHTML, like Gecko) Chrome/145.0.0.0 Safari/537.36"
103.164.254.165 - - [09/Mar/2026:06:53:42 +0100] "GET /wp-content/plugins/jet-engine/assets/js/admin/listings-popup.js?ver=3.8.5 HTTP/1.0" 200 6026 "https://reezone.inglory.de/wp-admin/post.php?post=11&action=elementor" "Mozilla/5.0 (Macintosh; Intel Mac OS X 10_15_7) AppleWebKit/537.36 (KHTML, like Gecko) Chrome/145.0.0.0 Safari/537.36"
103.164.254.165 - - [09/Mar/2026:06:53:42 +0100] "GET /wp-content/plugins/elementor/assets/js/editor-v4-opt-in-alphachip.min.js?ver=3.35.6 HTTP/1.0" 200 7233 "https://reezone.inglory.de/wp-admin/post.php?post=11&action=elementor" "Mozilla/5.0 (Macintosh; Intel Mac OS X 10_15_7) AppleWebKit/537.36 (KHTML, like Gecko) Chrome/145.0.0.0 Safari/537.36"
103.164.254.165 - - [09/Mar/2026:06:53:42 +0100] "GET /wp-content/plugins/elementor/assets/js/editor-document.min.js?ver=3.35.6 HTTP/1.0" 200 9673 "https://reezone.inglory.de/wp-admin/post.php?post=11&action=elementor" "Mozilla/5.0 (Macintosh; Intel Mac OS X 10_15_7) AppleWebKit/537.36 (KHTML, like Gecko) Chrome/145.0.0.0 Safari/537.36"
103.164.254.165 - - [09/Mar/2026:06:53:42 +0100] "GET /wp-admin/load-scripts.php?c=0&load%5Bchunk_0%5D=jquery-ui-draggable,react,react-dom&ver=6.9.1 HTTP/1.0" 200 54434 "https://reezone.inglory.de/wp-admin/post.php?post=11&action=elementor" "Mozilla/5.0 (Macintosh; Intel Mac OS X 10_15_7) AppleWebKit/537.36 (KHTML, like Gecko) Chrome/145.0.0.0 Safari/537.36"
103.164.254.165 - - [09/Mar/2026:06:53:42 +0100] "GET /wp-content/plugins/jet-engine/framework/jet-elementor-extension/assets/js/editor.js?ver=1.2.0 HTTP/1.0" 200 6202 "https://reezone.inglory.de/wp-admin/post.php?post=11&action=elementor" "Mozilla/5.0 (Macintosh; Intel Mac OS X 10_15_7) AppleWebKit/537.36 (KHTML, like Gecko) Chrome/145.0.0.0 Safari/537.36"
103.164.254.165 - - [09/Mar/2026:06:53:42 +0100] "GET /wp-content/plugins/elementor/assets/js/nested-elements.min.js?ver=3.35.6 HTTP/1.0" 200 6517 "https://reezone.inglory.de/wp-admin/post.php?post=11&action=elementor" "Mozilla/5.0 (Macintosh; Intel Mac OS X 10_15_7) AppleWebKit/537.36 (KHTML, like Gecko) Chrome/145.0.0.0 Safari/537.36"
103.164.254.165 - - [09/Mar/2026:06:53:42 +0100] "GET /wp-content/plugins/elementor/assets/js/nested-tabs.min.js?ver=3.35.6 HTTP/1.0" 200 8045 "https://reezone.inglory.de/wp-admin/post.php?post=11&action=elementor" "Mozilla/5.0 (Macintosh; Intel Mac OS X 10_15_7) AppleWebKit/537.36 (KHTML, like Gecko) Chrome/145.0.0.0 Safari/537.36"
103.164.254.165 - - [09/Mar/2026:06:53:42 +0100] "GET /wp-content/plugins/elementor/assets/js/nested-accordion.min.js?ver=3.35.6 HTTP/1.0" 200 8047 "https://reezone.inglory.de/wp-admin/post.php?post=11&action=elementor" "Mozilla/5.0 (Macintosh; Intel Mac OS X 10_15_7) AppleWebKit/537.36 (KHTML, like Gecko) Chrome/145.0.0.0 Safari/537.36"
103.164.254.165 - - [09/Mar/2026:06:53:42 +0100] "GET /wp-content/plugins/elementor/assets/js/packages/utils/utils.min.js?ver=3.35.6 HTTP/1.0" 200 5562 "https://reezone.inglory.de/wp-admin/post.php?post=11&action=elementor" "Mozilla/5.0 (Macintosh; Intel Mac OS X 10_15_7) AppleWebKit/537.36 (KHTML, like Gecko) Chrome/145.0.0.0 Safari/537.36"
103.164.254.165 - - [09/Mar/2026:06:53:42 +0100] "GET /wp-content/plugins/elementor/assets/js/kit-elements-defaults-editor.min.js?ver=3.35.6 HTTP/1.0" 200 12460 "https://reezone.inglory.de/wp-admin/post.php?post=11&action=elementor" "Mozilla/5.0 (Macintosh; Intel Mac OS X 10_15_7) AppleWebKit/537.36 (KHTML, like Gecko) Chrome/145.0.0.0 Safari/537.36"
103.164.254.165 - - [09/Mar/2026:06:53:42 +0100] "GET /wp-content/plugins/elementor/assets/js/packages/env/env.min.js?ver=3.35.6 HTTP/1.0" 200 4709 "https://reezone.inglory.de/wp-admin/post.php?post=11&action=elementor" "Mozilla/5.0 (Macintosh; Intel Mac OS X 10_15_7) AppleWebKit/537.36 (KHTML, like Gecko) Chrome/145.0.0.0 Safari/537.36"
103.164.254.165 - - [09/Mar/2026:06:53:42 +0100] "GET /wp-content/plugins/elementor/assets/js/packages/query/query.min.js?ver=3.35.6 HTTP/1.0" 200 15387 "https://reezone.inglory.de/wp-admin/post.php?post=11&action=elementor" "Mozilla/5.0 (Macintosh; Intel Mac OS X 10_15_7) AppleWebKit/537.36 (KHTML, like Gecko) Chrome/145.0.0.0 Safari/537.36"
103.164.254.165 - - [09/Mar/2026:06:53:42 +0100] "GET /wp-content/plugins/elementor-pro/assets/js/editor.min.js?ver=3.35.1 HTTP/1.0" 200 38110 "https://reezone.inglory.de/wp-admin/post.php?post=11&action=elementor" "Mozilla/5.0 (Macintosh; Intel Mac OS X 10_15_7) AppleWebKit/537.36 (KHTML, like Gecko) Chrome/145.0.0.0 Safari/537.36"
103.164.254.165 - - [09/Mar/2026:06:53:42 +0100] "GET /wp-content/plugins/elementor/assets/js/packages/editor-v1-adapters/editor-v1-adapters.min.js?ver=3.35.6 HTTP/1.0" 200 6534 "https://reezone.inglory.de/wp-admin/post.php?post=11&action=elementor" "Mozilla/5.0 (Macintosh; Intel Mac OS X 10_15_7) AppleWebKit/537.36 (KHTML, like Gecko) Chrome/145.0.0.0 Safari/537.36"
103.164.254.165 - - [09/Mar/2026:06:53:42 +0100] "GET /wp-content/plugins/elementor/assets/js/ai-layout.min.js?ver=3.35.6 HTTP/1.0" 200 59676 "https://reezone.inglory.de/wp-admin/post.php?post=11&action=elementor" "Mozilla/5.0 (Macintosh; Intel Mac OS X 10_15_7) AppleWebKit/537.36 (KHTML, like Gecko) Chrome/145.0.0.0 Safari/537.36"
103.164.254.165 - - [09/Mar/2026:06:53:42 +0100] "GET /wp-content/plugins/elementor/assets/js/packages/locations/locations.min.js?ver=3.35.6 HTTP/1.0" 200 5077 "https://reezone.inglory.de/wp-admin/post.php?post=11&action=elementor" "Mozilla/5.0 (Macintosh; Intel Mac OS X 10_15_7) AppleWebKit/537.36 (KHTML, like Gecko) Chrome/145.0.0.0 Safari/537.36"
103.164.254.165 - - [09/Mar/2026:06:53:42 +0100] "GET /wp-content/plugins/elementor/assets/js/packages/store/store.min.js?ver=3.35.6 HTTP/1.0" 200 16989 "https://reezone.inglory.de/wp-admin/post.php?post=11&action=elementor" "Mozilla/5.0 (Macintosh; Intel Mac OS X 10_15_7) AppleWebKit/537.36 (KHTML, like Gecko) Chrome/145.0.0.0 Safari/537.36"
