217.93.4.190 - - [10/Mar/2026:11:37:45 +0100] "GET /wp-content/uploads/xmultizonenrahmeninfinity.jpg.pagespeed.ic.CqRIfgF9Df.webp HTTP/1.0" 200 538788 "https://reezone.inglory.de/" "Mozilla/5.0 (X11; Linux x86_64) AppleWebKit/537.36 (KHTML, like Gecko) Chrome/145.0.0.0 Safari/537.36"
217.93.4.190 - - [10/Mar/2026:11:37:45 +0100] "GET /wp-content/uploads/xbg-2-1.jpg.pagespeed.ic.crn9jWLebJ.webp HTTP/1.0" 200 274739 "https://reezone.inglory.de/wp-content/uploads/elementor/css/A.post-11.css,qver=1772646460.pagespeed.cf.0lqZVOH1ic.css" "Mozilla/5.0 (X11; Linux x86_64) AppleWebKit/537.36 (KHTML, like Gecko) Chrome/145.0.0.0 Safari/537.36"
217.93.4.190 - - [10/Mar/2026:11:37:46 +0100] "GET /wp-content/uploads/ximg-1-1.jpg.pagespeed.ic.-ULjyqt56d.webp HTTP/1.0" 200 74846 "https://reezone.inglory.de/wp-content/uploads/elementor/css/A.post-11.css,qver=1772646460.pagespeed.cf.0lqZVOH1ic.css" "Mozilla/5.0 (X11; Linux x86_64) AppleWebKit/537.36 (KHTML, like Gecko) Chrome/145.0.0.0 Safari/537.36"
217.93.4.190 - - [10/Mar/2026:11:37:46 +0100] "GET /wp-content/uploads/ximg-2-1.jpg.pagespeed.ic.x81XslmlYV.webp HTTP/1.0" 200 76654 "https://reezone.inglory.de/wp-content/uploads/elementor/css/A.post-11.css,qver=1772646460.pagespeed.cf.0lqZVOH1ic.css" "Mozilla/5.0 (X11; Linux x86_64) AppleWebKit/537.36 (KHTML, like Gecko) Chrome/145.0.0.0 Safari/537.36"
217.93.4.190 - - [10/Mar/2026:11:37:47 +0100] "GET /wp-content/uploads/xscherz.jpg.pagespeed.ic.ezac4aJwFg.webp HTTP/1.0" 200 216111 "https://reezone.inglory.de/" "Mozilla/5.0 (X11; Linux x86_64) AppleWebKit/537.36 (KHTML, like Gecko) Chrome/145.0.0.0 Safari/537.36"
217.93.4.190 - - [10/Mar/2026:11:37:47 +0100] "GET /wp-content/uploads/xlautwein.jpg.pagespeed.ic.8S4cBMyx-V.webp HTTP/1.0" 200 211008 "https://reezone.inglory.de/" "Mozilla/5.0 (X11; Linux x86_64) AppleWebKit/537.36 (KHTML, like Gecko) Chrome/145.0.0.0 Safari/537.36"
217.93.4.190 - - [10/Mar/2026:11:37:47 +0100] "GET /wp-content/uploads/xackermann.jpg.pagespeed.ic.WUuZlxYt2T.webp HTTP/1.0" 200 167633 "https://reezone.inglory.de/" "Mozilla/5.0 (X11; Linux x86_64) AppleWebKit/537.36 (KHTML, like Gecko) Chrome/145.0.0.0 Safari/537.36"
94.130.90.54 - - [10/Mar/2026:11:37:48 +0100] "GET /wp-includes/css/dist/block-library/style.min.css?ver=6.9.1 HTTP/1.1" 200 123103 "https://reezone.inglory.de/product/multizonenlift/" "Serf/1.3.9 (mod_pagespeed/1.13.35.2-0)"
94.130.90.54 - - [10/Mar/2026:11:37:48 +0100] "GET /wp-content/plugins/variation-swatches-woo/assets/css/swatches.css?ver=1.0.13 HTTP/1.1" 200 10858 "https://reezone.inglory.de/product/multizonenlift/" "Serf/1.3.9 (mod_pagespeed/1.13.35.2-0)"
94.130.90.54 - - [10/Mar/2026:11:37:48 +0100] "GET /wp-content/plugins/elementor-pro/assets/css/widget-woocommerce-product-add-to-cart.min.css?ver=3.35.1 HTTP/1.1" 200 93254 "https://reezone.inglory.de/product/multizonenlift/" "Serf/1.3.9 (mod_pagespeed/1.13.35.2-0)"
94.130.90.54 - - [10/Mar/2026:11:37:48 +0100] "GET /wp-content/plugins/elementor-pro/assets/css/widget-loop-common.min.css?ver=3.35.1 HTTP/1.1" 200 3715 "https://reezone.inglory.de/product/multizonenlift/" "Serf/1.3.9 (mod_pagespeed/1.13.35.2-0)"
172.226.108.7 - - [10/Mar/2026:11:37:47 +0100] "GET /product/multizonenlift/ HTTP/1.0" 200 38351 "https://reezone.inglory.de/" "Mozilla/5.0 (iPhone; CPU iPhone OS 18_7 like Mac OS X) AppleWebKit/605.1.15 (KHTML, like Gecko) Version/26.3 Mobile/15E148 Safari/604.1"
94.130.90.54 - - [10/Mar/2026:11:37:48 +0100] "GET /wp-content/plugins/elementor-pro/assets/css/widget-loop-grid.min.css?ver=3.35.1 HTTP/1.1" 200 16759 "https://reezone.inglory.de/product/multizonenlift/" "Serf/1.3.9 (mod_pagespeed/1.13.35.2-0)"
94.130.90.54 - - [10/Mar/2026:11:37:48 +0100] "GET /wp-includes/js/imagesloaded.min.js?ver=5.0.0 HTTP/1.1" 200 9073 "https://reezone.inglory.de/product/multizonenlift/" "Serf/1.3.9 (mod_pagespeed/1.13.35.2-0)"
94.130.90.54 - - [10/Mar/2026:11:37:48 +0100] "GET /wp-content/plugins/woocommerce/assets/js/zoom/jquery.zoom.min.js?ver=1.7.21-wc.10.5.3 HTTP/1.1" 200 6225 "https://reezone.inglory.de/product/multizonenlift/" "Serf/1.3.9 (mod_pagespeed/1.13.35.2-0)"
94.130.90.54 - - [10/Mar/2026:11:37:48 +0100] "GET /wp-content/plugins/woocommerce/assets/js/flexslider/jquery.flexslider.min.js?ver=2.7.2-wc.10.5.3 HTTP/1.1" 200 25138 "https://reezone.inglory.de/product/multizonenlift/" "Serf/1.3.9 (mod_pagespeed/1.13.35.2-0)"
94.130.90.54 - - [10/Mar/2026:11:37:48 +0100] "GET /wp-content/plugins/woocommerce/assets/js/photoswipe/photoswipe.min.js?ver=4.1.1-wc.10.5.3 HTTP/1.1" 200 35209 "https://reezone.inglory.de/product/multizonenlift/" "Serf/1.3.9 (mod_pagespeed/1.13.35.2-0)"
94.130.90.54 - - [10/Mar/2026:11:37:48 +0100] "GET /wp-content/plugins/woocommerce/assets/js/photoswipe/photoswipe-ui-default.min.js?ver=4.1.1-wc.10.5.3 HTTP/1.1" 200 13302 "https://reezone.inglory.de/product/multizonenlift/" "Serf/1.3.9 (mod_pagespeed/1.13.35.2-0)"
94.130.90.54 - - [10/Mar/2026:11:37:48 +0100] "GET /wp-content/uploads/Frame-162-4.jpg HTTP/1.1" 200 196887 "https://reezone.inglory.de/product/multizonenlift/" "Serf/1.3.9 (mod_pagespeed/1.13.35.2-0)"
94.130.90.54 - - [10/Mar/2026:11:37:48 +0100] "GET /wp-content/uploads/2111-MZL_Naehte22-1-850x567-1.jpg HTTP/1.1" 200 37141 "https://reezone.inglory.de/product/multizonenlift/" "Serf/1.3.9 (mod_pagespeed/1.13.35.2-0)"
94.130.90.54 - - [10/Mar/2026:11:37:48 +0100] "GET /wp-content/uploads/multizonenlift-fernbedienung-2-850x850-1.jpg HTTP/1.1" 200 28619 "https://reezone.inglory.de/product/multizonenlift/" "Serf/1.3.9 (mod_pagespeed/1.13.35.2-0)"
94.130.90.54 - - [10/Mar/2026:11:37:48 +0100] "GET /wp-content/uploads/2111-MZL_Naehte22-1-850x567-1-150x150.jpg HTTP/1.1" 200 14819 "https://reezone.inglory.de/product/multizonenlift/" "Serf/1.3.9 (mod_pagespeed/1.13.35.2-0)"
94.130.90.54 - - [10/Mar/2026:11:37:48 +0100] "GET /wp-content/uploads/2111-MZL_Naehte22-1-850x567-1.jpg HTTP/1.1" 200 37141 "https://reezone.inglory.de/product/multizonenlift/" "Serf/1.3.9 (mod_pagespeed/1.13.35.2-0)"
94.130.90.54 - - [10/Mar/2026:11:37:48 +0100] "GET /wp-content/uploads/2111-MZL_Naehte22-1-850x567-1-150x150.jpg HTTP/1.1" 200 14819 "https://reezone.inglory.de/product/multizonenlift/" "Serf/1.3.9 (mod_pagespeed/1.13.35.2-0)"
94.130.90.54 - - [10/Mar/2026:11:37:48 +0100] "GET /wp-content/uploads/2111-MZL_Naehte22-1-850x567-1-300x300.jpg HTTP/1.1" 200 20076 "https://reezone.inglory.de/product/multizonenlift/" "Serf/1.3.9 (mod_pagespeed/1.13.35.2-0)"
94.130.90.54 - - [10/Mar/2026:11:37:48 +0100] "GET /wp-content/uploads/2111-MZL_Naehte22-1-850x567-1-100x100.jpg HTTP/1.1" 200 13581 "https://reezone.inglory.de/product/multizonenlift/" "Serf/1.3.9 (mod_pagespeed/1.13.35.2-0)"
94.130.90.54 - - [10/Mar/2026:11:37:48 +0100] "GET /wp-content/uploads/multizonenlift-fernbedienung-2-850x850-1-150x150.jpg HTTP/1.1" 200 5081 "https://reezone.inglory.de/product/multizonenlift/" "Serf/1.3.9 (mod_pagespeed/1.13.35.2-0)"
94.130.90.54 - - [10/Mar/2026:11:37:48 +0100] "GET /wp-content/uploads/multizonenlift-fernbedienung-2-850x850-1.jpg HTTP/1.1" 200 28619 "https://reezone.inglory.de/product/multizonenlift/" "Serf/1.3.9 (mod_pagespeed/1.13.35.2-0)"
94.130.90.54 - - [10/Mar/2026:11:37:48 +0100] "GET /wp-content/uploads/multizonenlift-fernbedienung-2-850x850-1-150x150.jpg HTTP/1.1" 200 5081 "https://reezone.inglory.de/product/multizonenlift/" "Serf/1.3.9 (mod_pagespeed/1.13.35.2-0)"
94.130.90.54 - - [10/Mar/2026:11:37:48 +0100] "GET /wp-content/uploads/multizonenlift-fernbedienung-2-850x850-1-300x300.jpg HTTP/1.1" 200 8026 "https://reezone.inglory.de/product/multizonenlift/" "Serf/1.3.9 (mod_pagespeed/1.13.35.2-0)"
94.130.90.54 - - [10/Mar/2026:11:37:48 +0100] "GET /wp-content/uploads/Frame-162-5.jpg HTTP/1.1" 200 227330 "https://reezone.inglory.de/product/multizonenlift/" "Serf/1.3.9 (mod_pagespeed/1.13.35.2-0)"
94.130.90.54 - - [10/Mar/2026:11:37:48 +0100] "GET /wp-content/uploads/Frame-162-5.jpg HTTP/1.1" 200 227330 "https://reezone.inglory.de/product/multizonenlift/" "Serf/1.3.9 (mod_pagespeed/1.13.35.2-0)"
94.130.90.54 - - [10/Mar/2026:11:37:48 +0100] "GET /wp-content/uploads/Frame-162-5-300x186.jpg HTTP/1.1" 200 10008 "https://reezone.inglory.de/product/multizonenlift/" "Serf/1.3.9 (mod_pagespeed/1.13.35.2-0)"
94.130.90.54 - - [10/Mar/2026:11:37:48 +0100] "GET /wp-content/uploads/Frame-162-5-1024x636.jpg HTTP/1.1" 200 49555 "https://reezone.inglory.de/product/multizonenlift/" "Serf/1.3.9 (mod_pagespeed/1.13.35.2-0)"
94.130.90.54 - - [10/Mar/2026:11:37:48 +0100] "GET /wp-content/uploads/Frame-162-5-768x477.jpg HTTP/1.1" 200 32460 "https://reezone.inglory.de/product/multizonenlift/" "Serf/1.3.9 (mod_pagespeed/1.13.35.2-0)"
94.130.90.54 - - [10/Mar/2026:11:37:49 +0100] "GET /wp-content/uploads/Frame-162-5-600x372.jpg HTTP/1.1" 200 22730 "https://reezone.inglory.de/product/multizonenlift/" "Serf/1.3.9 (mod_pagespeed/1.13.35.2-0)"
94.130.90.54 - - [10/Mar/2026:11:37:49 +0100] "GET /wp-content/uploads/Frame-162-1-1-Kopie.jpg HTTP/1.1" 200 396588 "https://reezone.inglory.de/product/multizonenlift/" "Serf/1.3.9 (mod_pagespeed/1.13.35.2-0)"
94.130.90.54 - - [10/Mar/2026:11:37:49 +0100] "GET /wp-content/uploads/Frame-162-1-1-Kopie.jpg HTTP/1.1" 200 396588 "https://reezone.inglory.de/product/multizonenlift/" "Serf/1.3.9 (mod_pagespeed/1.13.35.2-0)"
94.130.90.54 - - [10/Mar/2026:11:37:49 +0100] "GET /wp-content/uploads/Frame-162-1-1-Kopie-300x186.jpg HTTP/1.1" 200 25408 "https://reezone.inglory.de/product/multizonenlift/" "Serf/1.3.9 (mod_pagespeed/1.13.35.2-0)"
94.130.90.54 - - [10/Mar/2026:11:37:49 +0100] "GET /wp-content/uploads/Frame-162-1-1-Kopie-1024x636.jpg HTTP/1.1" 200 115661 "https://reezone.inglory.de/product/multizonenlift/" "Serf/1.3.9 (mod_pagespeed/1.13.35.2-0)"
94.130.90.54 - - [10/Mar/2026:11:37:49 +0100] "GET /wp-content/uploads/Frame-162-1-1-Kopie-768x477.jpg HTTP/1.1" 200 77128 "https://reezone.inglory.de/product/multizonenlift/" "Serf/1.3.9 (mod_pagespeed/1.13.35.2-0)"
94.130.90.54 - - [10/Mar/2026:11:37:49 +0100] "GET /wp-content/uploads/Frame-162-1-1-Kopie-600x372.jpg HTTP/1.1" 200 54982 "https://reezone.inglory.de/product/multizonenlift/" "Serf/1.3.9 (mod_pagespeed/1.13.35.2-0)"
94.130.90.54 - - [10/Mar/2026:11:37:49 +0100] "GET /wp-content/plugins/variation-swatches-woo/assets/js/swatches.js?ver=1.0.13 HTTP/1.1" 200 20059 "https://reezone.inglory.de/product/multizonenlift/" "Serf/1.3.9 (mod_pagespeed/1.13.35.2-0)"
94.130.90.54 - - [10/Mar/2026:11:37:49 +0100] "GET /wp-includes/js/mediaelement/mediaelement-and-player.min.js?ver=4.2.17 HTTP/1.1" 200 161822 "https://reezone.inglory.de/product/multizonenlift/" "Serf/1.3.9 (mod_pagespeed/1.13.35.2-0)"
94.130.90.54 - - [10/Mar/2026:11:37:49 +0100] "GET /wp-includes/js/mediaelement/mediaelement-migrate.min.js?ver=6.9.1 HTTP/1.1" 200 4714 "https://reezone.inglory.de/product/multizonenlift/" "Serf/1.3.9 (mod_pagespeed/1.13.35.2-0)"
94.130.90.54 - - [10/Mar/2026:11:37:49 +0100] "GET /wp-content/plugins/jet-engine/assets/lib/jet-plugins/jet-plugins.js?ver=1.1.0 HTTP/1.1" 200 10087 "https://reezone.inglory.de/product/multizonenlift/" "Serf/1.3.9 (mod_pagespeed/1.13.35.2-0)"
94.130.90.54 - - [10/Mar/2026:11:37:49 +0100] "GET /wp-content/plugins/jet-woo-product-gallery/assets/js/jet-woo-product-gallery.min.js?ver=2.2.6 HTTP/1.1" 200 21045 "https://reezone.inglory.de/product/multizonenlift/" "Serf/1.3.9 (mod_pagespeed/1.13.35.2-0)"
94.130.90.54 - - [10/Mar/2026:11:37:49 +0100] "GET /wp-includes/js/mediaelement/mediaelementplayer-legacy.min.css?ver=4.2.17 HTTP/1.1" 200 14796 "https://reezone.inglory.de/product/multizonenlift/" "Serf/1.3.9 (mod_pagespeed/1.13.35.2-0)"
94.130.90.54 - - [10/Mar/2026:11:37:49 +0100] "GET /wp-content/plugins/jet-woo-product-gallery/assets/css/frontend.css?ver=2.2.6 HTTP/1.1" 200 14966 "https://reezone.inglory.de/product/multizonenlift/" "Serf/1.3.9 (mod_pagespeed/1.13.35.2-0)"
94.130.90.54 - - [10/Mar/2026:11:37:49 +0100] "GET /wp-content/plugins/jet-woo-product-gallery/assets/css/widgets/gallery-slider.css?ver=2.2.6 HTTP/1.1" 200 26075 "https://reezone.inglory.de/product/multizonenlift/" "Serf/1.3.9 (mod_pagespeed/1.13.35.2-0)"
172.226.108.7 - - [10/Mar/2026:11:37:49 +0100] "GET /wp-content/plugins/woocommerce/assets/css/photoswipe/default-skin/A.default-skin.min.css,qver=10.5.3.pagespeed.cf.oClbawedOm.css HTTP/1.0" 200 6059 "https://reezone.inglory.de/product/multizonenlift/" "Mozilla/5.0 (iPhone; CPU iPhone OS 18_7 like Mac OS X) AppleWebKit/605.1.15 (KHTML, like Gecko) Version/26.3 Mobile/15E148 Safari/604.1"
172.226.108.7 - - [10/Mar/2026:11:37:49 +0100] "GET /wp-content/plugins/woocommerce/assets/css/photoswipe/A.photoswipe.min.css,qver=10.5.3.pagespeed.cf.O7ZR5LsO_v.css HTTP/1.0" 200 5078 "https://reezone.inglory.de/product/multizonenlift/" "Mozilla/5.0 (iPhone; CPU iPhone OS 18_7 like Mac OS X) AppleWebKit/605.1.15 (KHTML, like Gecko) Version/26.3 Mobile/15E148 Safari/604.1"
172.226.108.7 - - [10/Mar/2026:11:37:49 +0100] "GET /wp-includes/js/mediaelement/mediaelementplayer-legacy.min.css?ver=4.2.17 HTTP/1.0" 200 6787 "https://reezone.inglory.de/product/multizonenlift/" "Mozilla/5.0 (iPhone; CPU iPhone OS 18_7 like Mac OS X) AppleWebKit/605.1.15 (KHTML, like Gecko) Version/26.3 Mobile/15E148 Safari/604.1"
172.226.108.7 - - [10/Mar/2026:11:37:49 +0100] "GET /wp-content/plugins/variation-swatches-woo/assets/css/swatches.css?ver=1.0.13 HTTP/1.0" 200 5972 "https://reezone.inglory.de/product/multizonenlift/" "Mozilla/5.0 (iPhone; CPU iPhone OS 18_7 like Mac OS X) AppleWebKit/605.1.15 (KHTML, like Gecko) Version/26.3 Mobile/15E148 Safari/604.1"
94.130.90.54 - - [10/Mar/2026:11:37:49 +0100] "GET /wp-content/uploads/elementor/css/post-415.css?ver=1772619372 HTTP/1.1" 200 30496 "https://reezone.inglory.de/product/multizonenlift/" "Serf/1.3.9 (mod_pagespeed/1.13.35.2-0)"
94.130.90.54 - - [10/Mar/2026:11:37:49 +0100] "GET /wp-includes/js/mediaelement/mejs-controls.svg HTTP/1.1" 200 8119 "https://reezone.inglory.de/wp-includes/js/mediaelement/mediaelementplayer-legacy.min.css?ver=4.2.17" "Serf/1.3.9 (mod_pagespeed/1.13.35.2-0)"
172.226.108.7 - - [10/Mar/2026:11:37:49 +0100] "GET /wp-content/plugins/jet-woo-product-gallery/assets/css/frontend.css?ver=2.2.6 HTTP/1.0" 200 6926 "https://reezone.inglory.de/product/multizonenlift/" "Mozilla/5.0 (iPhone; CPU iPhone OS 18_7 like Mac OS X) AppleWebKit/605.1.15 (KHTML, like Gecko) Version/26.3 Mobile/15E148 Safari/604.1"
172.226.108.7 - - [10/Mar/2026:11:37:49 +0100] "GET /wp-content/plugins/woocommerce/assets/css/woocommerce.css,qver=10.5.3.pagespeed.ce.HrKYvcvQb4.css HTTP/1.0" 200 15187 "https://reezone.inglory.de/product/multizonenlift/" "Mozilla/5.0 (iPhone; CPU iPhone OS 18_7 like Mac OS X) AppleWebKit/605.1.15 (KHTML, like Gecko) Version/26.3 Mobile/15E148 Safari/604.1"
172.226.108.7 - - [10/Mar/2026:11:37:49 +0100] "GET /wp-content/plugins/jet-woo-product-gallery/assets/css/widgets/gallery-slider.css?ver=2.2.6 HTTP/1.0" 200 6700 "https://reezone.inglory.de/product/multizonenlift/" "Mozilla/5.0 (iPhone; CPU iPhone OS 18_7 like Mac OS X) AppleWebKit/605.1.15 (KHTML, like Gecko) Version/26.3 Mobile/15E148 Safari/604.1"
172.226.108.7 - - [10/Mar/2026:11:37:49 +0100] "GET /wp-content/plugins/elementor-pro/assets/css/widget-loop-common.min.css?ver=3.35.1 HTTP/1.0" 200 4338 "https://reezone.inglory.de/product/multizonenlift/" "Mozilla/5.0 (iPhone; CPU iPhone OS 18_7 like Mac OS X) AppleWebKit/605.1.15 (KHTML, like Gecko) Version/26.3 Mobile/15E148 Safari/604.1"
94.130.90.54 - - [10/Mar/2026:11:37:49 +0100] "GET /wp-content/uploads/elementor/css/post-677.css?ver=1772619373 HTTP/1.1" 200 22243 "https://reezone.inglory.de/product/multizonenlift/" "Serf/1.3.9 (mod_pagespeed/1.13.35.2-0)"
172.226.108.7 - - [10/Mar/2026:11:37:49 +0100] "GET /wp-content/plugins/elementor-pro/assets/css/widget-woocommerce-product-add-to-cart.min.css?ver=3.35.1 HTTP/1.0" 200 6375 "https://reezone.inglory.de/product/multizonenlift/" "Mozilla/5.0 (iPhone; CPU iPhone OS 18_7 like Mac OS X) AppleWebKit/605.1.15 (KHTML, like Gecko) Version/26.3 Mobile/15E148 Safari/604.1"
172.226.108.7 - - [10/Mar/2026:11:37:49 +0100] "GET /wp-content/plugins/elementor-pro/assets/css/widget-loop-grid.min.css?ver=3.35.1 HTTP/1.0" 200 5467 "https://reezone.inglory.de/product/multizonenlift/" "Mozilla/5.0 (iPhone; CPU iPhone OS 18_7 like Mac OS X) AppleWebKit/605.1.15 (KHTML, like Gecko) Version/26.3 Mobile/15E148 Safari/604.1"
172.226.108.7 - - [10/Mar/2026:11:37:49 +0100] "GET /wp-content/uploads/elementor/css/A.post-137.css,qver=1773036046.pagespeed.cf.HlYsIwSVDd.css HTTP/1.0" 200 7291 "https://reezone.inglory.de/product/multizonenlift/" "Mozilla/5.0 (iPhone; CPU iPhone OS 18_7 like Mac OS X) AppleWebKit/605.1.15 (KHTML, like Gecko) Version/26.3 Mobile/15E148 Safari/604.1"
94.130.90.54 - - [10/Mar/2026:11:37:49 +0100] "GET /wp-content/plugins/elementor/assets/css/widget-nested-accordion.min.css?ver=3.35.6 HTTP/1.1" 200 8745 "https://reezone.inglory.de/product/multizonenlift/" "Serf/1.3.9 (mod_pagespeed/1.13.35.2-0)"
172.226.108.7 - - [10/Mar/2026:11:37:49 +0100] "GET /wp-content/uploads/elementor/css/post-415.css?ver=1772619372 HTTP/1.0" 200 7617 "https://reezone.inglory.de/product/multizonenlift/" "Mozilla/5.0 (iPhone; CPU iPhone OS 18_7 like Mac OS X) AppleWebKit/605.1.15 (KHTML, like Gecko) Version/26.3 Mobile/15E148 Safari/604.1"
172.226.108.7 - - [10/Mar/2026:11:37:49 +0100] "GET /wp-content/plugins/yith-woocommerce-product-add-ons/assets/css/A.front.css,qver=4.28.0.pagespeed.cf.iLtGvr3a05.css HTTP/1.0" 200 8656 "https://reezone.inglory.de/product/multizonenlift/" "Mozilla/5.0 (iPhone; CPU iPhone OS 18_7 like Mac OS X) AppleWebKit/605.1.15 (KHTML, like Gecko) Version/26.3 Mobile/15E148 Safari/604.1"
94.130.90.54 - - [10/Mar/2026:11:37:49 +0100] "GET /wp-content/uploads/Frame-162-4-150x150.jpg HTTP/1.1" 200 8084 "https://reezone.inglory.de/product/multizonenlift/" "Serf/1.3.9 (mod_pagespeed/1.13.35.2-0)"
172.226.108.7 - - [10/Mar/2026:11:37:49 +0100] "GET /wp-content/plugins/woocommerce/assets/js/zoom/jquery.zoom.min.js?ver=1.7.21-wc.10.5.3 HTTP/1.0" 200 5389 "https://reezone.inglory.de/product/multizonenlift/" "Mozilla/5.0 (iPhone; CPU iPhone OS 18_7 like Mac OS X) AppleWebKit/605.1.15 (KHTML, like Gecko) Version/26.3 Mobile/15E148 Safari/604.1"
172.226.108.7 - - [10/Mar/2026:11:37:49 +0100] "GET /wp-includes/css/dist/block-library/A.style.min.css,qver=6.9.1.pagespeed.cf.jlQD0wfBKx.css HTTP/1.0" 200 123689 "https://reezone.inglory.de/product/multizonenlift/" "Mozilla/5.0 (iPhone; CPU iPhone OS 18_7 like Mac OS X) AppleWebKit/605.1.15 (KHTML, like Gecko) Version/26.3 Mobile/15E148 Safari/604.1"
172.226.108.7 - - [10/Mar/2026:11:37:49 +0100] "GET /wp-content/plugins/woocommerce/assets/js/flexslider/jquery.flexslider.min.js?ver=2.7.2-wc.10.5.3 HTTP/1.0" 200 10414 "https://reezone.inglory.de/product/multizonenlift/" "Mozilla/5.0 (iPhone; CPU iPhone OS 18_7 like Mac OS X) AppleWebKit/605.1.15 (KHTML, like Gecko) Version/26.3 Mobile/15E148 Safari/604.1"
172.226.108.7 - - [10/Mar/2026:11:37:49 +0100] "GET /wp-content/plugins/woocommerce/assets/js/photoswipe/photoswipe.min.js?ver=4.1.1-wc.10.5.3 HTTP/1.0" 200 16257 "https://reezone.inglory.de/product/multizonenlift/" "Mozilla/5.0 (iPhone; CPU iPhone OS 18_7 like Mac OS X) AppleWebKit/605.1.15 (KHTML, like Gecko) Version/26.3 Mobile/15E148 Safari/604.1"
172.226.108.7 - - [10/Mar/2026:11:37:49 +0100] "GET /wp-content/plugins/woocommerce/assets/js/photoswipe/photoswipe-ui-default.min.js?ver=4.1.1-wc.10.5.3 HTTP/1.0" 200 7894 "https://reezone.inglory.de/product/multizonenlift/" "Mozilla/5.0 (iPhone; CPU iPhone OS 18_7 like Mac OS X) AppleWebKit/605.1.15 (KHTML, like Gecko) Version/26.3 Mobile/15E148 Safari/604.1"
94.130.90.54 - - [10/Mar/2026:11:37:49 +0100] "GET /wp-content/uploads/Frame-162-4.jpg HTTP/1.1" 200 196887 "https://reezone.inglory.de/product/multizonenlift/" "Serf/1.3.9 (mod_pagespeed/1.13.35.2-0)"
172.226.108.7 - - [10/Mar/2026:11:37:49 +0100] "GET /wp-content/plugins/elementor/assets/css/widget-nested-accordion.min.css?ver=3.35.6 HTTP/1.0" 200 4978 "https://reezone.inglory.de/product/multizonenlift/" "Mozilla/5.0 (iPhone; CPU iPhone OS 18_7 like Mac OS X) AppleWebKit/605.1.15 (KHTML, like Gecko) Version/26.3 Mobile/15E148 Safari/604.1"
172.226.108.7 - - [10/Mar/2026:11:37:49 +0100] "GET /wp-content/uploads/Frame-162-4.jpg HTTP/1.0" 200 197420 "https://reezone.inglory.de/product/multizonenlift/" "Mozilla/5.0 (iPhone; CPU iPhone OS 18_7 like Mac OS X) AppleWebKit/605.1.15 (KHTML, like Gecko) Version/26.3 Mobile/15E148 Safari/604.1"
172.226.108.7 - - [10/Mar/2026:11:37:49 +0100] "GET /wp-content/plugins/variation-swatches-woo/assets/js/swatches.js?ver=1.0.13 HTTP/1.0" 200 8271 "https://reezone.inglory.de/product/multizonenlift/" "Mozilla/5.0 (iPhone; CPU iPhone OS 18_7 like Mac OS X) AppleWebKit/605.1.15 (KHTML, like Gecko) Version/26.3 Mobile/15E148 Safari/604.1"
172.226.108.7 - - [10/Mar/2026:11:37:49 +0100] "GET /wp-content/plugins/elementor/assets/js/frontend-modules.min.js?ver=3.35.6 HTTP/1.0" 200 20063 "https://reezone.inglory.de/product/multizonenlift/" "Mozilla/5.0 (iPhone; CPU iPhone OS 18_7 like Mac OS X) AppleWebKit/605.1.15 (KHTML, like Gecko) Version/26.3 Mobile/15E148 Safari/604.1"
172.226.108.7 - - [10/Mar/2026:11:37:49 +0100] "GET /wp-includes/js/jquery/ui/core.min.js?ver=1.13.3 HTTP/1.0" 200 10651 "https://reezone.inglory.de/product/multizonenlift/" "Mozilla/5.0 (iPhone; CPU iPhone OS 18_7 like Mac OS X) AppleWebKit/605.1.15 (KHTML, like Gecko) Version/26.3 Mobile/15E148 Safari/604.1"
172.226.108.7 - - [10/Mar/2026:11:37:49 +0100] "GET /wp-content/uploads/elementor/css/post-677.css?ver=1772619373 HTTP/1.0" 200 5910 "https://reezone.inglory.de/product/multizonenlift/" "Mozilla/5.0 (iPhone; CPU iPhone OS 18_7 like Mac OS X) AppleWebKit/605.1.15 (KHTML, like Gecko) Version/26.3 Mobile/15E148 Safari/604.1"
94.130.90.54 - - [10/Mar/2026:11:37:49 +0100] "GET /wp-content/uploads/Frame-162-4-150x150.jpg HTTP/1.1" 200 8084 "https://reezone.inglory.de/product/multizonenlift/" "Serf/1.3.9 (mod_pagespeed/1.13.35.2-0)"
172.226.108.7 - - [10/Mar/2026:11:37:49 +0100] "GET /wp-includes/js/mediaelement/mediaelement-migrate.min.js?ver=6.9.1 HTTP/1.0" 200 4736 "https://reezone.inglory.de/product/multizonenlift/" "Mozilla/5.0 (iPhone; CPU iPhone OS 18_7 like Mac OS X) AppleWebKit/605.1.15 (KHTML, like Gecko) Version/26.3 Mobile/15E148 Safari/604.1"
172.226.108.7 - - [10/Mar/2026:11:37:49 +0100] "GET /wp-includes/js/imagesloaded.min.js?ver=5.0.0 HTTP/1.0" 200 6021 "https://reezone.inglory.de/product/multizonenlift/" "Mozilla/5.0 (iPhone; CPU iPhone OS 18_7 like Mac OS X) AppleWebKit/605.1.15 (KHTML, like Gecko) Version/26.3 Mobile/15E148 Safari/604.1"
172.226.108.7 - - [10/Mar/2026:11:37:49 +0100] "GET /wp-includes/js/mediaelement/mediaelement-and-player.min.js?ver=4.2.17 HTTP/1.0" 200 42958 "https://reezone.inglory.de/product/multizonenlift/" "Mozilla/5.0 (iPhone; CPU iPhone OS 18_7 like Mac OS X) AppleWebKit/605.1.15 (KHTML, like Gecko) Version/26.3 Mobile/15E148 Safari/604.1"
172.226.108.7 - - [10/Mar/2026:11:37:49 +0100] "GET /wp-content/plugins/woocommerce/assets/js/sourcebuster/sourcebuster.min.js?ver=10.5.3 HTTP/1.0" 200 9009 "https://reezone.inglory.de/product/multizonenlift/" "Mozilla/5.0 (iPhone; CPU iPhone OS 18_7 like Mac OS X) AppleWebKit/605.1.15 (KHTML, like Gecko) Version/26.3 Mobile/15E148 Safari/604.1"
94.130.90.54 - - [10/Mar/2026:11:37:49 +0100] "GET /wp-content/uploads/Frame-162-4-300x300.jpg HTTP/1.1" 200 15132 "https://reezone.inglory.de/product/multizonenlift/" "Serf/1.3.9 (mod_pagespeed/1.13.35.2-0)"
172.226.108.7 - - [10/Mar/2026:11:37:49 +0100] "GET /wp-content/plugins/woocommerce/assets/js/selectWoo/selectWoo.full.min.js?ver=1.0.9-wc.10.5.3 HTTP/1.0" 200 25808 "https://reezone.inglory.de/product/multizonenlift/" "Mozilla/5.0 (iPhone; CPU iPhone OS 18_7 like Mac OS X) AppleWebKit/605.1.15 (KHTML, like Gecko) Version/26.3 Mobile/15E148 Safari/604.1"
172.226.108.7 - - [10/Mar/2026:11:37:49 +0100] "GET /wp-includes/js/dist/hooks.min.js?ver=dd5603f07f9220ed27f1 HTTP/1.0" 200 6148 "https://reezone.inglory.de/product/multizonenlift/" "Mozilla/5.0 (iPhone; CPU iPhone OS 18_7 like Mac OS X) AppleWebKit/605.1.15 (KHTML, like Gecko) Version/26.3 Mobile/15E148 Safari/604.1"
172.226.108.7 - - [10/Mar/2026:11:37:49 +0100] "GET /wp-includes/js/jquery/ui/progressbar.min.js?ver=1.13.3 HTTP/1.0" 200 4959 "https://reezone.inglory.de/product/multizonenlift/" "Mozilla/5.0 (iPhone; CPU iPhone OS 18_7 like Mac OS X) AppleWebKit/605.1.15 (KHTML, like Gecko) Version/26.3 Mobile/15E148 Safari/604.1"
94.130.90.54 - - [10/Mar/2026:11:37:49 +0100] "GET /wp-content/uploads/Frame-162-4-100x100.jpg HTTP/1.1" 200 6231 "https://reezone.inglory.de/product/multizonenlift/" "Serf/1.3.9 (mod_pagespeed/1.13.35.2-0)"
172.226.108.7 - - [10/Mar/2026:11:37:49 +0100] "GET /wp-content/plugins/jet-woo-product-gallery/assets/lib/swiper/swiper.min.js?ver=5.3.6 HTTP/1.0" 200 39372 "https://reezone.inglory.de/product/multizonenlift/" "Mozilla/5.0 (iPhone; CPU iPhone OS 18_7 like Mac OS X) AppleWebKit/605.1.15 (KHTML, like Gecko) Version/26.3 Mobile/15E148 Safari/604.1"
172.226.108.7 - - [10/Mar/2026:11:37:49 +0100] "GET /wp-content/plugins/yith-woocommerce-product-add-ons/assets/js/front.min.js?ver=4.28.0 HTTP/1.0" 200 17151 "https://reezone.inglory.de/product/multizonenlift/" "Mozilla/5.0 (iPhone; CPU iPhone OS 18_7 like Mac OS X) AppleWebKit/605.1.15 (KHTML, like Gecko) Version/26.3 Mobile/15E148 Safari/604.1"
172.226.108.7 - - [10/Mar/2026:11:37:49 +0100] "GET /wp-includes/js/dist/i18n.min.js?ver=c26c3dc7bed366793375 HTTP/1.0" 200 6435 "https://reezone.inglory.de/product/multizonenlift/" "Mozilla/5.0 (iPhone; CPU iPhone OS 18_7 like Mac OS X) AppleWebKit/605.1.15 (KHTML, like Gecko) Version/26.3 Mobile/15E148 Safari/604.1"
172.226.108.7 - - [10/Mar/2026:11:37:49 +0100] "GET /wp-content/plugins/jet-engine/assets/lib/jet-plugins/jet-plugins.js?ver=1.1.0 HTTP/1.0" 200 6525 "https://reezone.inglory.de/product/multizonenlift/" "Mozilla/5.0 (iPhone; CPU iPhone OS 18_7 like Mac OS X) AppleWebKit/605.1.15 (KHTML, like Gecko) Version/26.3 Mobile/15E148 Safari/604.1"
172.226.108.7 - - [10/Mar/2026:11:37:49 +0100] "GET /wp-content/plugins/jet-woo-product-gallery/assets/js/jet-woo-product-gallery.min.js?ver=2.2.6 HTTP/1.0" 200 9378 "https://reezone.inglory.de/product/multizonenlift/" "Mozilla/5.0 (iPhone; CPU iPhone OS 18_7 like Mac OS X) AppleWebKit/605.1.15 (KHTML, like Gecko) Version/26.3 Mobile/15E148 Safari/604.1"
94.130.90.54 - - [10/Mar/2026:11:37:49 +0100] "GET /wp-content/uploads/multizonenlift-fernbedienung-2-850x850-1-768x768.jpg HTTP/1.1" 200 24265 "https://reezone.inglory.de/product/multizonenlift/" "Serf/1.3.9 (mod_pagespeed/1.13.35.2-0)"
94.130.90.54 - - [10/Mar/2026:11:37:49 +0100] "GET /wp-content/uploads/multizonenlift-fernbedienung-2-850x850-1-600x600.jpg HTTP/1.1" 200 17216 "https://reezone.inglory.de/product/multizonenlift/" "Serf/1.3.9 (mod_pagespeed/1.13.35.2-0)"
94.130.90.54 - - [10/Mar/2026:11:37:49 +0100] "GET /wp-content/uploads/multizonenlift-fernbedienung-2-850x850-1-100x100.jpg HTTP/1.1" 200 4522 "https://reezone.inglory.de/product/multizonenlift/" "Serf/1.3.9 (mod_pagespeed/1.13.35.2-0)"
94.130.90.54 - - [10/Mar/2026:11:37:49 +0100] "GET /wp-content/uploads/multizonenlift-fernbedienung-2-850x850-1.jpg HTTP/1.1" 200 28619 "https://reezone.inglory.de/product/multizonenlift/" "Serf/1.3.9 (mod_pagespeed/1.13.35.2-0)"
94.130.90.54 - - [10/Mar/2026:11:37:49 +0100] "GET /wp-content/uploads/CleanShot-2026-02-04-at-13.44.22@2x-1.jpg HTTP/1.1" 200 256572 "https://reezone.inglory.de/product/multizonenlift/" "Serf/1.3.9 (mod_pagespeed/1.13.35.2-0)"
94.130.90.54 - - [10/Mar/2026:11:37:49 +0100] "GET /wp-content/uploads/CleanShot-2026-02-04-at-13.44.22@2x-1.jpg HTTP/1.1" 200 256572 "https://reezone.inglory.de/product/multizonenlift/" "Serf/1.3.9 (mod_pagespeed/1.13.35.2-0)"
94.130.90.54 - - [10/Mar/2026:11:37:49 +0100] "GET /wp-content/uploads/CleanShot-2026-02-04-at-13.44.22@2x-1-300x183.jpg HTTP/1.1" 200 11246 "https://reezone.inglory.de/product/multizonenlift/" "Serf/1.3.9 (mod_pagespeed/1.13.35.2-0)"
94.130.90.54 - - [10/Mar/2026:11:37:49 +0100] "GET /wp-content/uploads/CleanShot-2026-02-04-at-13.44.22@2x-1-1024x623.jpg HTTP/1.1" 200 58301 "https://reezone.inglory.de/product/multizonenlift/" "Serf/1.3.9 (mod_pagespeed/1.13.35.2-0)"
94.130.90.54 - - [10/Mar/2026:11:37:49 +0100] "GET /wp-content/uploads/CleanShot-2026-02-04-at-13.44.22@2x-1-768x467.jpg HTTP/1.1" 200 38884 "https://reezone.inglory.de/product/multizonenlift/" "Serf/1.3.9 (mod_pagespeed/1.13.35.2-0)"
94.130.90.54 - - [10/Mar/2026:11:37:49 +0100] "GET /wp-content/uploads/CleanShot-2026-02-04-at-13.44.22@2x-1-600x365.jpg HTTP/1.1" 200 26907 "https://reezone.inglory.de/product/multizonenlift/" "Serf/1.3.9 (mod_pagespeed/1.13.35.2-0)"
94.130.90.54 - - [10/Mar/2026:11:37:49 +0100] "GET /wp-content/uploads/bg-1-3.jpg HTTP/1.1" 200 537622 "https://reezone.inglory.de/product/multizonenlift/" "Serf/1.3.9 (mod_pagespeed/1.13.35.2-0)"
94.130.90.54 - - [10/Mar/2026:11:37:49 +0100] "GET /wp-includes/js/mediaelement/mejs-controls.svg HTTP/1.1" 200 8119 "https://reezone.inglory.de/product/multizonenlift/" "Serf/1.3.9 (mod_pagespeed/1.13.35.2-0)"
94.130.90.54 - - [10/Mar/2026:11:37:49 +0100] "GET /wp-content/uploads/icon.png HTTP/1.1" 200 6704 "https://reezone.inglory.de/product/multizonenlift/" "Serf/1.3.9 (mod_pagespeed/1.13.35.2-0)"
94.130.90.54 - - [10/Mar/2026:11:37:49 +0100] "GET /wp-content/uploads/img-5-1.jpg HTTP/1.1" 200 89055 "https://reezone.inglory.de/product/multizonenlift/" "Serf/1.3.9 (mod_pagespeed/1.13.35.2-0)"
94.130.90.54 - - [10/Mar/2026:11:37:49 +0100] "GET /wp-content/uploads/img-1-3.jpg HTTP/1.1" 200 143515 "https://reezone.inglory.de/product/multizonenlift/" "Serf/1.3.9 (mod_pagespeed/1.13.35.2-0)"
172.226.108.7 - - [10/Mar/2026:11:37:49 +0100] "GET /wp-content/uploads/multizonenlift-fernbedienung-2-850x850-1.jpg HTTP/1.0" 200 29222 "https://reezone.inglory.de/product/multizonenlift/" "Mozilla/5.0 (iPhone; CPU iPhone OS 18_7 like Mac OS X) AppleWebKit/605.1.15 (KHTML, like Gecko) Version/26.3 Mobile/15E148 Safari/604.1"
172.226.108.7 - - [10/Mar/2026:11:37:49 +0100] "GET /wp-content/uploads/2111-MZL_Naehte22-1-850x567-1.jpg HTTP/1.0" 200 37737 "https://reezone.inglory.de/product/multizonenlift/" "Mozilla/5.0 (iPhone; CPU iPhone OS 18_7 like Mac OS X) AppleWebKit/605.1.15 (KHTML, like Gecko) Version/26.3 Mobile/15E148 Safari/604.1"
172.226.108.7 - - [10/Mar/2026:11:37:49 +0100] "GET /wp-content/uploads/bg-1-3.jpg HTTP/1.0" 200 538008 "https://reezone.inglory.de/product/multizonenlift/" "Mozilla/5.0 (iPhone; CPU iPhone OS 18_7 like Mac OS X) AppleWebKit/605.1.15 (KHTML, like Gecko) Version/26.3 Mobile/15E148 Safari/604.1"
172.226.108.7 - - [10/Mar/2026:11:37:49 +0100] "GET /wp-content/plugins/elementor/assets/css/conditionals/dialog.min.css?ver=3.35.6 HTTP/1.0" 200 5648 "https://reezone.inglory.de/product/multizonenlift/" "Mozilla/5.0 (iPhone; CPU iPhone OS 18_7 like Mac OS X) AppleWebKit/605.1.15 (KHTML, like Gecko) Version/26.3 Mobile/15E148 Safari/604.1"
172.226.108.7 - - [10/Mar/2026:11:37:49 +0100] "GET /wp-content/plugins/elementor/assets/lib/swiper/v8/css/swiper.min.css?ver=8.4.5 HTTP/1.0" 200 8532 "https://reezone.inglory.de/product/multizonenlift/" "Mozilla/5.0 (iPhone; CPU iPhone OS 18_7 like Mac OS X) AppleWebKit/605.1.15 (KHTML, like Gecko) Version/26.3 Mobile/15E148 Safari/604.1"
172.226.108.7 - - [10/Mar/2026:11:37:49 +0100] "GET /wp-content/plugins/elementor/assets/css/conditionals/lightbox.min.css?ver=3.35.6 HTTP/1.0" 200 6077 "https://reezone.inglory.de/product/multizonenlift/" "Mozilla/5.0 (iPhone; CPU iPhone OS 18_7 like Mac OS X) AppleWebKit/605.1.15 (KHTML, like Gecko) Version/26.3 Mobile/15E148 Safari/604.1"
172.226.108.7 - - [10/Mar/2026:11:37:49 +0100] "GET /wp-content/plugins/elementor/assets/js/397f2d183c19202777d6.bundle.min.js HTTP/1.0" 200 12935 "https://reezone.inglory.de/product/multizonenlift/" "Mozilla/5.0 (iPhone; CPU iPhone OS 18_7 like Mac OS X) AppleWebKit/605.1.15 (KHTML, like Gecko) Version/26.3 Mobile/15E148 Safari/604.1"
172.226.108.7 - - [10/Mar/2026:11:37:49 +0100] "GET /wp-content/plugins/elementor/assets/js/lightbox.570c05c5a283cfb6b223.bundle.min.js HTTP/1.0" 200 13763 "https://reezone.inglory.de/product/multizonenlift/" "Mozilla/5.0 (iPhone; CPU iPhone OS 18_7 like Mac OS X) AppleWebKit/605.1.15 (KHTML, like Gecko) Version/26.3 Mobile/15E148 Safari/604.1"
172.226.108.7 - - [10/Mar/2026:11:37:49 +0100] "GET /wp-content/plugins/elementor/assets/lib/share-link/share-link.min.js?ver=3.35.6 HTTP/1.0" 200 5252 "https://reezone.inglory.de/product/multizonenlift/" "Mozilla/5.0 (iPhone; CPU iPhone OS 18_7 like Mac OS X) AppleWebKit/605.1.15 (KHTML, like Gecko) Version/26.3 Mobile/15E148 Safari/604.1"
172.226.108.7 - - [10/Mar/2026:11:37:49 +0100] "GET /wp-content/plugins/elementor/assets/js/shared-frontend-handlers.03caa53373b56d3bab67.bundle.min.js HTTP/1.0" 200 6853 "https://reezone.inglory.de/product/multizonenlift/" "Mozilla/5.0 (iPhone; CPU iPhone OS 18_7 like Mac OS X) AppleWebKit/605.1.15 (KHTML, like Gecko) Version/26.3 Mobile/15E148 Safari/604.1"
172.226.108.7 - - [10/Mar/2026:11:37:49 +0100] "GET /wp-content/plugins/elementor-pro/assets/js/nav-menu.8521a0597c50611efdc6.bundle.min.js HTTP/1.0" 200 6090 "https://reezone.inglory.de/product/multizonenlift/" "Mozilla/5.0 (iPhone; CPU iPhone OS 18_7 like Mac OS X) AppleWebKit/605.1.15 (KHTML, like Gecko) Version/26.3 Mobile/15E148 Safari/604.1"
172.226.108.7 - - [10/Mar/2026:11:37:49 +0100] "GET /wp-content/plugins/elementor-pro/assets/js/woocommerce-menu-cart.54f2e75f6769dce707e2.bundle.min.js HTTP/1.0" 200 5748 "https://reezone.inglory.de/product/multizonenlift/" "Mozilla/5.0 (iPhone; CPU iPhone OS 18_7 like Mac OS X) AppleWebKit/605.1.15 (KHTML, like Gecko) Version/26.3 Mobile/15E148 Safari/604.1"
172.226.108.7 - - [10/Mar/2026:11:37:49 +0100] "GET /wp-content/plugins/elementor/assets/js/text-editor.45609661e409413f1cef.bundle.min.js HTTP/1.0" 200 4844 "https://reezone.inglory.de/product/multizonenlift/" "Mozilla/5.0 (iPhone; CPU iPhone OS 18_7 like Mac OS X) AppleWebKit/605.1.15 (KHTML, like Gecko) Version/26.3 Mobile/15E148 Safari/604.1"
172.226.108.7 - - [10/Mar/2026:11:37:49 +0100] "GET /wp-content/plugins/elementor-pro/assets/js/ajax-pagination.2090b5f4906bcda1dcc2.bundle.min.js HTTP/1.0" 200 5280 "https://reezone.inglory.de/product/multizonenlift/" "Mozilla/5.0 (iPhone; CPU iPhone OS 18_7 like Mac OS X) AppleWebKit/605.1.15 (KHTML, like Gecko) Version/26.3 Mobile/15E148 Safari/604.1"
172.226.108.7 - - [10/Mar/2026:11:37:49 +0100] "GET /wp-content/plugins/elementor-pro/assets/js/load-more.8b46f464e573feab5dd7.bundle.min.js HTTP/1.0" 200 5674 "https://reezone.inglory.de/product/multizonenlift/" "Mozilla/5.0 (iPhone; CPU iPhone OS 18_7 like Mac OS X) AppleWebKit/605.1.15 (KHTML, like Gecko) Version/26.3 Mobile/15E148 Safari/604.1"
172.226.108.7 - - [10/Mar/2026:11:37:49 +0100] "GET /wp-content/plugins/elementor-pro/assets/js/loop.89cc81d2188312a17a17.bundle.min.js HTTP/1.0" 200 7347 "https://reezone.inglory.de/product/multizonenlift/" "Mozilla/5.0 (iPhone; CPU iPhone OS 18_7 like Mac OS X) AppleWebKit/605.1.15 (KHTML, like Gecko) Version/26.3 Mobile/15E148 Safari/604.1"
172.226.108.7 - - [10/Mar/2026:11:37:49 +0100] "GET /wp-content/plugins/elementor/assets/js/nested-accordion.294d40984397351fd0f5.bundle.min.js HTTP/1.0" 200 7004 "https://reezone.inglory.de/product/multizonenlift/" "Mozilla/5.0 (iPhone; CPU iPhone OS 18_7 like Mac OS X) AppleWebKit/605.1.15 (KHTML, like Gecko) Version/26.3 Mobile/15E148 Safari/604.1"
172.226.108.7 - - [10/Mar/2026:11:37:49 +0100] "GET /wp-content/uploads/Frame-162-4-300x300.jpg HTTP/1.0" 200 15742 "https://reezone.inglory.de/product/multizonenlift/" "Mozilla/5.0 (iPhone; CPU iPhone OS 18_7 like Mac OS X) AppleWebKit/605.1.15 (KHTML, like Gecko) Version/26.3 Mobile/15E148 Safari/604.1"
172.226.108.7 - - [10/Mar/2026:11:37:49 +0100] "GET /wp-content/uploads/2111-MZL_Naehte22-1-850x567-1-300x300.jpg HTTP/1.0" 200 20679 "https://reezone.inglory.de/product/multizonenlift/" "Mozilla/5.0 (iPhone; CPU iPhone OS 18_7 like Mac OS X) AppleWebKit/605.1.15 (KHTML, like Gecko) Version/26.3 Mobile/15E148 Safari/604.1"
172.226.108.7 - - [10/Mar/2026:11:37:49 +0100] "GET /wp-content/uploads/multizonenlift-fernbedienung-2-850x850-1-600x600.jpg HTTP/1.0" 200 17826 "https://reezone.inglory.de/product/multizonenlift/" "Mozilla/5.0 (iPhone; CPU iPhone OS 18_7 like Mac OS X) AppleWebKit/605.1.15 (KHTML, like Gecko) Version/26.3 Mobile/15E148 Safari/604.1"
172.226.108.7 - - [10/Mar/2026:11:37:49 +0100] "GET /wp-content/uploads/icon.png HTTP/1.0" 200 7314 "https://reezone.inglory.de/product/multizonenlift/" "Mozilla/5.0 (iPhone; CPU iPhone OS 18_7 like Mac OS X) AppleWebKit/605.1.15 (KHTML, like Gecko) Version/26.3 Mobile/15E148 Safari/604.1"
172.226.108.7 - - [10/Mar/2026:11:37:49 +0100] "GET /wp-content/uploads/Frame-162-1-1-Kopie.jpg HTTP/1.0" 200 397037 "https://reezone.inglory.de/product/multizonenlift/" "Mozilla/5.0 (iPhone; CPU iPhone OS 18_7 like Mac OS X) AppleWebKit/605.1.15 (KHTML, like Gecko) Version/26.3 Mobile/15E148 Safari/604.1"
172.226.108.7 - - [10/Mar/2026:11:37:49 +0100] "GET /wp-content/uploads/Frame-162-5.jpg HTTP/1.0" 200 227849 "https://reezone.inglory.de/product/multizonenlift/" "Mozilla/5.0 (iPhone; CPU iPhone OS 18_7 like Mac OS X) AppleWebKit/605.1.15 (KHTML, like Gecko) Version/26.3 Mobile/15E148 Safari/604.1"
172.226.108.7 - - [10/Mar/2026:11:37:50 +0100] "POST /mod_pagespeed_beacon?url=https%3A%2F%2Freezone.inglory.de%2Fproduct%2Fmultizonenlift%2F HTTP/1.0" 204 3892 "https://reezone.inglory.de/product/multizonenlift/" "Mozilla/5.0 (iPhone; CPU iPhone OS 18_7 like Mac OS X) AppleWebKit/605.1.15 (KHTML, like Gecko) Version/26.3 Mobile/15E148 Safari/604.1"
172.226.108.7 - - [10/Mar/2026:11:37:49 +0100] "POST /wp-admin/admin-ajax.php HTTP/1.0" 200 4804 "https://reezone.inglory.de/product/multizonenlift/" "Mozilla/5.0 (iPhone; CPU iPhone OS 18_7 like Mac OS X) AppleWebKit/605.1.15 (KHTML, like Gecko) Version/26.3 Mobile/15E148 Safari/604.1"
172.226.108.7 - - [10/Mar/2026:11:37:49 +0100] "POST /wp-admin/admin-ajax.php HTTP/1.0" 200 4804 "https://reezone.inglory.de/product/multizonenlift/" "Mozilla/5.0 (iPhone; CPU iPhone OS 18_7 like Mac OS X) AppleWebKit/605.1.15 (KHTML, like Gecko) Version/26.3 Mobile/15E148 Safari/604.1"
172.226.108.7 - - [10/Mar/2026:11:37:56 +0100] "GET /wp-content/uploads/img-5-1.jpg HTTP/1.0" 200 89630 "https://reezone.inglory.de/product/multizonenlift/" "Mozilla/5.0 (iPhone; CPU iPhone OS 18_7 like Mac OS X) AppleWebKit/605.1.15 (KHTML, like Gecko) Version/26.3 Mobile/15E148 Safari/604.1"
172.226.108.7 - - [10/Mar/2026:11:37:56 +0100] "GET /wp-content/uploads/img-1-3.jpg HTTP/1.0" 200 144069 "https://reezone.inglory.de/product/multizonenlift/" "Mozilla/5.0 (iPhone; CPU iPhone OS 18_7 like Mac OS X) AppleWebKit/605.1.15 (KHTML, like Gecko) Version/26.3 Mobile/15E148 Safari/604.1"
172.226.108.7 - - [10/Mar/2026:11:37:59 +0100] "GET /wp-content/uploads/CleanShot-2026-02-04-at-13.44.22@2x-1.jpg HTTP/1.0" 200 257077 "https://reezone.inglory.de/product/multizonenlift/" "Mozilla/5.0 (iPhone; CPU iPhone OS 18_7 like Mac OS X) AppleWebKit/605.1.15 (KHTML, like Gecko) Version/26.3 Mobile/15E148 Safari/604.1"
94.130.90.54 - - [10/Mar/2026:11:39:55 +0100] "POST /wp-cron.php?doing_wp_cron=1773139195.0433111190795898437500 HTTP/1.0" 200 4062 "-" "WordPress/6.9.1; https://reezone.inglory.de"
204.76.203.25 - - [10/Mar/2026:11:39:53 +0100] "GET / HTTP/1.0" 200 225948 "-" "Mozilla/5.0 (Windows NT 10.0; Win64; x64) AppleWebKit/537.36 (KHTML, like Gecko) Chrome/134.0.0.0 Safari/537.3"
217.93.4.190 - - [10/Mar/2026:13:47:18 +0100] "POST /mod_pagespeed_beacon?url=https%3A%2F%2Freezone.inglory.de%2F HTTP/1.0" 204 3892 "https://reezone.inglory.de/" "Mozilla/5.0 (X11; Linux x86_64) AppleWebKit/537.36 (KHTML, like Gecko) Chrome/145.0.0.0 Safari/537.36"
217.93.4.190 - - [10/Mar/2026:13:47:18 +0100] "GET /wp-content/plugins/elementor/assets/js/shared-frontend-handlers.03caa53373b56d3bab67.bundle.min.js HTTP/1.0" 200 6772 "https://reezone.inglory.de/" "Mozilla/5.0 (X11; Linux x86_64) AppleWebKit/537.36 (KHTML, like Gecko) Chrome/145.0.0.0 Safari/537.36"
217.93.4.190 - - [10/Mar/2026:13:47:18 +0100] "GET /wp-content/plugins/elementor/assets/lib/dialog/dialog.min.js?ver=4.9.3 HTTP/1.0" 200 7910 "https://reezone.inglory.de/" "Mozilla/5.0 (X11; Linux x86_64) AppleWebKit/537.36 (KHTML, like Gecko) Chrome/145.0.0.0 Safari/537.36"
217.93.4.190 - - [10/Mar/2026:13:47:18 +0100] "GET /wp-content/plugins/elementor/assets/js/text-editor.45609661e409413f1cef.bundle.min.js HTTP/1.0" 200 4730 "https://reezone.inglory.de/" "Mozilla/5.0 (X11; Linux x86_64) AppleWebKit/537.36 (KHTML, like Gecko) Chrome/145.0.0.0 Safari/537.36"
217.93.4.190 - - [10/Mar/2026:13:47:18 +0100] "GET /wp-content/plugins/elementor-pro/assets/js/nav-menu.8521a0597c50611efdc6.bundle.min.js HTTP/1.0" 200 6000 "https://reezone.inglory.de/" "Mozilla/5.0 (X11; Linux x86_64) AppleWebKit/537.36 (KHTML, like Gecko) Chrome/145.0.0.0 Safari/537.36"
217.93.4.190 - - [10/Mar/2026:13:47:18 +0100] "GET /wp-content/plugins/elementor-pro/assets/js/woocommerce-menu-cart.54f2e75f6769dce707e2.bundle.min.js HTTP/1.0" 200 5637 "https://reezone.inglory.de/" "Mozilla/5.0 (X11; Linux x86_64) AppleWebKit/537.36 (KHTML, like Gecko) Chrome/145.0.0.0 Safari/537.36"
217.93.4.190 - - [10/Mar/2026:13:47:18 +0100] "GET /wp-content/plugins/elementor-pro/assets/js/nested-carousel.db797a097fdc5532ef4a.bundle.min.js HTTP/1.0" 200 5560 "https://reezone.inglory.de/" "Mozilla/5.0 (X11; Linux x86_64) AppleWebKit/537.36 (KHTML, like Gecko) Chrome/145.0.0.0 Safari/537.36"
217.93.4.190 - - [10/Mar/2026:13:47:18 +0100] "GET /wp-content/plugins/elementor/assets/js/image-carousel.6167d20b95b33386757b.bundle.min.js HTTP/1.0" 200 4354 "https://reezone.inglory.de/" "Mozilla/5.0 (X11; Linux x86_64) AppleWebKit/537.36 (KHTML, like Gecko) Chrome/145.0.0.0 Safari/537.36"
217.93.4.190 - - [10/Mar/2026:13:47:18 +0100] "GET /wp-content/uploads/schlafen-matratze-ruecken-schmerzen.mp4 HTTP/1.0" 206 2867342 "https://reezone.inglory.de/" "Mozilla/5.0 (X11; Linux x86_64) AppleWebKit/537.36 (KHTML, like Gecko) Chrome/145.0.0.0 Safari/537.36"
217.93.4.190 - - [10/Mar/2026:13:47:19 +0100] "GET /wp-includes/js/wp-emoji-release.min.js?ver=6.9.1 HTTP/1.0" 200 9503 "https://reezone.inglory.de/" "Mozilla/5.0 (X11; Linux x86_64) AppleWebKit/537.36 (KHTML, like Gecko) Chrome/145.0.0.0 Safari/537.36"
94.130.90.54 - - [10/Mar/2026:13:47:19 +0100] "POST /wp-cron.php?doing_wp_cron=1773146839.6680340766906738281250 HTTP/1.0" 200 4062 "-" "WordPress/6.9.1; https://reezone.inglory.de"
217.93.4.190 - - [10/Mar/2026:13:47:18 +0100] "POST /?wc-ajax=get_refreshed_fragments HTTP/1.0" 200 5003 "https://reezone.inglory.de/" "Mozilla/5.0 (X11; Linux x86_64) AppleWebKit/537.36 (KHTML, like Gecko) Chrome/145.0.0.0 Safari/537.36"
217.93.4.190 - - [10/Mar/2026:13:47:19 +0100] "POST /wp-admin/admin-ajax.php HTTP/1.0" 200 5122 "https://reezone.inglory.de/" "Mozilla/5.0 (X11; Linux x86_64) AppleWebKit/537.36 (KHTML, like Gecko) Chrome/145.0.0.0 Safari/537.36"
94.130.90.54 - - [10/Mar/2026:23:03:52 +0100] "POST /wp-cron.php?doing_wp_cron=1773180232.1331191062927246093750 HTTP/1.0" 200 4062 "-" "WordPress/6.9.1; https://reezone.inglory.de"
74.7.175.164 - - [10/Mar/2026:23:03:51 +0100] "GET /robots.txt HTTP/1.0" 200 4257 "-" "Mozilla/5.0 (Macintosh; Intel Mac OS X 10_15_7) AppleWebKit/537.36 (KHTML, like Gecko) Chrome/131.0.0.0 Safari/537.36; compatible; OAI-SearchBot/1.3; robots.txt; +https://openai.com/searchbot"
94.130.90.54 - - [10/Mar/2026:23:23:55 +0100] "POST /wp-cron.php?doing_wp_cron=1773181435.8788530826568603515625 HTTP/1.0" 200 4062 "-" "WordPress/6.9.1; https://reezone.inglory.de"
104.210.140.131 - - [10/Mar/2026:23:23:55 +0100] "GET /robots.txt HTTP/1.0" 200 4257 "-" "Mozilla/5.0 (Macintosh; Intel Mac OS X 10_15_7) AppleWebKit/537.36 (KHTML, like Gecko) Chrome/131.0.0.0 Safari/537.36; compatible; OAI-SearchBot/1.0; +https://openai.com/searchbot"
94.130.90.54 - - [10/Mar/2026:23:49:36 +0100] "POST /wp-cron.php?doing_wp_cron=1773182976.2277429103851318359375 HTTP/1.0" 200 4062 "-" "WordPress/6.9.1; https://reezone.inglory.de"
100.30.5.6 - - [10/Mar/2026:23:49:35 +0100] "GET /robots.txt HTTP/1.0" 200 4257 "-" "Mozilla/5.0 (Macintosh; Intel Mac OS X 10_10_1) AppleWebKit/600.2.5 (KHTML, like Gecko) Version/8.0.2 Safari/600.2.5 (Gort)"
94.130.90.54 - - [11/Mar/2026:05:31:07 +0100] "POST /wp-cron.php?doing_wp_cron=1773203467.9659519195556640625000 HTTP/1.0" 200 4062 "-" "WordPress/6.9.1; https://reezone.inglory.de"
94.130.90.54 - - [11/Mar/2026:05:31:20 +0100] "HEAD / HTTP/1.0" 200 4176 "-" "-"
94.130.90.54 - - [11/Mar/2026:05:31:23 +0100] "POST /wp-admin/upgrade.php?step=upgrade_db HTTP/1.0" 200 4114 "-" "WordPress/6.9.1; https://reezone.inglory.de"
94.130.90.54 - - [11/Mar/2026:05:31:32 +0100] "POST /wp-cron.php?doing_wp_cron=1773203492.0347108840942382812500 HTTP/1.0" 200 4062 "-" "WordPress/6.9.3; https://reezone.inglory.de"
94.130.90.54 - - [11/Mar/2026:05:31:31 +0100] "HEAD / HTTP/1.0" 200 4176 "-" "-"
94.130.90.54 - - [11/Mar/2026:10:11:58 +0100] "POST /wp-cron.php?doing_wp_cron=1773220318.0232100486755371093750 HTTP/1.0" 200 4062 "-" "WordPress/6.9.3; https://reezone.inglory.de"
94.130.90.54 - - [11/Mar/2026:10:11:58 +0100] "GET /wp-content/plugins/jet-engine/includes/compatibility/packages/woocommerce/inc/assets/css/admin/meta-boxes.css?ver=3.8.5 HTTP/1.1" 200 7649 "https://reezone.inglory.de/" "Serf/1.3.9 (mod_pagespeed/1.13.35.2-0)"
94.130.90.54 - - [11/Mar/2026:10:11:58 +0100] "GET /wp-content/plugins/jet-engine/assets/css/frontend.css?ver=3.8.5 HTTP/1.1" 200 58875 "https://reezone.inglory.de/" "Serf/1.3.9 (mod_pagespeed/1.13.35.2-0)"
94.130.90.54 - - [11/Mar/2026:10:11:58 +0100] "GET /wp-content/plugins/woocommerce/assets/css/woocommerce-layout.css?ver=10.5.3 HTTP/1.1" 200 23296 "https://reezone.inglory.de/" "Serf/1.3.9 (mod_pagespeed/1.13.35.2-0)"
94.130.90.54 - - [11/Mar/2026:10:11:58 +0100] "GET /wp-content/plugins/woocommerce/assets/css/woocommerce-smallscreen.css?ver=10.5.3 HTTP/1.1" 200 11066 "https://reezone.inglory.de/" "Serf/1.3.9 (mod_pagespeed/1.13.35.2-0)"
94.130.90.54 - - [11/Mar/2026:10:11:58 +0100] "GET /wp-content/themes/hello-elementor/assets/css/reset.css?ver=3.4.6 HTTP/1.1" 200 8995 "https://reezone.inglory.de/" "Serf/1.3.9 (mod_pagespeed/1.13.35.2-0)"
170.64.184.27 - - [11/Mar/2026:10:11:56 +0100] "GET / HTTP/1.0" 200 37642 "-" "Mozilla/5.0 (Windows NT 10.0; Win64; x64) AppleWebKit/537.36 (KHTML, like Gecko) Chrome/125.0.0.0 Safari/537.36"
94.130.90.54 - - [11/Mar/2026:10:11:58 +0100] "GET /wp-content/themes/hello-elementor/assets/css/theme.css?ver=3.4.6 HTTP/1.1" 200 8636 "https://reezone.inglory.de/" "Serf/1.3.9 (mod_pagespeed/1.13.35.2-0)"
94.130.90.54 - - [11/Mar/2026:10:11:58 +0100] "GET /wp-content/themes/hello-elementor/assets/css/header-footer.css?ver=3.4.6 HTTP/1.1" 200 10721 "https://reezone.inglory.de/" "Serf/1.3.9 (mod_pagespeed/1.13.35.2-0)"
94.130.90.54 - - [11/Mar/2026:10:11:58 +0100] "GET /wp-content/plugins/elementor/assets/css/frontend.min.css?ver=3.35.6 HTTP/1.1" 200 58293 "https://reezone.inglory.de/" "Serf/1.3.9 (mod_pagespeed/1.13.35.2-0)"
94.130.90.54 - - [11/Mar/2026:10:11:58 +0100] "GET /wp-content/plugins/elementor/assets/css/widget-image.min.css?ver=3.35.6 HTTP/1.1" 200 3721 "https://reezone.inglory.de/" "Serf/1.3.9 (mod_pagespeed/1.13.35.2-0)"
94.130.90.54 - - [11/Mar/2026:10:11:58 +0100] "GET /wp-content/plugins/elementor-pro/assets/css/widget-nav-menu.min.css?ver=3.35.1 HTTP/1.1" 200 30933 "https://reezone.inglory.de/" "Serf/1.3.9 (mod_pagespeed/1.13.35.2-0)"
94.130.90.54 - - [11/Mar/2026:10:11:58 +0100] "GET /wp-content/plugins/elementor-pro/assets/css/widget-woocommerce-menu-cart.min.css?ver=3.35.1 HTTP/1.1" 200 17867 "https://reezone.inglory.de/" "Serf/1.3.9 (mod_pagespeed/1.13.35.2-0)"
94.130.90.54 - - [11/Mar/2026:10:11:58 +0100] "GET /wp-content/plugins/elementor-pro/assets/css/modules/sticky.min.css?ver=3.35.1 HTTP/1.1" 200 3669 "https://reezone.inglory.de/" "Serf/1.3.9 (mod_pagespeed/1.13.35.2-0)"
94.130.90.54 - - [11/Mar/2026:10:11:58 +0100] "GET /wp-content/plugins/elementor/assets/css/widget-heading.min.css?ver=3.35.6 HTTP/1.1" 200 4068 "https://reezone.inglory.de/" "Serf/1.3.9 (mod_pagespeed/1.13.35.2-0)"
94.130.90.54 - - [11/Mar/2026:10:11:58 +0100] "GET /wp-content/plugins/elementor/assets/css/widget-social-icons.min.css?ver=3.35.6 HTTP/1.1" 200 8649 "https://reezone.inglory.de/" "Serf/1.3.9 (mod_pagespeed/1.13.35.2-0)"
94.130.90.54 - - [11/Mar/2026:10:11:58 +0100] "GET /wp-content/plugins/elementor/assets/css/conditionals/apple-webkit.min.css?ver=3.35.6 HTTP/1.1" 200 10252 "https://reezone.inglory.de/" "Serf/1.3.9 (mod_pagespeed/1.13.35.2-0)"
94.130.90.54 - - [11/Mar/2026:10:11:58 +0100] "GET /wp-content/plugins/elementor/assets/css/widget-icon-list.min.css?ver=3.35.6 HTTP/1.1" 200 13795 "https://reezone.inglory.de/" "Serf/1.3.9 (mod_pagespeed/1.13.35.2-0)"
94.130.90.54 - - [11/Mar/2026:10:11:58 +0100] "GET /wp-content/plugins/elementor/assets/lib/animations/styles/fadeIn.min.css?ver=3.35.6 HTTP/1.1" 200 3583 "https://reezone.inglory.de/" "Serf/1.3.9 (mod_pagespeed/1.13.35.2-0)"
94.130.90.54 - - [11/Mar/2026:10:11:58 +0100] "GET /wp-content/plugins/elementor-pro/assets/css/conditionals/popup.min.css?ver=3.35.1 HTTP/1.1" 200 4503 "https://reezone.inglory.de/" "Serf/1.3.9 (mod_pagespeed/1.13.35.2-0)"
94.130.90.54 - - [11/Mar/2026:10:11:58 +0100] "GET /wp-content/plugins/elementor/assets/lib/eicons/css/elementor-icons.min.css?ver=5.47.0 HTTP/1.1" 200 25210 "https://reezone.inglory.de/" "Serf/1.3.9 (mod_pagespeed/1.13.35.2-0)"
