103.164.254.165 - - [09/Mar/2026:06:54:24 +0100] "GET /wp-content/plugins/elementor-pro/assets//lib/instant-page/instant-page.min.js,qver=3.35.1.pagespeed.ce.h0jmnNzYEw.js HTTP/1.0" 200 5323 "https://reezone.inglory.de/?elementor_library=footer&elementor-preview=137&ver=1773035659" "Mozilla/5.0 (Macintosh; Intel Mac OS X 10_15_7) AppleWebKit/537.36 (KHTML, like Gecko) Chrome/145.0.0.0 Safari/537.36"
94.130.90.54 - - [09/Mar/2026:06:54:24 +0100] "GET /wp-content/plugins/elementor-pro/assets/lib/smartmenus/jquery.smartmenus.min.js?ver=1.2.1 HTTP/1.1" 200 27692 "https://reezone.inglory.de/?elementor_library=footer&elementor-preview=137&ver=1773035659" "Serf/1.3.9 (mod_pagespeed/1.13.35.2-0)"
103.164.254.165 - - [09/Mar/2026:06:54:24 +0100] "GET /wp-content/plugins/jet-engine/assets/js/admin/elementor-views/preview.js,qver=3.8.5.pagespeed.ce.YHiZ0c7YFX.js HTTP/1.0" 200 5990 "https://reezone.inglory.de/?elementor_library=footer&elementor-preview=137&ver=1773035659" "Mozilla/5.0 (Macintosh; Intel Mac OS X 10_15_7) AppleWebKit/537.36 (KHTML, like Gecko) Chrome/145.0.0.0 Safari/537.36"
103.164.254.165 - - [09/Mar/2026:06:54:24 +0100] "GET /wp-includes,_js,_imagesloaded.min.js,qver==5.0.0+wp-content,_plugins,_elementor,_assets,_lib,_e-gallery,_js,_e-gallery.min.js,qver==1.2.0.pagespeed.jc.b_ZGqVp7er.js HTTP/1.0" 200 10498 "https://reezone.inglory.de/?elementor_library=footer&elementor-preview=137&ver=1773035659" "Mozilla/5.0 (Macintosh; Intel Mac OS X 10_15_7) AppleWebKit/537.36 (KHTML, like Gecko) Chrome/145.0.0.0 Safari/537.36"
103.164.254.165 - - [09/Mar/2026:06:54:24 +0100] "GET /wp-content/plugins/elementor-pro/assets/js/webpack-pro.runtime.min.js?ver=3.35.1 HTTP/1.0" 304 3886 "https://reezone.inglory.de/?elementor_library=footer&elementor-preview=137&ver=1773035659" "Mozilla/5.0 (Macintosh; Intel Mac OS X 10_15_7) AppleWebKit/537.36 (KHTML, like Gecko) Chrome/145.0.0.0 Safari/537.36"
103.164.254.165 - - [09/Mar/2026:06:54:24 +0100] "GET /wp-content,_plugins,_elementor,_assets,_lib,_inline-editor,_js,_inline-editor.min.js,qver==3.35.6+wp-includes,_js,_mediaelement,_wp-mediaelement.min.js,qver==6.9.1+wp-content,_plugins,_elementor-pro,_assets,_js,_preview.min.js,qver==3.35.1+wp-content,_plugins,_jet-engine,_assets,_lib,_slick,_slick.min.js,qver==1.8.1+wp-content,_plugins,_jet-engine,_assets,_lib,_macy,_macy.js,qver==3.8.5.pagespeed.jc.LohVHdXpgm.js HTTP/1.0" 200 30427 "https://reezone.inglory.de/?elementor_library=footer&elementor-preview=137&ver=1773035659" "Mozilla/5.0 (Macintosh; Intel Mac OS X 10_15_7) AppleWebKit/537.36 (KHTML, like Gecko) Chrome/145.0.0.0 Safari/537.36"
94.130.90.54 - - [09/Mar/2026:06:54:24 +0100] "GET /wp-content/plugins/woocommerce/assets/js/sourcebuster/sourcebuster.min.js?ver=10.5.3 HTTP/1.1" 200 18869 "https://reezone.inglory.de/?elementor_library=footer&elementor-preview=137&ver=1773035659" "Serf/1.3.9 (mod_pagespeed/1.13.35.2-0)"
94.130.90.54 - - [09/Mar/2026:06:54:24 +0100] "GET /wp-content/plugins/elementor-pro/assets/lib/sticky/jquery.sticky.min.js?ver=3.35.1 HTTP/1.1" 200 7273 "https://reezone.inglory.de/?elementor_library=footer&elementor-preview=137&ver=1773035659" "Serf/1.3.9 (mod_pagespeed/1.13.35.2-0)"
103.164.254.165 - - [09/Mar/2026:06:54:24 +0100] "GET /wp-includes/js/mediaelement/mediaelement-and-player.min.js,qver=4.2.17.pagespeed.jm.LVhVlU2M6U.js HTTP/1.0" 200 162394 "https://reezone.inglory.de/?elementor_library=footer&elementor-preview=137&ver=1773035659" "Mozilla/5.0 (Macintosh; Intel Mac OS X 10_15_7) AppleWebKit/537.36 (KHTML, like Gecko) Chrome/145.0.0.0 Safari/537.36"
103.164.254.165 - - [09/Mar/2026:06:54:24 +0100] "GET /wp-content/plugins/jet-engine/assets/js/frontend/frontend.js,qver=3.8.5.pagespeed.ce.qIFkmALdi7.js HTTP/1.0" 200 10744 "https://reezone.inglory.de/?elementor_library=footer&elementor-preview=137&ver=1773035659" "Mozilla/5.0 (Macintosh; Intel Mac OS X 10_15_7) AppleWebKit/537.36 (KHTML, like Gecko) Chrome/145.0.0.0 Safari/537.36"
103.164.254.165 - - [09/Mar/2026:06:54:24 +0100] "GET /wp-content/plugins/jet-engine/assets/lib/jet-plugins/jet-plugins.js,qver=1.1.0.pagespeed.ce.n8blImRVX_.js HTTP/1.0" 200 6497 "https://reezone.inglory.de/?elementor_library=footer&elementor-preview=137&ver=1773035659" "Mozilla/5.0 (Macintosh; Intel Mac OS X 10_15_7) AppleWebKit/537.36 (KHTML, like Gecko) Chrome/145.0.0.0 Safari/537.36"
103.164.254.165 - - [09/Mar/2026:06:54:24 +0100] "GET /wp-content/plugins/jet-woo-product-gallery,_assets,_js,_jet-woo-product-gallery.min.js,qver==2.2.6+elementor,_assets,_lib,_flatpickr,_flatpickr.min.js,qver==4.6.13.pagespeed.jc.QJAzlP1PUA.js HTTP/1.0" 200 23829 "https://reezone.inglory.de/?elementor_library=footer&elementor-preview=137&ver=1773035659" "Mozilla/5.0 (Macintosh; Intel Mac OS X 10_15_7) AppleWebKit/537.36 (KHTML, like Gecko) Chrome/145.0.0.0 Safari/537.36"
103.164.254.165 - - [09/Mar/2026:06:54:24 +0100] "GET /wp-content/plugins/woocommerce/assets/js/zoom/jquery.zoom.min.js,qver=1.7.21-wc.10.5.3.pagespeed.jm.zFA0b-wCpv.js HTTP/1.0" 200 5284 "https://reezone.inglory.de/?elementor_library=footer&elementor-preview=137&ver=1773035659" "Mozilla/5.0 (Macintosh; Intel Mac OS X 10_15_7) AppleWebKit/537.36 (KHTML, like Gecko) Chrome/145.0.0.0 Safari/537.36"
103.164.254.165 - - [09/Mar/2026:06:54:24 +0100] "GET /wp-content/plugins/woocommerce/assets/js/photoswipe/photoswipe.min.js,qver=4.1.1-wc.10.5.3.pagespeed.jm.Cy3ZNvxhjX.js HTTP/1.0" 200 16185 "https://reezone.inglory.de/?elementor_library=footer&elementor-preview=137&ver=1773035659" "Mozilla/5.0 (Macintosh; Intel Mac OS X 10_15_7) AppleWebKit/537.36 (KHTML, like Gecko) Chrome/145.0.0.0 Safari/537.36"
103.164.254.165 - - [09/Mar/2026:06:54:24 +0100] "GET /wp-content/plugins/woocommerce/assets/js/frontend/password-strength-meter.min.js,qver=10.5.3.pagespeed.ce.up9xjyuUiA.js HTTP/1.0" 200 4987 "https://reezone.inglory.de/?elementor_library=footer&elementor-preview=137&ver=1773035659" "Mozilla/5.0 (Macintosh; Intel Mac OS X 10_15_7) AppleWebKit/537.36 (KHTML, like Gecko) Chrome/145.0.0.0 Safari/537.36"
103.164.254.165 - - [09/Mar/2026:06:54:24 +0100] "GET /wp-content/plugins/woocommerce/assets/js/photoswipe/photoswipe-ui-default.min.js,qver=4.1.1-wc.10.5.3.pagespeed.jm.Erbydw346y.js HTTP/1.0" 200 7788 "https://reezone.inglory.de/?elementor_library=footer&elementor-preview=137&ver=1773035659" "Mozilla/5.0 (Macintosh; Intel Mac OS X 10_15_7) AppleWebKit/537.36 (KHTML, like Gecko) Chrome/145.0.0.0 Safari/537.36"
103.164.254.165 - - [09/Mar/2026:06:54:24 +0100] "GET /wp-content/plugins/woocommerce/assets/js/frontend/cart.min.js,qver=10.5.3.pagespeed.ce.ZocSnvYZaH.js HTTP/1.0" 200 6695 "https://reezone.inglory.de/?elementor_library=footer&elementor-preview=137&ver=1773035659" "Mozilla/5.0 (Macintosh; Intel Mac OS X 10_15_7) AppleWebKit/537.36 (KHTML, like Gecko) Chrome/145.0.0.0 Safari/537.36"
103.164.254.165 - - [09/Mar/2026:06:54:24 +0100] "GET /wp-content/plugins/elementor-pro,_assets,_lib,_smartmenus,_jquery.smartmenus.min.js,qver==1.2.1+elementor-pro,_assets,_lib,_sticky,_jquery.sticky.min.js,qver==3.35.1+woocommerce,_assets,_js,_sourcebuster,_sourcebuster.min.js,qver==10.5.3.pagespeed.jc.oMQNy7sVpy.js HTTP/1.0" 200 17301 "https://reezone.inglory.de/?elementor_library=footer&elementor-preview=137&ver=1773035659" "Mozilla/5.0 (Macintosh; Intel Mac OS X 10_15_7) AppleWebKit/537.36 (KHTML, like Gecko) Chrome/145.0.0.0 Safari/537.36"
103.164.254.165 - - [09/Mar/2026:06:54:24 +0100] "GET /wp-content/plugins/woocommerce/assets/js/frontend/country-select.min.js,qver=10.5.3.pagespeed.ce.DGDx1oYZkf.js HTTP/1.0" 200 5277 "https://reezone.inglory.de/?elementor_library=footer&elementor-preview=137&ver=1773035659" "Mozilla/5.0 (Macintosh; Intel Mac OS X 10_15_7) AppleWebKit/537.36 (KHTML, like Gecko) Chrome/145.0.0.0 Safari/537.36"
103.164.254.165 - - [09/Mar/2026:06:54:24 +0100] "GET /wp-content/plugins/woocommerce/assets/js/frontend/address-i18n.min.js,qver=10.5.3.pagespeed.ce.7MbU8zESva.js HTTP/1.0" 200 5129 "https://reezone.inglory.de/?elementor_library=footer&elementor-preview=137&ver=1773035659" "Mozilla/5.0 (Macintosh; Intel Mac OS X 10_15_7) AppleWebKit/537.36 (KHTML, like Gecko) Chrome/145.0.0.0 Safari/537.36"
103.164.254.165 - - [09/Mar/2026:06:54:24 +0100] "GET /wp-content/plugins/woocommerce/assets/js/frontend/checkout.min.js,qver=10.5.3.pagespeed.ce.HiIKEbdxpZ.js HTTP/1.0" 200 9211 "https://reezone.inglory.de/?elementor_library=footer&elementor-preview=137&ver=1773035659" "Mozilla/5.0 (Macintosh; Intel Mac OS X 10_15_7) AppleWebKit/537.36 (KHTML, like Gecko) Chrome/145.0.0.0 Safari/537.36"
103.164.254.165 - - [09/Mar/2026:06:54:26 +0100] "POST /mod_pagespeed_beacon?url=https%3A%2F%2Freezone.inglory.de%2F%3Felementor_library%3Dfooter%26elementor-preview%3D137%26ver%3D1773035659 HTTP/1.0" 204 3892 "https://reezone.inglory.de/?elementor_library=footer&elementor-preview=137&ver=1773035659" "Mozilla/5.0 (Macintosh; Intel Mac OS X 10_15_7) AppleWebKit/537.36 (KHTML, like Gecko) Chrome/145.0.0.0 Safari/537.36"
103.164.254.165 - - [09/Mar/2026:06:54:26 +0100] "POST /?wc-ajax=get_refreshed_fragments HTTP/1.0" 200 9307 "https://reezone.inglory.de/?elementor_library=footer&elementor-preview=137&ver=1773035659" "Mozilla/5.0 (Macintosh; Intel Mac OS X 10_15_7) AppleWebKit/537.36 (KHTML, like Gecko) Chrome/145.0.0.0 Safari/537.36"
103.164.254.165 - - [09/Mar/2026:06:54:26 +0100] "GET /wp-json/elementor/v1/globals HTTP/1.0" 200 14070 "https://reezone.inglory.de/wp-admin/post.php?post=137&action=elementor" "Mozilla/5.0 (Macintosh; Intel Mac OS X 10_15_7) AppleWebKit/537.36 (KHTML, like Gecko) Chrome/145.0.0.0 Safari/537.36"
103.164.254.165 - - [09/Mar/2026:06:54:28 +0100] "GET /wp-content/plugins/elementor/assets/lib/font-awesome/css/brands.min.css?ver=5.15.3 HTTP/1.0" 304 3885 "https://reezone.inglory.de/?elementor_library=footer&elementor-preview=137&ver=1773035659" "Mozilla/5.0 (Macintosh; Intel Mac OS X 10_15_7) AppleWebKit/537.36 (KHTML, like Gecko) Chrome/145.0.0.0 Safari/537.36"
103.164.254.165 - - [09/Mar/2026:06:54:28 +0100] "GET /wp-content/plugins/elementor/assets/lib/font-awesome/css/fontawesome.min.css?ver=5.15.3 HTTP/1.0" 304 3886 "https://reezone.inglory.de/?elementor_library=footer&elementor-preview=137&ver=1773035659" "Mozilla/5.0 (Macintosh; Intel Mac OS X 10_15_7) AppleWebKit/537.36 (KHTML, like Gecko) Chrome/145.0.0.0 Safari/537.36"
103.164.254.165 - - [09/Mar/2026:06:54:28 +0100] "GET /wp-content/uploads/icon.svg HTTP/1.0" 200 5102 "https://reezone.inglory.de/wp-admin/post.php?post=137&action=elementor" "Mozilla/5.0 (Macintosh; Intel Mac OS X 10_15_7) AppleWebKit/537.36 (KHTML, like Gecko) Chrome/145.0.0.0 Safari/537.36"
103.164.254.165 - - [09/Mar/2026:06:54:28 +0100] "GET /wp-content/uploads/icon-1.svg HTTP/1.0" 200 4757 "https://reezone.inglory.de/wp-admin/post.php?post=137&action=elementor" "Mozilla/5.0 (Macintosh; Intel Mac OS X 10_15_7) AppleWebKit/537.36 (KHTML, like Gecko) Chrome/145.0.0.0 Safari/537.36"
103.164.254.165 - - [09/Mar/2026:06:54:28 +0100] "GET /wp-content/uploads/icon-2.svg HTTP/1.0" 200 4516 "https://reezone.inglory.de/wp-admin/post.php?post=137&action=elementor" "Mozilla/5.0 (Macintosh; Intel Mac OS X 10_15_7) AppleWebKit/537.36 (KHTML, like Gecko) Chrome/145.0.0.0 Safari/537.36"
103.164.254.165 - - [09/Mar/2026:06:54:28 +0100] "GET /wp-content/uploads/icon-3.svg HTTP/1.0" 200 4341 "https://reezone.inglory.de/wp-admin/post.php?post=137&action=elementor" "Mozilla/5.0 (Macintosh; Intel Mac OS X 10_15_7) AppleWebKit/537.36 (KHTML, like Gecko) Chrome/145.0.0.0 Safari/537.36"
103.164.254.165 - - [09/Mar/2026:06:54:28 +0100] "GET /wp-content/uploads/up-button.svg HTTP/1.0" 200 4297 "https://reezone.inglory.de/wp-admin/post.php?post=137&action=elementor" "Mozilla/5.0 (Macintosh; Intel Mac OS X 10_15_7) AppleWebKit/537.36 (KHTML, like Gecko) Chrome/145.0.0.0 Safari/537.36"
103.164.254.165 - - [09/Mar/2026:06:54:28 +0100] "GET /wp-content/uploads/icon-6.svg HTTP/1.0" 200 5033 "https://reezone.inglory.de/wp-admin/post.php?post=137&action=elementor" "Mozilla/5.0 (Macintosh; Intel Mac OS X 10_15_7) AppleWebKit/537.36 (KHTML, like Gecko) Chrome/145.0.0.0 Safari/537.36"
103.164.254.165 - - [09/Mar/2026:06:54:28 +0100] "GET /wp-content/uploads/icon-1-2.svg HTTP/1.0" 200 4711 "https://reezone.inglory.de/wp-admin/post.php?post=137&action=elementor" "Mozilla/5.0 (Macintosh; Intel Mac OS X 10_15_7) AppleWebKit/537.36 (KHTML, like Gecko) Chrome/145.0.0.0 Safari/537.36"
103.164.254.165 - - [09/Mar/2026:06:54:28 +0100] "GET /wp-content/uploads/icon-2-1.svg HTTP/1.0" 200 4470 "https://reezone.inglory.de/wp-admin/post.php?post=137&action=elementor" "Mozilla/5.0 (Macintosh; Intel Mac OS X 10_15_7) AppleWebKit/537.36 (KHTML, like Gecko) Chrome/145.0.0.0 Safari/537.36"
103.164.254.165 - - [09/Mar/2026:06:54:28 +0100] "GET /wp-content/plugins/elementor/assets/lib/font-awesome/css/brands.min.css?ver=5.15.3 HTTP/1.0" 304 3885 "https://reezone.inglory.de/wp-admin/post.php?post=137&action=elementor" "Mozilla/5.0 (Macintosh; Intel Mac OS X 10_15_7) AppleWebKit/537.36 (KHTML, like Gecko) Chrome/145.0.0.0 Safari/537.36"
103.164.254.165 - - [09/Mar/2026:06:54:28 +0100] "GET /wp-content/plugins/elementor/assets/lib/font-awesome/css/fontawesome.min.css?ver=5.15.3 HTTP/1.0" 304 3886 "https://reezone.inglory.de/wp-admin/post.php?post=137&action=elementor" "Mozilla/5.0 (Macintosh; Intel Mac OS X 10_15_7) AppleWebKit/537.36 (KHTML, like Gecko) Chrome/145.0.0.0 Safari/537.36"
103.164.254.165 - - [09/Mar/2026:06:54:28 +0100] "GET /wp-json/elementor/v1/user-data/current-user?context=edit HTTP/1.0" 200 7087 "https://reezone.inglory.de/wp-admin/post.php?post=137&action=elementor" "Mozilla/5.0 (Macintosh; Intel Mac OS X 10_15_7) AppleWebKit/537.36 (KHTML, like Gecko) Chrome/145.0.0.0 Safari/537.36"
103.164.254.165 - - [09/Mar/2026:06:54:28 +0100] "POST /wp-admin/admin-ajax.php HTTP/1.0" 200 5140 "https://reezone.inglory.de/wp-admin/post.php?post=137&action=elementor" "Mozilla/5.0 (Macintosh; Intel Mac OS X 10_15_7) AppleWebKit/537.36 (KHTML, like Gecko) Chrome/145.0.0.0 Safari/537.36"
103.164.254.165 - - [09/Mar/2026:06:54:29 +0100] "POST /wp-admin/admin-ajax.php HTTP/1.0" 200 4460 "https://reezone.inglory.de/wp-admin/post.php?post=137&action=elementor" "Mozilla/5.0 (Macintosh; Intel Mac OS X 10_15_7) AppleWebKit/537.36 (KHTML, like Gecko) Chrome/145.0.0.0 Safari/537.36"
94.130.90.54 - - [09/Mar/2026:06:54:36 +0100] "POST /wp-cron.php?doing_wp_cron=1773035676.4699590206146240234375 HTTP/1.0" 200 4062 "-" "WordPress/6.9.1; https://reezone.inglory.de"
103.164.254.165 - - [09/Mar/2026:06:54:35 +0100] "POST /wp-admin/admin-ajax.php HTTP/1.0" 200 4392 "https://reezone.inglory.de/wp-admin/post.php?post=137&action=elementor" "Mozilla/5.0 (Macintosh; Intel Mac OS X 10_15_7) AppleWebKit/537.36 (KHTML, like Gecko) Chrome/145.0.0.0 Safari/537.36"
103.164.254.165 - - [09/Mar/2026:06:54:43 +0100] "GET /wp-json/elementor/v1/checklist/user-progress HTTP/1.0" 200 5033 "https://reezone.inglory.de/wp-admin/post.php?post=137&action=elementor" "Mozilla/5.0 (Macintosh; Intel Mac OS X 10_15_7) AppleWebKit/537.36 (KHTML, like Gecko) Chrome/145.0.0.0 Safari/537.36"
103.164.254.165 - - [09/Mar/2026:06:54:50 +0100] "POST /wp-admin/admin-ajax.php HTTP/1.0" 200 4392 "https://reezone.inglory.de/wp-admin/post.php?post=137&action=elementor" "Mozilla/5.0 (Macintosh; Intel Mac OS X 10_15_7) AppleWebKit/537.36 (KHTML, like Gecko) Chrome/145.0.0.0 Safari/537.36"
103.164.254.165 - - [09/Mar/2026:06:55:04 +0100] "GET /schlafsysteme/ HTTP/1.0" 200 40513 "https://reezone.inglory.de/?elementor_library=footer&elementor-preview=137&ver=1773035659" "Mozilla/5.0 (Macintosh; Intel Mac OS X 10_15_7) AppleWebKit/537.36 (KHTML, like Gecko) Chrome/145.0.0.0 Safari/537.36"
103.164.254.165 - - [09/Mar/2026:06:55:05 +0100] "POST /wp-admin/admin-ajax.php HTTP/1.0" 200 4392 "https://reezone.inglory.de/wp-admin/post.php?post=137&action=elementor" "Mozilla/5.0 (Macintosh; Intel Mac OS X 10_15_7) AppleWebKit/537.36 (KHTML, like Gecko) Chrome/145.0.0.0 Safari/537.36"
94.130.90.54 - - [09/Mar/2026:06:55:21 +0100] "POST /wp-cron.php?doing_wp_cron=1773035721.4995150566101074218750 HTTP/1.0" 200 4062 "-" "WordPress/6.9.1; https://reezone.inglory.de"
103.164.254.165 - - [09/Mar/2026:06:55:20 +0100] "POST /wp-admin/admin-ajax.php HTTP/1.0" 200 4392 "https://reezone.inglory.de/wp-admin/post.php?post=137&action=elementor" "Mozilla/5.0 (Macintosh; Intel Mac OS X 10_15_7) AppleWebKit/537.36 (KHTML, like Gecko) Chrome/145.0.0.0 Safari/537.36"
94.130.90.54 - - [09/Mar/2026:06:55:36 +0100] "POST /wp-cron.php?doing_wp_cron=1773035736.5168249607086181640625 HTTP/1.0" 200 4062 "-" "WordPress/6.9.1; https://reezone.inglory.de"
103.164.254.165 - - [09/Mar/2026:06:55:35 +0100] "POST /wp-admin/admin-ajax.php HTTP/1.0" 200 4392 "https://reezone.inglory.de/wp-admin/post.php?post=137&action=elementor" "Mozilla/5.0 (Macintosh; Intel Mac OS X 10_15_7) AppleWebKit/537.36 (KHTML, like Gecko) Chrome/145.0.0.0 Safari/537.36"
103.164.254.165 - - [09/Mar/2026:06:55:43 +0100] "POST /wp-admin/admin-ajax.php HTTP/1.0" 200 4413 "https://reezone.inglory.de/wp-admin/post.php?post=51&action=edit" "Mozilla/5.0 (Macintosh; Intel Mac OS X 10_15_7) AppleWebKit/537.36 (KHTML, like Gecko) Chrome/145.0.0.0 Safari/537.36"
103.164.254.165 - - [09/Mar/2026:06:55:50 +0100] "POST /wp-admin/admin-ajax.php HTTP/1.0" 200 4392 "https://reezone.inglory.de/wp-admin/post.php?post=137&action=elementor" "Mozilla/5.0 (Macintosh; Intel Mac OS X 10_15_7) AppleWebKit/537.36 (KHTML, like Gecko) Chrome/145.0.0.0 Safari/537.36"
103.164.254.165 - - [09/Mar/2026:06:55:54 +0100] "GET /wp-json/elementor/v1/checklist/user-progress HTTP/1.0" 200 5033 "https://reezone.inglory.de/wp-admin/post.php?post=137&action=elementor" "Mozilla/5.0 (Macintosh; Intel Mac OS X 10_15_7) AppleWebKit/537.36 (KHTML, like Gecko) Chrome/145.0.0.0 Safari/537.36"
103.164.254.165 - - [09/Mar/2026:06:55:54 +0100] "POST /wp-admin/admin-ajax.php HTTP/1.0" 200 5322 "https://reezone.inglory.de/wp-admin/post.php?post=137&action=elementor" "Mozilla/5.0 (Macintosh; Intel Mac OS X 10_15_7) AppleWebKit/537.36 (KHTML, like Gecko) Chrome/145.0.0.0 Safari/537.36"
103.164.254.165 - - [09/Mar/2026:06:55:56 +0100] "GET /wp-json/elementor/v1/checklist/user-progress HTTP/1.0" 200 5033 "https://reezone.inglory.de/wp-admin/post.php?post=137&action=elementor" "Mozilla/5.0 (Macintosh; Intel Mac OS X 10_15_7) AppleWebKit/537.36 (KHTML, like Gecko) Chrome/145.0.0.0 Safari/537.36"
103.164.254.165 - - [09/Mar/2026:06:55:56 +0100] "POST /wp-admin/admin-ajax.php HTTP/1.0" 200 12362 "https://reezone.inglory.de/wp-admin/post.php?post=137&action=elementor" "Mozilla/5.0 (Macintosh; Intel Mac OS X 10_15_7) AppleWebKit/537.36 (KHTML, like Gecko) Chrome/145.0.0.0 Safari/537.36"
103.164.254.165 - - [09/Mar/2026:06:56:05 +0100] "POST /wp-admin/admin-ajax.php HTTP/1.0" 200 4392 "https://reezone.inglory.de/wp-admin/post.php?post=137&action=elementor" "Mozilla/5.0 (Macintosh; Intel Mac OS X 10_15_7) AppleWebKit/537.36 (KHTML, like Gecko) Chrome/145.0.0.0 Safari/537.36"
103.164.254.165 - - [09/Mar/2026:06:56:15 +0100] "POST /wp-admin/admin-ajax.php HTTP/1.0" 200 4392 "https://reezone.inglory.de/wp-admin/post.php?post=11&action=elementor" "Mozilla/5.0 (Macintosh; Intel Mac OS X 10_15_7) AppleWebKit/537.36 (KHTML, like Gecko) Chrome/145.0.0.0 Safari/537.36"
103.164.254.165 - - [09/Mar/2026:06:56:20 +0100] "POST /wp-admin/admin-ajax.php HTTP/1.0" 200 4392 "https://reezone.inglory.de/wp-admin/post.php?post=137&action=elementor" "Mozilla/5.0 (Macintosh; Intel Mac OS X 10_15_7) AppleWebKit/537.36 (KHTML, like Gecko) Chrome/145.0.0.0 Safari/537.36"
94.130.90.54 - - [09/Mar/2026:06:56:36 +0100] "POST /wp-cron.php?doing_wp_cron=1773035796.5270440578460693359375 HTTP/1.0" 200 4062 "-" "WordPress/6.9.1; https://reezone.inglory.de"
103.164.254.165 - - [09/Mar/2026:06:56:35 +0100] "POST /wp-admin/admin-ajax.php HTTP/1.0" 200 4392 "https://reezone.inglory.de/wp-admin/post.php?post=137&action=elementor" "Mozilla/5.0 (Macintosh; Intel Mac OS X 10_15_7) AppleWebKit/537.36 (KHTML, like Gecko) Chrome/145.0.0.0 Safari/537.36"
103.164.254.165 - - [09/Mar/2026:06:56:50 +0100] "POST /wp-admin/admin-ajax.php HTTP/1.0" 200 4392 "https://reezone.inglory.de/wp-admin/post.php?post=137&action=elementor" "Mozilla/5.0 (Macintosh; Intel Mac OS X 10_15_7) AppleWebKit/537.36 (KHTML, like Gecko) Chrome/145.0.0.0 Safari/537.36"
103.164.254.165 - - [09/Mar/2026:06:57:06 +0100] "POST /wp-admin/admin-ajax.php HTTP/1.0" 200 4392 "https://reezone.inglory.de/wp-admin/post.php?post=137&action=elementor" "Mozilla/5.0 (Macintosh; Intel Mac OS X 10_15_7) AppleWebKit/537.36 (KHTML, like Gecko) Chrome/145.0.0.0 Safari/537.36"
103.164.254.165 - - [09/Mar/2026:06:57:25 +0100] "POST /wp-admin/admin-ajax.php HTTP/1.0" 200 4392 "https://reezone.inglory.de/wp-admin/post.php?post=11&action=elementor" "Mozilla/5.0 (Macintosh; Intel Mac OS X 10_15_7) AppleWebKit/537.36 (KHTML, like Gecko) Chrome/145.0.0.0 Safari/537.36"
103.164.254.165 - - [09/Mar/2026:06:57:25 +0100] "GET /wp-json/elementor/v1/checklist/user-progress HTTP/1.0" 200 5033 "https://reezone.inglory.de/wp-admin/post.php?post=11&action=elementor" "Mozilla/5.0 (Macintosh; Intel Mac OS X 10_15_7) AppleWebKit/537.36 (KHTML, like Gecko) Chrome/145.0.0.0 Safari/537.36"
103.164.254.165 - - [09/Mar/2026:06:57:27 +0100] "POST /wp-admin/admin-ajax.php HTTP/1.0" 200 4392 "https://reezone.inglory.de/wp-admin/post.php?post=137&action=elementor" "Mozilla/5.0 (Macintosh; Intel Mac OS X 10_15_7) AppleWebKit/537.36 (KHTML, like Gecko) Chrome/145.0.0.0 Safari/537.36"
103.164.254.165 - - [09/Mar/2026:06:57:27 +0100] "GET /wp-json/elementor/v1/checklist/user-progress HTTP/1.0" 200 5033 "https://reezone.inglory.de/wp-admin/post.php?post=137&action=elementor" "Mozilla/5.0 (Macintosh; Intel Mac OS X 10_15_7) AppleWebKit/537.36 (KHTML, like Gecko) Chrome/145.0.0.0 Safari/537.36"
94.130.90.54 - - [09/Mar/2026:06:57:41 +0100] "POST /wp-cron.php?doing_wp_cron=1773035861.9373099803924560546875 HTTP/1.0" 200 4062 "-" "WordPress/6.9.1; https://reezone.inglory.de"
103.164.254.165 - - [09/Mar/2026:06:57:41 +0100] "POST /wp-admin/admin-ajax.php HTTP/1.0" 200 4392 "https://reezone.inglory.de/wp-admin/post.php?post=11&action=elementor" "Mozilla/5.0 (Macintosh; Intel Mac OS X 10_15_7) AppleWebKit/537.36 (KHTML, like Gecko) Chrome/145.0.0.0 Safari/537.36"
103.164.254.165 - - [09/Mar/2026:06:57:42 +0100] "POST /wp-admin/admin-ajax.php HTTP/1.0" 200 4392 "https://reezone.inglory.de/wp-admin/post.php?post=137&action=elementor" "Mozilla/5.0 (Macintosh; Intel Mac OS X 10_15_7) AppleWebKit/537.36 (KHTML, like Gecko) Chrome/145.0.0.0 Safari/537.36"
103.164.254.165 - - [09/Mar/2026:06:57:44 +0100] "POST /wp-admin/admin-ajax.php HTTP/1.0" 200 4413 "https://reezone.inglory.de/wp-admin/post.php?post=51&action=edit" "Mozilla/5.0 (Macintosh; Intel Mac OS X 10_15_7) AppleWebKit/537.36 (KHTML, like Gecko) Chrome/145.0.0.0 Safari/537.36"
103.164.254.165 - - [09/Mar/2026:06:57:57 +0100] "POST /wp-admin/admin-ajax.php HTTP/1.0" 200 4392 "https://reezone.inglory.de/wp-admin/post.php?post=137&action=elementor" "Mozilla/5.0 (Macintosh; Intel Mac OS X 10_15_7) AppleWebKit/537.36 (KHTML, like Gecko) Chrome/145.0.0.0 Safari/537.36"
103.164.254.165 - - [09/Mar/2026:06:58:12 +0100] "POST /wp-admin/admin-ajax.php HTTP/1.0" 200 4392 "https://reezone.inglory.de/wp-admin/post.php?post=137&action=elementor" "Mozilla/5.0 (Macintosh; Intel Mac OS X 10_15_7) AppleWebKit/537.36 (KHTML, like Gecko) Chrome/145.0.0.0 Safari/537.36"
103.164.254.165 - - [09/Mar/2026:06:58:27 +0100] "POST /wp-admin/admin-ajax.php HTTP/1.0" 200 4392 "https://reezone.inglory.de/wp-admin/post.php?post=137&action=elementor" "Mozilla/5.0 (Macintosh; Intel Mac OS X 10_15_7) AppleWebKit/537.36 (KHTML, like Gecko) Chrome/145.0.0.0 Safari/537.36"
94.130.90.54 - - [09/Mar/2026:06:58:36 +0100] "POST /wp-cron.php?doing_wp_cron=1773035916.8231549263000488281250 HTTP/1.0" 200 4062 "-" "WordPress/6.9.1; https://reezone.inglory.de"
74.7.175.164 - - [09/Mar/2026:06:58:36 +0100] "GET /robots.txt HTTP/1.0" 200 4257 "-" "Mozilla/5.0 (Macintosh; Intel Mac OS X 10_15_7) AppleWebKit/537.36 (KHTML, like Gecko) Chrome/131.0.0.0 Safari/537.36; compatible; OAI-SearchBot/1.3; robots.txt; +https://openai.com/searchbot"
94.130.90.54 - - [09/Mar/2026:06:58:37 +0100] "POST /wp-cron.php?doing_wp_cron=1773035917.7719540596008300781250 HTTP/1.0" 200 4062 "-" "WordPress/6.9.1; https://reezone.inglory.de"
94.130.90.54 - - [09/Mar/2026:06:58:37 +0100] "GET /wp-includes/js/jquery/jquery-migrate.min.js?ver=3.4.1 HTTP/1.1" 304 3383 "https://reezone.inglory.de/" "Serf/1.3.9 (mod_pagespeed/1.13.35.2-0)"
94.130.90.54 - - [09/Mar/2026:06:58:37 +0100] "GET /wp-content/plugins/woocommerce/assets/js/jquery-blockui/jquery.blockUI.min.js?ver=2.7.0-wc.10.5.3 HTTP/1.1" 304 3383 "https://reezone.inglory.de/" "Serf/1.3.9 (mod_pagespeed/1.13.35.2-0)"
94.130.90.54 - - [09/Mar/2026:06:58:37 +0100] "GET /wp-content/plugins/elementor-pro/assets/lib/smartmenus/jquery.smartmenus.min.js?ver=1.2.1 HTTP/1.1" 304 3383 "https://reezone.inglory.de/" "Serf/1.3.9 (mod_pagespeed/1.13.35.2-0)"
94.130.90.54 - - [09/Mar/2026:06:58:37 +0100] "GET /wp-content/plugins/elementor-pro/assets/lib/sticky/jquery.sticky.min.js?ver=3.35.1 HTTP/1.1" 304 3382 "https://reezone.inglory.de/" "Serf/1.3.9 (mod_pagespeed/1.13.35.2-0)"
94.130.90.54 - - [09/Mar/2026:06:58:37 +0100] "GET /wp-content/plugins/woocommerce/assets/js/frontend/order-attribution.min.js?ver=10.5.3 HTTP/1.1" 200 5991 "https://reezone.inglory.de/" "Serf/1.3.9 (mod_pagespeed/1.13.35.2-0)"
74.7.243.201 - - [09/Mar/2026:06:58:36 +0100] "GET / HTTP/1.0" 200 37174 "-" "Mozilla/5.0 AppleWebKit/537.36 (KHTML, like Gecko; compatible; GPTBot/1.3; +https://openai.com/gptbot)"
94.130.90.54 - - [09/Mar/2026:06:58:37 +0100] "GET /wp-includes/js/jquery/ui/datepicker.min.js?ver=1.13.3 HTTP/1.1" 200 40360 "https://reezone.inglory.de/" "Serf/1.3.9 (mod_pagespeed/1.13.35.2-0)"
94.130.90.54 - - [09/Mar/2026:06:58:37 +0100] "GET /wp-includes/js/dist/hooks.min.js?ver=dd5603f07f9220ed27f1 HTTP/1.1" 304 3383 "https://reezone.inglory.de/" "Serf/1.3.9 (mod_pagespeed/1.13.35.2-0)"
94.130.90.54 - - [09/Mar/2026:06:58:37 +0100] "GET /wp-content/plugins/woocommerce/assets/js/frontend/add-to-cart.min.js?ver=10.5.3 HTTP/1.1" 200 7903 "https://reezone.inglory.de/" "Serf/1.3.9 (mod_pagespeed/1.13.35.2-0)"
94.130.90.54 - - [09/Mar/2026:06:58:37 +0100] "GET /wp-content/plugins/woocommerce/assets/js/js-cookie/js.cookie.min.js?ver=2.1.4-wc.10.5.3 HTTP/1.1" 200 5243 "https://reezone.inglory.de/" "Serf/1.3.9 (mod_pagespeed/1.13.35.2-0)"
94.130.90.54 - - [09/Mar/2026:06:58:37 +0100] "GET /wp-content/plugins/woocommerce/assets/js/frontend/woocommerce.min.js?ver=10.5.3 HTTP/1.1" 200 7684 "https://reezone.inglory.de/" "Serf/1.3.9 (mod_pagespeed/1.13.35.2-0)"
94.130.90.54 - - [09/Mar/2026:06:58:37 +0100] "GET /wp-content/plugins/woocommerce/assets/js/frontend/cart-fragments.min.js?ver=10.5.3 HTTP/1.1" 200 6491 "https://reezone.inglory.de/" "Serf/1.3.9 (mod_pagespeed/1.13.35.2-0)"
94.130.90.54 - - [09/Mar/2026:06:58:37 +0100] "GET /wp-content/uploads/cropped-items-1-192x192.png HTTP/1.1" 304 3382 "https://reezone.inglory.de/" "Serf/1.3.9 (mod_pagespeed/1.13.35.2-0)"
94.130.90.54 - - [09/Mar/2026:06:58:37 +0100] "GET /wp-content/uploads/cropped-items-1-180x180.png HTTP/1.1" 304 3382 "https://reezone.inglory.de/" "Serf/1.3.9 (mod_pagespeed/1.13.35.2-0)"
94.130.90.54 - - [09/Mar/2026:06:58:37 +0100] "GET /wp-content/uploads/image-204-1-300x248.jpg HTTP/1.1" 304 3383 "https://reezone.inglory.de/" "Serf/1.3.9 (mod_pagespeed/1.13.35.2-0)"
94.130.90.54 - - [09/Mar/2026:06:58:37 +0100] "GET /wp-content/uploads/image-204-1-1024x845.jpg HTTP/1.1" 304 3384 "https://reezone.inglory.de/" "Serf/1.3.9 (mod_pagespeed/1.13.35.2-0)"
94.130.90.54 - - [09/Mar/2026:06:58:37 +0100] "GET /wp-content/uploads/image-204-1-768x634.jpg HTTP/1.1" 304 3383 "https://reezone.inglory.de/" "Serf/1.3.9 (mod_pagespeed/1.13.35.2-0)"
94.130.90.54 - - [09/Mar/2026:06:58:37 +0100] "GET /wp-content/uploads/image-204-1-600x495.jpg HTTP/1.1" 304 3383 "https://reezone.inglory.de/" "Serf/1.3.9 (mod_pagespeed/1.13.35.2-0)"
94.130.90.54 - - [09/Mar/2026:06:58:37 +0100] "GET /wp-content/uploads/image-199-1-300x157.jpg HTTP/1.1" 304 3383 "https://reezone.inglory.de/" "Serf/1.3.9 (mod_pagespeed/1.13.35.2-0)"
94.130.90.54 - - [09/Mar/2026:06:58:37 +0100] "GET /wp-content/uploads/image-199-1-1024x535.jpg HTTP/1.1" 304 3383 "https://reezone.inglory.de/" "Serf/1.3.9 (mod_pagespeed/1.13.35.2-0)"
94.130.90.54 - - [09/Mar/2026:06:58:37 +0100] "GET /wp-content/uploads/image-199-1-768x401.jpg HTTP/1.1" 304 3383 "https://reezone.inglory.de/" "Serf/1.3.9 (mod_pagespeed/1.13.35.2-0)"
94.130.90.54 - - [09/Mar/2026:06:58:37 +0100] "GET /wp-content/uploads/image-199-1-600x313.jpg HTTP/1.1" 304 3383 "https://reezone.inglory.de/" "Serf/1.3.9 (mod_pagespeed/1.13.35.2-0)"
94.130.90.54 - - [09/Mar/2026:06:58:37 +0100] "GET /wp-content/uploads/multizonenrahmeninfinity.jpg HTTP/1.1" 304 3384 "https://reezone.inglory.de/" "Serf/1.3.9 (mod_pagespeed/1.13.35.2-0)"
94.130.90.54 - - [09/Mar/2026:06:58:37 +0100] "GET /wp-content/uploads/multizonenrahmeninfinity-300x158.jpg HTTP/1.1" 304 3383 "https://reezone.inglory.de/" "Serf/1.3.9 (mod_pagespeed/1.13.35.2-0)"
94.130.90.54 - - [09/Mar/2026:06:58:37 +0100] "GET /wp-content/uploads/multizonenrahmeninfinity-1024x538.jpg HTTP/1.1" 304 3384 "https://reezone.inglory.de/" "Serf/1.3.9 (mod_pagespeed/1.13.35.2-0)"
94.130.90.54 - - [09/Mar/2026:06:58:37 +0100] "GET /wp-content/uploads/multizonenrahmeninfinity-768x403.jpg HTTP/1.1" 304 3384 "https://reezone.inglory.de/" "Serf/1.3.9 (mod_pagespeed/1.13.35.2-0)"
94.130.90.54 - - [09/Mar/2026:06:58:37 +0100] "GET /wp-content/uploads/multizonenrahmeninfinity-600x315.jpg HTTP/1.1" 304 3383 "https://reezone.inglory.de/" "Serf/1.3.9 (mod_pagespeed/1.13.35.2-0)"
94.130.90.54 - - [09/Mar/2026:06:58:37 +0100] "GET /wp-content/uploads/unnamed605-100x100.png HTTP/1.1" 304 3383 "https://reezone.inglory.de/" "Serf/1.3.9 (mod_pagespeed/1.13.35.2-0)"
94.130.90.54 - - [09/Mar/2026:06:58:37 +0100] "GET /wp-content/uploads/img-100x100.png HTTP/1.1" 304 3383 "https://reezone.inglory.de/" "Serf/1.3.9 (mod_pagespeed/1.13.35.2-0)"
94.130.90.54 - - [09/Mar/2026:06:58:37 +0100] "GET /wp-content/uploads/img-1-100x100.png HTTP/1.1" 304 3383 "https://reezone.inglory.de/" "Serf/1.3.9 (mod_pagespeed/1.13.35.2-0)"
94.130.90.54 - - [09/Mar/2026:06:58:37 +0100] "GET /wp-content/uploads/img-2-100x100.png HTTP/1.1" 304 3383 "https://reezone.inglory.de/" "Serf/1.3.9 (mod_pagespeed/1.13.35.2-0)"
94.130.90.54 - - [09/Mar/2026:06:58:37 +0100] "GET /wp-content/uploads/scherz.jpg HTTP/1.1" 304 3384 "https://reezone.inglory.de/" "Serf/1.3.9 (mod_pagespeed/1.13.35.2-0)"
94.130.90.54 - - [09/Mar/2026:06:58:37 +0100] "GET /wp-content/uploads/scherz-300x205.jpg HTTP/1.1" 304 3383 "https://reezone.inglory.de/" "Serf/1.3.9 (mod_pagespeed/1.13.35.2-0)"
94.130.90.54 - - [09/Mar/2026:06:58:37 +0100] "GET /wp-content/uploads/scherz-600x411.jpg HTTP/1.1" 304 3383 "https://reezone.inglory.de/" "Serf/1.3.9 (mod_pagespeed/1.13.35.2-0)"
94.130.90.54 - - [09/Mar/2026:06:58:37 +0100] "GET /wp-content/uploads/lautwein.jpg HTTP/1.1" 304 3384 "https://reezone.inglory.de/" "Serf/1.3.9 (mod_pagespeed/1.13.35.2-0)"
94.130.90.54 - - [09/Mar/2026:06:58:37 +0100] "GET /wp-content/uploads/lautwein-300x205.jpg HTTP/1.1" 304 3383 "https://reezone.inglory.de/" "Serf/1.3.9 (mod_pagespeed/1.13.35.2-0)"
94.130.90.54 - - [09/Mar/2026:06:58:37 +0100] "GET /wp-content/uploads/lautwein-600x411.jpg HTTP/1.1" 304 3383 "https://reezone.inglory.de/" "Serf/1.3.9 (mod_pagespeed/1.13.35.2-0)"
94.130.90.54 - - [09/Mar/2026:06:58:37 +0100] "GET /wp-content/uploads/ackermann.jpg HTTP/1.1" 304 3384 "https://reezone.inglory.de/" "Serf/1.3.9 (mod_pagespeed/1.13.35.2-0)"
94.130.90.54 - - [09/Mar/2026:06:58:37 +0100] "GET /wp-content/uploads/ackermann-300x205.jpg HTTP/1.1" 304 3383 "https://reezone.inglory.de/" "Serf/1.3.9 (mod_pagespeed/1.13.35.2-0)"
94.130.90.54 - - [09/Mar/2026:06:58:37 +0100] "GET /wp-content/uploads/ackermann-600x411.jpg HTTP/1.1" 304 3383 "https://reezone.inglory.de/" "Serf/1.3.9 (mod_pagespeed/1.13.35.2-0)"
94.130.90.54 - - [09/Mar/2026:06:58:37 +0100] "GET /wp-content/uploads/Frame-4627-1.png HTTP/1.1" 304 3384 "https://reezone.inglory.de/" "Serf/1.3.9 (mod_pagespeed/1.13.35.2-0)"
94.130.90.54 - - [09/Mar/2026:06:58:37 +0100] "GET /wp-content/uploads/Frame-4627-1-300x74.png HTTP/1.1" 304 3383 "https://reezone.inglory.de/" "Serf/1.3.9 (mod_pagespeed/1.13.35.2-0)"
94.130.90.54 - - [09/Mar/2026:06:58:37 +0100] "GET /wp-content/uploads/Frame-4627-1-1024x252.png HTTP/1.1" 304 3384 "https://reezone.inglory.de/" "Serf/1.3.9 (mod_pagespeed/1.13.35.2-0)"
94.130.90.54 - - [09/Mar/2026:06:58:37 +0100] "GET /wp-content/uploads/Frame-4627-1-768x189.png HTTP/1.1" 304 3383 "https://reezone.inglory.de/" "Serf/1.3.9 (mod_pagespeed/1.13.35.2-0)"
94.130.90.54 - - [09/Mar/2026:06:58:37 +0100] "GET /wp-content/uploads/Frame-4627-1-600x147.png HTTP/1.1" 304 3383 "https://reezone.inglory.de/" "Serf/1.3.9 (mod_pagespeed/1.13.35.2-0)"
94.130.90.54 - - [09/Mar/2026:06:58:37 +0100] "GET /wp-includes/js/underscore.min.js?ver=1.13.7 HTTP/1.1" 304 3383 "https://reezone.inglory.de/" "Serf/1.3.9 (mod_pagespeed/1.13.35.2-0)"
94.130.90.54 - - [09/Mar/2026:06:58:37 +0100] "GET /wp-includes/js/wp-util.min.js?ver=6.9.1 HTTP/1.1" 304 3382 "https://reezone.inglory.de/" "Serf/1.3.9 (mod_pagespeed/1.13.35.2-0)"
94.130.90.54 - - [09/Mar/2026:06:58:37 +0100] "GET /wp-content/plugins/jet-woo-product-gallery/assets/lib/swiper/swiper.min.js?ver=5.3.6 HTTP/1.1" 304 3384 "https://reezone.inglory.de/" "Serf/1.3.9 (mod_pagespeed/1.13.35.2-0)"
94.130.90.54 - - [09/Mar/2026:06:58:37 +0100] "GET /wp-content/plugins/woocommerce/assets/css/woocommerce.css?ver=10.5.3 HTTP/1.1" 304 3384 "https://reezone.inglory.de/" "Serf/1.3.9 (mod_pagespeed/1.13.35.2-0)"
94.130.90.54 - - [09/Mar/2026:06:58:37 +0100] "GET /wp-content/uploads/elementor/css/post-11.css?ver=1772646460 HTTP/1.1" 304 3384 "https://reezone.inglory.de/" "Serf/1.3.9 (mod_pagespeed/1.13.35.2-0)"
94.130.90.54 - - [09/Mar/2026:06:58:37 +0100] "GET /wp-content/uploads/elementor/css/post-137.css?ver=1773035917 HTTP/1.1" 200 43631 "https://reezone.inglory.de/" "Serf/1.3.9 (mod_pagespeed/1.13.35.2-0)"
94.130.90.54 - - [09/Mar/2026:06:58:37 +0100] "GET /wp-content/plugins/yith-woocommerce-product-add-ons/assets/css/front.css?ver=4.28.0 HTTP/1.1" 304 3383 "https://reezone.inglory.de/" "Serf/1.3.9 (mod_pagespeed/1.13.35.2-0)"
94.130.90.54 - - [09/Mar/2026:06:58:37 +0100] "GET /wp-content/plugins/wp-social-reviews/assets/css/wp_social_ninja_ig.css?ver=4.1.0 HTTP/1.1" 304 3383 "https://reezone.inglory.de/" "Serf/1.3.9 (mod_pagespeed/1.13.35.2-0)"
94.130.90.54 - - [09/Mar/2026:06:58:37 +0100] "GET /wp-content/plugins/woocommerce/assets/css/photoswipe/photoswipe.min.css?ver=10.5.3 HTTP/1.1" 304 3382 "https://reezone.inglory.de/" "Serf/1.3.9 (mod_pagespeed/1.13.35.2-0)"
94.130.90.54 - - [09/Mar/2026:06:58:37 +0100] "GET /wp-content/plugins/woocommerce/assets/css/photoswipe/default-skin/default-skin.min.css?ver=10.5.3 HTTP/1.1" 304 3383 "https://reezone.inglory.de/" "Serf/1.3.9 (mod_pagespeed/1.13.35.2-0)"
94.130.90.54 - - [09/Mar/2026:06:58:37 +0100] "GET /wp-includes/js/jquery/ui/progressbar.min.js?ver=1.13.3 HTTP/1.1" 200 6110 "https://reezone.inglory.de/" "Serf/1.3.9 (mod_pagespeed/1.13.35.2-0)"
94.130.90.54 - - [09/Mar/2026:06:58:37 +0100] "GET /wp-content/plugins/woocommerce/assets/js/frontend/single-product.min.js?ver=10.5.3 HTTP/1.1" 200 13355 "https://reezone.inglory.de/" "Serf/1.3.9 (mod_pagespeed/1.13.35.2-0)"
94.130.90.54 - - [09/Mar/2026:06:58:37 +0100] "GET /wp-content/plugins/elementor-pro/assets/js/frontend.min.js?ver=3.35.1 HTTP/1.1" 200 27630 "https://reezone.inglory.de/" "Serf/1.3.9 (mod_pagespeed/1.13.35.2-0)"
94.130.90.54 - - [09/Mar/2026:06:58:37 +0100] "GET /wp-content/plugins/elementor-pro/assets/js/elements-handlers.min.js?ver=3.35.1 HTTP/1.1" 200 47870 "https://reezone.inglory.de/" "Serf/1.3.9 (mod_pagespeed/1.13.35.2-0)"
94.130.90.54 - - [09/Mar/2026:06:58:37 +0100] "GET /wp-content/uploads/Google-logo.svg HTTP/1.1" 200 4641 "https://reezone.inglory.de/" "Serf/1.3.9 (mod_pagespeed/1.13.35.2-0)"
94.130.90.54 - - [09/Mar/2026:06:58:37 +0100] "GET /wp-content/uploads/stars.svg HTTP/1.1" 200 4480 "https://reezone.inglory.de/" "Serf/1.3.9 (mod_pagespeed/1.13.35.2-0)"
94.130.90.54 - - [09/Mar/2026:06:58:37 +0100] "GET /wp-content/uploads/svgexport-1-2-1.svg HTTP/1.1" 200 13136 "https://reezone.inglory.de/" "Serf/1.3.9 (mod_pagespeed/1.13.35.2-0)"
94.130.90.54 - - [09/Mar/2026:06:58:37 +0100] "GET /wp-content/uploads/quote.svg HTTP/1.1" 200 4069 "https://reezone.inglory.de/" "Serf/1.3.9 (mod_pagespeed/1.13.35.2-0)"
94.130.90.54 - - [09/Mar/2026:06:58:37 +0100] "GET /wp-content/uploads/logo-2.svg HTTP/1.1" 200 4579 "https://reezone.inglory.de/" "Serf/1.3.9 (mod_pagespeed/1.13.35.2-0)"
94.130.90.54 - - [09/Mar/2026:06:58:37 +0100] "GET /wp-content/uploads/icon-4.svg HTTP/1.1" 200 4560 "https://reezone.inglory.de/" "Serf/1.3.9 (mod_pagespeed/1.13.35.2-0)"
94.130.90.54 - - [09/Mar/2026:06:58:37 +0100] "GET /wp-content/uploads/footer-stilpunkt-1.svg HTTP/1.1" 200 10259 "https://reezone.inglory.de/" "Serf/1.3.9 (mod_pagespeed/1.13.35.2-0)"
94.130.90.54 - - [09/Mar/2026:06:58:37 +0100] "GET /wp-includes/js/jquery/jquery.min.js?ver=3.7.1 HTTP/1.1" 304 3384 "https://reezone.inglory.de/" "Serf/1.3.9 (mod_pagespeed/1.13.35.2-0)"
94.130.90.54 - - [09/Mar/2026:06:58:37 +0100] "GET /wp-content/plugins/elementor/assets/js/frontend.min.js?ver=3.35.6 HTTP/1.1" 200 35511 "https://reezone.inglory.de/" "Serf/1.3.9 (mod_pagespeed/1.13.35.2-0)"
94.130.90.54 - - [09/Mar/2026:06:58:37 +0100] "GET /wp-content/plugins/elementor/assets/lib/swiper/v8/swiper.min.js?ver=8.4.5 HTTP/1.1" 200 147497 "https://reezone.inglory.de/" "Serf/1.3.9 (mod_pagespeed/1.13.35.2-0)"
94.130.90.54 - - [09/Mar/2026:06:58:37 +0100] "GET /wp-content/plugins/jet-engine/includes/compatibility/packages/woocommerce/inc/assets/css/admin/meta-boxes.css?ver=3.8.5 HTTP/1.1" 200 7649 "https://reezone.inglory.de/" "Serf/1.3.9 (mod_pagespeed/1.13.35.2-0)"
94.130.90.54 - - [09/Mar/2026:06:58:37 +0100] "GET /wp-content/plugins/jet-engine/assets/css/frontend.css?ver=3.8.5 HTTP/1.1" 200 58875 "https://reezone.inglory.de/" "Serf/1.3.9 (mod_pagespeed/1.13.35.2-0)"
94.130.90.54 - - [09/Mar/2026:06:58:38 +0100] "GET /wp-content/plugins/woocommerce/assets/css/woocommerce-layout.css?ver=10.5.3 HTTP/1.1" 200 23296 "https://reezone.inglory.de/" "Serf/1.3.9 (mod_pagespeed/1.13.35.2-0)"
94.130.90.54 - - [09/Mar/2026:06:58:38 +0100] "GET /wp-content/plugins/woocommerce/assets/css/woocommerce-smallscreen.css?ver=10.5.3 HTTP/1.1" 200 11066 "https://reezone.inglory.de/" "Serf/1.3.9 (mod_pagespeed/1.13.35.2-0)"
94.130.90.54 - - [09/Mar/2026:06:58:38 +0100] "GET /wp-content/themes/hello-elementor/assets/css/reset.css?ver=3.4.6 HTTP/1.1" 200 8995 "https://reezone.inglory.de/" "Serf/1.3.9 (mod_pagespeed/1.13.35.2-0)"
94.130.90.54 - - [09/Mar/2026:06:58:38 +0100] "GET /wp-content/themes/hello-elementor/assets/css/theme.css?ver=3.4.6 HTTP/1.1" 200 8636 "https://reezone.inglory.de/" "Serf/1.3.9 (mod_pagespeed/1.13.35.2-0)"
94.130.90.54 - - [09/Mar/2026:06:58:38 +0100] "GET /wp-content/themes/hello-elementor/assets/css/header-footer.css?ver=3.4.6 HTTP/1.1" 200 10721 "https://reezone.inglory.de/" "Serf/1.3.9 (mod_pagespeed/1.13.35.2-0)"
94.130.90.54 - - [09/Mar/2026:06:58:38 +0100] "GET /wp-content/plugins/elementor/assets/css/frontend.min.css?ver=3.35.6 HTTP/1.1" 200 58293 "https://reezone.inglory.de/" "Serf/1.3.9 (mod_pagespeed/1.13.35.2-0)"
94.130.90.54 - - [09/Mar/2026:06:58:38 +0100] "GET /wp-content/plugins/elementor/assets/css/widget-image.min.css?ver=3.35.6 HTTP/1.1" 200 3721 "https://reezone.inglory.de/" "Serf/1.3.9 (mod_pagespeed/1.13.35.2-0)"
94.130.90.54 - - [09/Mar/2026:06:58:38 +0100] "GET /wp-content/plugins/elementor-pro/assets/css/modules/sticky.min.css?ver=3.35.1 HTTP/1.1" 200 3669 "https://reezone.inglory.de/" "Serf/1.3.9 (mod_pagespeed/1.13.35.2-0)"
94.130.90.54 - - [09/Mar/2026:06:58:38 +0100] "GET /wp-content/plugins/elementor/assets/css/widget-heading.min.css?ver=3.35.6 HTTP/1.1" 200 4068 "https://reezone.inglory.de/" "Serf/1.3.9 (mod_pagespeed/1.13.35.2-0)"
94.130.90.54 - - [09/Mar/2026:06:58:38 +0100] "GET /wp-content/plugins/elementor/assets/css/widget-social-icons.min.css?ver=3.35.6 HTTP/1.1" 200 8649 "https://reezone.inglory.de/" "Serf/1.3.9 (mod_pagespeed/1.13.35.2-0)"
94.130.90.54 - - [09/Mar/2026:06:58:38 +0100] "GET /wp-content/plugins/elementor/assets/css/conditionals/apple-webkit.min.css?ver=3.35.6 HTTP/1.1" 200 10252 "https://reezone.inglory.de/" "Serf/1.3.9 (mod_pagespeed/1.13.35.2-0)"
94.130.90.54 - - [09/Mar/2026:06:58:38 +0100] "GET /wp-content/plugins/elementor/assets/css/widget-icon-list.min.css?ver=3.35.6 HTTP/1.1" 200 13795 "https://reezone.inglory.de/" "Serf/1.3.9 (mod_pagespeed/1.13.35.2-0)"
94.130.90.54 - - [09/Mar/2026:06:58:38 +0100] "GET /wp-content/plugins/elementor/assets/lib/animations/styles/fadeIn.min.css?ver=3.35.6 HTTP/1.1" 200 3583 "https://reezone.inglory.de/" "Serf/1.3.9 (mod_pagespeed/1.13.35.2-0)"
94.130.90.54 - - [09/Mar/2026:06:58:38 +0100] "GET /wp-content/plugins/elementor-pro/assets/css/conditionals/popup.min.css?ver=3.35.1 HTTP/1.1" 200 4503 "https://reezone.inglory.de/" "Serf/1.3.9 (mod_pagespeed/1.13.35.2-0)"
94.130.90.54 - - [09/Mar/2026:06:58:38 +0100] "GET /wp-content/plugins/elementor/assets/css/conditionals/e-swiper.min.css?ver=3.35.6 HTTP/1.1" 200 9025 "https://reezone.inglory.de/" "Serf/1.3.9 (mod_pagespeed/1.13.35.2-0)"
94.130.90.54 - - [09/Mar/2026:06:58:38 +0100] "GET /wp-content/plugins/elementor/assets/css/widget-image-carousel.min.css?ver=3.35.6 HTTP/1.1" 200 3850 "https://reezone.inglory.de/" "Serf/1.3.9 (mod_pagespeed/1.13.35.2-0)"
94.130.90.54 - - [09/Mar/2026:06:58:38 +0100] "GET /wp-content/plugins/woocommerce/assets/client/blocks/wc-blocks.css?ver=wc-10.5.3 HTTP/1.1" 200 17546 "https://reezone.inglory.de/" "Serf/1.3.9 (mod_pagespeed/1.13.35.2-0)"
94.130.90.54 - - [09/Mar/2026:06:58:38 +0100] "GET /wp-content/plugins/yith-woocommerce-product-add-ons/assets/js/front.min.js?ver=4.28.0 HTTP/1.1" 200 53002 "https://reezone.inglory.de/" "Serf/1.3.9 (mod_pagespeed/1.13.35.2-0)"
94.130.90.54 - - [09/Mar/2026:06:58:38 +0100] "GET /wp-content/plugins/elementor-pro/assets/js/webpack-pro.runtime.min.js?ver=3.35.1 HTTP/1.1" 200 9801 "https://reezone.inglory.de/" "Serf/1.3.9 (mod_pagespeed/1.13.35.2-0)"
94.130.90.54 - - [09/Mar/2026:06:58:38 +0100] "GET /wp-content/plugins/yith-woocommerce-product-add-ons/assets/img/icon-check.png HTTP/1.1" 304 3382 "https://reezone.inglory.de/" "Serf/1.3.9 (mod_pagespeed/1.13.35.2-0)"
94.130.90.54 - - [09/Mar/2026:06:58:38 +0100] "GET /wp-content/plugins/wp-social-reviews/assets/images/icon-tiktok-black.png?7146ef0826b3c23ca309da88d40e830f HTTP/1.1" 304 3383 "https://reezone.inglory.de/" "Serf/1.3.9 (mod_pagespeed/1.13.35.2-0)"
94.130.90.54 - - [09/Mar/2026:06:58:38 +0100] "GET /wp-content/plugins/wp-social-reviews/assets/images/ig-media-type.png?cf631e89461d1df66942f30a5024bf8a HTTP/1.1" 304 3382 "https://reezone.inglory.de/" "Serf/1.3.9 (mod_pagespeed/1.13.35.2-0)"
94.130.90.54 - - [09/Mar/2026:06:58:38 +0100] "GET /wp-content/plugins/woocommerce/assets/css/photoswipe/default-skin/default-skin.png HTTP/1.1" 304 3382 "https://reezone.inglory.de/" "Serf/1.3.9 (mod_pagespeed/1.13.35.2-0)"
94.130.90.54 - - [09/Mar/2026:06:58:38 +0100] "GET /wp-content/plugins/woocommerce/assets/css/photoswipe/default-skin/preloader.gif HTTP/1.1" 304 3382 "https://reezone.inglory.de/" "Serf/1.3.9 (mod_pagespeed/1.13.35.2-0)"
94.130.90.54 - - [09/Mar/2026:06:58:38 +0100] "GET /wp-content/plugins/elementor/assets/js/webpack.runtime.min.js?ver=3.35.6 HTTP/1.1" 200 9275 "https://reezone.inglory.de/" "Serf/1.3.9 (mod_pagespeed/1.13.35.2-0)"
94.130.90.54 - - [09/Mar/2026:06:58:38 +0100] "GET /wp-content/plugins/woocommerce/assets/js/frontend/add-to-cart-variation.min.js?ver=10.5.3 HTTP/1.1" 200 18305 "https://reezone.inglory.de/" "Serf/1.3.9 (mod_pagespeed/1.13.35.2-0)"
94.130.90.54 - - [09/Mar/2026:06:58:38 +0100] "GET /wp-content/plugins/woocommerce/assets/js/selectWoo/selectWoo.full.min.js?ver=1.0.9-wc.10.5.3 HTTP/1.1" 200 81586 "https://reezone.inglory.de/" "Serf/1.3.9 (mod_pagespeed/1.13.35.2-0)"
94.130.90.54 - - [09/Mar/2026:06:58:38 +0100] "GET /wp-content/uploads/bg-2-1.jpg HTTP/1.1" 304 3384 "https://reezone.inglory.de/" "Serf/1.3.9 (mod_pagespeed/1.13.35.2-0)"
94.130.90.54 - - [09/Mar/2026:06:58:38 +0100] "GET /wp-content/uploads/img-1-1.jpg HTTP/1.1" 304 3384 "https://reezone.inglory.de/" "Serf/1.3.9 (mod_pagespeed/1.13.35.2-0)"
94.130.90.54 - - [09/Mar/2026:06:58:38 +0100] "GET /wp-content/uploads/img-2-1.jpg HTTP/1.1" 304 3384 "https://reezone.inglory.de/" "Serf/1.3.9 (mod_pagespeed/1.13.35.2-0)"
74.7.243.201 - - [09/Mar/2026:06:58:39 +0100] "GET /wp-includes/js/underscore.min.js?ver=1.13.7 HTTP/1.0" 200 11521 "https://reezone.inglory.de/" "Mozilla/5.0 AppleWebKit/537.36 (KHTML, like Gecko; compatible; GPTBot/1.3; +https://openai.com/gptbot)"
74.7.243.201 - - [09/Mar/2026:06:58:41 +0100] "GET /wp-content/uploads/logo.svg HTTP/1.0" 200 9270 "https://reezone.inglory.de/" "Mozilla/5.0 AppleWebKit/537.36 (KHTML, like Gecko; compatible; GPTBot/1.3; +https://openai.com/gptbot)"
74.7.243.201 - - [09/Mar/2026:06:58:44 +0100] "GET /wp-content/uploads/xackermann.jpg.pagespeed.ic.y0c5VfYy7P.jpg HTTP/1.0" 200 167633 "https://reezone.inglory.de/" "Mozilla/5.0 AppleWebKit/537.36 (KHTML, like Gecko; compatible; GPTBot/1.3; +https://openai.com/gptbot)"
74.7.243.201 - - [09/Mar/2026:06:58:46 +0100] "GET /wp-includes/js/wp-util.min.js?ver=6.9.1 HTTP/1.0" 200 4952 "https://reezone.inglory.de/" "Mozilla/5.0 AppleWebKit/537.36 (KHTML, like Gecko; compatible; GPTBot/1.3; +https://openai.com/gptbot)"
94.130.90.54 - - [09/Mar/2026:06:58:49 +0100] "GET /wp-content/plugins/elementor-pro/assets/css/widget-form.min.css?ver=3.35.1 HTTP/1.1" 304 3383 "https://reezone.inglory.de/kontakt/" "Serf/1.3.9 (mod_pagespeed/1.13.35.2-0)"
94.130.90.54 - - [09/Mar/2026:06:58:49 +0100] "GET /wp-content/plugins/elementor/assets/css/widget-google_maps.min.css?ver=3.35.6 HTTP/1.1" 304 3382 "https://reezone.inglory.de/kontakt/" "Serf/1.3.9 (mod_pagespeed/1.13.35.2-0)"
94.130.90.54 - - [09/Mar/2026:06:58:49 +0100] "GET /wp-content/plugins/woocommerce/assets/js/sourcebuster/sourcebuster.min.js?ver=10.5.3 HTTP/1.1" 304 3383 "https://reezone.inglory.de/kontakt/" "Serf/1.3.9 (mod_pagespeed/1.13.35.2-0)"
94.130.90.54 - - [09/Mar/2026:06:58:49 +0100] "GET /wp-content/uploads/elementor/css/post-22.css?ver=1772625970 HTTP/1.1" 200 24028 "https://reezone.inglory.de/kontakt/" "Serf/1.3.9 (mod_pagespeed/1.13.35.2-0)"
94.130.90.54 - - [09/Mar/2026:06:58:49 +0100] "GET /wp-content/plugins/elementor/assets/lib/eicons/css/elementor-icons.min.css?ver=5.47.0 HTTP/1.1" 200 25210 "https://reezone.inglory.de/kontakt/" "Serf/1.3.9 (mod_pagespeed/1.13.35.2-0)"
74.7.243.201 - - [09/Mar/2026:06:58:48 +0100] "GET /kontakt/ HTTP/1.0" 200 26936 "https://reezone.inglory.de/" "Mozilla/5.0 AppleWebKit/537.36 (KHTML, like Gecko; compatible; GPTBot/1.3; +https://openai.com/gptbot)"
94.130.90.54 - - [09/Mar/2026:06:58:49 +0100] "GET /wp-includes/css/dashicons.min.css?ver=6.9.1 HTTP/1.1" 200 62631 "https://reezone.inglory.de/kontakt/" "Serf/1.3.9 (mod_pagespeed/1.13.35.2-0)"
94.130.90.54 - - [09/Mar/2026:06:58:49 +0100] "GET /wp-includes/js/dist/i18n.min.js?ver=c26c3dc7bed366793375 HTTP/1.1" 200 8867 "https://reezone.inglory.de/kontakt/" "Serf/1.3.9 (mod_pagespeed/1.13.35.2-0)"
94.130.90.54 - - [09/Mar/2026:06:58:49 +0100] "GET /wp-content/uploads/logo.svg HTTP/1.1" 200 8774 "https://reezone.inglory.de/kontakt/" "Serf/1.3.9 (mod_pagespeed/1.13.35.2-0)"
94.130.90.54 - - [09/Mar/2026:06:58:49 +0100] "GET /wp-content/uploads/logo-1.svg HTTP/1.1" 200 9278 "https://reezone.inglory.de/kontakt/" "Serf/1.3.9 (mod_pagespeed/1.13.35.2-0)"
94.130.90.54 - - [09/Mar/2026:06:58:49 +0100] "GET /wp-content/plugins/woocommerce/assets/images/icons/loader.svg HTTP/1.1" 200 3647 "https://reezone.inglory.de/kontakt/" "Serf/1.3.9 (mod_pagespeed/1.13.35.2-0)"
94.130.90.54 - - [09/Mar/2026:06:58:49 +0100] "GET /wp-content/plugins/woocommerce/assets/images/icons/credit-cards/visa.svg HTTP/1.1" 200 4850 "https://reezone.inglory.de/kontakt/" "Serf/1.3.9 (mod_pagespeed/1.13.35.2-0)"
94.130.90.54 - - [09/Mar/2026:06:58:49 +0100] "GET /wp-content/plugins/woocommerce/assets/images/icons/credit-cards/mastercard.svg HTTP/1.1" 200 8155 "https://reezone.inglory.de/kontakt/" "Serf/1.3.9 (mod_pagespeed/1.13.35.2-0)"
94.130.90.54 - - [09/Mar/2026:06:58:49 +0100] "GET /wp-content/plugins/woocommerce/assets/images/icons/credit-cards/laser.svg HTTP/1.1" 200 6630 "https://reezone.inglory.de/kontakt/" "Serf/1.3.9 (mod_pagespeed/1.13.35.2-0)"
94.130.90.54 - - [09/Mar/2026:06:58:49 +0100] "GET /wp-content/plugins/woocommerce/assets/images/icons/credit-cards/diners.svg HTTP/1.1" 200 4294 "https://reezone.inglory.de/kontakt/" "Serf/1.3.9 (mod_pagespeed/1.13.35.2-0)"
94.130.90.54 - - [09/Mar/2026:06:58:49 +0100] "GET /wp-content/plugins/woocommerce/assets/images/icons/credit-cards/maestro.svg HTTP/1.1" 200 10318 "https://reezone.inglory.de/kontakt/" "Serf/1.3.9 (mod_pagespeed/1.13.35.2-0)"
94.130.90.54 - - [09/Mar/2026:06:58:49 +0100] "GET /wp-content/plugins/woocommerce/assets/images/icons/credit-cards/jcb.svg HTTP/1.1" 200 6320 "https://reezone.inglory.de/kontakt/" "Serf/1.3.9 (mod_pagespeed/1.13.35.2-0)"
94.130.90.54 - - [09/Mar/2026:06:58:49 +0100] "GET /wp-content/plugins/woocommerce/assets/images/icons/credit-cards/amex.svg HTTP/1.1" 200 8183 "https://reezone.inglory.de/kontakt/" "Serf/1.3.9 (mod_pagespeed/1.13.35.2-0)"
