103.164.254.165 - - [09/Mar/2026:06:53:47 +0100] "GET /wp-includes/css/dashicons.min.css?ver=6.9.1 HTTP/1.0" 304 3886 "https://reezone.inglory.de/?elementor-preview=11&ver=1773035620" "Mozilla/5.0 (Macintosh; Intel Mac OS X 10_15_7) AppleWebKit/537.36 (KHTML, like Gecko) Chrome/145.0.0.0 Safari/537.36"
103.164.254.165 - - [09/Mar/2026:06:53:47 +0100] "GET /wp-content/plugins/jet-engine/assets/css/frontend.css?ver=3.8.5 HTTP/1.0" 304 3914 "https://reezone.inglory.de/?elementor-preview=11&ver=1773035620" "Mozilla/5.0 (Macintosh; Intel Mac OS X 10_15_7) AppleWebKit/537.36 (KHTML, like Gecko) Chrome/145.0.0.0 Safari/537.36"
94.130.90.54 - - [09/Mar/2026:06:53:47 +0100] "GET /wp-content/plugins/elementor-pro/assets/css/widget-social.min.css?ver=3.35.1 HTTP/1.1" 200 3866 "https://reezone.inglory.de/?elementor-preview=11&ver=1773035620" "Serf/1.3.9 (mod_pagespeed/1.13.35.2-0)"
103.164.254.165 - - [09/Mar/2026:06:53:47 +0100] "GET /wp-content/plugins/woocommerce/assets/css/woocommerce-layout.css?ver=10.5.3 HTTP/1.0" 304 3914 "https://reezone.inglory.de/?elementor-preview=11&ver=1773035620" "Mozilla/5.0 (Macintosh; Intel Mac OS X 10_15_7) AppleWebKit/537.36 (KHTML, like Gecko) Chrome/145.0.0.0 Safari/537.36"
103.164.254.165 - - [09/Mar/2026:06:53:47 +0100] "GET /wp-content/plugins/woocommerce/assets/css/woocommerce-smallscreen.css?ver=10.5.3 HTTP/1.0" 304 3914 "https://reezone.inglory.de/?elementor-preview=11&ver=1773035620" "Mozilla/5.0 (Macintosh; Intel Mac OS X 10_15_7) AppleWebKit/537.36 (KHTML, like Gecko) Chrome/145.0.0.0 Safari/537.36"
103.164.254.165 - - [09/Mar/2026:06:53:47 +0100] "GET /wp-content/themes/hello-elementor/assets/css/theme.css?ver=3.4.6 HTTP/1.0" 304 3914 "https://reezone.inglory.de/?elementor-preview=11&ver=1773035620" "Mozilla/5.0 (Macintosh; Intel Mac OS X 10_15_7) AppleWebKit/537.36 (KHTML, like Gecko) Chrome/145.0.0.0 Safari/537.36"
94.130.90.54 - - [09/Mar/2026:06:53:47 +0100] "GET /wp-content/plugins/elementor-pro/assets/css/widget-lottie.min.css?ver=3.35.1 HTTP/1.1" 200 4055 "https://reezone.inglory.de/?elementor-preview=11&ver=1773035620" "Serf/1.3.9 (mod_pagespeed/1.13.35.2-0)"
103.164.254.165 - - [09/Mar/2026:06:53:47 +0100] "GET /wp-content/themes/hello-elementor/assets/css/reset.css?ver=3.4.6 HTTP/1.0" 304 3914 "https://reezone.inglory.de/?elementor-preview=11&ver=1773035620" "Mozilla/5.0 (Macintosh; Intel Mac OS X 10_15_7) AppleWebKit/537.36 (KHTML, like Gecko) Chrome/145.0.0.0 Safari/537.36"
103.164.254.165 - - [09/Mar/2026:06:53:47 +0100] "GET /wp-content/themes/hello-elementor/assets/css/header-footer.css?ver=3.4.6 HTTP/1.0" 304 3914 "https://reezone.inglory.de/?elementor-preview=11&ver=1773035620" "Mozilla/5.0 (Macintosh; Intel Mac OS X 10_15_7) AppleWebKit/537.36 (KHTML, like Gecko) Chrome/145.0.0.0 Safari/537.36"
103.164.254.165 - - [09/Mar/2026:06:53:47 +0100] "GET /wp-content/plugins/elementor-pro/assets/css/woocommerce-notices.min.css?ver=3.35.1 HTTP/1.0" 200 5904 "https://reezone.inglory.de/?elementor-preview=11&ver=1773035620" "Mozilla/5.0 (Macintosh; Intel Mac OS X 10_15_7) AppleWebKit/537.36 (KHTML, like Gecko) Chrome/145.0.0.0 Safari/537.36"
94.130.90.54 - - [09/Mar/2026:06:53:47 +0100] "GET /wp-content/plugins/elementor-pro/assets/css/widget-code-highlight.min.css?ver=3.35.1 HTTP/1.1" 200 22502 "https://reezone.inglory.de/?elementor-preview=11&ver=1773035620" "Serf/1.3.9 (mod_pagespeed/1.13.35.2-0)"
103.164.254.165 - - [09/Mar/2026:06:53:47 +0100] "GET /wp-content/plugins/elementor-pro/assets/css/widget-woocommerce-menu-cart.min.css?ver=3.35.1 HTTP/1.0" 304 3914 "https://reezone.inglory.de/?elementor-preview=11&ver=1773035620" "Mozilla/5.0 (Macintosh; Intel Mac OS X 10_15_7) AppleWebKit/537.36 (KHTML, like Gecko) Chrome/145.0.0.0 Safari/537.36"
103.164.254.165 - - [09/Mar/2026:06:53:47 +0100] "GET /wp-content/plugins/elementor/assets/css/widget-image.min.css?ver=3.35.6 HTTP/1.0" 304 3912 "https://reezone.inglory.de/?elementor-preview=11&ver=1773035620" "Mozilla/5.0 (Macintosh; Intel Mac OS X 10_15_7) AppleWebKit/537.36 (KHTML, like Gecko) Chrome/145.0.0.0 Safari/537.36"
103.164.254.165 - - [09/Mar/2026:06:53:47 +0100] "GET /wp-content/plugins/elementor-pro/assets/css/modules/sticky.min.css?ver=3.35.1 HTTP/1.0" 304 3912 "https://reezone.inglory.de/?elementor-preview=11&ver=1773035620" "Mozilla/5.0 (Macintosh; Intel Mac OS X 10_15_7) AppleWebKit/537.36 (KHTML, like Gecko) Chrome/145.0.0.0 Safari/537.36"
103.164.254.165 - - [09/Mar/2026:06:53:47 +0100] "GET /wp-content/plugins/elementor/assets/css/frontend.min.css?ver=3.35.6 HTTP/1.0" 304 3914 "https://reezone.inglory.de/?elementor-preview=11&ver=1773035620" "Mozilla/5.0 (Macintosh; Intel Mac OS X 10_15_7) AppleWebKit/537.36 (KHTML, like Gecko) Chrome/145.0.0.0 Safari/537.36"
103.164.254.165 - - [09/Mar/2026:06:53:47 +0100] "GET /wp-content/plugins/elementor-pro/assets/css/widget-nav-menu.min.css?ver=3.35.1 HTTP/1.0" 304 3914 "https://reezone.inglory.de/?elementor-preview=11&ver=1773035620" "Mozilla/5.0 (Macintosh; Intel Mac OS X 10_15_7) AppleWebKit/537.36 (KHTML, like Gecko) Chrome/145.0.0.0 Safari/537.36"
103.164.254.165 - - [09/Mar/2026:06:53:47 +0100] "GET /wp-content/plugins/elementor/assets/css/widget-heading.min.css?ver=3.35.6 HTTP/1.0" 304 3913 "https://reezone.inglory.de/?elementor-preview=11&ver=1773035620" "Mozilla/5.0 (Macintosh; Intel Mac OS X 10_15_7) AppleWebKit/537.36 (KHTML, like Gecko) Chrome/145.0.0.0 Safari/537.36"
94.130.90.54 - - [09/Mar/2026:06:53:47 +0100] "GET /wp-content/plugins/elementor-pro/assets/css/widget-video-playlist.min.css?ver=3.35.1 HTTP/1.1" 200 13974 "https://reezone.inglory.de/?elementor-preview=11&ver=1773035620" "Serf/1.3.9 (mod_pagespeed/1.13.35.2-0)"
103.164.254.165 - - [09/Mar/2026:06:53:47 +0100] "GET /wp-content/plugins/elementor/assets/css/conditionals/apple-webkit.min.css?ver=3.35.6 HTTP/1.0" 304 3914 "https://reezone.inglory.de/?elementor-preview=11&ver=1773035620" "Mozilla/5.0 (Macintosh; Intel Mac OS X 10_15_7) AppleWebKit/537.36 (KHTML, like Gecko) Chrome/145.0.0.0 Safari/537.36"
103.164.254.165 - - [09/Mar/2026:06:53:47 +0100] "GET /wp-content/uploads/elementor/css/post-103.css?ver=1772616986 HTTP/1.0" 304 3914 "https://reezone.inglory.de/?elementor-preview=11&ver=1773035620" "Mozilla/5.0 (Macintosh; Intel Mac OS X 10_15_7) AppleWebKit/537.36 (KHTML, like Gecko) Chrome/145.0.0.0 Safari/537.36"
94.130.90.54 - - [09/Mar/2026:06:53:47 +0100] "GET /wp-content/plugins/elementor-pro/assets/css/widget-progress-tracker.min.css?ver=3.35.1 HTTP/1.1" 200 6335 "https://reezone.inglory.de/?elementor-preview=11&ver=1773035620" "Serf/1.3.9 (mod_pagespeed/1.13.35.2-0)"
94.130.90.54 - - [09/Mar/2026:06:53:47 +0100] "GET /wp-content/plugins/elementor-pro/assets/css/widget-nested-carousel.min.css?ver=3.35.1 HTTP/1.1" 304 3383 "https://reezone.inglory.de/?elementor-preview=11&ver=1773035620" "Serf/1.3.9 (mod_pagespeed/1.13.35.2-0)"
103.164.254.165 - - [09/Mar/2026:06:53:47 +0100] "GET /wp-content/uploads/elementor/css/post-10.css?ver=1772616983 HTTP/1.0" 304 3914 "https://reezone.inglory.de/?elementor-preview=11&ver=1773035620" "Mozilla/5.0 (Macintosh; Intel Mac OS X 10_15_7) AppleWebKit/537.36 (KHTML, like Gecko) Chrome/145.0.0.0 Safari/537.36"
103.164.254.165 - - [09/Mar/2026:06:53:47 +0100] "GET /wp-content/plugins/elementor/assets/lib/eicons/css/elementor-icons.min.css?ver=5.47.0 HTTP/1.0" 304 3886 "https://reezone.inglory.de/?elementor-preview=11&ver=1773035620" "Mozilla/5.0 (Macintosh; Intel Mac OS X 10_15_7) AppleWebKit/537.36 (KHTML, like Gecko) Chrome/145.0.0.0 Safari/537.36"
94.130.90.54 - - [09/Mar/2026:06:53:47 +0100] "GET /wp-content/plugins/elementor-pro/assets/css/widget-loop-filter.min.css?ver=3.35.1 HTTP/1.1" 200 6529 "https://reezone.inglory.de/?elementor-preview=11&ver=1773035620" "Serf/1.3.9 (mod_pagespeed/1.13.35.2-0)"
94.130.90.54 - - [09/Mar/2026:06:53:47 +0100] "GET /wp-content/plugins/elementor/assets/css/widget-link-in-bio-var-2.min.css?ver=3.35.6 HTTP/1.1" 200 4329 "https://reezone.inglory.de/?elementor-preview=11&ver=1773035620" "Serf/1.3.9 (mod_pagespeed/1.13.35.2-0)"
103.164.254.165 - - [09/Mar/2026:06:53:47 +0100] "GET /wp-content/plugins/elementor/assets/css/widget-testimonial.min.css?ver=3.35.6 HTTP/1.0" 200 4529 "https://reezone.inglory.de/?elementor-preview=11&ver=1773035620" "Mozilla/5.0 (Macintosh; Intel Mac OS X 10_15_7) AppleWebKit/537.36 (KHTML, like Gecko) Chrome/145.0.0.0 Safari/537.36"
103.164.254.165 - - [09/Mar/2026:06:53:47 +0100] "GET /wp-content/uploads/elementor/css/post-137.css?ver=1772616986 HTTP/1.0" 304 3914 "https://reezone.inglory.de/?elementor-preview=11&ver=1773035620" "Mozilla/5.0 (Macintosh; Intel Mac OS X 10_15_7) AppleWebKit/537.36 (KHTML, like Gecko) Chrome/145.0.0.0 Safari/537.36"
103.164.254.165 - - [09/Mar/2026:06:53:47 +0100] "GET /wp-content/uploads/elementor/css/post-186.css?ver=1772616986 HTTP/1.0" 304 3914 "https://reezone.inglory.de/?elementor-preview=11&ver=1773035620" "Mozilla/5.0 (Macintosh; Intel Mac OS X 10_15_7) AppleWebKit/537.36 (KHTML, like Gecko) Chrome/145.0.0.0 Safari/537.36"
103.164.254.165 - - [09/Mar/2026:06:53:47 +0100] "GET /wp-content/plugins/elementor/assets/css/widget-social-icons.min.css?ver=3.35.6 HTTP/1.0" 304 3914 "https://reezone.inglory.de/?elementor-preview=11&ver=1773035620" "Mozilla/5.0 (Macintosh; Intel Mac OS X 10_15_7) AppleWebKit/537.36 (KHTML, like Gecko) Chrome/145.0.0.0 Safari/537.36"
103.164.254.165 - - [09/Mar/2026:06:53:47 +0100] "GET /wp-content/plugins/elementor/assets/lib/animations/styles/fadeIn.min.css?ver=3.35.6 HTTP/1.0" 304 3912 "https://reezone.inglory.de/?elementor-preview=11&ver=1773035620" "Mozilla/5.0 (Macintosh; Intel Mac OS X 10_15_7) AppleWebKit/537.36 (KHTML, like Gecko) Chrome/145.0.0.0 Safari/537.36"
103.164.254.165 - - [09/Mar/2026:06:53:47 +0100] "GET /wp-content/plugins/wp-social-reviews/assets/css/wp_social_ninja_fb.css?ver=4.1.0 HTTP/1.0" 200 14141 "https://reezone.inglory.de/?elementor-preview=11&ver=1773035620" "Mozilla/5.0 (Macintosh; Intel Mac OS X 10_15_7) AppleWebKit/537.36 (KHTML, like Gecko) Chrome/145.0.0.0 Safari/537.36"
94.130.90.54 - - [09/Mar/2026:06:53:47 +0100] "GET /wp-content/plugins/elementor/assets/css/widget-link-in-bio-var-3.min.css?ver=3.35.6 HTTP/1.1" 200 4212 "https://reezone.inglory.de/?elementor-preview=11&ver=1773035620" "Serf/1.3.9 (mod_pagespeed/1.13.35.2-0)"
103.164.254.165 - - [09/Mar/2026:06:53:47 +0100] "GET /wp-content/plugins/elementor/assets/css/widget-icon-list.min.css?ver=3.35.6 HTTP/1.0" 304 3914 "https://reezone.inglory.de/?elementor-preview=11&ver=1773035620" "Mozilla/5.0 (Macintosh; Intel Mac OS X 10_15_7) AppleWebKit/537.36 (KHTML, like Gecko) Chrome/145.0.0.0 Safari/537.36"
103.164.254.165 - - [09/Mar/2026:06:53:47 +0100] "GET /wp-content/plugins/elementor/assets/css/widget-nested-tabs.min.css?ver=3.35.6 HTTP/1.0" 200 6045 "https://reezone.inglory.de/?elementor-preview=11&ver=1773035620" "Mozilla/5.0 (Macintosh; Intel Mac OS X 10_15_7) AppleWebKit/537.36 (KHTML, like Gecko) Chrome/145.0.0.0 Safari/537.36"
103.164.254.165 - - [09/Mar/2026:06:53:47 +0100] "GET /wp-content/plugins/elementor-pro/assets/css/conditionals/popup.min.css?ver=3.35.1 HTTP/1.0" 304 3913 "https://reezone.inglory.de/?elementor-preview=11&ver=1773035620" "Mozilla/5.0 (Macintosh; Intel Mac OS X 10_15_7) AppleWebKit/537.36 (KHTML, like Gecko) Chrome/145.0.0.0 Safari/537.36"
103.164.254.165 - - [09/Mar/2026:06:53:47 +0100] "GET /wp-content/plugins/elementor/assets/css/widget-spacer.min.css?ver=3.35.6 HTTP/1.0" 200 4518 "https://reezone.inglory.de/?elementor-preview=11&ver=1773035620" "Mozilla/5.0 (Macintosh; Intel Mac OS X 10_15_7) AppleWebKit/537.36 (KHTML, like Gecko) Chrome/145.0.0.0 Safari/537.36"
103.164.254.165 - - [09/Mar/2026:06:53:47 +0100] "GET /wp-content/plugins/elementor/assets/css/widget-image-box.min.css?ver=3.35.6 HTTP/1.0" 200 4546 "https://reezone.inglory.de/?elementor-preview=11&ver=1773035620" "Mozilla/5.0 (Macintosh; Intel Mac OS X 10_15_7) AppleWebKit/537.36 (KHTML, like Gecko) Chrome/145.0.0.0 Safari/537.36"
103.164.254.165 - - [09/Mar/2026:06:53:47 +0100] "GET /wp-content/plugins/yith-woocommerce-product-add-ons/plugin-fw/assets/css/yith-icon.css?ver=4.7.8 HTTP/1.0" 304 3914 "https://reezone.inglory.de/?elementor-preview=11&ver=1773035620" "Mozilla/5.0 (Macintosh; Intel Mac OS X 10_15_7) AppleWebKit/537.36 (KHTML, like Gecko) Chrome/145.0.0.0 Safari/537.36"
103.164.254.165 - - [09/Mar/2026:06:53:47 +0100] "GET /wp-content/plugins/elementor/assets/css/widget-nested-accordion.min.css?ver=3.35.6 HTTP/1.0" 200 4978 "https://reezone.inglory.de/?elementor-preview=11&ver=1773035620" "Mozilla/5.0 (Macintosh; Intel Mac OS X 10_15_7) AppleWebKit/537.36 (KHTML, like Gecko) Chrome/145.0.0.0 Safari/537.36"
103.164.254.165 - - [09/Mar/2026:06:53:47 +0100] "GET /wp-content/plugins/elementor/assets/css/widget-video.min.css?ver=3.35.6 HTTP/1.0" 200 4582 "https://reezone.inglory.de/?elementor-preview=11&ver=1773035620" "Mozilla/5.0 (Macintosh; Intel Mac OS X 10_15_7) AppleWebKit/537.36 (KHTML, like Gecko) Chrome/145.0.0.0 Safari/537.36"
103.164.254.165 - - [09/Mar/2026:06:53:47 +0100] "GET /wp-content/plugins/elementor/assets/css/widget-google_maps.min.css?ver=3.35.6 HTTP/1.0" 200 4317 "https://reezone.inglory.de/?elementor-preview=11&ver=1773035620" "Mozilla/5.0 (Macintosh; Intel Mac OS X 10_15_7) AppleWebKit/537.36 (KHTML, like Gecko) Chrome/145.0.0.0 Safari/537.36"
103.164.254.165 - - [09/Mar/2026:06:53:47 +0100] "GET /wp-content/plugins/elementor/assets/css/widget-icon-box.min.css?ver=3.35.6 HTTP/1.0" 200 4617 "https://reezone.inglory.de/?elementor-preview=11&ver=1773035620" "Mozilla/5.0 (Macintosh; Intel Mac OS X 10_15_7) AppleWebKit/537.36 (KHTML, like Gecko) Chrome/145.0.0.0 Safari/537.36"
103.164.254.165 - - [09/Mar/2026:06:53:47 +0100] "GET /wp-content/plugins/elementor/assets/css/widget-text-editor.min.css?ver=3.35.6 HTTP/1.0" 200 4429 "https://reezone.inglory.de/?elementor-preview=11&ver=1773035620" "Mozilla/5.0 (Macintosh; Intel Mac OS X 10_15_7) AppleWebKit/537.36 (KHTML, like Gecko) Chrome/145.0.0.0 Safari/537.36"
94.130.90.54 - - [09/Mar/2026:06:53:47 +0100] "GET /wp-content/plugins/elementor/assets/css/widget-link-in-bio-var-4.min.css?ver=3.35.6 HTTP/1.1" 200 4296 "https://reezone.inglory.de/?elementor-preview=11&ver=1773035620" "Serf/1.3.9 (mod_pagespeed/1.13.35.2-0)"
103.164.254.165 - - [09/Mar/2026:06:53:47 +0100] "GET /wp-content/plugins/elementor/assets/css/widget-divider.min.css?ver=3.35.6 HTTP/1.0" 304 3914 "https://reezone.inglory.de/?elementor-preview=11&ver=1773035620" "Mozilla/5.0 (Macintosh; Intel Mac OS X 10_15_7) AppleWebKit/537.36 (KHTML, like Gecko) Chrome/145.0.0.0 Safari/537.36"
103.164.254.165 - - [09/Mar/2026:06:53:47 +0100] "GET /wp-content/plugins/jet-woo-product-gallery/assets/css/widgets/gallery-slider.css?ver=2.2.6 HTTP/1.0" 200 6700 "https://reezone.inglory.de/?elementor-preview=11&ver=1773035620" "Mozilla/5.0 (Macintosh; Intel Mac OS X 10_15_7) AppleWebKit/537.36 (KHTML, like Gecko) Chrome/145.0.0.0 Safari/537.36"
94.130.90.54 - - [09/Mar/2026:06:53:47 +0100] "GET /wp-content/plugins/elementor/assets/css/widget-link-in-bio-var-5.min.css?ver=3.35.6 HTTP/1.1" 200 5137 "https://reezone.inglory.de/?elementor-preview=11&ver=1773035620" "Serf/1.3.9 (mod_pagespeed/1.13.35.2-0)"
103.164.254.165 - - [09/Mar/2026:06:53:47 +0100] "GET /wp-content/plugins/elementor/assets/css/widget-floating-bars-base.min.css?ver=3.35.6 HTTP/1.0" 200 5580 "https://reezone.inglory.de/?elementor-preview=11&ver=1773035620" "Mozilla/5.0 (Macintosh; Intel Mac OS X 10_15_7) AppleWebKit/537.36 (KHTML, like Gecko) Chrome/145.0.0.0 Safari/537.36"
94.130.90.54 - - [09/Mar/2026:06:53:47 +0100] "GET /wp-content/plugins/elementor/assets/css/widget-link-in-bio-var-7.min.css?ver=3.35.6 HTTP/1.1" 200 5192 "https://reezone.inglory.de/?elementor-preview=11&ver=1773035620" "Serf/1.3.9 (mod_pagespeed/1.13.35.2-0)"
103.164.254.165 - - [09/Mar/2026:06:53:47 +0100] "GET /wp-content/plugins/elementor/assets/css/widget-image-gallery.min.css?ver=3.35.6 HTTP/1.0" 200 4541 "https://reezone.inglory.de/?elementor-preview=11&ver=1773035620" "Mozilla/5.0 (Macintosh; Intel Mac OS X 10_15_7) AppleWebKit/537.36 (KHTML, like Gecko) Chrome/145.0.0.0 Safari/537.36"
103.164.254.165 - - [09/Mar/2026:06:53:47 +0100] "GET /wp-content/plugins/elementor/assets/css/widget-star-rating.min.css?ver=3.35.6 HTTP/1.0" 200 4843 "https://reezone.inglory.de/?elementor-preview=11&ver=1773035620" "Mozilla/5.0 (Macintosh; Intel Mac OS X 10_15_7) AppleWebKit/537.36 (KHTML, like Gecko) Chrome/145.0.0.0 Safari/537.36"
103.164.254.165 - - [09/Mar/2026:06:53:47 +0100] "GET /wp-content/plugins/elementor/assets/css/widget-counter.min.css?ver=3.35.6 HTTP/1.0" 200 4456 "https://reezone.inglory.de/?elementor-preview=11&ver=1773035620" "Mozilla/5.0 (Macintosh; Intel Mac OS X 10_15_7) AppleWebKit/537.36 (KHTML, like Gecko) Chrome/145.0.0.0 Safari/537.36"
103.164.254.165 - - [09/Mar/2026:06:53:47 +0100] "GET /wp-content/plugins/elementor/assets/lib/swiper/v8/css/swiper.min.css?ver=8.4.5 HTTP/1.0" 304 3914 "https://reezone.inglory.de/?elementor-preview=11&ver=1773035620" "Mozilla/5.0 (Macintosh; Intel Mac OS X 10_15_7) AppleWebKit/537.36 (KHTML, like Gecko) Chrome/145.0.0.0 Safari/537.36"
103.164.254.165 - - [09/Mar/2026:06:53:47 +0100] "GET /wp-content/plugins/elementor/assets/css/widget-image-carousel.min.css?ver=3.35.6 HTTP/1.0" 304 3913 "https://reezone.inglory.de/?elementor-preview=11&ver=1773035620" "Mozilla/5.0 (Macintosh; Intel Mac OS X 10_15_7) AppleWebKit/537.36 (KHTML, like Gecko) Chrome/145.0.0.0 Safari/537.36"
103.164.254.165 - - [09/Mar/2026:06:53:47 +0100] "GET /wp-content/plugins/elementor/assets/css/conditionals/e-swiper.min.css?ver=3.35.6 HTTP/1.0" 304 3914 "https://reezone.inglory.de/?elementor-preview=11&ver=1773035620" "Mozilla/5.0 (Macintosh; Intel Mac OS X 10_15_7) AppleWebKit/537.36 (KHTML, like Gecko) Chrome/145.0.0.0 Safari/537.36"
103.164.254.165 - - [09/Mar/2026:06:53:47 +0100] "GET /wp-content/plugins/elementor/assets/css/widget-progress.min.css?ver=3.35.6 HTTP/1.0" 200 4586 "https://reezone.inglory.de/?elementor-preview=11&ver=1773035620" "Mozilla/5.0 (Macintosh; Intel Mac OS X 10_15_7) AppleWebKit/537.36 (KHTML, like Gecko) Chrome/145.0.0.0 Safari/537.36"
103.164.254.165 - - [09/Mar/2026:06:53:47 +0100] "GET /wp-content/plugins/elementor/assets/css/widget-tabs.min.css?ver=3.35.6 HTTP/1.0" 200 4927 "https://reezone.inglory.de/?elementor-preview=11&ver=1773035620" "Mozilla/5.0 (Macintosh; Intel Mac OS X 10_15_7) AppleWebKit/537.36 (KHTML, like Gecko) Chrome/145.0.0.0 Safari/537.36"
103.164.254.165 - - [09/Mar/2026:06:53:47 +0100] "GET /wp-content/plugins/elementor/assets/css/widget-accordion.min.css?ver=3.35.6 HTTP/1.0" 200 4598 "https://reezone.inglory.de/?elementor-preview=11&ver=1773035620" "Mozilla/5.0 (Macintosh; Intel Mac OS X 10_15_7) AppleWebKit/537.36 (KHTML, like Gecko) Chrome/145.0.0.0 Safari/537.36"
103.164.254.165 - - [09/Mar/2026:06:53:47 +0100] "GET /wp-content/plugins/elementor/assets/css/widget-toggle.min.css?ver=3.35.6 HTTP/1.0" 200 4578 "https://reezone.inglory.de/?elementor-preview=11&ver=1773035620" "Mozilla/5.0 (Macintosh; Intel Mac OS X 10_15_7) AppleWebKit/537.36 (KHTML, like Gecko) Chrome/145.0.0.0 Safari/537.36"
103.164.254.165 - - [09/Mar/2026:06:53:47 +0100] "GET /wp-content/plugins/elementor/assets/css/widget-alert.min.css?ver=3.35.6 HTTP/1.0" 200 4711 "https://reezone.inglory.de/?elementor-preview=11&ver=1773035620" "Mozilla/5.0 (Macintosh; Intel Mac OS X 10_15_7) AppleWebKit/537.36 (KHTML, like Gecko) Chrome/145.0.0.0 Safari/537.36"
103.164.254.165 - - [09/Mar/2026:06:53:47 +0100] "GET /wp-content/plugins/elementor/assets/css/widget-menu-anchor.min.css?ver=3.35.6 HTTP/1.0" 200 4256 "https://reezone.inglory.de/?elementor-preview=11&ver=1773035620" "Mozilla/5.0 (Macintosh; Intel Mac OS X 10_15_7) AppleWebKit/537.36 (KHTML, like Gecko) Chrome/145.0.0.0 Safari/537.36"
103.164.254.165 - - [09/Mar/2026:06:53:47 +0100] "GET /wp-content/plugins/elementor/assets/css/widget-rating.min.css?ver=3.35.6 HTTP/1.0" 200 4579 "https://reezone.inglory.de/?elementor-preview=11&ver=1773035620" "Mozilla/5.0 (Macintosh; Intel Mac OS X 10_15_7) AppleWebKit/537.36 (KHTML, like Gecko) Chrome/145.0.0.0 Safari/537.36"
103.164.254.165 - - [09/Mar/2026:06:53:47 +0100] "GET /wp-content/plugins/jet-woo-product-gallery/assets/css/frontend.css?ver=2.2.6 HTTP/1.0" 200 6926 "https://reezone.inglory.de/?elementor-preview=11&ver=1773035620" "Mozilla/5.0 (Macintosh; Intel Mac OS X 10_15_7) AppleWebKit/537.36 (KHTML, like Gecko) Chrome/145.0.0.0 Safari/537.36"
103.164.254.165 - - [09/Mar/2026:06:53:47 +0100] "GET /wp-content/plugins/wp-social-reviews/assets/css/wp_social_ninja_ig.css?ver=4.1.0 HTTP/1.0" 304 3914 "https://reezone.inglory.de/?elementor-preview=11&ver=1773035620" "Mozilla/5.0 (Macintosh; Intel Mac OS X 10_15_7) AppleWebKit/537.36 (KHTML, like Gecko) Chrome/145.0.0.0 Safari/537.36"
103.164.254.165 - - [09/Mar/2026:06:53:47 +0100] "GET /wp-content/plugins/wp-social-reviews/assets/css/wp_social_ninja_yt.css?ver=4.1.0 HTTP/1.0" 200 10561 "https://reezone.inglory.de/?elementor-preview=11&ver=1773035620" "Mozilla/5.0 (Macintosh; Intel Mac OS X 10_15_7) AppleWebKit/537.36 (KHTML, like Gecko) Chrome/145.0.0.0 Safari/537.36"
103.164.254.165 - - [09/Mar/2026:06:53:47 +0100] "GET /wp-content/plugins/woocommerce/assets/css/photoswipe/default-skin/default-skin.min.css?ver=10.5.3 HTTP/1.0" 304 3914 "https://reezone.inglory.de/?elementor-preview=11&ver=1773035620" "Mozilla/5.0 (Macintosh; Intel Mac OS X 10_15_7) AppleWebKit/537.36 (KHTML, like Gecko) Chrome/145.0.0.0 Safari/537.36"
103.164.254.165 - - [09/Mar/2026:06:53:47 +0100] "GET /wp-content/plugins/jet-woo-product-gallery/assets/css/widgets/gallery-anchor-nav.css?ver=2.2.6 HTTP/1.0" 200 5141 "https://reezone.inglory.de/?elementor-preview=11&ver=1773035620" "Mozilla/5.0 (Macintosh; Intel Mac OS X 10_15_7) AppleWebKit/537.36 (KHTML, like Gecko) Chrome/145.0.0.0 Safari/537.36"
103.164.254.165 - - [09/Mar/2026:06:53:47 +0100] "GET /wp-content/plugins/woocommerce/assets/css/photoswipe/photoswipe.min.css?ver=10.5.3 HTTP/1.0" 304 3913 "https://reezone.inglory.de/?elementor-preview=11&ver=1773035620" "Mozilla/5.0 (Macintosh; Intel Mac OS X 10_15_7) AppleWebKit/537.36 (KHTML, like Gecko) Chrome/145.0.0.0 Safari/537.36"
103.164.254.165 - - [09/Mar/2026:06:53:47 +0100] "GET /wp-content/plugins/wp-social-reviews/assets/css/wp_social_ninja_tw.css?ver=4.1.0 HTTP/1.0" 200 11757 "https://reezone.inglory.de/?elementor-preview=11&ver=1773035620" "Mozilla/5.0 (Macintosh; Intel Mac OS X 10_15_7) AppleWebKit/537.36 (KHTML, like Gecko) Chrome/145.0.0.0 Safari/537.36"
94.130.90.54 - - [09/Mar/2026:06:53:47 +0100] "GET /wp-content/plugins/elementor/assets/css/widget-contact-buttons-var-1.min.css?ver=3.35.6 HTTP/1.1" 200 7043 "https://reezone.inglory.de/?elementor-preview=11&ver=1773035620" "Serf/1.3.9 (mod_pagespeed/1.13.35.2-0)"
103.164.254.165 - - [09/Mar/2026:06:53:47 +0100] "GET /wp-content/plugins/jet-woo-product-gallery/assets/css/widgets/gallery-grid.css?ver=2.2.6 HTTP/1.0" 200 4830 "https://reezone.inglory.de/?elementor-preview=11&ver=1773035620" "Mozilla/5.0 (Macintosh; Intel Mac OS X 10_15_7) AppleWebKit/537.36 (KHTML, like Gecko) Chrome/145.0.0.0 Safari/537.36"
103.164.254.165 - - [09/Mar/2026:06:53:47 +0100] "GET /wp-content/plugins/jet-woo-product-gallery/assets/css/widgets/gallery-modern.css?ver=2.2.6 HTTP/1.0" 200 4431 "https://reezone.inglory.de/?elementor-preview=11&ver=1773035620" "Mozilla/5.0 (Macintosh; Intel Mac OS X 10_15_7) AppleWebKit/537.36 (KHTML, like Gecko) Chrome/145.0.0.0 Safari/537.36"
103.164.254.165 - - [09/Mar/2026:06:53:47 +0100] "GET /wp-content/plugins/wp-social-reviews/assets/css/wp_social_ninja_reviews.css?ver=4.1.0 HTTP/1.0" 200 19525 "https://reezone.inglory.de/?elementor-preview=11&ver=1773035620" "Mozilla/5.0 (Macintosh; Intel Mac OS X 10_15_7) AppleWebKit/537.36 (KHTML, like Gecko) Chrome/145.0.0.0 Safari/537.36"
103.164.254.165 - - [09/Mar/2026:06:53:47 +0100] "GET /wp-content/plugins/elementor/assets/css/widget-text-path.min.css?ver=3.35.6 HTTP/1.0" 200 4541 "https://reezone.inglory.de/?elementor-preview=11&ver=1773035620" "Mozilla/5.0 (Macintosh; Intel Mac OS X 10_15_7) AppleWebKit/537.36 (KHTML, like Gecko) Chrome/145.0.0.0 Safari/537.36"
94.130.90.54 - - [09/Mar/2026:06:53:47 +0100] "GET /wp-content/plugins/elementor/assets/css/widget-contact-buttons-var-3.min.css?ver=3.35.6 HTTP/1.1" 200 15428 "https://reezone.inglory.de/?elementor-preview=11&ver=1773035620" "Serf/1.3.9 (mod_pagespeed/1.13.35.2-0)"
103.164.254.165 - - [09/Mar/2026:06:53:47 +0100] "GET /wp-content/plugins/elementor/assets/lib/font-awesome/css/regular.min.css?ver=5.15.3 HTTP/1.0" 200 4489 "https://reezone.inglory.de/?elementor-preview=11&ver=1773035620" "Mozilla/5.0 (Macintosh; Intel Mac OS X 10_15_7) AppleWebKit/537.36 (KHTML, like Gecko) Chrome/145.0.0.0 Safari/537.36"
103.164.254.165 - - [09/Mar/2026:06:53:47 +0100] "GET /wp-content/plugins/elementor/assets/lib/font-awesome/css/fontawesome.min.css?ver=5.15.3 HTTP/1.0" 304 3914 "https://reezone.inglory.de/?elementor-preview=11&ver=1773035620" "Mozilla/5.0 (Macintosh; Intel Mac OS X 10_15_7) AppleWebKit/537.36 (KHTML, like Gecko) Chrome/145.0.0.0 Safari/537.36"
103.164.254.165 - - [09/Mar/2026:06:53:47 +0100] "GET /wp-content/plugins/elementor/assets/lib/font-awesome/css/solid.min.css?ver=5.15.3 HTTP/1.0" 304 3913 "https://reezone.inglory.de/?elementor-preview=11&ver=1773035620" "Mozilla/5.0 (Macintosh; Intel Mac OS X 10_15_7) AppleWebKit/537.36 (KHTML, like Gecko) Chrome/145.0.0.0 Safari/537.36"
103.164.254.165 - - [09/Mar/2026:06:53:47 +0100] "GET /wp-content/plugins/elementor/assets/css/widget-link-in-bio-base.min.css?ver=3.35.6 HTTP/1.0" 200 6291 "https://reezone.inglory.de/?elementor-preview=11&ver=1773035620" "Mozilla/5.0 (Macintosh; Intel Mac OS X 10_15_7) AppleWebKit/537.36 (KHTML, like Gecko) Chrome/145.0.0.0 Safari/537.36"
103.164.254.165 - - [09/Mar/2026:06:53:47 +0100] "GET /wp-content/plugins/elementor/assets/css/widget-contact-buttons-base.min.css?ver=3.35.6 HTTP/1.0" 200 6978 "https://reezone.inglory.de/?elementor-preview=11&ver=1773035620" "Mozilla/5.0 (Macintosh; Intel Mac OS X 10_15_7) AppleWebKit/537.36 (KHTML, like Gecko) Chrome/145.0.0.0 Safari/537.36"
103.164.254.165 - - [09/Mar/2026:06:53:47 +0100] "GET /wp-content/plugins/elementor-pro/assets/css/widget-posts.min.css?ver=3.35.1 HTTP/1.0" 200 6673 "https://reezone.inglory.de/?elementor-preview=11&ver=1773035620" "Mozilla/5.0 (Macintosh; Intel Mac OS X 10_15_7) AppleWebKit/537.36 (KHTML, like Gecko) Chrome/145.0.0.0 Safari/537.36"
103.164.254.165 - - [09/Mar/2026:06:53:47 +0100] "GET /wp-content/plugins/elementor-pro/assets/css/widget-loop-grid.min.css?ver=3.35.1 HTTP/1.0" 200 5467 "https://reezone.inglory.de/?elementor-preview=11&ver=1773035620" "Mozilla/5.0 (Macintosh; Intel Mac OS X 10_15_7) AppleWebKit/537.36 (KHTML, like Gecko) Chrome/145.0.0.0 Safari/537.36"
103.164.254.165 - - [09/Mar/2026:06:53:47 +0100] "GET /wp-content/plugins/elementor-pro/assets/css/widget-loop-carousel.min.css?ver=3.35.1 HTTP/1.0" 200 5534 "https://reezone.inglory.de/?elementor-preview=11&ver=1773035620" "Mozilla/5.0 (Macintosh; Intel Mac OS X 10_15_7) AppleWebKit/537.36 (KHTML, like Gecko) Chrome/145.0.0.0 Safari/537.36"
103.164.254.165 - - [09/Mar/2026:06:53:47 +0100] "GET /wp-content/plugins/elementor/assets/lib/font-awesome/css/brands.min.css?ver=5.15.3 HTTP/1.0" 304 3913 "https://reezone.inglory.de/?elementor-preview=11&ver=1773035620" "Mozilla/5.0 (Macintosh; Intel Mac OS X 10_15_7) AppleWebKit/537.36 (KHTML, like Gecko) Chrome/145.0.0.0 Safari/537.36"
103.164.254.165 - - [09/Mar/2026:06:53:47 +0100] "GET /wp-content/plugins/elementor-pro/assets/css/widget-off-canvas.min.css?ver=3.35.1 HTTP/1.0" 200 4983 "https://reezone.inglory.de/?elementor-preview=11&ver=1773035620" "Mozilla/5.0 (Macintosh; Intel Mac OS X 10_15_7) AppleWebKit/537.36 (KHTML, like Gecko) Chrome/145.0.0.0 Safari/537.36"
103.164.254.165 - - [09/Mar/2026:06:53:47 +0100] "GET /wp-content/plugins/elementor-pro/assets/css/widget-loop-common.min.css?ver=3.35.1 HTTP/1.0" 200 4338 "https://reezone.inglory.de/?elementor-preview=11&ver=1773035620" "Mozilla/5.0 (Macintosh; Intel Mac OS X 10_15_7) AppleWebKit/537.36 (KHTML, like Gecko) Chrome/145.0.0.0 Safari/537.36"
103.164.254.165 - - [09/Mar/2026:06:53:47 +0100] "GET /wp-content/plugins/elementor-pro/assets/css/widget-gallery.min.css?ver=3.35.1 HTTP/1.0" 200 5286 "https://reezone.inglory.de/?elementor-preview=11&ver=1773035620" "Mozilla/5.0 (Macintosh; Intel Mac OS X 10_15_7) AppleWebKit/537.36 (KHTML, like Gecko) Chrome/145.0.0.0 Safari/537.36"
103.164.254.165 - - [09/Mar/2026:06:53:47 +0100] "GET /wp-content/plugins/elementor/assets/lib/e-gallery/css/e-gallery.min.css?ver=1.2.0 HTTP/1.0" 200 5026 "https://reezone.inglory.de/?elementor-preview=11&ver=1773035620" "Mozilla/5.0 (Macintosh; Intel Mac OS X 10_15_7) AppleWebKit/537.36 (KHTML, like Gecko) Chrome/145.0.0.0 Safari/537.36"
103.164.254.165 - - [09/Mar/2026:06:53:47 +0100] "GET /wp-content/plugins/elementor-pro/assets/css/widget-form.min.css?ver=3.35.1 HTTP/1.0" 200 5751 "https://reezone.inglory.de/?elementor-preview=11&ver=1773035620" "Mozilla/5.0 (Macintosh; Intel Mac OS X 10_15_7) AppleWebKit/537.36 (KHTML, like Gecko) Chrome/145.0.0.0 Safari/537.36"
103.164.254.165 - - [09/Mar/2026:06:53:47 +0100] "GET /wp-content/plugins/elementor-pro/assets/css/conditionals/transitions.min.css?ver=3.35.1 HTTP/1.0" 200 4794 "https://reezone.inglory.de/?elementor-preview=11&ver=1773035620" "Mozilla/5.0 (Macintosh; Intel Mac OS X 10_15_7) AppleWebKit/537.36 (KHTML, like Gecko) Chrome/145.0.0.0 Safari/537.36"
103.164.254.165 - - [09/Mar/2026:06:53:47 +0100] "GET /wp-content/plugins/elementor-pro/assets/css/widget-flip-box.min.css?ver=3.35.1 HTTP/1.0" 200 5547 "https://reezone.inglory.de/?elementor-preview=11&ver=1773035620" "Mozilla/5.0 (Macintosh; Intel Mac OS X 10_15_7) AppleWebKit/537.36 (KHTML, like Gecko) Chrome/145.0.0.0 Safari/537.36"
103.164.254.165 - - [09/Mar/2026:06:53:47 +0100] "GET /wp-content/plugins/elementor-pro/assets/css/widget-login.min.css?ver=3.35.1 HTTP/1.0" 200 4293 "https://reezone.inglory.de/?elementor-preview=11&ver=1773035620" "Mozilla/5.0 (Macintosh; Intel Mac OS X 10_15_7) AppleWebKit/537.36 (KHTML, like Gecko) Chrome/145.0.0.0 Safari/537.36"
103.164.254.165 - - [09/Mar/2026:06:53:47 +0100] "GET /wp-content/plugins/elementor-pro/assets/css/widget-call-to-action.min.css?ver=3.35.1 HTTP/1.0" 200 5510 "https://reezone.inglory.de/?elementor-preview=11&ver=1773035620" "Mozilla/5.0 (Macintosh; Intel Mac OS X 10_15_7) AppleWebKit/537.36 (KHTML, like Gecko) Chrome/145.0.0.0 Safari/537.36"
103.164.254.165 - - [09/Mar/2026:06:53:47 +0100] "GET /wp-content/plugins/elementor-pro/assets/css/widget-media-carousel.min.css?ver=3.35.1 HTTP/1.0" 200 4652 "https://reezone.inglory.de/?elementor-preview=11&ver=1773035620" "Mozilla/5.0 (Macintosh; Intel Mac OS X 10_15_7) AppleWebKit/537.36 (KHTML, like Gecko) Chrome/145.0.0.0 Safari/537.36"
103.164.254.165 - - [09/Mar/2026:06:53:47 +0100] "GET /wp-content/plugins/elementor-pro/assets/css/widget-price-list.min.css?ver=3.35.1 HTTP/1.0" 200 4643 "https://reezone.inglory.de/?elementor-preview=11&ver=1773035620" "Mozilla/5.0 (Macintosh; Intel Mac OS X 10_15_7) AppleWebKit/537.36 (KHTML, like Gecko) Chrome/145.0.0.0 Safari/537.36"
103.164.254.165 - - [09/Mar/2026:06:53:47 +0100] "GET /wp-content/plugins/elementor-pro/assets/css/widget-hotspot.min.css?ver=3.35.1 HTTP/1.0" 200 5491 "https://reezone.inglory.de/?elementor-preview=11&ver=1773035620" "Mozilla/5.0 (Macintosh; Intel Mac OS X 10_15_7) AppleWebKit/537.36 (KHTML, like Gecko) Chrome/145.0.0.0 Safari/537.36"
103.164.254.165 - - [09/Mar/2026:06:53:47 +0100] "GET /wp-content/plugins/elementor-pro/assets/css/widget-animated-headline.min.css?ver=3.35.1 HTTP/1.0" 200 5868 "https://reezone.inglory.de/?elementor-preview=11&ver=1773035620" "Mozilla/5.0 (Macintosh; Intel Mac OS X 10_15_7) AppleWebKit/537.36 (KHTML, like Gecko) Chrome/145.0.0.0 Safari/537.36"
103.164.254.165 - - [09/Mar/2026:06:53:47 +0100] "GET /wp-content/plugins/elementor-pro/assets/css/widget-price-table.min.css?ver=3.35.1 HTTP/1.0" 200 4953 "https://reezone.inglory.de/?elementor-preview=11&ver=1773035620" "Mozilla/5.0 (Macintosh; Intel Mac OS X 10_15_7) AppleWebKit/537.36 (KHTML, like Gecko) Chrome/145.0.0.0 Safari/537.36"
103.164.254.165 - - [09/Mar/2026:06:53:47 +0100] "GET /wp-content/plugins/elementor-pro/assets/css/widget-slides.min.css?ver=3.35.1 HTTP/1.0" 200 4802 "https://reezone.inglory.de/?elementor-preview=11&ver=1773035620" "Mozilla/5.0 (Macintosh; Intel Mac OS X 10_15_7) AppleWebKit/537.36 (KHTML, like Gecko) Chrome/145.0.0.0 Safari/537.36"
94.130.90.54 - - [09/Mar/2026:06:53:47 +0100] "GET /wp-content/plugins/elementor/assets/css/widget-contact-buttons-var-4.min.css?ver=3.35.6 HTTP/1.1" 200 11528 "https://reezone.inglory.de/?elementor-preview=11&ver=1773035620" "Serf/1.3.9 (mod_pagespeed/1.13.35.2-0)"
103.164.254.165 - - [09/Mar/2026:06:53:47 +0100] "GET /wp-content/plugins/elementor-pro/assets/css/widget-carousel-module-base.min.css?ver=3.35.1 HTTP/1.0" 200 4854 "https://reezone.inglory.de/?elementor-preview=11&ver=1773035620" "Mozilla/5.0 (Macintosh; Intel Mac OS X 10_15_7) AppleWebKit/537.36 (KHTML, like Gecko) Chrome/145.0.0.0 Safari/537.36"
103.164.254.165 - - [09/Mar/2026:06:53:47 +0100] "GET /wp-content/plugins/elementor-pro/assets/css/widget-reviews.min.css?ver=3.35.1 HTTP/1.0" 200 5351 "https://reezone.inglory.de/?elementor-preview=11&ver=1773035620" "Mozilla/5.0 (Macintosh; Intel Mac OS X 10_15_7) AppleWebKit/537.36 (KHTML, like Gecko) Chrome/145.0.0.0 Safari/537.36"
103.164.254.165 - - [09/Mar/2026:06:53:47 +0100] "GET /wp-content/plugins/elementor-pro/assets/css/widget-testimonial-carousel.min.css?ver=3.35.1 HTTP/1.0" 200 5675 "https://reezone.inglory.de/?elementor-preview=11&ver=1773035620" "Mozilla/5.0 (Macintosh; Intel Mac OS X 10_15_7) AppleWebKit/537.36 (KHTML, like Gecko) Chrome/145.0.0.0 Safari/537.36"
103.164.254.165 - - [09/Mar/2026:06:53:47 +0100] "GET /wp-content/plugins/elementor-pro/assets/css/widget-author-box.min.css?ver=3.35.1 HTTP/1.0" 200 4729 "https://reezone.inglory.de/?elementor-preview=11&ver=1773035620" "Mozilla/5.0 (Macintosh; Intel Mac OS X 10_15_7) AppleWebKit/537.36 (KHTML, like Gecko) Chrome/145.0.0.0 Safari/537.36"
103.164.254.165 - - [09/Mar/2026:06:53:47 +0100] "GET /wp-content/plugins/elementor-pro/assets/css/widget-search-form.min.css?ver=3.35.1 HTTP/1.0" 200 5237 "https://reezone.inglory.de/?elementor-preview=11&ver=1773035620" "Mozilla/5.0 (Macintosh; Intel Mac OS X 10_15_7) AppleWebKit/537.36 (KHTML, like Gecko) Chrome/145.0.0.0 Safari/537.36"
94.130.90.54 - - [09/Mar/2026:06:53:47 +0100] "GET /wp-content/plugins/elementor/assets/css/widget-contact-buttons-var-6.min.css?ver=3.35.6 HTTP/1.1" 200 6766 "https://reezone.inglory.de/?elementor-preview=11&ver=1773035620" "Serf/1.3.9 (mod_pagespeed/1.13.35.2-0)"
103.164.254.165 - - [09/Mar/2026:06:53:47 +0100] "GET /wp-content/plugins/elementor-pro/assets/css/widget-sitemap.min.css?ver=3.35.1 HTTP/1.0" 200 4286 "https://reezone.inglory.de/?elementor-preview=11&ver=1773035620" "Mozilla/5.0 (Macintosh; Intel Mac OS X 10_15_7) AppleWebKit/537.36 (KHTML, like Gecko) Chrome/145.0.0.0 Safari/537.36"
103.164.254.165 - - [09/Mar/2026:06:53:47 +0100] "GET /wp-content/plugins/elementor-pro/assets/css/widget-countdown.min.css?ver=3.35.1 HTTP/1.0" 200 4518 "https://reezone.inglory.de/?elementor-preview=11&ver=1773035620" "Mozilla/5.0 (Macintosh; Intel Mac OS X 10_15_7) AppleWebKit/537.36 (KHTML, like Gecko) Chrome/145.0.0.0 Safari/537.36"
103.164.254.165 - - [09/Mar/2026:06:53:47 +0100] "GET /wp-content/plugins/elementor-pro/assets/css/widget-share-buttons.min.css?ver=3.35.1 HTTP/1.0" 200 6463 "https://reezone.inglory.de/?elementor-preview=11&ver=1773035620" "Mozilla/5.0 (Macintosh; Intel Mac OS X 10_15_7) AppleWebKit/537.36 (KHTML, like Gecko) Chrome/145.0.0.0 Safari/537.36"
103.164.254.165 - - [09/Mar/2026:06:53:47 +0100] "GET /wp-content/plugins/elementor-pro/assets/css/widget-blockquote.min.css?ver=3.35.1 HTTP/1.0" 200 5295 "https://reezone.inglory.de/?elementor-preview=11&ver=1773035620" "Mozilla/5.0 (Macintosh; Intel Mac OS X 10_15_7) AppleWebKit/537.36 (KHTML, like Gecko) Chrome/145.0.0.0 Safari/537.36"
103.164.254.165 - - [09/Mar/2026:06:53:47 +0100] "GET /wp-content/plugins/elementor-pro/assets/css/widget-woocommerce-products.min.css?ver=3.35.1 HTTP/1.0" 200 4756 "https://reezone.inglory.de/?elementor-preview=11&ver=1773035620" "Mozilla/5.0 (Macintosh; Intel Mac OS X 10_15_7) AppleWebKit/537.36 (KHTML, like Gecko) Chrome/145.0.0.0 Safari/537.36"
103.164.254.165 - - [09/Mar/2026:06:53:47 +0100] "GET /wp-content/plugins/elementor-pro/assets/css/widget-post-info.min.css?ver=3.35.1 HTTP/1.0" 200 4382 "https://reezone.inglory.de/?elementor-preview=11&ver=1773035620" "Mozilla/5.0 (Macintosh; Intel Mac OS X 10_15_7) AppleWebKit/537.36 (KHTML, like Gecko) Chrome/145.0.0.0 Safari/537.36"
103.164.254.165 - - [09/Mar/2026:06:53:47 +0100] "GET /wp-content/plugins/elementor-pro/assets/css/widget-woocommerce-product-price.min.css?ver=3.35.1 HTTP/1.0" 200 4316 "https://reezone.inglory.de/?elementor-preview=11&ver=1773035620" "Mozilla/5.0 (Macintosh; Intel Mac OS X 10_15_7) AppleWebKit/537.36 (KHTML, like Gecko) Chrome/145.0.0.0 Safari/537.36"
103.164.254.165 - - [09/Mar/2026:06:53:47 +0100] "GET /wp-content/plugins/elementor-pro/assets/css/widget-table-of-contents.min.css?ver=3.35.1 HTTP/1.0" 200 5121 "https://reezone.inglory.de/?elementor-preview=11&ver=1773035620" "Mozilla/5.0 (Macintosh; Intel Mac OS X 10_15_7) AppleWebKit/537.36 (KHTML, like Gecko) Chrome/145.0.0.0 Safari/537.36"
103.164.254.165 - - [09/Mar/2026:06:53:47 +0100] "GET /wp-content/plugins/elementor-pro/assets/css/widget-post-navigation.min.css?ver=3.35.1 HTTP/1.0" 200 4757 "https://reezone.inglory.de/?elementor-preview=11&ver=1773035620" "Mozilla/5.0 (Macintosh; Intel Mac OS X 10_15_7) AppleWebKit/537.36 (KHTML, like Gecko) Chrome/145.0.0.0 Safari/537.36"
103.164.254.165 - - [09/Mar/2026:06:53:47 +0100] "GET /wp-content/plugins/elementor-pro/assets/css/widget-woocommerce-categories.min.css?ver=3.35.1 HTTP/1.0" 200 4279 "https://reezone.inglory.de/?elementor-preview=11&ver=1773035620" "Mozilla/5.0 (Macintosh; Intel Mac OS X 10_15_7) AppleWebKit/537.36 (KHTML, like Gecko) Chrome/145.0.0.0 Safari/537.36"
94.130.90.54 - - [09/Mar/2026:06:53:47 +0100] "GET /wp-content/plugins/elementor/assets/css/widget-contact-buttons-var-7.min.css?ver=3.35.6 HTTP/1.1" 200 5915 "https://reezone.inglory.de/?elementor-preview=11&ver=1773035620" "Serf/1.3.9 (mod_pagespeed/1.13.35.2-0)"
103.164.254.165 - - [09/Mar/2026:06:53:47 +0100] "GET /wp-content/plugins/elementor-pro/assets/css/widget-woocommerce-product-add-to-cart.min.css?ver=3.35.1 HTTP/1.0" 200 6375 "https://reezone.inglory.de/?elementor-preview=11&ver=1773035620" "Mozilla/5.0 (Macintosh; Intel Mac OS X 10_15_7) AppleWebKit/537.36 (KHTML, like Gecko) Chrome/145.0.0.0 Safari/537.36"
103.164.254.165 - - [09/Mar/2026:06:53:47 +0100] "GET /wp-content/plugins/elementor-pro/assets/css/widget-woocommerce-product-meta.min.css?ver=3.35.1 HTTP/1.0" 200 4538 "https://reezone.inglory.de/?elementor-preview=11&ver=1773035620" "Mozilla/5.0 (Macintosh; Intel Mac OS X 10_15_7) AppleWebKit/537.36 (KHTML, like Gecko) Chrome/145.0.0.0 Safari/537.36"
103.164.254.165 - - [09/Mar/2026:06:53:47 +0100] "GET /wp-content/plugins/elementor-pro/assets/css/widget-woocommerce-product-data-tabs.min.css?ver=3.35.1 HTTP/1.0" 200 4476 "https://reezone.inglory.de/?elementor-preview=11&ver=1773035620" "Mozilla/5.0 (Macintosh; Intel Mac OS X 10_15_7) AppleWebKit/537.36 (KHTML, like Gecko) Chrome/145.0.0.0 Safari/537.36"
103.164.254.165 - - [09/Mar/2026:06:53:47 +0100] "GET /wp-content/plugins/elementor-pro/assets/css/widget-woocommerce-product-rating.min.css?ver=3.35.1 HTTP/1.0" 200 4446 "https://reezone.inglory.de/?elementor-preview=11&ver=1773035620" "Mozilla/5.0 (Macintosh; Intel Mac OS X 10_15_7) AppleWebKit/537.36 (KHTML, like Gecko) Chrome/145.0.0.0 Safari/537.36"
103.164.254.165 - - [09/Mar/2026:06:53:47 +0100] "GET /wp-content/plugins/elementor-pro/assets/css/widget-woocommerce-product-images.min.css?ver=3.35.1 HTTP/1.0" 200 4425 "https://reezone.inglory.de/?elementor-preview=11&ver=1773035620" "Mozilla/5.0 (Macintosh; Intel Mac OS X 10_15_7) AppleWebKit/537.36 (KHTML, like Gecko) Chrome/145.0.0.0 Safari/537.36"
103.164.254.165 - - [09/Mar/2026:06:53:47 +0100] "GET /wp-content/plugins/elementor-pro/assets/css/widget-woocommerce-products-archive.min.css?ver=3.35.1 HTTP/1.0" 200 4430 "https://reezone.inglory.de/?elementor-preview=11&ver=1773035620" "Mozilla/5.0 (Macintosh; Intel Mac OS X 10_15_7) AppleWebKit/537.36 (KHTML, like Gecko) Chrome/145.0.0.0 Safari/537.36"
103.164.254.165 - - [09/Mar/2026:06:53:47 +0100] "GET /wp-content/plugins/woocommerce/assets/css/select2.css?ver=10.5.3 HTTP/1.0" 200 6101 "https://reezone.inglory.de/?elementor-preview=11&ver=1773035620" "Mozilla/5.0 (Macintosh; Intel Mac OS X 10_15_7) AppleWebKit/537.36 (KHTML, like Gecko) Chrome/145.0.0.0 Safari/537.36"
94.130.90.54 - - [09/Mar/2026:06:53:47 +0100] "GET /wp-content/plugins/elementor/assets/css/widget-contact-buttons-var-8.min.css?ver=3.35.6 HTTP/1.1" 200 9044 "https://reezone.inglory.de/?elementor-preview=11&ver=1773035620" "Serf/1.3.9 (mod_pagespeed/1.13.35.2-0)"
103.164.254.165 - - [09/Mar/2026:06:53:47 +0100] "GET /wp-content/plugins/elementor-pro/assets/css/widget-woocommerce-checkout-page.min.css?ver=3.35.1 HTTP/1.0" 200 7156 "https://reezone.inglory.de/?elementor-preview=11&ver=1773035620" "Mozilla/5.0 (Macintosh; Intel Mac OS X 10_15_7) AppleWebKit/537.36 (KHTML, like Gecko) Chrome/145.0.0.0 Safari/537.36"
103.164.254.165 - - [09/Mar/2026:06:53:47 +0100] "GET /wp-content/plugins/elementor-pro/assets/css/widget-woocommerce-product-additional-information.min.css?ver=3.35.1 HTTP/1.0" 200 4321 "https://reezone.inglory.de/?elementor-preview=11&ver=1773035620" "Mozilla/5.0 (Macintosh; Intel Mac OS X 10_15_7) AppleWebKit/537.36 (KHTML, like Gecko) Chrome/145.0.0.0 Safari/537.36"
103.164.254.165 - - [09/Mar/2026:06:53:47 +0100] "GET /wp-content/plugins/elementor-pro/assets/css/widget-woocommerce-cart.min.css?ver=3.35.1 HTTP/1.0" 200 6935 "https://reezone.inglory.de/?elementor-preview=11&ver=1773035620" "Mozilla/5.0 (Macintosh; Intel Mac OS X 10_15_7) AppleWebKit/537.36 (KHTML, like Gecko) Chrome/145.0.0.0 Safari/537.36"
103.164.254.165 - - [09/Mar/2026:06:53:47 +0100] "GET /wp-content/plugins/elementor-pro/assets/css/widget-social.min.css?ver=3.35.1 HTTP/1.0" 200 4353 "https://reezone.inglory.de/?elementor-preview=11&ver=1773035620" "Mozilla/5.0 (Macintosh; Intel Mac OS X 10_15_7) AppleWebKit/537.36 (KHTML, like Gecko) Chrome/145.0.0.0 Safari/537.36"
103.164.254.165 - - [09/Mar/2026:06:53:47 +0100] "GET /wp-content/plugins/elementor-pro/assets/css/widget-lottie.min.css?ver=3.35.1 HTTP/1.0" 200 4422 "https://reezone.inglory.de/?elementor-preview=11&ver=1773035620" "Mozilla/5.0 (Macintosh; Intel Mac OS X 10_15_7) AppleWebKit/537.36 (KHTML, like Gecko) Chrome/145.0.0.0 Safari/537.36"
103.164.254.165 - - [09/Mar/2026:06:53:47 +0100] "GET /wp-content/plugins/elementor-pro/assets/css/widget-code-highlight.min.css?ver=3.35.1 HTTP/1.0" 200 7354 "https://reezone.inglory.de/?elementor-preview=11&ver=1773035620" "Mozilla/5.0 (Macintosh; Intel Mac OS X 10_15_7) AppleWebKit/537.36 (KHTML, like Gecko) Chrome/145.0.0.0 Safari/537.36"
103.164.254.165 - - [09/Mar/2026:06:53:47 +0100] "GET /wp-content/plugins/elementor-pro/assets/css/widget-woocommerce-notices.min.css?ver=3.35.1 HTTP/1.0" 200 4403 "https://reezone.inglory.de/?elementor-preview=11&ver=1773035620" "Mozilla/5.0 (Macintosh; Intel Mac OS X 10_15_7) AppleWebKit/537.36 (KHTML, like Gecko) Chrome/145.0.0.0 Safari/537.36"
103.164.254.165 - - [09/Mar/2026:06:53:47 +0100] "GET /wp-content/plugins/elementor/assets/css/widget-link-in-bio-var-2.min.css?ver=3.35.6 HTTP/1.0" 200 4422 "https://reezone.inglory.de/?elementor-preview=11&ver=1773035620" "Mozilla/5.0 (Macintosh; Intel Mac OS X 10_15_7) AppleWebKit/537.36 (KHTML, like Gecko) Chrome/145.0.0.0 Safari/537.36"
103.164.254.165 - - [09/Mar/2026:06:53:47 +0100] "GET /wp-content/plugins/elementor-pro/assets/css/widget-progress-tracker.min.css?ver=3.35.1 HTTP/1.0" 200 4850 "https://reezone.inglory.de/?elementor-preview=11&ver=1773035620" "Mozilla/5.0 (Macintosh; Intel Mac OS X 10_15_7) AppleWebKit/537.36 (KHTML, like Gecko) Chrome/145.0.0.0 Safari/537.36"
94.130.90.54 - - [09/Mar/2026:06:53:47 +0100] "GET /wp-content/plugins/elementor/assets/css/widget-contact-buttons-var-9.min.css?ver=3.35.6 HTTP/1.1" 200 13013 "https://reezone.inglory.de/?elementor-preview=11&ver=1773035620" "Serf/1.3.9 (mod_pagespeed/1.13.35.2-0)"
103.164.254.165 - - [09/Mar/2026:06:53:47 +0100] "GET /wp-content/plugins/elementor-pro/assets/css/widget-video-playlist.min.css?ver=3.35.1 HTTP/1.0" 200 6091 "https://reezone.inglory.de/?elementor-preview=11&ver=1773035620" "Mozilla/5.0 (Macintosh; Intel Mac OS X 10_15_7) AppleWebKit/537.36 (KHTML, like Gecko) Chrome/145.0.0.0 Safari/537.36"
103.164.254.165 - - [09/Mar/2026:06:53:47 +0100] "GET /wp-content/plugins/elementor-pro/assets/css/widget-woocommerce-my-account.min.css?ver=3.35.1 HTTP/1.0" 200 7450 "https://reezone.inglory.de/?elementor-preview=11&ver=1773035620" "Mozilla/5.0 (Macintosh; Intel Mac OS X 10_15_7) AppleWebKit/537.36 (KHTML, like Gecko) Chrome/145.0.0.0 Safari/537.36"
103.164.254.165 - - [09/Mar/2026:06:53:47 +0100] "GET /wp-content/plugins/elementor-pro/assets/css/widget-loop-filter.min.css?ver=3.35.1 HTTP/1.0" 200 5013 "https://reezone.inglory.de/?elementor-preview=11&ver=1773035620" "Mozilla/5.0 (Macintosh; Intel Mac OS X 10_15_7) AppleWebKit/537.36 (KHTML, like Gecko) Chrome/145.0.0.0 Safari/537.36"
103.164.254.165 - - [09/Mar/2026:06:53:47 +0100] "GET /wp-content/plugins/elementor-pro/assets/css/widget-woocommerce-purchase-summary.min.css?ver=3.35.1 HTTP/1.0" 200 5883 "https://reezone.inglory.de/?elementor-preview=11&ver=1773035620" "Mozilla/5.0 (Macintosh; Intel Mac OS X 10_15_7) AppleWebKit/537.36 (KHTML, like Gecko) Chrome/145.0.0.0 Safari/537.36"
103.164.254.165 - - [09/Mar/2026:06:53:47 +0100] "GET /wp-content/plugins/elementor/assets/css/widget-link-in-bio-var-4.min.css?ver=3.35.6 HTTP/1.0" 200 4456 "https://reezone.inglory.de/?elementor-preview=11&ver=1773035620" "Mozilla/5.0 (Macintosh; Intel Mac OS X 10_15_7) AppleWebKit/537.36 (KHTML, like Gecko) Chrome/145.0.0.0 Safari/537.36"
94.130.90.54 - - [09/Mar/2026:06:53:47 +0100] "GET /wp-content/plugins/elementor/assets/css/widget-contact-buttons-var-10.min.css?ver=3.35.6 HTTP/1.1" 200 13122 "https://reezone.inglory.de/?elementor-preview=11&ver=1773035620" "Serf/1.3.9 (mod_pagespeed/1.13.35.2-0)"
103.164.254.165 - - [09/Mar/2026:06:53:47 +0100] "GET /wp-content/plugins/elementor/assets/css/widget-link-in-bio-var-5.min.css?ver=3.35.6 HTTP/1.0" 200 4591 "https://reezone.inglory.de/?elementor-preview=11&ver=1773035620" "Mozilla/5.0 (Macintosh; Intel Mac OS X 10_15_7) AppleWebKit/537.36 (KHTML, like Gecko) Chrome/145.0.0.0 Safari/537.36"
103.164.254.165 - - [09/Mar/2026:06:53:47 +0100] "GET /wp-content/plugins/elementor/assets/css/widget-link-in-bio-var-3.min.css?ver=3.35.6 HTTP/1.0" 200 4377 "https://reezone.inglory.de/?elementor-preview=11&ver=1773035620" "Mozilla/5.0 (Macintosh; Intel Mac OS X 10_15_7) AppleWebKit/537.36 (KHTML, like Gecko) Chrome/145.0.0.0 Safari/537.36"
94.130.90.54 - - [09/Mar/2026:06:53:47 +0100] "GET /wp-content/plugins/elementor/assets/css/widget-floating-bars-var-2.min.css?ver=3.35.6 HTTP/1.1" 200 8773 "https://reezone.inglory.de/?elementor-preview=11&ver=1773035620" "Serf/1.3.9 (mod_pagespeed/1.13.35.2-0)"
94.130.90.54 - - [09/Mar/2026:06:53:47 +0100] "GET /wp-content/plugins/elementor/assets/css/widget-floating-bars-var-3.min.css?ver=3.35.6 HTTP/1.1" 200 8470 "https://reezone.inglory.de/?elementor-preview=11&ver=1773035620" "Serf/1.3.9 (mod_pagespeed/1.13.35.2-0)"
94.130.90.54 - - [09/Mar/2026:06:53:47 +0100] "GET /wp-content/plugins/elementor-pro/assets/css/widget-search.min.css?ver=3.35.1 HTTP/1.1" 200 16987 "https://reezone.inglory.de/?elementor-preview=11&ver=1773035620" "Serf/1.3.9 (mod_pagespeed/1.13.35.2-0)"
94.130.90.54 - - [09/Mar/2026:06:53:47 +0100] "GET /wp-content/plugins/elementor/assets/css/theme-light.min.css?ver=3.35.6 HTTP/1.1" 200 5810 "https://reezone.inglory.de/?elementor-preview=11&ver=1773035620" "Serf/1.3.9 (mod_pagespeed/1.13.35.2-0)"
94.130.90.54 - - [09/Mar/2026:06:53:47 +0100] "GET /wp-content/plugins/elementor/assets/lib/e-select2/css/e-select2.min.css?ver=4.0.6-rc.1 HTTP/1.1" 200 18313 "https://reezone.inglory.de/?elementor-preview=11&ver=1773035620" "Serf/1.3.9 (mod_pagespeed/1.13.35.2-0)"
94.130.90.54 - - [09/Mar/2026:06:53:47 +0100] "GET /wp-content/plugins/elementor-pro/assets/css/preview.min.css?ver=3.35.1 HTTP/1.1" 200 12655 "https://reezone.inglory.de/?elementor-preview=11&ver=1773035620" "Serf/1.3.9 (mod_pagespeed/1.13.35.2-0)"
94.130.90.54 - - [09/Mar/2026:06:53:47 +0100] "GET /wp-content/plugins/elementor/assets/css/modules/ai/layout-preview.min.css?ver=3.35.6 HTTP/1.1" 200 7673 "https://reezone.inglory.de/?elementor-preview=11&ver=1773035620" "Serf/1.3.9 (mod_pagespeed/1.13.35.2-0)"
94.130.90.54 - - [09/Mar/2026:06:53:47 +0100] "GET /wp-content/plugins/elementor/assets/css/modules/styleguide/editor.min.css?ver=3.35.6 HTTP/1.1" 200 4224 "https://reezone.inglory.de/?elementor-preview=11&ver=1773035620" "Serf/1.3.9 (mod_pagespeed/1.13.35.2-0)"
94.130.90.54 - - [09/Mar/2026:06:53:47 +0100] "GET /wp-content/plugins/elementor-pro/assets/css/modules/motion-fx.min.css?ver=3.35.1 HTTP/1.1" 200 4286 "https://reezone.inglory.de/?elementor-preview=11&ver=1773035620" "Serf/1.3.9 (mod_pagespeed/1.13.35.2-0)"
