94.130.90.54 - - [12/Mar/2026:10:09:08 +0100] "GET /wp-content/uploads/Frame-4627-1-1024x252.png HTTP/1.1" 200 106479 "https://reezone.inglory.de/" "Serf/1.3.9 (mod_pagespeed/1.13.35.2-0)"
94.130.90.54 - - [12/Mar/2026:10:09:08 +0100] "GET /wp-content/uploads/Frame-4627-1-768x189.png HTTP/1.1" 200 68187 "https://reezone.inglory.de/" "Serf/1.3.9 (mod_pagespeed/1.13.35.2-0)"
94.130.90.54 - - [12/Mar/2026:10:09:08 +0100] "GET /wp-content/uploads/Frame-4627-1-600x147.png HTTP/1.1" 200 45986 "https://reezone.inglory.de/" "Serf/1.3.9 (mod_pagespeed/1.13.35.2-0)"
94.130.90.54 - - [12/Mar/2026:10:09:08 +0100] "GET /wp-includes/js/underscore.min.js?ver=1.13.7 HTTP/1.1" 200 22488 "https://reezone.inglory.de/" "Serf/1.3.9 (mod_pagespeed/1.13.35.2-0)"
94.130.90.54 - - [12/Mar/2026:10:09:08 +0100] "GET /wp-includes/js/wp-util.min.js?ver=6.9.4 HTTP/1.1" 200 4954 "https://reezone.inglory.de/" "Serf/1.3.9 (mod_pagespeed/1.13.35.2-0)"
94.130.90.54 - - [12/Mar/2026:10:09:08 +0100] "GET /wp-content/plugins/jet-woo-product-gallery/assets/lib/swiper/swiper.min.js?ver=5.3.6 HTTP/1.1" 200 142941 "https://reezone.inglory.de/" "Serf/1.3.9 (mod_pagespeed/1.13.35.2-0)"
94.130.90.54 - - [12/Mar/2026:10:09:08 +0100] "GET /wp-includes/js/jquery/ui/progressbar.min.js?ver=1.13.3 HTTP/1.1" 200 6110 "https://reezone.inglory.de/" "Serf/1.3.9 (mod_pagespeed/1.13.35.2-0)"
94.130.90.54 - - [12/Mar/2026:10:09:08 +0100] "GET /wp-content/plugins/woocommerce/assets/js/frontend/single-product.min.js?ver=10.5.3 HTTP/1.1" 200 13355 "https://reezone.inglory.de/" "Serf/1.3.9 (mod_pagespeed/1.13.35.2-0)"
94.130.90.54 - - [12/Mar/2026:10:09:08 +0100] "GET /wp-content/plugins/yith-woocommerce-product-add-ons/assets/js/front.min.js?ver=4.28.0 HTTP/1.1" 200 53002 "https://reezone.inglory.de/" "Serf/1.3.9 (mod_pagespeed/1.13.35.2-0)"
94.130.90.54 - - [12/Mar/2026:10:09:08 +0100] "GET /wp-content/plugins/elementor-pro/assets/js/webpack-pro.runtime.min.js?ver=3.35.1 HTTP/1.1" 200 9801 "https://reezone.inglory.de/" "Serf/1.3.9 (mod_pagespeed/1.13.35.2-0)"
94.130.90.54 - - [12/Mar/2026:10:09:08 +0100] "GET /wp-includes/js/dist/i18n.min.js?ver=c26c3dc7bed366793375 HTTP/1.1" 200 8867 "https://reezone.inglory.de/" "Serf/1.3.9 (mod_pagespeed/1.13.35.2-0)"
94.130.90.54 - - [12/Mar/2026:10:09:08 +0100] "GET /wp-content/plugins/elementor-pro/assets/js/frontend.min.js?ver=3.35.1 HTTP/1.1" 200 27630 "https://reezone.inglory.de/" "Serf/1.3.9 (mod_pagespeed/1.13.35.2-0)"
94.130.90.54 - - [12/Mar/2026:10:09:08 +0100] "GET /wp-content/plugins/elementor-pro/assets/js/elements-handlers.min.js?ver=3.35.1 HTTP/1.1" 200 47870 "https://reezone.inglory.de/" "Serf/1.3.9 (mod_pagespeed/1.13.35.2-0)"
94.130.90.54 - - [12/Mar/2026:10:09:08 +0100] "GET /wp-content/plugins/woocommerce/assets/css/woocommerce-layout.css?ver=10.5.3 HTTP/1.1" 200 23296 "https://reezone.inglory.de/" "Serf/1.3.9 (mod_pagespeed/1.13.35.2-0)"
94.130.90.54 - - [12/Mar/2026:10:09:08 +0100] "GET /wp-content/plugins/woocommerce/assets/css/woocommerce-smallscreen.css?ver=10.5.3 HTTP/1.1" 200 11066 "https://reezone.inglory.de/" "Serf/1.3.9 (mod_pagespeed/1.13.35.2-0)"
94.130.90.54 - - [12/Mar/2026:10:09:08 +0100] "GET /wp-content/plugins/woocommerce/assets/css/woocommerce.css?ver=10.5.3 HTTP/1.1" 200 90316 "https://reezone.inglory.de/" "Serf/1.3.9 (mod_pagespeed/1.13.35.2-0)"
94.130.90.54 - - [12/Mar/2026:10:09:08 +0100] "GET /wp-content/plugins/elementor/assets/css/frontend.min.css?ver=3.35.6 HTTP/1.1" 200 58293 "https://reezone.inglory.de/" "Serf/1.3.9 (mod_pagespeed/1.13.35.2-0)"
94.130.90.54 - - [12/Mar/2026:10:09:08 +0100] "GET /wp-content/plugins/elementor/assets/css/widget-image.min.css?ver=3.35.6 HTTP/1.1" 200 3721 "https://reezone.inglory.de/" "Serf/1.3.9 (mod_pagespeed/1.13.35.2-0)"
94.130.90.54 - - [12/Mar/2026:10:09:08 +0100] "GET /wp-content/plugins/elementor/assets/css/widget-heading.min.css?ver=3.35.6 HTTP/1.1" 200 4068 "https://reezone.inglory.de/" "Serf/1.3.9 (mod_pagespeed/1.13.35.2-0)"
94.130.90.54 - - [12/Mar/2026:10:09:08 +0100] "GET /wp-content/plugins/elementor/assets/css/widget-social-icons.min.css?ver=3.35.6 HTTP/1.1" 200 8649 "https://reezone.inglory.de/" "Serf/1.3.9 (mod_pagespeed/1.13.35.2-0)"
94.130.90.54 - - [12/Mar/2026:10:09:08 +0100] "GET /wp-content/plugins/elementor/assets/css/conditionals/apple-webkit.min.css?ver=3.35.6 HTTP/1.1" 200 10252 "https://reezone.inglory.de/" "Serf/1.3.9 (mod_pagespeed/1.13.35.2-0)"
94.130.90.54 - - [12/Mar/2026:10:09:08 +0100] "GET /wp-content/plugins/elementor/assets/css/widget-icon-list.min.css?ver=3.35.6 HTTP/1.1" 200 13795 "https://reezone.inglory.de/" "Serf/1.3.9 (mod_pagespeed/1.13.35.2-0)"
94.130.90.54 - - [12/Mar/2026:10:09:08 +0100] "GET /wp-content/plugins/elementor/assets/lib/animations/styles/fadeIn.min.css?ver=3.35.6 HTTP/1.1" 200 3583 "https://reezone.inglory.de/" "Serf/1.3.9 (mod_pagespeed/1.13.35.2-0)"
94.130.90.54 - - [12/Mar/2026:10:09:08 +0100] "GET /wp-content/uploads/elementor/css/post-10.css?ver=1773260336 HTTP/1.1" 200 8845 "https://reezone.inglory.de/" "Serf/1.3.9 (mod_pagespeed/1.13.35.2-0)"
94.130.90.54 - - [12/Mar/2026:10:09:08 +0100] "GET /wp-content/plugins/elementor/assets/css/widget-divider.min.css?ver=3.35.6 HTTP/1.1" 200 7797 "https://reezone.inglory.de/" "Serf/1.3.9 (mod_pagespeed/1.13.35.2-0)"
94.130.90.54 - - [12/Mar/2026:10:09:08 +0100] "GET /wp-content/plugins/elementor/assets/css/conditionals/e-swiper.min.css?ver=3.35.6 HTTP/1.1" 200 9025 "https://reezone.inglory.de/" "Serf/1.3.9 (mod_pagespeed/1.13.35.2-0)"
94.130.90.54 - - [12/Mar/2026:10:09:08 +0100] "GET /wp-content/plugins/elementor/assets/css/widget-image-carousel.min.css?ver=3.35.6 HTTP/1.1" 200 3850 "https://reezone.inglory.de/" "Serf/1.3.9 (mod_pagespeed/1.13.35.2-0)"
94.130.90.54 - - [12/Mar/2026:10:09:08 +0100] "GET /wp-content/uploads/elementor/css/post-11.css?ver=1773260340 HTTP/1.1" 200 166355 "https://reezone.inglory.de/" "Serf/1.3.9 (mod_pagespeed/1.13.35.2-0)"
94.130.90.54 - - [12/Mar/2026:10:09:08 +0100] "GET /wp-content/uploads/elementor/css/post-103.css?ver=1773260340 HTTP/1.1" 200 23240 "https://reezone.inglory.de/" "Serf/1.3.9 (mod_pagespeed/1.13.35.2-0)"
94.130.90.54 - - [12/Mar/2026:10:09:08 +0100] "GET /wp-content/uploads/elementor/css/post-137.css?ver=1773260340 HTTP/1.1" 200 44171 "https://reezone.inglory.de/" "Serf/1.3.9 (mod_pagespeed/1.13.35.2-0)"
94.130.90.54 - - [12/Mar/2026:10:09:08 +0100] "GET /wp-content/uploads/elementor/css/post-186.css?ver=1773260340 HTTP/1.1" 200 14535 "https://reezone.inglory.de/" "Serf/1.3.9 (mod_pagespeed/1.13.35.2-0)"
94.130.90.54 - - [12/Mar/2026:10:09:08 +0100] "GET /wp-content/plugins/yith-woocommerce-product-add-ons/assets/css/front.css?ver=4.28.0 HTTP/1.1" 200 39862 "https://reezone.inglory.de/" "Serf/1.3.9 (mod_pagespeed/1.13.35.2-0)"
34.245.238.229 - - [12/Mar/2026:10:09:08 +0100] "GET /wp-content/plugins/elementor/assets/lib/dialog/dialog.min.js?ver=4.9.3 HTTP/1.0" 200 7910 "https://reezone.inglory.de/" "Plesk screenshot bot https://support.plesk.com/hc/en-us/articles/10301006946066"
94.130.90.54 - - [12/Mar/2026:10:09:08 +0100] "GET /wp-includes/css/dashicons.min.css?ver=6.9.4 HTTP/1.1" 200 62631 "https://reezone.inglory.de/" "Serf/1.3.9 (mod_pagespeed/1.13.35.2-0)"
34.245.238.229 - - [12/Mar/2026:10:09:08 +0100] "GET /wp-content/uploads/logo.svg HTTP/1.0" 200 9298 "https://reezone.inglory.de/" "Plesk screenshot bot https://support.plesk.com/hc/en-us/articles/10301006946066"
94.130.90.54 - - [12/Mar/2026:10:09:08 +0100] "GET /wp-content/plugins/woocommerce/assets/client/blocks/wc-blocks.css?ver=wc-10.5.3 HTTP/1.1" 200 17546 "https://reezone.inglory.de/" "Serf/1.3.9 (mod_pagespeed/1.13.35.2-0)"
34.245.238.229 - - [12/Mar/2026:10:09:08 +0100] "GET /wp-content/plugins/elementor/assets/js/shared-frontend-handlers.03caa53373b56d3bab67.bundle.min.js HTTP/1.0" 200 6772 "https://reezone.inglory.de/" "Plesk screenshot bot https://support.plesk.com/hc/en-us/articles/10301006946066"
94.130.90.54 - - [12/Mar/2026:10:09:08 +0100] "GET /wp-content/uploads/elementor/css/post-192.css?ver=1773260341 HTTP/1.1" 200 8186 "https://reezone.inglory.de/" "Serf/1.3.9 (mod_pagespeed/1.13.35.2-0)"
34.245.238.229 - - [12/Mar/2026:10:09:08 +0100] "GET /wp-content/plugins/elementor-pro/assets/js/nav-menu.8521a0597c50611efdc6.bundle.min.js HTTP/1.0" 200 6000 "https://reezone.inglory.de/" "Plesk screenshot bot https://support.plesk.com/hc/en-us/articles/10301006946066"
34.245.238.229 - - [12/Mar/2026:10:09:08 +0100] "GET /wp-content/plugins/elementor-pro/assets/js/woocommerce-menu-cart.54f2e75f6769dce707e2.bundle.min.js HTTP/1.0" 200 5637 "https://reezone.inglory.de/" "Plesk screenshot bot https://support.plesk.com/hc/en-us/articles/10301006946066"
94.130.90.54 - - [12/Mar/2026:10:09:08 +0100] "GET /wp-content/plugins/wp-social-reviews/assets/css/wp_social_ninja_ig.css?ver=4.1.0 HTTP/1.1" 200 55493 "https://reezone.inglory.de/" "Serf/1.3.9 (mod_pagespeed/1.13.35.2-0)"
34.245.238.229 - - [12/Mar/2026:10:09:08 +0100] "GET /wp-content/plugins/elementor/assets/js/text-editor.45609661e409413f1cef.bundle.min.js HTTP/1.0" 200 4730 "https://reezone.inglory.de/" "Plesk screenshot bot https://support.plesk.com/hc/en-us/articles/10301006946066"
94.130.90.54 - - [12/Mar/2026:10:09:08 +0100] "GET /wp-content/plugins/woocommerce/assets/css/photoswipe/photoswipe.min.css?ver=10.5.3 HTTP/1.1" 200 6825 "https://reezone.inglory.de/" "Serf/1.3.9 (mod_pagespeed/1.13.35.2-0)"
94.130.90.54 - - [12/Mar/2026:10:09:08 +0100] "GET /wp-content/plugins/woocommerce/assets/css/photoswipe/default-skin/default-skin.min.css?ver=10.5.3 HTTP/1.1" 200 11486 "https://reezone.inglory.de/" "Serf/1.3.9 (mod_pagespeed/1.13.35.2-0)"
34.245.238.229 - - [12/Mar/2026:10:09:08 +0100] "GET /wp-content/plugins/elementor-pro/assets/js/nested-carousel.db797a097fdc5532ef4a.bundle.min.js HTTP/1.0" 200 5560 "https://reezone.inglory.de/" "Plesk screenshot bot https://support.plesk.com/hc/en-us/articles/10301006946066"
94.130.90.54 - - [12/Mar/2026:10:09:08 +0100] "GET /wp-content/uploads/logo.svg HTTP/1.1" 200 8774 "https://reezone.inglory.de/" "Serf/1.3.9 (mod_pagespeed/1.13.35.2-0)"
94.130.90.54 - - [12/Mar/2026:10:09:08 +0100] "GET /wp-content/uploads/Google-logo.svg HTTP/1.1" 200 4641 "https://reezone.inglory.de/" "Serf/1.3.9 (mod_pagespeed/1.13.35.2-0)"
94.130.90.54 - - [12/Mar/2026:10:09:08 +0100] "GET /wp-content/uploads/stars.svg HTTP/1.1" 200 4480 "https://reezone.inglory.de/" "Serf/1.3.9 (mod_pagespeed/1.13.35.2-0)"
94.130.90.54 - - [12/Mar/2026:10:09:08 +0100] "GET /wp-content/uploads/svgexport-1-2-1.svg HTTP/1.1" 200 13136 "https://reezone.inglory.de/" "Serf/1.3.9 (mod_pagespeed/1.13.35.2-0)"
34.245.238.229 - - [12/Mar/2026:10:09:08 +0100] "GET /wp-content/plugins/elementor/assets/js/image-carousel.6167d20b95b33386757b.bundle.min.js HTTP/1.0" 200 4354 "https://reezone.inglory.de/" "Plesk screenshot bot https://support.plesk.com/hc/en-us/articles/10301006946066"
94.130.90.54 - - [12/Mar/2026:10:09:08 +0100] "GET /wp-content/uploads/quote.svg HTTP/1.1" 200 4069 "https://reezone.inglory.de/" "Serf/1.3.9 (mod_pagespeed/1.13.35.2-0)"
94.130.90.54 - - [12/Mar/2026:10:09:08 +0100] "GET /wp-content/uploads/logo-2.svg HTTP/1.1" 200 4579 "https://reezone.inglory.de/" "Serf/1.3.9 (mod_pagespeed/1.13.35.2-0)"
94.130.90.54 - - [12/Mar/2026:10:09:08 +0100] "GET /wp-content/uploads/icon-4.svg HTTP/1.1" 200 4560 "https://reezone.inglory.de/" "Serf/1.3.9 (mod_pagespeed/1.13.35.2-0)"
94.130.90.54 - - [12/Mar/2026:10:09:08 +0100] "GET /wp-content/uploads/footer-stilpunkt-1.svg HTTP/1.1" 200 10259 "https://reezone.inglory.de/" "Serf/1.3.9 (mod_pagespeed/1.13.35.2-0)"
34.245.238.229 - - [12/Mar/2026:10:09:08 +0100] "GET /wp-content/uploads/cropped-items-1-32x32.png HTTP/1.0" 200 5159 "https://reezone.inglory.de/" "Plesk screenshot bot https://support.plesk.com/hc/en-us/articles/10301006946066"
94.130.90.54 - - [12/Mar/2026:10:09:08 +0100] "GET /wp-content/uploads/logo-1.svg HTTP/1.1" 200 9278 "https://reezone.inglory.de/" "Serf/1.3.9 (mod_pagespeed/1.13.35.2-0)"
94.130.90.54 - - [12/Mar/2026:10:09:08 +0100] "GET /wp-content/plugins/elementor/assets/js/webpack.runtime.min.js?ver=3.35.6 HTTP/1.1" 200 9275 "https://reezone.inglory.de/" "Serf/1.3.9 (mod_pagespeed/1.13.35.2-0)"
94.130.90.54 - - [12/Mar/2026:10:09:08 +0100] "GET /wp-content/plugins/elementor/assets/js/frontend.min.js?ver=3.35.6 HTTP/1.1" 200 35511 "https://reezone.inglory.de/" "Serf/1.3.9 (mod_pagespeed/1.13.35.2-0)"
94.130.90.54 - - [12/Mar/2026:10:09:08 +0100] "GET /wp-content/plugins/elementor/assets/lib/swiper/v8/swiper.min.js?ver=8.4.5 HTTP/1.1" 200 147497 "https://reezone.inglory.de/" "Serf/1.3.9 (mod_pagespeed/1.13.35.2-0)"
34.245.238.229 - - [12/Mar/2026:10:09:08 +0100] "GET /wp-content/uploads/unnamed605.png HTTP/1.0" 200 12937 "https://reezone.inglory.de/" "Plesk screenshot bot https://support.plesk.com/hc/en-us/articles/10301006946066"
34.245.238.229 - - [12/Mar/2026:10:09:08 +0100] "GET /wp-content/uploads/quote.svg HTTP/1.0" 200 4572 "https://reezone.inglory.de/" "Plesk screenshot bot https://support.plesk.com/hc/en-us/articles/10301006946066"
94.130.90.54 - - [12/Mar/2026:10:09:08 +0100] "GET /wp-content/plugins/woocommerce/assets/js/sourcebuster/sourcebuster.min.js?ver=10.5.3 HTTP/1.1" 200 18869 "https://reezone.inglory.de/" "Serf/1.3.9 (mod_pagespeed/1.13.35.2-0)"
34.245.238.229 - - [12/Mar/2026:10:09:08 +0100] "GET /wp-content/uploads/img-1.png HTTP/1.0" 200 12618 "https://reezone.inglory.de/" "Plesk screenshot bot https://support.plesk.com/hc/en-us/articles/10301006946066"
34.245.238.229 - - [12/Mar/2026:10:09:08 +0100] "GET /wp-content/uploads/icon-4.svg HTTP/1.0" 200 5063 "https://reezone.inglory.de/" "Plesk screenshot bot https://support.plesk.com/hc/en-us/articles/10301006946066"
34.245.238.229 - - [12/Mar/2026:10:09:08 +0100] "GET /wp-content/uploads/img.png HTTP/1.0" 200 9505 "https://reezone.inglory.de/" "Plesk screenshot bot https://support.plesk.com/hc/en-us/articles/10301006946066"
34.245.238.229 - - [12/Mar/2026:10:09:08 +0100] "GET /wp-content/uploads/img-2.png HTTP/1.0" 200 8908 "https://reezone.inglory.de/" "Plesk screenshot bot https://support.plesk.com/hc/en-us/articles/10301006946066"
34.245.238.229 - - [12/Mar/2026:10:09:08 +0100] "GET /wp-content/uploads/logo-2.svg HTTP/1.0" 200 5082 "https://reezone.inglory.de/" "Plesk screenshot bot https://support.plesk.com/hc/en-us/articles/10301006946066"
94.130.90.54 - - [12/Mar/2026:10:09:08 +0100] "GET /wp-content/plugins/woocommerce/assets/js/frontend/add-to-cart-variation.min.js?ver=10.5.3 HTTP/1.1" 200 18305 "https://reezone.inglory.de/" "Serf/1.3.9 (mod_pagespeed/1.13.35.2-0)"
34.245.238.229 - - [12/Mar/2026:10:09:08 +0100] "GET /wp-content/uploads/footer-stilpunkt-1.svg HTTP/1.0" 200 10755 "https://reezone.inglory.de/" "Plesk screenshot bot https://support.plesk.com/hc/en-us/articles/10301006946066"
94.130.90.54 - - [12/Mar/2026:10:09:08 +0100] "GET /wp-content/plugins/woocommerce/assets/images/icons/loader.svg HTTP/1.1" 200 3647 "https://reezone.inglory.de/" "Serf/1.3.9 (mod_pagespeed/1.13.35.2-0)"
94.130.90.54 - - [12/Mar/2026:10:09:08 +0100] "GET /wp-content/plugins/woocommerce/assets/images/icons/credit-cards/visa.svg HTTP/1.1" 200 4850 "https://reezone.inglory.de/" "Serf/1.3.9 (mod_pagespeed/1.13.35.2-0)"
34.245.238.229 - - [12/Mar/2026:10:09:08 +0100] "GET /wp-content/uploads/reezone-schlafsysteme-1.mp4 HTTP/1.0" 206 3738927 "https://reezone.inglory.de/" "Plesk screenshot bot https://support.plesk.com/hc/en-us/articles/10301006946066"
94.130.90.54 - - [12/Mar/2026:10:09:08 +0100] "GET /wp-content/plugins/woocommerce/assets/images/icons/credit-cards/mastercard.svg HTTP/1.1" 200 8155 "https://reezone.inglory.de/" "Serf/1.3.9 (mod_pagespeed/1.13.35.2-0)"
94.130.90.54 - - [12/Mar/2026:10:09:08 +0100] "GET /wp-content/plugins/woocommerce/assets/images/icons/credit-cards/laser.svg HTTP/1.1" 200 6630 "https://reezone.inglory.de/" "Serf/1.3.9 (mod_pagespeed/1.13.35.2-0)"
34.245.238.229 - - [12/Mar/2026:10:09:08 +0100] "GET /wp-content/uploads/schlafen-matratze-ruecken-schmerzen.mp4 HTTP/1.0" 206 2867342 "https://reezone.inglory.de/" "Plesk screenshot bot https://support.plesk.com/hc/en-us/articles/10301006946066"
94.130.90.54 - - [12/Mar/2026:10:09:08 +0100] "GET /wp-content/plugins/woocommerce/assets/images/icons/credit-cards/diners.svg HTTP/1.1" 200 4294 "https://reezone.inglory.de/" "Serf/1.3.9 (mod_pagespeed/1.13.35.2-0)"
94.130.90.54 - - [12/Mar/2026:10:09:08 +0100] "GET /wp-content/plugins/woocommerce/assets/images/icons/credit-cards/maestro.svg HTTP/1.1" 200 10318 "https://reezone.inglory.de/" "Serf/1.3.9 (mod_pagespeed/1.13.35.2-0)"
94.130.90.54 - - [12/Mar/2026:10:09:08 +0100] "GET /wp-content/plugins/woocommerce/assets/images/icons/credit-cards/jcb.svg HTTP/1.1" 200 6320 "https://reezone.inglory.de/" "Serf/1.3.9 (mod_pagespeed/1.13.35.2-0)"
94.130.90.54 - - [12/Mar/2026:10:09:08 +0100] "GET /wp-content/plugins/woocommerce/assets/images/icons/credit-cards/amex.svg HTTP/1.1" 200 8183 "https://reezone.inglory.de/" "Serf/1.3.9 (mod_pagespeed/1.13.35.2-0)"
34.245.238.229 - - [12/Mar/2026:10:09:08 +0100] "GET /wp-content/uploads/schlafen-matratze-ruecken-schmerzen.mp4 HTTP/1.0" 206 2867342 "https://reezone.inglory.de/" "Plesk screenshot bot https://support.plesk.com/hc/en-us/articles/10301006946066"
94.130.90.54 - - [12/Mar/2026:10:09:08 +0100] "GET /wp-content/plugins/woocommerce/assets/images/icons/credit-cards/discover.svg HTTP/1.1" 200 5705 "https://reezone.inglory.de/" "Serf/1.3.9 (mod_pagespeed/1.13.35.2-0)"
34.245.238.229 - - [12/Mar/2026:10:09:08 +0100] "GET /wp-content/uploads/img.jpg HTTP/1.0" 200 58558 "https://reezone.inglory.de/" "Plesk screenshot bot https://support.plesk.com/hc/en-us/articles/10301006946066"
34.245.238.229 - - [12/Mar/2026:10:09:08 +0100] "GET /wp-content/uploads/img-1.jpg HTTP/1.0" 200 52556 "https://reezone.inglory.de/" "Plesk screenshot bot https://support.plesk.com/hc/en-us/articles/10301006946066"
34.245.238.229 - - [12/Mar/2026:10:09:08 +0100] "GET /wp-content/uploads/img-4.jpg HTTP/1.0" 200 59157 "https://reezone.inglory.de/" "Plesk screenshot bot https://support.plesk.com/hc/en-us/articles/10301006946066"
34.245.238.229 - - [12/Mar/2026:10:09:08 +0100] "GET /wp-content/uploads/img-8.jpg HTTP/1.0" 200 44218 "https://reezone.inglory.de/" "Plesk screenshot bot https://support.plesk.com/hc/en-us/articles/10301006946066"
34.245.238.229 - - [12/Mar/2026:10:09:08 +0100] "GET /wp-content/uploads/img-7.jpg HTTP/1.0" 200 56050 "https://reezone.inglory.de/" "Plesk screenshot bot https://support.plesk.com/hc/en-us/articles/10301006946066"
34.245.238.229 - - [12/Mar/2026:10:09:08 +0100] "GET /wp-content/uploads/img-6.jpg HTTP/1.0" 200 38420 "https://reezone.inglory.de/" "Plesk screenshot bot https://support.plesk.com/hc/en-us/articles/10301006946066"
34.245.238.229 - - [12/Mar/2026:10:09:08 +0100] "GET /wp-includes/js/wp-emoji-release.min.js?ver=6.9.4 HTTP/1.0" 200 9503 "https://reezone.inglory.de/" "Plesk screenshot bot https://support.plesk.com/hc/en-us/articles/10301006946066"
94.130.90.54 - - [12/Mar/2026:10:09:09 +0100] "GET /wp-content/uploads/bg-2-1.jpg HTTP/1.1" 200 274192 "https://reezone.inglory.de/" "Serf/1.3.9 (mod_pagespeed/1.13.35.2-0)"
94.130.90.54 - - [12/Mar/2026:10:09:09 +0100] "GET /wp-content/uploads/img-1-1.jpg HTTP/1.1" 200 74214 "https://reezone.inglory.de/" "Serf/1.3.9 (mod_pagespeed/1.13.35.2-0)"
94.130.90.54 - - [12/Mar/2026:10:09:09 +0100] "GET /wp-content/uploads/img-2-1.jpg HTTP/1.1" 200 76022 "https://reezone.inglory.de/" "Serf/1.3.9 (mod_pagespeed/1.13.35.2-0)"
34.245.238.229 - - [12/Mar/2026:10:09:08 +0100] "POST /?wc-ajax=get_refreshed_fragments HTTP/1.0" 200 5003 "https://reezone.inglory.de/" "Plesk screenshot bot https://support.plesk.com/hc/en-us/articles/10301006946066"
34.245.238.229 - - [12/Mar/2026:10:09:10 +0100] "POST /wp-admin/admin-ajax.php HTTP/1.0" 200 5122 "https://reezone.inglory.de/" "Plesk screenshot bot https://support.plesk.com/hc/en-us/articles/10301006946066"
94.130.90.54 - - [12/Mar/2026:10:09:12 +0100] "GET /wp-content/plugins/yith-woocommerce-product-add-ons/assets/img/icon-check.png HTTP/1.1" 200 4862 "https://reezone.inglory.de/" "Serf/1.3.9 (mod_pagespeed/1.13.35.2-0)"
94.130.90.54 - - [12/Mar/2026:10:09:12 +0100] "GET /wp-content/plugins/yith-woocommerce-product-add-ons/assets/img/check.svg HTTP/1.1" 200 4116 "https://reezone.inglory.de/" "Serf/1.3.9 (mod_pagespeed/1.13.35.2-0)"
94.130.90.54 - - [12/Mar/2026:10:09:12 +0100] "GET /wp-content/plugins/wp-social-reviews/assets/images/icon-tiktok-black.png?7146ef0826b3c23ca309da88d40e830f HTTP/1.1" 200 15355 "https://reezone.inglory.de/" "Serf/1.3.9 (mod_pagespeed/1.13.35.2-0)"
94.130.90.54 - - [12/Mar/2026:10:09:12 +0100] "GET /wp-content/plugins/wp-social-reviews/assets/images/ig-media-type.png?cf631e89461d1df66942f30a5024bf8a HTTP/1.1" 200 6294 "https://reezone.inglory.de/" "Serf/1.3.9 (mod_pagespeed/1.13.35.2-0)"
94.130.90.54 - - [12/Mar/2026:10:09:12 +0100] "GET /wp-content/plugins/woocommerce/assets/css/photoswipe/default-skin/default-skin.png HTTP/1.1" 200 4033 "https://reezone.inglory.de/" "Serf/1.3.9 (mod_pagespeed/1.13.35.2-0)"
94.130.90.54 - - [12/Mar/2026:10:09:12 +0100] "GET /wp-content/plugins/woocommerce/assets/css/photoswipe/default-skin/preloader.gif HTTP/1.1" 200 4352 "https://reezone.inglory.de/" "Serf/1.3.9 (mod_pagespeed/1.13.35.2-0)"
94.130.90.54 - - [12/Mar/2026:10:09:12 +0100] "GET /wp-content/plugins/woocommerce/assets/css/photoswipe/default-skin/default-skin.svg HTTP/1.1" 200 5045 "https://reezone.inglory.de/" "Serf/1.3.9 (mod_pagespeed/1.13.35.2-0)"
94.130.90.54 - - [12/Mar/2026:11:42:09 +0100] "POST /wp-cron.php?doing_wp_cron=1773312129.5941259860992431640625 HTTP/1.0" 200 4062 "-" "WordPress/6.9.4; https://reezone.inglory.de"
74.7.243.131 - - [12/Mar/2026:11:42:08 +0100] "GET /wp-sitemap.xml HTTP/1.0" 200 4245 "-" "Mozilla/5.0 AppleWebKit/537.36 (KHTML, like Gecko; compatible; GPTBot/1.3; +https://openai.com/gptbot)"
74.7.175.133 - - [12/Mar/2026:11:42:08 +0100] "GET /robots.txt HTTP/1.0" 200 4257 "-" "Mozilla/5.0 (Macintosh; Intel Mac OS X 10_15_7) AppleWebKit/537.36 (KHTML, like Gecko) Chrome/131.0.0.0 Safari/537.36; compatible; OAI-SearchBot/1.3; robots.txt; +https://openai.com/searchbot"
94.130.90.54 - - [12/Mar/2026:11:42:11 +0100] "POST /wp-admin/admin-ajax.php?action=wp_1_wc_privacy_cleanup&nonce=42e105499b HTTP/1.0" 200 4230 "-" "WordPress/6.9.4; https://reezone.inglory.de"
94.130.90.54 - - [12/Mar/2026:16:16:20 +0100] "GET /wp-content/plugins/elementor-pro/assets/css/widget-loop-grid.min.css?ver=3.35.1 HTTP/1.1" 200 16759 "https://reezone.inglory.de/schlafsysteme/" "Serf/1.3.9 (mod_pagespeed/1.13.35.2-0)"
80.187.102.171 - - [12/Mar/2026:16:16:20 +0100] "GET /wp-content/plugins/elementor-pro/assets/css/A.widget-loop-grid.min.css,qver=3.35.1.pagespeed.cf.n6wLXt0Luj.css HTTP/1.0" 200 5371 "https://reezone.inglory.de/schlafsysteme/" "Mozilla/5.0 (iPhone; CPU iPhone OS 26_3_1 like Mac OS X) AppleWebKit/605.1.15 (KHTML, like Gecko) EdgiOS/145.0.3800.99 Version/26.0 Mobile/15E148 Safari/604.1"
80.187.102.171 - - [12/Mar/2026:16:16:21 +0100] "GET /wp-content/plugins/elementor/assets/js/shared-frontend-handlers.03caa53373b56d3bab67.bundle.min.js HTTP/1.0" 200 6772 "https://reezone.inglory.de/schlafsysteme/" "Mozilla/5.0 (iPhone; CPU iPhone OS 26_3_1 like Mac OS X) AppleWebKit/605.1.15 (KHTML, like Gecko) EdgiOS/145.0.3800.99 Version/26.0 Mobile/15E148 Safari/604.1"
80.187.102.171 - - [12/Mar/2026:16:16:21 +0100] "GET /wp-content/plugins/elementor/assets/lib/dialog/dialog.min.js?ver=4.9.3 HTTP/1.0" 200 7910 "https://reezone.inglory.de/schlafsysteme/" "Mozilla/5.0 (iPhone; CPU iPhone OS 26_3_1 like Mac OS X) AppleWebKit/605.1.15 (KHTML, like Gecko) EdgiOS/145.0.3800.99 Version/26.0 Mobile/15E148 Safari/604.1"
80.187.102.171 - - [12/Mar/2026:16:16:21 +0100] "GET /wp-content/plugins/elementor-pro/assets/js/nav-menu.8521a0597c50611efdc6.bundle.min.js HTTP/1.0" 200 6000 "https://reezone.inglory.de/schlafsysteme/" "Mozilla/5.0 (iPhone; CPU iPhone OS 26_3_1 like Mac OS X) AppleWebKit/605.1.15 (KHTML, like Gecko) EdgiOS/145.0.3800.99 Version/26.0 Mobile/15E148 Safari/604.1"
80.187.102.171 - - [12/Mar/2026:16:16:21 +0100] "POST /mod_pagespeed_beacon?url=https%3A%2F%2Freezone.inglory.de%2Fschlafsysteme%2F HTTP/1.0" 204 3892 "https://reezone.inglory.de/schlafsysteme/" "Mozilla/5.0 (iPhone; CPU iPhone OS 26_3_1 like Mac OS X) AppleWebKit/605.1.15 (KHTML, like Gecko) EdgiOS/145.0.3800.99 Version/26.0 Mobile/15E148 Safari/604.1"
80.187.102.171 - - [12/Mar/2026:16:16:21 +0100] "GET /wp-content/plugins/elementor/assets/js/text-editor.45609661e409413f1cef.bundle.min.js HTTP/1.0" 200 4730 "https://reezone.inglory.de/schlafsysteme/" "Mozilla/5.0 (iPhone; CPU iPhone OS 26_3_1 like Mac OS X) AppleWebKit/605.1.15 (KHTML, like Gecko) EdgiOS/145.0.3800.99 Version/26.0 Mobile/15E148 Safari/604.1"
80.187.102.171 - - [12/Mar/2026:16:16:21 +0100] "GET /wp-content/plugins/elementor-pro/assets/js/woocommerce-menu-cart.54f2e75f6769dce707e2.bundle.min.js HTTP/1.0" 200 5637 "https://reezone.inglory.de/schlafsysteme/" "Mozilla/5.0 (iPhone; CPU iPhone OS 26_3_1 like Mac OS X) AppleWebKit/605.1.15 (KHTML, like Gecko) EdgiOS/145.0.3800.99 Version/26.0 Mobile/15E148 Safari/604.1"
80.187.102.171 - - [12/Mar/2026:16:16:21 +0100] "GET /wp-content/plugins/elementor-pro/assets/js/load-more.8b46f464e573feab5dd7.bundle.min.js HTTP/1.0" 200 5674 "https://reezone.inglory.de/schlafsysteme/" "Mozilla/5.0 (iPhone; CPU iPhone OS 26_3_1 like Mac OS X) AppleWebKit/605.1.15 (KHTML, like Gecko) EdgiOS/145.0.3800.99 Version/26.0 Mobile/15E148 Safari/604.1"
80.187.102.171 - - [12/Mar/2026:16:16:21 +0100] "GET /wp-content/plugins/elementor-pro/assets/js/ajax-pagination.2090b5f4906bcda1dcc2.bundle.min.js HTTP/1.0" 200 5280 "https://reezone.inglory.de/schlafsysteme/" "Mozilla/5.0 (iPhone; CPU iPhone OS 26_3_1 like Mac OS X) AppleWebKit/605.1.15 (KHTML, like Gecko) EdgiOS/145.0.3800.99 Version/26.0 Mobile/15E148 Safari/604.1"
80.187.102.171 - - [12/Mar/2026:16:16:21 +0100] "GET /wp-content/plugins/elementor-pro/assets/js/loop.89cc81d2188312a17a17.bundle.min.js HTTP/1.0" 200 7347 "https://reezone.inglory.de/schlafsysteme/" "Mozilla/5.0 (iPhone; CPU iPhone OS 26_3_1 like Mac OS X) AppleWebKit/605.1.15 (KHTML, like Gecko) EdgiOS/145.0.3800.99 Version/26.0 Mobile/15E148 Safari/604.1"
80.187.102.171 - - [12/Mar/2026:16:16:21 +0100] "GET /wp-content/uploads/xcropped-items-1-192x192.png.pagespeed.ic.Mbaygal-X6.png HTTP/1.0" 304 3858 "-" "Mozilla/5.0 (iPhone; CPU iPhone OS 26_3_1 like Mac OS X) AppleWebKit/605.1.15 (KHTML, like Gecko) EdgiOS/145.0.3800.99 Version/26.0 Mobile/15E148 Safari/604.1"
80.187.102.171 - - [12/Mar/2026:16:16:21 +0100] "GET /wp-content/uploads/xcropped-items-1-180x180.png.pagespeed.ic.FFHQxRq4W1.png HTTP/1.0" 304 3858 "-" "Mozilla/5.0 (iPhone; CPU iPhone OS 26_3_1 like Mac OS X) AppleWebKit/605.1.15 (KHTML, like Gecko) EdgiOS/145.0.3800.99 Version/26.0 Mobile/15E148 Safari/604.1"
94.130.90.54 - - [12/Mar/2026:16:16:22 +0100] "POST /wp-cron.php?doing_wp_cron=1773328582.5501599311828613281250 HTTP/1.0" 200 4062 "-" "WordPress/6.9.4; https://reezone.inglory.de"
80.187.102.171 - - [12/Mar/2026:16:16:21 +0100] "POST /?wc-ajax=get_refreshed_fragments HTTP/1.0" 200 5003 "https://reezone.inglory.de/schlafsysteme/" "Mozilla/5.0 (iPhone; CPU iPhone OS 26_3_1 like Mac OS X) AppleWebKit/605.1.15 (KHTML, like Gecko) EdgiOS/145.0.3800.99 Version/26.0 Mobile/15E148 Safari/604.1"
80.187.102.171 - - [12/Mar/2026:16:16:22 +0100] "POST /wp-admin/admin-ajax.php HTTP/1.0" 200 4317 "https://reezone.inglory.de/schlafsysteme/" "Mozilla/5.0 (iPhone; CPU iPhone OS 26_3_1 like Mac OS X) AppleWebKit/605.1.15 (KHTML, like Gecko) EdgiOS/145.0.3800.99 Version/26.0 Mobile/15E148 Safari/604.1"
94.130.90.54 - - [12/Mar/2026:17:31:36 +0100] "POST /wp-cron.php?doing_wp_cron=1773333096.9208190441131591796875 HTTP/1.0" 200 4062 "-" "WordPress/6.9.4; https://reezone.inglory.de"
94.130.90.54 - - [12/Mar/2026:17:31:36 +0100] "GET /wp-content/plugins/jet-engine/includes/compatibility/packages/woocommerce/inc/assets/css/admin/meta-boxes.css?ver=3.8.5 HTTP/1.1" 200 7649 "https://reezone.inglory.de/" "Serf/1.3.9 (mod_pagespeed/1.13.35.2-0)"
94.130.90.54 - - [12/Mar/2026:17:31:36 +0100] "GET /wp-content/plugins/jet-engine/assets/css/frontend.css?ver=3.8.5 HTTP/1.1" 200 58875 "https://reezone.inglory.de/" "Serf/1.3.9 (mod_pagespeed/1.13.35.2-0)"
94.130.90.54 - - [12/Mar/2026:17:31:36 +0100] "GET /wp-content/plugins/woocommerce/assets/css/woocommerce-layout.css?ver=10.5.3 HTTP/1.1" 200 23296 "https://reezone.inglory.de/" "Serf/1.3.9 (mod_pagespeed/1.13.35.2-0)"
165.101.133.128 - - [12/Mar/2026:17:31:34 +0100] "GET / HTTP/1.0" 200 37620 "-" "Mozilla/5.0 (Macintosh; Intel Mac OS X 10_15_7) AppleWebKit/537.36 (KHTML, like Gecko) Chrome/145.0.0.0 Safari/537.36"
94.130.90.54 - - [12/Mar/2026:17:31:36 +0100] "GET /wp-content/plugins/woocommerce/assets/css/woocommerce-smallscreen.css?ver=10.5.3 HTTP/1.1" 200 11066 "https://reezone.inglory.de/" "Serf/1.3.9 (mod_pagespeed/1.13.35.2-0)"
94.130.90.54 - - [12/Mar/2026:17:31:37 +0100] "GET /wp-content/themes/hello-elementor/assets/css/reset.css?ver=3.4.6 HTTP/1.1" 200 8995 "https://reezone.inglory.de/" "Serf/1.3.9 (mod_pagespeed/1.13.35.2-0)"
94.130.90.54 - - [12/Mar/2026:17:31:37 +0100] "GET /wp-content/themes/hello-elementor/assets/css/theme.css?ver=3.4.6 HTTP/1.1" 200 8636 "https://reezone.inglory.de/" "Serf/1.3.9 (mod_pagespeed/1.13.35.2-0)"
94.130.90.54 - - [12/Mar/2026:17:31:37 +0100] "GET /wp-content/themes/hello-elementor/assets/css/header-footer.css?ver=3.4.6 HTTP/1.1" 200 10721 "https://reezone.inglory.de/" "Serf/1.3.9 (mod_pagespeed/1.13.35.2-0)"
94.130.90.54 - - [12/Mar/2026:17:31:37 +0100] "GET /wp-content/plugins/elementor/assets/css/frontend.min.css?ver=3.35.6 HTTP/1.1" 200 58293 "https://reezone.inglory.de/" "Serf/1.3.9 (mod_pagespeed/1.13.35.2-0)"
94.130.90.54 - - [12/Mar/2026:17:31:37 +0100] "GET /wp-content/plugins/elementor/assets/css/widget-image.min.css?ver=3.35.6 HTTP/1.1" 200 3721 "https://reezone.inglory.de/" "Serf/1.3.9 (mod_pagespeed/1.13.35.2-0)"
94.130.90.54 - - [12/Mar/2026:17:31:37 +0100] "GET /wp-content/plugins/elementor-pro/assets/css/widget-nav-menu.min.css?ver=3.35.1 HTTP/1.1" 200 30933 "https://reezone.inglory.de/" "Serf/1.3.9 (mod_pagespeed/1.13.35.2-0)"
94.130.90.54 - - [12/Mar/2026:17:31:37 +0100] "GET /wp-content/plugins/elementor-pro/assets/css/widget-woocommerce-menu-cart.min.css?ver=3.35.1 HTTP/1.1" 200 17867 "https://reezone.inglory.de/" "Serf/1.3.9 (mod_pagespeed/1.13.35.2-0)"
94.130.90.54 - - [12/Mar/2026:17:31:37 +0100] "GET /wp-content/plugins/elementor-pro/assets/css/modules/sticky.min.css?ver=3.35.1 HTTP/1.1" 200 3669 "https://reezone.inglory.de/" "Serf/1.3.9 (mod_pagespeed/1.13.35.2-0)"
94.130.90.54 - - [12/Mar/2026:17:31:37 +0100] "GET /wp-content/plugins/elementor/assets/css/widget-heading.min.css?ver=3.35.6 HTTP/1.1" 200 4068 "https://reezone.inglory.de/" "Serf/1.3.9 (mod_pagespeed/1.13.35.2-0)"
94.130.90.54 - - [12/Mar/2026:17:31:37 +0100] "GET /wp-content/plugins/elementor/assets/css/widget-social-icons.min.css?ver=3.35.6 HTTP/1.1" 200 8649 "https://reezone.inglory.de/" "Serf/1.3.9 (mod_pagespeed/1.13.35.2-0)"
94.130.90.54 - - [12/Mar/2026:17:31:37 +0100] "GET /wp-content/plugins/elementor/assets/css/conditionals/apple-webkit.min.css?ver=3.35.6 HTTP/1.1" 200 10252 "https://reezone.inglory.de/" "Serf/1.3.9 (mod_pagespeed/1.13.35.2-0)"
94.130.90.54 - - [12/Mar/2026:17:31:37 +0100] "GET /wp-content/plugins/elementor/assets/css/widget-icon-list.min.css?ver=3.35.6 HTTP/1.1" 200 13795 "https://reezone.inglory.de/" "Serf/1.3.9 (mod_pagespeed/1.13.35.2-0)"
94.130.90.54 - - [12/Mar/2026:17:31:37 +0100] "GET /wp-content/plugins/elementor/assets/lib/animations/styles/fadeIn.min.css?ver=3.35.6 HTTP/1.1" 200 3583 "https://reezone.inglory.de/" "Serf/1.3.9 (mod_pagespeed/1.13.35.2-0)"
94.130.90.54 - - [12/Mar/2026:17:31:37 +0100] "GET /wp-content/plugins/elementor-pro/assets/css/conditionals/popup.min.css?ver=3.35.1 HTTP/1.1" 200 4503 "https://reezone.inglory.de/" "Serf/1.3.9 (mod_pagespeed/1.13.35.2-0)"
94.130.90.54 - - [12/Mar/2026:17:31:37 +0100] "GET /wp-content/plugins/elementor/assets/lib/eicons/css/elementor-icons.min.css?ver=5.47.0 HTTP/1.1" 200 25210 "https://reezone.inglory.de/" "Serf/1.3.9 (mod_pagespeed/1.13.35.2-0)"
94.130.90.54 - - [12/Mar/2026:17:31:37 +0100] "GET /wp-content/plugins/elementor/assets/css/widget-divider.min.css?ver=3.35.6 HTTP/1.1" 200 7797 "https://reezone.inglory.de/" "Serf/1.3.9 (mod_pagespeed/1.13.35.2-0)"
94.130.90.54 - - [12/Mar/2026:17:31:37 +0100] "GET /wp-content/plugins/elementor/assets/lib/swiper/v8/css/swiper.min.css?ver=8.4.5 HTTP/1.1" 200 20040 "https://reezone.inglory.de/" "Serf/1.3.9 (mod_pagespeed/1.13.35.2-0)"
94.130.90.54 - - [12/Mar/2026:17:31:37 +0100] "GET /wp-content/plugins/elementor/assets/css/conditionals/e-swiper.min.css?ver=3.35.6 HTTP/1.1" 200 9025 "https://reezone.inglory.de/" "Serf/1.3.9 (mod_pagespeed/1.13.35.2-0)"
94.130.90.54 - - [12/Mar/2026:17:31:37 +0100] "GET /wp-content/plugins/elementor-pro/assets/css/widget-nested-carousel.min.css?ver=3.35.1 HTTP/1.1" 200 13205 "https://reezone.inglory.de/" "Serf/1.3.9 (mod_pagespeed/1.13.35.2-0)"
94.130.90.54 - - [12/Mar/2026:17:31:37 +0100] "GET /wp-content/plugins/elementor/assets/css/widget-image-carousel.min.css?ver=3.35.6 HTTP/1.1" 200 3850 "https://reezone.inglory.de/" "Serf/1.3.9 (mod_pagespeed/1.13.35.2-0)"
94.130.90.54 - - [12/Mar/2026:17:31:37 +0100] "GET /wp-content/plugins/yith-woocommerce-product-add-ons/plugin-fw/assets/css/yith-icon.css?ver=4.7.8 HTTP/1.1" 200 24104 "https://reezone.inglory.de/" "Serf/1.3.9 (mod_pagespeed/1.13.35.2-0)"
94.130.90.54 - - [12/Mar/2026:17:31:37 +0100] "GET /wp-content/plugins/elementor/assets/lib/font-awesome/css/fontawesome.min.css?ver=5.15.3 HTTP/1.1" 200 61698 "https://reezone.inglory.de/" "Serf/1.3.9 (mod_pagespeed/1.13.35.2-0)"
94.130.90.54 - - [12/Mar/2026:17:31:37 +0100] "GET /wp-content/plugins/elementor/assets/lib/font-awesome/css/solid.min.css?ver=5.15.3 HTTP/1.1" 200 4177 "https://reezone.inglory.de/" "Serf/1.3.9 (mod_pagespeed/1.13.35.2-0)"
94.130.90.54 - - [12/Mar/2026:17:31:37 +0100] "GET /wp-content/plugins/elementor/assets/lib/font-awesome/css/brands.min.css?ver=5.15.3 HTTP/1.1" 200 4183 "https://reezone.inglory.de/" "Serf/1.3.9 (mod_pagespeed/1.13.35.2-0)"
94.130.90.54 - - [12/Mar/2026:17:31:37 +0100] "GET /wp-content/plugins/woocommerce/assets/client/blocks/wc-blocks.css?ver=wc-10.5.3 HTTP/1.1" 200 17546 "https://reezone.inglory.de/" "Serf/1.3.9 (mod_pagespeed/1.13.35.2-0)"
94.130.90.54 - - [12/Mar/2026:17:31:37 +0100] "GET /wp-includes/js/jquery/jquery-migrate.min.js?ver=3.4.1 HTTP/1.1" 200 17131 "https://reezone.inglory.de/" "Serf/1.3.9 (mod_pagespeed/1.13.35.2-0)"
94.130.90.54 - - [12/Mar/2026:17:31:37 +0100] "GET /wp-content/plugins/woocommerce/assets/js/jquery-blockui/jquery.blockUI.min.js?ver=2.7.0-wc.10.5.3 HTTP/1.1" 200 13189 "https://reezone.inglory.de/" "Serf/1.3.9 (mod_pagespeed/1.13.35.2-0)"
94.130.90.54 - - [12/Mar/2026:17:31:37 +0100] "GET /wp-content/plugins/elementor/assets/js/frontend-modules.min.js?ver=3.35.6 HTTP/1.1" 200 54144 "https://reezone.inglory.de/" "Serf/1.3.9 (mod_pagespeed/1.13.35.2-0)"
94.130.90.54 - - [12/Mar/2026:17:31:37 +0100] "GET /wp-includes/js/jquery/ui/core.min.js?ver=1.13.3 HTTP/1.1" 200 25047 "https://reezone.inglory.de/" "Serf/1.3.9 (mod_pagespeed/1.13.35.2-0)"
94.130.90.54 - - [12/Mar/2026:17:31:37 +0100] "GET /wp-content/plugins/elementor-pro/assets/lib/smartmenus/jquery.smartmenus.min.js?ver=1.2.1 HTTP/1.1" 200 27692 "https://reezone.inglory.de/" "Serf/1.3.9 (mod_pagespeed/1.13.35.2-0)"
94.130.90.54 - - [12/Mar/2026:17:31:37 +0100] "GET /wp-content/plugins/elementor-pro/assets/lib/sticky/jquery.sticky.min.js?ver=3.35.1 HTTP/1.1" 200 7273 "https://reezone.inglory.de/" "Serf/1.3.9 (mod_pagespeed/1.13.35.2-0)"
94.130.90.54 - - [12/Mar/2026:17:31:37 +0100] "GET /wp-content/plugins/woocommerce/assets/js/frontend/order-attribution.min.js?ver=10.5.3 HTTP/1.1" 200 5991 "https://reezone.inglory.de/" "Serf/1.3.9 (mod_pagespeed/1.13.35.2-0)"
94.130.90.54 - - [12/Mar/2026:17:31:37 +0100] "GET /wp-includes/js/jquery/ui/datepicker.min.js?ver=1.13.3 HTTP/1.1" 200 40360 "https://reezone.inglory.de/" "Serf/1.3.9 (mod_pagespeed/1.13.35.2-0)"
94.130.90.54 - - [12/Mar/2026:17:31:37 +0100] "GET /wp-content/plugins/woocommerce/assets/js/selectWoo/selectWoo.full.min.js?ver=1.0.9-wc.10.5.3 HTTP/1.1" 200 81586 "https://reezone.inglory.de/" "Serf/1.3.9 (mod_pagespeed/1.13.35.2-0)"
94.130.90.54 - - [12/Mar/2026:17:31:37 +0100] "GET /wp-includes/js/dist/hooks.min.js?ver=dd5603f07f9220ed27f1 HTTP/1.1" 200 9214 "https://reezone.inglory.de/" "Serf/1.3.9 (mod_pagespeed/1.13.35.2-0)"
94.130.90.54 - - [12/Mar/2026:17:31:37 +0100] "GET /wp-content/plugins/woocommerce/assets/js/frontend/add-to-cart.min.js?ver=10.5.3 HTTP/1.1" 200 7903 "https://reezone.inglory.de/" "Serf/1.3.9 (mod_pagespeed/1.13.35.2-0)"
94.130.90.54 - - [12/Mar/2026:17:31:37 +0100] "GET /wp-content/plugins/woocommerce/assets/js/js-cookie/js.cookie.min.js?ver=2.1.4-wc.10.5.3 HTTP/1.1" 200 5243 "https://reezone.inglory.de/" "Serf/1.3.9 (mod_pagespeed/1.13.35.2-0)"
94.130.90.54 - - [12/Mar/2026:17:31:37 +0100] "GET /wp-content/plugins/woocommerce/assets/js/frontend/woocommerce.min.js?ver=10.5.3 HTTP/1.1" 200 7684 "https://reezone.inglory.de/" "Serf/1.3.9 (mod_pagespeed/1.13.35.2-0)"
94.130.90.54 - - [12/Mar/2026:17:31:37 +0100] "GET /wp-content/plugins/woocommerce/assets/js/frontend/cart-fragments.min.js?ver=10.5.3 HTTP/1.1" 200 6491 "https://reezone.inglory.de/" "Serf/1.3.9 (mod_pagespeed/1.13.35.2-0)"
94.130.90.54 - - [12/Mar/2026:17:31:37 +0100] "GET /wp-content/uploads/cropped-items-1-32x32.png HTTP/1.1" 200 4542 "https://reezone.inglory.de/" "Serf/1.3.9 (mod_pagespeed/1.13.35.2-0)"
94.130.90.54 - - [12/Mar/2026:17:31:37 +0100] "GET /wp-content/uploads/cropped-items-1-192x192.png HTTP/1.1" 200 6775 "https://reezone.inglory.de/" "Serf/1.3.9 (mod_pagespeed/1.13.35.2-0)"
94.130.90.54 - - [12/Mar/2026:17:31:37 +0100] "GET /wp-content/uploads/cropped-items-1-180x180.png HTTP/1.1" 200 6585 "https://reezone.inglory.de/" "Serf/1.3.9 (mod_pagespeed/1.13.35.2-0)"
94.130.90.54 - - [12/Mar/2026:17:31:37 +0100] "GET /wp-content/uploads/image-2-1.png HTTP/1.1" 200 15140 "https://reezone.inglory.de/" "Serf/1.3.9 (mod_pagespeed/1.13.35.2-0)"
94.130.90.54 - - [12/Mar/2026:17:31:37 +0100] "GET /wp-content/uploads/image-204-1.jpg HTTP/1.1" 200 94254 "https://reezone.inglory.de/" "Serf/1.3.9 (mod_pagespeed/1.13.35.2-0)"
94.130.90.54 - - [12/Mar/2026:17:31:37 +0100] "GET /wp-content/uploads/image-204-1.jpg HTTP/1.1" 200 94254 "https://reezone.inglory.de/" "Serf/1.3.9 (mod_pagespeed/1.13.35.2-0)"
94.130.90.54 - - [12/Mar/2026:17:31:37 +0100] "GET /wp-content/uploads/image-204-1-300x248.jpg HTTP/1.1" 200 16000 "https://reezone.inglory.de/" "Serf/1.3.9 (mod_pagespeed/1.13.35.2-0)"
94.130.90.54 - - [12/Mar/2026:17:31:37 +0100] "GET /wp-content/uploads/image-204-1-1024x845.jpg HTTP/1.1" 200 90440 "https://reezone.inglory.de/" "Serf/1.3.9 (mod_pagespeed/1.13.35.2-0)"
94.130.90.54 - - [12/Mar/2026:17:31:37 +0100] "GET /wp-content/uploads/image-204-1-768x634.jpg HTTP/1.1" 200 59222 "https://reezone.inglory.de/" "Serf/1.3.9 (mod_pagespeed/1.13.35.2-0)"
94.130.90.54 - - [12/Mar/2026:17:31:37 +0100] "GET /wp-content/uploads/image-204-1-600x495.jpg HTTP/1.1" 200 41016 "https://reezone.inglory.de/" "Serf/1.3.9 (mod_pagespeed/1.13.35.2-0)"
94.130.90.54 - - [12/Mar/2026:17:31:37 +0100] "GET /wp-content/uploads/image-199-1.jpg HTTP/1.1" 200 46271 "https://reezone.inglory.de/" "Serf/1.3.9 (mod_pagespeed/1.13.35.2-0)"
94.130.90.54 - - [12/Mar/2026:17:31:37 +0100] "GET /wp-content/uploads/image-199-1.jpg HTTP/1.1" 200 46271 "https://reezone.inglory.de/" "Serf/1.3.9 (mod_pagespeed/1.13.35.2-0)"
94.130.90.54 - - [12/Mar/2026:17:31:37 +0100] "GET /wp-content/uploads/image-199-1-300x157.jpg HTTP/1.1" 200 12456 "https://reezone.inglory.de/" "Serf/1.3.9 (mod_pagespeed/1.13.35.2-0)"
94.130.90.54 - - [12/Mar/2026:17:31:37 +0100] "GET /wp-content/uploads/image-199-1-1024x535.jpg HTTP/1.1" 200 50146 "https://reezone.inglory.de/" "Serf/1.3.9 (mod_pagespeed/1.13.35.2-0)"
94.130.90.54 - - [12/Mar/2026:17:31:37 +0100] "GET /wp-content/uploads/image-199-1-768x401.jpg HTTP/1.1" 200 35201 "https://reezone.inglory.de/" "Serf/1.3.9 (mod_pagespeed/1.13.35.2-0)"
94.130.90.54 - - [12/Mar/2026:17:31:37 +0100] "GET /wp-content/uploads/image-199-1-600x313.jpg HTTP/1.1" 200 26276 "https://reezone.inglory.de/" "Serf/1.3.9 (mod_pagespeed/1.13.35.2-0)"
94.130.90.54 - - [12/Mar/2026:17:31:37 +0100] "GET /wp-content/uploads/multizonenrahmeninfinity.jpg HTTP/1.1" 200 538335 "https://reezone.inglory.de/" "Serf/1.3.9 (mod_pagespeed/1.13.35.2-0)"
94.130.90.54 - - [12/Mar/2026:17:31:37 +0100] "GET /wp-content/uploads/multizonenrahmeninfinity.jpg HTTP/1.1" 200 538335 "https://reezone.inglory.de/" "Serf/1.3.9 (mod_pagespeed/1.13.35.2-0)"
94.130.90.54 - - [12/Mar/2026:17:31:37 +0100] "GET /wp-content/uploads/multizonenrahmeninfinity-300x158.jpg HTTP/1.1" 200 25224 "https://reezone.inglory.de/" "Serf/1.3.9 (mod_pagespeed/1.13.35.2-0)"
94.130.90.54 - - [12/Mar/2026:17:31:37 +0100] "GET /wp-content/uploads/multizonenrahmeninfinity-1024x538.jpg HTTP/1.1" 200 114533 "https://reezone.inglory.de/" "Serf/1.3.9 (mod_pagespeed/1.13.35.2-0)"
94.130.90.54 - - [12/Mar/2026:17:31:37 +0100] "GET /wp-content/uploads/multizonenrahmeninfinity-768x403.jpg HTTP/1.1" 200 75424 "https://reezone.inglory.de/" "Serf/1.3.9 (mod_pagespeed/1.13.35.2-0)"
94.130.90.54 - - [12/Mar/2026:17:31:37 +0100] "GET /wp-content/uploads/multizonenrahmeninfinity-600x315.jpg HTTP/1.1" 200 54085 "https://reezone.inglory.de/" "Serf/1.3.9 (mod_pagespeed/1.13.35.2-0)"
94.130.90.54 - - [12/Mar/2026:17:31:37 +0100] "GET /wp-content/uploads/unnamed605.png HTTP/1.1" 200 12327 "https://reezone.inglory.de/" "Serf/1.3.9 (mod_pagespeed/1.13.35.2-0)"
94.130.90.54 - - [12/Mar/2026:17:31:37 +0100] "GET /wp-content/uploads/unnamed605.png HTTP/1.1" 200 12327 "https://reezone.inglory.de/" "Serf/1.3.9 (mod_pagespeed/1.13.35.2-0)"
94.130.90.54 - - [12/Mar/2026:17:31:37 +0100] "GET /wp-content/uploads/unnamed605-100x100.png HTTP/1.1" 200 10184 "https://reezone.inglory.de/" "Serf/1.3.9 (mod_pagespeed/1.13.35.2-0)"
94.130.90.54 - - [12/Mar/2026:17:31:37 +0100] "GET /wp-content/uploads/img.png HTTP/1.1" 200 8895 "https://reezone.inglory.de/" "Serf/1.3.9 (mod_pagespeed/1.13.35.2-0)"
94.130.90.54 - - [12/Mar/2026:17:31:37 +0100] "GET /wp-content/uploads/img.png HTTP/1.1" 200 8895 "https://reezone.inglory.de/" "Serf/1.3.9 (mod_pagespeed/1.13.35.2-0)"
94.130.90.54 - - [12/Mar/2026:17:31:37 +0100] "GET /wp-content/uploads/img-100x100.png HTTP/1.1" 200 8750 "https://reezone.inglory.de/" "Serf/1.3.9 (mod_pagespeed/1.13.35.2-0)"
94.130.90.54 - - [12/Mar/2026:17:31:37 +0100] "GET /wp-content/uploads/img-1.png HTTP/1.1" 200 12008 "https://reezone.inglory.de/" "Serf/1.3.9 (mod_pagespeed/1.13.35.2-0)"
94.130.90.54 - - [12/Mar/2026:17:31:37 +0100] "GET /wp-content/uploads/img-1.png HTTP/1.1" 200 12008 "https://reezone.inglory.de/" "Serf/1.3.9 (mod_pagespeed/1.13.35.2-0)"
165.101.133.128 - - [12/Mar/2026:17:31:37 +0100] "GET /wp-content/plugins/jet-engine/assets/css/frontend.css?ver=3.8.5 HTTP/1.0" 200 12290 "https://reezone.inglory.de/" "Mozilla/5.0 (Macintosh; Intel Mac OS X 10_15_7) AppleWebKit/537.36 (KHTML, like Gecko) Chrome/145.0.0.0 Safari/537.36"
165.101.133.128 - - [12/Mar/2026:17:31:37 +0100] "GET /wp-content/plugins/woocommerce/assets/css/woocommerce-layout.css?ver=10.5.3 HTTP/1.0" 200 7616 "https://reezone.inglory.de/" "Mozilla/5.0 (Macintosh; Intel Mac OS X 10_15_7) AppleWebKit/537.36 (KHTML, like Gecko) Chrome/145.0.0.0 Safari/537.36"
94.130.90.54 - - [12/Mar/2026:17:31:37 +0100] "GET /wp-content/uploads/img-1-100x100.png HTTP/1.1" 200 10748 "https://reezone.inglory.de/" "Serf/1.3.9 (mod_pagespeed/1.13.35.2-0)"
94.130.90.54 - - [12/Mar/2026:17:31:37 +0100] "GET /wp-content/uploads/img-2.png HTTP/1.1" 200 8298 "https://reezone.inglory.de/" "Serf/1.3.9 (mod_pagespeed/1.13.35.2-0)"
94.130.90.54 - - [12/Mar/2026:17:31:37 +0100] "GET /wp-content/uploads/img-2.png HTTP/1.1" 200 8298 "https://reezone.inglory.de/" "Serf/1.3.9 (mod_pagespeed/1.13.35.2-0)"
94.130.90.54 - - [12/Mar/2026:17:31:37 +0100] "GET /wp-content/uploads/img-2-100x100.png HTTP/1.1" 200 8158 "https://reezone.inglory.de/" "Serf/1.3.9 (mod_pagespeed/1.13.35.2-0)"
94.130.90.54 - - [12/Mar/2026:17:31:37 +0100] "GET /wp-content/uploads/img.jpg HTTP/1.1" 200 57969 "https://reezone.inglory.de/" "Serf/1.3.9 (mod_pagespeed/1.13.35.2-0)"
94.130.90.54 - - [12/Mar/2026:17:31:37 +0100] "GET /wp-content/uploads/img-1.jpg HTTP/1.1" 200 51960 "https://reezone.inglory.de/" "Serf/1.3.9 (mod_pagespeed/1.13.35.2-0)"
94.130.90.54 - - [12/Mar/2026:17:31:37 +0100] "GET /wp-content/uploads/img-4.jpg HTTP/1.1" 200 58568 "https://reezone.inglory.de/" "Serf/1.3.9 (mod_pagespeed/1.13.35.2-0)"
94.130.90.54 - - [12/Mar/2026:17:31:37 +0100] "GET /wp-content/uploads/img-5.jpg HTTP/1.1" 200 141425 "https://reezone.inglory.de/" "Serf/1.3.9 (mod_pagespeed/1.13.35.2-0)"
94.130.90.54 - - [12/Mar/2026:17:31:37 +0100] "GET /wp-content/uploads/img-6.jpg HTTP/1.1" 200 37824 "https://reezone.inglory.de/" "Serf/1.3.9 (mod_pagespeed/1.13.35.2-0)"
94.130.90.54 - - [12/Mar/2026:17:31:37 +0100] "GET /wp-content/uploads/img-7.jpg HTTP/1.1" 200 55461 "https://reezone.inglory.de/" "Serf/1.3.9 (mod_pagespeed/1.13.35.2-0)"
94.130.90.54 - - [12/Mar/2026:17:31:37 +0100] "GET /wp-content/uploads/img-8.jpg HTTP/1.1" 200 43622 "https://reezone.inglory.de/" "Serf/1.3.9 (mod_pagespeed/1.13.35.2-0)"
94.130.90.54 - - [12/Mar/2026:17:31:37 +0100] "GET /wp-content/uploads/scherz.jpg HTTP/1.1" 200 215536 "https://reezone.inglory.de/" "Serf/1.3.9 (mod_pagespeed/1.13.35.2-0)"
94.130.90.54 - - [12/Mar/2026:17:31:37 +0100] "GET /wp-content/uploads/scherz.jpg HTTP/1.1" 200 215536 "https://reezone.inglory.de/" "Serf/1.3.9 (mod_pagespeed/1.13.35.2-0)"
94.130.90.54 - - [12/Mar/2026:17:31:37 +0100] "GET /wp-content/uploads/scherz-300x205.jpg HTTP/1.1" 200 23624 "https://reezone.inglory.de/" "Serf/1.3.9 (mod_pagespeed/1.13.35.2-0)"
165.101.133.128 - - [12/Mar/2026:17:31:37 +0100] "GET /wp-content/plugins/woocommerce/assets/css/woocommerce.css?ver=10.5.3 HTTP/1.0" 200 15124 "https://reezone.inglory.de/" "Mozilla/5.0 (Macintosh; Intel Mac OS X 10_15_7) AppleWebKit/537.36 (KHTML, like Gecko) Chrome/145.0.0.0 Safari/537.36"
94.130.90.54 - - [12/Mar/2026:17:31:37 +0100] "GET /wp-content/uploads/scherz-600x411.jpg HTTP/1.1" 200 45341 "https://reezone.inglory.de/" "Serf/1.3.9 (mod_pagespeed/1.13.35.2-0)"
94.130.90.54 - - [12/Mar/2026:17:31:37 +0100] "GET /wp-content/uploads/lautwein.jpg HTTP/1.1" 200 210431 "https://reezone.inglory.de/" "Serf/1.3.9 (mod_pagespeed/1.13.35.2-0)"
94.130.90.54 - - [12/Mar/2026:17:31:37 +0100] "GET /wp-content/uploads/lautwein.jpg HTTP/1.1" 200 210431 "https://reezone.inglory.de/" "Serf/1.3.9 (mod_pagespeed/1.13.35.2-0)"
94.130.90.54 - - [12/Mar/2026:17:31:37 +0100] "GET /wp-content/uploads/lautwein-300x205.jpg HTTP/1.1" 200 20865 "https://reezone.inglory.de/" "Serf/1.3.9 (mod_pagespeed/1.13.35.2-0)"
94.130.90.54 - - [12/Mar/2026:17:31:37 +0100] "GET /wp-content/uploads/lautwein-600x411.jpg HTTP/1.1" 200 39600 "https://reezone.inglory.de/" "Serf/1.3.9 (mod_pagespeed/1.13.35.2-0)"
94.130.90.54 - - [12/Mar/2026:17:31:37 +0100] "GET /wp-content/uploads/ackermann.jpg HTTP/1.1" 200 167034 "https://reezone.inglory.de/" "Serf/1.3.9 (mod_pagespeed/1.13.35.2-0)"
94.130.90.54 - - [12/Mar/2026:17:31:37 +0100] "GET /wp-content/uploads/ackermann.jpg HTTP/1.1" 200 167034 "https://reezone.inglory.de/" "Serf/1.3.9 (mod_pagespeed/1.13.35.2-0)"
94.130.90.54 - - [12/Mar/2026:17:31:37 +0100] "GET /wp-content/uploads/ackermann-300x205.jpg HTTP/1.1" 200 17900 "https://reezone.inglory.de/" "Serf/1.3.9 (mod_pagespeed/1.13.35.2-0)"
94.130.90.54 - - [12/Mar/2026:17:31:37 +0100] "GET /wp-content/uploads/ackermann-600x411.jpg HTTP/1.1" 200 31635 "https://reezone.inglory.de/" "Serf/1.3.9 (mod_pagespeed/1.13.35.2-0)"
94.130.90.54 - - [12/Mar/2026:17:31:37 +0100] "GET /wp-content/uploads/Frame-4627-1.png HTTP/1.1" 200 115991 "https://reezone.inglory.de/" "Serf/1.3.9 (mod_pagespeed/1.13.35.2-0)"
94.130.90.54 - - [12/Mar/2026:17:31:37 +0100] "GET /wp-content/uploads/Frame-4627-1.png HTTP/1.1" 200 115991 "https://reezone.inglory.de/" "Serf/1.3.9 (mod_pagespeed/1.13.35.2-0)"
94.130.90.54 - - [12/Mar/2026:17:31:37 +0100] "GET /wp-content/uploads/Frame-4627-1-300x74.png HTTP/1.1" 200 18062 "https://reezone.inglory.de/" "Serf/1.3.9 (mod_pagespeed/1.13.35.2-0)"
94.130.90.54 - - [12/Mar/2026:17:31:37 +0100] "GET /wp-content/uploads/Frame-4627-1-1024x252.png HTTP/1.1" 200 106479 "https://reezone.inglory.de/" "Serf/1.3.9 (mod_pagespeed/1.13.35.2-0)"
94.130.90.54 - - [12/Mar/2026:17:31:37 +0100] "GET /wp-content/uploads/Frame-4627-1-768x189.png HTTP/1.1" 200 68187 "https://reezone.inglory.de/" "Serf/1.3.9 (mod_pagespeed/1.13.35.2-0)"
94.130.90.54 - - [12/Mar/2026:17:31:37 +0100] "GET /wp-content/uploads/Frame-4627-1-600x147.png HTTP/1.1" 200 45986 "https://reezone.inglory.de/" "Serf/1.3.9 (mod_pagespeed/1.13.35.2-0)"
94.130.90.54 - - [12/Mar/2026:17:31:37 +0100] "GET /wp-includes/js/underscore.min.js?ver=1.13.7 HTTP/1.1" 200 22488 "https://reezone.inglory.de/" "Serf/1.3.9 (mod_pagespeed/1.13.35.2-0)"
94.130.90.54 - - [12/Mar/2026:17:31:37 +0100] "GET /wp-includes/js/wp-util.min.js?ver=6.9.4 HTTP/1.1" 200 4954 "https://reezone.inglory.de/" "Serf/1.3.9 (mod_pagespeed/1.13.35.2-0)"
94.130.90.54 - - [12/Mar/2026:17:31:37 +0100] "GET /wp-content/plugins/jet-woo-product-gallery/assets/lib/swiper/swiper.min.js?ver=5.3.6 HTTP/1.1" 200 142941 "https://reezone.inglory.de/" "Serf/1.3.9 (mod_pagespeed/1.13.35.2-0)"
