94.130.90.54 - - [09/Mar/2026:06:53:47 +0100] "GET /wp-content/plugins/elementor-pro/assets/css/conditionals/ribbon.min.css?ver=3.35.1 HTTP/1.1" 200 4221 "https://reezone.inglory.de/?elementor-preview=11&ver=1773035620" "Serf/1.3.9 (mod_pagespeed/1.13.35.2-0)"
94.130.90.54 - - [09/Mar/2026:06:53:47 +0100] "GET /wp-content/plugins/woocommerce/assets/client/blocks/wc-blocks.css?ver=wc-10.5.3 HTTP/1.1" 304 3383 "https://reezone.inglory.de/?elementor-preview=11&ver=1773035620" "Serf/1.3.9 (mod_pagespeed/1.13.35.2-0)"
94.130.90.54 - - [09/Mar/2026:06:53:47 +0100] "GET /wp-content/uploads/elementor/css/post-192.css?ver=1772616986 HTTP/1.1" 304 3383 "https://reezone.inglory.de/?elementor-preview=11&ver=1773035620" "Serf/1.3.9 (mod_pagespeed/1.13.35.2-0)"
94.130.90.54 - - [09/Mar/2026:06:53:47 +0100] "GET /wp-content/plugins/elementor/assets/css/conditionals/shapes.min.css?ver=3.35.6 HTTP/1.1" 200 4153 "https://reezone.inglory.de/?elementor-preview=11&ver=1773035620" "Serf/1.3.9 (mod_pagespeed/1.13.35.2-0)"
94.130.90.54 - - [09/Mar/2026:06:53:47 +0100] "GET /wp-content/plugins/elementor/assets/lib/animations/styles/fadeInDown.min.css?ver=3.35.6 HTTP/1.1" 200 3644 "https://reezone.inglory.de/?elementor-preview=11&ver=1773035620" "Serf/1.3.9 (mod_pagespeed/1.13.35.2-0)"
94.130.90.54 - - [09/Mar/2026:06:53:47 +0100] "GET /wp-content/plugins/elementor/assets/lib/animations/styles/fadeInLeft.min.css?ver=3.35.6 HTTP/1.1" 200 3644 "https://reezone.inglory.de/?elementor-preview=11&ver=1773035620" "Serf/1.3.9 (mod_pagespeed/1.13.35.2-0)"
94.130.90.54 - - [09/Mar/2026:06:53:47 +0100] "GET /wp-content/plugins/elementor/assets/lib/animations/styles/fadeInRight.min.css?ver=3.35.6 HTTP/1.1" 200 3646 "https://reezone.inglory.de/?elementor-preview=11&ver=1773035620" "Serf/1.3.9 (mod_pagespeed/1.13.35.2-0)"
94.130.90.54 - - [09/Mar/2026:06:53:47 +0100] "GET /wp-content/plugins/elementor/assets/lib/animations/styles/fadeInUp.min.css?ver=3.35.6 HTTP/1.1" 200 3637 "https://reezone.inglory.de/?elementor-preview=11&ver=1773035620" "Serf/1.3.9 (mod_pagespeed/1.13.35.2-0)"
94.130.90.54 - - [09/Mar/2026:06:53:47 +0100] "GET /wp-content/plugins/elementor/assets/lib/animations/styles/zoomIn.min.css?ver=3.35.6 HTTP/1.1" 200 3613 "https://reezone.inglory.de/?elementor-preview=11&ver=1773035620" "Serf/1.3.9 (mod_pagespeed/1.13.35.2-0)"
94.130.90.54 - - [09/Mar/2026:06:53:47 +0100] "GET /wp-content/plugins/elementor/assets/lib/animations/styles/zoomInDown.min.css?ver=3.35.6 HTTP/1.1" 200 3828 "https://reezone.inglory.de/?elementor-preview=11&ver=1773035620" "Serf/1.3.9 (mod_pagespeed/1.13.35.2-0)"
94.130.90.54 - - [09/Mar/2026:06:53:47 +0100] "GET /wp-content/plugins/elementor/assets/lib/animations/styles/zoomInLeft.min.css?ver=3.35.6 HTTP/1.1" 200 3828 "https://reezone.inglory.de/?elementor-preview=11&ver=1773035620" "Serf/1.3.9 (mod_pagespeed/1.13.35.2-0)"
94.130.90.54 - - [09/Mar/2026:06:53:47 +0100] "GET /wp-content/plugins/elementor/assets/lib/animations/styles/zoomInRight.min.css?ver=3.35.6 HTTP/1.1" 200 3831 "https://reezone.inglory.de/?elementor-preview=11&ver=1773035620" "Serf/1.3.9 (mod_pagespeed/1.13.35.2-0)"
94.130.90.54 - - [09/Mar/2026:06:53:47 +0100] "GET /wp-content/plugins/elementor/assets/lib/animations/styles/zoomInUp.min.css?ver=3.35.6 HTTP/1.1" 200 3822 "https://reezone.inglory.de/?elementor-preview=11&ver=1773035620" "Serf/1.3.9 (mod_pagespeed/1.13.35.2-0)"
94.130.90.54 - - [09/Mar/2026:06:53:47 +0100] "GET /wp-content/plugins/elementor/assets/lib/animations/styles/bounceIn.min.css?ver=3.35.6 HTTP/1.1" 200 3875 "https://reezone.inglory.de/?elementor-preview=11&ver=1773035620" "Serf/1.3.9 (mod_pagespeed/1.13.35.2-0)"
94.130.90.54 - - [09/Mar/2026:06:53:47 +0100] "GET /wp-content/plugins/elementor/assets/lib/animations/styles/bounceInDown.min.css?ver=3.35.6 HTTP/1.1" 200 3838 "https://reezone.inglory.de/?elementor-preview=11&ver=1773035620" "Serf/1.3.9 (mod_pagespeed/1.13.35.2-0)"
94.130.90.54 - - [09/Mar/2026:06:53:47 +0100] "GET /wp-content/plugins/elementor/assets/lib/animations/styles/bounceInLeft.min.css?ver=3.35.6 HTTP/1.1" 200 3838 "https://reezone.inglory.de/?elementor-preview=11&ver=1773035620" "Serf/1.3.9 (mod_pagespeed/1.13.35.2-0)"
94.130.90.54 - - [09/Mar/2026:06:53:47 +0100] "GET /wp-content/plugins/elementor/assets/lib/animations/styles/bounceInRight.min.css?ver=3.35.6 HTTP/1.1" 200 3843 "https://reezone.inglory.de/?elementor-preview=11&ver=1773035620" "Serf/1.3.9 (mod_pagespeed/1.13.35.2-0)"
94.130.90.54 - - [09/Mar/2026:06:53:47 +0100] "GET /wp-content/plugins/elementor/assets/lib/animations/styles/bounceInUp.min.css?ver=3.35.6 HTTP/1.1" 200 3848 "https://reezone.inglory.de/?elementor-preview=11&ver=1773035620" "Serf/1.3.9 (mod_pagespeed/1.13.35.2-0)"
94.130.90.54 - - [09/Mar/2026:06:53:47 +0100] "GET /wp-content/plugins/elementor/assets/lib/animations/styles/slideInDown.min.css?ver=3.35.6 HTTP/1.1" 200 3660 "https://reezone.inglory.de/?elementor-preview=11&ver=1773035620" "Serf/1.3.9 (mod_pagespeed/1.13.35.2-0)"
94.130.90.54 - - [09/Mar/2026:06:53:47 +0100] "GET /wp-content/plugins/elementor/assets/lib/animations/styles/slideInLeft.min.css?ver=3.35.6 HTTP/1.1" 200 3660 "https://reezone.inglory.de/?elementor-preview=11&ver=1773035620" "Serf/1.3.9 (mod_pagespeed/1.13.35.2-0)"
94.130.90.54 - - [09/Mar/2026:06:53:47 +0100] "GET /wp-content/plugins/elementor/assets/lib/animations/styles/slideInRight.min.css?ver=3.35.6 HTTP/1.1" 200 3662 "https://reezone.inglory.de/?elementor-preview=11&ver=1773035620" "Serf/1.3.9 (mod_pagespeed/1.13.35.2-0)"
94.130.90.54 - - [09/Mar/2026:06:53:47 +0100] "GET /wp-content/plugins/elementor/assets/lib/animations/styles/slideInUp.min.css?ver=3.35.6 HTTP/1.1" 200 3653 "https://reezone.inglory.de/?elementor-preview=11&ver=1773035620" "Serf/1.3.9 (mod_pagespeed/1.13.35.2-0)"
94.130.90.54 - - [09/Mar/2026:06:53:47 +0100] "GET /wp-content/plugins/elementor/assets/lib/animations/styles/rotateIn.min.css?ver=3.35.6 HTTP/1.1" 200 3687 "https://reezone.inglory.de/?elementor-preview=11&ver=1773035620" "Serf/1.3.9 (mod_pagespeed/1.13.35.2-0)"
103.164.254.165 - - [09/Mar/2026:06:53:47 +0100] "GET /wp-content/plugins/elementor/assets/css/widget-link-in-bio-var-7.min.css?ver=3.35.6 HTTP/1.0" 200 4611 "https://reezone.inglory.de/?elementor-preview=11&ver=1773035620" "Mozilla/5.0 (Macintosh; Intel Mac OS X 10_15_7) AppleWebKit/537.36 (KHTML, like Gecko) Chrome/145.0.0.0 Safari/537.36"
94.130.90.54 - - [09/Mar/2026:06:53:47 +0100] "GET /wp-content/plugins/elementor/assets/lib/animations/styles/rotateInDownLeft.min.css?ver=3.35.6 HTTP/1.1" 200 3720 "https://reezone.inglory.de/?elementor-preview=11&ver=1773035620" "Serf/1.3.9 (mod_pagespeed/1.13.35.2-0)"
103.164.254.165 - - [09/Mar/2026:06:53:47 +0100] "GET /wp-content/plugins/elementor-pro/assets/css/widget-nested-carousel.min.css?ver=3.35.1 HTTP/1.0" 304 3914 "https://reezone.inglory.de/?elementor-preview=11&ver=1773035620" "Mozilla/5.0 (Macintosh; Intel Mac OS X 10_15_7) AppleWebKit/537.36 (KHTML, like Gecko) Chrome/145.0.0.0 Safari/537.36"
94.130.90.54 - - [09/Mar/2026:06:53:47 +0100] "GET /wp-content/plugins/elementor/assets/lib/animations/styles/rotateInDownRight.min.css?ver=3.35.6 HTTP/1.1" 200 3724 "https://reezone.inglory.de/?elementor-preview=11&ver=1773035620" "Serf/1.3.9 (mod_pagespeed/1.13.35.2-0)"
94.130.90.54 - - [09/Mar/2026:06:53:47 +0100] "GET /wp-content/plugins/elementor/assets/lib/animations/styles/rotateInUpRight.min.css?ver=3.35.6 HTTP/1.1" 200 3719 "https://reezone.inglory.de/?elementor-preview=11&ver=1773035620" "Serf/1.3.9 (mod_pagespeed/1.13.35.2-0)"
94.130.90.54 - - [09/Mar/2026:06:53:47 +0100] "GET /wp-content/plugins/elementor/assets/lib/animations/styles/rotateInUpLeft.min.css?ver=3.35.6 HTTP/1.1" 200 3713 "https://reezone.inglory.de/?elementor-preview=11&ver=1773035620" "Serf/1.3.9 (mod_pagespeed/1.13.35.2-0)"
103.164.254.165 - - [09/Mar/2026:06:53:47 +0100] "GET /wp-content/plugins/elementor/assets/css/widget-contact-buttons-var-1.min.css?ver=3.35.6 HTTP/1.0" 200 4753 "https://reezone.inglory.de/?elementor-preview=11&ver=1773035620" "Mozilla/5.0 (Macintosh; Intel Mac OS X 10_15_7) AppleWebKit/537.36 (KHTML, like Gecko) Chrome/145.0.0.0 Safari/537.36"
103.164.254.165 - - [09/Mar/2026:06:53:47 +0100] "GET /wp-content/plugins/elementor/assets/css/widget-contact-buttons-var-3.min.css?ver=3.35.6 HTTP/1.0" 200 5482 "https://reezone.inglory.de/?elementor-preview=11&ver=1773035620" "Mozilla/5.0 (Macintosh; Intel Mac OS X 10_15_7) AppleWebKit/537.36 (KHTML, like Gecko) Chrome/145.0.0.0 Safari/537.36"
94.130.90.54 - - [09/Mar/2026:06:53:47 +0100] "GET /wp-content/plugins/elementor/assets/lib/animations/styles/bounce.min.css?ver=3.35.6 HTTP/1.1" 200 3934 "https://reezone.inglory.de/?elementor-preview=11&ver=1773035620" "Serf/1.3.9 (mod_pagespeed/1.13.35.2-0)"
103.164.254.165 - - [09/Mar/2026:06:53:47 +0100] "GET /wp-content/plugins/elementor/assets/css/widget-contact-buttons-var-6.min.css?ver=3.35.6 HTTP/1.0" 200 4685 "https://reezone.inglory.de/?elementor-preview=11&ver=1773035620" "Mozilla/5.0 (Macintosh; Intel Mac OS X 10_15_7) AppleWebKit/537.36 (KHTML, like Gecko) Chrome/145.0.0.0 Safari/537.36"
94.130.90.54 - - [09/Mar/2026:06:53:47 +0100] "GET /wp-content/plugins/elementor/assets/lib/animations/styles/flash.min.css?ver=3.35.6 HTTP/1.1" 200 3592 "https://reezone.inglory.de/?elementor-preview=11&ver=1773035620" "Serf/1.3.9 (mod_pagespeed/1.13.35.2-0)"
103.164.254.165 - - [09/Mar/2026:06:53:47 +0100] "GET /wp-content/plugins/elementor/assets/css/widget-contact-buttons-var-7.min.css?ver=3.35.6 HTTP/1.0" 200 4647 "https://reezone.inglory.de/?elementor-preview=11&ver=1773035620" "Mozilla/5.0 (Macintosh; Intel Mac OS X 10_15_7) AppleWebKit/537.36 (KHTML, like Gecko) Chrome/145.0.0.0 Safari/537.36"
103.164.254.165 - - [09/Mar/2026:06:53:47 +0100] "GET /wp-content/plugins/elementor/assets/css/widget-contact-buttons-var-8.min.css?ver=3.35.6 HTTP/1.0" 200 5120 "https://reezone.inglory.de/?elementor-preview=11&ver=1773035620" "Mozilla/5.0 (Macintosh; Intel Mac OS X 10_15_7) AppleWebKit/537.36 (KHTML, like Gecko) Chrome/145.0.0.0 Safari/537.36"
103.164.254.165 - - [09/Mar/2026:06:53:47 +0100] "GET /wp-content/plugins/elementor/assets/css/widget-contact-buttons-var-9.min.css?ver=3.35.6 HTTP/1.0" 200 5157 "https://reezone.inglory.de/?elementor-preview=11&ver=1773035620" "Mozilla/5.0 (Macintosh; Intel Mac OS X 10_15_7) AppleWebKit/537.36 (KHTML, like Gecko) Chrome/145.0.0.0 Safari/537.36"
94.130.90.54 - - [09/Mar/2026:06:53:47 +0100] "GET /wp-content/plugins/elementor/assets/lib/animations/styles/e-animation-pulse.min.css?ver=3.35.6 HTTP/1.1" 200 3826 "https://reezone.inglory.de/?elementor-preview=11&ver=1773035620" "Serf/1.3.9 (mod_pagespeed/1.13.35.2-0)"
94.130.90.54 - - [09/Mar/2026:06:53:47 +0100] "GET /wp-content/plugins/elementor/assets/lib/animations/styles/rubberBand.min.css?ver=3.35.6 HTTP/1.1" 200 3772 "https://reezone.inglory.de/?elementor-preview=11&ver=1773035620" "Serf/1.3.9 (mod_pagespeed/1.13.35.2-0)"
103.164.254.165 - - [09/Mar/2026:06:53:47 +0100] "GET /wp-content/plugins/elementor-pro/assets/css/widget-search.min.css?ver=3.35.1 HTTP/1.0" 200 6294 "https://reezone.inglory.de/?elementor-preview=11&ver=1773035620" "Mozilla/5.0 (Macintosh; Intel Mac OS X 10_15_7) AppleWebKit/537.36 (KHTML, like Gecko) Chrome/145.0.0.0 Safari/537.36"
103.164.254.165 - - [09/Mar/2026:06:53:47 +0100] "GET /wp-content/plugins/elementor/assets/css/modules/ai/layout-preview.min.css?ver=3.35.6 HTTP/1.0" 200 5297 "https://reezone.inglory.de/?elementor-preview=11&ver=1773035620" "Mozilla/5.0 (Macintosh; Intel Mac OS X 10_15_7) AppleWebKit/537.36 (KHTML, like Gecko) Chrome/145.0.0.0 Safari/537.36"
94.130.90.54 - - [09/Mar/2026:06:53:47 +0100] "GET /wp-content/plugins/elementor/assets/lib/animations/styles/shake.min.css?ver=3.35.6 HTTP/1.1" 200 3691 "https://reezone.inglory.de/?elementor-preview=11&ver=1773035620" "Serf/1.3.9 (mod_pagespeed/1.13.35.2-0)"
103.164.254.165 - - [09/Mar/2026:06:53:47 +0100] "GET /wp-content/plugins/elementor/assets/css/modules/styleguide/editor.min.css?ver=3.35.6 HTTP/1.0" 200 4495 "https://reezone.inglory.de/?elementor-preview=11&ver=1773035620" "Mozilla/5.0 (Macintosh; Intel Mac OS X 10_15_7) AppleWebKit/537.36 (KHTML, like Gecko) Chrome/145.0.0.0 Safari/537.36"
103.164.254.165 - - [09/Mar/2026:06:53:47 +0100] "GET /wp-content/plugins/elementor-pro/assets/css/modules/motion-fx.min.css?ver=3.35.1 HTTP/1.0" 200 4488 "https://reezone.inglory.de/?elementor-preview=11&ver=1773035620" "Mozilla/5.0 (Macintosh; Intel Mac OS X 10_15_7) AppleWebKit/537.36 (KHTML, like Gecko) Chrome/145.0.0.0 Safari/537.36"
94.130.90.54 - - [09/Mar/2026:06:53:47 +0100] "GET /wp-content/plugins/elementor/assets/lib/animations/styles/headShake.min.css?ver=3.35.6 HTTP/1.1" 200 3846 "https://reezone.inglory.de/?elementor-preview=11&ver=1773035620" "Serf/1.3.9 (mod_pagespeed/1.13.35.2-0)"
103.164.254.165 - - [09/Mar/2026:06:53:47 +0100] "GET /wp-content/plugins/elementor/assets/css/editor-preview.min.css?ver=3.35.6 HTTP/1.0" 200 20513 "https://reezone.inglory.de/?elementor-preview=11&ver=1773035620" "Mozilla/5.0 (Macintosh; Intel Mac OS X 10_15_7) AppleWebKit/537.36 (KHTML, like Gecko) Chrome/145.0.0.0 Safari/537.36"
94.130.90.54 - - [09/Mar/2026:06:53:47 +0100] "GET /wp-content/plugins/elementor/assets/lib/animations/styles/swing.min.css?ver=3.35.6 HTTP/1.1" 200 3759 "https://reezone.inglory.de/?elementor-preview=11&ver=1773035620" "Serf/1.3.9 (mod_pagespeed/1.13.35.2-0)"
103.164.254.165 - - [09/Mar/2026:06:53:47 +0100] "GET /wp-content/plugins/elementor-pro/assets/css/conditionals/ribbon.min.css?ver=3.35.1 HTTP/1.0" 200 4496 "https://reezone.inglory.de/?elementor-preview=11&ver=1773035620" "Mozilla/5.0 (Macintosh; Intel Mac OS X 10_15_7) AppleWebKit/537.36 (KHTML, like Gecko) Chrome/145.0.0.0 Safari/537.36"
103.164.254.165 - - [09/Mar/2026:06:53:47 +0100] "GET /wp-content/plugins/elementor/assets/css/widget-contact-buttons-var-4.min.css?ver=3.35.6 HTTP/1.0" 200 5280 "https://reezone.inglory.de/?elementor-preview=11&ver=1773035620" "Mozilla/5.0 (Macintosh; Intel Mac OS X 10_15_7) AppleWebKit/537.36 (KHTML, like Gecko) Chrome/145.0.0.0 Safari/537.36"
103.164.254.165 - - [09/Mar/2026:06:53:47 +0100] "GET /wp-content/plugins/elementor/assets/css/widget-floating-bars-var-2.min.css?ver=3.35.6 HTTP/1.0" 200 5117 "https://reezone.inglory.de/?elementor-preview=11&ver=1773035620" "Mozilla/5.0 (Macintosh; Intel Mac OS X 10_15_7) AppleWebKit/537.36 (KHTML, like Gecko) Chrome/145.0.0.0 Safari/537.36"
103.164.254.165 - - [09/Mar/2026:06:53:47 +0100] "GET /wp-content/plugins/elementor/assets/css/widget-contact-buttons-var-10.min.css?ver=3.35.6 HTTP/1.0" 200 5198 "https://reezone.inglory.de/?elementor-preview=11&ver=1773035620" "Mozilla/5.0 (Macintosh; Intel Mac OS X 10_15_7) AppleWebKit/537.36 (KHTML, like Gecko) Chrome/145.0.0.0 Safari/537.36"
103.164.254.165 - - [09/Mar/2026:06:53:47 +0100] "GET /wp-content/plugins/elementor/assets/css/widget-floating-bars-var-3.min.css?ver=3.35.6 HTTP/1.0" 200 5038 "https://reezone.inglory.de/?elementor-preview=11&ver=1773035620" "Mozilla/5.0 (Macintosh; Intel Mac OS X 10_15_7) AppleWebKit/537.36 (KHTML, like Gecko) Chrome/145.0.0.0 Safari/537.36"
94.130.90.54 - - [09/Mar/2026:06:53:47 +0100] "GET /wp-content/plugins/elementor/assets/lib/animations/styles/tada.min.css?ver=3.35.6 HTTP/1.1" 200 3775 "https://reezone.inglory.de/?elementor-preview=11&ver=1773035620" "Serf/1.3.9 (mod_pagespeed/1.13.35.2-0)"
103.164.254.165 - - [09/Mar/2026:06:53:47 +0100] "GET /wp-content/plugins/elementor-pro/assets/css/preview.min.css?ver=3.35.1 HTTP/1.0" 200 5584 "https://reezone.inglory.de/?elementor-preview=11&ver=1773035620" "Mozilla/5.0 (Macintosh; Intel Mac OS X 10_15_7) AppleWebKit/537.36 (KHTML, like Gecko) Chrome/145.0.0.0 Safari/537.36"
94.130.90.54 - - [09/Mar/2026:06:53:47 +0100] "GET /wp-content/plugins/elementor/assets/lib/animations/styles/wobble.min.css?ver=3.35.6 HTTP/1.1" 200 3865 "https://reezone.inglory.de/?elementor-preview=11&ver=1773035620" "Serf/1.3.9 (mod_pagespeed/1.13.35.2-0)"
94.130.90.54 - - [09/Mar/2026:06:53:47 +0100] "GET /wp-content/plugins/elementor/assets/lib/animations/styles/jello.min.css?ver=3.35.6 HTTP/1.1" 200 3961 "https://reezone.inglory.de/?elementor-preview=11&ver=1773035620" "Serf/1.3.9 (mod_pagespeed/1.13.35.2-0)"
94.130.90.54 - - [09/Mar/2026:06:53:47 +0100] "GET /wp-content/plugins/elementor/assets/lib/animations/styles/lightSpeedIn.min.css?ver=3.35.6 HTTP/1.1" 200 3773 "https://reezone.inglory.de/?elementor-preview=11&ver=1773035620" "Serf/1.3.9 (mod_pagespeed/1.13.35.2-0)"
94.130.90.54 - - [09/Mar/2026:06:53:47 +0100] "GET /wp-content/plugins/elementor/assets/lib/animations/styles/rollIn.min.css?ver=3.35.6 HTTP/1.1" 200 3656 "https://reezone.inglory.de/?elementor-preview=11&ver=1773035620" "Serf/1.3.9 (mod_pagespeed/1.13.35.2-0)"
94.130.90.54 - - [09/Mar/2026:06:53:47 +0100] "GET /wp-content/plugins/elementor/assets/lib/animations/styles/e-animation-grow.min.css?ver=3.35.6 HTTP/1.1" 200 3705 "https://reezone.inglory.de/?elementor-preview=11&ver=1773035620" "Serf/1.3.9 (mod_pagespeed/1.13.35.2-0)"
103.164.254.165 - - [09/Mar/2026:06:53:47 +0100] "GET /wp-content/plugins/woocommerce/assets/js/jquery-blockui/jquery.blockUI.min.js?ver=2.7.0-wc.10.5.3 HTTP/1.0" 304 3914 "https://reezone.inglory.de/?elementor-preview=11&ver=1773035620" "Mozilla/5.0 (Macintosh; Intel Mac OS X 10_15_7) AppleWebKit/537.36 (KHTML, like Gecko) Chrome/145.0.0.0 Safari/537.36"
94.130.90.54 - - [09/Mar/2026:06:53:47 +0100] "GET /wp-content/plugins/elementor/assets/lib/animations/styles/e-animation-shrink.min.css?ver=3.35.6 HTTP/1.1" 200 3712 "https://reezone.inglory.de/?elementor-preview=11&ver=1773035620" "Serf/1.3.9 (mod_pagespeed/1.13.35.2-0)"
94.130.90.54 - - [09/Mar/2026:06:53:47 +0100] "GET /wp-content/plugins/elementor/assets/lib/animations/styles/e-animation-pulse-grow.min.css?ver=3.35.6 HTTP/1.1" 200 3857 "https://reezone.inglory.de/?elementor-preview=11&ver=1773035620" "Serf/1.3.9 (mod_pagespeed/1.13.35.2-0)"
103.164.254.165 - - [09/Mar/2026:06:53:47 +0100] "GET /wp-includes/js/zxcvbn-async.min.js?ver=1.0 HTTP/1.0" 304 3913 "https://reezone.inglory.de/?elementor-preview=11&ver=1773035620" "Mozilla/5.0 (Macintosh; Intel Mac OS X 10_15_7) AppleWebKit/537.36 (KHTML, like Gecko) Chrome/145.0.0.0 Safari/537.36"
94.130.90.54 - - [09/Mar/2026:06:53:47 +0100] "GET /wp-content/plugins/elementor/assets/lib/animations/styles/e-animation-pulse-shrink.min.css?ver=3.35.6 HTTP/1.1" 200 3866 "https://reezone.inglory.de/?elementor-preview=11&ver=1773035620" "Serf/1.3.9 (mod_pagespeed/1.13.35.2-0)"
103.164.254.165 - - [09/Mar/2026:06:53:47 +0100] "GET /wp-includes/js/dist/i18n.min.js?ver=c26c3dc7bed366793375 HTTP/1.0" 304 3886 "https://reezone.inglory.de/?elementor-preview=11&ver=1773035620" "Mozilla/5.0 (Macintosh; Intel Mac OS X 10_15_7) AppleWebKit/537.36 (KHTML, like Gecko) Chrome/145.0.0.0 Safari/537.36"
94.130.90.54 - - [09/Mar/2026:06:53:47 +0100] "GET /wp-content/plugins/elementor/assets/lib/animations/styles/e-animation-push.min.css?ver=3.35.6 HTTP/1.1" 200 3814 "https://reezone.inglory.de/?elementor-preview=11&ver=1773035620" "Serf/1.3.9 (mod_pagespeed/1.13.35.2-0)"
103.164.254.165 - - [09/Mar/2026:06:53:47 +0100] "GET /wp-content/plugins/elementor-pro/assets/js/page-transitions.min.js?ver=3.35.1 HTTP/1.0" 200 8501 "https://reezone.inglory.de/?elementor-preview=11&ver=1773035620" "Mozilla/5.0 (Macintosh; Intel Mac OS X 10_15_7) AppleWebKit/537.36 (KHTML, like Gecko) Chrome/145.0.0.0 Safari/537.36"
94.130.90.54 - - [09/Mar/2026:06:53:47 +0100] "GET /wp-content/plugins/elementor/assets/lib/animations/styles/e-animation-pop.min.css?ver=3.35.6 HTTP/1.1" 200 3786 "https://reezone.inglory.de/?elementor-preview=11&ver=1773035620" "Serf/1.3.9 (mod_pagespeed/1.13.35.2-0)"
94.130.90.54 - - [09/Mar/2026:06:53:47 +0100] "GET /wp-content/plugins/elementor/assets/lib/animations/styles/e-animation-bounce-in.min.css?ver=3.35.6 HTTP/1.1" 200 3757 "https://reezone.inglory.de/?elementor-preview=11&ver=1773035620" "Serf/1.3.9 (mod_pagespeed/1.13.35.2-0)"
94.130.90.54 - - [09/Mar/2026:06:53:47 +0100] "GET /wp-content/plugins/elementor/assets/lib/animations/styles/e-animation-bounce-out.min.css?ver=3.35.6 HTTP/1.1" 200 3760 "https://reezone.inglory.de/?elementor-preview=11&ver=1773035620" "Serf/1.3.9 (mod_pagespeed/1.13.35.2-0)"
94.130.90.54 - - [09/Mar/2026:06:53:47 +0100] "GET /wp-content/plugins/elementor/assets/lib/animations/styles/e-animation-rotate.min.css?ver=3.35.6 HTTP/1.1" 200 3715 "https://reezone.inglory.de/?elementor-preview=11&ver=1773035620" "Serf/1.3.9 (mod_pagespeed/1.13.35.2-0)"
103.164.254.165 - - [09/Mar/2026:06:53:47 +0100] "GET /wp-includes/js/jquery/jquery-migrate.min.js?ver=3.4.1 HTTP/1.0" 304 3914 "https://reezone.inglory.de/?elementor-preview=11&ver=1773035620" "Mozilla/5.0 (Macintosh; Intel Mac OS X 10_15_7) AppleWebKit/537.36 (KHTML, like Gecko) Chrome/145.0.0.0 Safari/537.36"
94.130.90.54 - - [09/Mar/2026:06:53:47 +0100] "GET /wp-content/plugins/elementor/assets/lib/animations/styles/e-animation-grow-rotate.min.css?ver=3.35.6 HTTP/1.1" 200 3746 "https://reezone.inglory.de/?elementor-preview=11&ver=1773035620" "Serf/1.3.9 (mod_pagespeed/1.13.35.2-0)"
94.130.90.54 - - [09/Mar/2026:06:53:47 +0100] "GET /wp-content/plugins/elementor/assets/lib/animations/styles/e-animation-float.min.css?ver=3.35.6 HTTP/1.1" 200 3751 "https://reezone.inglory.de/?elementor-preview=11&ver=1773035620" "Serf/1.3.9 (mod_pagespeed/1.13.35.2-0)"
94.130.90.54 - - [09/Mar/2026:06:53:47 +0100] "GET /wp-content/plugins/elementor/assets/lib/animations/styles/e-animation-sink.min.css?ver=3.35.6 HTTP/1.1" 200 3746 "https://reezone.inglory.de/?elementor-preview=11&ver=1773035620" "Serf/1.3.9 (mod_pagespeed/1.13.35.2-0)"
103.164.254.165 - - [09/Mar/2026:06:53:47 +0100] "GET /wp-includes/js/dist/hooks.min.js?ver=dd5603f07f9220ed27f1 HTTP/1.0" 304 3914 "https://reezone.inglory.de/?elementor-preview=11&ver=1773035620" "Mozilla/5.0 (Macintosh; Intel Mac OS X 10_15_7) AppleWebKit/537.36 (KHTML, like Gecko) Chrome/145.0.0.0 Safari/537.36"
94.130.90.54 - - [09/Mar/2026:06:53:47 +0100] "GET /wp-content/plugins/elementor/assets/lib/animations/styles/e-animation-bob.min.css?ver=3.35.6 HTTP/1.1" 200 4075 "https://reezone.inglory.de/?elementor-preview=11&ver=1773035620" "Serf/1.3.9 (mod_pagespeed/1.13.35.2-0)"
103.164.254.165 - - [09/Mar/2026:06:53:47 +0100] "GET /wp-content/plugins/woocommerce/assets/client/blocks/wc-blocks.css?ver=wc-10.5.3 HTTP/1.0" 304 3914 "https://reezone.inglory.de/?elementor-preview=11&ver=1773035620" "Mozilla/5.0 (Macintosh; Intel Mac OS X 10_15_7) AppleWebKit/537.36 (KHTML, like Gecko) Chrome/145.0.0.0 Safari/537.36"
94.130.90.54 - - [09/Mar/2026:06:53:47 +0100] "GET /wp-content/plugins/elementor/assets/lib/animations/styles/e-animation-hang.min.css?ver=3.35.6 HTTP/1.1" 200 4076 "https://reezone.inglory.de/?elementor-preview=11&ver=1773035620" "Serf/1.3.9 (mod_pagespeed/1.13.35.2-0)"
103.164.254.165 - - [09/Mar/2026:06:53:47 +0100] "GET /wp-content/uploads/elementor/css/post-192.css?ver=1772616986 HTTP/1.0" 304 3914 "https://reezone.inglory.de/?elementor-preview=11&ver=1773035620" "Mozilla/5.0 (Macintosh; Intel Mac OS X 10_15_7) AppleWebKit/537.36 (KHTML, like Gecko) Chrome/145.0.0.0 Safari/537.36"
94.130.90.54 - - [09/Mar/2026:06:53:47 +0100] "GET /wp-content/plugins/elementor/assets/lib/animations/styles/e-animation-skew.min.css?ver=3.35.6 HTTP/1.1" 200 3707 "https://reezone.inglory.de/?elementor-preview=11&ver=1773035620" "Serf/1.3.9 (mod_pagespeed/1.13.35.2-0)"
94.130.90.54 - - [09/Mar/2026:06:53:47 +0100] "GET /wp-content/plugins/elementor/assets/lib/animations/styles/e-animation-skew-forward.min.css?ver=3.35.6 HTTP/1.1" 200 3764 "https://reezone.inglory.de/?elementor-preview=11&ver=1773035620" "Serf/1.3.9 (mod_pagespeed/1.13.35.2-0)"
94.130.90.54 - - [09/Mar/2026:06:53:47 +0100] "GET /wp-content/plugins/elementor/assets/lib/animations/styles/e-animation-skew-backward.min.css?ver=3.35.6 HTTP/1.1" 200 3767 "https://reezone.inglory.de/?elementor-preview=11&ver=1773035620" "Serf/1.3.9 (mod_pagespeed/1.13.35.2-0)"
94.130.90.54 - - [09/Mar/2026:06:53:47 +0100] "GET /wp-content/plugins/elementor/assets/lib/animations/styles/e-animation-wobble-vertical.min.css?ver=3.35.6 HTTP/1.1" 200 4019 "https://reezone.inglory.de/?elementor-preview=11&ver=1773035620" "Serf/1.3.9 (mod_pagespeed/1.13.35.2-0)"
94.130.90.54 - - [09/Mar/2026:06:53:47 +0100] "GET /wp-content/plugins/elementor/assets/lib/animations/styles/e-animation-wobble-horizontal.min.css?ver=3.35.6 HTTP/1.1" 200 4029 "https://reezone.inglory.de/?elementor-preview=11&ver=1773035620" "Serf/1.3.9 (mod_pagespeed/1.13.35.2-0)"
94.130.90.54 - - [09/Mar/2026:06:53:47 +0100] "GET /wp-content/plugins/elementor/assets/lib/animations/styles/e-animation-wobble-to-bottom-right.min.css?ver=3.35.6 HTTP/1.1" 200 4072 "https://reezone.inglory.de/?elementor-preview=11&ver=1773035620" "Serf/1.3.9 (mod_pagespeed/1.13.35.2-0)"
94.130.90.54 - - [09/Mar/2026:06:53:47 +0100] "GET /wp-content/plugins/elementor/assets/lib/animations/styles/e-animation-wobble-to-top-right.min.css?ver=3.35.6 HTTP/1.1" 200 4058 "https://reezone.inglory.de/?elementor-preview=11&ver=1773035620" "Serf/1.3.9 (mod_pagespeed/1.13.35.2-0)"
94.130.90.54 - - [09/Mar/2026:06:53:47 +0100] "GET /wp-content/plugins/elementor/assets/lib/animations/styles/e-animation-wobble-top.min.css?ver=3.35.6 HTTP/1.1" 200 4022 "https://reezone.inglory.de/?elementor-preview=11&ver=1773035620" "Serf/1.3.9 (mod_pagespeed/1.13.35.2-0)"
94.130.90.54 - - [09/Mar/2026:06:53:47 +0100] "GET /wp-content/plugins/elementor/assets/lib/animations/styles/e-animation-wobble-bottom.min.css?ver=3.35.6 HTTP/1.1" 200 4040 "https://reezone.inglory.de/?elementor-preview=11&ver=1773035620" "Serf/1.3.9 (mod_pagespeed/1.13.35.2-0)"
94.130.90.54 - - [09/Mar/2026:06:53:47 +0100] "GET /wp-content/plugins/elementor/assets/lib/animations/styles/e-animation-wobble-skew.min.css?ver=3.35.6 HTTP/1.1" 200 3971 "https://reezone.inglory.de/?elementor-preview=11&ver=1773035620" "Serf/1.3.9 (mod_pagespeed/1.13.35.2-0)"
94.130.90.54 - - [09/Mar/2026:06:53:47 +0100] "GET /wp-content/plugins/elementor/assets/lib/animations/styles/e-animation-buzz.min.css?ver=3.35.6 HTTP/1.1" 200 3863 "https://reezone.inglory.de/?elementor-preview=11&ver=1773035620" "Serf/1.3.9 (mod_pagespeed/1.13.35.2-0)"
94.130.90.54 - - [09/Mar/2026:06:53:47 +0100] "GET /wp-content/plugins/elementor/assets/lib/animations/styles/e-animation-buzz-out.min.css?ver=3.35.6 HTTP/1.1" 200 4221 "https://reezone.inglory.de/?elementor-preview=11&ver=1773035620" "Serf/1.3.9 (mod_pagespeed/1.13.35.2-0)"
94.130.90.54 - - [09/Mar/2026:06:53:47 +0100] "GET /wp-includes/js/dist/hooks.min.js?ver=dd5603f07f9220ed27f1 HTTP/1.1" 304 3383 "https://reezone.inglory.de/?elementor-preview=11&ver=1773035620" "Serf/1.3.9 (mod_pagespeed/1.13.35.2-0)"
94.130.90.54 - - [09/Mar/2026:06:53:47 +0100] "GET /wp-content/plugins/elementor-pro/assets/lib/smartmenus/jquery.smartmenus.min.js?ver=1.2.1 HTTP/1.1" 304 3383 "https://reezone.inglory.de/?elementor-preview=11&ver=1773035620" "Serf/1.3.9 (mod_pagespeed/1.13.35.2-0)"
94.130.90.54 - - [09/Mar/2026:06:53:47 +0100] "GET /wp-content/plugins/elementor-pro/assets/lib/sticky/jquery.sticky.min.js?ver=3.35.1 HTTP/1.1" 304 3382 "https://reezone.inglory.de/?elementor-preview=11&ver=1773035620" "Serf/1.3.9 (mod_pagespeed/1.13.35.2-0)"
94.130.90.54 - - [09/Mar/2026:06:53:47 +0100] "GET /wp-content/plugins/woocommerce/assets/js/sourcebuster/sourcebuster.min.js?ver=10.5.3 HTTP/1.1" 304 3383 "https://reezone.inglory.de/?elementor-preview=11&ver=1773035620" "Serf/1.3.9 (mod_pagespeed/1.13.35.2-0)"
94.130.90.54 - - [09/Mar/2026:06:53:47 +0100] "GET /wp-content/plugins/woocommerce/assets/js/frontend/order-attribution.min.js?ver=10.5.3 HTTP/1.1" 304 3382 "https://reezone.inglory.de/?elementor-preview=11&ver=1773035620" "Serf/1.3.9 (mod_pagespeed/1.13.35.2-0)"
94.130.90.54 - - [09/Mar/2026:06:53:47 +0100] "GET /wp-includes/js/jquery/ui/datepicker.min.js?ver=1.13.3 HTTP/1.1" 304 3383 "https://reezone.inglory.de/?elementor-preview=11&ver=1773035620" "Serf/1.3.9 (mod_pagespeed/1.13.35.2-0)"
94.130.90.54 - - [09/Mar/2026:06:53:47 +0100] "GET /wp-content/plugins/elementor/assets/lib/e-gallery/js/e-gallery.min.js?ver=1.2.0 HTTP/1.1" 200 18901 "https://reezone.inglory.de/?elementor-preview=11&ver=1773035620" "Serf/1.3.9 (mod_pagespeed/1.13.35.2-0)"
94.130.90.54 - - [09/Mar/2026:06:53:47 +0100] "GET /wp-content/plugins/elementor/assets/lib/inline-editor/js/inline-editor.min.js?ver=3.35.6 HTTP/1.1" 200 21238 "https://reezone.inglory.de/?elementor-preview=11&ver=1773035620" "Serf/1.3.9 (mod_pagespeed/1.13.35.2-0)"
94.130.90.54 - - [09/Mar/2026:06:53:47 +0100] "GET /wp-content/plugins/elementor-pro/assets/js/preview.min.js?ver=3.35.1 HTTP/1.1" 200 20919 "https://reezone.inglory.de/?elementor-preview=11&ver=1773035620" "Serf/1.3.9 (mod_pagespeed/1.13.35.2-0)"
94.130.90.54 - - [09/Mar/2026:06:53:47 +0100] "GET /wp-content/plugins/jet-engine/assets/lib/slick/slick.min.js?ver=1.8.1 HTTP/1.1" 200 47509 "https://reezone.inglory.de/?elementor-preview=11&ver=1773035620" "Serf/1.3.9 (mod_pagespeed/1.13.35.2-0)"
94.130.90.54 - - [09/Mar/2026:06:53:47 +0100] "GET /wp-content/plugins/jet-engine/assets/lib/macy/macy.js?ver=3.8.5 HTTP/1.1" 200 12505 "https://reezone.inglory.de/?elementor-preview=11&ver=1773035620" "Serf/1.3.9 (mod_pagespeed/1.13.35.2-0)"
94.130.90.54 - - [09/Mar/2026:06:53:47 +0100] "GET /wp-content/plugins/jet-woo-product-gallery/assets/js/jet-woo-product-gallery.min.js?ver=2.2.6 HTTP/1.1" 200 21045 "https://reezone.inglory.de/?elementor-preview=11&ver=1773035620" "Serf/1.3.9 (mod_pagespeed/1.13.35.2-0)"
94.130.90.54 - - [09/Mar/2026:06:53:47 +0100] "GET /wp-content/plugins/elementor/assets/js/elementor-admin-bar.min.js?ver=3.35.6 HTTP/1.1" 304 3383 "https://reezone.inglory.de/?elementor-preview=11&ver=1773035620" "Serf/1.3.9 (mod_pagespeed/1.13.35.2-0)"
94.130.90.54 - - [09/Mar/2026:06:53:47 +0100] "GET /wp-includes/js/hoverintent-js.min.js?ver=2.2.1 HTTP/1.1" 200 5241 "https://reezone.inglory.de/?elementor-preview=11&ver=1773035620" "Serf/1.3.9 (mod_pagespeed/1.13.35.2-0)"
94.130.90.54 - - [09/Mar/2026:06:53:47 +0100] "GET /wp-includes/js/admin-bar.min.js?ver=6.9.1 HTTP/1.1" 200 7039 "https://reezone.inglory.de/?elementor-preview=11&ver=1773035620" "Serf/1.3.9 (mod_pagespeed/1.13.35.2-0)"
94.130.90.54 - - [09/Mar/2026:06:53:47 +0100] "GET /wp-content/plugins/woocommerce/assets/js/frontend/add-to-cart.min.js?ver=10.5.3 HTTP/1.1" 304 3383 "https://reezone.inglory.de/?elementor-preview=11&ver=1773035620" "Serf/1.3.9 (mod_pagespeed/1.13.35.2-0)"
94.130.90.54 - - [09/Mar/2026:06:53:47 +0100] "GET /wp-content/plugins/woocommerce/assets/js/js-cookie/js.cookie.min.js?ver=2.1.4-wc.10.5.3 HTTP/1.1" 304 3382 "https://reezone.inglory.de/?elementor-preview=11&ver=1773035620" "Serf/1.3.9 (mod_pagespeed/1.13.35.2-0)"
94.130.90.54 - - [09/Mar/2026:06:53:47 +0100] "GET /wp-content/plugins/woocommerce/assets/js/frontend/woocommerce.min.js?ver=10.5.3 HTTP/1.1" 304 3383 "https://reezone.inglory.de/?elementor-preview=11&ver=1773035620" "Serf/1.3.9 (mod_pagespeed/1.13.35.2-0)"
94.130.90.54 - - [09/Mar/2026:06:53:47 +0100] "GET /wp-content/plugins/woocommerce/assets/js/zoom/jquery.zoom.min.js?ver=1.7.21-wc.10.5.3 HTTP/1.1" 200 6225 "https://reezone.inglory.de/?elementor-preview=11&ver=1773035620" "Serf/1.3.9 (mod_pagespeed/1.13.35.2-0)"
94.130.90.54 - - [09/Mar/2026:06:53:47 +0100] "GET /wp-content/plugins/woocommerce/assets/js/photoswipe/photoswipe.min.js?ver=4.1.1-wc.10.5.3 HTTP/1.1" 200 35209 "https://reezone.inglory.de/?elementor-preview=11&ver=1773035620" "Serf/1.3.9 (mod_pagespeed/1.13.35.2-0)"
94.130.90.54 - - [09/Mar/2026:06:53:47 +0100] "GET /wp-content/plugins/woocommerce/assets/js/photoswipe/photoswipe-ui-default.min.js?ver=4.1.1-wc.10.5.3 HTTP/1.1" 200 13302 "https://reezone.inglory.de/?elementor-preview=11&ver=1773035620" "Serf/1.3.9 (mod_pagespeed/1.13.35.2-0)"
94.130.90.54 - - [09/Mar/2026:06:53:47 +0100] "GET /wp-content/plugins/woocommerce/assets/js/frontend/country-select.min.js?ver=10.5.3 HTTP/1.1" 200 7046 "https://reezone.inglory.de/?elementor-preview=11&ver=1773035620" "Serf/1.3.9 (mod_pagespeed/1.13.35.2-0)"
94.130.90.54 - - [09/Mar/2026:06:53:47 +0100] "GET /wp-content/plugins/woocommerce/assets/js/frontend/address-i18n.min.js?ver=10.5.3 HTTP/1.1" 200 6302 "https://reezone.inglory.de/?elementor-preview=11&ver=1773035620" "Serf/1.3.9 (mod_pagespeed/1.13.35.2-0)"
94.130.90.54 - - [09/Mar/2026:06:53:47 +0100] "GET /wp-content/plugins/woocommerce/assets/js/frontend/checkout.min.js?ver=10.5.3 HTTP/1.1" 200 23050 "https://reezone.inglory.de/?elementor-preview=11&ver=1773035620" "Serf/1.3.9 (mod_pagespeed/1.13.35.2-0)"
94.130.90.54 - - [09/Mar/2026:06:53:47 +0100] "GET /wp-content/plugins/woocommerce/assets/js/frontend/password-strength-meter.min.js?ver=10.5.3 HTTP/1.1" 200 5742 "https://reezone.inglory.de/?elementor-preview=11&ver=1773035620" "Serf/1.3.9 (mod_pagespeed/1.13.35.2-0)"
94.130.90.54 - - [09/Mar/2026:06:53:47 +0100] "GET /wp-content/plugins/woocommerce/assets/js/frontend/cart.min.js?ver=10.5.3 HTTP/1.1" 200 13431 "https://reezone.inglory.de/?elementor-preview=11&ver=1773035620" "Serf/1.3.9 (mod_pagespeed/1.13.35.2-0)"
94.130.90.54 - - [09/Mar/2026:06:53:47 +0100] "GET /wp-content/plugins/woocommerce/assets/js/frontend/cart-fragments.min.js?ver=10.5.3 HTTP/1.1" 304 3382 "https://reezone.inglory.de/?elementor-preview=11&ver=1773035620" "Serf/1.3.9 (mod_pagespeed/1.13.35.2-0)"
94.130.90.54 - - [09/Mar/2026:06:53:47 +0100] "GET /wp-content/uploads/cropped-items-1-32x32.png HTTP/1.1" 304 3382 "https://reezone.inglory.de/?elementor-preview=11&ver=1773035620" "Serf/1.3.9 (mod_pagespeed/1.13.35.2-0)"
94.130.90.54 - - [09/Mar/2026:06:53:47 +0100] "GET /wp-content/uploads/cropped-items-1-192x192.png HTTP/1.1" 304 3382 "https://reezone.inglory.de/?elementor-preview=11&ver=1773035620" "Serf/1.3.9 (mod_pagespeed/1.13.35.2-0)"
94.130.90.54 - - [09/Mar/2026:06:53:47 +0100] "GET /wp-content/uploads/cropped-items-1-180x180.png HTTP/1.1" 304 3382 "https://reezone.inglory.de/?elementor-preview=11&ver=1773035620" "Serf/1.3.9 (mod_pagespeed/1.13.35.2-0)"
94.130.90.54 - - [09/Mar/2026:06:53:47 +0100] "GET /wp-includes/js/jquery/jquery.min.js?ver=3.7.1 HTTP/1.1" 304 3384 "https://reezone.inglory.de/?elementor-preview=11&ver=1773035620" "Serf/1.3.9 (mod_pagespeed/1.13.35.2-0)"
94.130.90.54 - - [09/Mar/2026:06:53:47 +0100] "GET /wp-includes/js/jquery/jquery-migrate.min.js?ver=3.4.1 HTTP/1.1" 304 3383 "https://reezone.inglory.de/?elementor-preview=11&ver=1773035620" "Serf/1.3.9 (mod_pagespeed/1.13.35.2-0)"
94.130.90.54 - - [09/Mar/2026:06:53:47 +0100] "GET /wp-content/plugins/woocommerce/assets/js/jquery-blockui/jquery.blockUI.min.js?ver=2.7.0-wc.10.5.3 HTTP/1.1" 304 3383 "https://reezone.inglory.de/?elementor-preview=11&ver=1773035620" "Serf/1.3.9 (mod_pagespeed/1.13.35.2-0)"
94.130.90.54 - - [09/Mar/2026:06:53:47 +0100] "GET /wp-content/plugins/elementor-pro/assets/js/page-transitions.min.js?ver=3.35.1 HTTP/1.1" 200 21240 "https://reezone.inglory.de/?elementor-preview=11&ver=1773035620" "Serf/1.3.9 (mod_pagespeed/1.13.35.2-0)"
94.130.90.54 - - [09/Mar/2026:06:53:47 +0100] "GET /wp-includes/js/underscore.min.js?ver=1.13.7 HTTP/1.1" 304 3383 "https://reezone.inglory.de/?elementor-preview=11&ver=1773035620" "Serf/1.3.9 (mod_pagespeed/1.13.35.2-0)"
94.130.90.54 - - [09/Mar/2026:06:53:47 +0100] "GET /wp-includes/js/wp-util.min.js?ver=6.9.1 HTTP/1.1" 304 3382 "https://reezone.inglory.de/?elementor-preview=11&ver=1773035620" "Serf/1.3.9 (mod_pagespeed/1.13.35.2-0)"
94.130.90.54 - - [09/Mar/2026:06:53:47 +0100] "GET /wp-includes/js/zxcvbn-async.min.js?ver=1.0 HTTP/1.1" 304 3382 "https://reezone.inglory.de/?elementor-preview=11&ver=1773035620" "Serf/1.3.9 (mod_pagespeed/1.13.35.2-0)"
94.130.90.54 - - [09/Mar/2026:06:53:47 +0100] "GET /wp-content/plugins/jet-woo-product-gallery/assets/lib/swiper/swiper.min.js?ver=5.3.6 HTTP/1.1" 304 3384 "https://reezone.inglory.de/?elementor-preview=11&ver=1773035620" "Serf/1.3.9 (mod_pagespeed/1.13.35.2-0)"
94.130.90.54 - - [09/Mar/2026:06:53:47 +0100] "GET /wp-content/plugins/jet-engine/includes/components/query-builder/assets/js/frontend.js?ver=3.8.5 HTTP/1.1" 304 3382 "https://reezone.inglory.de/?elementor-preview=11&ver=1773035620" "Serf/1.3.9 (mod_pagespeed/1.13.35.2-0)"
94.130.90.54 - - [09/Mar/2026:06:53:47 +0100] "GET /wp-includes/js/dist/vendor/react.min.js?ver=18.3.1.1 HTTP/1.1" 200 14182 "https://reezone.inglory.de/?elementor-preview=11&ver=1773035620" "Serf/1.3.9 (mod_pagespeed/1.13.35.2-0)"
94.130.90.54 - - [09/Mar/2026:06:53:47 +0100] "GET /wp-includes/js/dist/vendor/react-dom.min.js?ver=18.3.1.1 HTTP/1.1" 200 132705 "https://reezone.inglory.de/?elementor-preview=11&ver=1773035620" "Serf/1.3.9 (mod_pagespeed/1.13.35.2-0)"
94.130.90.54 - - [09/Mar/2026:06:53:47 +0100] "GET /wp-content/plugins/elementor/assets/js/styleguide-app-initiator.min.js?ver=3.35.6 HTTP/1.1" 200 16898 "https://reezone.inglory.de/?elementor-preview=11&ver=1773035620" "Serf/1.3.9 (mod_pagespeed/1.13.35.2-0)"
94.130.90.54 - - [09/Mar/2026:06:53:47 +0100] "GET /wp-content/plugins/elementor-pro/assets/js/notes/notes-app-initiator.min.js?ver=3.35.1 HTTP/1.1" 304 3382 "https://reezone.inglory.de/?elementor-preview=11&ver=1773035620" "Serf/1.3.9 (mod_pagespeed/1.13.35.2-0)"
94.130.90.54 - - [09/Mar/2026:06:53:47 +0100] "GET /wp-content/plugins/elementor-pro/assets//lib/instant-page/instant-page.min.js?ver=3.35.1 HTTP/1.1" 200 6411 "https://reezone.inglory.de/?elementor-preview=11&ver=1773035620" "Serf/1.3.9 (mod_pagespeed/1.13.35.2-0)"
94.130.90.54 - - [09/Mar/2026:06:53:47 +0100] "GET /wp-content/plugins/elementor/assets/js/webpack.runtime.min.js?ver=3.35.6 HTTP/1.1" 304 3383 "https://reezone.inglory.de/?elementor-preview=11&ver=1773035620" "Serf/1.3.9 (mod_pagespeed/1.13.35.2-0)"
94.130.90.54 - - [09/Mar/2026:06:53:47 +0100] "GET /wp-content/plugins/elementor/assets/js/frontend-modules.min.js?ver=3.35.6 HTTP/1.1" 304 3383 "https://reezone.inglory.de/?elementor-preview=11&ver=1773035620" "Serf/1.3.9 (mod_pagespeed/1.13.35.2-0)"
94.130.90.54 - - [09/Mar/2026:06:53:47 +0100] "GET /wp-includes/js/jquery/ui/core.min.js?ver=1.13.3 HTTP/1.1" 304 3383 "https://reezone.inglory.de/?elementor-preview=11&ver=1773035620" "Serf/1.3.9 (mod_pagespeed/1.13.35.2-0)"
94.130.90.54 - - [09/Mar/2026:06:53:47 +0100] "GET /wp-includes/js/jquery/ui/progressbar.min.js?ver=1.13.3 HTTP/1.1" 304 3382 "https://reezone.inglory.de/?elementor-preview=11&ver=1773035620" "Serf/1.3.9 (mod_pagespeed/1.13.35.2-0)"
94.130.90.54 - - [09/Mar/2026:06:53:47 +0100] "GET /wp-content/plugins/woocommerce/assets/js/frontend/single-product.min.js?ver=10.5.3 HTTP/1.1" 304 3383 "https://reezone.inglory.de/?elementor-preview=11&ver=1773035620" "Serf/1.3.9 (mod_pagespeed/1.13.35.2-0)"
94.130.90.54 - - [09/Mar/2026:06:53:47 +0100] "GET /wp-content/plugins/woocommerce/assets/js/frontend/add-to-cart-variation.min.js?ver=10.5.3 HTTP/1.1" 304 3383 "https://reezone.inglory.de/?elementor-preview=11&ver=1773035620" "Serf/1.3.9 (mod_pagespeed/1.13.35.2-0)"
94.130.90.54 - - [09/Mar/2026:06:53:47 +0100] "GET /wp-content/plugins/woocommerce/assets/js/selectWoo/selectWoo.full.min.js?ver=1.0.9-wc.10.5.3 HTTP/1.1" 304 3384 "https://reezone.inglory.de/?elementor-preview=11&ver=1773035620" "Serf/1.3.9 (mod_pagespeed/1.13.35.2-0)"
94.130.90.54 - - [09/Mar/2026:06:53:47 +0100] "GET /wp-content/plugins/yith-woocommerce-product-add-ons/assets/js/front.min.js?ver=4.28.0 HTTP/1.1" 304 3383 "https://reezone.inglory.de/?elementor-preview=11&ver=1773035620" "Serf/1.3.9 (mod_pagespeed/1.13.35.2-0)"
94.130.90.54 - - [09/Mar/2026:06:53:47 +0100] "GET /wp-content/plugins/elementor/assets/lib/swiper/v8/swiper.min.js?ver=8.4.5 HTTP/1.1" 304 3384 "https://reezone.inglory.de/?elementor-preview=11&ver=1773035620" "Serf/1.3.9 (mod_pagespeed/1.13.35.2-0)"
94.130.90.54 - - [09/Mar/2026:06:53:47 +0100] "GET /wp-content/plugins/elementor/assets/lib/jquery-numerator/jquery-numerator.min.js?ver=0.2.1 HTTP/1.1" 200 5353 "https://reezone.inglory.de/?elementor-preview=11&ver=1773035620" "Serf/1.3.9 (mod_pagespeed/1.13.35.2-0)"
94.130.90.54 - - [09/Mar/2026:06:53:47 +0100] "GET /wp-content/plugins/jet-engine/assets/js/frontend/frontend.js?ver=3.8.5 HTTP/1.1" 200 24726 "https://reezone.inglory.de/?elementor-preview=11&ver=1773035620" "Serf/1.3.9 (mod_pagespeed/1.13.35.2-0)"
94.130.90.54 - - [09/Mar/2026:06:53:47 +0100] "GET /wp-content/plugins/jet-engine/assets/js/admin/elementor-views/preview.js?ver=3.8.5 HTTP/1.1" 200 9849 "https://reezone.inglory.de/?elementor-preview=11&ver=1773035620" "Serf/1.3.9 (mod_pagespeed/1.13.35.2-0)"
94.130.90.54 - - [09/Mar/2026:06:53:47 +0100] "GET /wp-content/plugins/elementor-pro/assets/js/webpack-pro.runtime.min.js?ver=3.35.1 HTTP/1.1" 304 3383 "https://reezone.inglory.de/?elementor-preview=11&ver=1773035620" "Serf/1.3.9 (mod_pagespeed/1.13.35.2-0)"
94.130.90.54 - - [09/Mar/2026:06:53:47 +0100] "GET /wp-content/plugins/elementor-pro/assets/js/frontend.min.js?ver=3.35.1 HTTP/1.1" 304 3383 "https://reezone.inglory.de/?elementor-preview=11&ver=1773035620" "Serf/1.3.9 (mod_pagespeed/1.13.35.2-0)"
94.130.90.54 - - [09/Mar/2026:06:53:47 +0100] "GET /wp-content/plugins/elementor-pro/assets/js/elements-handlers.min.js?ver=3.35.1 HTTP/1.1" 304 3383 "https://reezone.inglory.de/?elementor-preview=11&ver=1773035620" "Serf/1.3.9 (mod_pagespeed/1.13.35.2-0)"
94.130.90.54 - - [09/Mar/2026:06:53:47 +0100] "GET /wp-content/plugins/woocommerce/assets/css/woocommerce.css?ver=10.5.3 HTTP/1.1" 304 3384 "https://reezone.inglory.de/?elementor-preview=11&ver=1773035620" "Serf/1.3.9 (mod_pagespeed/1.13.35.2-0)"
94.130.90.54 - - [09/Mar/2026:06:53:47 +0100] "GET /wp-content/plugins/yith-woocommerce-product-add-ons/assets/css/front.css?ver=4.28.0 HTTP/1.1" 304 3383 "https://reezone.inglory.de/?elementor-preview=11&ver=1773035620" "Serf/1.3.9 (mod_pagespeed/1.13.35.2-0)"
94.130.90.54 - - [09/Mar/2026:06:53:47 +0100] "GET /wp-content/plugins/wp-social-reviews/assets/css/wp_social_ninja_reviews.css?ver=4.1.0 HTTP/1.1" 200 137114 "https://reezone.inglory.de/?elementor-preview=11&ver=1773035620" "Serf/1.3.9 (mod_pagespeed/1.13.35.2-0)"
94.130.90.54 - - [09/Mar/2026:06:53:47 +0100] "GET /wp-content/plugins/wp-social-reviews/assets/css/wp_social_ninja_ig.css?ver=4.1.0 HTTP/1.1" 304 3383 "https://reezone.inglory.de/?elementor-preview=11&ver=1773035620" "Serf/1.3.9 (mod_pagespeed/1.13.35.2-0)"
94.130.90.54 - - [09/Mar/2026:06:53:47 +0100] "GET /wp-content/plugins/wp-social-reviews/assets/css/wp_social_ninja_tw.css?ver=4.1.0 HTTP/1.1" 200 64758 "https://reezone.inglory.de/?elementor-preview=11&ver=1773035620" "Serf/1.3.9 (mod_pagespeed/1.13.35.2-0)"
94.130.90.54 - - [09/Mar/2026:06:53:47 +0100] "GET /wp-content/plugins/wp-social-reviews/assets/css/wp_social_ninja_fb.css?ver=4.1.0 HTTP/1.1" 200 83389 "https://reezone.inglory.de/?elementor-preview=11&ver=1773035620" "Serf/1.3.9 (mod_pagespeed/1.13.35.2-0)"
94.130.90.54 - - [09/Mar/2026:06:53:47 +0100] "GET /wp-content/plugins/woocommerce/assets/css/photoswipe/photoswipe.min.css?ver=10.5.3 HTTP/1.1" 304 3382 "https://reezone.inglory.de/?elementor-preview=11&ver=1773035620" "Serf/1.3.9 (mod_pagespeed/1.13.35.2-0)"
94.130.90.54 - - [09/Mar/2026:06:53:47 +0100] "GET /wp-content/plugins/woocommerce/assets/css/photoswipe/default-skin/default-skin.min.css?ver=10.5.3 HTTP/1.1" 304 3383 "https://reezone.inglory.de/?elementor-preview=11&ver=1773035620" "Serf/1.3.9 (mod_pagespeed/1.13.35.2-0)"
94.130.90.54 - - [09/Mar/2026:06:53:47 +0100] "GET /wp-content/plugins/elementor/assets/css/editor-preview.min.css?ver=3.35.6 HTTP/1.1" 200 124664 "https://reezone.inglory.de/?elementor-preview=11&ver=1773035620" "Serf/1.3.9 (mod_pagespeed/1.13.35.2-0)"
94.130.90.54 - - [09/Mar/2026:06:53:47 +0100] "GET /wp-content/uploads/logo.svg HTTP/1.1" 200 8774 "https://reezone.inglory.de/?elementor-preview=11&ver=1773035620" "Serf/1.3.9 (mod_pagespeed/1.13.35.2-0)"
94.130.90.54 - - [09/Mar/2026:06:53:47 +0100] "GET /wp-content/uploads/logo-1.svg HTTP/1.1" 200 9278 "https://reezone.inglory.de/?elementor-preview=11&ver=1773035620" "Serf/1.3.9 (mod_pagespeed/1.13.35.2-0)"
94.130.90.54 - - [09/Mar/2026:06:53:47 +0100] "GET /wp-includes/js/mediaelement/mejs-controls.svg HTTP/1.1" 200 8119 "https://reezone.inglory.de/?elementor-preview=11&ver=1773035620" "Serf/1.3.9 (mod_pagespeed/1.13.35.2-0)"
94.130.90.54 - - [09/Mar/2026:06:53:47 +0100] "GET /wp-content/plugins/elementor/assets/js/frontend.min.js?ver=3.35.6 HTTP/1.1" 304 3383 "https://reezone.inglory.de/?elementor-preview=11&ver=1773035620" "Serf/1.3.9 (mod_pagespeed/1.13.35.2-0)"
94.130.90.54 - - [09/Mar/2026:06:53:47 +0100] "GET /wp-content/plugins/elementor-pro/assets/lib/lottie/lottie.min.js?ver=5.6.6 HTTP/1.1" 200 256579 "https://reezone.inglory.de/?elementor-preview=11&ver=1773035620" "Serf/1.3.9 (mod_pagespeed/1.13.35.2-0)"
94.130.90.54 - - [09/Mar/2026:06:53:47 +0100] "GET /wp-content/plugins/woocommerce/assets/images/icons/loader.svg HTTP/1.1" 200 3647 "https://reezone.inglory.de/?elementor-preview=11&ver=1773035620" "Serf/1.3.9 (mod_pagespeed/1.13.35.2-0)"
94.130.90.54 - - [09/Mar/2026:06:53:47 +0100] "GET /wp-content/plugins/woocommerce/assets/images/icons/credit-cards/visa.svg HTTP/1.1" 200 4850 "https://reezone.inglory.de/?elementor-preview=11&ver=1773035620" "Serf/1.3.9 (mod_pagespeed/1.13.35.2-0)"
94.130.90.54 - - [09/Mar/2026:06:53:47 +0100] "GET /wp-content/plugins/woocommerce/assets/images/icons/credit-cards/mastercard.svg HTTP/1.1" 200 8155 "https://reezone.inglory.de/?elementor-preview=11&ver=1773035620" "Serf/1.3.9 (mod_pagespeed/1.13.35.2-0)"
94.130.90.54 - - [09/Mar/2026:06:53:47 +0100] "GET /wp-content/plugins/woocommerce/assets/images/icons/credit-cards/laser.svg HTTP/1.1" 200 6630 "https://reezone.inglory.de/?elementor-preview=11&ver=1773035620" "Serf/1.3.9 (mod_pagespeed/1.13.35.2-0)"
94.130.90.54 - - [09/Mar/2026:06:53:47 +0100] "GET /wp-content/plugins/woocommerce/assets/images/icons/credit-cards/diners.svg HTTP/1.1" 200 4294 "https://reezone.inglory.de/?elementor-preview=11&ver=1773035620" "Serf/1.3.9 (mod_pagespeed/1.13.35.2-0)"
94.130.90.54 - - [09/Mar/2026:06:53:47 +0100] "GET /wp-content/plugins/woocommerce/assets/images/icons/credit-cards/maestro.svg HTTP/1.1" 200 10318 "https://reezone.inglory.de/?elementor-preview=11&ver=1773035620" "Serf/1.3.9 (mod_pagespeed/1.13.35.2-0)"
94.130.90.54 - - [09/Mar/2026:06:53:47 +0100] "GET /wp-content/plugins/woocommerce/assets/images/icons/credit-cards/jcb.svg HTTP/1.1" 200 6320 "https://reezone.inglory.de/?elementor-preview=11&ver=1773035620" "Serf/1.3.9 (mod_pagespeed/1.13.35.2-0)"
94.130.90.54 - - [09/Mar/2026:06:53:47 +0100] "GET /wp-content/plugins/woocommerce/assets/images/icons/credit-cards/amex.svg HTTP/1.1" 200 8183 "https://reezone.inglory.de/?elementor-preview=11&ver=1773035620" "Serf/1.3.9 (mod_pagespeed/1.13.35.2-0)"
94.130.90.54 - - [09/Mar/2026:06:53:47 +0100] "GET /wp-content/plugins/woocommerce/assets/images/icons/credit-cards/discover.svg HTTP/1.1" 200 5705 "https://reezone.inglory.de/?elementor-preview=11&ver=1773035620" "Serf/1.3.9 (mod_pagespeed/1.13.35.2-0)"
94.130.90.54 - - [09/Mar/2026:06:53:47 +0100] "GET /wp-content/plugins/yith-woocommerce-product-add-ons/assets/img/icon-check.png HTTP/1.1" 304 3382 "https://reezone.inglory.de/?elementor-preview=11&ver=1773035620" "Serf/1.3.9 (mod_pagespeed/1.13.35.2-0)"
94.130.90.54 - - [09/Mar/2026:06:53:47 +0100] "GET /wp-content/plugins/yith-woocommerce-product-add-ons/assets/img/check.svg HTTP/1.1" 200 4116 "https://reezone.inglory.de/?elementor-preview=11&ver=1773035620" "Serf/1.3.9 (mod_pagespeed/1.13.35.2-0)"
94.130.90.54 - - [09/Mar/2026:06:53:47 +0100] "GET /wp-content/plugins/wp-social-reviews/assets/images/icon-tiktok-black.png?7146ef0826b3c23ca309da88d40e830f HTTP/1.1" 304 3383 "https://reezone.inglory.de/?elementor-preview=11&ver=1773035620" "Serf/1.3.9 (mod_pagespeed/1.13.35.2-0)"
94.130.90.54 - - [09/Mar/2026:06:53:47 +0100] "GET /wp-content/plugins/wp-social-reviews/assets/images/ig-media-type.png?cf631e89461d1df66942f30a5024bf8a HTTP/1.1" 304 3382 "https://reezone.inglory.de/?elementor-preview=11&ver=1773035620" "Serf/1.3.9 (mod_pagespeed/1.13.35.2-0)"
94.130.90.54 - - [09/Mar/2026:06:53:47 +0100] "GET /wp-content/plugins/wp-social-reviews/assets/images/like.png?8319017e92cc71023b914e0b1642836a HTTP/1.1" 200 4991 "https://reezone.inglory.de/?elementor-preview=11&ver=1773035620" "Serf/1.3.9 (mod_pagespeed/1.13.35.2-0)"
94.130.90.54 - - [09/Mar/2026:06:53:47 +0100] "GET /wp-content/plugins/wp-social-reviews/assets/images/haha.png?f655728b0067921d3b37e9e8d625d6a3 HTTP/1.1" 200 5644 "https://reezone.inglory.de/?elementor-preview=11&ver=1773035620" "Serf/1.3.9 (mod_pagespeed/1.13.35.2-0)"
94.130.90.54 - - [09/Mar/2026:06:53:47 +0100] "GET /wp-content/plugins/wp-social-reviews/assets/images/love.png?4e88701f3ee11f7d512c9d8fe7f57918 HTTP/1.1" 200 5132 "https://reezone.inglory.de/?elementor-preview=11&ver=1773035620" "Serf/1.3.9 (mod_pagespeed/1.13.35.2-0)"
94.130.90.54 - - [09/Mar/2026:06:53:47 +0100] "GET /wp-content/plugins/wp-social-reviews/assets/images/sad.png?92148375df89f7e3b5fad3f7a6989a70 HTTP/1.1" 200 5611 "https://reezone.inglory.de/?elementor-preview=11&ver=1773035620" "Serf/1.3.9 (mod_pagespeed/1.13.35.2-0)"
94.130.90.54 - - [09/Mar/2026:06:53:47 +0100] "GET /wp-content/plugins/wp-social-reviews/assets/images/wow.png?b11086b2c8382a98cd133f95d5f88db0 HTTP/1.1" 200 5639 "https://reezone.inglory.de/?elementor-preview=11&ver=1773035620" "Serf/1.3.9 (mod_pagespeed/1.13.35.2-0)"
94.130.90.54 - - [09/Mar/2026:06:53:47 +0100] "GET /wp-content/plugins/wp-social-reviews/assets/images/angry.png?d79a50fbd225165af23c824869db9623 HTTP/1.1" 200 5573 "https://reezone.inglory.de/?elementor-preview=11&ver=1773035620" "Serf/1.3.9 (mod_pagespeed/1.13.35.2-0)"
