94.130.90.54 - - [12/Mar/2026:03:42:25 +0100] "GET /wp-content/plugins/woocommerce/assets/js/frontend/cart-fragments.min.js?ver=10.5.3 HTTP/1.1" 304 3382 "https://reezone.inglory.de/warenkorb/" "Serf/1.3.9 (mod_pagespeed/1.13.35.2-0)"
94.130.90.54 - - [12/Mar/2026:03:42:25 +0100] "GET /wp-content/uploads/cropped-items-1-32x32.png HTTP/1.1" 304 3382 "https://reezone.inglory.de/warenkorb/" "Serf/1.3.9 (mod_pagespeed/1.13.35.2-0)"
94.130.90.54 - - [12/Mar/2026:03:42:25 +0100] "GET /wp-content/uploads/cropped-items-1-192x192.png HTTP/1.1" 304 3382 "https://reezone.inglory.de/warenkorb/" "Serf/1.3.9 (mod_pagespeed/1.13.35.2-0)"
94.130.90.54 - - [12/Mar/2026:03:42:25 +0100] "GET /wp-content/uploads/cropped-items-1-180x180.png HTTP/1.1" 304 3382 "https://reezone.inglory.de/warenkorb/" "Serf/1.3.9 (mod_pagespeed/1.13.35.2-0)"
94.130.90.54 - - [12/Mar/2026:03:42:25 +0100] "GET /wp-includes/js/underscore.min.js?ver=1.13.7 HTTP/1.1" 304 3383 "https://reezone.inglory.de/warenkorb/" "Serf/1.3.9 (mod_pagespeed/1.13.35.2-0)"
94.130.90.54 - - [12/Mar/2026:03:42:25 +0100] "GET /wp-includes/js/wp-util.min.js?ver=6.9.3 HTTP/1.1" 304 3382 "https://reezone.inglory.de/warenkorb/" "Serf/1.3.9 (mod_pagespeed/1.13.35.2-0)"
94.130.90.54 - - [12/Mar/2026:03:42:25 +0100] "GET /wp-includes/js/jquery/ui/progressbar.min.js?ver=1.13.3 HTTP/1.1" 304 3382 "https://reezone.inglory.de/warenkorb/" "Serf/1.3.9 (mod_pagespeed/1.13.35.2-0)"
94.130.90.54 - - [12/Mar/2026:03:42:25 +0100] "GET /wp-content/plugins/woocommerce/assets/js/frontend/single-product.min.js?ver=10.5.3 HTTP/1.1" 304 3383 "https://reezone.inglory.de/warenkorb/" "Serf/1.3.9 (mod_pagespeed/1.13.35.2-0)"
94.130.90.54 - - [12/Mar/2026:03:42:25 +0100] "GET /wp-content/plugins/woocommerce/assets/js/frontend/add-to-cart-variation.min.js?ver=10.5.3 HTTP/1.1" 304 3383 "https://reezone.inglory.de/warenkorb/" "Serf/1.3.9 (mod_pagespeed/1.13.35.2-0)"
94.130.90.54 - - [12/Mar/2026:03:42:25 +0100] "GET /wp-content/plugins/yith-woocommerce-product-add-ons/assets/js/front.min.js?ver=4.28.0 HTTP/1.1" 304 3383 "https://reezone.inglory.de/warenkorb/" "Serf/1.3.9 (mod_pagespeed/1.13.35.2-0)"
94.130.90.54 - - [12/Mar/2026:03:42:25 +0100] "GET /wp-content/plugins/jet-woo-product-gallery/assets/lib/swiper/swiper.min.js?ver=5.3.6 HTTP/1.1" 304 3384 "https://reezone.inglory.de/warenkorb/" "Serf/1.3.9 (mod_pagespeed/1.13.35.2-0)"
94.130.90.54 - - [12/Mar/2026:03:42:25 +0100] "GET /wp-content/plugins/elementor-pro/assets/js/webpack-pro.runtime.min.js?ver=3.35.1 HTTP/1.1" 304 3383 "https://reezone.inglory.de/warenkorb/" "Serf/1.3.9 (mod_pagespeed/1.13.35.2-0)"
94.130.90.54 - - [12/Mar/2026:03:42:25 +0100] "GET /wp-content/plugins/elementor-pro/assets/js/frontend.min.js?ver=3.35.1 HTTP/1.1" 304 3383 "https://reezone.inglory.de/warenkorb/" "Serf/1.3.9 (mod_pagespeed/1.13.35.2-0)"
94.130.90.54 - - [12/Mar/2026:03:42:25 +0100] "GET /wp-content/plugins/elementor-pro/assets/js/elements-handlers.min.js?ver=3.35.1 HTTP/1.1" 304 3383 "https://reezone.inglory.de/warenkorb/" "Serf/1.3.9 (mod_pagespeed/1.13.35.2-0)"
94.130.90.54 - - [12/Mar/2026:03:42:25 +0100] "GET /wp-content/plugins/woocommerce/assets/css/woocommerce.css?ver=10.5.3 HTTP/1.1" 304 3384 "https://reezone.inglory.de/warenkorb/" "Serf/1.3.9 (mod_pagespeed/1.13.35.2-0)"
94.130.90.54 - - [12/Mar/2026:03:42:25 +0100] "GET /wp-content/uploads/elementor/css/post-16.css?ver=1773277042 HTTP/1.1" 304 3383 "https://reezone.inglory.de/warenkorb/" "Serf/1.3.9 (mod_pagespeed/1.13.35.2-0)"
94.130.90.54 - - [12/Mar/2026:03:42:25 +0100] "GET /wp-content/plugins/yith-woocommerce-product-add-ons/assets/css/front.css?ver=4.28.0 HTTP/1.1" 304 3383 "https://reezone.inglory.de/warenkorb/" "Serf/1.3.9 (mod_pagespeed/1.13.35.2-0)"
94.130.90.54 - - [12/Mar/2026:03:42:25 +0100] "GET /wp-content/plugins/woocommerce/assets/css/photoswipe/photoswipe.min.css?ver=10.5.3 HTTP/1.1" 304 3382 "https://reezone.inglory.de/warenkorb/" "Serf/1.3.9 (mod_pagespeed/1.13.35.2-0)"
94.130.90.54 - - [12/Mar/2026:03:42:25 +0100] "GET /wp-content/plugins/woocommerce/assets/css/photoswipe/default-skin/default-skin.min.css?ver=10.5.3 HTTP/1.1" 304 3383 "https://reezone.inglory.de/warenkorb/" "Serf/1.3.9 (mod_pagespeed/1.13.35.2-0)"
94.130.90.54 - - [12/Mar/2026:03:42:25 +0100] "GET /wp-content/uploads/logo.svg HTTP/1.1" 200 8774 "https://reezone.inglory.de/warenkorb/" "Serf/1.3.9 (mod_pagespeed/1.13.35.2-0)"
94.130.90.54 - - [12/Mar/2026:03:42:25 +0100] "GET /wp-content/uploads/logo-1.svg HTTP/1.1" 200 9278 "https://reezone.inglory.de/warenkorb/" "Serf/1.3.9 (mod_pagespeed/1.13.35.2-0)"
94.130.90.54 - - [12/Mar/2026:03:42:25 +0100] "GET /wp-includes/js/jquery/jquery.min.js?ver=3.7.1 HTTP/1.1" 304 3384 "https://reezone.inglory.de/warenkorb/" "Serf/1.3.9 (mod_pagespeed/1.13.35.2-0)"
94.130.90.54 - - [12/Mar/2026:03:42:25 +0100] "GET /wp-includes/js/zxcvbn-async.min.js?ver=1.0 HTTP/1.1" 304 3382 "https://reezone.inglory.de/warenkorb/" "Serf/1.3.9 (mod_pagespeed/1.13.35.2-0)"
94.130.90.54 - - [12/Mar/2026:03:42:25 +0100] "GET /wp-content/plugins/woocommerce/assets/js/selectWoo/selectWoo.full.min.js?ver=1.0.9-wc.10.5.3 HTTP/1.1" 304 3384 "https://reezone.inglory.de/warenkorb/" "Serf/1.3.9 (mod_pagespeed/1.13.35.2-0)"
94.130.90.54 - - [12/Mar/2026:03:42:25 +0100] "GET /wp-content/plugins/elementor/assets/js/webpack.runtime.min.js?ver=3.35.6 HTTP/1.1" 304 3383 "https://reezone.inglory.de/warenkorb/" "Serf/1.3.9 (mod_pagespeed/1.13.35.2-0)"
94.130.90.54 - - [12/Mar/2026:03:42:25 +0100] "GET /wp-content/plugins/elementor/assets/js/frontend.min.js?ver=3.35.6 HTTP/1.1" 304 3383 "https://reezone.inglory.de/warenkorb/" "Serf/1.3.9 (mod_pagespeed/1.13.35.2-0)"
94.130.90.54 - - [12/Mar/2026:03:42:25 +0100] "GET /wp-content/plugins/woocommerce/assets/images/icons/loader.svg HTTP/1.1" 200 3647 "https://reezone.inglory.de/warenkorb/" "Serf/1.3.9 (mod_pagespeed/1.13.35.2-0)"
94.130.90.54 - - [12/Mar/2026:03:42:25 +0100] "GET /wp-content/plugins/woocommerce/assets/images/icons/credit-cards/visa.svg HTTP/1.1" 200 4850 "https://reezone.inglory.de/warenkorb/" "Serf/1.3.9 (mod_pagespeed/1.13.35.2-0)"
94.130.90.54 - - [12/Mar/2026:03:42:25 +0100] "GET /wp-content/plugins/woocommerce/assets/images/icons/credit-cards/mastercard.svg HTTP/1.1" 200 8155 "https://reezone.inglory.de/warenkorb/" "Serf/1.3.9 (mod_pagespeed/1.13.35.2-0)"
94.130.90.54 - - [12/Mar/2026:03:42:25 +0100] "GET /wp-content/plugins/woocommerce/assets/images/icons/credit-cards/laser.svg HTTP/1.1" 200 6630 "https://reezone.inglory.de/warenkorb/" "Serf/1.3.9 (mod_pagespeed/1.13.35.2-0)"
94.130.90.54 - - [12/Mar/2026:03:42:25 +0100] "GET /wp-content/plugins/woocommerce/assets/images/icons/credit-cards/diners.svg HTTP/1.1" 200 4294 "https://reezone.inglory.de/warenkorb/" "Serf/1.3.9 (mod_pagespeed/1.13.35.2-0)"
94.130.90.54 - - [12/Mar/2026:03:42:25 +0100] "GET /wp-content/plugins/woocommerce/assets/images/icons/credit-cards/maestro.svg HTTP/1.1" 200 10318 "https://reezone.inglory.de/warenkorb/" "Serf/1.3.9 (mod_pagespeed/1.13.35.2-0)"
94.130.90.54 - - [12/Mar/2026:03:42:25 +0100] "GET /wp-content/plugins/woocommerce/assets/images/icons/credit-cards/jcb.svg HTTP/1.1" 200 6320 "https://reezone.inglory.de/warenkorb/" "Serf/1.3.9 (mod_pagespeed/1.13.35.2-0)"
94.130.90.54 - - [12/Mar/2026:03:42:25 +0100] "GET /wp-content/plugins/woocommerce/assets/images/icons/credit-cards/amex.svg HTTP/1.1" 200 8183 "https://reezone.inglory.de/warenkorb/" "Serf/1.3.9 (mod_pagespeed/1.13.35.2-0)"
94.130.90.54 - - [12/Mar/2026:03:42:25 +0100] "GET /wp-content/plugins/woocommerce/assets/images/icons/credit-cards/discover.svg HTTP/1.1" 200 5705 "https://reezone.inglory.de/warenkorb/" "Serf/1.3.9 (mod_pagespeed/1.13.35.2-0)"
94.130.90.54 - - [12/Mar/2026:03:42:25 +0100] "GET /wp-content/uploads/bg-2-1-1.jpg HTTP/1.1" 304 3384 "https://reezone.inglory.de/warenkorb/" "Serf/1.3.9 (mod_pagespeed/1.13.35.2-0)"
94.130.90.54 - - [12/Mar/2026:03:42:25 +0100] "GET /wp-content/plugins/yith-woocommerce-product-add-ons/assets/img/icon-check.png HTTP/1.1" 304 3382 "https://reezone.inglory.de/warenkorb/" "Serf/1.3.9 (mod_pagespeed/1.13.35.2-0)"
94.130.90.54 - - [12/Mar/2026:03:42:25 +0100] "GET /wp-content/plugins/yith-woocommerce-product-add-ons/assets/img/check.svg HTTP/1.1" 200 4116 "https://reezone.inglory.de/warenkorb/" "Serf/1.3.9 (mod_pagespeed/1.13.35.2-0)"
94.130.90.54 - - [12/Mar/2026:03:42:25 +0100] "GET /wp-content/plugins/woocommerce/assets/css/photoswipe/default-skin/default-skin.png HTTP/1.1" 304 3382 "https://reezone.inglory.de/warenkorb/" "Serf/1.3.9 (mod_pagespeed/1.13.35.2-0)"
94.130.90.54 - - [12/Mar/2026:03:42:25 +0100] "GET /wp-content/plugins/woocommerce/assets/css/photoswipe/default-skin/preloader.gif HTTP/1.1" 304 3382 "https://reezone.inglory.de/warenkorb/" "Serf/1.3.9 (mod_pagespeed/1.13.35.2-0)"
94.130.90.54 - - [12/Mar/2026:03:42:25 +0100] "GET /wp-content/plugins/woocommerce/assets/css/photoswipe/default-skin/default-skin.svg HTTP/1.1" 200 5045 "https://reezone.inglory.de/warenkorb/" "Serf/1.3.9 (mod_pagespeed/1.13.35.2-0)"
94.130.90.54 - - [12/Mar/2026:05:36:51 +0100] "POST /wp-cron.php?doing_wp_cron=1773290211.3501899242401123046875 HTTP/1.0" 200 4062 "-" "WordPress/6.9.3; https://reezone.inglory.de"
94.130.90.54 - - [12/Mar/2026:05:37:12 +0100] "HEAD / HTTP/1.0" 200 4176 "-" "-"
94.130.90.54 - - [12/Mar/2026:05:37:16 +0100] "POST /wp-admin/upgrade.php?step=upgrade_db HTTP/1.0" 403 4791 "-" "WordPress/6.9.3; https://reezone.inglory.de"
94.130.90.54 - - [12/Mar/2026:05:37:23 +0100] "HEAD / HTTP/1.0" 200 4176 "-" "-"
94.130.90.54 - - [12/Mar/2026:05:37:54 +0100] "POST /wp-cron.php?doing_wp_cron=1773290274.7110049724578857421875 HTTP/1.0" 200 4062 "-" "WordPress/6.9.4; https://reezone.inglory.de"
94.130.90.54 - - [12/Mar/2026:10:09:07 +0100] "POST /wp-cron.php?doing_wp_cron=1773306547.8725740909576416015625 HTTP/1.0" 200 4062 "-" "WordPress/6.9.4; https://reezone.inglory.de"
94.130.90.54 - - [12/Mar/2026:10:09:07 +0100] "GET /wp-content/plugins/jet-engine/includes/compatibility/packages/woocommerce/inc/assets/css/admin/meta-boxes.css?ver=3.8.5 HTTP/1.1" 200 7649 "https://reezone.inglory.de/" "Serf/1.3.9 (mod_pagespeed/1.13.35.2-0)"
94.130.90.54 - - [12/Mar/2026:10:09:07 +0100] "GET /wp-content/plugins/jet-engine/assets/css/frontend.css?ver=3.8.5 HTTP/1.1" 200 58875 "https://reezone.inglory.de/" "Serf/1.3.9 (mod_pagespeed/1.13.35.2-0)"
94.130.90.54 - - [12/Mar/2026:10:09:07 +0100] "GET /wp-content/themes/hello-elementor/assets/css/reset.css?ver=3.4.6 HTTP/1.1" 200 8995 "https://reezone.inglory.de/" "Serf/1.3.9 (mod_pagespeed/1.13.35.2-0)"
94.130.90.54 - - [12/Mar/2026:10:09:07 +0100] "GET /wp-content/themes/hello-elementor/assets/css/theme.css?ver=3.4.6 HTTP/1.1" 200 8636 "https://reezone.inglory.de/" "Serf/1.3.9 (mod_pagespeed/1.13.35.2-0)"
34.245.238.229 - - [12/Mar/2026:10:09:05 +0100] "GET / HTTP/1.0" 200 35352 "-" "Plesk screenshot bot https://support.plesk.com/hc/en-us/articles/10301006946066"
94.130.90.54 - - [12/Mar/2026:10:09:07 +0100] "GET /wp-content/themes/hello-elementor/assets/css/header-footer.css?ver=3.4.6 HTTP/1.1" 200 10721 "https://reezone.inglory.de/" "Serf/1.3.9 (mod_pagespeed/1.13.35.2-0)"
94.130.90.54 - - [12/Mar/2026:10:09:07 +0100] "GET /wp-content/plugins/elementor-pro/assets/css/widget-nav-menu.min.css?ver=3.35.1 HTTP/1.1" 200 30933 "https://reezone.inglory.de/" "Serf/1.3.9 (mod_pagespeed/1.13.35.2-0)"
94.130.90.54 - - [12/Mar/2026:10:09:07 +0100] "GET /wp-content/plugins/elementor-pro/assets/css/widget-woocommerce-menu-cart.min.css?ver=3.35.1 HTTP/1.1" 200 17867 "https://reezone.inglory.de/" "Serf/1.3.9 (mod_pagespeed/1.13.35.2-0)"
94.130.90.54 - - [12/Mar/2026:10:09:07 +0100] "GET /wp-content/plugins/elementor-pro/assets/css/modules/sticky.min.css?ver=3.35.1 HTTP/1.1" 200 3669 "https://reezone.inglory.de/" "Serf/1.3.9 (mod_pagespeed/1.13.35.2-0)"
94.130.90.54 - - [12/Mar/2026:10:09:07 +0100] "GET /wp-content/plugins/elementor-pro/assets/css/conditionals/popup.min.css?ver=3.35.1 HTTP/1.1" 200 4503 "https://reezone.inglory.de/" "Serf/1.3.9 (mod_pagespeed/1.13.35.2-0)"
94.130.90.54 - - [12/Mar/2026:10:09:07 +0100] "GET /wp-content/plugins/elementor/assets/lib/eicons/css/elementor-icons.min.css?ver=5.47.0 HTTP/1.1" 200 25210 "https://reezone.inglory.de/" "Serf/1.3.9 (mod_pagespeed/1.13.35.2-0)"
94.130.90.54 - - [12/Mar/2026:10:09:07 +0100] "GET /wp-content/plugins/elementor/assets/lib/swiper/v8/css/swiper.min.css?ver=8.4.5 HTTP/1.1" 200 20040 "https://reezone.inglory.de/" "Serf/1.3.9 (mod_pagespeed/1.13.35.2-0)"
94.130.90.54 - - [12/Mar/2026:10:09:07 +0100] "GET /wp-content/plugins/elementor-pro/assets/css/widget-nested-carousel.min.css?ver=3.35.1 HTTP/1.1" 200 13205 "https://reezone.inglory.de/" "Serf/1.3.9 (mod_pagespeed/1.13.35.2-0)"
34.245.238.229 - - [12/Mar/2026:10:09:08 +0100] "GET /wp-content/plugins/jet-engine/assets/css/frontend.css?ver=3.8.5 HTTP/1.0" 200 12290 "https://reezone.inglory.de/" "Plesk screenshot bot https://support.plesk.com/hc/en-us/articles/10301006946066"
34.245.238.229 - - [12/Mar/2026:10:09:08 +0100] "GET /wp-content/themes/hello-elementor/assets/css/reset.css?ver=3.4.6 HTTP/1.0" 200 5998 "https://reezone.inglory.de/" "Plesk screenshot bot https://support.plesk.com/hc/en-us/articles/10301006946066"
34.245.238.229 - - [12/Mar/2026:10:09:08 +0100] "GET /wp-content/plugins/woocommerce/assets/css/woocommerce-layout.css?ver=10.5.3 HTTP/1.0" 200 7528 "https://reezone.inglory.de/" "Plesk screenshot bot https://support.plesk.com/hc/en-us/articles/10301006946066"
34.245.238.229 - - [12/Mar/2026:10:09:08 +0100] "GET /wp-content/plugins/elementor/assets/css/conditionals/apple-webkit.min.css?ver=3.35.6 HTTP/1.0" 200 4616 "https://reezone.inglory.de/" "Plesk screenshot bot https://support.plesk.com/hc/en-us/articles/10301006946066"
34.245.238.229 - - [12/Mar/2026:10:09:08 +0100] "GET /wp-content/plugins/elementor-pro/assets/css/widget-nav-menu.min.css?ver=3.35.1 HTTP/1.0" 200 7618 "https://reezone.inglory.de/" "Plesk screenshot bot https://support.plesk.com/hc/en-us/articles/10301006946066"
34.245.238.229 - - [12/Mar/2026:10:09:08 +0100] "GET /wp-content/plugins/elementor/assets/css/widget-icon-list.min.css?ver=3.35.6 HTTP/1.0" 200 5093 "https://reezone.inglory.de/" "Plesk screenshot bot https://support.plesk.com/hc/en-us/articles/10301006946066"
34.245.238.229 - - [12/Mar/2026:10:09:08 +0100] "GET /wp-content/plugins/elementor/assets/css/frontend.min.css?ver=3.35.6 HTTP/1.0" 200 11385 "https://reezone.inglory.de/" "Plesk screenshot bot https://support.plesk.com/hc/en-us/articles/10301006946066"
34.245.238.229 - - [12/Mar/2026:10:09:08 +0100] "GET /wp-content/plugins/elementor/assets/css/widget-heading.min.css?ver=3.35.6 HTTP/1.0" 200 4228 "https://reezone.inglory.de/" "Plesk screenshot bot https://support.plesk.com/hc/en-us/articles/10301006946066"
34.245.238.229 - - [12/Mar/2026:10:09:08 +0100] "GET /wp-content/plugins/jet-engine/includes/compatibility/packages/woocommerce/inc/assets/css/admin/meta-boxes.css,qver=3.8.5.pagespeed.ce.GhS3zGBevG.css HTTP/1.0" 200 4998 "https://reezone.inglory.de/" "Plesk screenshot bot https://support.plesk.com/hc/en-us/articles/10301006946066"
34.245.238.229 - - [12/Mar/2026:10:09:08 +0100] "GET /wp-content/themes/hello-elementor/assets/css/theme.css?ver=3.4.6 HTTP/1.0" 200 5455 "https://reezone.inglory.de/" "Plesk screenshot bot https://support.plesk.com/hc/en-us/articles/10301006946066"
34.245.238.229 - - [12/Mar/2026:10:09:08 +0100] "GET /wp-content/plugins/elementor/assets/lib/animations/styles/fadeIn.min.css?ver=3.35.6 HTTP/1.0" 200 4145 "https://reezone.inglory.de/" "Plesk screenshot bot https://support.plesk.com/hc/en-us/articles/10301006946066"
34.245.238.229 - - [12/Mar/2026:10:09:08 +0100] "GET /wp-content/plugins/elementor/assets/css/widget-social-icons.min.css?ver=3.35.6 HTTP/1.0" 200 5212 "https://reezone.inglory.de/" "Plesk screenshot bot https://support.plesk.com/hc/en-us/articles/10301006946066"
34.245.238.229 - - [12/Mar/2026:10:09:08 +0100] "GET /wp-content/plugins/elementor/assets/css/widget-image.min.css?ver=3.35.6 HTTP/1.0" 200 4202 "https://reezone.inglory.de/" "Plesk screenshot bot https://support.plesk.com/hc/en-us/articles/10301006946066"
34.245.238.229 - - [12/Mar/2026:10:09:08 +0100] "GET /wp-content/plugins/elementor-pro/assets/css/widget-woocommerce-menu-cart.min.css?ver=3.35.1 HTTP/1.0" 200 6739 "https://reezone.inglory.de/" "Plesk screenshot bot https://support.plesk.com/hc/en-us/articles/10301006946066"
34.245.238.229 - - [12/Mar/2026:10:09:08 +0100] "GET /wp-content/themes/hello-elementor/assets/css/header-footer.css?ver=3.4.6 HTTP/1.0" 200 5598 "https://reezone.inglory.de/" "Plesk screenshot bot https://support.plesk.com/hc/en-us/articles/10301006946066"
34.245.238.229 - - [12/Mar/2026:10:09:08 +0100] "GET /wp-content/plugins/elementor-pro/assets/css/modules/sticky.min.css?ver=3.35.1 HTTP/1.0" 200 4296 "https://reezone.inglory.de/" "Plesk screenshot bot https://support.plesk.com/hc/en-us/articles/10301006946066"
34.245.238.229 - - [12/Mar/2026:10:09:08 +0100] "GET /wp-content/plugins/woocommerce/assets/css/woocommerce.css?ver=10.5.3 HTTP/1.0" 200 15124 "https://reezone.inglory.de/" "Plesk screenshot bot https://support.plesk.com/hc/en-us/articles/10301006946066"
94.130.90.54 - - [12/Mar/2026:10:09:08 +0100] "GET /wp-content/plugins/yith-woocommerce-product-add-ons/plugin-fw/assets/css/yith-icon.css?ver=4.7.8 HTTP/1.1" 200 24104 "https://reezone.inglory.de/" "Serf/1.3.9 (mod_pagespeed/1.13.35.2-0)"
34.245.238.229 - - [12/Mar/2026:10:09:08 +0100] "GET /wp-content/plugins/elementor/assets/css/conditionals/e-swiper.min.css?ver=3.35.6 HTTP/1.0" 200 4868 "https://reezone.inglory.de/" "Plesk screenshot bot https://support.plesk.com/hc/en-us/articles/10301006946066"
94.130.90.54 - - [12/Mar/2026:10:09:08 +0100] "GET /wp-content/plugins/elementor/assets/lib/font-awesome/css/fontawesome.min.css?ver=5.15.3 HTTP/1.1" 200 61698 "https://reezone.inglory.de/" "Serf/1.3.9 (mod_pagespeed/1.13.35.2-0)"
34.245.238.229 - - [12/Mar/2026:10:09:08 +0100] "GET /wp-content/uploads/elementor/css/post-103.css?ver=1773260340 HTTP/1.0" 200 6797 "https://reezone.inglory.de/" "Plesk screenshot bot https://support.plesk.com/hc/en-us/articles/10301006946066"
34.245.238.229 - - [12/Mar/2026:10:09:08 +0100] "GET /wp-content/plugins/elementor-pro/assets/css/conditionals/popup.min.css?ver=3.35.1 HTTP/1.0" 200 4601 "https://reezone.inglory.de/" "Plesk screenshot bot https://support.plesk.com/hc/en-us/articles/10301006946066"
34.245.238.229 - - [12/Mar/2026:10:09:08 +0100] "GET /wp-content/plugins/elementor/assets/lib/eicons/css/elementor-icons.min.css?ver=5.47.0 HTTP/1.0" 200 8550 "https://reezone.inglory.de/" "Plesk screenshot bot https://support.plesk.com/hc/en-us/articles/10301006946066"
34.245.238.229 - - [12/Mar/2026:10:09:08 +0100] "GET /wp-content/uploads/elementor/css/post-10.css?ver=1773260336 HTTP/1.0" 200 5039 "https://reezone.inglory.de/" "Plesk screenshot bot https://support.plesk.com/hc/en-us/articles/10301006946066"
34.245.238.229 - - [12/Mar/2026:10:09:08 +0100] "GET /wp-content/plugins/elementor/assets/css/widget-divider.min.css?ver=3.35.6 HTTP/1.0" 200 4810 "https://reezone.inglory.de/" "Plesk screenshot bot https://support.plesk.com/hc/en-us/articles/10301006946066"
34.245.238.229 - - [12/Mar/2026:10:09:08 +0100] "GET /wp-content/plugins/elementor/assets/lib/swiper/v8/css/swiper.min.css?ver=8.4.5 HTTP/1.0" 200 8768 "https://reezone.inglory.de/" "Plesk screenshot bot https://support.plesk.com/hc/en-us/articles/10301006946066"
34.245.238.229 - - [12/Mar/2026:10:09:08 +0100] "GET /wp-content/plugins/elementor-pro/assets/css/widget-nested-carousel.min.css?ver=3.35.1 HTTP/1.0" 200 5627 "https://reezone.inglory.de/" "Plesk screenshot bot https://support.plesk.com/hc/en-us/articles/10301006946066"
34.245.238.229 - - [12/Mar/2026:10:09:08 +0100] "GET /wp-content/plugins/elementor/assets/css/widget-image-carousel.min.css?ver=3.35.6 HTTP/1.0" 200 4251 "https://reezone.inglory.de/" "Plesk screenshot bot https://support.plesk.com/hc/en-us/articles/10301006946066"
34.245.238.229 - - [12/Mar/2026:10:09:08 +0100] "GET /wp-content/uploads/elementor/css/post-186.css?ver=1773260340 HTTP/1.0" 200 5759 "https://reezone.inglory.de/" "Plesk screenshot bot https://support.plesk.com/hc/en-us/articles/10301006946066"
34.245.238.229 - - [12/Mar/2026:10:09:08 +0100] "GET /wp-content/uploads/elementor/css/post-137.css?ver=1773260340 HTTP/1.0" 200 7483 "https://reezone.inglory.de/" "Plesk screenshot bot https://support.plesk.com/hc/en-us/articles/10301006946066"
34.245.238.229 - - [12/Mar/2026:10:09:08 +0100] "GET /wp-content/plugins/yith-woocommerce-product-add-ons/assets/css/front.css?ver=4.28.0 HTTP/1.0" 200 9400 "https://reezone.inglory.de/" "Plesk screenshot bot https://support.plesk.com/hc/en-us/articles/10301006946066"
94.130.90.54 - - [12/Mar/2026:10:09:08 +0100] "GET /wp-content/plugins/elementor/assets/lib/font-awesome/css/solid.min.css?ver=5.15.3 HTTP/1.1" 200 4177 "https://reezone.inglory.de/" "Serf/1.3.9 (mod_pagespeed/1.13.35.2-0)"
34.245.238.229 - - [12/Mar/2026:10:09:08 +0100] "GET /wp-content/uploads/elementor/css/post-11.css?ver=1773260340 HTTP/1.0" 200 13663 "https://reezone.inglory.de/" "Plesk screenshot bot https://support.plesk.com/hc/en-us/articles/10301006946066"
94.130.90.54 - - [12/Mar/2026:10:09:08 +0100] "GET /wp-content/plugins/elementor/assets/lib/font-awesome/css/brands.min.css?ver=5.15.3 HTTP/1.1" 200 4183 "https://reezone.inglory.de/" "Serf/1.3.9 (mod_pagespeed/1.13.35.2-0)"
34.245.238.229 - - [12/Mar/2026:10:09:08 +0100] "GET /wp-content/plugins/yith-woocommerce-product-add-ons/plugin-fw/assets/css/yith-icon.css?ver=4.7.8 HTTP/1.0" 200 16163 "https://reezone.inglory.de/" "Plesk screenshot bot https://support.plesk.com/hc/en-us/articles/10301006946066"
94.130.90.54 - - [12/Mar/2026:10:09:08 +0100] "GET /wp-includes/js/jquery/jquery-migrate.min.js?ver=3.4.1 HTTP/1.1" 200 17131 "https://reezone.inglory.de/" "Serf/1.3.9 (mod_pagespeed/1.13.35.2-0)"
34.245.238.229 - - [12/Mar/2026:10:09:08 +0100] "GET /wp-content/plugins/elementor/assets/lib/font-awesome/css/fontawesome.min.css?ver=5.15.3 HTTP/1.0" 200 16665 "https://reezone.inglory.de/" "Plesk screenshot bot https://support.plesk.com/hc/en-us/articles/10301006946066"
34.245.238.229 - - [12/Mar/2026:10:09:08 +0100] "GET /wp-content/plugins/elementor/assets/lib/font-awesome/css/solid.min.css?ver=5.15.3 HTTP/1.0" 200 4490 "https://reezone.inglory.de/" "Plesk screenshot bot https://support.plesk.com/hc/en-us/articles/10301006946066"
34.245.238.229 - - [12/Mar/2026:10:09:08 +0100] "GET /wp-content/plugins/elementor/assets/lib/font-awesome/css/brands.min.css?ver=5.15.3 HTTP/1.0" 200 4489 "https://reezone.inglory.de/" "Plesk screenshot bot https://support.plesk.com/hc/en-us/articles/10301006946066"
34.245.238.229 - - [12/Mar/2026:10:09:08 +0100] "GET /wp-includes/js/jquery/jquery.min.js?ver=3.7.1 HTTP/1.0" 200 34564 "https://reezone.inglory.de/" "Plesk screenshot bot https://support.plesk.com/hc/en-us/articles/10301006946066"
34.245.238.229 - - [12/Mar/2026:10:09:08 +0100] "GET /wp-includes/js/jquery/jquery-migrate.min.js?ver=3.4.1 HTTP/1.0" 200 9090 "https://reezone.inglory.de/" "Plesk screenshot bot https://support.plesk.com/hc/en-us/articles/10301006946066"
94.130.90.54 - - [12/Mar/2026:10:09:08 +0100] "GET /wp-content/plugins/woocommerce/assets/js/jquery-blockui/jquery.blockUI.min.js?ver=2.7.0-wc.10.5.3 HTTP/1.1" 200 13189 "https://reezone.inglory.de/" "Serf/1.3.9 (mod_pagespeed/1.13.35.2-0)"
34.245.238.229 - - [12/Mar/2026:10:09:08 +0100] "GET /wp-content/plugins/woocommerce/assets/js/jquery-blockui/jquery.blockUI.min.js?ver=2.7.0-wc.10.5.3 HTTP/1.0" 200 7665 "https://reezone.inglory.de/" "Plesk screenshot bot https://support.plesk.com/hc/en-us/articles/10301006946066"
34.245.238.229 - - [12/Mar/2026:10:09:08 +0100] "GET /wp-includes/css/dashicons.min.css?ver=6.9.4 HTTP/1.0" 200 39924 "https://reezone.inglory.de/" "Plesk screenshot bot https://support.plesk.com/hc/en-us/articles/10301006946066"
34.245.238.229 - - [12/Mar/2026:10:09:08 +0100] "GET /wp-includes/js/underscore.min.js?ver=1.13.7 HTTP/1.0" 200 11445 "https://reezone.inglory.de/" "Plesk screenshot bot https://support.plesk.com/hc/en-us/articles/10301006946066"
34.245.238.229 - - [12/Mar/2026:10:09:08 +0100] "GET /wp-content/uploads/logo.svg HTTP/1.0" 200 9298 "https://reezone.inglory.de/" "Plesk screenshot bot https://support.plesk.com/hc/en-us/articles/10301006946066"
34.245.238.229 - - [12/Mar/2026:10:09:08 +0100] "GET /wp-includes/js/wp-util.min.js?ver=6.9.4 HTTP/1.0" 200 4836 "https://reezone.inglory.de/" "Plesk screenshot bot https://support.plesk.com/hc/en-us/articles/10301006946066"
34.245.238.229 - - [12/Mar/2026:10:09:08 +0100] "GET /wp-content/uploads/img.jpg HTTP/1.0" 200 58472 "https://reezone.inglory.de/" "Plesk screenshot bot https://support.plesk.com/hc/en-us/articles/10301006946066"
94.130.90.54 - - [12/Mar/2026:10:09:08 +0100] "GET /wp-content/plugins/elementor/assets/js/frontend-modules.min.js?ver=3.35.6 HTTP/1.1" 200 54144 "https://reezone.inglory.de/" "Serf/1.3.9 (mod_pagespeed/1.13.35.2-0)"
94.130.90.54 - - [12/Mar/2026:10:09:08 +0100] "GET /wp-includes/js/jquery/ui/core.min.js?ver=1.13.3 HTTP/1.1" 200 25047 "https://reezone.inglory.de/" "Serf/1.3.9 (mod_pagespeed/1.13.35.2-0)"
34.245.238.229 - - [12/Mar/2026:10:09:08 +0100] "GET /wp-content/uploads/img-1.jpg HTTP/1.0" 200 52470 "https://reezone.inglory.de/" "Plesk screenshot bot https://support.plesk.com/hc/en-us/articles/10301006946066"
34.245.238.229 - - [12/Mar/2026:10:09:08 +0100] "GET /wp-content/plugins/jet-woo-product-gallery/assets/lib/swiper/swiper.min.js?ver=5.3.6 HTTP/1.0" 200 39709 "https://reezone.inglory.de/" "Plesk screenshot bot https://support.plesk.com/hc/en-us/articles/10301006946066"
94.130.90.54 - - [12/Mar/2026:10:09:08 +0100] "GET /wp-content/plugins/elementor-pro/assets/lib/smartmenus/jquery.smartmenus.min.js?ver=1.2.1 HTTP/1.1" 200 27692 "https://reezone.inglory.de/" "Serf/1.3.9 (mod_pagespeed/1.13.35.2-0)"
94.130.90.54 - - [12/Mar/2026:10:09:08 +0100] "GET /wp-content/plugins/elementor-pro/assets/lib/sticky/jquery.sticky.min.js?ver=3.35.1 HTTP/1.1" 200 7273 "https://reezone.inglory.de/" "Serf/1.3.9 (mod_pagespeed/1.13.35.2-0)"
94.130.90.54 - - [12/Mar/2026:10:09:08 +0100] "GET /wp-content/plugins/woocommerce/assets/js/frontend/order-attribution.min.js?ver=10.5.3 HTTP/1.1" 200 5991 "https://reezone.inglory.de/" "Serf/1.3.9 (mod_pagespeed/1.13.35.2-0)"
94.130.90.54 - - [12/Mar/2026:10:09:08 +0100] "GET /wp-includes/js/jquery/ui/datepicker.min.js?ver=1.13.3 HTTP/1.1" 200 40360 "https://reezone.inglory.de/" "Serf/1.3.9 (mod_pagespeed/1.13.35.2-0)"
94.130.90.54 - - [12/Mar/2026:10:09:08 +0100] "GET /wp-content/plugins/woocommerce/assets/js/selectWoo/selectWoo.full.min.js?ver=1.0.9-wc.10.5.3 HTTP/1.1" 200 81586 "https://reezone.inglory.de/" "Serf/1.3.9 (mod_pagespeed/1.13.35.2-0)"
94.130.90.54 - - [12/Mar/2026:10:09:08 +0100] "GET /wp-includes/js/dist/hooks.min.js?ver=dd5603f07f9220ed27f1 HTTP/1.1" 200 9214 "https://reezone.inglory.de/" "Serf/1.3.9 (mod_pagespeed/1.13.35.2-0)"
94.130.90.54 - - [12/Mar/2026:10:09:08 +0100] "GET /wp-content/plugins/woocommerce/assets/js/frontend/add-to-cart.min.js?ver=10.5.3 HTTP/1.1" 200 7903 "https://reezone.inglory.de/" "Serf/1.3.9 (mod_pagespeed/1.13.35.2-0)"
94.130.90.54 - - [12/Mar/2026:10:09:08 +0100] "GET /wp-content/plugins/woocommerce/assets/js/js-cookie/js.cookie.min.js?ver=2.1.4-wc.10.5.3 HTTP/1.1" 200 5243 "https://reezone.inglory.de/" "Serf/1.3.9 (mod_pagespeed/1.13.35.2-0)"
34.245.238.229 - - [12/Mar/2026:10:09:08 +0100] "GET /wp-content/uploads/img-4.jpg HTTP/1.0" 200 59071 "https://reezone.inglory.de/" "Plesk screenshot bot https://support.plesk.com/hc/en-us/articles/10301006946066"
94.130.90.54 - - [12/Mar/2026:10:09:08 +0100] "GET /wp-content/plugins/woocommerce/assets/js/frontend/woocommerce.min.js?ver=10.5.3 HTTP/1.1" 200 7684 "https://reezone.inglory.de/" "Serf/1.3.9 (mod_pagespeed/1.13.35.2-0)"
94.130.90.54 - - [12/Mar/2026:10:09:08 +0100] "GET /wp-content/plugins/woocommerce/assets/js/frontend/cart-fragments.min.js?ver=10.5.3 HTTP/1.1" 200 6491 "https://reezone.inglory.de/" "Serf/1.3.9 (mod_pagespeed/1.13.35.2-0)"
34.245.238.229 - - [12/Mar/2026:10:09:08 +0100] "GET /wp-content/uploads/img-5.jpg HTTP/1.0" 200 141893 "https://reezone.inglory.de/" "Plesk screenshot bot https://support.plesk.com/hc/en-us/articles/10301006946066"
94.130.90.54 - - [12/Mar/2026:10:09:08 +0100] "GET /wp-content/uploads/cropped-items-1-32x32.png HTTP/1.1" 200 4542 "https://reezone.inglory.de/" "Serf/1.3.9 (mod_pagespeed/1.13.35.2-0)"
94.130.90.54 - - [12/Mar/2026:10:09:08 +0100] "GET /wp-content/uploads/cropped-items-1-192x192.png HTTP/1.1" 200 6775 "https://reezone.inglory.de/" "Serf/1.3.9 (mod_pagespeed/1.13.35.2-0)"
94.130.90.54 - - [12/Mar/2026:10:09:08 +0100] "GET /wp-content/uploads/cropped-items-1-180x180.png HTTP/1.1" 200 6585 "https://reezone.inglory.de/" "Serf/1.3.9 (mod_pagespeed/1.13.35.2-0)"
94.130.90.54 - - [12/Mar/2026:10:09:08 +0100] "GET /wp-content/uploads/image-2-1.png HTTP/1.1" 200 15140 "https://reezone.inglory.de/" "Serf/1.3.9 (mod_pagespeed/1.13.35.2-0)"
94.130.90.54 - - [12/Mar/2026:10:09:08 +0100] "GET /wp-content/uploads/image-204-1.jpg HTTP/1.1" 200 94254 "https://reezone.inglory.de/" "Serf/1.3.9 (mod_pagespeed/1.13.35.2-0)"
94.130.90.54 - - [12/Mar/2026:10:09:08 +0100] "GET /wp-content/uploads/image-204-1.jpg HTTP/1.1" 200 94254 "https://reezone.inglory.de/" "Serf/1.3.9 (mod_pagespeed/1.13.35.2-0)"
34.245.238.229 - - [12/Mar/2026:10:09:08 +0100] "GET /wp-content/plugins/woocommerce/assets/client/blocks/wc-blocks.css?ver=wc-10.5.3 HTTP/1.0" 200 6732 "https://reezone.inglory.de/" "Plesk screenshot bot https://support.plesk.com/hc/en-us/articles/10301006946066"
94.130.90.54 - - [12/Mar/2026:10:09:08 +0100] "GET /wp-content/uploads/image-204-1-300x248.jpg HTTP/1.1" 200 16000 "https://reezone.inglory.de/" "Serf/1.3.9 (mod_pagespeed/1.13.35.2-0)"
34.245.238.229 - - [12/Mar/2026:10:09:08 +0100] "GET /wp-content/uploads/elementor/css/post-192.css?ver=1773260341 HTTP/1.0" 200 4886 "https://reezone.inglory.de/" "Plesk screenshot bot https://support.plesk.com/hc/en-us/articles/10301006946066"
94.130.90.54 - - [12/Mar/2026:10:09:08 +0100] "GET /wp-content/uploads/image-204-1-1024x845.jpg HTTP/1.1" 200 90440 "https://reezone.inglory.de/" "Serf/1.3.9 (mod_pagespeed/1.13.35.2-0)"
34.245.238.229 - - [12/Mar/2026:10:09:08 +0100] "GET /wp-content/plugins/wp-social-reviews/assets/css/wp_social_ninja_ig.css?ver=4.1.0 HTTP/1.0" 200 11084 "https://reezone.inglory.de/" "Plesk screenshot bot https://support.plesk.com/hc/en-us/articles/10301006946066"
34.245.238.229 - - [12/Mar/2026:10:09:08 +0100] "GET /wp-includes/js/dist/hooks.min.js?ver=dd5603f07f9220ed27f1 HTTP/1.0" 200 6161 "https://reezone.inglory.de/" "Plesk screenshot bot https://support.plesk.com/hc/en-us/articles/10301006946066"
94.130.90.54 - - [12/Mar/2026:10:09:08 +0100] "GET /wp-content/uploads/image-204-1-768x634.jpg HTTP/1.1" 200 59222 "https://reezone.inglory.de/" "Serf/1.3.9 (mod_pagespeed/1.13.35.2-0)"
34.245.238.229 - - [12/Mar/2026:10:09:08 +0100] "GET /wp-content/plugins/elementor-pro/assets/js/webpack-pro.runtime.min.js?ver=3.35.1 HTTP/1.0" 200 6984 "https://reezone.inglory.de/" "Plesk screenshot bot https://support.plesk.com/hc/en-us/articles/10301006946066"
34.245.238.229 - - [12/Mar/2026:10:09:08 +0100] "GET /wp-content/plugins/woocommerce/assets/js/selectWoo/selectWoo.full.min.js?ver=1.0.9-wc.10.5.3 HTTP/1.0" 200 26074 "https://reezone.inglory.de/" "Plesk screenshot bot https://support.plesk.com/hc/en-us/articles/10301006946066"
34.245.238.229 - - [12/Mar/2026:10:09:08 +0100] "GET /wp-includes/js/dist/i18n.min.js?ver=c26c3dc7bed366793375 HTTP/1.0" 200 6357 "https://reezone.inglory.de/" "Plesk screenshot bot https://support.plesk.com/hc/en-us/articles/10301006946066"
34.245.238.229 - - [12/Mar/2026:10:09:08 +0100] "GET /wp-content/plugins/woocommerce/assets/js/sourcebuster/sourcebuster.min.js?ver=10.5.3 HTTP/1.0" 200 8935 "https://reezone.inglory.de/" "Plesk screenshot bot https://support.plesk.com/hc/en-us/articles/10301006946066"
34.245.238.229 - - [12/Mar/2026:10:09:08 +0100] "GET /wp-content/plugins/woocommerce/assets/js/frontend/single-product.min.js?ver=10.5.3 HTTP/1.0" 200 7065 "https://reezone.inglory.de/" "Plesk screenshot bot https://support.plesk.com/hc/en-us/articles/10301006946066"
94.130.90.54 - - [12/Mar/2026:10:09:08 +0100] "GET /wp-content/uploads/image-204-1-600x495.jpg HTTP/1.1" 200 41016 "https://reezone.inglory.de/" "Serf/1.3.9 (mod_pagespeed/1.13.35.2-0)"
34.245.238.229 - - [12/Mar/2026:10:09:08 +0100] "GET /wp-content/plugins/elementor-pro/assets/js/frontend.min.js?ver=3.35.1 HTTP/1.0" 200 10562 "https://reezone.inglory.de/" "Plesk screenshot bot https://support.plesk.com/hc/en-us/articles/10301006946066"
94.130.90.54 - - [12/Mar/2026:10:09:08 +0100] "GET /wp-content/uploads/image-199-1.jpg HTTP/1.1" 200 46271 "https://reezone.inglory.de/" "Serf/1.3.9 (mod_pagespeed/1.13.35.2-0)"
34.245.238.229 - - [12/Mar/2026:10:09:08 +0100] "GET /wp-includes/js/jquery/ui/progressbar.min.js?ver=1.13.3 HTTP/1.0" 200 5013 "https://reezone.inglory.de/" "Plesk screenshot bot https://support.plesk.com/hc/en-us/articles/10301006946066"
94.130.90.54 - - [12/Mar/2026:10:09:08 +0100] "GET /wp-content/uploads/image-199-1.jpg HTTP/1.1" 200 46271 "https://reezone.inglory.de/" "Serf/1.3.9 (mod_pagespeed/1.13.35.2-0)"
34.245.238.229 - - [12/Mar/2026:10:09:08 +0100] "GET /wp-content/plugins/elementor/assets/js/frontend.min.js?ver=3.35.6 HTTP/1.0" 200 14490 "https://reezone.inglory.de/" "Plesk screenshot bot https://support.plesk.com/hc/en-us/articles/10301006946066"
34.245.238.229 - - [12/Mar/2026:10:09:08 +0100] "GET /wp-content/plugins/elementor-pro/assets/lib/smartmenus/jquery.smartmenus.min.js?ver=1.2.1 HTTP/1.0" 200 11275 "https://reezone.inglory.de/" "Plesk screenshot bot https://support.plesk.com/hc/en-us/articles/10301006946066"
94.130.90.54 - - [12/Mar/2026:10:09:08 +0100] "GET /wp-content/uploads/image-199-1-300x157.jpg HTTP/1.1" 200 12456 "https://reezone.inglory.de/" "Serf/1.3.9 (mod_pagespeed/1.13.35.2-0)"
94.130.90.54 - - [12/Mar/2026:10:09:08 +0100] "GET /wp-content/uploads/image-199-1-1024x535.jpg HTTP/1.1" 200 50146 "https://reezone.inglory.de/" "Serf/1.3.9 (mod_pagespeed/1.13.35.2-0)"
94.130.90.54 - - [12/Mar/2026:10:09:08 +0100] "GET /wp-content/uploads/image-199-1-768x401.jpg HTTP/1.1" 200 35201 "https://reezone.inglory.de/" "Serf/1.3.9 (mod_pagespeed/1.13.35.2-0)"
94.130.90.54 - - [12/Mar/2026:10:09:08 +0100] "GET /wp-content/uploads/image-199-1-600x313.jpg HTTP/1.1" 200 26276 "https://reezone.inglory.de/" "Serf/1.3.9 (mod_pagespeed/1.13.35.2-0)"
34.245.238.229 - - [12/Mar/2026:10:09:08 +0100] "GET /wp-includes/js/jquery/ui/datepicker.min.js?ver=1.13.3 HTTP/1.0" 200 15087 "https://reezone.inglory.de/" "Plesk screenshot bot https://support.plesk.com/hc/en-us/articles/10301006946066"
94.130.90.54 - - [12/Mar/2026:10:09:08 +0100] "GET /wp-content/uploads/multizonenrahmeninfinity.jpg HTTP/1.1" 200 538335 "https://reezone.inglory.de/" "Serf/1.3.9 (mod_pagespeed/1.13.35.2-0)"
34.245.238.229 - - [12/Mar/2026:10:09:08 +0100] "GET /wp-content/plugins/elementor-pro/assets/lib/sticky/jquery.sticky.min.js?ver=3.35.1 HTTP/1.0" 200 5739 "https://reezone.inglory.de/" "Plesk screenshot bot https://support.plesk.com/hc/en-us/articles/10301006946066"
34.245.238.229 - - [12/Mar/2026:10:09:08 +0100] "GET /wp-content/plugins/elementor/assets/lib/swiper/v8/swiper.min.js?ver=8.4.5 HTTP/1.0" 200 43913 "https://reezone.inglory.de/" "Plesk screenshot bot https://support.plesk.com/hc/en-us/articles/10301006946066"
34.245.238.229 - - [12/Mar/2026:10:09:08 +0100] "GET /wp-content/plugins/elementor/assets/js/webpack.runtime.min.js?ver=3.35.6 HTTP/1.0" 200 6624 "https://reezone.inglory.de/" "Plesk screenshot bot https://support.plesk.com/hc/en-us/articles/10301006946066"
94.130.90.54 - - [12/Mar/2026:10:09:08 +0100] "GET /wp-content/uploads/multizonenrahmeninfinity.jpg HTTP/1.1" 200 538335 "https://reezone.inglory.de/" "Serf/1.3.9 (mod_pagespeed/1.13.35.2-0)"
34.245.238.229 - - [12/Mar/2026:10:09:08 +0100] "GET /wp-content/plugins/woocommerce/assets/js/frontend/add-to-cart-variation.min.js?ver=10.5.3 HTTP/1.0" 200 8068 "https://reezone.inglory.de/" "Plesk screenshot bot https://support.plesk.com/hc/en-us/articles/10301006946066"
34.245.238.229 - - [12/Mar/2026:10:09:08 +0100] "GET /wp-content/plugins/woocommerce/assets/css/photoswipe/default-skin/default-skin.min.css?ver=10.5.3 HTTP/1.0" 200 6066 "https://reezone.inglory.de/" "Plesk screenshot bot https://support.plesk.com/hc/en-us/articles/10301006946066"
34.245.238.229 - - [12/Mar/2026:10:09:08 +0100] "GET /wp-content/plugins/elementor/assets/js/frontend-modules.min.js?ver=3.35.6 HTTP/1.0" 200 20076 "https://reezone.inglory.de/" "Plesk screenshot bot https://support.plesk.com/hc/en-us/articles/10301006946066"
34.245.238.229 - - [12/Mar/2026:10:09:08 +0100] "GET /wp-content/plugins/yith-woocommerce-product-add-ons/assets/js/front.min.js?ver=4.28.0 HTTP/1.0" 200 17152 "https://reezone.inglory.de/" "Plesk screenshot bot https://support.plesk.com/hc/en-us/articles/10301006946066"
34.245.238.229 - - [12/Mar/2026:10:09:08 +0100] "GET /wp-includes/js/jquery/ui/core.min.js?ver=1.13.3 HTTP/1.0" 200 11314 "https://reezone.inglory.de/" "Plesk screenshot bot https://support.plesk.com/hc/en-us/articles/10301006946066"
34.245.238.229 - - [12/Mar/2026:10:09:08 +0100] "GET /wp-content/plugins/woocommerce/assets/js/frontend/add-to-cart.min.js?ver=10.5.3 HTTP/1.0" 200 5637 "https://reezone.inglory.de/" "Plesk screenshot bot https://support.plesk.com/hc/en-us/articles/10301006946066"
94.130.90.54 - - [12/Mar/2026:10:09:08 +0100] "GET /wp-content/uploads/multizonenrahmeninfinity-300x158.jpg HTTP/1.1" 200 25224 "https://reezone.inglory.de/" "Serf/1.3.9 (mod_pagespeed/1.13.35.2-0)"
34.245.238.229 - - [12/Mar/2026:10:09:08 +0100] "GET /wp-content/plugins/elementor-pro/assets/js/elements-handlers.min.js?ver=3.35.1 HTTP/1.0" 200 14710 "https://reezone.inglory.de/" "Plesk screenshot bot https://support.plesk.com/hc/en-us/articles/10301006946066"
94.130.90.54 - - [12/Mar/2026:10:09:08 +0100] "GET /wp-content/uploads/multizonenrahmeninfinity-1024x538.jpg HTTP/1.1" 200 114533 "https://reezone.inglory.de/" "Serf/1.3.9 (mod_pagespeed/1.13.35.2-0)"
34.245.238.229 - - [12/Mar/2026:10:09:08 +0100] "GET /wp-content/plugins/woocommerce/assets/css/photoswipe/photoswipe.min.css?ver=10.5.3 HTTP/1.0" 200 5065 "https://reezone.inglory.de/" "Plesk screenshot bot https://support.plesk.com/hc/en-us/articles/10301006946066"
34.245.238.229 - - [12/Mar/2026:10:09:08 +0100] "GET /wp-content/plugins/woocommerce/assets/js/js-cookie/js.cookie.min.js?ver=2.1.4-wc.10.5.3 HTTP/1.0" 200 5029 "https://reezone.inglory.de/" "Plesk screenshot bot https://support.plesk.com/hc/en-us/articles/10301006946066"
94.130.90.54 - - [12/Mar/2026:10:09:08 +0100] "GET /wp-content/uploads/multizonenrahmeninfinity-768x403.jpg HTTP/1.1" 200 75424 "https://reezone.inglory.de/" "Serf/1.3.9 (mod_pagespeed/1.13.35.2-0)"
34.245.238.229 - - [12/Mar/2026:10:09:08 +0100] "GET /wp-content/plugins/woocommerce/assets/js/frontend/woocommerce.min.js?ver=10.5.3 HTTP/1.0" 200 5730 "https://reezone.inglory.de/" "Plesk screenshot bot https://support.plesk.com/hc/en-us/articles/10301006946066"
34.245.238.229 - - [12/Mar/2026:10:09:08 +0100] "GET /wp-content/uploads/Google-logo.svg HTTP/1.0" 200 5172 "https://reezone.inglory.de/" "Plesk screenshot bot https://support.plesk.com/hc/en-us/articles/10301006946066"
94.130.90.54 - - [12/Mar/2026:10:09:08 +0100] "GET /wp-content/uploads/multizonenrahmeninfinity-600x315.jpg HTTP/1.1" 200 54085 "https://reezone.inglory.de/" "Serf/1.3.9 (mod_pagespeed/1.13.35.2-0)"
34.245.238.229 - - [12/Mar/2026:10:09:08 +0100] "GET /wp-content/uploads/stars.svg HTTP/1.0" 200 5011 "https://reezone.inglory.de/" "Plesk screenshot bot https://support.plesk.com/hc/en-us/articles/10301006946066"
94.130.90.54 - - [12/Mar/2026:10:09:08 +0100] "GET /wp-content/uploads/unnamed605.png HTTP/1.1" 200 12327 "https://reezone.inglory.de/" "Serf/1.3.9 (mod_pagespeed/1.13.35.2-0)"
34.245.238.229 - - [12/Mar/2026:10:09:08 +0100] "GET /wp-content/uploads/img-6.jpg HTTP/1.0" 200 38334 "https://reezone.inglory.de/" "Plesk screenshot bot https://support.plesk.com/hc/en-us/articles/10301006946066"
34.245.238.229 - - [12/Mar/2026:10:09:08 +0100] "GET /wp-content/uploads/img-7.jpg HTTP/1.0" 200 55964 "https://reezone.inglory.de/" "Plesk screenshot bot https://support.plesk.com/hc/en-us/articles/10301006946066"
94.130.90.54 - - [12/Mar/2026:10:09:08 +0100] "GET /wp-content/uploads/unnamed605.png HTTP/1.1" 200 12327 "https://reezone.inglory.de/" "Serf/1.3.9 (mod_pagespeed/1.13.35.2-0)"
34.245.238.229 - - [12/Mar/2026:10:09:08 +0100] "GET /wp-content/uploads/logo-1.svg HTTP/1.0" 200 9802 "https://reezone.inglory.de/" "Plesk screenshot bot https://support.plesk.com/hc/en-us/articles/10301006946066"
34.245.238.229 - - [12/Mar/2026:10:09:08 +0100] "GET /wp-content/uploads/img-8.jpg HTTP/1.0" 200 44132 "https://reezone.inglory.de/" "Plesk screenshot bot https://support.plesk.com/hc/en-us/articles/10301006946066"
94.130.90.54 - - [12/Mar/2026:10:09:08 +0100] "GET /wp-content/uploads/unnamed605-100x100.png HTTP/1.1" 200 10184 "https://reezone.inglory.de/" "Serf/1.3.9 (mod_pagespeed/1.13.35.2-0)"
34.245.238.229 - - [12/Mar/2026:10:09:08 +0100] "GET /wp-content/plugins/woocommerce/assets/js/frontend/cart-fragments.min.js?ver=10.5.3 HTTP/1.0" 200 5237 "https://reezone.inglory.de/" "Plesk screenshot bot https://support.plesk.com/hc/en-us/articles/10301006946066"
34.245.238.229 - - [12/Mar/2026:10:09:08 +0100] "GET /wp-content/plugins/woocommerce/assets/js/frontend/order-attribution.min.js?ver=10.5.3 HTTP/1.0" 200 5347 "https://reezone.inglory.de/" "Plesk screenshot bot https://support.plesk.com/hc/en-us/articles/10301006946066"
34.245.238.229 - - [12/Mar/2026:10:09:08 +0100] "GET /wp-content/plugins/woocommerce/assets/css/woocommerce-smallscreen.css?ver=10.5.3 HTTP/1.0" 200 5349 "https://reezone.inglory.de/" "Plesk screenshot bot https://support.plesk.com/hc/en-us/articles/10301006946066"
94.130.90.54 - - [12/Mar/2026:10:09:08 +0100] "GET /wp-content/uploads/img.png HTTP/1.1" 200 8895 "https://reezone.inglory.de/" "Serf/1.3.9 (mod_pagespeed/1.13.35.2-0)"
94.130.90.54 - - [12/Mar/2026:10:09:08 +0100] "GET /wp-content/uploads/img.png HTTP/1.1" 200 8895 "https://reezone.inglory.de/" "Serf/1.3.9 (mod_pagespeed/1.13.35.2-0)"
34.245.238.229 - - [12/Mar/2026:10:09:08 +0100] "GET /wp-content/uploads/20260304_1800_Image-Generation_simple_compose_01kjwwndjaef0atbn1g3g7hpyr.png HTTP/1.0" 200 1603253 "https://reezone.inglory.de/wp-content/uploads/elementor/css/post-11.css?ver=1773260340" "Plesk screenshot bot https://support.plesk.com/hc/en-us/articles/10301006946066"
94.130.90.54 - - [12/Mar/2026:10:09:08 +0100] "GET /wp-content/uploads/img-100x100.png HTTP/1.1" 200 8750 "https://reezone.inglory.de/" "Serf/1.3.9 (mod_pagespeed/1.13.35.2-0)"
34.245.238.229 - - [12/Mar/2026:10:09:08 +0100] "GET /wp-content/plugins/elementor/assets/lib/font-awesome/webfonts/fa-brands-400.woff2 HTTP/1.0" 200 85744 "https://reezone.inglory.de/wp-content/plugins/elementor/assets/lib/font-awesome/css/brands.min.css?ver=5.15.3" "Plesk screenshot bot https://support.plesk.com/hc/en-us/articles/10301006946066"
94.130.90.54 - - [12/Mar/2026:10:09:08 +0100] "GET /wp-content/uploads/img-1.png HTTP/1.1" 200 12008 "https://reezone.inglory.de/" "Serf/1.3.9 (mod_pagespeed/1.13.35.2-0)"
34.245.238.229 - - [12/Mar/2026:10:09:08 +0100] "GET /wp-content/uploads/bg-1.jpg HTTP/1.0" 200 329423 "https://reezone.inglory.de/wp-content/uploads/elementor/css/post-11.css?ver=1773260340" "Plesk screenshot bot https://support.plesk.com/hc/en-us/articles/10301006946066"
94.130.90.54 - - [12/Mar/2026:10:09:08 +0100] "GET /wp-content/uploads/img-1.png HTTP/1.1" 200 12008 "https://reezone.inglory.de/" "Serf/1.3.9 (mod_pagespeed/1.13.35.2-0)"
94.130.90.54 - - [12/Mar/2026:10:09:08 +0100] "GET /wp-content/uploads/img-1-100x100.png HTTP/1.1" 200 10748 "https://reezone.inglory.de/" "Serf/1.3.9 (mod_pagespeed/1.13.35.2-0)"
94.130.90.54 - - [12/Mar/2026:10:09:08 +0100] "GET /wp-content/uploads/img-2.png HTTP/1.1" 200 8298 "https://reezone.inglory.de/" "Serf/1.3.9 (mod_pagespeed/1.13.35.2-0)"
34.245.238.229 - - [12/Mar/2026:10:09:08 +0100] "GET /wp-content/uploads/20260304_1800_Image-Generation_simple_compose_01kjwwnp14f0xa2kqq0stgc0ct.png HTTP/1.0" 200 1384842 "https://reezone.inglory.de/wp-content/uploads/elementor/css/post-11.css?ver=1773260340" "Plesk screenshot bot https://support.plesk.com/hc/en-us/articles/10301006946066"
94.130.90.54 - - [12/Mar/2026:10:09:08 +0100] "GET /wp-content/uploads/img-2.png HTTP/1.1" 200 8298 "https://reezone.inglory.de/" "Serf/1.3.9 (mod_pagespeed/1.13.35.2-0)"
34.245.238.229 - - [12/Mar/2026:10:09:08 +0100] "GET /wp-content/plugins/elementor/assets/lib/eicons/fonts/eicons.woff2?5.47.0 HTTP/1.0" 200 109349 "https://reezone.inglory.de/wp-content/plugins/elementor/assets/lib/eicons/css/elementor-icons.min.css?ver=5.47.0" "Plesk screenshot bot https://support.plesk.com/hc/en-us/articles/10301006946066"
94.130.90.54 - - [12/Mar/2026:10:09:08 +0100] "GET /wp-content/uploads/img-2-100x100.png HTTP/1.1" 200 8158 "https://reezone.inglory.de/" "Serf/1.3.9 (mod_pagespeed/1.13.35.2-0)"
94.130.90.54 - - [12/Mar/2026:10:09:08 +0100] "GET /wp-content/uploads/img.jpg HTTP/1.1" 200 57969 "https://reezone.inglory.de/" "Serf/1.3.9 (mod_pagespeed/1.13.35.2-0)"
94.130.90.54 - - [12/Mar/2026:10:09:08 +0100] "GET /wp-content/uploads/img-1.jpg HTTP/1.1" 200 51960 "https://reezone.inglory.de/" "Serf/1.3.9 (mod_pagespeed/1.13.35.2-0)"
94.130.90.54 - - [12/Mar/2026:10:09:08 +0100] "GET /wp-content/uploads/img-4.jpg HTTP/1.1" 200 58568 "https://reezone.inglory.de/" "Serf/1.3.9 (mod_pagespeed/1.13.35.2-0)"
34.245.238.229 - - [12/Mar/2026:10:09:08 +0100] "GET /wp-content/uploads/20260304_1801_Image-Generation_simple_compose_01kjwwpt59e5wvzpa30p6ap9v3.png HTTP/1.0" 200 1429167 "https://reezone.inglory.de/wp-content/uploads/elementor/css/post-11.css?ver=1773260340" "Plesk screenshot bot https://support.plesk.com/hc/en-us/articles/10301006946066"
34.245.238.229 - - [12/Mar/2026:10:09:08 +0100] "GET /wp-content/uploads/image-2-1.png HTTP/1.0" 200 15750 "https://reezone.inglory.de/" "Plesk screenshot bot https://support.plesk.com/hc/en-us/articles/10301006946066"
94.130.90.54 - - [12/Mar/2026:10:09:08 +0100] "GET /wp-content/uploads/img-5.jpg HTTP/1.1" 200 141425 "https://reezone.inglory.de/" "Serf/1.3.9 (mod_pagespeed/1.13.35.2-0)"
94.130.90.54 - - [12/Mar/2026:10:09:08 +0100] "GET /wp-content/uploads/img-6.jpg HTTP/1.1" 200 37824 "https://reezone.inglory.de/" "Serf/1.3.9 (mod_pagespeed/1.13.35.2-0)"
94.130.90.54 - - [12/Mar/2026:10:09:08 +0100] "GET /wp-content/uploads/img-7.jpg HTTP/1.1" 200 55461 "https://reezone.inglory.de/" "Serf/1.3.9 (mod_pagespeed/1.13.35.2-0)"
94.130.90.54 - - [12/Mar/2026:10:09:08 +0100] "GET /wp-content/uploads/img-8.jpg HTTP/1.1" 200 43622 "https://reezone.inglory.de/" "Serf/1.3.9 (mod_pagespeed/1.13.35.2-0)"
94.130.90.54 - - [12/Mar/2026:10:09:08 +0100] "GET /wp-content/uploads/scherz.jpg HTTP/1.1" 200 215536 "https://reezone.inglory.de/" "Serf/1.3.9 (mod_pagespeed/1.13.35.2-0)"
94.130.90.54 - - [12/Mar/2026:10:09:08 +0100] "GET /wp-content/uploads/scherz.jpg HTTP/1.1" 200 215536 "https://reezone.inglory.de/" "Serf/1.3.9 (mod_pagespeed/1.13.35.2-0)"
94.130.90.54 - - [12/Mar/2026:10:09:08 +0100] "GET /wp-content/uploads/scherz-300x205.jpg HTTP/1.1" 200 23624 "https://reezone.inglory.de/" "Serf/1.3.9 (mod_pagespeed/1.13.35.2-0)"
94.130.90.54 - - [12/Mar/2026:10:09:08 +0100] "GET /wp-content/uploads/scherz-600x411.jpg HTTP/1.1" 200 45341 "https://reezone.inglory.de/" "Serf/1.3.9 (mod_pagespeed/1.13.35.2-0)"
94.130.90.54 - - [12/Mar/2026:10:09:08 +0100] "GET /wp-content/uploads/lautwein.jpg HTTP/1.1" 200 210431 "https://reezone.inglory.de/" "Serf/1.3.9 (mod_pagespeed/1.13.35.2-0)"
94.130.90.54 - - [12/Mar/2026:10:09:08 +0100] "GET /wp-content/uploads/lautwein.jpg HTTP/1.1" 200 210431 "https://reezone.inglory.de/" "Serf/1.3.9 (mod_pagespeed/1.13.35.2-0)"
94.130.90.54 - - [12/Mar/2026:10:09:08 +0100] "GET /wp-content/uploads/lautwein-300x205.jpg HTTP/1.1" 200 20865 "https://reezone.inglory.de/" "Serf/1.3.9 (mod_pagespeed/1.13.35.2-0)"
94.130.90.54 - - [12/Mar/2026:10:09:08 +0100] "GET /wp-content/uploads/lautwein-600x411.jpg HTTP/1.1" 200 39600 "https://reezone.inglory.de/" "Serf/1.3.9 (mod_pagespeed/1.13.35.2-0)"
94.130.90.54 - - [12/Mar/2026:10:09:08 +0100] "GET /wp-content/uploads/ackermann.jpg HTTP/1.1" 200 167034 "https://reezone.inglory.de/" "Serf/1.3.9 (mod_pagespeed/1.13.35.2-0)"
94.130.90.54 - - [12/Mar/2026:10:09:08 +0100] "GET /wp-content/uploads/ackermann.jpg HTTP/1.1" 200 167034 "https://reezone.inglory.de/" "Serf/1.3.9 (mod_pagespeed/1.13.35.2-0)"
94.130.90.54 - - [12/Mar/2026:10:09:08 +0100] "GET /wp-content/uploads/ackermann-300x205.jpg HTTP/1.1" 200 17900 "https://reezone.inglory.de/" "Serf/1.3.9 (mod_pagespeed/1.13.35.2-0)"
94.130.90.54 - - [12/Mar/2026:10:09:08 +0100] "GET /wp-content/uploads/ackermann-600x411.jpg HTTP/1.1" 200 31635 "https://reezone.inglory.de/" "Serf/1.3.9 (mod_pagespeed/1.13.35.2-0)"
94.130.90.54 - - [12/Mar/2026:10:09:08 +0100] "GET /wp-content/uploads/Frame-4627-1.png HTTP/1.1" 200 115991 "https://reezone.inglory.de/" "Serf/1.3.9 (mod_pagespeed/1.13.35.2-0)"
94.130.90.54 - - [12/Mar/2026:10:09:08 +0100] "GET /wp-content/uploads/Frame-4627-1.png HTTP/1.1" 200 115991 "https://reezone.inglory.de/" "Serf/1.3.9 (mod_pagespeed/1.13.35.2-0)"
94.130.90.54 - - [12/Mar/2026:10:09:08 +0100] "GET /wp-content/uploads/Frame-4627-1-300x74.png HTTP/1.1" 200 18062 "https://reezone.inglory.de/" "Serf/1.3.9 (mod_pagespeed/1.13.35.2-0)"
