165.101.133.128 - - [09/Mar/2026:14:06:27 +0100] "GET /wp-content/uploads/img-4-1.jpg HTTP/1.0" 200 105522 "https://reezone.inglory.de/wp-content/uploads/elementor/css/post-24.css?ver=1773061586" "Mozilla/5.0 (Macintosh; Intel Mac OS X 10_15_7) AppleWebKit/537.36 (KHTML, like Gecko) Chrome/145.0.0.0 Safari/537.36"
165.101.133.128 - - [09/Mar/2026:14:06:27 +0100] "GET /wp-content/uploads/xlautwein.jpg.pagespeed.ic.8S4cBMyx-V.webp HTTP/1.0" 200 211008 "https://reezone.inglory.de/ueber-uns/" "Mozilla/5.0 (Macintosh; Intel Mac OS X 10_15_7) AppleWebKit/537.36 (KHTML, like Gecko) Chrome/145.0.0.0 Safari/537.36"
165.101.133.128 - - [09/Mar/2026:14:06:27 +0100] "GET /wp-content/uploads/ximg-5.jpg.pagespeed.ic.Be0fOM4unu.webp HTTP/1.0" 200 142027 "https://reezone.inglory.de/ueber-uns/" "Mozilla/5.0 (Macintosh; Intel Mac OS X 10_15_7) AppleWebKit/537.36 (KHTML, like Gecko) Chrome/145.0.0.0 Safari/537.36"
165.101.133.128 - - [09/Mar/2026:14:06:28 +0100] "GET /wp-content/uploads/matratze-manufaktur-2.mp4 HTTP/1.0" 206 4564785 "https://reezone.inglory.de/ueber-uns/" "Mozilla/5.0 (Macintosh; Intel Mac OS X 10_15_7) AppleWebKit/537.36 (KHTML, like Gecko) Chrome/145.0.0.0 Safari/537.36"
94.130.90.54 - - [09/Mar/2026:14:06:30 +0100] "GET /wp-content/uploads/ackermann.jpg HTTP/1.1" 200 167034 "https://reezone.inglory.de/ueber-uns/" "Serf/1.3.9 (mod_pagespeed/1.13.35.2-0)"
165.101.133.128 - - [09/Mar/2026:14:06:30 +0100] "GET /wp-content/uploads/xackermann.jpg.pagespeed.ic.WUuZlxYt2T.webp HTTP/1.0" 200 167633 "https://reezone.inglory.de/ueber-uns/" "Mozilla/5.0 (Macintosh; Intel Mac OS X 10_15_7) AppleWebKit/537.36 (KHTML, like Gecko) Chrome/145.0.0.0 Safari/537.36"
165.101.133.128 - - [09/Mar/2026:14:06:31 +0100] "GET /wp-content/uploads/img-2-1.jpg HTTP/1.0" 304 3887 "https://reezone.inglory.de/wp-content/uploads/elementor/css/post-24.css?ver=1773061586" "Mozilla/5.0 (Macintosh; Intel Mac OS X 10_15_7) AppleWebKit/537.36 (KHTML, like Gecko) Chrome/145.0.0.0 Safari/537.36"
94.130.90.54 - - [09/Mar/2026:14:06:32 +0100] "GET /wp-content/uploads/Frame-4627-1.png HTTP/1.1" 200 115991 "https://reezone.inglory.de/ueber-uns/" "Serf/1.3.9 (mod_pagespeed/1.13.35.2-0)"
165.101.133.128 - - [09/Mar/2026:14:06:32 +0100] "GET /wp-content/uploads/xFrame-4627-1.png.pagespeed.ic.-yKnoA2nup.webp HTTP/1.0" 200 116614 "https://reezone.inglory.de/ueber-uns/" "Mozilla/5.0 (Macintosh; Intel Mac OS X 10_15_7) AppleWebKit/537.36 (KHTML, like Gecko) Chrome/145.0.0.0 Safari/537.36"
165.101.133.128 - - [09/Mar/2026:14:06:43 +0100] "POST /mod_pagespeed_beacon?url=https%3A%2F%2Freezone.inglory.de%2Fueber-uns%2F HTTP/1.0" 204 3892 "https://reezone.inglory.de/ueber-uns/" "Mozilla/5.0 (Macintosh; Intel Mac OS X 10_15_7) AppleWebKit/537.36 (KHTML, like Gecko) Chrome/145.0.0.0 Safari/537.36"
94.130.90.54 - - [09/Mar/2026:14:06:51 +0100] "POST /wp-cron.php?doing_wp_cron=1773061611.1008810997009277343750 HTTP/1.0" 200 4062 "-" "WordPress/6.9.1; https://reezone.inglory.de"
94.130.90.54 - - [09/Mar/2026:14:06:51 +0100] "GET /wp-content/plugins/elementor-pro/assets/css/widget-loop-common.min.css?ver=3.35.1 HTTP/1.1" 304 3381 "https://reezone.inglory.de/schlafsysteme/" "Serf/1.3.9 (mod_pagespeed/1.13.35.2-0)"
94.130.90.54 - - [09/Mar/2026:14:06:51 +0100] "GET /wp-content/plugins/elementor-pro/assets/css/widget-loop-grid.min.css?ver=3.35.1 HTTP/1.1" 304 3383 "https://reezone.inglory.de/schlafsysteme/" "Serf/1.3.9 (mod_pagespeed/1.13.35.2-0)"
94.130.90.54 - - [09/Mar/2026:14:06:51 +0100] "GET /wp-includes/js/imagesloaded.min.js?ver=5.0.0 HTTP/1.1" 304 3383 "https://reezone.inglory.de/schlafsysteme/" "Serf/1.3.9 (mod_pagespeed/1.13.35.2-0)"
94.130.90.54 - - [09/Mar/2026:14:06:51 +0100] "GET /wp-content/uploads/Frame-162-5.jpg HTTP/1.1" 304 3384 "https://reezone.inglory.de/schlafsysteme/" "Serf/1.3.9 (mod_pagespeed/1.13.35.2-0)"
165.101.133.128 - - [09/Mar/2026:14:06:49 +0100] "GET /schlafsysteme/ HTTP/1.0" 200 28931 "https://reezone.inglory.de/ueber-uns/" "Mozilla/5.0 (Macintosh; Intel Mac OS X 10_15_7) AppleWebKit/537.36 (KHTML, like Gecko) Chrome/145.0.0.0 Safari/537.36"
94.130.90.54 - - [09/Mar/2026:14:06:51 +0100] "GET /wp-content/uploads/Frame-162-5.jpg HTTP/1.1" 304 3384 "https://reezone.inglory.de/schlafsysteme/" "Serf/1.3.9 (mod_pagespeed/1.13.35.2-0)"
94.130.90.54 - - [09/Mar/2026:14:06:51 +0100] "GET /wp-content/uploads/Frame-162-5-300x186.jpg HTTP/1.1" 304 3383 "https://reezone.inglory.de/schlafsysteme/" "Serf/1.3.9 (mod_pagespeed/1.13.35.2-0)"
94.130.90.54 - - [09/Mar/2026:14:06:51 +0100] "GET /wp-content/uploads/Frame-162-5-1024x636.jpg HTTP/1.1" 304 3383 "https://reezone.inglory.de/schlafsysteme/" "Serf/1.3.9 (mod_pagespeed/1.13.35.2-0)"
94.130.90.54 - - [09/Mar/2026:14:06:51 +0100] "GET /wp-content/uploads/Frame-162-5-768x477.jpg HTTP/1.1" 304 3383 "https://reezone.inglory.de/schlafsysteme/" "Serf/1.3.9 (mod_pagespeed/1.13.35.2-0)"
94.130.90.54 - - [09/Mar/2026:14:06:51 +0100] "GET /wp-content/uploads/Frame-162-5-600x372.jpg HTTP/1.1" 304 3383 "https://reezone.inglory.de/schlafsysteme/" "Serf/1.3.9 (mod_pagespeed/1.13.35.2-0)"
94.130.90.54 - - [09/Mar/2026:14:06:51 +0100] "GET /wp-content/uploads/Frame-162-4.jpg HTTP/1.1" 304 3384 "https://reezone.inglory.de/schlafsysteme/" "Serf/1.3.9 (mod_pagespeed/1.13.35.2-0)"
94.130.90.54 - - [09/Mar/2026:14:06:51 +0100] "GET /wp-content/uploads/Frame-162-4.jpg HTTP/1.1" 304 3384 "https://reezone.inglory.de/schlafsysteme/" "Serf/1.3.9 (mod_pagespeed/1.13.35.2-0)"
94.130.90.54 - - [09/Mar/2026:14:06:51 +0100] "GET /wp-content/uploads/Frame-162-4-300x186.jpg HTTP/1.1" 304 3383 "https://reezone.inglory.de/schlafsysteme/" "Serf/1.3.9 (mod_pagespeed/1.13.35.2-0)"
94.130.90.54 - - [09/Mar/2026:14:06:51 +0100] "GET /wp-content/uploads/Frame-162-4-1024x636.jpg HTTP/1.1" 304 3383 "https://reezone.inglory.de/schlafsysteme/" "Serf/1.3.9 (mod_pagespeed/1.13.35.2-0)"
94.130.90.54 - - [09/Mar/2026:14:06:51 +0100] "GET /wp-content/uploads/Frame-162-4-768x477.jpg HTTP/1.1" 304 3383 "https://reezone.inglory.de/schlafsysteme/" "Serf/1.3.9 (mod_pagespeed/1.13.35.2-0)"
94.130.90.54 - - [09/Mar/2026:14:06:51 +0100] "GET /wp-content/uploads/Frame-162-4-600x372.jpg HTTP/1.1" 304 3383 "https://reezone.inglory.de/schlafsysteme/" "Serf/1.3.9 (mod_pagespeed/1.13.35.2-0)"
94.130.90.54 - - [09/Mar/2026:14:06:51 +0100] "GET /wp-content/uploads/Frame-162-1-1-Kopie.jpg HTTP/1.1" 304 3384 "https://reezone.inglory.de/schlafsysteme/" "Serf/1.3.9 (mod_pagespeed/1.13.35.2-0)"
94.130.90.54 - - [09/Mar/2026:14:06:51 +0100] "GET /wp-content/uploads/Frame-162-1-1-Kopie.jpg HTTP/1.1" 304 3384 "https://reezone.inglory.de/schlafsysteme/" "Serf/1.3.9 (mod_pagespeed/1.13.35.2-0)"
94.130.90.54 - - [09/Mar/2026:14:06:51 +0100] "GET /wp-content/uploads/Frame-162-1-1-Kopie-300x186.jpg HTTP/1.1" 304 3383 "https://reezone.inglory.de/schlafsysteme/" "Serf/1.3.9 (mod_pagespeed/1.13.35.2-0)"
94.130.90.54 - - [09/Mar/2026:14:06:51 +0100] "GET /wp-content/uploads/Frame-162-1-1-Kopie-1024x636.jpg HTTP/1.1" 304 3384 "https://reezone.inglory.de/schlafsysteme/" "Serf/1.3.9 (mod_pagespeed/1.13.35.2-0)"
94.130.90.54 - - [09/Mar/2026:14:06:51 +0100] "GET /wp-content/uploads/Frame-162-1-1-Kopie-768x477.jpg HTTP/1.1" 304 3384 "https://reezone.inglory.de/schlafsysteme/" "Serf/1.3.9 (mod_pagespeed/1.13.35.2-0)"
94.130.90.54 - - [09/Mar/2026:14:06:51 +0100] "GET /wp-content/uploads/Frame-162-1-1-Kopie-600x372.jpg HTTP/1.1" 304 3383 "https://reezone.inglory.de/schlafsysteme/" "Serf/1.3.9 (mod_pagespeed/1.13.35.2-0)"
94.130.90.54 - - [09/Mar/2026:14:06:51 +0100] "GET /wp-content/uploads/elementor/css/post-27.css?ver=1772619372 HTTP/1.1" 200 8494 "https://reezone.inglory.de/schlafsysteme/" "Serf/1.3.9 (mod_pagespeed/1.13.35.2-0)"
94.130.90.54 - - [09/Mar/2026:14:06:51 +0100] "GET /wp-content/uploads/bg-1-2.jpg HTTP/1.1" 304 3384 "https://reezone.inglory.de/schlafsysteme/" "Serf/1.3.9 (mod_pagespeed/1.13.35.2-0)"
165.101.133.128 - - [09/Mar/2026:14:06:51 +0100] "GET /wp-content/uploads/elementor/css/post-27.css?ver=1772619372 HTTP/1.0" 304 3914 "https://reezone.inglory.de/schlafsysteme/" "Mozilla/5.0 (Macintosh; Intel Mac OS X 10_15_7) AppleWebKit/537.36 (KHTML, like Gecko) Chrome/145.0.0.0 Safari/537.36"
165.101.133.128 - - [09/Mar/2026:14:06:51 +0100] "GET /wp-content/plugins/elementor/assets/js/webpack.runtime.min.js?ver=3.35.6 HTTP/1.0" 304 3886 "https://reezone.inglory.de/schlafsysteme/" "Mozilla/5.0 (Macintosh; Intel Mac OS X 10_15_7) AppleWebKit/537.36 (KHTML, like Gecko) Chrome/145.0.0.0 Safari/537.36"
165.101.133.128 - - [09/Mar/2026:14:06:51 +0100] "GET /wp-content/uploads/Frame-162-4.jpg HTTP/1.0" 304 3915 "https://reezone.inglory.de/schlafsysteme/" "Mozilla/5.0 (Macintosh; Intel Mac OS X 10_15_7) AppleWebKit/537.36 (KHTML, like Gecko) Chrome/145.0.0.0 Safari/537.36"
165.101.133.128 - - [09/Mar/2026:14:06:51 +0100] "GET /wp-content/plugins/elementor-pro/assets/js/webpack-pro.runtime.min.js?ver=3.35.1 HTTP/1.0" 304 3886 "https://reezone.inglory.de/schlafsysteme/" "Mozilla/5.0 (Macintosh; Intel Mac OS X 10_15_7) AppleWebKit/537.36 (KHTML, like Gecko) Chrome/145.0.0.0 Safari/537.36"
165.101.133.128 - - [09/Mar/2026:14:06:51 +0100] "GET /wp-includes/js/imagesloaded.min.js?ver=5.0.0 HTTP/1.0" 304 3914 "https://reezone.inglory.de/schlafsysteme/" "Mozilla/5.0 (Macintosh; Intel Mac OS X 10_15_7) AppleWebKit/537.36 (KHTML, like Gecko) Chrome/145.0.0.0 Safari/537.36"
165.101.133.128 - - [09/Mar/2026:14:06:51 +0100] "GET /wp-content/uploads/Frame-162-5.jpg HTTP/1.0" 304 3915 "https://reezone.inglory.de/schlafsysteme/" "Mozilla/5.0 (Macintosh; Intel Mac OS X 10_15_7) AppleWebKit/537.36 (KHTML, like Gecko) Chrome/145.0.0.0 Safari/537.36"
165.101.133.128 - - [09/Mar/2026:14:06:51 +0100] "GET /wp-content/plugins/elementor/assets/js/frontend.min.js?ver=3.35.6 HTTP/1.0" 304 3886 "https://reezone.inglory.de/schlafsysteme/" "Mozilla/5.0 (Macintosh; Intel Mac OS X 10_15_7) AppleWebKit/537.36 (KHTML, like Gecko) Chrome/145.0.0.0 Safari/537.36"
165.101.133.128 - - [09/Mar/2026:14:06:51 +0100] "GET /wp-content/plugins/woocommerce/assets/js/sourcebuster/sourcebuster.min.js?ver=10.5.3 HTTP/1.0" 304 3886 "https://reezone.inglory.de/schlafsysteme/" "Mozilla/5.0 (Macintosh; Intel Mac OS X 10_15_7) AppleWebKit/537.36 (KHTML, like Gecko) Chrome/145.0.0.0 Safari/537.36"
165.101.133.128 - - [09/Mar/2026:14:06:51 +0100] "GET /wp-content/uploads/bg-1-2.jpg HTTP/1.0" 304 3915 "https://reezone.inglory.de/wp-content/uploads/elementor/css/post-27.css?ver=1772619372" "Mozilla/5.0 (Macintosh; Intel Mac OS X 10_15_7) AppleWebKit/537.36 (KHTML, like Gecko) Chrome/145.0.0.0 Safari/537.36"
165.101.133.128 - - [09/Mar/2026:14:06:51 +0100] "GET /wp-content/uploads/Frame-162-1-1-Kopie.jpg HTTP/1.0" 304 3915 "https://reezone.inglory.de/schlafsysteme/" "Mozilla/5.0 (Macintosh; Intel Mac OS X 10_15_7) AppleWebKit/537.36 (KHTML, like Gecko) Chrome/145.0.0.0 Safari/537.36"
165.101.133.128 - - [09/Mar/2026:14:06:52 +0100] "POST /mod_pagespeed_beacon?url=https%3A%2F%2Freezone.inglory.de%2Fschlafsysteme%2F HTTP/1.0" 204 3892 "https://reezone.inglory.de/schlafsysteme/" "Mozilla/5.0 (Macintosh; Intel Mac OS X 10_15_7) AppleWebKit/537.36 (KHTML, like Gecko) Chrome/145.0.0.0 Safari/537.36"
94.130.90.54 - - [09/Mar/2026:14:06:56 +0100] "GET /wp-includes/css/dist/block-library/style.min.css?ver=6.9.1 HTTP/1.1" 200 123103 "https://reezone.inglory.de/product/7-zonen-matratze-bluemotion-180/" "Serf/1.3.9 (mod_pagespeed/1.13.35.2-0)"
94.130.90.54 - - [09/Mar/2026:14:06:56 +0100] "GET /wp-content/plugins/variation-swatches-woo/assets/css/swatches.css?ver=1.0.13 HTTP/1.1" 200 10858 "https://reezone.inglory.de/product/7-zonen-matratze-bluemotion-180/" "Serf/1.3.9 (mod_pagespeed/1.13.35.2-0)"
94.130.90.54 - - [09/Mar/2026:14:06:56 +0100] "GET /wp-content/plugins/jet-woo-product-gallery/assets/css/frontend.css?ver=2.2.6 HTTP/1.1" 200 14966 "https://reezone.inglory.de/product/7-zonen-matratze-bluemotion-180/" "Serf/1.3.9 (mod_pagespeed/1.13.35.2-0)"
94.130.90.54 - - [09/Mar/2026:14:06:56 +0100] "GET /wp-content/plugins/jet-woo-product-gallery/assets/css/widgets/gallery-slider.css?ver=2.2.6 HTTP/1.1" 200 26075 "https://reezone.inglory.de/product/7-zonen-matratze-bluemotion-180/" "Serf/1.3.9 (mod_pagespeed/1.13.35.2-0)"
165.101.133.128 - - [09/Mar/2026:14:06:55 +0100] "GET /product/7-zonen-matratze-bluemotion-180/ HTTP/1.0" 200 38148 "https://reezone.inglory.de/schlafsysteme/" "Mozilla/5.0 (Macintosh; Intel Mac OS X 10_15_7) AppleWebKit/537.36 (KHTML, like Gecko) Chrome/145.0.0.0 Safari/537.36"
94.130.90.54 - - [09/Mar/2026:14:06:56 +0100] "GET /wp-content/plugins/elementor-pro/assets/css/widget-woocommerce-product-add-to-cart.min.css?ver=3.35.1 HTTP/1.1" 200 93254 "https://reezone.inglory.de/product/7-zonen-matratze-bluemotion-180/" "Serf/1.3.9 (mod_pagespeed/1.13.35.2-0)"
94.130.90.54 - - [09/Mar/2026:14:06:56 +0100] "GET /wp-content/plugins/elementor/assets/css/widget-nested-accordion.min.css?ver=3.35.6 HTTP/1.1" 200 8745 "https://reezone.inglory.de/product/7-zonen-matratze-bluemotion-180/" "Serf/1.3.9 (mod_pagespeed/1.13.35.2-0)"
94.130.90.54 - - [09/Mar/2026:14:06:56 +0100] "GET /wp-content/plugins/woocommerce/assets/js/zoom/jquery.zoom.min.js?ver=1.7.21-wc.10.5.3 HTTP/1.1" 200 6225 "https://reezone.inglory.de/product/7-zonen-matratze-bluemotion-180/" "Serf/1.3.9 (mod_pagespeed/1.13.35.2-0)"
94.130.90.54 - - [09/Mar/2026:14:06:56 +0100] "GET /wp-content/plugins/woocommerce/assets/js/flexslider/jquery.flexslider.min.js?ver=2.7.2-wc.10.5.3 HTTP/1.1" 200 25138 "https://reezone.inglory.de/product/7-zonen-matratze-bluemotion-180/" "Serf/1.3.9 (mod_pagespeed/1.13.35.2-0)"
94.130.90.54 - - [09/Mar/2026:14:06:56 +0100] "GET /wp-content/plugins/woocommerce/assets/js/photoswipe/photoswipe.min.js?ver=4.1.1-wc.10.5.3 HTTP/1.1" 200 35209 "https://reezone.inglory.de/product/7-zonen-matratze-bluemotion-180/" "Serf/1.3.9 (mod_pagespeed/1.13.35.2-0)"
94.130.90.54 - - [09/Mar/2026:14:06:56 +0100] "GET /wp-content/plugins/woocommerce/assets/js/photoswipe/photoswipe-ui-default.min.js?ver=4.1.1-wc.10.5.3 HTTP/1.1" 200 13302 "https://reezone.inglory.de/product/7-zonen-matratze-bluemotion-180/" "Serf/1.3.9 (mod_pagespeed/1.13.35.2-0)"
94.130.90.54 - - [09/Mar/2026:14:06:56 +0100] "GET /wp-content/uploads/bluemotion2025.png HTTP/1.1" 200 295240 "https://reezone.inglory.de/product/7-zonen-matratze-bluemotion-180/" "Serf/1.3.9 (mod_pagespeed/1.13.35.2-0)"
94.130.90.54 - - [09/Mar/2026:14:06:56 +0100] "GET /wp-content/uploads/Frame-162-5-150x150.jpg HTTP/1.1" 200 8089 "https://reezone.inglory.de/product/7-zonen-matratze-bluemotion-180/" "Serf/1.3.9 (mod_pagespeed/1.13.35.2-0)"
94.130.90.54 - - [09/Mar/2026:14:06:56 +0100] "GET /wp-content/uploads/Frame-162-5-150x150.jpg HTTP/1.1" 200 8089 "https://reezone.inglory.de/product/7-zonen-matratze-bluemotion-180/" "Serf/1.3.9 (mod_pagespeed/1.13.35.2-0)"
94.130.90.54 - - [09/Mar/2026:14:06:56 +0100] "GET /wp-content/uploads/Frame-162-5-100x100.jpg HTTP/1.1" 200 6071 "https://reezone.inglory.de/product/7-zonen-matratze-bluemotion-180/" "Serf/1.3.9 (mod_pagespeed/1.13.35.2-0)"
94.130.90.54 - - [09/Mar/2026:14:06:56 +0100] "GET /wp-content/uploads/bluemotion2025-150x150.png HTTP/1.1" 200 16455 "https://reezone.inglory.de/product/7-zonen-matratze-bluemotion-180/" "Serf/1.3.9 (mod_pagespeed/1.13.35.2-0)"
94.130.90.54 - - [09/Mar/2026:14:06:56 +0100] "GET /wp-content/uploads/bluemotion2025.png HTTP/1.1" 200 295240 "https://reezone.inglory.de/product/7-zonen-matratze-bluemotion-180/" "Serf/1.3.9 (mod_pagespeed/1.13.35.2-0)"
94.130.90.54 - - [09/Mar/2026:14:06:56 +0100] "GET /wp-content/uploads/bluemotion2025-150x150.png HTTP/1.1" 200 16455 "https://reezone.inglory.de/product/7-zonen-matratze-bluemotion-180/" "Serf/1.3.9 (mod_pagespeed/1.13.35.2-0)"
94.130.90.54 - - [09/Mar/2026:14:06:56 +0100] "GET /wp-content/uploads/bluemotion2025-300x300.png HTTP/1.1" 200 45941 "https://reezone.inglory.de/product/7-zonen-matratze-bluemotion-180/" "Serf/1.3.9 (mod_pagespeed/1.13.35.2-0)"
94.130.90.54 - - [09/Mar/2026:14:06:56 +0100] "GET /wp-content/uploads/bluemotion2025-100x100.png HTTP/1.1" 200 10272 "https://reezone.inglory.de/product/7-zonen-matratze-bluemotion-180/" "Serf/1.3.9 (mod_pagespeed/1.13.35.2-0)"
94.130.90.54 - - [09/Mar/2026:14:06:56 +0100] "GET /wp-content/uploads/CleanShot-2026-02-04-at-13.44.22@2x-1.jpg HTTP/1.1" 200 256572 "https://reezone.inglory.de/product/7-zonen-matratze-bluemotion-180/" "Serf/1.3.9 (mod_pagespeed/1.13.35.2-0)"
94.130.90.54 - - [09/Mar/2026:14:06:56 +0100] "GET /wp-content/uploads/CleanShot-2026-02-04-at-13.44.22@2x-1.jpg HTTP/1.1" 200 256572 "https://reezone.inglory.de/product/7-zonen-matratze-bluemotion-180/" "Serf/1.3.9 (mod_pagespeed/1.13.35.2-0)"
94.130.90.54 - - [09/Mar/2026:14:06:56 +0100] "GET /wp-content/uploads/CleanShot-2026-02-04-at-13.44.22@2x-1-300x183.jpg HTTP/1.1" 200 11246 "https://reezone.inglory.de/product/7-zonen-matratze-bluemotion-180/" "Serf/1.3.9 (mod_pagespeed/1.13.35.2-0)"
94.130.90.54 - - [09/Mar/2026:14:06:56 +0100] "GET /wp-content/uploads/CleanShot-2026-02-04-at-13.44.22@2x-1-1024x623.jpg HTTP/1.1" 200 58301 "https://reezone.inglory.de/product/7-zonen-matratze-bluemotion-180/" "Serf/1.3.9 (mod_pagespeed/1.13.35.2-0)"
94.130.90.54 - - [09/Mar/2026:14:06:56 +0100] "GET /wp-content/uploads/CleanShot-2026-02-04-at-13.44.22@2x-1-768x467.jpg HTTP/1.1" 200 38884 "https://reezone.inglory.de/product/7-zonen-matratze-bluemotion-180/" "Serf/1.3.9 (mod_pagespeed/1.13.35.2-0)"
94.130.90.54 - - [09/Mar/2026:14:06:56 +0100] "GET /wp-content/uploads/CleanShot-2026-02-04-at-13.44.22@2x-1-600x365.jpg HTTP/1.1" 200 26907 "https://reezone.inglory.de/product/7-zonen-matratze-bluemotion-180/" "Serf/1.3.9 (mod_pagespeed/1.13.35.2-0)"
94.130.90.54 - - [09/Mar/2026:14:06:56 +0100] "GET /wp-includes/js/mediaelement/mediaelement-and-player.min.js?ver=4.2.17 HTTP/1.1" 200 161822 "https://reezone.inglory.de/product/7-zonen-matratze-bluemotion-180/" "Serf/1.3.9 (mod_pagespeed/1.13.35.2-0)"
94.130.90.54 - - [09/Mar/2026:14:06:56 +0100] "GET /wp-includes/js/mediaelement/mediaelement-migrate.min.js?ver=6.9.1 HTTP/1.1" 200 4714 "https://reezone.inglory.de/product/7-zonen-matratze-bluemotion-180/" "Serf/1.3.9 (mod_pagespeed/1.13.35.2-0)"
94.130.90.54 - - [09/Mar/2026:14:06:56 +0100] "GET /wp-content/plugins/jet-engine/assets/lib/jet-plugins/jet-plugins.js?ver=1.1.0 HTTP/1.1" 200 10087 "https://reezone.inglory.de/product/7-zonen-matratze-bluemotion-180/" "Serf/1.3.9 (mod_pagespeed/1.13.35.2-0)"
94.130.90.54 - - [09/Mar/2026:14:06:56 +0100] "GET /wp-content/plugins/jet-woo-product-gallery/assets/js/jet-woo-product-gallery.min.js?ver=2.2.6 HTTP/1.1" 200 21045 "https://reezone.inglory.de/product/7-zonen-matratze-bluemotion-180/" "Serf/1.3.9 (mod_pagespeed/1.13.35.2-0)"
94.130.90.54 - - [09/Mar/2026:14:06:56 +0100] "GET /wp-includes/js/mediaelement/mediaelementplayer-legacy.min.css?ver=4.2.17 HTTP/1.1" 200 14796 "https://reezone.inglory.de/product/7-zonen-matratze-bluemotion-180/" "Serf/1.3.9 (mod_pagespeed/1.13.35.2-0)"
94.130.90.54 - - [09/Mar/2026:14:06:56 +0100] "GET /wp-content/uploads/elementor/css/post-415.css?ver=1772619372 HTTP/1.1" 200 30496 "https://reezone.inglory.de/product/7-zonen-matratze-bluemotion-180/" "Serf/1.3.9 (mod_pagespeed/1.13.35.2-0)"
94.130.90.54 - - [09/Mar/2026:14:06:56 +0100] "GET /wp-content/uploads/elementor/css/post-677.css?ver=1772619373 HTTP/1.1" 200 22243 "https://reezone.inglory.de/product/7-zonen-matratze-bluemotion-180/" "Serf/1.3.9 (mod_pagespeed/1.13.35.2-0)"
94.130.90.54 - - [09/Mar/2026:14:06:56 +0100] "GET /wp-content/plugins/variation-swatches-woo/assets/js/swatches.js?ver=1.0.13 HTTP/1.1" 200 20059 "https://reezone.inglory.de/product/7-zonen-matratze-bluemotion-180/" "Serf/1.3.9 (mod_pagespeed/1.13.35.2-0)"
94.130.90.54 - - [09/Mar/2026:14:06:56 +0100] "GET /wp-content/uploads/Frame-162-5-300x300.jpg HTTP/1.1" 200 16332 "https://reezone.inglory.de/product/7-zonen-matratze-bluemotion-180/" "Serf/1.3.9 (mod_pagespeed/1.13.35.2-0)"
94.130.90.54 - - [09/Mar/2026:14:06:56 +0100] "GET /wp-content/uploads/bg-1-1.jpg HTTP/1.1" 200 351315 "https://reezone.inglory.de/product/7-zonen-matratze-bluemotion-180/" "Serf/1.3.9 (mod_pagespeed/1.13.35.2-0)"
94.130.90.54 - - [09/Mar/2026:14:06:56 +0100] "GET /wp-includes/js/mediaelement/mejs-controls.svg HTTP/1.1" 200 8119 "https://reezone.inglory.de/product/7-zonen-matratze-bluemotion-180/" "Serf/1.3.9 (mod_pagespeed/1.13.35.2-0)"
94.130.90.54 - - [09/Mar/2026:14:06:56 +0100] "GET /wp-content/uploads/icon.png HTTP/1.1" 200 6704 "https://reezone.inglory.de/product/7-zonen-matratze-bluemotion-180/" "Serf/1.3.9 (mod_pagespeed/1.13.35.2-0)"
94.130.90.54 - - [09/Mar/2026:14:06:56 +0100] "GET /wp-content/uploads/img-5-1.jpg HTTP/1.1" 200 89055 "https://reezone.inglory.de/product/7-zonen-matratze-bluemotion-180/" "Serf/1.3.9 (mod_pagespeed/1.13.35.2-0)"
94.130.90.54 - - [09/Mar/2026:14:06:56 +0100] "GET /wp-content/uploads/img-1-3.jpg HTTP/1.1" 200 143515 "https://reezone.inglory.de/product/7-zonen-matratze-bluemotion-180/" "Serf/1.3.9 (mod_pagespeed/1.13.35.2-0)"
165.101.133.128 - - [09/Mar/2026:14:06:56 +0100] "GET /wp-content/plugins/elementor-pro/assets/css/widget-woocommerce-product-add-to-cart.min.css?ver=3.35.1 HTTP/1.0" 304 3915 "https://reezone.inglory.de/product/7-zonen-matratze-bluemotion-180/" "Mozilla/5.0 (Macintosh; Intel Mac OS X 10_15_7) AppleWebKit/537.36 (KHTML, like Gecko) Chrome/145.0.0.0 Safari/537.36"
165.101.133.128 - - [09/Mar/2026:14:06:56 +0100] "GET /wp-content/plugins/jet-woo-product-gallery/assets/css/frontend.css?ver=2.2.6 HTTP/1.0" 200 6926 "https://reezone.inglory.de/product/7-zonen-matratze-bluemotion-180/" "Mozilla/5.0 (Macintosh; Intel Mac OS X 10_15_7) AppleWebKit/537.36 (KHTML, like Gecko) Chrome/145.0.0.0 Safari/537.36"
165.101.133.128 - - [09/Mar/2026:14:06:56 +0100] "GET /wp-content/plugins/jet-woo-product-gallery/assets/css/widgets/gallery-slider.css?ver=2.2.6 HTTP/1.0" 200 6700 "https://reezone.inglory.de/product/7-zonen-matratze-bluemotion-180/" "Mozilla/5.0 (Macintosh; Intel Mac OS X 10_15_7) AppleWebKit/537.36 (KHTML, like Gecko) Chrome/145.0.0.0 Safari/537.36"
165.101.133.128 - - [09/Mar/2026:14:06:56 +0100] "GET /wp-content/uploads/elementor/css/post-415.css?ver=1772619372 HTTP/1.0" 304 3914 "https://reezone.inglory.de/product/7-zonen-matratze-bluemotion-180/" "Mozilla/5.0 (Macintosh; Intel Mac OS X 10_15_7) AppleWebKit/537.36 (KHTML, like Gecko) Chrome/145.0.0.0 Safari/537.36"
165.101.133.128 - - [09/Mar/2026:14:06:56 +0100] "GET /wp-includes/js/mediaelement/mediaelementplayer-legacy.min.css?ver=4.2.17 HTTP/1.0" 304 3914 "https://reezone.inglory.de/product/7-zonen-matratze-bluemotion-180/" "Mozilla/5.0 (Macintosh; Intel Mac OS X 10_15_7) AppleWebKit/537.36 (KHTML, like Gecko) Chrome/145.0.0.0 Safari/537.36"
165.101.133.128 - - [09/Mar/2026:14:06:57 +0100] "GET /wp-content/uploads/elementor/css/post-677.css?ver=1772619373 HTTP/1.0" 304 3914 "https://reezone.inglory.de/product/7-zonen-matratze-bluemotion-180/" "Mozilla/5.0 (Macintosh; Intel Mac OS X 10_15_7) AppleWebKit/537.36 (KHTML, like Gecko) Chrome/145.0.0.0 Safari/537.36"
165.101.133.128 - - [09/Mar/2026:14:06:57 +0100] "GET /wp-content/uploads/bluemotion2025.png HTTP/1.0" 200 295731 "https://reezone.inglory.de/product/7-zonen-matratze-bluemotion-180/" "Mozilla/5.0 (Macintosh; Intel Mac OS X 10_15_7) AppleWebKit/537.36 (KHTML, like Gecko) Chrome/145.0.0.0 Safari/537.36"
94.130.90.54 - - [09/Mar/2026:14:06:57 +0100] "GET /wp-content/uploads/Frame-162-5.jpg HTTP/1.1" 200 227330 "https://reezone.inglory.de/product/7-zonen-matratze-bluemotion-180/" "Serf/1.3.9 (mod_pagespeed/1.13.35.2-0)"
165.101.133.128 - - [09/Mar/2026:14:06:57 +0100] "GET /wp-content/uploads/xFrame-162-5.jpg.pagespeed.ic.dpGBdI3oW8.webp HTTP/1.0" 200 227903 "https://reezone.inglory.de/product/7-zonen-matratze-bluemotion-180/" "Mozilla/5.0 (Macintosh; Intel Mac OS X 10_15_7) AppleWebKit/537.36 (KHTML, like Gecko) Chrome/145.0.0.0 Safari/537.36"
165.101.133.128 - - [09/Mar/2026:14:06:57 +0100] "GET /wp-content/plugins/elementor/assets/css/widget-nested-accordion.min.css?ver=3.35.6 HTTP/1.0" 304 3914 "https://reezone.inglory.de/product/7-zonen-matratze-bluemotion-180/" "Mozilla/5.0 (Macintosh; Intel Mac OS X 10_15_7) AppleWebKit/537.36 (KHTML, like Gecko) Chrome/145.0.0.0 Safari/537.36"
165.101.133.128 - - [09/Mar/2026:14:06:57 +0100] "GET /wp-content/plugins/variation-swatches-woo/assets/js/swatches.js?ver=1.0.13 HTTP/1.0" 304 3914 "https://reezone.inglory.de/product/7-zonen-matratze-bluemotion-180/" "Mozilla/5.0 (Macintosh; Intel Mac OS X 10_15_7) AppleWebKit/537.36 (KHTML, like Gecko) Chrome/145.0.0.0 Safari/537.36"
165.101.133.128 - - [09/Mar/2026:14:06:57 +0100] "GET /wp-content/plugins/elementor/assets/js/webpack.runtime.min.js?ver=3.35.6 HTTP/1.0" 304 3886 "https://reezone.inglory.de/product/7-zonen-matratze-bluemotion-180/" "Mozilla/5.0 (Macintosh; Intel Mac OS X 10_15_7) AppleWebKit/537.36 (KHTML, like Gecko) Chrome/145.0.0.0 Safari/537.36"
165.101.133.128 - - [09/Mar/2026:14:06:57 +0100] "GET /wp-content/plugins/elementor/assets/js/frontend-modules.min.js?ver=3.35.6 HTTP/1.0" 304 3886 "https://reezone.inglory.de/product/7-zonen-matratze-bluemotion-180/" "Mozilla/5.0 (Macintosh; Intel Mac OS X 10_15_7) AppleWebKit/537.36 (KHTML, like Gecko) Chrome/145.0.0.0 Safari/537.36"
165.101.133.128 - - [09/Mar/2026:14:06:57 +0100] "GET /wp-includes/js/mediaelement/mediaelement-and-player.min.js?ver=4.2.17 HTTP/1.0" 304 3915 "https://reezone.inglory.de/product/7-zonen-matratze-bluemotion-180/" "Mozilla/5.0 (Macintosh; Intel Mac OS X 10_15_7) AppleWebKit/537.36 (KHTML, like Gecko) Chrome/145.0.0.0 Safari/537.36"
165.101.133.128 - - [09/Mar/2026:14:06:57 +0100] "GET /wp-includes/js/jquery/ui/core.min.js?ver=1.13.3 HTTP/1.0" 304 3886 "https://reezone.inglory.de/product/7-zonen-matratze-bluemotion-180/" "Mozilla/5.0 (Macintosh; Intel Mac OS X 10_15_7) AppleWebKit/537.36 (KHTML, like Gecko) Chrome/145.0.0.0 Safari/537.36"
165.101.133.128 - - [09/Mar/2026:14:06:57 +0100] "GET /wp-includes/js/mediaelement/mediaelement-migrate.min.js?ver=6.9.1 HTTP/1.0" 304 3913 "https://reezone.inglory.de/product/7-zonen-matratze-bluemotion-180/" "Mozilla/5.0 (Macintosh; Intel Mac OS X 10_15_7) AppleWebKit/537.36 (KHTML, like Gecko) Chrome/145.0.0.0 Safari/537.36"
165.101.133.128 - - [09/Mar/2026:14:06:57 +0100] "GET /wp-includes/js/imagesloaded.min.js?ver=5.0.0 HTTP/1.0" 304 3886 "https://reezone.inglory.de/product/7-zonen-matratze-bluemotion-180/" "Mozilla/5.0 (Macintosh; Intel Mac OS X 10_15_7) AppleWebKit/537.36 (KHTML, like Gecko) Chrome/145.0.0.0 Safari/537.36"
165.101.133.128 - - [09/Mar/2026:14:06:57 +0100] "GET /wp-content/plugins/woocommerce/assets/js/selectWoo/selectWoo.full.min.js?ver=1.0.9-wc.10.5.3 HTTP/1.0" 304 3887 "https://reezone.inglory.de/product/7-zonen-matratze-bluemotion-180/" "Mozilla/5.0 (Macintosh; Intel Mac OS X 10_15_7) AppleWebKit/537.36 (KHTML, like Gecko) Chrome/145.0.0.0 Safari/537.36"
165.101.133.128 - - [09/Mar/2026:14:06:57 +0100] "GET /wp-content/plugins/elementor-pro/assets/js/webpack-pro.runtime.min.js?ver=3.35.1 HTTP/1.0" 304 3886 "https://reezone.inglory.de/product/7-zonen-matratze-bluemotion-180/" "Mozilla/5.0 (Macintosh; Intel Mac OS X 10_15_7) AppleWebKit/537.36 (KHTML, like Gecko) Chrome/145.0.0.0 Safari/537.36"
165.101.133.128 - - [09/Mar/2026:14:06:57 +0100] "GET /wp-content/plugins/jet-woo-product-gallery/assets/js/jet-woo-product-gallery.min.js?ver=2.2.6 HTTP/1.0" 304 3914 "https://reezone.inglory.de/product/7-zonen-matratze-bluemotion-180/" "Mozilla/5.0 (Macintosh; Intel Mac OS X 10_15_7) AppleWebKit/537.36 (KHTML, like Gecko) Chrome/145.0.0.0 Safari/537.36"
165.101.133.128 - - [09/Mar/2026:14:06:57 +0100] "GET /wp-content/plugins/jet-engine/assets/lib/jet-plugins/jet-plugins.js?ver=1.1.0 HTTP/1.0" 304 3914 "https://reezone.inglory.de/product/7-zonen-matratze-bluemotion-180/" "Mozilla/5.0 (Macintosh; Intel Mac OS X 10_15_7) AppleWebKit/537.36 (KHTML, like Gecko) Chrome/145.0.0.0 Safari/537.36"
165.101.133.128 - - [09/Mar/2026:14:06:57 +0100] "GET /wp-content/plugins/woocommerce/assets/js/flexslider/jquery.flexslider.min.js?ver=2.7.2-wc.10.5.3 HTTP/1.0" 304 3914 "https://reezone.inglory.de/product/7-zonen-matratze-bluemotion-180/" "Mozilla/5.0 (Macintosh; Intel Mac OS X 10_15_7) AppleWebKit/537.36 (KHTML, like Gecko) Chrome/145.0.0.0 Safari/537.36"
165.101.133.128 - - [09/Mar/2026:14:06:57 +0100] "GET /wp-content/plugins/woocommerce/assets/js/photoswipe/photoswipe.min.js?ver=4.1.1-wc.10.5.3 HTTP/1.0" 304 3914 "https://reezone.inglory.de/product/7-zonen-matratze-bluemotion-180/" "Mozilla/5.0 (Macintosh; Intel Mac OS X 10_15_7) AppleWebKit/537.36 (KHTML, like Gecko) Chrome/145.0.0.0 Safari/537.36"
165.101.133.128 - - [09/Mar/2026:14:06:57 +0100] "GET /wp-content/plugins/woocommerce/assets/js/photoswipe/photoswipe-ui-default.min.js?ver=4.1.1-wc.10.5.3 HTTP/1.0" 304 3914 "https://reezone.inglory.de/product/7-zonen-matratze-bluemotion-180/" "Mozilla/5.0 (Macintosh; Intel Mac OS X 10_15_7) AppleWebKit/537.36 (KHTML, like Gecko) Chrome/145.0.0.0 Safari/537.36"
165.101.133.128 - - [09/Mar/2026:14:06:57 +0100] "GET /wp-content/plugins/woocommerce/assets/js/zoom/jquery.zoom.min.js?ver=1.7.21-wc.10.5.3 HTTP/1.0" 304 3913 "https://reezone.inglory.de/product/7-zonen-matratze-bluemotion-180/" "Mozilla/5.0 (Macintosh; Intel Mac OS X 10_15_7) AppleWebKit/537.36 (KHTML, like Gecko) Chrome/145.0.0.0 Safari/537.36"
165.101.133.128 - - [09/Mar/2026:14:06:57 +0100] "GET /wp-content/uploads/bg-1-1.jpg HTTP/1.0" 200 351778 "https://reezone.inglory.de/product/7-zonen-matratze-bluemotion-180/" "Mozilla/5.0 (Macintosh; Intel Mac OS X 10_15_7) AppleWebKit/537.36 (KHTML, like Gecko) Chrome/145.0.0.0 Safari/537.36"
165.101.133.128 - - [09/Mar/2026:14:06:57 +0100] "GET /wp-content/uploads/bluemotion2025-300x300.png HTTP/1.0" 304 3914 "https://reezone.inglory.de/product/7-zonen-matratze-bluemotion-180/" "Mozilla/5.0 (Macintosh; Intel Mac OS X 10_15_7) AppleWebKit/537.36 (KHTML, like Gecko) Chrome/145.0.0.0 Safari/537.36"
165.101.133.128 - - [09/Mar/2026:14:06:58 +0100] "GET /wp-content/plugins/elementor/assets/lib/share-link/share-link.min.js?ver=3.35.6 HTTP/1.0" 200 5252 "https://reezone.inglory.de/product/7-zonen-matratze-bluemotion-180/" "Mozilla/5.0 (Macintosh; Intel Mac OS X 10_15_7) AppleWebKit/537.36 (KHTML, like Gecko) Chrome/145.0.0.0 Safari/537.36"
165.101.133.128 - - [09/Mar/2026:14:06:58 +0100] "GET /wp-content/plugins/elementor/assets/lib/swiper/v8/css/swiper.min.css?ver=8.4.5 HTTP/1.0" 304 3886 "https://reezone.inglory.de/product/7-zonen-matratze-bluemotion-180/" "Mozilla/5.0 (Macintosh; Intel Mac OS X 10_15_7) AppleWebKit/537.36 (KHTML, like Gecko) Chrome/145.0.0.0 Safari/537.36"
165.101.133.128 - - [09/Mar/2026:14:06:58 +0100] "GET /wp-content/plugins/elementor/assets/css/conditionals/dialog.min.css?ver=3.35.6 HTTP/1.0" 200 5648 "https://reezone.inglory.de/product/7-zonen-matratze-bluemotion-180/" "Mozilla/5.0 (Macintosh; Intel Mac OS X 10_15_7) AppleWebKit/537.36 (KHTML, like Gecko) Chrome/145.0.0.0 Safari/537.36"
165.101.133.128 - - [09/Mar/2026:14:06:58 +0100] "GET /wp-content/plugins/elementor/assets/js/397f2d183c19202777d6.bundle.min.js HTTP/1.0" 200 12935 "https://reezone.inglory.de/product/7-zonen-matratze-bluemotion-180/" "Mozilla/5.0 (Macintosh; Intel Mac OS X 10_15_7) AppleWebKit/537.36 (KHTML, like Gecko) Chrome/145.0.0.0 Safari/537.36"
165.101.133.128 - - [09/Mar/2026:14:06:58 +0100] "GET /wp-content/plugins/elementor/assets/css/conditionals/lightbox.min.css?ver=3.35.6 HTTP/1.0" 200 6077 "https://reezone.inglory.de/product/7-zonen-matratze-bluemotion-180/" "Mozilla/5.0 (Macintosh; Intel Mac OS X 10_15_7) AppleWebKit/537.36 (KHTML, like Gecko) Chrome/145.0.0.0 Safari/537.36"
165.101.133.128 - - [09/Mar/2026:14:06:58 +0100] "GET /wp-content/plugins/elementor/assets/js/nested-accordion.294d40984397351fd0f5.bundle.min.js HTTP/1.0" 200 7004 "https://reezone.inglory.de/product/7-zonen-matratze-bluemotion-180/" "Mozilla/5.0 (Macintosh; Intel Mac OS X 10_15_7) AppleWebKit/537.36 (KHTML, like Gecko) Chrome/145.0.0.0 Safari/537.36"
165.101.133.128 - - [09/Mar/2026:14:06:58 +0100] "GET /wp-content/plugins/elementor/assets/js/lightbox.570c05c5a283cfb6b223.bundle.min.js HTTP/1.0" 200 13763 "https://reezone.inglory.de/product/7-zonen-matratze-bluemotion-180/" "Mozilla/5.0 (Macintosh; Intel Mac OS X 10_15_7) AppleWebKit/537.36 (KHTML, like Gecko) Chrome/145.0.0.0 Safari/537.36"
94.130.90.54 - - [09/Mar/2026:14:06:58 +0100] "GET /wp-content/uploads/Frame-162-1-1-Kopie.jpg HTTP/1.1" 200 396588 "https://reezone.inglory.de/product/7-zonen-matratze-bluemotion-180/" "Serf/1.3.9 (mod_pagespeed/1.13.35.2-0)"
94.130.90.54 - - [09/Mar/2026:14:06:58 +0100] "GET /wp-content/uploads/Frame-162-4.jpg HTTP/1.1" 200 196887 "https://reezone.inglory.de/product/7-zonen-matratze-bluemotion-180/" "Serf/1.3.9 (mod_pagespeed/1.13.35.2-0)"
165.101.133.128 - - [09/Mar/2026:14:06:58 +0100] "GET /wp-content/uploads/xFrame-162-1-1-Kopie.jpg.pagespeed.ic.RoOAdXuuwB.webp HTTP/1.0" 200 397099 "https://reezone.inglory.de/product/7-zonen-matratze-bluemotion-180/" "Mozilla/5.0 (Macintosh; Intel Mac OS X 10_15_7) AppleWebKit/537.36 (KHTML, like Gecko) Chrome/145.0.0.0 Safari/537.36"
165.101.133.128 - - [09/Mar/2026:14:06:58 +0100] "GET /wp-content/uploads/xFrame-162-4.jpg.pagespeed.ic.y8-NSAuQmN.webp HTTP/1.0" 200 197474 "https://reezone.inglory.de/product/7-zonen-matratze-bluemotion-180/" "Mozilla/5.0 (Macintosh; Intel Mac OS X 10_15_7) AppleWebKit/537.36 (KHTML, like Gecko) Chrome/145.0.0.0 Safari/537.36"
165.101.133.128 - - [09/Mar/2026:14:06:58 +0100] "GET /wp-content/uploads/Frame-162-5.jpg HTTP/1.0" 304 3915 "https://reezone.inglory.de/product/7-zonen-matratze-bluemotion-180/" "Mozilla/5.0 (Macintosh; Intel Mac OS X 10_15_7) AppleWebKit/537.36 (KHTML, like Gecko) Chrome/145.0.0.0 Safari/537.36"
165.101.133.128 - - [09/Mar/2026:14:06:58 +0100] "POST /wp-admin/admin-ajax.php HTTP/1.0" 200 4804 "https://reezone.inglory.de/product/7-zonen-matratze-bluemotion-180/" "Mozilla/5.0 (Macintosh; Intel Mac OS X 10_15_7) AppleWebKit/537.36 (KHTML, like Gecko) Chrome/145.0.0.0 Safari/537.36"
165.101.133.128 - - [09/Mar/2026:14:06:58 +0100] "POST /wp-admin/admin-ajax.php HTTP/1.0" 200 4804 "https://reezone.inglory.de/product/7-zonen-matratze-bluemotion-180/" "Mozilla/5.0 (Macintosh; Intel Mac OS X 10_15_7) AppleWebKit/537.36 (KHTML, like Gecko) Chrome/145.0.0.0 Safari/537.36"
165.101.133.128 - - [09/Mar/2026:14:07:01 +0100] "GET / HTTP/1.0" 200 41184 "https://reezone.inglory.de/product/7-zonen-matratze-bluemotion-180/" "Mozilla/5.0 (Macintosh; Intel Mac OS X 10_15_7) AppleWebKit/537.36 (KHTML, like Gecko) Chrome/145.0.0.0 Safari/537.36"
165.101.133.128 - - [09/Mar/2026:14:07:03 +0100] "GET /wp-content/uploads/elementor/css/A.post-11.css,qver=1772646460.pagespeed.cf.0lqZVOH1ic.css HTTP/1.0" 200 12977 "https://reezone.inglory.de/" "Mozilla/5.0 (Macintosh; Intel Mac OS X 10_15_7) AppleWebKit/537.36 (KHTML, like Gecko) Chrome/145.0.0.0 Safari/537.36"
165.101.133.128 - - [09/Mar/2026:14:07:03 +0100] "GET /wp-content/plugins/elementor/assets/js/webpack.runtime.min.js?ver=3.35.6 HTTP/1.0" 304 3886 "https://reezone.inglory.de/" "Mozilla/5.0 (Macintosh; Intel Mac OS X 10_15_7) AppleWebKit/537.36 (KHTML, like Gecko) Chrome/145.0.0.0 Safari/537.36"
165.101.133.128 - - [09/Mar/2026:14:07:03 +0100] "GET /wp-content/uploads/ximg-1.jpg.pagespeed.ic.vU70TeKgBJ.webp HTTP/1.0" 304 3858 "https://reezone.inglory.de/" "Mozilla/5.0 (Macintosh; Intel Mac OS X 10_15_7) AppleWebKit/537.36 (KHTML, like Gecko) Chrome/145.0.0.0 Safari/537.36"
165.101.133.128 - - [09/Mar/2026:14:07:03 +0100] "GET /wp-content/plugins/elementor-pro/assets/js/webpack-pro.runtime.min.js?ver=3.35.1 HTTP/1.0" 304 3886 "https://reezone.inglory.de/" "Mozilla/5.0 (Macintosh; Intel Mac OS X 10_15_7) AppleWebKit/537.36 (KHTML, like Gecko) Chrome/145.0.0.0 Safari/537.36"
94.130.90.54 - - [09/Mar/2026:14:07:03 +0100] "GET /wp-content/uploads/bg-1.jpg HTTP/1.1" 200 329032 "https://reezone.inglory.de/wp-content/uploads/elementor/css/A.post-11.css,qver=1772646460.pagespeed.cf.0lqZVOH1ic.css" "Serf/1.3.9 (mod_pagespeed/1.13.35.2-0)"
94.130.90.54 - - [09/Mar/2026:14:07:03 +0100] "GET /wp-content/uploads/20260304_1800_Image-Generation_simple_compose_01kjwwndjaef0atbn1g3g7hpyr.png HTTP/1.1" 200 1603408 "https://reezone.inglory.de/wp-content/uploads/elementor/css/A.post-11.css,qver=1772646460.pagespeed.cf.0lqZVOH1ic.css" "Serf/1.3.9 (mod_pagespeed/1.13.35.2-0)"
94.130.90.54 - - [09/Mar/2026:14:07:03 +0100] "GET /wp-content/uploads/20260304_1800_Image-Generation_simple_compose_01kjwwnp14f0xa2kqq0stgc0ct.png HTTP/1.1" 200 1384906 "https://reezone.inglory.de/wp-content/uploads/elementor/css/A.post-11.css,qver=1772646460.pagespeed.cf.0lqZVOH1ic.css" "Serf/1.3.9 (mod_pagespeed/1.13.35.2-0)"
94.130.90.54 - - [09/Mar/2026:14:07:03 +0100] "GET /wp-content/uploads/20260304_1801_Image-Generation_simple_compose_01kjwwpt59e5wvzpa30p6ap9v3.png HTTP/1.1" 200 1429245 "https://reezone.inglory.de/wp-content/uploads/elementor/css/A.post-11.css,qver=1772646460.pagespeed.cf.0lqZVOH1ic.css" "Serf/1.3.9 (mod_pagespeed/1.13.35.2-0)"
165.101.133.128 - - [09/Mar/2026:14:07:03 +0100] "GET /wp-content/uploads/ximage-2-1.png.pagespeed.ic.eOf1XWw1aE.webp HTTP/1.0" 304 3858 "https://reezone.inglory.de/" "Mozilla/5.0 (Macintosh; Intel Mac OS X 10_15_7) AppleWebKit/537.36 (KHTML, like Gecko) Chrome/145.0.0.0 Safari/537.36"
165.101.133.128 - - [09/Mar/2026:14:07:03 +0100] "GET /wp-content/uploads/xbg-1.jpg.pagespeed.ic.QMTDkPuyoU.webp HTTP/1.0" 200 329556 "https://reezone.inglory.de/wp-content/uploads/elementor/css/A.post-11.css,qver=1772646460.pagespeed.cf.0lqZVOH1ic.css" "Mozilla/5.0 (Macintosh; Intel Mac OS X 10_15_7) AppleWebKit/537.36 (KHTML, like Gecko) Chrome/145.0.0.0 Safari/537.36"
94.130.90.54 - - [09/Mar/2026:14:07:03 +0100] "GET /wp-content/uploads/image-204-1.jpg HTTP/1.1" 200 94254 "https://reezone.inglory.de/" "Serf/1.3.9 (mod_pagespeed/1.13.35.2-0)"
165.101.133.128 - - [09/Mar/2026:14:07:03 +0100] "GET /wp-content/uploads/x20260304_1800_Image-Generation_simple_compose_01kjwwndjaef0atbn1g3g7hpyr.png.pagespeed.ic.iMnpYaArpf.webp HTTP/1.0" 200 1603453 "https://reezone.inglory.de/wp-content/uploads/elementor/css/A.post-11.css,qver=1772646460.pagespeed.cf.0lqZVOH1ic.css" "Mozilla/5.0 (Macintosh; Intel Mac OS X 10_15_7) AppleWebKit/537.36 (KHTML, like Gecko) Chrome/145.0.0.0 Safari/537.36"
165.101.133.128 - - [09/Mar/2026:14:07:03 +0100] "GET /wp-content/uploads/x20260304_1800_Image-Generation_simple_compose_01kjwwnp14f0xa2kqq0stgc0ct.png.pagespeed.ic.xBsg-7IaGX.webp HTTP/1.0" 200 1385042 "https://reezone.inglory.de/wp-content/uploads/elementor/css/A.post-11.css,qver=1772646460.pagespeed.cf.0lqZVOH1ic.css" "Mozilla/5.0 (Macintosh; Intel Mac OS X 10_15_7) AppleWebKit/537.36 (KHTML, like Gecko) Chrome/145.0.0.0 Safari/537.36"
165.101.133.128 - - [09/Mar/2026:14:07:03 +0100] "GET /wp-content/uploads/x20260304_1801_Image-Generation_simple_compose_01kjwwpt59e5wvzpa30p6ap9v3.png.pagespeed.ic.D2VOhYFhb4.webp HTTP/1.0" 200 1429367 "https://reezone.inglory.de/wp-content/uploads/elementor/css/A.post-11.css,qver=1772646460.pagespeed.cf.0lqZVOH1ic.css" "Mozilla/5.0 (Macintosh; Intel Mac OS X 10_15_7) AppleWebKit/537.36 (KHTML, like Gecko) Chrome/145.0.0.0 Safari/537.36"
165.101.133.128 - - [09/Mar/2026:14:07:03 +0100] "GET /wp-content/uploads/ximage-204-1.jpg.pagespeed.ic.fKt5ntnX7H.webp HTTP/1.0" 200 94883 "https://reezone.inglory.de/" "Mozilla/5.0 (Macintosh; Intel Mac OS X 10_15_7) AppleWebKit/537.36 (KHTML, like Gecko) Chrome/145.0.0.0 Safari/537.36"
165.101.133.128 - - [09/Mar/2026:14:07:03 +0100] "GET /wp-content/uploads/xunnamed605.png.pagespeed.ic._dfnMorK8C.webp HTTP/1.0" 304 3858 "https://reezone.inglory.de/" "Mozilla/5.0 (Macintosh; Intel Mac OS X 10_15_7) AppleWebKit/537.36 (KHTML, like Gecko) Chrome/145.0.0.0 Safari/537.36"
165.101.133.128 - - [09/Mar/2026:14:07:03 +0100] "GET /wp-content/uploads/ximg.png.pagespeed.ic.Ei1uO3Md-G.webp HTTP/1.0" 304 3858 "https://reezone.inglory.de/" "Mozilla/5.0 (Macintosh; Intel Mac OS X 10_15_7) AppleWebKit/537.36 (KHTML, like Gecko) Chrome/145.0.0.0 Safari/537.36"
165.101.133.128 - - [09/Mar/2026:14:07:03 +0100] "GET /wp-content/uploads/ximg-1.png.pagespeed.ic.RwDgGx2i4n.webp HTTP/1.0" 304 3858 "https://reezone.inglory.de/" "Mozilla/5.0 (Macintosh; Intel Mac OS X 10_15_7) AppleWebKit/537.36 (KHTML, like Gecko) Chrome/145.0.0.0 Safari/537.36"
165.101.133.128 - - [09/Mar/2026:14:07:05 +0100] "POST /mod_pagespeed_beacon?url=https%3A%2F%2Freezone.inglory.de%2F HTTP/1.0" 204 3892 "https://reezone.inglory.de/" "Mozilla/5.0 (Macintosh; Intel Mac OS X 10_15_7) AppleWebKit/537.36 (KHTML, like Gecko) Chrome/145.0.0.0 Safari/537.36"
80.187.102.221 - - [09/Mar/2026:14:07:22 +0100] "GET / HTTP/1.0" 200 40428 "-" "Mozilla/5.0 (Macintosh; Intel Mac OS X 10_15_7) AppleWebKit/605.1.15 (KHTML, like Gecko) Version/26.1 Safari/605.1.15"
80.187.102.221 - - [09/Mar/2026:14:07:23 +0100] "GET /wp-content/plugins/jet-engine/includes/compatibility/packages/woocommerce/inc/assets/css/admin/meta-boxes.css?ver=3.8.5 HTTP/1.0" 200 5046 "https://reezone.inglory.de/" "Mozilla/5.0 (Macintosh; Intel Mac OS X 10_15_7) AppleWebKit/605.1.15 (KHTML, like Gecko) Version/26.1 Safari/605.1.15"
80.187.102.221 - - [09/Mar/2026:14:07:23 +0100] "GET /wp-content/plugins/jet-engine/assets/css/frontend.css?ver=3.8.5 HTTP/1.0" 200 12290 "https://reezone.inglory.de/" "Mozilla/5.0 (Macintosh; Intel Mac OS X 10_15_7) AppleWebKit/605.1.15 (KHTML, like Gecko) Version/26.1 Safari/605.1.15"
80.187.102.221 - - [09/Mar/2026:14:07:23 +0100] "GET /wp-content/plugins/woocommerce/assets/css/woocommerce-layout.css?ver=10.5.3 HTTP/1.0" 200 7500 "https://reezone.inglory.de/" "Mozilla/5.0 (Macintosh; Intel Mac OS X 10_15_7) AppleWebKit/605.1.15 (KHTML, like Gecko) Version/26.1 Safari/605.1.15"
80.187.102.221 - - [09/Mar/2026:14:07:23 +0100] "GET /wp-content/plugins/woocommerce/assets/css/woocommerce.css?ver=10.5.3 HTTP/1.0" 200 15096 "https://reezone.inglory.de/" "Mozilla/5.0 (Macintosh; Intel Mac OS X 10_15_7) AppleWebKit/605.1.15 (KHTML, like Gecko) Version/26.1 Safari/605.1.15"
80.187.102.221 - - [09/Mar/2026:14:07:23 +0100] "GET /wp-content/themes/hello-elementor/assets/css/header-footer.css?ver=3.4.6 HTTP/1.0" 200 5465 "https://reezone.inglory.de/" "Mozilla/5.0 (Macintosh; Intel Mac OS X 10_15_7) AppleWebKit/605.1.15 (KHTML, like Gecko) Version/26.1 Safari/605.1.15"
80.187.102.221 - - [09/Mar/2026:14:07:23 +0100] "GET /wp-content/plugins/elementor-pro/assets/css/widget-woocommerce-menu-cart.min.css?ver=3.35.1 HTTP/1.0" 200 6635 "https://reezone.inglory.de/" "Mozilla/5.0 (Macintosh; Intel Mac OS X 10_15_7) AppleWebKit/605.1.15 (KHTML, like Gecko) Version/26.1 Safari/605.1.15"
80.187.102.221 - - [09/Mar/2026:14:07:23 +0100] "GET /wp-content/plugins/elementor-pro/assets/css/widget-nav-menu.min.css?ver=3.35.1 HTTP/1.0" 200 7536 "https://reezone.inglory.de/" "Mozilla/5.0 (Macintosh; Intel Mac OS X 10_15_7) AppleWebKit/605.1.15 (KHTML, like Gecko) Version/26.1 Safari/605.1.15"
80.187.102.221 - - [09/Mar/2026:14:07:23 +0100] "GET /wp-content/plugins/elementor/assets/css/widget-social-icons.min.css?ver=3.35.6 HTTP/1.0" 200 5184 "https://reezone.inglory.de/" "Mozilla/5.0 (Macintosh; Intel Mac OS X 10_15_7) AppleWebKit/605.1.15 (KHTML, like Gecko) Version/26.1 Safari/605.1.15"
80.187.102.221 - - [09/Mar/2026:14:07:23 +0100] "GET /wp-content/plugins/elementor/assets/css/frontend.min.css?ver=3.35.6 HTTP/1.0" 200 11357 "https://reezone.inglory.de/" "Mozilla/5.0 (Macintosh; Intel Mac OS X 10_15_7) AppleWebKit/605.1.15 (KHTML, like Gecko) Version/26.1 Safari/605.1.15"
80.187.102.221 - - [09/Mar/2026:14:07:23 +0100] "GET /wp-content/plugins/elementor/assets/css/conditionals/apple-webkit.min.css?ver=3.35.6 HTTP/1.0" 200 4588 "https://reezone.inglory.de/" "Mozilla/5.0 (Macintosh; Intel Mac OS X 10_15_7) AppleWebKit/605.1.15 (KHTML, like Gecko) Version/26.1 Safari/605.1.15"
80.187.102.221 - - [09/Mar/2026:14:07:23 +0100] "GET /wp-content/plugins/elementor/assets/css/widget-icon-list.min.css?ver=3.35.6 HTTP/1.0" 200 5065 "https://reezone.inglory.de/" "Mozilla/5.0 (Macintosh; Intel Mac OS X 10_15_7) AppleWebKit/605.1.15 (KHTML, like Gecko) Version/26.1 Safari/605.1.15"
80.187.102.221 - - [09/Mar/2026:14:07:23 +0100] "GET /wp-content/uploads/elementor/css/post-10.css?ver=1772616983 HTTP/1.0" 200 5011 "https://reezone.inglory.de/" "Mozilla/5.0 (Macintosh; Intel Mac OS X 10_15_7) AppleWebKit/605.1.15 (KHTML, like Gecko) Version/26.1 Safari/605.1.15"
80.187.102.221 - - [09/Mar/2026:14:07:23 +0100] "GET /wp-content/plugins/elementor/assets/css/widget-divider.min.css?ver=3.35.6 HTTP/1.0" 200 4782 "https://reezone.inglory.de/" "Mozilla/5.0 (Macintosh; Intel Mac OS X 10_15_7) AppleWebKit/605.1.15 (KHTML, like Gecko) Version/26.1 Safari/605.1.15"
80.187.102.221 - - [09/Mar/2026:14:07:23 +0100] "GET /wp-content/plugins/elementor/assets/css/conditionals/e-swiper.min.css?ver=3.35.6 HTTP/1.0" 200 4840 "https://reezone.inglory.de/" "Mozilla/5.0 (Macintosh; Intel Mac OS X 10_15_7) AppleWebKit/605.1.15 (KHTML, like Gecko) Version/26.1 Safari/605.1.15"
80.187.102.221 - - [09/Mar/2026:14:07:23 +0100] "GET /wp-content/plugins/elementor-pro/assets/css/widget-nested-carousel.min.css?ver=3.35.1 HTTP/1.0" 200 5499 "https://reezone.inglory.de/" "Mozilla/5.0 (Macintosh; Intel Mac OS X 10_15_7) AppleWebKit/605.1.15 (KHTML, like Gecko) Version/26.1 Safari/605.1.15"
80.187.102.221 - - [09/Mar/2026:14:07:23 +0100] "GET /wp-content/uploads/elementor/css/post-103.css?ver=1772616986 HTTP/1.0" 200 6769 "https://reezone.inglory.de/" "Mozilla/5.0 (Macintosh; Intel Mac OS X 10_15_7) AppleWebKit/605.1.15 (KHTML, like Gecko) Version/26.1 Safari/605.1.15"
80.187.102.221 - - [09/Mar/2026:14:07:23 +0100] "GET /wp-content/uploads/elementor/css/post-137.css?ver=1773036046 HTTP/1.0" 200 7455 "https://reezone.inglory.de/" "Mozilla/5.0 (Macintosh; Intel Mac OS X 10_15_7) AppleWebKit/605.1.15 (KHTML, like Gecko) Version/26.1 Safari/605.1.15"
80.187.102.221 - - [09/Mar/2026:14:07:23 +0100] "GET /wp-content/uploads/elementor/css/post-186.css?ver=1772616986 HTTP/1.0" 200 5731 "https://reezone.inglory.de/" "Mozilla/5.0 (Macintosh; Intel Mac OS X 10_15_7) AppleWebKit/605.1.15 (KHTML, like Gecko) Version/26.1 Safari/605.1.15"
80.187.102.221 - - [09/Mar/2026:14:07:23 +0100] "GET /wp-content/uploads/elementor/css/post-11.css?ver=1772646460 HTTP/1.0" 200 13635 "https://reezone.inglory.de/" "Mozilla/5.0 (Macintosh; Intel Mac OS X 10_15_7) AppleWebKit/605.1.15 (KHTML, like Gecko) Version/26.1 Safari/605.1.15"
80.187.102.221 - - [09/Mar/2026:14:07:23 +0100] "GET /wp-content/plugins/elementor/assets/lib/font-awesome/css/solid.min.css?ver=5.15.3 HTTP/1.0" 200 4349 "https://reezone.inglory.de/" "Mozilla/5.0 (Macintosh; Intel Mac OS X 10_15_7) AppleWebKit/605.1.15 (KHTML, like Gecko) Version/26.1 Safari/605.1.15"
80.187.102.221 - - [09/Mar/2026:14:07:23 +0100] "GET /wp-content/plugins/yith-woocommerce-product-add-ons/assets/css/front.css?ver=4.28.0 HTTP/1.0" 200 9372 "https://reezone.inglory.de/" "Mozilla/5.0 (Macintosh; Intel Mac OS X 10_15_7) AppleWebKit/605.1.15 (KHTML, like Gecko) Version/26.1 Safari/605.1.15"
80.187.102.221 - - [09/Mar/2026:14:07:23 +0100] "GET /wp-content/plugins/elementor/assets/lib/font-awesome/css/fontawesome.min.css?ver=5.15.3 HTTP/1.0" 200 16726 "https://reezone.inglory.de/" "Mozilla/5.0 (Macintosh; Intel Mac OS X 10_15_7) AppleWebKit/605.1.15 (KHTML, like Gecko) Version/26.1 Safari/605.1.15"
80.187.102.221 - - [09/Mar/2026:14:07:23 +0100] "GET /wp-content/themes/hello-elementor/assets/css/reset.css?ver=3.4.6 HTTP/1.0" 304 3886 "https://reezone.inglory.de/" "Mozilla/5.0 (Macintosh; Intel Mac OS X 10_15_7) AppleWebKit/605.1.15 (KHTML, like Gecko) Version/26.1 Safari/605.1.15"
80.187.102.221 - - [09/Mar/2026:14:07:23 +0100] "GET /wp-content/themes/hello-elementor/assets/css/theme.css?ver=3.4.6 HTTP/1.0" 304 3886 "https://reezone.inglory.de/" "Mozilla/5.0 (Macintosh; Intel Mac OS X 10_15_7) AppleWebKit/605.1.15 (KHTML, like Gecko) Version/26.1 Safari/605.1.15"
80.187.102.221 - - [09/Mar/2026:14:07:23 +0100] "GET /wp-content/plugins/elementor/assets/lib/font-awesome/css/brands.min.css?ver=5.15.3 HTTP/1.0" 200 4348 "https://reezone.inglory.de/" "Mozilla/5.0 (Macintosh; Intel Mac OS X 10_15_7) AppleWebKit/605.1.15 (KHTML, like Gecko) Version/26.1 Safari/605.1.15"
94.130.90.54 - - [09/Mar/2026:14:07:23 +0100] "GET /wp-includes/js/jquery/jquery.min.js?ver=3.7.1 HTTP/1.1" 200 91253 "https://reezone.inglory.de/" "Serf/1.3.9 (mod_pagespeed/1.13.35.2-0)"
80.187.102.221 - - [09/Mar/2026:14:07:23 +0100] "GET /wp-content/plugins/elementor/assets/lib/swiper/v8/css/swiper.min.css?ver=8.4.5 HTTP/1.0" 200 8669 "https://reezone.inglory.de/" "Mozilla/5.0 (Macintosh; Intel Mac OS X 10_15_7) AppleWebKit/605.1.15 (KHTML, like Gecko) Version/26.1 Safari/605.1.15"
80.187.102.221 - - [09/Mar/2026:14:07:23 +0100] "GET /wp-content/plugins/elementor/assets/lib/eicons/css/elementor-icons.min.css?ver=5.47.0 HTTP/1.0" 200 8515 "https://reezone.inglory.de/" "Mozilla/5.0 (Macintosh; Intel Mac OS X 10_15_7) AppleWebKit/605.1.15 (KHTML, like Gecko) Version/26.1 Safari/605.1.15"
80.187.102.221 - - [09/Mar/2026:14:07:23 +0100] "GET /wp-content/uploads/logo.svg HTTP/1.0" 304 3886 "https://reezone.inglory.de/" "Mozilla/5.0 (Macintosh; Intel Mac OS X 10_15_7) AppleWebKit/605.1.15 (KHTML, like Gecko) Version/26.1 Safari/605.1.15"
80.187.102.221 - - [09/Mar/2026:14:07:23 +0100] "GET /wp-content/plugins/yith-woocommerce-product-add-ons/plugin-fw/assets/css/yith-icon.css?ver=4.7.8 HTTP/1.0" 200 16094 "https://reezone.inglory.de/" "Mozilla/5.0 (Macintosh; Intel Mac OS X 10_15_7) AppleWebKit/605.1.15 (KHTML, like Gecko) Version/26.1 Safari/605.1.15"
