94.130.90.54 - - [09/Mar/2026:20:28:47 +0100] "GET /wp-content/plugins/elementor/assets/lib/animations/styles/e-animation-skew-forward.min.css?ver=3.35.6 HTTP/1.1" 200 3764 "https://reezone.inglory.de/?elementor_library=single-product&elementor-preview=415&ver=1773084523" "Serf/1.3.9 (mod_pagespeed/1.13.35.2-0)"
94.130.90.54 - - [09/Mar/2026:20:28:47 +0100] "GET /wp-content/plugins/elementor/assets/lib/animations/styles/e-animation-skew-backward.min.css?ver=3.35.6 HTTP/1.1" 200 3767 "https://reezone.inglory.de/?elementor_library=single-product&elementor-preview=415&ver=1773084523" "Serf/1.3.9 (mod_pagespeed/1.13.35.2-0)"
94.130.90.54 - - [09/Mar/2026:20:28:47 +0100] "GET /wp-content/plugins/elementor/assets/lib/animations/styles/e-animation-wobble-vertical.min.css?ver=3.35.6 HTTP/1.1" 200 4019 "https://reezone.inglory.de/?elementor_library=single-product&elementor-preview=415&ver=1773084523" "Serf/1.3.9 (mod_pagespeed/1.13.35.2-0)"
94.130.90.54 - - [09/Mar/2026:20:28:47 +0100] "GET /wp-content/plugins/elementor/assets/lib/animations/styles/e-animation-wobble-horizontal.min.css?ver=3.35.6 HTTP/1.1" 200 4029 "https://reezone.inglory.de/?elementor_library=single-product&elementor-preview=415&ver=1773084523" "Serf/1.3.9 (mod_pagespeed/1.13.35.2-0)"
94.130.90.54 - - [09/Mar/2026:20:28:47 +0100] "GET /wp-content/plugins/elementor/assets/lib/animations/styles/e-animation-wobble-to-bottom-right.min.css?ver=3.35.6 HTTP/1.1" 200 4072 "https://reezone.inglory.de/?elementor_library=single-product&elementor-preview=415&ver=1773084523" "Serf/1.3.9 (mod_pagespeed/1.13.35.2-0)"
94.130.90.54 - - [09/Mar/2026:20:28:47 +0100] "GET /wp-content/plugins/elementor/assets/lib/animations/styles/e-animation-wobble-to-top-right.min.css?ver=3.35.6 HTTP/1.1" 200 4058 "https://reezone.inglory.de/?elementor_library=single-product&elementor-preview=415&ver=1773084523" "Serf/1.3.9 (mod_pagespeed/1.13.35.2-0)"
94.130.90.54 - - [09/Mar/2026:20:28:47 +0100] "GET /wp-content/plugins/elementor/assets/lib/animations/styles/e-animation-wobble-top.min.css?ver=3.35.6 HTTP/1.1" 200 4022 "https://reezone.inglory.de/?elementor_library=single-product&elementor-preview=415&ver=1773084523" "Serf/1.3.9 (mod_pagespeed/1.13.35.2-0)"
80.187.100.35 - - [09/Mar/2026:20:28:47 +0100] "GET /wp-content/uploads/Frame-162-5-300x300.jpg HTTP/1.0" 304 3886 "https://reezone.inglory.de/?elementor_library=single-product&elementor-preview=415&ver=1773084523" "Mozilla/5.0 (Macintosh; Intel Mac OS X 10_15_7) AppleWebKit/537.36 (KHTML, like Gecko) Chrome/145.0.0.0 Safari/537.36"
94.130.90.54 - - [09/Mar/2026:20:28:47 +0100] "GET /wp-content/plugins/elementor/assets/lib/animations/styles/e-animation-wobble-bottom.min.css?ver=3.35.6 HTTP/1.1" 200 4040 "https://reezone.inglory.de/?elementor_library=single-product&elementor-preview=415&ver=1773084523" "Serf/1.3.9 (mod_pagespeed/1.13.35.2-0)"
94.130.90.54 - - [09/Mar/2026:20:28:47 +0100] "GET /wp-content/plugins/elementor/assets/lib/animations/styles/e-animation-wobble-skew.min.css?ver=3.35.6 HTTP/1.1" 200 3971 "https://reezone.inglory.de/?elementor_library=single-product&elementor-preview=415&ver=1773084523" "Serf/1.3.9 (mod_pagespeed/1.13.35.2-0)"
94.130.90.54 - - [09/Mar/2026:20:28:47 +0100] "GET /wp-content/plugins/elementor/assets/lib/animations/styles/e-animation-buzz.min.css?ver=3.35.6 HTTP/1.1" 200 3863 "https://reezone.inglory.de/?elementor_library=single-product&elementor-preview=415&ver=1773084523" "Serf/1.3.9 (mod_pagespeed/1.13.35.2-0)"
94.130.90.54 - - [09/Mar/2026:20:28:47 +0100] "GET /wp-content/plugins/elementor/assets/lib/animations/styles/e-animation-buzz-out.min.css?ver=3.35.6 HTTP/1.1" 200 4221 "https://reezone.inglory.de/?elementor_library=single-product&elementor-preview=415&ver=1773084523" "Serf/1.3.9 (mod_pagespeed/1.13.35.2-0)"
94.130.90.54 - - [09/Mar/2026:20:28:47 +0100] "GET /wp-content/plugins/elementor-pro/assets/js/page-transitions.min.js?ver=3.35.1 HTTP/1.1" 200 21240 "https://reezone.inglory.de/?elementor_library=single-product&elementor-preview=415&ver=1773084523" "Serf/1.3.9 (mod_pagespeed/1.13.35.2-0)"
94.130.90.54 - - [09/Mar/2026:20:28:47 +0100] "GET /wp-content/plugins/elementor/assets/lib/e-gallery/js/e-gallery.min.js?ver=1.2.0 HTTP/1.1" 200 18901 "https://reezone.inglory.de/?elementor_library=single-product&elementor-preview=415&ver=1773084523" "Serf/1.3.9 (mod_pagespeed/1.13.35.2-0)"
94.130.90.54 - - [09/Mar/2026:20:28:47 +0100] "GET /wp-content/plugins/elementor/assets/lib/inline-editor/js/inline-editor.min.js?ver=3.35.6 HTTP/1.1" 200 21238 "https://reezone.inglory.de/?elementor_library=single-product&elementor-preview=415&ver=1773084523" "Serf/1.3.9 (mod_pagespeed/1.13.35.2-0)"
94.130.90.54 - - [09/Mar/2026:20:28:47 +0100] "GET /wp-includes/js/mediaelement/wp-mediaelement.min.js?ver=6.9.1 HTTP/1.1" 200 4630 "https://reezone.inglory.de/?elementor_library=single-product&elementor-preview=415&ver=1773084523" "Serf/1.3.9 (mod_pagespeed/1.13.35.2-0)"
94.130.90.54 - - [09/Mar/2026:20:28:47 +0100] "GET /wp-content/plugins/elementor-pro/assets/js/preview.min.js?ver=3.35.1 HTTP/1.1" 200 20919 "https://reezone.inglory.de/?elementor_library=single-product&elementor-preview=415&ver=1773084523" "Serf/1.3.9 (mod_pagespeed/1.13.35.2-0)"
94.130.90.54 - - [09/Mar/2026:20:28:47 +0100] "GET /wp-content/plugins/jet-engine/assets/lib/slick/slick.min.js?ver=1.8.1 HTTP/1.1" 200 47509 "https://reezone.inglory.de/?elementor_library=single-product&elementor-preview=415&ver=1773084523" "Serf/1.3.9 (mod_pagespeed/1.13.35.2-0)"
94.130.90.54 - - [09/Mar/2026:20:28:47 +0100] "GET /wp-content/plugins/jet-engine/assets/lib/macy/macy.js?ver=3.8.5 HTTP/1.1" 200 12505 "https://reezone.inglory.de/?elementor_library=single-product&elementor-preview=415&ver=1773084523" "Serf/1.3.9 (mod_pagespeed/1.13.35.2-0)"
94.130.90.54 - - [09/Mar/2026:20:28:47 +0100] "GET /wp-content/plugins/woocommerce/assets/js/frontend/country-select.min.js?ver=10.5.3 HTTP/1.1" 200 7046 "https://reezone.inglory.de/?elementor_library=single-product&elementor-preview=415&ver=1773084523" "Serf/1.3.9 (mod_pagespeed/1.13.35.2-0)"
94.130.90.54 - - [09/Mar/2026:20:28:47 +0100] "GET /wp-content/plugins/woocommerce/assets/js/frontend/address-i18n.min.js?ver=10.5.3 HTTP/1.1" 200 6302 "https://reezone.inglory.de/?elementor_library=single-product&elementor-preview=415&ver=1773084523" "Serf/1.3.9 (mod_pagespeed/1.13.35.2-0)"
94.130.90.54 - - [09/Mar/2026:20:28:47 +0100] "GET /wp-content/plugins/woocommerce/assets/js/frontend/checkout.min.js?ver=10.5.3 HTTP/1.1" 200 23050 "https://reezone.inglory.de/?elementor_library=single-product&elementor-preview=415&ver=1773084523" "Serf/1.3.9 (mod_pagespeed/1.13.35.2-0)"
94.130.90.54 - - [09/Mar/2026:20:28:47 +0100] "GET /wp-content/plugins/woocommerce/assets/js/frontend/password-strength-meter.min.js?ver=10.5.3 HTTP/1.1" 200 5742 "https://reezone.inglory.de/?elementor_library=single-product&elementor-preview=415&ver=1773084523" "Serf/1.3.9 (mod_pagespeed/1.13.35.2-0)"
94.130.90.54 - - [09/Mar/2026:20:28:47 +0100] "GET /wp-content/plugins/woocommerce/assets/js/frontend/cart.min.js?ver=10.5.3 HTTP/1.1" 200 13431 "https://reezone.inglory.de/?elementor_library=single-product&elementor-preview=415&ver=1773084523" "Serf/1.3.9 (mod_pagespeed/1.13.35.2-0)"
94.130.90.54 - - [09/Mar/2026:20:28:47 +0100] "GET /wp-includes/js/zxcvbn-async.min.js?ver=1.0 HTTP/1.1" 304 3382 "https://reezone.inglory.de/?elementor_library=single-product&elementor-preview=415&ver=1773084523" "Serf/1.3.9 (mod_pagespeed/1.13.35.2-0)"
94.130.90.54 - - [09/Mar/2026:20:28:47 +0100] "GET /wp-content/plugins/elementor/assets/lib/swiper/v8/swiper.min.js?ver=8.4.5 HTTP/1.1" 304 3384 "https://reezone.inglory.de/?elementor_library=single-product&elementor-preview=415&ver=1773084523" "Serf/1.3.9 (mod_pagespeed/1.13.35.2-0)"
94.130.90.54 - - [09/Mar/2026:20:28:47 +0100] "GET /wp-content/plugins/elementor/assets/lib/jquery-numerator/jquery-numerator.min.js?ver=0.2.1 HTTP/1.1" 200 5353 "https://reezone.inglory.de/?elementor_library=single-product&elementor-preview=415&ver=1773084523" "Serf/1.3.9 (mod_pagespeed/1.13.35.2-0)"
94.130.90.54 - - [09/Mar/2026:20:28:47 +0100] "GET /wp-content/plugins/jet-engine/assets/js/frontend/frontend.js?ver=3.8.5 HTTP/1.1" 200 24726 "https://reezone.inglory.de/?elementor_library=single-product&elementor-preview=415&ver=1773084523" "Serf/1.3.9 (mod_pagespeed/1.13.35.2-0)"
94.130.90.54 - - [09/Mar/2026:20:28:47 +0100] "GET /wp-content/plugins/jet-engine/assets/js/admin/elementor-views/preview.js?ver=3.8.5 HTTP/1.1" 200 9849 "https://reezone.inglory.de/?elementor_library=single-product&elementor-preview=415&ver=1773084523" "Serf/1.3.9 (mod_pagespeed/1.13.35.2-0)"
94.130.90.54 - - [09/Mar/2026:20:28:47 +0100] "GET /wp-content/plugins/woocommerce/assets/css/prettyPhoto.css?ver=10.5.3 HTTP/1.1" 200 12701 "https://reezone.inglory.de/?elementor_library=single-product&elementor-preview=415&ver=1773084523" "Serf/1.3.9 (mod_pagespeed/1.13.35.2-0)"
94.130.90.54 - - [09/Mar/2026:20:28:47 +0100] "GET /wp-content/plugins/wp-social-reviews/assets/css/wp_social_ninja_reviews.css?ver=4.1.0 HTTP/1.1" 200 137114 "https://reezone.inglory.de/?elementor_library=single-product&elementor-preview=415&ver=1773084523" "Serf/1.3.9 (mod_pagespeed/1.13.35.2-0)"
94.130.90.54 - - [09/Mar/2026:20:28:47 +0100] "GET /wp-content/plugins/wp-social-reviews/assets/css/wp_social_ninja_ig.css?ver=4.1.0 HTTP/1.1" 304 3383 "https://reezone.inglory.de/?elementor_library=single-product&elementor-preview=415&ver=1773084523" "Serf/1.3.9 (mod_pagespeed/1.13.35.2-0)"
94.130.90.54 - - [09/Mar/2026:20:28:47 +0100] "GET /wp-content/plugins/wp-social-reviews/assets/css/wp_social_ninja_tw.css?ver=4.1.0 HTTP/1.1" 200 64758 "https://reezone.inglory.de/?elementor_library=single-product&elementor-preview=415&ver=1773084523" "Serf/1.3.9 (mod_pagespeed/1.13.35.2-0)"
94.130.90.54 - - [09/Mar/2026:20:28:47 +0100] "GET /wp-content/plugins/wp-social-reviews/assets/css/wp_social_ninja_fb.css?ver=4.1.0 HTTP/1.1" 200 83389 "https://reezone.inglory.de/?elementor_library=single-product&elementor-preview=415&ver=1773084523" "Serf/1.3.9 (mod_pagespeed/1.13.35.2-0)"
94.130.90.54 - - [09/Mar/2026:20:28:47 +0100] "GET /wp-content/plugins/elementor/assets/css/editor-preview.min.css?ver=3.35.6 HTTP/1.1" 200 124664 "https://reezone.inglory.de/?elementor_library=single-product&elementor-preview=415&ver=1773084523" "Serf/1.3.9 (mod_pagespeed/1.13.35.2-0)"
94.130.90.54 - - [09/Mar/2026:20:28:47 +0100] "GET /wp-content/plugins/elementor/assets/js/styleguide-app-initiator.min.js?ver=3.35.6 HTTP/1.1" 200 16898 "https://reezone.inglory.de/?elementor_library=single-product&elementor-preview=415&ver=1773084523" "Serf/1.3.9 (mod_pagespeed/1.13.35.2-0)"
94.130.90.54 - - [09/Mar/2026:20:28:47 +0100] "GET /wp-content/plugins/elementor-pro/assets//lib/instant-page/instant-page.min.js?ver=3.35.1 HTTP/1.1" 200 6411 "https://reezone.inglory.de/?elementor_library=single-product&elementor-preview=415&ver=1773084523" "Serf/1.3.9 (mod_pagespeed/1.13.35.2-0)"
94.130.90.54 - - [09/Mar/2026:20:28:47 +0100] "GET /wp-content/plugins/wp-social-reviews/assets/images/icon-tiktok-black.png?7146ef0826b3c23ca309da88d40e830f HTTP/1.1" 304 3383 "https://reezone.inglory.de/?elementor_library=single-product&elementor-preview=415&ver=1773084523" "Serf/1.3.9 (mod_pagespeed/1.13.35.2-0)"
94.130.90.54 - - [09/Mar/2026:20:28:47 +0100] "GET /wp-content/plugins/wp-social-reviews/assets/images/ig-media-type.png?cf631e89461d1df66942f30a5024bf8a HTTP/1.1" 304 3382 "https://reezone.inglory.de/?elementor_library=single-product&elementor-preview=415&ver=1773084523" "Serf/1.3.9 (mod_pagespeed/1.13.35.2-0)"
94.130.90.54 - - [09/Mar/2026:20:28:47 +0100] "GET /wp-content/plugins/wp-social-reviews/assets/images/like.png?8319017e92cc71023b914e0b1642836a HTTP/1.1" 200 4991 "https://reezone.inglory.de/?elementor_library=single-product&elementor-preview=415&ver=1773084523" "Serf/1.3.9 (mod_pagespeed/1.13.35.2-0)"
94.130.90.54 - - [09/Mar/2026:20:28:47 +0100] "GET /wp-content/plugins/wp-social-reviews/assets/images/haha.png?f655728b0067921d3b37e9e8d625d6a3 HTTP/1.1" 200 5644 "https://reezone.inglory.de/?elementor_library=single-product&elementor-preview=415&ver=1773084523" "Serf/1.3.9 (mod_pagespeed/1.13.35.2-0)"
94.130.90.54 - - [09/Mar/2026:20:28:47 +0100] "GET /wp-content/plugins/wp-social-reviews/assets/images/love.png?4e88701f3ee11f7d512c9d8fe7f57918 HTTP/1.1" 200 5132 "https://reezone.inglory.de/?elementor_library=single-product&elementor-preview=415&ver=1773084523" "Serf/1.3.9 (mod_pagespeed/1.13.35.2-0)"
94.130.90.54 - - [09/Mar/2026:20:28:47 +0100] "GET /wp-content/plugins/wp-social-reviews/assets/images/sad.png?92148375df89f7e3b5fad3f7a6989a70 HTTP/1.1" 200 5611 "https://reezone.inglory.de/?elementor_library=single-product&elementor-preview=415&ver=1773084523" "Serf/1.3.9 (mod_pagespeed/1.13.35.2-0)"
94.130.90.54 - - [09/Mar/2026:20:28:47 +0100] "GET /wp-content/plugins/wp-social-reviews/assets/images/wow.png?b11086b2c8382a98cd133f95d5f88db0 HTTP/1.1" 200 5639 "https://reezone.inglory.de/?elementor_library=single-product&elementor-preview=415&ver=1773084523" "Serf/1.3.9 (mod_pagespeed/1.13.35.2-0)"
94.130.90.54 - - [09/Mar/2026:20:28:47 +0100] "GET /wp-content/plugins/wp-social-reviews/assets/images/angry.png?d79a50fbd225165af23c824869db9623 HTTP/1.1" 200 5573 "https://reezone.inglory.de/?elementor_library=single-product&elementor-preview=415&ver=1773084523" "Serf/1.3.9 (mod_pagespeed/1.13.35.2-0)"
94.130.90.54 - - [09/Mar/2026:20:28:47 +0100] "GET /wp-content/plugins/elementor/assets/images/blur.png HTTP/1.1" 200 15115 "https://reezone.inglory.de/?elementor_library=single-product&elementor-preview=415&ver=1773084523" "Serf/1.3.9 (mod_pagespeed/1.13.35.2-0)"
94.130.90.54 - - [09/Mar/2026:20:28:47 +0100] "GET /wp-content/plugins/elementor/assets/images/contrast.png HTTP/1.1" 200 4705 "https://reezone.inglory.de/?elementor_library=single-product&elementor-preview=415&ver=1773084523" "Serf/1.3.9 (mod_pagespeed/1.13.35.2-0)"
94.130.90.54 - - [09/Mar/2026:20:28:47 +0100] "GET /wp-content/plugins/elementor/assets/images/eyedropper.svg HTTP/1.1" 200 5294 "https://reezone.inglory.de/?elementor_library=single-product&elementor-preview=415&ver=1773084523" "Serf/1.3.9 (mod_pagespeed/1.13.35.2-0)"
80.187.100.35 - - [09/Mar/2026:20:28:45 +0100] "POST /wp-admin/admin-ajax.php HTTP/1.0" 200 17296546 "https://reezone.inglory.de/wp-admin/post.php?post=415&action=elementor" "Mozilla/5.0 (Macintosh; Intel Mac OS X 10_15_7) AppleWebKit/537.36 (KHTML, like Gecko) Chrome/145.0.0.0 Safari/537.36"
80.187.100.35 - - [09/Mar/2026:20:28:47 +0100] "GET /wp-json/elementor/v1/globals HTTP/1.0" 200 14098 "https://reezone.inglory.de/wp-admin/post.php?post=415&action=elementor" "Mozilla/5.0 (Macintosh; Intel Mac OS X 10_15_7) AppleWebKit/537.36 (KHTML, like Gecko) Chrome/145.0.0.0 Safari/537.36"
80.187.100.35 - - [09/Mar/2026:20:28:49 +0100] "GET /wp-content/plugins/elementor/assets/images/logo-panel.svg HTTP/1.0" 304 3914 "https://reezone.inglory.de/wp-admin/post.php?post=415&action=elementor" "Mozilla/5.0 (Macintosh; Intel Mac OS X 10_15_7) AppleWebKit/537.36 (KHTML, like Gecko) Chrome/145.0.0.0 Safari/537.36"
80.187.100.35 - - [09/Mar/2026:20:28:49 +0100] "GET /wp-content/plugins/jet-woo-product-gallery/assets/lib/jet-gallery-icons/fonts/JetProductGallery-widget.ttf?hmq7q7 HTTP/1.0" 304 3913 "https://reezone.inglory.de/wp-content/plugins/jet-woo-product-gallery/assets/lib/jet-gallery-icons/icons.css?ver=2.2.6" "Mozilla/5.0 (Macintosh; Intel Mac OS X 10_15_7) AppleWebKit/537.36 (KHTML, like Gecko) Chrome/145.0.0.0 Safari/537.36"
80.187.100.35 - - [09/Mar/2026:20:28:49 +0100] "GET /wp-content/plugins/elementor/assets/js/container-editor-handlers.a2e8e48d28c5544fb183.bundle.min.js HTTP/1.0" 200 7020 "https://reezone.inglory.de/?elementor_library=single-product&elementor-preview=415&ver=1773084523" "Mozilla/5.0 (Macintosh; Intel Mac OS X 10_15_7) AppleWebKit/537.36 (KHTML, like Gecko) Chrome/145.0.0.0 Safari/537.36"
80.187.100.35 - - [09/Mar/2026:20:28:49 +0100] "GET /wp-content/plugins/elementor/assets/js/shared-editor-handlers.cacdcbed391abf4b48b0.bundle.min.js HTTP/1.0" 200 4652 "https://reezone.inglory.de/?elementor_library=single-product&elementor-preview=415&ver=1773084523" "Mozilla/5.0 (Macintosh; Intel Mac OS X 10_15_7) AppleWebKit/537.36 (KHTML, like Gecko) Chrome/145.0.0.0 Safari/537.36"
80.187.100.35 - - [09/Mar/2026:20:28:49 +0100] "GET /wp-content/uploads/bluemotion2025-300x300.png HTTP/1.0" 304 3886 "https://reezone.inglory.de/?elementor_library=single-product&elementor-preview=415&ver=1773084523" "Mozilla/5.0 (Macintosh; Intel Mac OS X 10_15_7) AppleWebKit/537.36 (KHTML, like Gecko) Chrome/145.0.0.0 Safari/537.36"
80.187.100.35 - - [09/Mar/2026:20:28:49 +0100] "GET /wp-content/plugins/elementor/assets/lib/font-awesome/css/fontawesome.min.css?ver=5.15.3 HTTP/1.0" 304 3914 "https://reezone.inglory.de/?elementor_library=single-product&elementor-preview=415&ver=1773084523" "Mozilla/5.0 (Macintosh; Intel Mac OS X 10_15_7) AppleWebKit/537.36 (KHTML, like Gecko) Chrome/145.0.0.0 Safari/537.36"
80.187.100.35 - - [09/Mar/2026:20:28:49 +0100] "GET /wp-content/plugins/elementor/assets/lib/font-awesome/css/solid.min.css?ver=5.15.3 HTTP/1.0" 304 3913 "https://reezone.inglory.de/?elementor_library=single-product&elementor-preview=415&ver=1773084523" "Mozilla/5.0 (Macintosh; Intel Mac OS X 10_15_7) AppleWebKit/537.36 (KHTML, like Gecko) Chrome/145.0.0.0 Safari/537.36"
80.187.100.35 - - [09/Mar/2026:20:28:49 +0100] "GET /wp-content/plugins/elementor/assets/lib/font-awesome/css/fontawesome.min.css?ver=5.15.3 HTTP/1.0" 304 3886 "https://reezone.inglory.de/wp-admin/post.php?post=415&action=elementor" "Mozilla/5.0 (Macintosh; Intel Mac OS X 10_15_7) AppleWebKit/537.36 (KHTML, like Gecko) Chrome/145.0.0.0 Safari/537.36"
80.187.100.35 - - [09/Mar/2026:20:28:49 +0100] "GET /wp-content/plugins/elementor/assets/lib/font-awesome/css/solid.min.css?ver=5.15.3 HTTP/1.0" 304 3885 "https://reezone.inglory.de/wp-admin/post.php?post=415&action=elementor" "Mozilla/5.0 (Macintosh; Intel Mac OS X 10_15_7) AppleWebKit/537.36 (KHTML, like Gecko) Chrome/145.0.0.0 Safari/537.36"
80.187.100.35 - - [09/Mar/2026:20:28:49 +0100] "GET /wp-content/uploads/CleanShot-2026-02-04-at-13.44.22@2x-1.jpg HTTP/1.0" 304 3915 "https://reezone.inglory.de/?elementor_library=single-product&elementor-preview=415&ver=1773084523" "Mozilla/5.0 (Macintosh; Intel Mac OS X 10_15_7) AppleWebKit/537.36 (KHTML, like Gecko) Chrome/145.0.0.0 Safari/537.36"
80.187.100.35 - - [09/Mar/2026:20:28:49 +0100] "GET /wp-content/uploads/Frame-162-4.jpg HTTP/1.0" 304 3887 "https://reezone.inglory.de/?elementor_library=single-product&elementor-preview=415&ver=1773084523" "Mozilla/5.0 (Macintosh; Intel Mac OS X 10_15_7) AppleWebKit/537.36 (KHTML, like Gecko) Chrome/145.0.0.0 Safari/537.36"
80.187.100.35 - - [09/Mar/2026:20:28:49 +0100] "GET /wp-content/uploads/Frame-162-1-1-Kopie.jpg HTTP/1.0" 304 3887 "https://reezone.inglory.de/?elementor_library=single-product&elementor-preview=415&ver=1773084523" "Mozilla/5.0 (Macintosh; Intel Mac OS X 10_15_7) AppleWebKit/537.36 (KHTML, like Gecko) Chrome/145.0.0.0 Safari/537.36"
80.187.100.35 - - [09/Mar/2026:20:28:49 +0100] "GET /wp-content/uploads/img-5-1.jpg HTTP/1.0" 304 3915 "https://reezone.inglory.de/?elementor_library=single-product&elementor-preview=415&ver=1773084523" "Mozilla/5.0 (Macintosh; Intel Mac OS X 10_15_7) AppleWebKit/537.36 (KHTML, like Gecko) Chrome/145.0.0.0 Safari/537.36"
80.187.100.35 - - [09/Mar/2026:20:28:49 +0100] "GET /wp-json/elementor/v1/user-data/current-user?context=edit HTTP/1.0" 200 7059 "https://reezone.inglory.de/wp-admin/post.php?post=415&action=elementor" "Mozilla/5.0 (Macintosh; Intel Mac OS X 10_15_7) AppleWebKit/537.36 (KHTML, like Gecko) Chrome/145.0.0.0 Safari/537.36"
80.187.100.35 - - [09/Mar/2026:20:28:49 +0100] "POST /wp-admin/admin-ajax.php HTTP/1.0" 200 5230 "https://reezone.inglory.de/wp-admin/post.php?post=415&action=elementor" "Mozilla/5.0 (Macintosh; Intel Mac OS X 10_15_7) AppleWebKit/537.36 (KHTML, like Gecko) Chrome/145.0.0.0 Safari/537.36"
80.187.100.35 - - [09/Mar/2026:20:28:50 +0100] "POST /wp-admin/admin-ajax.php HTTP/1.0" 200 5074 "https://reezone.inglory.de/wp-admin/post.php?post=415&action=elementor" "Mozilla/5.0 (Macintosh; Intel Mac OS X 10_15_7) AppleWebKit/537.36 (KHTML, like Gecko) Chrome/145.0.0.0 Safari/537.36"
80.187.100.35 - - [09/Mar/2026:20:28:54 +0100] "GET /wp-content/plugins/elementor/assets/lib/font-awesome/css/regular.min.css?ver=5.15.3 HTTP/1.0" 304 3885 "https://reezone.inglory.de/wp-admin/post.php?post=415&action=elementor" "Mozilla/5.0 (Macintosh; Intel Mac OS X 10_15_7) AppleWebKit/537.36 (KHTML, like Gecko) Chrome/145.0.0.0 Safari/537.36"
80.187.100.35 - - [09/Mar/2026:20:28:54 +0100] "GET /wp-content/plugins/elementor/assets/lib/font-awesome/js/regular.js HTTP/1.0" 200 4833 "https://reezone.inglory.de/wp-admin/post.php?post=415&action=elementor" "Mozilla/5.0 (Macintosh; Intel Mac OS X 10_15_7) AppleWebKit/537.36 (KHTML, like Gecko) Chrome/145.0.0.0 Safari/537.36"
80.187.100.35 - - [09/Mar/2026:20:28:54 +0100] "GET /wp-content/plugins/elementor/assets/lib/font-awesome/css/brands.min.css?ver=5.15.3 HTTP/1.0" 304 3913 "https://reezone.inglory.de/wp-admin/post.php?post=415&action=elementor" "Mozilla/5.0 (Macintosh; Intel Mac OS X 10_15_7) AppleWebKit/537.36 (KHTML, like Gecko) Chrome/145.0.0.0 Safari/537.36"
80.187.100.35 - - [09/Mar/2026:20:28:54 +0100] "GET /wp-content/plugins/elementor/assets/lib/font-awesome/js/brands.js HTTP/1.0" 200 6456 "https://reezone.inglory.de/wp-admin/post.php?post=415&action=elementor" "Mozilla/5.0 (Macintosh; Intel Mac OS X 10_15_7) AppleWebKit/537.36 (KHTML, like Gecko) Chrome/145.0.0.0 Safari/537.36"
80.187.100.35 - - [09/Mar/2026:20:28:54 +0100] "GET /wp-content/plugins/elementor/assets/lib/font-awesome/js/solid.js HTTP/1.0" 200 8603 "https://reezone.inglory.de/wp-admin/post.php?post=415&action=elementor" "Mozilla/5.0 (Macintosh; Intel Mac OS X 10_15_7) AppleWebKit/537.36 (KHTML, like Gecko) Chrome/145.0.0.0 Safari/537.36"
94.130.90.54 - - [09/Mar/2026:20:28:54 +0100] "GET /wp-content/uploads/elementor/css/post-192.css?ver=1772616986 HTTP/1.1" 304 3383 "https://reezone.inglory.de/kontakt/" "Serf/1.3.9 (mod_pagespeed/1.13.35.2-0)"
94.130.90.54 - - [09/Mar/2026:20:28:54 +0100] "GET /wp-content/uploads/Frame-4627-1.png HTTP/1.1" 304 3384 "https://reezone.inglory.de/kontakt/" "Serf/1.3.9 (mod_pagespeed/1.13.35.2-0)"
94.130.90.54 - - [09/Mar/2026:20:28:54 +0100] "GET /wp-content/uploads/Frame-4627-1.png HTTP/1.1" 304 3384 "https://reezone.inglory.de/kontakt/" "Serf/1.3.9 (mod_pagespeed/1.13.35.2-0)"
80.187.100.35 - - [09/Mar/2026:20:28:53 +0100] "GET /kontakt/ HTTP/1.0" 200 41919 "https://reezone.inglory.de/?elementor_library=single-product&elementor-preview=415&ver=1773084523" "Mozilla/5.0 (Macintosh; Intel Mac OS X 10_15_7) AppleWebKit/537.36 (KHTML, like Gecko) Chrome/145.0.0.0 Safari/537.36"
94.130.90.54 - - [09/Mar/2026:20:28:54 +0100] "GET /wp-content/uploads/Frame-4627-1-300x74.png HTTP/1.1" 304 3383 "https://reezone.inglory.de/kontakt/" "Serf/1.3.9 (mod_pagespeed/1.13.35.2-0)"
94.130.90.54 - - [09/Mar/2026:20:28:54 +0100] "GET /wp-content/uploads/Frame-4627-1-1024x252.png HTTP/1.1" 304 3384 "https://reezone.inglory.de/kontakt/" "Serf/1.3.9 (mod_pagespeed/1.13.35.2-0)"
94.130.90.54 - - [09/Mar/2026:20:28:54 +0100] "GET /wp-content/uploads/Frame-4627-1-768x189.png HTTP/1.1" 304 3383 "https://reezone.inglory.de/kontakt/" "Serf/1.3.9 (mod_pagespeed/1.13.35.2-0)"
94.130.90.54 - - [09/Mar/2026:20:28:54 +0100] "GET /wp-content/uploads/Frame-4627-1-600x147.png HTTP/1.1" 304 3383 "https://reezone.inglory.de/kontakt/" "Serf/1.3.9 (mod_pagespeed/1.13.35.2-0)"
94.130.90.54 - - [09/Mar/2026:20:28:54 +0100] "GET /wp-content/uploads/elementor/css/post-22.css?ver=1772625970 HTTP/1.1" 200 24028 "https://reezone.inglory.de/kontakt/" "Serf/1.3.9 (mod_pagespeed/1.13.35.2-0)"
94.130.90.54 - - [09/Mar/2026:20:28:54 +0100] "GET /wp-content/uploads/bg-2-1-1.jpg HTTP/1.1" 200 476740 "https://reezone.inglory.de/kontakt/" "Serf/1.3.9 (mod_pagespeed/1.13.35.2-0)"
80.187.100.35 - - [09/Mar/2026:20:29:00 +0100] "POST /wp-admin/admin-ajax.php HTTP/1.0" 200 4392 "https://reezone.inglory.de/wp-admin/post.php?post=415&action=elementor" "Mozilla/5.0 (Macintosh; Intel Mac OS X 10_15_7) AppleWebKit/537.36 (KHTML, like Gecko) Chrome/145.0.0.0 Safari/537.36"
94.130.90.54 - - [09/Mar/2026:20:30:13 +0100] "POST /wp-cron.php?doing_wp_cron=1773084613.3889300823211669921875 HTTP/1.0" 200 4062 "-" "WordPress/6.9.1; https://reezone.inglory.de"
80.187.100.35 - - [09/Mar/2026:20:30:12 +0100] "POST /wp-admin/admin-ajax.php HTTP/1.0" 200 4392 "https://reezone.inglory.de/wp-admin/post.php?post=415&action=elementor" "Mozilla/5.0 (Macintosh; Intel Mac OS X 10_15_7) AppleWebKit/537.36 (KHTML, like Gecko) Chrome/145.0.0.0 Safari/537.36"
80.187.100.35 - - [09/Mar/2026:20:30:12 +0100] "GET /wp-json/elementor/v1/checklist/user-progress HTTP/1.0" 200 5033 "https://reezone.inglory.de/wp-admin/post.php?post=415&action=elementor" "Mozilla/5.0 (Macintosh; Intel Mac OS X 10_15_7) AppleWebKit/537.36 (KHTML, like Gecko) Chrome/145.0.0.0 Safari/537.36"
94.130.90.54 - - [09/Mar/2026:20:30:19 +0100] "GET /wp-content/uploads/Frame-162-5-300x186.jpg HTTP/1.1" 200 10008 "https://reezone.inglory.de/schlafsysteme/" "Serf/1.3.9 (mod_pagespeed/1.13.35.2-0)"
94.130.90.54 - - [09/Mar/2026:20:30:19 +0100] "GET /wp-content/uploads/Frame-162-5-1024x636.jpg HTTP/1.1" 200 49555 "https://reezone.inglory.de/schlafsysteme/" "Serf/1.3.9 (mod_pagespeed/1.13.35.2-0)"
94.130.90.54 - - [09/Mar/2026:20:30:19 +0100] "GET /wp-content/uploads/Frame-162-5-768x477.jpg HTTP/1.1" 200 32460 "https://reezone.inglory.de/schlafsysteme/" "Serf/1.3.9 (mod_pagespeed/1.13.35.2-0)"
94.130.90.54 - - [09/Mar/2026:20:30:19 +0100] "GET /wp-content/uploads/Frame-162-5-600x372.jpg HTTP/1.1" 200 22730 "https://reezone.inglory.de/schlafsysteme/" "Serf/1.3.9 (mod_pagespeed/1.13.35.2-0)"
94.130.90.54 - - [09/Mar/2026:20:30:19 +0100] "GET /wp-content/uploads/elementor/css/post-27.css?ver=1772619372 HTTP/1.1" 200 8494 "https://reezone.inglory.de/schlafsysteme/" "Serf/1.3.9 (mod_pagespeed/1.13.35.2-0)"
94.130.90.54 - - [09/Mar/2026:20:30:19 +0100] "GET /wp-content/uploads/bg-1-2.jpg HTTP/1.1" 200 263123 "https://reezone.inglory.de/schlafsysteme/" "Serf/1.3.9 (mod_pagespeed/1.13.35.2-0)"
80.187.100.35 - - [09/Mar/2026:20:30:17 +0100] "GET /schlafsysteme/ HTTP/1.0" 200 40586 "https://reezone.inglory.de/?elementor_library=single-product&elementor-preview=415&ver=1773084523" "Mozilla/5.0 (Macintosh; Intel Mac OS X 10_15_7) AppleWebKit/537.36 (KHTML, like Gecko) Chrome/145.0.0.0 Safari/537.36"
80.187.100.35 - - [09/Mar/2026:20:30:27 +0100] "POST /wp-admin/admin-ajax.php HTTP/1.0" 200 4392 "https://reezone.inglory.de/wp-admin/post.php?post=415&action=elementor" "Mozilla/5.0 (Macintosh; Intel Mac OS X 10_15_7) AppleWebKit/537.36 (KHTML, like Gecko) Chrome/145.0.0.0 Safari/537.36"
92.205.133.108 - - [09/Mar/2026:20:30:30 +0100] "GET /wp-content/uploads/svgexport-1-2-1.svg HTTP/1.0" 200 13632 "-" "WordPress/6.9.1; https://schwebewerk.de"
92.205.133.108 - - [09/Mar/2026:20:30:30 +0100] "GET /wp-content/uploads/arrow.svg HTTP/1.0" 200 4546 "-" "WordPress/6.9.1; https://schwebewerk.de"
80.187.100.35 - - [09/Mar/2026:20:30:31 +0100] "GET /wp-content/uploads/svgexport-1-2-1.svg HTTP/1.0" 304 3886 "https://schwebewerk.de/" "Mozilla/5.0 (Macintosh; Intel Mac OS X 10_15_7) AppleWebKit/537.36 (KHTML, like Gecko) Chrome/145.0.0.0 Safari/537.36"
94.130.90.54 - - [09/Mar/2026:20:32:29 +0100] "POST /wp-cron.php?doing_wp_cron=1773084749.7952959537506103515625 HTTP/1.0" 200 4062 "-" "WordPress/6.9.1; https://reezone.inglory.de"
80.187.100.35 - - [09/Mar/2026:20:32:28 +0100] "POST /wp-admin/admin-ajax.php HTTP/1.0" 200 4392 "https://reezone.inglory.de/wp-admin/post.php?post=415&action=elementor" "Mozilla/5.0 (Macintosh; Intel Mac OS X 10_15_7) AppleWebKit/537.36 (KHTML, like Gecko) Chrome/145.0.0.0 Safari/537.36"
94.130.90.54 - - [09/Mar/2026:20:34:30 +0100] "POST /wp-cron.php?doing_wp_cron=1773084870.7787129878997802734375 HTTP/1.0" 200 4062 "-" "WordPress/6.9.1; https://reezone.inglory.de"
80.187.100.35 - - [09/Mar/2026:20:34:29 +0100] "POST /wp-admin/admin-ajax.php HTTP/1.0" 200 4392 "https://reezone.inglory.de/wp-admin/post.php?post=415&action=elementor" "Mozilla/5.0 (Macintosh; Intel Mac OS X 10_15_7) AppleWebKit/537.36 (KHTML, like Gecko) Chrome/145.0.0.0 Safari/537.36"
94.130.90.54 - - [09/Mar/2026:20:36:31 +0100] "POST /wp-cron.php?doing_wp_cron=1773084991.8165140151977539062500 HTTP/1.0" 200 4062 "-" "WordPress/6.9.1; https://reezone.inglory.de"
80.187.100.35 - - [09/Mar/2026:20:36:30 +0100] "POST /wp-admin/admin-ajax.php HTTP/1.0" 200 4392 "https://reezone.inglory.de/wp-admin/post.php?post=415&action=elementor" "Mozilla/5.0 (Macintosh; Intel Mac OS X 10_15_7) AppleWebKit/537.36 (KHTML, like Gecko) Chrome/145.0.0.0 Safari/537.36"
94.130.90.54 - - [09/Mar/2026:20:38:32 +0100] "POST /wp-cron.php?doing_wp_cron=1773085112.8005840778350830078125 HTTP/1.0" 200 4062 "-" "WordPress/6.9.1; https://reezone.inglory.de"
80.187.100.35 - - [09/Mar/2026:20:38:31 +0100] "POST /wp-admin/admin-ajax.php HTTP/1.0" 200 4392 "https://reezone.inglory.de/wp-admin/post.php?post=415&action=elementor" "Mozilla/5.0 (Macintosh; Intel Mac OS X 10_15_7) AppleWebKit/537.36 (KHTML, like Gecko) Chrome/145.0.0.0 Safari/537.36"
94.130.90.54 - - [09/Mar/2026:20:40:33 +0100] "POST /wp-cron.php?doing_wp_cron=1773085233.7991640567779541015625 HTTP/1.0" 200 4062 "-" "WordPress/6.9.1; https://reezone.inglory.de"
80.187.100.35 - - [09/Mar/2026:20:40:32 +0100] "POST /wp-admin/admin-ajax.php HTTP/1.0" 200 4392 "https://reezone.inglory.de/wp-admin/post.php?post=415&action=elementor" "Mozilla/5.0 (Macintosh; Intel Mac OS X 10_15_7) AppleWebKit/537.36 (KHTML, like Gecko) Chrome/145.0.0.0 Safari/537.36"
94.130.90.54 - - [09/Mar/2026:20:41:52 +0100] "POST /wp-cron.php?doing_wp_cron=1773085312.2995951175689697265625 HTTP/1.0" 200 4062 "-" "WordPress/6.9.1; https://reezone.inglory.de"
209.50.177.127 - - [09/Mar/2026:20:41:51 +0100] "HEAD / HTTP/1.0" 200 4176 "-" "curl/7.88.1"
94.130.90.54 - - [09/Mar/2026:20:42:34 +0100] "POST /wp-cron.php?doing_wp_cron=1773085354.8047649860382080078125 HTTP/1.0" 200 4062 "-" "WordPress/6.9.1; https://reezone.inglory.de"
80.187.100.35 - - [09/Mar/2026:20:42:33 +0100] "POST /wp-admin/admin-ajax.php HTTP/1.0" 200 4392 "https://reezone.inglory.de/wp-admin/post.php?post=415&action=elementor" "Mozilla/5.0 (Macintosh; Intel Mac OS X 10_15_7) AppleWebKit/537.36 (KHTML, like Gecko) Chrome/145.0.0.0 Safari/537.36"
94.130.90.54 - - [09/Mar/2026:20:44:35 +0100] "POST /wp-cron.php?doing_wp_cron=1773085475.8050138950347900390625 HTTP/1.0" 200 4062 "-" "WordPress/6.9.1; https://reezone.inglory.de"
80.187.100.35 - - [09/Mar/2026:20:44:34 +0100] "POST /wp-admin/admin-ajax.php HTTP/1.0" 200 4392 "https://reezone.inglory.de/wp-admin/post.php?post=415&action=elementor" "Mozilla/5.0 (Macintosh; Intel Mac OS X 10_15_7) AppleWebKit/537.36 (KHTML, like Gecko) Chrome/145.0.0.0 Safari/537.36"
94.130.90.54 - - [09/Mar/2026:20:46:10 +0100] "POST /wp-cron.php?doing_wp_cron=1773085570.1784789562225341796875 HTTP/1.0" 200 4062 "-" "WordPress/6.9.1; https://reezone.inglory.de"
80.187.100.35 - - [09/Mar/2026:20:46:09 +0100] "POST /wp-admin/admin-ajax.php HTTP/1.0" 200 4392 "https://reezone.inglory.de/wp-admin/post.php?post=415&action=elementor" "Mozilla/5.0 (Macintosh; Intel Mac OS X 10_15_7) AppleWebKit/537.36 (KHTML, like Gecko) Chrome/145.0.0.0 Safari/537.36"
80.187.100.35 - - [09/Mar/2026:20:46:09 +0100] "GET /wp-json/elementor/v1/checklist/user-progress HTTP/1.0" 200 5061 "https://reezone.inglory.de/wp-admin/post.php?post=415&action=elementor" "Mozilla/5.0 (Macintosh; Intel Mac OS X 10_15_7) AppleWebKit/537.36 (KHTML, like Gecko) Chrome/145.0.0.0 Safari/537.36"
80.187.100.35 - - [09/Mar/2026:20:46:24 +0100] "POST /wp-admin/admin-ajax.php HTTP/1.0" 200 4392 "https://reezone.inglory.de/wp-admin/post.php?post=415&action=elementor" "Mozilla/5.0 (Macintosh; Intel Mac OS X 10_15_7) AppleWebKit/537.36 (KHTML, like Gecko) Chrome/145.0.0.0 Safari/537.36"
94.130.90.54 - - [09/Mar/2026:20:48:26 +0100] "POST /wp-cron.php?doing_wp_cron=1773085706.8425300121307373046875 HTTP/1.0" 200 4062 "-" "WordPress/6.9.1; https://reezone.inglory.de"
80.187.100.35 - - [09/Mar/2026:20:48:25 +0100] "POST /wp-admin/admin-ajax.php HTTP/1.0" 200 4392 "https://reezone.inglory.de/wp-admin/post.php?post=415&action=elementor" "Mozilla/5.0 (Macintosh; Intel Mac OS X 10_15_7) AppleWebKit/537.36 (KHTML, like Gecko) Chrome/145.0.0.0 Safari/537.36"
94.130.90.54 - - [09/Mar/2026:20:50:27 +0100] "POST /wp-cron.php?doing_wp_cron=1773085827.8260009288787841796875 HTTP/1.0" 200 4062 "-" "WordPress/6.9.1; https://reezone.inglory.de"
80.187.100.35 - - [09/Mar/2026:20:50:26 +0100] "POST /wp-admin/admin-ajax.php HTTP/1.0" 200 4392 "https://reezone.inglory.de/wp-admin/post.php?post=415&action=elementor" "Mozilla/5.0 (Macintosh; Intel Mac OS X 10_15_7) AppleWebKit/537.36 (KHTML, like Gecko) Chrome/145.0.0.0 Safari/537.36"
94.130.90.54 - - [09/Mar/2026:20:52:28 +0100] "POST /wp-cron.php?doing_wp_cron=1773085948.9622230529785156250000 HTTP/1.0" 200 4062 "-" "WordPress/6.9.1; https://reezone.inglory.de"
80.187.100.35 - - [09/Mar/2026:20:52:27 +0100] "POST /wp-admin/admin-ajax.php HTTP/1.0" 200 4392 "https://reezone.inglory.de/wp-admin/post.php?post=415&action=elementor" "Mozilla/5.0 (Macintosh; Intel Mac OS X 10_15_7) AppleWebKit/537.36 (KHTML, like Gecko) Chrome/145.0.0.0 Safari/537.36"
94.130.90.54 - - [09/Mar/2026:20:54:30 +0100] "POST /wp-cron.php?doing_wp_cron=1773086070.9499490261077880859375 HTTP/1.0" 200 4062 "-" "WordPress/6.9.1; https://reezone.inglory.de"
80.187.100.35 - - [09/Mar/2026:20:54:28 +0100] "POST /wp-admin/admin-ajax.php HTTP/1.0" 200 4392 "https://reezone.inglory.de/wp-admin/post.php?post=415&action=elementor" "Mozilla/5.0 (Macintosh; Intel Mac OS X 10_15_7) AppleWebKit/537.36 (KHTML, like Gecko) Chrome/145.0.0.0 Safari/537.36"
94.130.90.54 - - [09/Mar/2026:20:54:29 +0100] "POST /wp-admin/admin-ajax.php?action=as_async_request_queue_runner&nonce=f12d616ca2 HTTP/1.0" 200 4230 "-" "WordPress/6.9.1; https://reezone.inglory.de"
94.130.90.54 - - [09/Mar/2026:20:56:30 +0100] "POST /wp-cron.php?doing_wp_cron=1773086190.8132040500640869140625 HTTP/1.0" 200 4062 "-" "WordPress/6.9.1; https://reezone.inglory.de"
80.187.100.35 - - [09/Mar/2026:20:56:29 +0100] "POST /wp-admin/admin-ajax.php HTTP/1.0" 200 4392 "https://reezone.inglory.de/wp-admin/post.php?post=415&action=elementor" "Mozilla/5.0 (Macintosh; Intel Mac OS X 10_15_7) AppleWebKit/537.36 (KHTML, like Gecko) Chrome/145.0.0.0 Safari/537.36"
94.130.90.54 - - [09/Mar/2026:20:58:31 +0100] "POST /wp-cron.php?doing_wp_cron=1773086311.8191659450531005859375 HTTP/1.0" 200 4062 "-" "WordPress/6.9.1; https://reezone.inglory.de"
80.187.100.35 - - [09/Mar/2026:20:58:30 +0100] "POST /wp-admin/admin-ajax.php HTTP/1.0" 200 4392 "https://reezone.inglory.de/wp-admin/post.php?post=415&action=elementor" "Mozilla/5.0 (Macintosh; Intel Mac OS X 10_15_7) AppleWebKit/537.36 (KHTML, like Gecko) Chrome/145.0.0.0 Safari/537.36"
94.130.90.54 - - [09/Mar/2026:21:00:33 +0100] "POST /wp-cron.php?doing_wp_cron=1773086433.0388588905334472656250 HTTP/1.0" 200 4062 "-" "WordPress/6.9.1; https://reezone.inglory.de"
80.187.100.35 - - [09/Mar/2026:21:00:31 +0100] "POST /wp-admin/admin-ajax.php HTTP/1.0" 200 4392 "https://reezone.inglory.de/wp-admin/post.php?post=415&action=elementor" "Mozilla/5.0 (Macintosh; Intel Mac OS X 10_15_7) AppleWebKit/537.36 (KHTML, like Gecko) Chrome/145.0.0.0 Safari/537.36"
94.130.90.54 - - [09/Mar/2026:21:02:33 +0100] "POST /wp-cron.php?doing_wp_cron=1773086553.9098188877105712890625 HTTP/1.0" 200 4062 "-" "WordPress/6.9.1; https://reezone.inglory.de"
80.187.100.35 - - [09/Mar/2026:21:02:32 +0100] "POST /wp-admin/admin-ajax.php HTTP/1.0" 200 4392 "https://reezone.inglory.de/wp-admin/post.php?post=415&action=elementor" "Mozilla/5.0 (Macintosh; Intel Mac OS X 10_15_7) AppleWebKit/537.36 (KHTML, like Gecko) Chrome/145.0.0.0 Safari/537.36"
94.130.90.54 - - [09/Mar/2026:21:04:34 +0100] "POST /wp-cron.php?doing_wp_cron=1773086674.9100260734558105468750 HTTP/1.0" 200 4062 "-" "WordPress/6.9.1; https://reezone.inglory.de"
80.187.100.35 - - [09/Mar/2026:21:04:33 +0100] "POST /wp-admin/admin-ajax.php HTTP/1.0" 200 4392 "https://reezone.inglory.de/wp-admin/post.php?post=415&action=elementor" "Mozilla/5.0 (Macintosh; Intel Mac OS X 10_15_7) AppleWebKit/537.36 (KHTML, like Gecko) Chrome/145.0.0.0 Safari/537.36"
94.130.90.54 - - [09/Mar/2026:21:06:36 +0100] "POST /wp-cron.php?doing_wp_cron=1773086796.0329511165618896484375 HTTP/1.0" 200 4062 "-" "WordPress/6.9.1; https://reezone.inglory.de"
80.187.100.35 - - [09/Mar/2026:21:06:34 +0100] "POST /wp-admin/admin-ajax.php HTTP/1.0" 200 4392 "https://reezone.inglory.de/wp-admin/post.php?post=415&action=elementor" "Mozilla/5.0 (Macintosh; Intel Mac OS X 10_15_7) AppleWebKit/537.36 (KHTML, like Gecko) Chrome/145.0.0.0 Safari/537.36"
94.130.90.54 - - [09/Mar/2026:21:08:37 +0100] "POST /wp-cron.php?doing_wp_cron=1773086917.0413091182708740234375 HTTP/1.0" 200 4062 "-" "WordPress/6.9.1; https://reezone.inglory.de"
80.187.100.35 - - [09/Mar/2026:21:08:35 +0100] "POST /wp-admin/admin-ajax.php HTTP/1.0" 200 4392 "https://reezone.inglory.de/wp-admin/post.php?post=415&action=elementor" "Mozilla/5.0 (Macintosh; Intel Mac OS X 10_15_7) AppleWebKit/537.36 (KHTML, like Gecko) Chrome/145.0.0.0 Safari/537.36"
94.130.90.54 - - [09/Mar/2026:21:10:37 +0100] "POST /wp-cron.php?doing_wp_cron=1773087037.9036428928375244140625 HTTP/1.0" 200 4062 "-" "WordPress/6.9.1; https://reezone.inglory.de"
80.187.100.35 - - [09/Mar/2026:21:10:36 +0100] "POST /wp-admin/admin-ajax.php HTTP/1.0" 200 4392 "https://reezone.inglory.de/wp-admin/post.php?post=415&action=elementor" "Mozilla/5.0 (Macintosh; Intel Mac OS X 10_15_7) AppleWebKit/537.36 (KHTML, like Gecko) Chrome/145.0.0.0 Safari/537.36"
94.130.90.54 - - [09/Mar/2026:21:12:38 +0100] "POST /wp-cron.php?doing_wp_cron=1773087158.8356530666351318359375 HTTP/1.0" 200 4062 "-" "WordPress/6.9.1; https://reezone.inglory.de"
80.187.100.35 - - [09/Mar/2026:21:12:37 +0100] "POST /wp-admin/admin-ajax.php HTTP/1.0" 200 4392 "https://reezone.inglory.de/wp-admin/post.php?post=415&action=elementor" "Mozilla/5.0 (Macintosh; Intel Mac OS X 10_15_7) AppleWebKit/537.36 (KHTML, like Gecko) Chrome/145.0.0.0 Safari/537.36"
94.130.90.54 - - [09/Mar/2026:21:14:22 +0100] "POST /wp-cron.php?doing_wp_cron=1773087262.4820120334625244140625 HTTP/1.0" 200 4062 "-" "WordPress/6.9.1; https://reezone.inglory.de"
104.210.140.131 - - [09/Mar/2026:21:14:21 +0100] "GET /robots.txt HTTP/1.0" 200 4257 "-" "Mozilla/5.0 (Macintosh; Intel Mac OS X 10_15_7) AppleWebKit/537.36 (KHTML, like Gecko) Chrome/131.0.0.0 Safari/537.36; compatible; OAI-SearchBot/1.0; +https://openai.com/searchbot"
94.130.90.54 - - [09/Mar/2026:21:14:39 +0100] "POST /wp-cron.php?doing_wp_cron=1773087279.8423669338226318359375 HTTP/1.0" 200 4062 "-" "WordPress/6.9.1; https://reezone.inglory.de"
80.187.100.35 - - [09/Mar/2026:21:14:38 +0100] "POST /wp-admin/admin-ajax.php HTTP/1.0" 200 4392 "https://reezone.inglory.de/wp-admin/post.php?post=415&action=elementor" "Mozilla/5.0 (Macintosh; Intel Mac OS X 10_15_7) AppleWebKit/537.36 (KHTML, like Gecko) Chrome/145.0.0.0 Safari/537.36"
94.130.90.54 - - [09/Mar/2026:21:16:40 +0100] "POST /wp-cron.php?doing_wp_cron=1773087400.8460640907287597656250 HTTP/1.0" 200 4062 "-" "WordPress/6.9.1; https://reezone.inglory.de"
80.187.100.35 - - [09/Mar/2026:21:16:39 +0100] "POST /wp-admin/admin-ajax.php HTTP/1.0" 200 4392 "https://reezone.inglory.de/wp-admin/post.php?post=415&action=elementor" "Mozilla/5.0 (Macintosh; Intel Mac OS X 10_15_7) AppleWebKit/537.36 (KHTML, like Gecko) Chrome/145.0.0.0 Safari/537.36"
94.130.90.54 - - [09/Mar/2026:21:18:41 +0100] "POST /wp-cron.php?doing_wp_cron=1773087521.8274641036987304687500 HTTP/1.0" 200 4062 "-" "WordPress/6.9.1; https://reezone.inglory.de"
80.187.100.35 - - [09/Mar/2026:21:18:40 +0100] "POST /wp-admin/admin-ajax.php HTTP/1.0" 200 4392 "https://reezone.inglory.de/wp-admin/post.php?post=415&action=elementor" "Mozilla/5.0 (Macintosh; Intel Mac OS X 10_15_7) AppleWebKit/537.36 (KHTML, like Gecko) Chrome/145.0.0.0 Safari/537.36"
94.130.90.54 - - [09/Mar/2026:21:20:42 +0100] "POST /wp-cron.php?doing_wp_cron=1773087642.8675389289855957031250 HTTP/1.0" 200 4062 "-" "WordPress/6.9.1; https://reezone.inglory.de"
80.187.100.35 - - [09/Mar/2026:21:20:41 +0100] "POST /wp-admin/admin-ajax.php HTTP/1.0" 200 4392 "https://reezone.inglory.de/wp-admin/post.php?post=415&action=elementor" "Mozilla/5.0 (Macintosh; Intel Mac OS X 10_15_7) AppleWebKit/537.36 (KHTML, like Gecko) Chrome/145.0.0.0 Safari/537.36"
94.130.90.54 - - [09/Mar/2026:21:22:43 +0100] "POST /wp-cron.php?doing_wp_cron=1773087763.8615050315856933593750 HTTP/1.0" 200 4062 "-" "WordPress/6.9.1; https://reezone.inglory.de"
80.187.100.35 - - [09/Mar/2026:21:22:42 +0100] "POST /wp-admin/admin-ajax.php HTTP/1.0" 200 4392 "https://reezone.inglory.de/wp-admin/post.php?post=415&action=elementor" "Mozilla/5.0 (Macintosh; Intel Mac OS X 10_15_7) AppleWebKit/537.36 (KHTML, like Gecko) Chrome/145.0.0.0 Safari/537.36"
94.130.90.54 - - [09/Mar/2026:21:24:44 +0100] "POST /wp-cron.php?doing_wp_cron=1773087884.9334371089935302734375 HTTP/1.0" 200 4062 "-" "WordPress/6.9.1; https://reezone.inglory.de"
80.187.100.35 - - [09/Mar/2026:21:24:43 +0100] "POST /wp-admin/admin-ajax.php HTTP/1.0" 200 4392 "https://reezone.inglory.de/wp-admin/post.php?post=415&action=elementor" "Mozilla/5.0 (Macintosh; Intel Mac OS X 10_15_7) AppleWebKit/537.36 (KHTML, like Gecko) Chrome/145.0.0.0 Safari/537.36"
94.130.90.54 - - [09/Mar/2026:21:26:45 +0100] "POST /wp-cron.php?doing_wp_cron=1773088005.8778209686279296875000 HTTP/1.0" 200 4062 "-" "WordPress/6.9.1; https://reezone.inglory.de"
80.187.100.35 - - [09/Mar/2026:21:26:44 +0100] "POST /wp-admin/admin-ajax.php HTTP/1.0" 200 4392 "https://reezone.inglory.de/wp-admin/post.php?post=415&action=elementor" "Mozilla/5.0 (Macintosh; Intel Mac OS X 10_15_7) AppleWebKit/537.36 (KHTML, like Gecko) Chrome/145.0.0.0 Safari/537.36"
94.130.90.54 - - [09/Mar/2026:21:28:46 +0100] "POST /wp-cron.php?doing_wp_cron=1773088126.9504249095916748046875 HTTP/1.0" 200 4062 "-" "WordPress/6.9.1; https://reezone.inglory.de"
80.187.100.35 - - [09/Mar/2026:21:28:45 +0100] "POST /wp-admin/admin-ajax.php HTTP/1.0" 200 4392 "https://reezone.inglory.de/wp-admin/post.php?post=415&action=elementor" "Mozilla/5.0 (Macintosh; Intel Mac OS X 10_15_7) AppleWebKit/537.36 (KHTML, like Gecko) Chrome/145.0.0.0 Safari/537.36"
94.130.90.54 - - [09/Mar/2026:21:30:47 +0100] "POST /wp-cron.php?doing_wp_cron=1773088247.8500130176544189453125 HTTP/1.0" 200 4062 "-" "WordPress/6.9.1; https://reezone.inglory.de"
80.187.100.35 - - [09/Mar/2026:21:30:46 +0100] "POST /wp-admin/admin-ajax.php HTTP/1.0" 200 4392 "https://reezone.inglory.de/wp-admin/post.php?post=415&action=elementor" "Mozilla/5.0 (Macintosh; Intel Mac OS X 10_15_7) AppleWebKit/537.36 (KHTML, like Gecko) Chrome/145.0.0.0 Safari/537.36"
94.130.90.54 - - [09/Mar/2026:21:32:48 +0100] "POST /wp-cron.php?doing_wp_cron=1773088368.8591361045837402343750 HTTP/1.0" 200 4062 "-" "WordPress/6.9.1; https://reezone.inglory.de"
80.187.100.35 - - [09/Mar/2026:21:32:47 +0100] "POST /wp-admin/admin-ajax.php HTTP/1.0" 200 4392 "https://reezone.inglory.de/wp-admin/post.php?post=415&action=elementor" "Mozilla/5.0 (Macintosh; Intel Mac OS X 10_15_7) AppleWebKit/537.36 (KHTML, like Gecko) Chrome/145.0.0.0 Safari/537.36"
94.130.90.54 - - [09/Mar/2026:21:34:49 +0100] "POST /wp-cron.php?doing_wp_cron=1773088489.8572390079498291015625 HTTP/1.0" 200 4062 "-" "WordPress/6.9.1; https://reezone.inglory.de"
80.187.100.35 - - [09/Mar/2026:21:34:48 +0100] "POST /wp-admin/admin-ajax.php HTTP/1.0" 200 4392 "https://reezone.inglory.de/wp-admin/post.php?post=415&action=elementor" "Mozilla/5.0 (Macintosh; Intel Mac OS X 10_15_7) AppleWebKit/537.36 (KHTML, like Gecko) Chrome/145.0.0.0 Safari/537.36"
94.130.90.54 - - [09/Mar/2026:21:36:50 +0100] "POST /wp-cron.php?doing_wp_cron=1773088610.8670120239257812500000 HTTP/1.0" 200 4062 "-" "WordPress/6.9.1; https://reezone.inglory.de"
80.187.100.35 - - [09/Mar/2026:21:36:49 +0100] "POST /wp-admin/admin-ajax.php HTTP/1.0" 200 4392 "https://reezone.inglory.de/wp-admin/post.php?post=415&action=elementor" "Mozilla/5.0 (Macintosh; Intel Mac OS X 10_15_7) AppleWebKit/537.36 (KHTML, like Gecko) Chrome/145.0.0.0 Safari/537.36"
94.130.90.54 - - [09/Mar/2026:21:38:38 +0100] "POST /wp-cron.php?doing_wp_cron=1773088718.3823161125183105468750 HTTP/1.0" 200 4062 "-" "WordPress/6.9.1; https://reezone.inglory.de"
80.187.100.35 - - [09/Mar/2026:21:38:37 +0100] "POST /wp-admin/admin-ajax.php HTTP/1.0" 200 4392 "https://reezone.inglory.de/wp-admin/post.php?post=415&action=elementor" "Mozilla/5.0 (Macintosh; Intel Mac OS X 10_15_7) AppleWebKit/537.36 (KHTML, like Gecko) Chrome/145.0.0.0 Safari/537.36"
80.187.100.35 - - [09/Mar/2026:21:38:37 +0100] "GET /wp-json/elementor/v1/checklist/user-progress HTTP/1.0" 200 5061 "https://reezone.inglory.de/wp-admin/post.php?post=415&action=elementor" "Mozilla/5.0 (Macintosh; Intel Mac OS X 10_15_7) AppleWebKit/537.36 (KHTML, like Gecko) Chrome/145.0.0.0 Safari/537.36"
94.130.90.54 - - [09/Mar/2026:23:04:28 +0100] "POST /wp-cron.php?doing_wp_cron=1773093868.1438210010528564453125 HTTP/1.0" 200 4062 "-" "WordPress/6.9.1; https://reezone.inglory.de"
98.89.254.180 - - [09/Mar/2026:23:04:27 +0100] "GET /robots.txt HTTP/1.0" 200 4257 "-" "Mozilla/5.0 (Macintosh; Intel Mac OS X 10_10_1) AppleWebKit/600.2.5 (KHTML, like Gecko) Version/8.0.2 Safari/600.2.5 (Gort)"
94.130.90.54 - - [10/Mar/2026:05:24:49 +0100] "POST /wp-cron.php?doing_wp_cron=1773116689.0137760639190673828125 HTTP/1.0" 200 4062 "-" "WordPress/6.9.1; https://reezone.inglory.de"
64.225.75.246 - - [09/Mar/2026:17:48:00 +0100] "LEAKIX" 400 150 "-" "-"
94.130.90.54 - - [10/Mar/2026:08:55:20 +0100] "POST /wp-cron.php?doing_wp_cron=1773129320.1864850521087646484375 HTTP/1.0" 200 4062 "-" "WordPress/6.9.1; https://reezone.inglory.de"
94.130.90.54 - - [10/Mar/2026:08:55:20 +0100] "GET /wp-content/plugins/jet-engine/includes/compatibility/packages/woocommerce/inc/assets/css/admin/meta-boxes.css?ver=3.8.5 HTTP/1.1" 200 7649 "https://reezone.inglory.de/" "Serf/1.3.9 (mod_pagespeed/1.13.35.2-0)"
94.130.90.54 - - [10/Mar/2026:08:55:20 +0100] "GET /wp-content/plugins/jet-engine/assets/css/frontend.css?ver=3.8.5 HTTP/1.1" 200 58875 "https://reezone.inglory.de/" "Serf/1.3.9 (mod_pagespeed/1.13.35.2-0)"
94.130.90.54 - - [10/Mar/2026:08:55:20 +0100] "GET /wp-content/plugins/woocommerce/assets/css/woocommerce-layout.css?ver=10.5.3 HTTP/1.1" 200 23296 "https://reezone.inglory.de/" "Serf/1.3.9 (mod_pagespeed/1.13.35.2-0)"
94.130.90.54 - - [10/Mar/2026:08:55:20 +0100] "GET /wp-content/plugins/woocommerce/assets/css/woocommerce-smallscreen.css?ver=10.5.3 HTTP/1.1" 200 11066 "https://reezone.inglory.de/" "Serf/1.3.9 (mod_pagespeed/1.13.35.2-0)"
94.130.90.54 - - [10/Mar/2026:08:55:20 +0100] "GET /wp-content/themes/hello-elementor/assets/css/reset.css?ver=3.4.6 HTTP/1.1" 200 8995 "https://reezone.inglory.de/" "Serf/1.3.9 (mod_pagespeed/1.13.35.2-0)"
199.45.154.158 - - [10/Mar/2026:08:55:18 +0100] "GET / HTTP/1.0" 200 35373 "-" "Mozilla/5.0 (compatible; CensysInspect/1.1; +https://about.censys.io/)"
94.130.90.54 - - [10/Mar/2026:08:55:20 +0100] "GET /wp-content/themes/hello-elementor/assets/css/theme.css?ver=3.4.6 HTTP/1.1" 200 8636 "https://reezone.inglory.de/" "Serf/1.3.9 (mod_pagespeed/1.13.35.2-0)"
94.130.90.54 - - [10/Mar/2026:08:55:20 +0100] "GET /wp-content/themes/hello-elementor/assets/css/header-footer.css?ver=3.4.6 HTTP/1.1" 200 10721 "https://reezone.inglory.de/" "Serf/1.3.9 (mod_pagespeed/1.13.35.2-0)"
94.130.90.54 - - [10/Mar/2026:08:55:20 +0100] "GET /wp-content/plugins/elementor/assets/css/frontend.min.css?ver=3.35.6 HTTP/1.1" 200 58293 "https://reezone.inglory.de/" "Serf/1.3.9 (mod_pagespeed/1.13.35.2-0)"
94.130.90.54 - - [10/Mar/2026:08:55:20 +0100] "GET /wp-content/plugins/elementor/assets/css/widget-image.min.css?ver=3.35.6 HTTP/1.1" 200 3721 "https://reezone.inglory.de/" "Serf/1.3.9 (mod_pagespeed/1.13.35.2-0)"
94.130.90.54 - - [10/Mar/2026:08:55:20 +0100] "GET /wp-content/plugins/elementor-pro/assets/css/widget-nav-menu.min.css?ver=3.35.1 HTTP/1.1" 200 30933 "https://reezone.inglory.de/" "Serf/1.3.9 (mod_pagespeed/1.13.35.2-0)"
94.130.90.54 - - [10/Mar/2026:08:55:20 +0100] "GET /wp-content/plugins/elementor-pro/assets/css/widget-woocommerce-menu-cart.min.css?ver=3.35.1 HTTP/1.1" 200 17867 "https://reezone.inglory.de/" "Serf/1.3.9 (mod_pagespeed/1.13.35.2-0)"
94.130.90.54 - - [10/Mar/2026:08:55:20 +0100] "GET /wp-content/plugins/elementor-pro/assets/css/modules/sticky.min.css?ver=3.35.1 HTTP/1.1" 200 3669 "https://reezone.inglory.de/" "Serf/1.3.9 (mod_pagespeed/1.13.35.2-0)"
94.130.90.54 - - [10/Mar/2026:08:55:20 +0100] "GET /wp-content/plugins/elementor/assets/css/widget-heading.min.css?ver=3.35.6 HTTP/1.1" 200 4068 "https://reezone.inglory.de/" "Serf/1.3.9 (mod_pagespeed/1.13.35.2-0)"
94.130.90.54 - - [10/Mar/2026:08:55:20 +0100] "GET /wp-content/plugins/elementor/assets/css/widget-social-icons.min.css?ver=3.35.6 HTTP/1.1" 200 8649 "https://reezone.inglory.de/" "Serf/1.3.9 (mod_pagespeed/1.13.35.2-0)"
94.130.90.54 - - [10/Mar/2026:08:55:20 +0100] "GET /wp-content/plugins/elementor/assets/css/conditionals/apple-webkit.min.css?ver=3.35.6 HTTP/1.1" 200 10252 "https://reezone.inglory.de/" "Serf/1.3.9 (mod_pagespeed/1.13.35.2-0)"
