165.101.133.128 - - [12/Mar/2026:17:31:44 +0100] "GET /wp-content/uploads/reezone-schlafsysteme-1.mp4 HTTP/1.0" 206 3738927 "https://reezone.inglory.de/" "Mozilla/5.0 (Macintosh; Intel Mac OS X 10_15_7) AppleWebKit/537.36 (KHTML, like Gecko) Chrome/145.0.0.0 Safari/537.36"
165.101.133.128 - - [12/Mar/2026:17:31:44 +0100] "GET /wp-content/uploads/schlafen-matratze-ruecken-schmerzen.mp4 HTTP/1.0" 206 2867342 "https://reezone.inglory.de/" "Mozilla/5.0 (Macintosh; Intel Mac OS X 10_15_7) AppleWebKit/537.36 (KHTML, like Gecko) Chrome/145.0.0.0 Safari/537.36"
165.101.133.128 - - [12/Mar/2026:17:31:44 +0100] "GET /wp-content/plugins/elementor-pro/assets/js/elements-handlers.min.js?ver=3.35.1 HTTP/1.0" 200 14702 "-" "Mozilla/5.0 (Macintosh; Intel Mac OS X 10_15_7) AppleWebKit/537.36 (KHTML, like Gecko) Chrome/145.0.0.0 Safari/537.36"
165.101.133.128 - - [12/Mar/2026:17:31:44 +0100] "GET /wp-content/plugins/woocommerce/assets/js/selectWoo/selectWoo.full.min.js?ver=1.0.9-wc.10.5.3 HTTP/1.0" 200 26074 "-" "Mozilla/5.0 (Macintosh; Intel Mac OS X 10_15_7) AppleWebKit/537.36 (KHTML, like Gecko) Chrome/145.0.0.0 Safari/537.36"
165.101.133.128 - - [12/Mar/2026:17:31:43 +0100] "POST /?wc-ajax=get_refreshed_fragments HTTP/1.0" 200 5003 "https://reezone.inglory.de/" "Mozilla/5.0 (Macintosh; Intel Mac OS X 10_15_7) AppleWebKit/537.36 (KHTML, like Gecko) Chrome/145.0.0.0 Safari/537.36"
165.101.133.128 - - [12/Mar/2026:17:31:45 +0100] "POST /mod_pagespeed_beacon?url=https%3A%2F%2Freezone.inglory.de%2F HTTP/1.0" 204 3892 "https://reezone.inglory.de/" "Mozilla/5.0 (Macintosh; Intel Mac OS X 10_15_7) AppleWebKit/537.36 (KHTML, like Gecko) Chrome/145.0.0.0 Safari/537.36"
165.101.133.128 - - [12/Mar/2026:17:31:45 +0100] "GET /wp-content/uploads/cropped-items-1-32x32.png HTTP/1.0" 200 5159 "https://reezone.inglory.de/" "Mozilla/5.0 (Macintosh; Intel Mac OS X 10_15_7) AppleWebKit/537.36 (KHTML, like Gecko) Chrome/145.0.0.0 Safari/537.36"
165.101.133.128 - - [12/Mar/2026:17:31:45 +0100] "POST /wp-admin/admin-ajax.php HTTP/1.0" 200 5122 "https://reezone.inglory.de/" "Mozilla/5.0 (Macintosh; Intel Mac OS X 10_15_7) AppleWebKit/537.36 (KHTML, like Gecko) Chrome/145.0.0.0 Safari/537.36"
165.101.133.128 - - [12/Mar/2026:17:31:49 +0100] "GET /wp-content/uploads/bg-2-1.jpg HTTP/1.0" 200 274690 "https://reezone.inglory.de/wp-content/uploads/elementor/css/post-11.css?ver=1773260340" "Mozilla/5.0 (Macintosh; Intel Mac OS X 10_15_7) AppleWebKit/537.36 (KHTML, like Gecko) Chrome/145.0.0.0 Safari/537.36"
165.101.133.128 - - [12/Mar/2026:17:31:54 +0100] "GET /wp-content/uploads/img-1-1.jpg HTTP/1.0" 200 74796 "https://reezone.inglory.de/wp-content/uploads/elementor/css/post-11.css?ver=1773260340" "Mozilla/5.0 (Macintosh; Intel Mac OS X 10_15_7) AppleWebKit/537.36 (KHTML, like Gecko) Chrome/145.0.0.0 Safari/537.36"
165.101.133.128 - - [12/Mar/2026:17:31:54 +0100] "GET /wp-content/uploads/img-2-1.jpg HTTP/1.0" 200 76604 "https://reezone.inglory.de/wp-content/uploads/elementor/css/post-11.css?ver=1773260340" "Mozilla/5.0 (Macintosh; Intel Mac OS X 10_15_7) AppleWebKit/537.36 (KHTML, like Gecko) Chrome/145.0.0.0 Safari/537.36"
94.130.90.54 - - [12/Mar/2026:17:32:06 +0100] "GET /wp-content/uploads/Andreas-RZ.jpg HTTP/1.1" 200 2114368 "https://reezone.inglory.de/ueber-uns/" "Serf/1.3.9 (mod_pagespeed/1.13.35.2-0)"
165.101.133.128 - - [12/Mar/2026:17:32:03 +0100] "GET /ueber-uns/ HTTP/1.0" 200 34473 "https://reezone.inglory.de/" "Mozilla/5.0 (Macintosh; Intel Mac OS X 10_15_7) AppleWebKit/537.36 (KHTML, like Gecko) Chrome/145.0.0.0 Safari/537.36"
94.130.90.54 - - [12/Mar/2026:17:32:06 +0100] "GET /wp-content/uploads/Andreas-S-RZ.jpg HTTP/1.1" 200 2250936 "https://reezone.inglory.de/ueber-uns/" "Serf/1.3.9 (mod_pagespeed/1.13.35.2-0)"
94.130.90.54 - - [12/Mar/2026:17:32:06 +0100] "GET /wp-content/uploads/Daniel-RZ.jpg HTTP/1.1" 200 2046388 "https://reezone.inglory.de/ueber-uns/" "Serf/1.3.9 (mod_pagespeed/1.13.35.2-0)"
94.130.90.54 - - [12/Mar/2026:17:32:06 +0100] "GET /wp-content/uploads/Dirk-RZ.jpg HTTP/1.1" 200 2412597 "https://reezone.inglory.de/ueber-uns/" "Serf/1.3.9 (mod_pagespeed/1.13.35.2-0)"
94.130.90.54 - - [12/Mar/2026:17:32:06 +0100] "GET /wp-content/uploads/Heiko-RZ.jpg HTTP/1.1" 200 2099864 "https://reezone.inglory.de/ueber-uns/" "Serf/1.3.9 (mod_pagespeed/1.13.35.2-0)"
94.130.90.54 - - [12/Mar/2026:17:32:06 +0100] "GET /wp-content/uploads/Holger-RZ.jpg HTTP/1.1" 200 1767625 "https://reezone.inglory.de/ueber-uns/" "Serf/1.3.9 (mod_pagespeed/1.13.35.2-0)"
94.130.90.54 - - [12/Mar/2026:17:32:06 +0100] "GET /wp-content/uploads/Igor-RZ.jpg HTTP/1.1" 200 2087037 "https://reezone.inglory.de/ueber-uns/" "Serf/1.3.9 (mod_pagespeed/1.13.35.2-0)"
94.130.90.54 - - [12/Mar/2026:17:32:06 +0100] "GET /wp-content/uploads/Ivonne-RZ.jpg HTTP/1.1" 200 1576974 "https://reezone.inglory.de/ueber-uns/" "Serf/1.3.9 (mod_pagespeed/1.13.35.2-0)"
94.130.90.54 - - [12/Mar/2026:17:32:06 +0100] "GET /wp-content/uploads/Jan-RZ.jpg HTTP/1.1" 200 1995251 "https://reezone.inglory.de/ueber-uns/" "Serf/1.3.9 (mod_pagespeed/1.13.35.2-0)"
94.130.90.54 - - [12/Mar/2026:17:32:06 +0100] "GET /wp-content/uploads/Jochen-RZ.jpg HTTP/1.1" 200 2052219 "https://reezone.inglory.de/ueber-uns/" "Serf/1.3.9 (mod_pagespeed/1.13.35.2-0)"
94.130.90.54 - - [12/Mar/2026:17:32:06 +0100] "GET /wp-content/uploads/Julius-RZ.jpg HTTP/1.1" 200 1857169 "https://reezone.inglory.de/ueber-uns/" "Serf/1.3.9 (mod_pagespeed/1.13.35.2-0)"
94.130.90.54 - - [12/Mar/2026:17:32:06 +0100] "GET /wp-content/uploads/Madeleine-RZ.jpg HTTP/1.1" 200 2408980 "https://reezone.inglory.de/ueber-uns/" "Serf/1.3.9 (mod_pagespeed/1.13.35.2-0)"
94.130.90.54 - - [12/Mar/2026:17:32:06 +0100] "GET /wp-content/uploads/Manuel-RZ.jpg HTTP/1.1" 200 2015558 "https://reezone.inglory.de/ueber-uns/" "Serf/1.3.9 (mod_pagespeed/1.13.35.2-0)"
94.130.90.54 - - [12/Mar/2026:17:32:06 +0100] "GET /wp-content/uploads/Martin-P-RZ.jpg HTTP/1.1" 200 1929443 "https://reezone.inglory.de/ueber-uns/" "Serf/1.3.9 (mod_pagespeed/1.13.35.2-0)"
94.130.90.54 - - [12/Mar/2026:17:32:06 +0100] "GET /wp-content/uploads/Martin-RZ.jpg HTTP/1.1" 200 2210412 "https://reezone.inglory.de/ueber-uns/" "Serf/1.3.9 (mod_pagespeed/1.13.35.2-0)"
94.130.90.54 - - [12/Mar/2026:17:32:06 +0100] "GET /wp-content/uploads/Max-RZ.jpg HTTP/1.1" 200 2206307 "https://reezone.inglory.de/ueber-uns/" "Serf/1.3.9 (mod_pagespeed/1.13.35.2-0)"
94.130.90.54 - - [12/Mar/2026:17:32:06 +0100] "GET /wp-content/uploads/Petra-RZ.jpg HTTP/1.1" 200 2143713 "https://reezone.inglory.de/ueber-uns/" "Serf/1.3.9 (mod_pagespeed/1.13.35.2-0)"
94.130.90.54 - - [12/Mar/2026:17:32:06 +0100] "GET /wp-content/uploads/Sabine-RZ.jpg HTTP/1.1" 200 2146621 "https://reezone.inglory.de/ueber-uns/" "Serf/1.3.9 (mod_pagespeed/1.13.35.2-0)"
94.130.90.54 - - [12/Mar/2026:17:32:06 +0100] "GET /wp-content/uploads/Sebastian-RZ.jpg HTTP/1.1" 200 1836657 "https://reezone.inglory.de/ueber-uns/" "Serf/1.3.9 (mod_pagespeed/1.13.35.2-0)"
94.130.90.54 - - [12/Mar/2026:17:32:06 +0100] "GET /wp-content/uploads/Stefan-RZ.jpg HTTP/1.1" 200 1972637 "https://reezone.inglory.de/ueber-uns/" "Serf/1.3.9 (mod_pagespeed/1.13.35.2-0)"
94.130.90.54 - - [12/Mar/2026:17:32:06 +0100] "GET /wp-content/uploads/Susanne-RZ.jpg HTTP/1.1" 200 2335333 "https://reezone.inglory.de/ueber-uns/" "Serf/1.3.9 (mod_pagespeed/1.13.35.2-0)"
94.130.90.54 - - [12/Mar/2026:17:32:06 +0100] "GET /wp-content/uploads/Tom-RZ.jpg HTTP/1.1" 200 1996124 "https://reezone.inglory.de/ueber-uns/" "Serf/1.3.9 (mod_pagespeed/1.13.35.2-0)"
94.130.90.54 - - [12/Mar/2026:17:32:06 +0100] "GET /wp-content/uploads/Udo-RZ.jpg HTTP/1.1" 200 2135656 "https://reezone.inglory.de/ueber-uns/" "Serf/1.3.9 (mod_pagespeed/1.13.35.2-0)"
94.130.90.54 - - [12/Mar/2026:17:32:06 +0100] "GET /wp-content/uploads/elementor/css/post-24.css?ver=1773333125 HTTP/1.1" 200 49306 "https://reezone.inglory.de/ueber-uns/" "Serf/1.3.9 (mod_pagespeed/1.13.35.2-0)"
94.130.90.54 - - [12/Mar/2026:17:32:06 +0100] "GET /wp-content/uploads/bg-3-1.jpg HTTP/1.1" 200 285666 "https://reezone.inglory.de/ueber-uns/" "Serf/1.3.9 (mod_pagespeed/1.13.35.2-0)"
94.130.90.54 - - [12/Mar/2026:17:32:06 +0100] "GET /wp-content/uploads/img-1-2.jpg HTTP/1.1" 200 53228 "https://reezone.inglory.de/ueber-uns/" "Serf/1.3.9 (mod_pagespeed/1.13.35.2-0)"
94.130.90.54 - - [12/Mar/2026:17:32:06 +0100] "GET /wp-content/uploads/img-2-1-1.jpg HTTP/1.1" 200 66305 "https://reezone.inglory.de/ueber-uns/" "Serf/1.3.9 (mod_pagespeed/1.13.35.2-0)"
94.130.90.54 - - [12/Mar/2026:17:32:06 +0100] "GET /wp-content/uploads/img-3-1.jpg HTTP/1.1" 200 60161 "https://reezone.inglory.de/ueber-uns/" "Serf/1.3.9 (mod_pagespeed/1.13.35.2-0)"
94.130.90.54 - - [12/Mar/2026:17:32:06 +0100] "GET /wp-content/uploads/img-4-1.jpg HTTP/1.1" 200 104954 "https://reezone.inglory.de/ueber-uns/" "Serf/1.3.9 (mod_pagespeed/1.13.35.2-0)"
165.101.133.128 - - [12/Mar/2026:17:32:06 +0100] "GET /wp-content/plugins/woocommerce/assets/css/woocommerce-layout.css,qver=10.5.3.pagespeed.ce.6Y9SecrK74.css HTTP/1.0" 200 7592 "https://reezone.inglory.de/ueber-uns/" "Mozilla/5.0 (Macintosh; Intel Mac OS X 10_15_7) AppleWebKit/537.36 (KHTML, like Gecko) Chrome/145.0.0.0 Safari/537.36"
165.101.133.128 - - [12/Mar/2026:17:32:06 +0100] "GET /wp-content/plugins/jet-engine/assets/css/frontend.css,qver=3.8.5.pagespeed.ce.B55kVz6ig1.css HTTP/1.0" 200 12344 "https://reezone.inglory.de/ueber-uns/" "Mozilla/5.0 (Macintosh; Intel Mac OS X 10_15_7) AppleWebKit/537.36 (KHTML, like Gecko) Chrome/145.0.0.0 Safari/537.36"
165.101.133.128 - - [12/Mar/2026:17:32:06 +0100] "GET /wp-content/plugins/woocommerce/assets/css/woocommerce.css,qver=10.5.3.pagespeed.ce.HrKYvcvQb4.css HTTP/1.0" 200 15187 "https://reezone.inglory.de/ueber-uns/" "Mozilla/5.0 (Macintosh; Intel Mac OS X 10_15_7) AppleWebKit/537.36 (KHTML, like Gecko) Chrome/145.0.0.0 Safari/537.36"
165.101.133.128 - - [12/Mar/2026:17:32:06 +0100] "GET /wp-content/plugins/elementor/assets/css/frontend.min.css,qver=3.35.6.pagespeed.ce.T7X3_F5B9z.css HTTP/1.0" 200 11449 "https://reezone.inglory.de/ueber-uns/" "Mozilla/5.0 (Macintosh; Intel Mac OS X 10_15_7) AppleWebKit/537.36 (KHTML, like Gecko) Chrome/145.0.0.0 Safari/537.36"
165.101.133.128 - - [12/Mar/2026:17:32:06 +0100] "GET /wp-content/uploads/elementor/css/A.post-10.css,qver=1773260336.pagespeed.cf.180yAO7OAV.css HTTP/1.0" 200 5086 "https://reezone.inglory.de/ueber-uns/" "Mozilla/5.0 (Macintosh; Intel Mac OS X 10_15_7) AppleWebKit/537.36 (KHTML, like Gecko) Chrome/145.0.0.0 Safari/537.36"
165.101.133.128 - - [12/Mar/2026:17:32:06 +0100] "GET /wp-content/uploads/elementor/css/A.post-186.css,qver=1773260340.pagespeed.cf.gaHLzZaIvT.css HTTP/1.0" 200 5691 "https://reezone.inglory.de/ueber-uns/" "Mozilla/5.0 (Macintosh; Intel Mac OS X 10_15_7) AppleWebKit/537.36 (KHTML, like Gecko) Chrome/145.0.0.0 Safari/537.36"
165.101.133.128 - - [12/Mar/2026:17:32:06 +0100] "GET /wp-content/uploads/elementor/css/post-24.css?ver=1773333125 HTTP/1.0" 200 7069 "https://reezone.inglory.de/ueber-uns/" "Mozilla/5.0 (Macintosh; Intel Mac OS X 10_15_7) AppleWebKit/537.36 (KHTML, like Gecko) Chrome/145.0.0.0 Safari/537.36"
165.101.133.128 - - [12/Mar/2026:17:32:06 +0100] "GET /wp-content/plugins/elementor-pro/assets/css/A.widget-nav-menu.min.css,qver=3.35.1.pagespeed.cf.GfA-OKevUX.css HTTP/1.0" 200 7576 "https://reezone.inglory.de/ueber-uns/" "Mozilla/5.0 (Macintosh; Intel Mac OS X 10_15_7) AppleWebKit/537.36 (KHTML, like Gecko) Chrome/145.0.0.0 Safari/537.36"
165.101.133.128 - - [12/Mar/2026:17:32:06 +0100] "GET /wp-content/uploads/elementor/css/A.post-137.css,qver=1773260340.pagespeed.cf.HlYsIwSVDd.css HTTP/1.0" 200 7291 "https://reezone.inglory.de/ueber-uns/" "Mozilla/5.0 (Macintosh; Intel Mac OS X 10_15_7) AppleWebKit/537.36 (KHTML, like Gecko) Chrome/145.0.0.0 Safari/537.36"
165.101.133.128 - - [12/Mar/2026:17:32:06 +0100] "GET /wp-content/uploads/elementor/css/A.post-103.css,qver=1773260340.pagespeed.cf.5_QHFP58ln.css HTTP/1.0" 200 6622 "https://reezone.inglory.de/ueber-uns/" "Mozilla/5.0 (Macintosh; Intel Mac OS X 10_15_7) AppleWebKit/537.36 (KHTML, like Gecko) Chrome/145.0.0.0 Safari/537.36"
165.101.133.128 - - [12/Mar/2026:17:32:06 +0100] "GET /wp-content/plugins/yith-woocommerce-product-add-ons/assets/css/A.front.css,qver=4.28.0.pagespeed.cf.IJCKsphmKK.css HTTP/1.0" 200 8656 "https://reezone.inglory.de/ueber-uns/" "Mozilla/5.0 (Macintosh; Intel Mac OS X 10_15_7) AppleWebKit/537.36 (KHTML, like Gecko) Chrome/145.0.0.0 Safari/537.36"
165.101.133.128 - - [12/Mar/2026:17:32:06 +0100] "GET /wp-includes/css/A.dashicons.min.css,qver=6.9.4.pagespeed.cf.YtIiybB4VG.css HTTP/1.0" 200 39834 "https://reezone.inglory.de/ueber-uns/" "Mozilla/5.0 (Macintosh; Intel Mac OS X 10_15_7) AppleWebKit/537.36 (KHTML, like Gecko) Chrome/145.0.0.0 Safari/537.36"
165.101.133.128 - - [12/Mar/2026:17:32:06 +0100] "GET /wp-includes/js/jquery/jquery.min.js,qver=3.7.1.pagespeed.jm.PoWN7KAtLT.js HTTP/1.0" 200 34465 "https://reezone.inglory.de/ueber-uns/" "Mozilla/5.0 (Macintosh; Intel Mac OS X 10_15_7) AppleWebKit/537.36 (KHTML, like Gecko) Chrome/145.0.0.0 Safari/537.36"
165.101.133.128 - - [12/Mar/2026:17:32:06 +0100] "GET /wp-content/plugins/elementor/assets/lib/eicons/css/A.elementor-icons.min.css,qver=5.47.0.pagespeed.cf.NjdR2-2lMX.css HTTP/1.0" 200 8578 "https://reezone.inglory.de/ueber-uns/" "Mozilla/5.0 (Macintosh; Intel Mac OS X 10_15_7) AppleWebKit/537.36 (KHTML, like Gecko) Chrome/145.0.0.0 Safari/537.36"
165.101.133.128 - - [12/Mar/2026:17:32:06 +0100] "GET /wp-content/plugins/elementor-pro/assets/css/A.widget-woocommerce-menu-cart.min.css,qver=3.35.1.pagespeed.cf.I2RCpnV-sV.css HTTP/1.0" 200 6697 "https://reezone.inglory.de/ueber-uns/" "Mozilla/5.0 (Macintosh; Intel Mac OS X 10_15_7) AppleWebKit/537.36 (KHTML, like Gecko) Chrome/145.0.0.0 Safari/537.36"
165.101.133.128 - - [12/Mar/2026:17:32:06 +0100] "GET /wp-includes/js/underscore.min.js,qver=1.13.7.pagespeed.jm.GGX7Yrjzrb.js HTTP/1.0" 200 11437 "https://reezone.inglory.de/ueber-uns/" "Mozilla/5.0 (Macintosh; Intel Mac OS X 10_15_7) AppleWebKit/537.36 (KHTML, like Gecko) Chrome/145.0.0.0 Safari/537.36"
165.101.133.128 - - [12/Mar/2026:17:32:06 +0100] "GET /wp-content/plugins/elementor/assets/lib/swiper/v8/css/A.swiper.min.css,qver=8.4.5.pagespeed.cf.1sMgTZG5nO.css HTTP/1.0" 200 20668 "https://reezone.inglory.de/ueber-uns/" "Mozilla/5.0 (Macintosh; Intel Mac OS X 10_15_7) AppleWebKit/537.36 (KHTML, like Gecko) Chrome/145.0.0.0 Safari/537.36"
165.101.133.128 - - [12/Mar/2026:17:32:06 +0100] "GET /wp-content/plugins/jet-woo-product-gallery/assets/lib/swiper/swiper.min.js,qver=5.3.6.pagespeed.jm.0kJnTpXBgJ.js HTTP/1.0" 200 39374 "https://reezone.inglory.de/ueber-uns/" "Mozilla/5.0 (Macintosh; Intel Mac OS X 10_15_7) AppleWebKit/537.36 (KHTML, like Gecko) Chrome/145.0.0.0 Safari/537.36"
165.101.133.128 - - [12/Mar/2026:17:32:06 +0100] "GET /wp-includes,_js,_jquery,_jquery-migrate.min.js,qver==3.4.1+wp-content,_plugins,_woocommerce,_assets,_js,_jquery-blockui,_jquery.blockUI.min.js,qver==2.7.0-wc.10.5.3.pagespeed.jc.C0aPPLo4zT.js HTTP/1.0" 200 12255 "https://reezone.inglory.de/ueber-uns/" "Mozilla/5.0 (Macintosh; Intel Mac OS X 10_15_7) AppleWebKit/537.36 (KHTML, like Gecko) Chrome/145.0.0.0 Safari/537.36"
165.101.133.128 - - [12/Mar/2026:17:32:06 +0100] "GET /wp-content/plugins/yith-woocommerce-product-add-ons/plugin-fw/assets/css/A.yith-icon.css,qver=4.7.8.pagespeed.cf.G6N3hxKTnL.css HTTP/1.0" 200 15782 "https://reezone.inglory.de/ueber-uns/" "Mozilla/5.0 (Macintosh; Intel Mac OS X 10_15_7) AppleWebKit/537.36 (KHTML, like Gecko) Chrome/145.0.0.0 Safari/537.36"
165.101.133.128 - - [12/Mar/2026:17:32:06 +0100] "GET /wp-content/plugins/elementor/assets/lib/font-awesome/css/A.fontawesome.min.css,qver=5.15.3.pagespeed.cf.OnyloIe9DI.css HTTP/1.0" 200 62312 "https://reezone.inglory.de/ueber-uns/" "Mozilla/5.0 (Macintosh; Intel Mac OS X 10_15_7) AppleWebKit/537.36 (KHTML, like Gecko) Chrome/145.0.0.0 Safari/537.36"
165.101.133.128 - - [12/Mar/2026:17:32:06 +0100] "GET /wp-content/uploads/Andreas-RZ.jpg HTTP/1.0" 200 2114082 "https://reezone.inglory.de/ueber-uns/" "Mozilla/5.0 (Macintosh; Intel Mac OS X 10_15_7) AppleWebKit/537.36 (KHTML, like Gecko) Chrome/145.0.0.0 Safari/537.36"
165.101.133.128 - - [12/Mar/2026:17:32:06 +0100] "GET /wp-content/uploads/Andreas-S-RZ.jpg HTTP/1.0" 200 2250594 "https://reezone.inglory.de/ueber-uns/" "Mozilla/5.0 (Macintosh; Intel Mac OS X 10_15_7) AppleWebKit/537.36 (KHTML, like Gecko) Chrome/145.0.0.0 Safari/537.36"
165.101.133.128 - - [12/Mar/2026:17:32:06 +0100] "GET /wp-content/uploads/xscherz.jpg.pagespeed.ic.ezac4aJwFg.webp HTTP/1.0" 200 216111 "https://reezone.inglory.de/ueber-uns/" "Mozilla/5.0 (Macintosh; Intel Mac OS X 10_15_7) AppleWebKit/537.36 (KHTML, like Gecko) Chrome/145.0.0.0 Safari/537.36"
165.101.133.128 - - [12/Mar/2026:17:32:07 +0100] "GET /wp-content/uploads/elementor/css/A.post-192.css,qver=1773260341.pagespeed.cf.WwQaViZmMX.css HTTP/1.0" 200 4941 "https://reezone.inglory.de/ueber-uns/" "Mozilla/5.0 (Macintosh; Intel Mac OS X 10_15_7) AppleWebKit/537.36 (KHTML, like Gecko) Chrome/145.0.0.0 Safari/537.36"
165.101.133.128 - - [12/Mar/2026:17:32:07 +0100] "GET /wp-content/uploads/Daniel-RZ.jpg HTTP/1.0" 200 2046130 "https://reezone.inglory.de/ueber-uns/" "Mozilla/5.0 (Macintosh; Intel Mac OS X 10_15_7) AppleWebKit/537.36 (KHTML, like Gecko) Chrome/145.0.0.0 Safari/537.36"
165.101.133.128 - - [12/Mar/2026:17:32:07 +0100] "GET /wp-content/plugins/woocommerce/assets/client/blocks/wc-blocks.css,qver=wc-10.5.3.pagespeed.ce.4tZxxAPH4r.css HTTP/1.0" 200 6796 "https://reezone.inglory.de/ueber-uns/" "Mozilla/5.0 (Macintosh; Intel Mac OS X 10_15_7) AppleWebKit/537.36 (KHTML, like Gecko) Chrome/145.0.0.0 Safari/537.36"
165.101.133.128 - - [12/Mar/2026:17:32:07 +0100] "GET /wp-content/plugins/wp-social-reviews/assets/css/A.wp_social_ninja_ig.css,qver=4.1.0.pagespeed.cf.Zb5C12SKLt.css HTTP/1.0" 200 11144 "https://reezone.inglory.de/ueber-uns/" "Mozilla/5.0 (Macintosh; Intel Mac OS X 10_15_7) AppleWebKit/537.36 (KHTML, like Gecko) Chrome/145.0.0.0 Safari/537.36"
165.101.133.128 - - [12/Mar/2026:17:32:07 +0100] "GET /wp-content/uploads/Dirk-RZ.jpg HTTP/1.0" 200 2412185 "https://reezone.inglory.de/ueber-uns/" "Mozilla/5.0 (Macintosh; Intel Mac OS X 10_15_7) AppleWebKit/537.36 (KHTML, like Gecko) Chrome/145.0.0.0 Safari/537.36"
165.101.133.128 - - [12/Mar/2026:17:32:07 +0100] "GET /wp-content/uploads/Ivonne-RZ.jpg HTTP/1.0" 200 1576919 "https://reezone.inglory.de/ueber-uns/" "Mozilla/5.0 (Macintosh; Intel Mac OS X 10_15_7) AppleWebKit/537.36 (KHTML, like Gecko) Chrome/145.0.0.0 Safari/537.36"
165.101.133.128 - - [12/Mar/2026:17:32:07 +0100] "GET /wp-content,_plugins,_elementor,_assets,_js,_frontend-modules.min.js,qver==3.35.6+wp-includes,_js,_jquery,_ui,_core.min.js,qver==1.13.3.pagespeed.jc.-4eWQZLpy-.js HTTP/1.0" 200 26559 "https://reezone.inglory.de/ueber-uns/" "Mozilla/5.0 (Macintosh; Intel Mac OS X 10_15_7) AppleWebKit/537.36 (KHTML, like Gecko) Chrome/145.0.0.0 Safari/537.36"
165.101.133.128 - - [12/Mar/2026:17:32:07 +0100] "GET /wp-content/plugins/elementor-pro/assets/lib/smartmenus,_jquery.smartmenus.min.js,qver==1.2.1+sticky,_jquery.sticky.min.js,qver==3.35.1.pagespeed.jc.lfGtbHPMAY.js HTTP/1.0" 200 12639 "https://reezone.inglory.de/ueber-uns/" "Mozilla/5.0 (Macintosh; Intel Mac OS X 10_15_7) AppleWebKit/537.36 (KHTML, like Gecko) Chrome/145.0.0.0 Safari/537.36"
165.101.133.128 - - [12/Mar/2026:17:32:07 +0100] "GET /wp-content/plugins/elementor/assets/js/frontend.min.js,qver=3.35.6.pagespeed.ce.BwBI7dCVCx.js HTTP/1.0" 200 14554 "https://reezone.inglory.de/ueber-uns/" "Mozilla/5.0 (Macintosh; Intel Mac OS X 10_15_7) AppleWebKit/537.36 (KHTML, like Gecko) Chrome/145.0.0.0 Safari/537.36"
165.101.133.128 - - [12/Mar/2026:17:32:07 +0100] "GET /wp-content/plugins/yith-woocommerce-product-add-ons/assets/js/front.min.js,qver=4.28.0.pagespeed.ce.Jm31MYHV8D.js HTTP/1.0" 200 17216 "https://reezone.inglory.de/ueber-uns/" "Mozilla/5.0 (Macintosh; Intel Mac OS X 10_15_7) AppleWebKit/537.36 (KHTML, like Gecko) Chrome/145.0.0.0 Safari/537.36"
165.101.133.128 - - [12/Mar/2026:17:32:07 +0100] "GET /wp-content/uploads/Holger-RZ.jpg HTTP/1.0" 200 1767486 "https://reezone.inglory.de/ueber-uns/" "Mozilla/5.0 (Macintosh; Intel Mac OS X 10_15_7) AppleWebKit/537.36 (KHTML, like Gecko) Chrome/145.0.0.0 Safari/537.36"
165.101.133.128 - - [12/Mar/2026:17:32:07 +0100] "GET /wp-content/plugins/elementor-pro/assets/js/elements-handlers.min.js,qver=3.35.1.pagespeed.ce.zJU0qV6gkD.js HTTP/1.0" 200 14774 "https://reezone.inglory.de/ueber-uns/" "Mozilla/5.0 (Macintosh; Intel Mac OS X 10_15_7) AppleWebKit/537.36 (KHTML, like Gecko) Chrome/145.0.0.0 Safari/537.36"
94.130.90.54 - - [12/Mar/2026:17:32:07 +0100] "GET /wp-content/plugins/woocommerce/assets/js/frontend/order-attribution.min.js?ver=10.5.3 HTTP/1.1" 200 5991 "https://reezone.inglory.de/ueber-uns/" "Serf/1.3.9 (mod_pagespeed/1.13.35.2-0)"
165.101.133.128 - - [12/Mar/2026:17:32:07 +0100] "GET /wp-content/plugins/woocommerce/assets/js/frontend/add-to-cart-variation.min.js,qver=10.5.3.pagespeed.ce.gaeCgkEFDW.js HTTP/1.0" 200 8132 "https://reezone.inglory.de/ueber-uns/" "Mozilla/5.0 (Macintosh; Intel Mac OS X 10_15_7) AppleWebKit/537.36 (KHTML, like Gecko) Chrome/145.0.0.0 Safari/537.36"
165.101.133.128 - - [12/Mar/2026:17:32:07 +0100] "GET /wp-content/plugins/elementor-pro/assets/js/frontend.min.js,qver=3.35.1.pagespeed.ce.ijLVWCNKry.js HTTP/1.0" 200 10626 "https://reezone.inglory.de/ueber-uns/" "Mozilla/5.0 (Macintosh; Intel Mac OS X 10_15_7) AppleWebKit/537.36 (KHTML, like Gecko) Chrome/145.0.0.0 Safari/537.36"
165.101.133.128 - - [12/Mar/2026:17:32:07 +0100] "GET /wp-content/plugins/woocommerce/assets/js/frontend/single-product.min.js,qver=10.5.3.pagespeed.ce.j7oz_g6ov-.js HTTP/1.0" 200 7128 "https://reezone.inglory.de/ueber-uns/" "Mozilla/5.0 (Macintosh; Intel Mac OS X 10_15_7) AppleWebKit/537.36 (KHTML, like Gecko) Chrome/145.0.0.0 Safari/537.36"
165.101.133.128 - - [12/Mar/2026:17:32:07 +0100] "GET /wp-content/plugins/elementor/assets/lib/swiper/v8/swiper.min.js,qver=8.4.5.pagespeed.ce.g-mynwCGu6.js HTTP/1.0" 200 43977 "https://reezone.inglory.de/ueber-uns/" "Mozilla/5.0 (Macintosh; Intel Mac OS X 10_15_7) AppleWebKit/537.36 (KHTML, like Gecko) Chrome/145.0.0.0 Safari/537.36"
165.101.133.128 - - [12/Mar/2026:17:32:07 +0100] "GET /wp-content/plugins/woocommerce/assets/js/sourcebuster/sourcebuster.min.js,qver=10.5.3.pagespeed.ce._AYIDr-Xk4.js HTTP/1.0" 200 8999 "https://reezone.inglory.de/ueber-uns/" "Mozilla/5.0 (Macintosh; Intel Mac OS X 10_15_7) AppleWebKit/537.36 (KHTML, like Gecko) Chrome/145.0.0.0 Safari/537.36"
165.101.133.128 - - [12/Mar/2026:17:32:07 +0100] "GET /wp-content/uploads/ximg-5.jpg.pagespeed.ic.Be0fOM4unu.webp HTTP/1.0" 200 142027 "https://reezone.inglory.de/ueber-uns/" "Mozilla/5.0 (Macintosh; Intel Mac OS X 10_15_7) AppleWebKit/537.36 (KHTML, like Gecko) Chrome/145.0.0.0 Safari/537.36"
165.101.133.128 - - [12/Mar/2026:17:32:07 +0100] "GET /wp-content/uploads/Heiko-RZ.jpg HTTP/1.0" 200 2099585 "https://reezone.inglory.de/ueber-uns/" "Mozilla/5.0 (Macintosh; Intel Mac OS X 10_15_7) AppleWebKit/537.36 (KHTML, like Gecko) Chrome/145.0.0.0 Safari/537.36"
165.101.133.128 - - [12/Mar/2026:17:32:07 +0100] "GET /wp-content/uploads/ximg-6.jpg.pagespeed.ic.MzHFCi87Cd.webp HTTP/1.0" 200 38469 "https://reezone.inglory.de/ueber-uns/" "Mozilla/5.0 (Macintosh; Intel Mac OS X 10_15_7) AppleWebKit/537.36 (KHTML, like Gecko) Chrome/145.0.0.0 Safari/537.36"
94.130.90.54 - - [12/Mar/2026:17:32:07 +0100] "GET /wp-includes/js/dist/hooks.min.js?ver=dd5603f07f9220ed27f1 HTTP/1.1" 200 9214 "https://reezone.inglory.de/ueber-uns/" "Serf/1.3.9 (mod_pagespeed/1.13.35.2-0)"
165.101.133.128 - - [12/Mar/2026:17:32:07 +0100] "GET /wp-content,_plugins,_woocommerce,_assets,_js,_frontend,_order-attribution.min.js,qver==10.5.3+wp-includes,_js,_jquery,_ui,_datepicker.min.js,qver==1.13.3.pagespeed.jc.DJ05MbMX3I.js HTTP/1.0" 200 16287 "https://reezone.inglory.de/ueber-uns/" "Mozilla/5.0 (Macintosh; Intel Mac OS X 10_15_7) AppleWebKit/537.36 (KHTML, like Gecko) Chrome/145.0.0.0 Safari/537.36"
165.101.133.128 - - [12/Mar/2026:17:32:07 +0100] "GET /wp-content/uploads/img-1-2.jpg HTTP/1.0" 200 53817 "https://reezone.inglory.de/wp-content/uploads/elementor/css/post-24.css?ver=1773333125" "Mozilla/5.0 (Macintosh; Intel Mac OS X 10_15_7) AppleWebKit/537.36 (KHTML, like Gecko) Chrome/145.0.0.0 Safari/537.36"
165.101.133.128 - - [12/Mar/2026:17:32:07 +0100] "GET /wp-content/uploads/ximg.jpg.pagespeed.ic.kf-i1TZgz_.webp HTTP/1.0" 200 58605 "https://reezone.inglory.de/ueber-uns/" "Mozilla/5.0 (Macintosh; Intel Mac OS X 10_15_7) AppleWebKit/537.36 (KHTML, like Gecko) Chrome/145.0.0.0 Safari/537.36"
165.101.133.128 - - [12/Mar/2026:17:32:07 +0100] "GET /wp-content/uploads/Manuel-RZ.jpg HTTP/1.0" 200 2015314 "https://reezone.inglory.de/ueber-uns/" "Mozilla/5.0 (Macintosh; Intel Mac OS X 10_15_7) AppleWebKit/537.36 (KHTML, like Gecko) Chrome/145.0.0.0 Safari/537.36"
165.101.133.128 - - [12/Mar/2026:17:32:07 +0100] "GET /wp-content/uploads/Madeleine-RZ.jpg HTTP/1.0" 200 2408568 "https://reezone.inglory.de/ueber-uns/" "Mozilla/5.0 (Macintosh; Intel Mac OS X 10_15_7) AppleWebKit/537.36 (KHTML, like Gecko) Chrome/145.0.0.0 Safari/537.36"
165.101.133.128 - - [12/Mar/2026:17:32:07 +0100] "GET /wp-content/uploads/Igor-RZ.jpg HTTP/1.0" 200 2086765 "https://reezone.inglory.de/ueber-uns/" "Mozilla/5.0 (Macintosh; Intel Mac OS X 10_15_7) AppleWebKit/537.36 (KHTML, like Gecko) Chrome/145.0.0.0 Safari/537.36"
165.101.133.128 - - [12/Mar/2026:17:32:07 +0100] "GET /wp-content/uploads/ximg-8.jpg.pagespeed.ic.JfMfz3J-yI.webp HTTP/1.0" 200 44267 "https://reezone.inglory.de/ueber-uns/" "Mozilla/5.0 (Macintosh; Intel Mac OS X 10_15_7) AppleWebKit/537.36 (KHTML, like Gecko) Chrome/145.0.0.0 Safari/537.36"
165.101.133.128 - - [12/Mar/2026:17:32:07 +0100] "GET /wp-content,_plugins,_woocommerce,_assets,_js,_selectWoo,_selectWoo.full.min.js,qver==1.0.9-wc.10.5.3+wp-includes,_js,_dist,_hooks.min.js,qver==dd5603f07f9220ed27f1.pagespeed.jc.g82dQNF1_S.js HTTP/1.0" 200 28137 "https://reezone.inglory.de/ueber-uns/" "Mozilla/5.0 (Macintosh; Intel Mac OS X 10_15_7) AppleWebKit/537.36 (KHTML, like Gecko) Chrome/145.0.0.0 Safari/537.36"
165.101.133.128 - - [12/Mar/2026:17:32:07 +0100] "GET /wp-content/uploads/Jan-RZ.jpg HTTP/1.0" 200 1995014 "https://reezone.inglory.de/ueber-uns/" "Mozilla/5.0 (Macintosh; Intel Mac OS X 10_15_7) AppleWebKit/537.36 (KHTML, like Gecko) Chrome/145.0.0.0 Safari/537.36"
165.101.133.128 - - [12/Mar/2026:17:32:07 +0100] "GET /wp-content/uploads/Martin-P-RZ.jpg HTTP/1.0" 200 1929234 "https://reezone.inglory.de/ueber-uns/" "Mozilla/5.0 (Macintosh; Intel Mac OS X 10_15_7) AppleWebKit/537.36 (KHTML, like Gecko) Chrome/145.0.0.0 Safari/537.36"
165.101.133.128 - - [12/Mar/2026:17:32:07 +0100] "GET /wp-content/uploads/Jochen-RZ.jpg HTTP/1.0" 200 2051961 "https://reezone.inglory.de/ueber-uns/" "Mozilla/5.0 (Macintosh; Intel Mac OS X 10_15_7) AppleWebKit/537.36 (KHTML, like Gecko) Chrome/145.0.0.0 Safari/537.36"
165.101.133.128 - - [12/Mar/2026:17:32:07 +0100] "GET /wp-content/uploads/Julius-RZ.jpg HTTP/1.0" 200 1856995 "https://reezone.inglory.de/ueber-uns/" "Mozilla/5.0 (Macintosh; Intel Mac OS X 10_15_7) AppleWebKit/537.36 (KHTML, like Gecko) Chrome/145.0.0.0 Safari/537.36"
165.101.133.128 - - [12/Mar/2026:17:32:07 +0100] "GET /wp-content/uploads/Sebastian-RZ.jpg HTTP/1.0" 200 1836490 "https://reezone.inglory.de/ueber-uns/" "Mozilla/5.0 (Macintosh; Intel Mac OS X 10_15_7) AppleWebKit/537.36 (KHTML, like Gecko) Chrome/145.0.0.0 Safari/537.36"
165.101.133.128 - - [12/Mar/2026:17:32:07 +0100] "GET /wp-content/uploads/Martin-RZ.jpg HTTP/1.0" 200 2210084 "https://reezone.inglory.de/ueber-uns/" "Mozilla/5.0 (Macintosh; Intel Mac OS X 10_15_7) AppleWebKit/537.36 (KHTML, like Gecko) Chrome/145.0.0.0 Safari/537.36"
165.101.133.128 - - [12/Mar/2026:17:32:07 +0100] "GET /wp-content/uploads/Max-RZ.jpg HTTP/1.0" 200 2205979 "https://reezone.inglory.de/ueber-uns/" "Mozilla/5.0 (Macintosh; Intel Mac OS X 10_15_7) AppleWebKit/537.36 (KHTML, like Gecko) Chrome/145.0.0.0 Safari/537.36"
165.101.133.128 - - [12/Mar/2026:17:32:07 +0100] "GET /wp-content/uploads/Susanne-RZ.jpg HTTP/1.0" 200 2334949 "https://reezone.inglory.de/ueber-uns/" "Mozilla/5.0 (Macintosh; Intel Mac OS X 10_15_7) AppleWebKit/537.36 (KHTML, like Gecko) Chrome/145.0.0.0 Safari/537.36"
165.101.133.128 - - [12/Mar/2026:17:32:07 +0100] "GET /wp-content/uploads/Petra-RZ.jpg HTTP/1.0" 200 2143413 "https://reezone.inglory.de/ueber-uns/" "Mozilla/5.0 (Macintosh; Intel Mac OS X 10_15_7) AppleWebKit/537.36 (KHTML, like Gecko) Chrome/145.0.0.0 Safari/537.36"
165.101.133.128 - - [12/Mar/2026:17:32:07 +0100] "GET /wp-content/uploads/Stefan-RZ.jpg HTTP/1.0" 200 1972414 "https://reezone.inglory.de/ueber-uns/" "Mozilla/5.0 (Macintosh; Intel Mac OS X 10_15_7) AppleWebKit/537.36 (KHTML, like Gecko) Chrome/145.0.0.0 Safari/537.36"
165.101.133.128 - - [12/Mar/2026:17:32:07 +0100] "GET /wp-content/uploads/Sabine-RZ.jpg HTTP/1.0" 200 2146321 "https://reezone.inglory.de/ueber-uns/" "Mozilla/5.0 (Macintosh; Intel Mac OS X 10_15_7) AppleWebKit/537.36 (KHTML, like Gecko) Chrome/145.0.0.0 Safari/537.36"
165.101.133.128 - - [12/Mar/2026:17:32:07 +0100] "GET /wp-content/uploads/Tom-RZ.jpg HTTP/1.0" 200 1995887 "https://reezone.inglory.de/ueber-uns/" "Mozilla/5.0 (Macintosh; Intel Mac OS X 10_15_7) AppleWebKit/537.36 (KHTML, like Gecko) Chrome/145.0.0.0 Safari/537.36"
165.101.133.128 - - [12/Mar/2026:17:32:07 +0100] "GET /wp-content/uploads/ximg-4.jpg.pagespeed.ic.GLWCfhv1fS.webp HTTP/1.0" 200 59206 "https://reezone.inglory.de/ueber-uns/" "Mozilla/5.0 (Macintosh; Intel Mac OS X 10_15_7) AppleWebKit/537.36 (KHTML, like Gecko) Chrome/145.0.0.0 Safari/537.36"
165.101.133.128 - - [12/Mar/2026:17:32:07 +0100] "GET /wp-content/uploads/Udo-RZ.jpg HTTP/1.0" 200 2135363 "https://reezone.inglory.de/ueber-uns/" "Mozilla/5.0 (Macintosh; Intel Mac OS X 10_15_7) AppleWebKit/537.36 (KHTML, like Gecko) Chrome/145.0.0.0 Safari/537.36"
165.101.133.128 - - [12/Mar/2026:17:32:07 +0100] "GET /wp-content/uploads/bg-3-1.jpg HTTP/1.0" 200 286157 "https://reezone.inglory.de/wp-content/uploads/elementor/css/post-24.css?ver=1773333125" "Mozilla/5.0 (Macintosh; Intel Mac OS X 10_15_7) AppleWebKit/537.36 (KHTML, like Gecko) Chrome/145.0.0.0 Safari/537.36"
165.101.133.128 - - [12/Mar/2026:17:32:07 +0100] "GET /wp-content/uploads/img-2-1-1.jpg HTTP/1.0" 200 66894 "https://reezone.inglory.de/wp-content/uploads/elementor/css/post-24.css?ver=1773333125" "Mozilla/5.0 (Macintosh; Intel Mac OS X 10_15_7) AppleWebKit/537.36 (KHTML, like Gecko) Chrome/145.0.0.0 Safari/537.36"
165.101.133.128 - - [12/Mar/2026:17:32:07 +0100] "GET /wp-content/uploads/img-4-1.jpg HTTP/1.0" 200 105522 "https://reezone.inglory.de/wp-content/uploads/elementor/css/post-24.css?ver=1773333125" "Mozilla/5.0 (Macintosh; Intel Mac OS X 10_15_7) AppleWebKit/537.36 (KHTML, like Gecko) Chrome/145.0.0.0 Safari/537.36"
165.101.133.128 - - [12/Mar/2026:17:32:07 +0100] "GET /wp-content/uploads/ximg-7.jpg.pagespeed.ic.Hlz7g1MR4b.webp HTTP/1.0" 200 56099 "https://reezone.inglory.de/ueber-uns/" "Mozilla/5.0 (Macintosh; Intel Mac OS X 10_15_7) AppleWebKit/537.36 (KHTML, like Gecko) Chrome/145.0.0.0 Safari/537.36"
165.101.133.128 - - [12/Mar/2026:17:32:07 +0100] "GET /wp-content/uploads/xlautwein.jpg.pagespeed.ic.8S4cBMyx-V.webp HTTP/1.0" 200 211008 "https://reezone.inglory.de/ueber-uns/" "Mozilla/5.0 (Macintosh; Intel Mac OS X 10_15_7) AppleWebKit/537.36 (KHTML, like Gecko) Chrome/145.0.0.0 Safari/537.36"
165.101.133.128 - - [12/Mar/2026:17:32:11 +0100] "GET /wp-content/uploads/xackermann.jpg.pagespeed.ic.WUuZlxYt2T.webp HTTP/1.0" 200 167633 "https://reezone.inglory.de/ueber-uns/" "Mozilla/5.0 (Macintosh; Intel Mac OS X 10_15_7) AppleWebKit/537.36 (KHTML, like Gecko) Chrome/145.0.0.0 Safari/537.36"
165.101.133.128 - - [12/Mar/2026:17:32:13 +0100] "GET /wp-content/uploads/matratze-manufaktur-2.mp4 HTTP/1.0" 206 4564785 "https://reezone.inglory.de/ueber-uns/" "Mozilla/5.0 (Macintosh; Intel Mac OS X 10_15_7) AppleWebKit/537.36 (KHTML, like Gecko) Chrome/145.0.0.0 Safari/537.36"
165.101.133.128 - - [12/Mar/2026:17:32:17 +0100] "GET /wp-content/uploads/img-3-1.jpg HTTP/1.0" 200 60750 "https://reezone.inglory.de/wp-content/uploads/elementor/css/post-24.css?ver=1773333125" "Mozilla/5.0 (Macintosh; Intel Mac OS X 10_15_7) AppleWebKit/537.36 (KHTML, like Gecko) Chrome/145.0.0.0 Safari/537.36"
165.101.133.128 - - [12/Mar/2026:17:32:17 +0100] "GET /wp-content/uploads/xFrame-4627-1.png.pagespeed.ic.-yKnoA2nup.webp HTTP/1.0" 200 116614 "https://reezone.inglory.de/ueber-uns/" "Mozilla/5.0 (Macintosh; Intel Mac OS X 10_15_7) AppleWebKit/537.36 (KHTML, like Gecko) Chrome/145.0.0.0 Safari/537.36"
94.130.90.54 - - [12/Mar/2026:17:32:26 +0100] "GET /wp-content/plugins/elementor-pro/assets/css/widget-form.min.css?ver=3.35.1 HTTP/1.1" 200 10337 "https://reezone.inglory.de/kontakt/" "Serf/1.3.9 (mod_pagespeed/1.13.35.2-0)"
94.130.90.54 - - [12/Mar/2026:17:32:26 +0100] "GET /wp-content/plugins/elementor/assets/css/widget-google_maps.min.css?ver=3.35.6 HTTP/1.1" 200 3769 "https://reezone.inglory.de/kontakt/" "Serf/1.3.9 (mod_pagespeed/1.13.35.2-0)"
94.130.90.54 - - [12/Mar/2026:17:32:26 +0100] "GET /wp-content/uploads/elementor/css/post-22.css?ver=1773333145 HTTP/1.1" 200 24030 "https://reezone.inglory.de/kontakt/" "Serf/1.3.9 (mod_pagespeed/1.13.35.2-0)"
165.101.133.128 - - [12/Mar/2026:17:32:23 +0100] "GET /kontakt/ HTTP/1.0" 200 30510 "https://reezone.inglory.de/ueber-uns/" "Mozilla/5.0 (Macintosh; Intel Mac OS X 10_15_7) AppleWebKit/537.36 (KHTML, like Gecko) Chrome/145.0.0.0 Safari/537.36"
94.130.90.54 - - [12/Mar/2026:17:32:26 +0100] "GET /wp-content/uploads/bg-2-1-1.jpg HTTP/1.1" 200 476740 "https://reezone.inglory.de/kontakt/" "Serf/1.3.9 (mod_pagespeed/1.13.35.2-0)"
165.101.133.128 - - [12/Mar/2026:17:32:29 +0100] "GET /wp-content/plugins/elementor/assets/css/widget-google_maps.min.css?ver=3.35.6 HTTP/1.0" 200 4317 "https://reezone.inglory.de/kontakt/" "Mozilla/5.0 (Macintosh; Intel Mac OS X 10_15_7) AppleWebKit/537.36 (KHTML, like Gecko) Chrome/145.0.0.0 Safari/537.36"
165.101.133.128 - - [12/Mar/2026:17:32:29 +0100] "GET /wp-content/plugins/elementor-pro/assets/css/A.widget-form.min.css,qver=3.35.1.pagespeed.cf.fHHaFh6f0Z.css HTTP/1.0" 200 5682 "https://reezone.inglory.de/kontakt/" "Mozilla/5.0 (Macintosh; Intel Mac OS X 10_15_7) AppleWebKit/537.36 (KHTML, like Gecko) Chrome/145.0.0.0 Safari/537.36"
165.101.133.128 - - [12/Mar/2026:17:32:29 +0100] "GET /wp-content/uploads/elementor/css/post-22.css?ver=1773333145 HTTP/1.0" 200 6769 "https://reezone.inglory.de/kontakt/" "Mozilla/5.0 (Macintosh; Intel Mac OS X 10_15_7) AppleWebKit/537.36 (KHTML, like Gecko) Chrome/145.0.0.0 Safari/537.36"
165.101.133.128 - - [12/Mar/2026:17:32:31 +0100] "GET /wp-content/plugins/elementor/assets/lib/font-awesome/css/A.fontawesome.min.css,qver=5.15.3.pagespeed.cf.OnyloIe9DI.css HTTP/1.0" 200 16471 "https://reezone.inglory.de/kontakt/" "Mozilla/5.0 (Macintosh; Intel Mac OS X 10_15_7) AppleWebKit/537.36 (KHTML, like Gecko) Chrome/145.0.0.0 Safari/537.36"
165.101.133.128 - - [12/Mar/2026:17:32:31 +0100] "GET /wp-content/plugins/elementor-pro,_assets,_lib,_smartmenus,_jquery.smartmenus.min.js,qver==1.2.1+elementor-pro,_assets,_lib,_sticky,_jquery.sticky.min.js,qver==3.35.1+woocommerce,_assets,_js,_sourcebuster,_sourcebuster.min.js,qver==10.5.3.pagespeed.jc.oMQNy7sVpy.js HTTP/1.0" 200 17301 "https://reezone.inglory.de/kontakt/" "Mozilla/5.0 (Macintosh; Intel Mac OS X 10_15_7) AppleWebKit/537.36 (KHTML, like Gecko) Chrome/145.0.0.0 Safari/537.36"
165.101.133.128 - - [12/Mar/2026:17:32:34 +0100] "GET /wp-content/uploads/bg-2-1-1.jpg HTTP/1.0" 200 477154 "https://reezone.inglory.de/wp-content/uploads/elementor/css/post-22.css?ver=1773333145" "Mozilla/5.0 (Macintosh; Intel Mac OS X 10_15_7) AppleWebKit/537.36 (KHTML, like Gecko) Chrome/145.0.0.0 Safari/537.36"
94.130.90.54 - - [12/Mar/2026:17:32:36 +0100] "POST /wp-cron.php?doing_wp_cron=1773333156.4259181022644042968750 HTTP/1.0" 200 4062 "-" "WordPress/6.9.4; https://reezone.inglory.de"
165.101.133.128 - - [12/Mar/2026:17:32:35 +0100] "POST /?wc-ajax=get_refreshed_fragments HTTP/1.0" 200 5003 "https://reezone.inglory.de/kontakt/" "Mozilla/5.0 (Macintosh; Intel Mac OS X 10_15_7) AppleWebKit/537.36 (KHTML, like Gecko) Chrome/145.0.0.0 Safari/537.36"
165.101.133.128 - - [12/Mar/2026:17:32:36 +0100] "GET /wp-content/plugins/elementor-pro/assets/js/form.71055747203b48a65a24.bundle.min.js HTTP/1.0" 200 9317 "https://reezone.inglory.de/kontakt/" "Mozilla/5.0 (Macintosh; Intel Mac OS X 10_15_7) AppleWebKit/537.36 (KHTML, like Gecko) Chrome/145.0.0.0 Safari/537.36"
165.101.133.128 - - [12/Mar/2026:17:32:38 +0100] "GET /wp-content/plugins/elementor-pro/assets/js/popup.f7b15b2ca565b152bf98.bundle.min.js HTTP/1.0" 200 4527 "https://reezone.inglory.de/kontakt/" "Mozilla/5.0 (Macintosh; Intel Mac OS X 10_15_7) AppleWebKit/537.36 (KHTML, like Gecko) Chrome/145.0.0.0 Safari/537.36"
165.101.133.128 - - [12/Mar/2026:17:32:39 +0100] "POST /wp-admin/admin-ajax.php HTTP/1.0" 200 5122 "https://reezone.inglory.de/kontakt/" "Mozilla/5.0 (Macintosh; Intel Mac OS X 10_15_7) AppleWebKit/537.36 (KHTML, like Gecko) Chrome/145.0.0.0 Safari/537.36"
165.101.133.128 - - [12/Mar/2026:17:32:42 +0100] "POST /mod_pagespeed_beacon?url=https%3A%2F%2Freezone.inglory.de%2Fkontakt%2F HTTP/1.0" 204 3892 "https://reezone.inglory.de/kontakt/" "Mozilla/5.0 (Macintosh; Intel Mac OS X 10_15_7) AppleWebKit/537.36 (KHTML, like Gecko) Chrome/145.0.0.0 Safari/537.36"
165.101.133.128 - - [12/Mar/2026:17:32:46 +0100] "POST /mod_pagespeed_beacon?url=https%3A%2F%2Freezone.inglory.de%2Fueber-uns%2F HTTP/1.0" 204 3892 "https://reezone.inglory.de/ueber-uns/" "Mozilla/5.0 (Macintosh; Intel Mac OS X 10_15_7) AppleWebKit/537.36 (KHTML, like Gecko) Chrome/145.0.0.0 Safari/537.36"
94.130.90.54 - - [12/Mar/2026:17:33:48 +0100] "POST /wp-cron.php?doing_wp_cron=1773333228.7427639961242675781250 HTTP/1.0" 200 4062 "-" "WordPress/6.9.4; https://reezone.inglory.de"
165.101.133.128 - - [12/Mar/2026:17:33:46 +0100] "GET /ueber-uns/ HTTP/1.0" 200 34745 "https://reezone.inglory.de/" "Mozilla/5.0 (Macintosh; Intel Mac OS X 10_15_7) AppleWebKit/537.36 (KHTML, like Gecko) Chrome/145.0.0.0 Safari/537.36"
165.101.133.128 - - [12/Mar/2026:17:33:49 +0100] "GET /wp-content/uploads/elementor/css/A.post-24.css,qver=1773333125.pagespeed.cf.-A9VmKvJNl.css HTTP/1.0" 200 6983 "https://reezone.inglory.de/ueber-uns/" "Mozilla/5.0 (Macintosh; Intel Mac OS X 10_15_7) AppleWebKit/537.36 (KHTML, like Gecko) Chrome/145.0.0.0 Safari/537.36"
165.101.133.128 - - [12/Mar/2026:17:33:49 +0100] "GET /wp-content/plugins/elementor/assets/lib/swiper/v8/css/A.swiper.min.css,qver=8.4.5.pagespeed.cf.1sMgTZG5nO.css HTTP/1.0" 200 8534 "https://reezone.inglory.de/ueber-uns/" "Mozilla/5.0 (Macintosh; Intel Mac OS X 10_15_7) AppleWebKit/537.36 (KHTML, like Gecko) Chrome/145.0.0.0 Safari/537.36"
165.101.133.128 - - [12/Mar/2026:17:33:49 +0100] "GET /wp-content/uploads/xAndreas-RZ.jpg.pagespeed.ic.7rzU1NB5zE.webp HTTP/1.0" 200 2114134 "https://reezone.inglory.de/ueber-uns/" "Mozilla/5.0 (Macintosh; Intel Mac OS X 10_15_7) AppleWebKit/537.36 (KHTML, like Gecko) Chrome/145.0.0.0 Safari/537.36"
165.101.133.128 - - [12/Mar/2026:17:33:49 +0100] "GET /wp-content/uploads/xAndreas-S-RZ.jpg.pagespeed.ic.xUg5wr16Uy.webp HTTP/1.0" 200 2250648 "https://reezone.inglory.de/ueber-uns/" "Mozilla/5.0 (Macintosh; Intel Mac OS X 10_15_7) AppleWebKit/537.36 (KHTML, like Gecko) Chrome/145.0.0.0 Safari/537.36"
165.101.133.128 - - [12/Mar/2026:17:33:49 +0100] "GET /wp-content/uploads/xDaniel-RZ.jpg.pagespeed.ic.UllhhfehE-.webp HTTP/1.0" 200 2046181 "https://reezone.inglory.de/ueber-uns/" "Mozilla/5.0 (Macintosh; Intel Mac OS X 10_15_7) AppleWebKit/537.36 (KHTML, like Gecko) Chrome/145.0.0.0 Safari/537.36"
165.101.133.128 - - [12/Mar/2026:17:33:49 +0100] "GET /wp-content/uploads/xJan-RZ.jpg.pagespeed.ic.OBtIf65qmD.webp HTTP/1.0" 200 1995062 "https://reezone.inglory.de/ueber-uns/" "Mozilla/5.0 (Macintosh; Intel Mac OS X 10_15_7) AppleWebKit/537.36 (KHTML, like Gecko) Chrome/145.0.0.0 Safari/537.36"
165.101.133.128 - - [12/Mar/2026:17:33:49 +0100] "GET /wp-content/uploads/xDirk-RZ.jpg.pagespeed.ic.IF7vl1TxHc.webp HTTP/1.0" 200 2412234 "https://reezone.inglory.de/ueber-uns/" "Mozilla/5.0 (Macintosh; Intel Mac OS X 10_15_7) AppleWebKit/537.36 (KHTML, like Gecko) Chrome/145.0.0.0 Safari/537.36"
165.101.133.128 - - [12/Mar/2026:17:33:49 +0100] "GET /wp-content/uploads/xHeiko-RZ.jpg.pagespeed.ic.gBitItZHq3.webp HTTP/1.0" 200 2099635 "https://reezone.inglory.de/ueber-uns/" "Mozilla/5.0 (Macintosh; Intel Mac OS X 10_15_7) AppleWebKit/537.36 (KHTML, like Gecko) Chrome/145.0.0.0 Safari/537.36"
165.101.133.128 - - [12/Mar/2026:17:33:49 +0100] "GET /wp-content/uploads/xHolger-RZ.jpg.pagespeed.ic.gS455rjEU7.webp HTTP/1.0" 200 1767537 "https://reezone.inglory.de/ueber-uns/" "Mozilla/5.0 (Macintosh; Intel Mac OS X 10_15_7) AppleWebKit/537.36 (KHTML, like Gecko) Chrome/145.0.0.0 Safari/537.36"
165.101.133.128 - - [12/Mar/2026:17:33:49 +0100] "GET /wp-content/uploads/xMax-RZ.jpg.pagespeed.ic.XsXlx5wh2z.webp HTTP/1.0" 200 2206027 "https://reezone.inglory.de/ueber-uns/" "Mozilla/5.0 (Macintosh; Intel Mac OS X 10_15_7) AppleWebKit/537.36 (KHTML, like Gecko) Chrome/145.0.0.0 Safari/537.36"
165.101.133.128 - - [12/Mar/2026:17:33:49 +0100] "GET /wp-content/uploads/xIgor-RZ.jpg.pagespeed.ic.B1RvwMTwwy.webp HTTP/1.0" 200 2086814 "https://reezone.inglory.de/ueber-uns/" "Mozilla/5.0 (Macintosh; Intel Mac OS X 10_15_7) AppleWebKit/537.36 (KHTML, like Gecko) Chrome/145.0.0.0 Safari/537.36"
165.101.133.128 - - [12/Mar/2026:17:33:49 +0100] "GET /wp-content/uploads/xIvonne-RZ.jpg.pagespeed.ic.uXtNy6vvDd.webp HTTP/1.0" 200 1576970 "https://reezone.inglory.de/ueber-uns/" "Mozilla/5.0 (Macintosh; Intel Mac OS X 10_15_7) AppleWebKit/537.36 (KHTML, like Gecko) Chrome/145.0.0.0 Safari/537.36"
165.101.133.128 - - [12/Mar/2026:17:33:49 +0100] "GET /wp-content/uploads/xJochen-RZ.jpg.pagespeed.ic.Y-GolPYYmB.webp HTTP/1.0" 200 2052012 "https://reezone.inglory.de/ueber-uns/" "Mozilla/5.0 (Macintosh; Intel Mac OS X 10_15_7) AppleWebKit/537.36 (KHTML, like Gecko) Chrome/145.0.0.0 Safari/537.36"
165.101.133.128 - - [12/Mar/2026:17:33:49 +0100] "GET /wp-content/uploads/xJulius-RZ.jpg.pagespeed.ic.4H-OvVSNpo.webp HTTP/1.0" 200 1857046 "https://reezone.inglory.de/ueber-uns/" "Mozilla/5.0 (Macintosh; Intel Mac OS X 10_15_7) AppleWebKit/537.36 (KHTML, like Gecko) Chrome/145.0.0.0 Safari/537.36"
165.101.133.128 - - [12/Mar/2026:17:33:49 +0100] "GET /wp-content/uploads/xMadeleine-RZ.jpg.pagespeed.ic.gIrjCmXT9e.webp HTTP/1.0" 200 2408622 "https://reezone.inglory.de/ueber-uns/" "Mozilla/5.0 (Macintosh; Intel Mac OS X 10_15_7) AppleWebKit/537.36 (KHTML, like Gecko) Chrome/145.0.0.0 Safari/537.36"
165.101.133.128 - - [12/Mar/2026:17:33:49 +0100] "GET /wp-content/uploads/xManuel-RZ.jpg.pagespeed.ic.TWjV5RWID5.webp HTTP/1.0" 200 2015365 "https://reezone.inglory.de/ueber-uns/" "Mozilla/5.0 (Macintosh; Intel Mac OS X 10_15_7) AppleWebKit/537.36 (KHTML, like Gecko) Chrome/145.0.0.0 Safari/537.36"
165.101.133.128 - - [12/Mar/2026:17:33:49 +0100] "GET /wp-content/uploads/xMartin-RZ.jpg.pagespeed.ic.X6iaUyh1pO.webp HTTP/1.0" 200 2210135 "https://reezone.inglory.de/ueber-uns/" "Mozilla/5.0 (Macintosh; Intel Mac OS X 10_15_7) AppleWebKit/537.36 (KHTML, like Gecko) Chrome/145.0.0.0 Safari/537.36"
165.101.133.128 - - [12/Mar/2026:17:33:49 +0100] "GET /wp-content/uploads/xMartin-P-RZ.jpg.pagespeed.ic.gn1_Sid0qd.webp HTTP/1.0" 200 1929287 "https://reezone.inglory.de/ueber-uns/" "Mozilla/5.0 (Macintosh; Intel Mac OS X 10_15_7) AppleWebKit/537.36 (KHTML, like Gecko) Chrome/145.0.0.0 Safari/537.36"
165.101.133.128 - - [12/Mar/2026:17:33:49 +0100] "GET /wp-content/uploads/xPetra-RZ.jpg.pagespeed.ic.t39M0HJsE3.webp HTTP/1.0" 200 2143463 "https://reezone.inglory.de/ueber-uns/" "Mozilla/5.0 (Macintosh; Intel Mac OS X 10_15_7) AppleWebKit/537.36 (KHTML, like Gecko) Chrome/145.0.0.0 Safari/537.36"
165.101.133.128 - - [12/Mar/2026:17:33:49 +0100] "GET /wp-content/uploads/xSabine-RZ.jpg.pagespeed.ic.j2XRwirVTa.webp HTTP/1.0" 200 2146372 "https://reezone.inglory.de/ueber-uns/" "Mozilla/5.0 (Macintosh; Intel Mac OS X 10_15_7) AppleWebKit/537.36 (KHTML, like Gecko) Chrome/145.0.0.0 Safari/537.36"
165.101.133.128 - - [12/Mar/2026:17:33:49 +0100] "GET /wp-content/uploads/xSebastian-RZ.jpg.pagespeed.ic.h3CTzOwlmd.webp HTTP/1.0" 200 1836544 "https://reezone.inglory.de/ueber-uns/" "Mozilla/5.0 (Macintosh; Intel Mac OS X 10_15_7) AppleWebKit/537.36 (KHTML, like Gecko) Chrome/145.0.0.0 Safari/537.36"
165.101.133.128 - - [12/Mar/2026:17:33:49 +0100] "GET /wp-content/uploads/xStefan-RZ.jpg.pagespeed.ic.bE1O_t56cU.webp HTTP/1.0" 200 1972465 "https://reezone.inglory.de/ueber-uns/" "Mozilla/5.0 (Macintosh; Intel Mac OS X 10_15_7) AppleWebKit/537.36 (KHTML, like Gecko) Chrome/145.0.0.0 Safari/537.36"
165.101.133.128 - - [12/Mar/2026:17:33:49 +0100] "GET /wp-content/uploads/xSusanne-RZ.jpg.pagespeed.ic.lAR-vRMGd_.webp HTTP/1.0" 200 2335001 "https://reezone.inglory.de/ueber-uns/" "Mozilla/5.0 (Macintosh; Intel Mac OS X 10_15_7) AppleWebKit/537.36 (KHTML, like Gecko) Chrome/145.0.0.0 Safari/537.36"
165.101.133.128 - - [12/Mar/2026:17:33:49 +0100] "GET /wp-content/uploads/ximg-1-1.jpg.pagespeed.ic.-ULjyqt56d.webp HTTP/1.0" 200 74846 "https://reezone.inglory.de/wp-content/uploads/elementor/css/A.post-24.css,qver=1773333125.pagespeed.cf.-A9VmKvJNl.css" "Mozilla/5.0 (Macintosh; Intel Mac OS X 10_15_7) AppleWebKit/537.36 (KHTML, like Gecko) Chrome/145.0.0.0 Safari/537.36"
165.101.133.128 - - [12/Mar/2026:17:33:49 +0100] "GET /wp-content/uploads/ximg-4-1.jpg.pagespeed.ic.rc2fV_D-iA.webp HTTP/1.0" 200 105572 "https://reezone.inglory.de/wp-content/uploads/elementor/css/A.post-24.css,qver=1773333125.pagespeed.cf.-A9VmKvJNl.css" "Mozilla/5.0 (Macintosh; Intel Mac OS X 10_15_7) AppleWebKit/537.36 (KHTML, like Gecko) Chrome/145.0.0.0 Safari/537.36"
165.101.133.128 - - [12/Mar/2026:17:33:49 +0100] "GET /wp-content/uploads/ximg-1-2.jpg.pagespeed.ic.J-Weu0FG-C.webp HTTP/1.0" 200 53868 "https://reezone.inglory.de/wp-content/uploads/elementor/css/A.post-24.css,qver=1773333125.pagespeed.cf.-A9VmKvJNl.css" "Mozilla/5.0 (Macintosh; Intel Mac OS X 10_15_7) AppleWebKit/537.36 (KHTML, like Gecko) Chrome/145.0.0.0 Safari/537.36"
165.101.133.128 - - [12/Mar/2026:17:33:49 +0100] "GET /wp-content/uploads/ximg-2-1-1.jpg.pagespeed.ic.FHN4TFQL_7.webp HTTP/1.0" 200 66947 "https://reezone.inglory.de/wp-content/uploads/elementor/css/A.post-24.css,qver=1773333125.pagespeed.cf.-A9VmKvJNl.css" "Mozilla/5.0 (Macintosh; Intel Mac OS X 10_15_7) AppleWebKit/537.36 (KHTML, like Gecko) Chrome/145.0.0.0 Safari/537.36"
165.101.133.128 - - [12/Mar/2026:17:33:49 +0100] "GET /wp-content/uploads/xUdo-RZ.jpg.pagespeed.ic.uT-pYGwhYh.webp HTTP/1.0" 200 2135411 "https://reezone.inglory.de/ueber-uns/" "Mozilla/5.0 (Macintosh; Intel Mac OS X 10_15_7) AppleWebKit/537.36 (KHTML, like Gecko) Chrome/145.0.0.0 Safari/537.36"
165.101.133.128 - - [12/Mar/2026:17:33:49 +0100] "GET /wp-content/uploads/xTom-RZ.jpg.pagespeed.ic.lqCmg1FLfS.webp HTTP/1.0" 200 1995935 "https://reezone.inglory.de/ueber-uns/" "Mozilla/5.0 (Macintosh; Intel Mac OS X 10_15_7) AppleWebKit/537.36 (KHTML, like Gecko) Chrome/145.0.0.0 Safari/537.36"
165.101.133.128 - - [12/Mar/2026:17:33:49 +0100] "GET /wp-content/uploads/xbg-3-1.jpg.pagespeed.ic.RFre5Y22W4.webp HTTP/1.0" 200 286206 "https://reezone.inglory.de/wp-content/uploads/elementor/css/A.post-24.css,qver=1773333125.pagespeed.cf.-A9VmKvJNl.css" "Mozilla/5.0 (Macintosh; Intel Mac OS X 10_15_7) AppleWebKit/537.36 (KHTML, like Gecko) Chrome/145.0.0.0 Safari/537.36"
165.101.133.128 - - [12/Mar/2026:17:33:50 +0100] "GET /wp-content/uploads/ximg-3-1.jpg.pagespeed.ic.RcpTAz3o-k.webp HTTP/1.0" 200 60801 "https://reezone.inglory.de/wp-content/uploads/elementor/css/A.post-24.css,qver=1773333125.pagespeed.cf.-A9VmKvJNl.css" "Mozilla/5.0 (Macintosh; Intel Mac OS X 10_15_7) AppleWebKit/537.36 (KHTML, like Gecko) Chrome/145.0.0.0 Safari/537.36"
165.101.133.128 - - [12/Mar/2026:17:33:50 +0100] "GET /wp-content/uploads/ximg-2-1.jpg.pagespeed.ic.x81XslmlYV.webp HTTP/1.0" 200 76654 "https://reezone.inglory.de/wp-content/uploads/elementor/css/A.post-24.css,qver=1773333125.pagespeed.cf.-A9VmKvJNl.css" "Mozilla/5.0 (Macintosh; Intel Mac OS X 10_15_7) AppleWebKit/537.36 (KHTML, like Gecko) Chrome/145.0.0.0 Safari/537.36"
165.101.133.128 - - [12/Mar/2026:17:33:57 +0100] "POST /mod_pagespeed_beacon?url=https%3A%2F%2Freezone.inglory.de%2Fueber-uns%2F HTTP/1.0" 204 3892 "https://reezone.inglory.de/ueber-uns/" "Mozilla/5.0 (Macintosh; Intel Mac OS X 10_15_7) AppleWebKit/537.36 (KHTML, like Gecko) Chrome/145.0.0.0 Safari/537.36"
94.130.90.54 - - [12/Mar/2026:17:34:35 +0100] "POST /wp-cron.php?doing_wp_cron=1773333275.6098198890686035156250 HTTP/1.0" 200 4062 "-" "WordPress/6.9.4; https://reezone.inglory.de"
94.130.90.54 - - [12/Mar/2026:17:34:35 +0100] "GET /wp-content/plugins/elementor-pro/assets/css/widget-loop-common.min.css?ver=3.35.1 HTTP/1.1" 200 3715 "https://reezone.inglory.de/schlafsysteme/" "Serf/1.3.9 (mod_pagespeed/1.13.35.2-0)"
94.130.90.54 - - [12/Mar/2026:17:34:35 +0100] "GET /wp-content/plugins/elementor-pro/assets/css/widget-loop-grid.min.css?ver=3.35.1 HTTP/1.1" 304 3383 "https://reezone.inglory.de/schlafsysteme/" "Serf/1.3.9 (mod_pagespeed/1.13.35.2-0)"
165.101.133.128 - - [12/Mar/2026:17:34:33 +0100] "GET /schlafsysteme/ HTTP/1.0" 200 28921 "https://reezone.inglory.de/ueber-uns/" "Mozilla/5.0 (Macintosh; Intel Mac OS X 10_15_7) AppleWebKit/537.36 (KHTML, like Gecko) Chrome/145.0.0.0 Safari/537.36"
94.130.90.54 - - [12/Mar/2026:17:34:35 +0100] "GET /wp-content/uploads/Frame-162-5.jpg HTTP/1.1" 200 227330 "https://reezone.inglory.de/schlafsysteme/" "Serf/1.3.9 (mod_pagespeed/1.13.35.2-0)"
