94.130.90.54 - - [20/Sep/2024:21:13:39 +0200] "GET /wp-content/uploads/2023/08/bueroreinigung-300x188.jpg HTTP/1.1" 304 3412 "https://premiumgebaeude.inglory.de/" "Serf/1.3.9 (mod_pagespeed/1.13.35.2-0)"
94.130.90.54 - - [20/Sep/2024:21:13:39 +0200] "GET /wp-content/uploads/2023/08/bueroreinigung-768x480.jpg HTTP/1.1" 304 3412 "https://premiumgebaeude.inglory.de/" "Serf/1.3.9 (mod_pagespeed/1.13.35.2-0)"
94.130.90.54 - - [20/Sep/2024:21:13:39 +0200] "GET /wp-content/uploads/2022/12/Gebaeudereinigung2.jpg HTTP/1.1" 304 3413 "https://premiumgebaeude.inglory.de/" "Serf/1.3.9 (mod_pagespeed/1.13.35.2-0)"
94.130.90.54 - - [20/Sep/2024:21:13:39 +0200] "GET /wp-content/uploads/2022/12/Gebaeudereinigung2.jpg HTTP/1.1" 304 3413 "https://premiumgebaeude.inglory.de/" "Serf/1.3.9 (mod_pagespeed/1.13.35.2-0)"
94.130.90.54 - - [20/Sep/2024:21:13:39 +0200] "GET /wp-content/uploads/2022/12/Gebaeudereinigung2-300x188.jpg HTTP/1.1" 304 3412 "https://premiumgebaeude.inglory.de/" "Serf/1.3.9 (mod_pagespeed/1.13.35.2-0)"
94.130.90.54 - - [20/Sep/2024:21:13:39 +0200] "GET /wp-content/uploads/2023/01/logo-element-si.png HTTP/1.1" 304 3412 "https://premiumgebaeude.inglory.de/" "Serf/1.3.9 (mod_pagespeed/1.13.35.2-0)"
94.130.90.54 - - [20/Sep/2024:21:13:39 +0200] "GET /wp-content/cache/wpfc-minified/d7x32rar/fq1uh.css HTTP/1.1" 304 3414 "https://premiumgebaeude.inglory.de/" "Serf/1.3.9 (mod_pagespeed/1.13.35.2-0)"
94.130.90.54 - - [20/Sep/2024:21:13:39 +0200] "GET /wp-content/cache/wpfc-minified/7j731bze/fq1uh.js HTTP/1.1" 304 3413 "https://premiumgebaeude.inglory.de/" "Serf/1.3.9 (mod_pagespeed/1.13.35.2-0)"
94.130.90.54 - - [20/Sep/2024:21:13:39 +0200] "GET /wp-content/uploads/2022/12/cropped-premium-favicon-32x32.webp HTTP/1.1" 200 6964 "https://premiumgebaeude.inglory.de/" "Serf/1.3.9 (mod_pagespeed/1.13.35.2-0)"
94.130.90.54 - - [20/Sep/2024:21:13:39 +0200] "GET /wp-content/uploads/2022/12/cropped-premium-favicon-192x192.webp HTTP/1.1" 200 7416 "https://premiumgebaeude.inglory.de/" "Serf/1.3.9 (mod_pagespeed/1.13.35.2-0)"
94.130.90.54 - - [20/Sep/2024:21:13:39 +0200] "GET /wp-content/uploads/2022/12/cropped-premium-favicon-180x180.webp HTTP/1.1" 200 7370 "https://premiumgebaeude.inglory.de/" "Serf/1.3.9 (mod_pagespeed/1.13.35.2-0)"
94.130.90.54 - - [20/Sep/2024:21:13:39 +0200] "GET /wp-content/uploads/2022/12/premium-logo-w-184x51.webp HTTP/1.1" 200 9563 "https://premiumgebaeude.inglory.de/" "Serf/1.3.9 (mod_pagespeed/1.13.35.2-0)"
94.130.90.54 - - [20/Sep/2024:21:13:39 +0200] "GET /wp-content/uploads/2022/12/premium-logo-w-184x51.webp HTTP/1.1" 200 9563 "https://premiumgebaeude.inglory.de/" "Serf/1.3.9 (mod_pagespeed/1.13.35.2-0)"
94.130.90.54 - - [20/Sep/2024:21:13:39 +0200] "GET /wp-content/uploads/2022/12/premium-logo-w-300x83.webp HTTP/1.1" 200 11189 "https://premiumgebaeude.inglory.de/" "Serf/1.3.9 (mod_pagespeed/1.13.35.2-0)"
94.130.90.54 - - [20/Sep/2024:21:13:39 +0200] "GET /wp-content/uploads/2022/12/premium-logo-w-1024x282.webp HTTP/1.1" 200 22805 "https://premiumgebaeude.inglory.de/" "Serf/1.3.9 (mod_pagespeed/1.13.35.2-0)"
94.130.90.54 - - [20/Sep/2024:21:13:39 +0200] "GET /wp-content/uploads/2022/12/premium-logo-w-768x212.webp HTTP/1.1" 200 18926 "https://premiumgebaeude.inglory.de/" "Serf/1.3.9 (mod_pagespeed/1.13.35.2-0)"
94.130.90.54 - - [20/Sep/2024:21:13:39 +0200] "GET /wp-content/uploads/2022/12/premium-logo-w-1536x423.webp HTTP/1.1" 200 32185 "https://premiumgebaeude.inglory.de/" "Serf/1.3.9 (mod_pagespeed/1.13.35.2-0)"
94.130.90.54 - - [20/Sep/2024:21:13:39 +0200] "GET /wp-content/uploads/2022/12/premium-logo-w.webp HTTP/1.1" 200 19838 "https://premiumgebaeude.inglory.de/" "Serf/1.3.9 (mod_pagespeed/1.13.35.2-0)"
94.130.90.54 - - [20/Sep/2024:21:13:39 +0200] "GET /wp-content/uploads/2022/12/premium-logo-s-300x83.webp HTTP/1.1" 200 11185 "https://premiumgebaeude.inglory.de/" "Serf/1.3.9 (mod_pagespeed/1.13.35.2-0)"
94.130.90.54 - - [20/Sep/2024:21:13:39 +0200] "GET /wp-content/uploads/2022/12/Gebaeudereinigung-kassel-scaled.jpeg HTTP/1.1" 304 3413 "https://premiumgebaeude.inglory.de/" "Serf/1.3.9 (mod_pagespeed/1.13.35.2-0)"
54.247.57.72 - - [20/Sep/2024:21:13:39 +0200] "GET / HTTP/1.0" 200 16975 "-" "Mozilla/5.0 (X11; Linux x86_64) AppleWebKit/537.36 (KHTML, like Gecko) Chrome/126.0.0.0 Safari/537.36"
54.247.57.72 - - [20/Sep/2024:21:13:40 +0200] "GET /wp-content/cache/wpfc-minified/d7x32rar/fq1uh.css HTTP/1.0" 200 196686 "https://premiumgebaeude.inglory.de/" "Mozilla/5.0 (X11; Linux x86_64) AppleWebKit/537.36 (KHTML, like Gecko) Chrome/126.0.0.0 Safari/537.36"
54.247.57.72 - - [20/Sep/2024:21:13:40 +0200] "GET /wp-includes/js/dist/hooks.min.js,qver==2810c76e705dd1a53b18+i18n.min.js,qver==5e580eb46a90c2b997e6.pagespeed.jc.Zu-AOy9T1u.js HTTP/1.0" 200 5972 "https://premiumgebaeude.inglory.de/" "Mozilla/5.0 (X11; Linux x86_64) AppleWebKit/537.36 (KHTML, like Gecko) Chrome/126.0.0.0 Safari/537.36"
54.247.57.72 - - [20/Sep/2024:21:13:40 +0200] "GET /wp-content/cache/wpfc-minified/7j731bze/fq1uh.js.pagespeed.jm.PoWN7KAtLT.js HTTP/1.0" 200 31342 "https://premiumgebaeude.inglory.de/" "Mozilla/5.0 (X11; Linux x86_64) AppleWebKit/537.36 (KHTML, like Gecko) Chrome/126.0.0.0 Safari/537.36"
54.247.57.72 - - [20/Sep/2024:21:13:40 +0200] "GET /wp-content/cache/autoptimize/js/autoptimize_ed47aa42a2bceef2e9423c3a6f1d849e.js HTTP/1.0" 200 87832 "https://premiumgebaeude.inglory.de/" "Mozilla/5.0 (X11; Linux x86_64) AppleWebKit/537.36 (KHTML, like Gecko) Chrome/126.0.0.0 Safari/537.36"
54.247.57.72 - - [20/Sep/2024:21:13:40 +0200] "GET /wp-content/uploads/2022/12/Gebaeudereinigung-kassel-scaled.jpeg HTTP/1.0" 200 274266 "https://premiumgebaeude.inglory.de/wp-content/cache/wpfc-minified/d7x32rar/fq1uh.css" "Mozilla/5.0 (X11; Linux x86_64) AppleWebKit/537.36 (KHTML, like Gecko) Chrome/126.0.0.0 Safari/537.36"
94.130.90.54 - - [20/Sep/2024:21:13:40 +0200] "POST /wp-cron.php?doing_wp_cron=1726859620.5773470401763916015625 HTTP/1.0" 200 839 "-" "WordPress/6.6.2; https://premiumgebaeude.inglory.de"
54.247.57.72 - - [20/Sep/2024:21:13:40 +0200] "GET /wp-content/plugins/elementor/assets/lib/font-awesome/webfonts/fa-solid-900.woff2 HTTP/1.0" 200 79105 "https://premiumgebaeude.inglory.de/wp-content/cache/wpfc-minified/d7x32rar/fq1uh.css" "Mozilla/5.0 (X11; Linux x86_64) AppleWebKit/537.36 (KHTML, like Gecko) Chrome/126.0.0.0 Safari/537.36"
54.247.57.72 - - [20/Sep/2024:21:13:40 +0200] "GET /wp-content/plugins/elementor/assets/lib/font-awesome/webfonts/fa-regular-400.woff2 HTTP/1.0" 200 14096 "https://premiumgebaeude.inglory.de/wp-content/cache/wpfc-minified/d7x32rar/fq1uh.css" "Mozilla/5.0 (X11; Linux x86_64) AppleWebKit/537.36 (KHTML, like Gecko) Chrome/126.0.0.0 Safari/537.36"
54.247.57.72 - - [20/Sep/2024:21:13:40 +0200] "GET /wp-content/uploads/2022/12/premium-logo-w-184x51.webp HTTP/1.0" 200 6807 "https://premiumgebaeude.inglory.de/" "Mozilla/5.0 (X11; Linux x86_64) AppleWebKit/537.36 (KHTML, like Gecko) Chrome/126.0.0.0 Safari/537.36"
54.247.57.72 - - [20/Sep/2024:21:13:40 +0200] "GET /wp-content/plugins/elementor/assets/js/text-editor.2c35aafbe5bf0e127950.bundle.min.js HTTP/1.0" 200 1524 "https://premiumgebaeude.inglory.de/" "Mozilla/5.0 (X11; Linux x86_64) AppleWebKit/537.36 (KHTML, like Gecko) Chrome/126.0.0.0 Safari/537.36"
54.247.57.72 - - [20/Sep/2024:21:13:40 +0200] "GET /wp-content/uploads/2022/12/cropped-premium-favicon-32x32.webp HTTP/1.0" 200 4208 "https://premiumgebaeude.inglory.de/" "Mozilla/5.0 (X11; Linux x86_64) AppleWebKit/537.36 (KHTML, like Gecko) Chrome/126.0.0.0 Safari/537.36"
94.130.90.54 - - [20/Sep/2024:21:13:39 +0200] "GET /wp-content/plugins/wpforms-lite/assets/pro/images/times-solid-white.svg HTTP/1.1" 404 64887 "https://premiumgebaeude.inglory.de/" "Serf/1.3.9 (mod_pagespeed/1.13.35.2-0)"
94.130.90.54 - - [20/Sep/2024:21:13:40 +0200] "GET /wp-content/plugins/wpforms-lite/assets/pro/images/times-solid-white.svg HTTP/1.1" 404 64887 "https://premiumgebaeude.inglory.de/" "Serf/1.3.9 (mod_pagespeed/1.13.35.2-0)"
54.247.57.72 - - [20/Sep/2024:21:13:41 +0200] "GET /wp-content/uploads/2023/08/unterhaltsreinigung-768x480.jpg HTTP/1.0" 200 44947 "https://premiumgebaeude.inglory.de/" "Mozilla/5.0 (X11; Linux x86_64) AppleWebKit/537.36 (KHTML, like Gecko) Chrome/126.0.0.0 Safari/537.36"
54.247.57.72 - - [20/Sep/2024:21:13:41 +0200] "GET /wp-content/uploads/2023/08/fensterreinigung-premium-768x480.jpg HTTP/1.0" 200 64413 "https://premiumgebaeude.inglory.de/" "Mozilla/5.0 (X11; Linux x86_64) AppleWebKit/537.36 (KHTML, like Gecko) Chrome/126.0.0.0 Safari/537.36"
54.247.57.72 - - [20/Sep/2024:21:13:41 +0200] "GET / HTTP/1.0" 200 17200 "-" "Mozilla/5.0 (Macintosh; Intel Mac OS X 10_9_2) AppleWebKit/537.36 (KHTML, like Gecko) Chrome/33.0.1750.152 Safari/537.36"
54.247.57.72 - - [20/Sep/2024:21:13:42 +0200] "HEAD /favicon.ico HTTP/1.0" 200 806 "-" "Mozilla/5.0 (Macintosh; Intel Mac OS X 10_9_2) AppleWebKit/537.36 (KHTML, like Gecko) Chrome/33.0.1750.152 Safari/537.36"
54.247.57.72 - - [20/Sep/2024:21:13:42 +0200] "GET /wp-content/uploads/2022/12/cropped-premium-favicon-270x270.webp HTTP/1.0" 200 4977 "-" "Mozilla/5.0 (Windows NT 10.0; Win64; x64) AppleWebKit/537.36 (KHTML, like Gecko) Chrome/99.0.4844.84 Safari/537.36"
54.247.57.72 - - [20/Sep/2024:21:13:43 +0200] "GET /wp-content/uploads/2022/12/Baureinigung2-1.jpg HTTP/1.0" 200 37025 "https://premiumgebaeude.inglory.de/" "Mozilla/5.0 (X11; Linux x86_64) AppleWebKit/537.36 (KHTML, like Gecko) Chrome/126.0.0.0 Safari/537.36"
54.247.57.72 - - [20/Sep/2024:21:13:43 +0200] "GET /wp-content/uploads/2022/12/Pflege-der-aussenanlage2.jpg HTTP/1.0" 200 244138 "https://premiumgebaeude.inglory.de/" "Mozilla/5.0 (X11; Linux x86_64) AppleWebKit/537.36 (KHTML, like Gecko) Chrome/126.0.0.0 Safari/537.36"
94.130.90.54 - - [20/Sep/2024:21:25:18 +0200] "GET /wp-includes/js/dist/hooks.min.js?ver=2810c76e705dd1a53b18 HTTP/1.1" 304 3412 "https://premiumgebaeude.inglory.de/" "Serf/1.3.9 (mod_pagespeed/1.13.35.2-0)"
133.242.174.119 - - [20/Sep/2024:21:25:18 +0200] "GET / HTTP/1.0" 200 18870 "-" "Mozilla/5.0 (Linux; Android 10; K) AppleWebKit/537.36 (KHTML, like Gecko) Chrome/122.0.0.0 Mobile Safari/537.36"
94.130.90.54 - - [20/Sep/2024:21:25:18 +0200] "GET /wp-includes/js/dist/i18n.min.js?ver=5e580eb46a90c2b997e6 HTTP/1.1" 304 3412 "https://premiumgebaeude.inglory.de/" "Serf/1.3.9 (mod_pagespeed/1.13.35.2-0)"
94.130.90.54 - - [20/Sep/2024:21:25:18 +0200] "GET /wp-content/cache/autoptimize/js/autoptimize_ed47aa42a2bceef2e9423c3a6f1d849e.js HTTP/1.1" 304 3447 "https://premiumgebaeude.inglory.de/" "Serf/1.3.9 (mod_pagespeed/1.13.35.2-0)"
94.130.90.54 - - [20/Sep/2024:21:25:18 +0200] "GET /wp-content/uploads/2023/08/unterhaltsreinigung.jpg HTTP/1.1" 304 3413 "https://premiumgebaeude.inglory.de/" "Serf/1.3.9 (mod_pagespeed/1.13.35.2-0)"
94.130.90.54 - - [20/Sep/2024:21:25:18 +0200] "GET /wp-content/uploads/2023/08/unterhaltsreinigung.jpg HTTP/1.1" 304 3413 "https://premiumgebaeude.inglory.de/" "Serf/1.3.9 (mod_pagespeed/1.13.35.2-0)"
94.130.90.54 - - [20/Sep/2024:21:25:18 +0200] "GET /wp-content/uploads/2023/08/unterhaltsreinigung-300x187.jpg HTTP/1.1" 304 3412 "https://premiumgebaeude.inglory.de/" "Serf/1.3.9 (mod_pagespeed/1.13.35.2-0)"
94.130.90.54 - - [20/Sep/2024:21:25:18 +0200] "GET /wp-content/uploads/2023/08/unterhaltsreinigung-768x480.jpg HTTP/1.1" 304 3412 "https://premiumgebaeude.inglory.de/" "Serf/1.3.9 (mod_pagespeed/1.13.35.2-0)"
94.130.90.54 - - [20/Sep/2024:21:25:18 +0200] "GET /wp-content/uploads/2023/08/fensterreinigung-premium.jpg HTTP/1.1" 304 3413 "https://premiumgebaeude.inglory.de/" "Serf/1.3.9 (mod_pagespeed/1.13.35.2-0)"
94.130.90.54 - - [20/Sep/2024:21:25:18 +0200] "GET /wp-content/uploads/2023/08/fensterreinigung-premium.jpg HTTP/1.1" 304 3413 "https://premiumgebaeude.inglory.de/" "Serf/1.3.9 (mod_pagespeed/1.13.35.2-0)"
94.130.90.54 - - [20/Sep/2024:21:25:18 +0200] "GET /wp-content/uploads/2023/08/fensterreinigung-premium-300x188.jpg HTTP/1.1" 304 3412 "https://premiumgebaeude.inglory.de/" "Serf/1.3.9 (mod_pagespeed/1.13.35.2-0)"
94.130.90.54 - - [20/Sep/2024:21:25:18 +0200] "GET /wp-content/uploads/2023/08/bueroreinigung.jpg HTTP/1.1" 304 3413 "https://premiumgebaeude.inglory.de/" "Serf/1.3.9 (mod_pagespeed/1.13.35.2-0)"
94.130.90.54 - - [20/Sep/2024:21:25:18 +0200] "GET /wp-content/uploads/2023/08/bueroreinigung-300x188.jpg HTTP/1.1" 304 3412 "https://premiumgebaeude.inglory.de/" "Serf/1.3.9 (mod_pagespeed/1.13.35.2-0)"
94.130.90.54 - - [20/Sep/2024:21:25:18 +0200] "GET /wp-content/uploads/2023/08/bueroreinigung-768x480.jpg HTTP/1.1" 304 3412 "https://premiumgebaeude.inglory.de/" "Serf/1.3.9 (mod_pagespeed/1.13.35.2-0)"
94.130.90.54 - - [20/Sep/2024:21:25:18 +0200] "GET /wp-content/uploads/2022/12/Gebaeudereinigung2.jpg HTTP/1.1" 304 3413 "https://premiumgebaeude.inglory.de/" "Serf/1.3.9 (mod_pagespeed/1.13.35.2-0)"
94.130.90.54 - - [20/Sep/2024:21:25:18 +0200] "GET /wp-content/uploads/2022/12/Gebaeudereinigung2.jpg HTTP/1.1" 304 3413 "https://premiumgebaeude.inglory.de/" "Serf/1.3.9 (mod_pagespeed/1.13.35.2-0)"
94.130.90.54 - - [20/Sep/2024:21:25:18 +0200] "GET /wp-content/uploads/2022/12/Gebaeudereinigung2-300x188.jpg HTTP/1.1" 304 3412 "https://premiumgebaeude.inglory.de/" "Serf/1.3.9 (mod_pagespeed/1.13.35.2-0)"
94.130.90.54 - - [20/Sep/2024:21:25:18 +0200] "GET /wp-content/uploads/2023/01/logo-element-si.png HTTP/1.1" 304 3412 "https://premiumgebaeude.inglory.de/" "Serf/1.3.9 (mod_pagespeed/1.13.35.2-0)"
94.130.90.54 - - [20/Sep/2024:21:25:18 +0200] "GET /wp-content/cache/wpfc-minified/d7x32rar/fq1uh.css HTTP/1.1" 304 3414 "https://premiumgebaeude.inglory.de/" "Serf/1.3.9 (mod_pagespeed/1.13.35.2-0)"
94.130.90.54 - - [20/Sep/2024:21:25:18 +0200] "GET /wp-content/cache/wpfc-minified/7j731bze/fq1uh.js HTTP/1.1" 304 3413 "https://premiumgebaeude.inglory.de/" "Serf/1.3.9 (mod_pagespeed/1.13.35.2-0)"
94.130.90.54 - - [20/Sep/2024:21:25:18 +0200] "GET /wp-content/uploads/2022/12/cropped-premium-favicon-32x32.webp HTTP/1.1" 200 6964 "https://premiumgebaeude.inglory.de/" "Serf/1.3.9 (mod_pagespeed/1.13.35.2-0)"
94.130.90.54 - - [20/Sep/2024:21:25:18 +0200] "GET /wp-content/uploads/2022/12/cropped-premium-favicon-192x192.webp HTTP/1.1" 200 7416 "https://premiumgebaeude.inglory.de/" "Serf/1.3.9 (mod_pagespeed/1.13.35.2-0)"
94.130.90.54 - - [20/Sep/2024:21:25:18 +0200] "GET /wp-content/uploads/2022/12/cropped-premium-favicon-180x180.webp HTTP/1.1" 200 7370 "https://premiumgebaeude.inglory.de/" "Serf/1.3.9 (mod_pagespeed/1.13.35.2-0)"
94.130.90.54 - - [20/Sep/2024:21:25:18 +0200] "GET /wp-content/uploads/2022/12/premium-logo-w-184x51.webp HTTP/1.1" 200 9563 "https://premiumgebaeude.inglory.de/" "Serf/1.3.9 (mod_pagespeed/1.13.35.2-0)"
94.130.90.54 - - [20/Sep/2024:21:25:18 +0200] "GET /wp-content/uploads/2022/12/premium-logo-w-184x51.webp HTTP/1.1" 200 9563 "https://premiumgebaeude.inglory.de/" "Serf/1.3.9 (mod_pagespeed/1.13.35.2-0)"
94.130.90.54 - - [20/Sep/2024:21:25:18 +0200] "GET /wp-content/uploads/2022/12/premium-logo-w-300x83.webp HTTP/1.1" 200 11189 "https://premiumgebaeude.inglory.de/" "Serf/1.3.9 (mod_pagespeed/1.13.35.2-0)"
94.130.90.54 - - [20/Sep/2024:21:25:18 +0200] "GET /wp-content/uploads/2022/12/premium-logo-w-1024x282.webp HTTP/1.1" 200 22805 "https://premiumgebaeude.inglory.de/" "Serf/1.3.9 (mod_pagespeed/1.13.35.2-0)"
94.130.90.54 - - [20/Sep/2024:21:25:18 +0200] "GET /wp-content/uploads/2022/12/premium-logo-w-768x212.webp HTTP/1.1" 200 18926 "https://premiumgebaeude.inglory.de/" "Serf/1.3.9 (mod_pagespeed/1.13.35.2-0)"
94.130.90.54 - - [20/Sep/2024:21:25:18 +0200] "GET /wp-content/uploads/2022/12/premium-logo-w-1536x423.webp HTTP/1.1" 200 32185 "https://premiumgebaeude.inglory.de/" "Serf/1.3.9 (mod_pagespeed/1.13.35.2-0)"
94.130.90.54 - - [20/Sep/2024:21:25:18 +0200] "GET /wp-content/uploads/2022/12/premium-logo-w.webp HTTP/1.1" 200 19838 "https://premiumgebaeude.inglory.de/" "Serf/1.3.9 (mod_pagespeed/1.13.35.2-0)"
94.130.90.54 - - [20/Sep/2024:21:25:18 +0200] "GET /wp-content/uploads/2023/08/fensterreinigung-premium-768x480.jpg HTTP/1.1" 304 3412 "https://premiumgebaeude.inglory.de/" "Serf/1.3.9 (mod_pagespeed/1.13.35.2-0)"
94.130.90.54 - - [20/Sep/2024:21:25:18 +0200] "GET /wp-content/uploads/2022/12/Baureinigung2-1.jpg HTTP/1.1" 304 3412 "https://premiumgebaeude.inglory.de/" "Serf/1.3.9 (mod_pagespeed/1.13.35.2-0)"
94.130.90.54 - - [20/Sep/2024:21:25:18 +0200] "GET /wp-content/uploads/2022/12/Baureinigung2-1.jpg HTTP/1.1" 304 3412 "https://premiumgebaeude.inglory.de/" "Serf/1.3.9 (mod_pagespeed/1.13.35.2-0)"
94.130.90.54 - - [20/Sep/2024:21:25:18 +0200] "GET /wp-content/uploads/2022/12/Baureinigung2-1-300x188.jpg HTTP/1.1" 304 3412 "https://premiumgebaeude.inglory.de/" "Serf/1.3.9 (mod_pagespeed/1.13.35.2-0)"
94.130.90.54 - - [20/Sep/2024:21:25:18 +0200] "GET /wp-content/uploads/2022/12/Pflege-der-aussenanlage2.jpg HTTP/1.1" 304 3413 "https://premiumgebaeude.inglory.de/" "Serf/1.3.9 (mod_pagespeed/1.13.35.2-0)"
94.130.90.54 - - [20/Sep/2024:21:25:18 +0200] "GET /wp-content/uploads/2022/12/Pflege-der-aussenanlage2.jpg HTTP/1.1" 304 3413 "https://premiumgebaeude.inglory.de/" "Serf/1.3.9 (mod_pagespeed/1.13.35.2-0)"
94.130.90.54 - - [20/Sep/2024:21:25:18 +0200] "GET /wp-content/uploads/2022/12/Pflege-der-aussenanlage2-300x188.jpg HTTP/1.1" 304 3412 "https://premiumgebaeude.inglory.de/" "Serf/1.3.9 (mod_pagespeed/1.13.35.2-0)"
94.130.90.54 - - [20/Sep/2024:21:25:18 +0200] "GET /wp-content/uploads/2023/08/bueroreinigung.jpg HTTP/1.1" 304 3413 "https://premiumgebaeude.inglory.de/" "Serf/1.3.9 (mod_pagespeed/1.13.35.2-0)"
94.130.90.54 - - [20/Sep/2024:21:25:18 +0200] "GET /wp-content/uploads/2022/12/premium-logo-s-300x83.webp HTTP/1.1" 200 11185 "https://premiumgebaeude.inglory.de/" "Serf/1.3.9 (mod_pagespeed/1.13.35.2-0)"
94.130.90.54 - - [20/Sep/2024:21:25:18 +0200] "GET /wp-content/uploads/2022/12/Gebaeudereinigung-kassel-scaled.jpeg HTTP/1.1" 304 3413 "https://premiumgebaeude.inglory.de/" "Serf/1.3.9 (mod_pagespeed/1.13.35.2-0)"
94.130.90.54 - - [20/Sep/2024:21:25:19 +0200] "POST /wp-cron.php?doing_wp_cron=1726860319.1589250564575195312500 HTTP/1.0" 200 839 "-" "WordPress/6.6.2; https://premiumgebaeude.inglory.de"
94.130.90.54 - - [20/Sep/2024:21:25:18 +0200] "GET /wp-content/plugins/wpforms-lite/assets/pro/images/times-solid-white.svg HTTP/1.1" 404 64887 "https://premiumgebaeude.inglory.de/" "Serf/1.3.9 (mod_pagespeed/1.13.35.2-0)"
94.130.90.54 - - [20/Sep/2024:22:14:01 +0200] "GET /wp-includes/js/dist/hooks.min.js?ver=2810c76e705dd1a53b18 HTTP/1.1" 304 3412 "https://premiumgebaeude.inglory.de/" "Serf/1.3.9 (mod_pagespeed/1.13.35.2-0)"
94.130.90.54 - - [20/Sep/2024:22:14:01 +0200] "GET /wp-includes/js/dist/i18n.min.js?ver=5e580eb46a90c2b997e6 HTTP/1.1" 304 3412 "https://premiumgebaeude.inglory.de/" "Serf/1.3.9 (mod_pagespeed/1.13.35.2-0)"
3.79.233.176 - - [20/Sep/2024:22:14:00 +0200] "GET / HTTP/1.0" 200 18870 "-" "Mozilla/5.0 (iPhone; CPU iPhone OS 17_5_1 like Mac OS X) AppleWebKit/605.1.15 (KHTML, like Gecko) Version/17.5 Mobile/15E148 Safari/604.1"
94.130.90.54 - - [20/Sep/2024:22:14:01 +0200] "GET /wp-content/cache/autoptimize/js/autoptimize_ed47aa42a2bceef2e9423c3a6f1d849e.js HTTP/1.1" 304 3447 "https://premiumgebaeude.inglory.de/" "Serf/1.3.9 (mod_pagespeed/1.13.35.2-0)"
94.130.90.54 - - [20/Sep/2024:22:14:01 +0200] "GET /wp-content/uploads/2023/08/unterhaltsreinigung.jpg HTTP/1.1" 304 3413 "https://premiumgebaeude.inglory.de/" "Serf/1.3.9 (mod_pagespeed/1.13.35.2-0)"
94.130.90.54 - - [20/Sep/2024:22:14:01 +0200] "GET /wp-content/uploads/2023/08/unterhaltsreinigung.jpg HTTP/1.1" 304 3413 "https://premiumgebaeude.inglory.de/" "Serf/1.3.9 (mod_pagespeed/1.13.35.2-0)"
94.130.90.54 - - [20/Sep/2024:22:14:01 +0200] "GET /wp-content/uploads/2023/08/unterhaltsreinigung-300x187.jpg HTTP/1.1" 304 3412 "https://premiumgebaeude.inglory.de/" "Serf/1.3.9 (mod_pagespeed/1.13.35.2-0)"
94.130.90.54 - - [20/Sep/2024:22:14:01 +0200] "GET /wp-content/uploads/2023/08/unterhaltsreinigung-768x480.jpg HTTP/1.1" 304 3412 "https://premiumgebaeude.inglory.de/" "Serf/1.3.9 (mod_pagespeed/1.13.35.2-0)"
94.130.90.54 - - [20/Sep/2024:22:14:01 +0200] "GET /wp-content/uploads/2023/08/fensterreinigung-premium.jpg HTTP/1.1" 304 3413 "https://premiumgebaeude.inglory.de/" "Serf/1.3.9 (mod_pagespeed/1.13.35.2-0)"
94.130.90.54 - - [20/Sep/2024:22:14:01 +0200] "GET /wp-content/uploads/2023/08/fensterreinigung-premium.jpg HTTP/1.1" 304 3413 "https://premiumgebaeude.inglory.de/" "Serf/1.3.9 (mod_pagespeed/1.13.35.2-0)"
94.130.90.54 - - [20/Sep/2024:22:14:01 +0200] "GET /wp-content/uploads/2023/08/fensterreinigung-premium-300x188.jpg HTTP/1.1" 304 3412 "https://premiumgebaeude.inglory.de/" "Serf/1.3.9 (mod_pagespeed/1.13.35.2-0)"
94.130.90.54 - - [20/Sep/2024:22:14:01 +0200] "GET /wp-content/uploads/2023/08/fensterreinigung-premium-768x480.jpg HTTP/1.1" 304 3412 "https://premiumgebaeude.inglory.de/" "Serf/1.3.9 (mod_pagespeed/1.13.35.2-0)"
94.130.90.54 - - [20/Sep/2024:22:14:01 +0200] "GET /wp-content/uploads/2022/12/Baureinigung2-1.jpg HTTP/1.1" 304 3412 "https://premiumgebaeude.inglory.de/" "Serf/1.3.9 (mod_pagespeed/1.13.35.2-0)"
94.130.90.54 - - [20/Sep/2024:22:14:01 +0200] "GET /wp-content/uploads/2022/12/Baureinigung2-1.jpg HTTP/1.1" 304 3412 "https://premiumgebaeude.inglory.de/" "Serf/1.3.9 (mod_pagespeed/1.13.35.2-0)"
94.130.90.54 - - [20/Sep/2024:22:14:01 +0200] "GET /wp-content/uploads/2022/12/Baureinigung2-1-300x188.jpg HTTP/1.1" 304 3412 "https://premiumgebaeude.inglory.de/" "Serf/1.3.9 (mod_pagespeed/1.13.35.2-0)"
94.130.90.54 - - [20/Sep/2024:22:14:01 +0200] "GET /wp-content/uploads/2022/12/Pflege-der-aussenanlage2.jpg HTTP/1.1" 304 3413 "https://premiumgebaeude.inglory.de/" "Serf/1.3.9 (mod_pagespeed/1.13.35.2-0)"
94.130.90.54 - - [20/Sep/2024:22:14:01 +0200] "GET /wp-content/uploads/2022/12/Pflege-der-aussenanlage2.jpg HTTP/1.1" 304 3413 "https://premiumgebaeude.inglory.de/" "Serf/1.3.9 (mod_pagespeed/1.13.35.2-0)"
94.130.90.54 - - [20/Sep/2024:22:14:01 +0200] "GET /wp-content/uploads/2022/12/Pflege-der-aussenanlage2-300x188.jpg HTTP/1.1" 304 3412 "https://premiumgebaeude.inglory.de/" "Serf/1.3.9 (mod_pagespeed/1.13.35.2-0)"
94.130.90.54 - - [20/Sep/2024:22:14:01 +0200] "GET /wp-content/uploads/2023/08/bueroreinigung.jpg HTTP/1.1" 304 3413 "https://premiumgebaeude.inglory.de/" "Serf/1.3.9 (mod_pagespeed/1.13.35.2-0)"
94.130.90.54 - - [20/Sep/2024:22:14:01 +0200] "GET /wp-content/uploads/2023/08/bueroreinigung.jpg HTTP/1.1" 304 3413 "https://premiumgebaeude.inglory.de/" "Serf/1.3.9 (mod_pagespeed/1.13.35.2-0)"
94.130.90.54 - - [20/Sep/2024:22:14:01 +0200] "GET /wp-content/uploads/2023/08/bueroreinigung-300x188.jpg HTTP/1.1" 304 3412 "https://premiumgebaeude.inglory.de/" "Serf/1.3.9 (mod_pagespeed/1.13.35.2-0)"
94.130.90.54 - - [20/Sep/2024:22:14:01 +0200] "GET /wp-content/uploads/2023/08/bueroreinigung-768x480.jpg HTTP/1.1" 304 3412 "https://premiumgebaeude.inglory.de/" "Serf/1.3.9 (mod_pagespeed/1.13.35.2-0)"
94.130.90.54 - - [20/Sep/2024:22:14:01 +0200] "GET /wp-content/uploads/2022/12/Gebaeudereinigung2.jpg HTTP/1.1" 304 3413 "https://premiumgebaeude.inglory.de/" "Serf/1.3.9 (mod_pagespeed/1.13.35.2-0)"
94.130.90.54 - - [20/Sep/2024:22:14:01 +0200] "GET /wp-content/uploads/2022/12/Gebaeudereinigung2.jpg HTTP/1.1" 304 3413 "https://premiumgebaeude.inglory.de/" "Serf/1.3.9 (mod_pagespeed/1.13.35.2-0)"
94.130.90.54 - - [20/Sep/2024:22:14:01 +0200] "GET /wp-content/uploads/2022/12/Gebaeudereinigung2-300x188.jpg HTTP/1.1" 304 3412 "https://premiumgebaeude.inglory.de/" "Serf/1.3.9 (mod_pagespeed/1.13.35.2-0)"
94.130.90.54 - - [20/Sep/2024:22:14:01 +0200] "GET /wp-content/cache/wpfc-minified/d7x32rar/fq1uh.css HTTP/1.1" 304 3414 "https://premiumgebaeude.inglory.de/" "Serf/1.3.9 (mod_pagespeed/1.13.35.2-0)"
94.130.90.54 - - [20/Sep/2024:22:14:01 +0200] "GET /wp-content/cache/wpfc-minified/7j731bze/fq1uh.js HTTP/1.1" 304 3413 "https://premiumgebaeude.inglory.de/" "Serf/1.3.9 (mod_pagespeed/1.13.35.2-0)"
94.130.90.54 - - [20/Sep/2024:22:14:01 +0200] "GET /wp-content/uploads/2022/12/cropped-premium-favicon-32x32.webp HTTP/1.1" 200 6964 "https://premiumgebaeude.inglory.de/" "Serf/1.3.9 (mod_pagespeed/1.13.35.2-0)"
94.130.90.54 - - [20/Sep/2024:22:14:01 +0200] "GET /wp-content/uploads/2022/12/cropped-premium-favicon-192x192.webp HTTP/1.1" 200 7416 "https://premiumgebaeude.inglory.de/" "Serf/1.3.9 (mod_pagespeed/1.13.35.2-0)"
94.130.90.54 - - [20/Sep/2024:22:14:01 +0200] "GET /wp-content/uploads/2022/12/cropped-premium-favicon-180x180.webp HTTP/1.1" 200 7370 "https://premiumgebaeude.inglory.de/" "Serf/1.3.9 (mod_pagespeed/1.13.35.2-0)"
94.130.90.54 - - [20/Sep/2024:22:14:01 +0200] "GET /wp-content/uploads/2022/12/premium-logo-w-184x51.webp HTTP/1.1" 200 9563 "https://premiumgebaeude.inglory.de/" "Serf/1.3.9 (mod_pagespeed/1.13.35.2-0)"
94.130.90.54 - - [20/Sep/2024:22:14:01 +0200] "GET /wp-content/uploads/2022/12/premium-logo-w-184x51.webp HTTP/1.1" 200 9563 "https://premiumgebaeude.inglory.de/" "Serf/1.3.9 (mod_pagespeed/1.13.35.2-0)"
94.130.90.54 - - [20/Sep/2024:22:14:01 +0200] "GET /wp-content/uploads/2022/12/premium-logo-w-300x83.webp HTTP/1.1" 200 11189 "https://premiumgebaeude.inglory.de/" "Serf/1.3.9 (mod_pagespeed/1.13.35.2-0)"
94.130.90.54 - - [20/Sep/2024:22:14:01 +0200] "GET /wp-content/uploads/2022/12/premium-logo-w-1024x282.webp HTTP/1.1" 200 22805 "https://premiumgebaeude.inglory.de/" "Serf/1.3.9 (mod_pagespeed/1.13.35.2-0)"
94.130.90.54 - - [20/Sep/2024:22:14:01 +0200] "GET /wp-content/uploads/2022/12/premium-logo-w-768x212.webp HTTP/1.1" 200 18926 "https://premiumgebaeude.inglory.de/" "Serf/1.3.9 (mod_pagespeed/1.13.35.2-0)"
94.130.90.54 - - [20/Sep/2024:22:14:01 +0200] "GET /wp-content/uploads/2022/12/premium-logo-w-1536x423.webp HTTP/1.1" 200 32185 "https://premiumgebaeude.inglory.de/" "Serf/1.3.9 (mod_pagespeed/1.13.35.2-0)"
94.130.90.54 - - [20/Sep/2024:22:14:01 +0200] "GET /wp-content/uploads/2022/12/premium-logo-w.webp HTTP/1.1" 200 19838 "https://premiumgebaeude.inglory.de/" "Serf/1.3.9 (mod_pagespeed/1.13.35.2-0)"
94.130.90.54 - - [20/Sep/2024:22:14:01 +0200] "GET /wp-content/uploads/2023/01/logo-element-si.png HTTP/1.1" 304 3412 "https://premiumgebaeude.inglory.de/" "Serf/1.3.9 (mod_pagespeed/1.13.35.2-0)"
94.130.90.54 - - [20/Sep/2024:22:14:01 +0200] "GET /wp-content/uploads/2022/12/premium-logo-s-300x83.webp HTTP/1.1" 200 11185 "https://premiumgebaeude.inglory.de/" "Serf/1.3.9 (mod_pagespeed/1.13.35.2-0)"
94.130.90.54 - - [20/Sep/2024:22:14:01 +0200] "GET /wp-content/uploads/2022/12/Gebaeudereinigung-kassel-scaled.jpeg HTTP/1.1" 304 3413 "https://premiumgebaeude.inglory.de/" "Serf/1.3.9 (mod_pagespeed/1.13.35.2-0)"
94.130.90.54 - - [20/Sep/2024:22:14:02 +0200] "POST /wp-cron.php?doing_wp_cron=1726863242.1993770599365234375000 HTTP/1.0" 200 839 "-" "WordPress/6.6.2; https://premiumgebaeude.inglory.de"
94.130.90.54 - - [20/Sep/2024:22:14:01 +0200] "GET /wp-content/plugins/wpforms-lite/assets/pro/images/times-solid-white.svg HTTP/1.1" 404 64887 "https://premiumgebaeude.inglory.de/" "Serf/1.3.9 (mod_pagespeed/1.13.35.2-0)"
18.133.237.139 - - [20/Sep/2024:22:14:02 +0200] "GET / HTTP/1.0" 200 17223 "-" "Mozilla/5.0 (iPhone; CPU iPhone OS 17_3_1 like Mac OS X) AppleWebKit/605.1.15 (KHTML, like Gecko) Version/17.3.1 Mobile/15E148 Safari/604.1"
161.35.246.138 - - [20/Sep/2024:22:14:03 +0200] "GET / HTTP/1.0" 200 17074 "-" "Mozilla/5.0 (Macintosh; Intel Mac OS X 10_15_7) AppleWebKit/537.36 (KHTML, like Gecko) Chrome/120.0.0.0 Safari/537.36"
3.79.233.176 - - [20/Sep/2024:22:16:04 +0200] "GET /wp-content/uploads/2022/12/cropped-premium-favicon-180x180.webp HTTP/1.0" 200 4614 "-" "Mozilla/5.0 (iPhone; CPU iPhone OS 17_5_1 like Mac OS X) AppleWebKit/605.1.15 (KHTML, like Gecko) Version/17.5 Mobile/15E148 Safari/604.1"
3.79.233.176 - - [20/Sep/2024:22:16:04 +0200] "GET /wp-content/uploads/2022/12/cropped-premium-favicon-32x32.webp HTTP/1.0" 200 4208 "-" "Mozilla/5.0 (iPhone; CPU iPhone OS 17_5_1 like Mac OS X) AppleWebKit/605.1.15 (KHTML, like Gecko) Version/17.5 Mobile/15E148 Safari/604.1"
3.79.233.176 - - [20/Sep/2024:22:16:04 +0200] "GET /wp-content/uploads/2023/01/logo-element-si.png HTTP/1.0" 200 8776 "-" "Mozilla/5.0 (iPhone; CPU iPhone OS 17_5_1 like Mac OS X) AppleWebKit/605.1.15 (KHTML, like Gecko) Version/17.5 Mobile/15E148 Safari/604.1"
3.79.233.176 - - [20/Sep/2024:22:16:04 +0200] "GET /wp-content/uploads/2022/12/premium-logo-s-300x83.webp HTTP/1.0" 200 8429 "-" "Mozilla/5.0 (iPhone; CPU iPhone OS 17_5_1 like Mac OS X) AppleWebKit/605.1.15 (KHTML, like Gecko) Version/17.5 Mobile/15E148 Safari/604.1"
3.79.233.176 - - [20/Sep/2024:22:16:04 +0200] "GET /wp-content/uploads/2022/12/cropped-premium-favicon-192x192.webp HTTP/1.0" 200 4660 "-" "Mozilla/5.0 (iPhone; CPU iPhone OS 17_5_1 like Mac OS X) AppleWebKit/605.1.15 (KHTML, like Gecko) Version/17.5 Mobile/15E148 Safari/604.1"
3.79.233.176 - - [20/Sep/2024:22:16:04 +0200] "GET /wp-content/uploads/2022/12/premium-logo-w-184x51.webp HTTP/1.0" 200 6807 "-" "Mozilla/5.0 (iPhone; CPU iPhone OS 17_5_1 like Mac OS X) AppleWebKit/605.1.15 (KHTML, like Gecko) Version/17.5 Mobile/15E148 Safari/604.1"
18.133.237.139 - - [20/Sep/2024:22:16:15 +0200] "GET /wp-content/uploads/2022/12/premium-logo-w-184x51.webp HTTP/1.0" 200 6807 "-" "Mozilla/5.0 (iPhone; CPU iPhone OS 17_3_1 like Mac OS X) AppleWebKit/605.1.15 (KHTML, like Gecko) Version/17.3.1 Mobile/15E148 Safari/604.1"
18.133.237.139 - - [20/Sep/2024:22:16:15 +0200] "GET /wp-content/uploads/2023/01/logo-element-si.png.pagespeed.ce.729VK7w9VQ.png HTTP/1.0" 200 8861 "-" "Mozilla/5.0 (iPhone; CPU iPhone OS 17_3_1 like Mac OS X) AppleWebKit/605.1.15 (KHTML, like Gecko) Version/17.3.1 Mobile/15E148 Safari/604.1"
18.133.237.139 - - [20/Sep/2024:22:16:15 +0200] "GET /wp-content/uploads/2022/12/premium-logo-s-300x83.webp HTTP/1.0" 200 8429 "-" "Mozilla/5.0 (iPhone; CPU iPhone OS 17_3_1 like Mac OS X) AppleWebKit/605.1.15 (KHTML, like Gecko) Version/17.3.1 Mobile/15E148 Safari/604.1"
18.133.237.139 - - [20/Sep/2024:22:16:15 +0200] "GET /wp-content/uploads/2022/12/cropped-premium-favicon-32x32.webp HTTP/1.0" 200 4208 "-" "Mozilla/5.0 (iPhone; CPU iPhone OS 17_3_1 like Mac OS X) AppleWebKit/605.1.15 (KHTML, like Gecko) Version/17.3.1 Mobile/15E148 Safari/604.1"
18.133.237.139 - - [20/Sep/2024:22:16:15 +0200] "GET /wp-content/uploads/2022/12/cropped-premium-favicon-180x180.webp HTTP/1.0" 200 4614 "-" "Mozilla/5.0 (iPhone; CPU iPhone OS 17_3_1 like Mac OS X) AppleWebKit/605.1.15 (KHTML, like Gecko) Version/17.3.1 Mobile/15E148 Safari/604.1"
18.133.237.139 - - [20/Sep/2024:22:16:15 +0200] "GET /wp-content/uploads/2022/12/cropped-premium-favicon-192x192.webp HTTP/1.0" 200 4660 "-" "Mozilla/5.0 (iPhone; CPU iPhone OS 17_3_1 like Mac OS X) AppleWebKit/605.1.15 (KHTML, like Gecko) Version/17.3.1 Mobile/15E148 Safari/604.1"
161.35.246.138 - - [20/Sep/2024:22:16:17 +0200] "GET /wp-content/uploads/2022/12/cropped-premium-favicon-192x192.webp HTTP/1.0" 200 4660 "-" "Mozilla/5.0 (Macintosh; Intel Mac OS X 10_15_7) AppleWebKit/537.36 (KHTML, like Gecko) Chrome/120.0.0.0 Safari/537.36"
161.35.246.138 - - [20/Sep/2024:22:16:17 +0200] "GET /wp-content/uploads/2023/01/logo-element-si.png HTTP/1.0" 200 8763 "-" "Mozilla/5.0 (Macintosh; Intel Mac OS X 10_15_7) AppleWebKit/537.36 (KHTML, like Gecko) Chrome/120.0.0.0 Safari/537.36"
161.35.246.138 - - [20/Sep/2024:22:16:17 +0200] "GET /wp-content/uploads/2022/12/premium-logo-w-184x51.webp HTTP/1.0" 200 6807 "-" "Mozilla/5.0 (Macintosh; Intel Mac OS X 10_15_7) AppleWebKit/537.36 (KHTML, like Gecko) Chrome/120.0.0.0 Safari/537.36"
161.35.246.138 - - [20/Sep/2024:22:16:17 +0200] "GET /wp-content/uploads/2022/12/cropped-premium-favicon-180x180.webp HTTP/1.0" 200 4614 "-" "Mozilla/5.0 (Macintosh; Intel Mac OS X 10_15_7) AppleWebKit/537.36 (KHTML, like Gecko) Chrome/120.0.0.0 Safari/537.36"
161.35.246.138 - - [20/Sep/2024:22:16:17 +0200] "GET /wp-content/uploads/2022/12/cropped-premium-favicon-32x32.webp HTTP/1.0" 200 4208 "-" "Mozilla/5.0 (Macintosh; Intel Mac OS X 10_15_7) AppleWebKit/537.36 (KHTML, like Gecko) Chrome/120.0.0.0 Safari/537.36"
94.130.90.54 - - [20/Sep/2024:22:18:46 +0200] "POST /wp-cron.php?doing_wp_cron=1726863526.5051860809326171875000 HTTP/1.0" 200 839 "-" "WordPress/6.6.2; https://premiumgebaeude.inglory.de"
3.79.233.176 - - [20/Sep/2024:22:18:45 +0200] "GET /favicon.ico HTTP/1.0" 302 954 "-" "Mozilla/5.0 (iPhone; CPU iPhone OS 17_5_1 like Mac OS X) AppleWebKit/605.1.15 (KHTML, like Gecko) Version/17.5 Mobile/15E148 Safari/604.1"
3.79.233.176 - - [20/Sep/2024:22:18:46 +0200] "GET /wp-content/uploads/2022/12/cropped-premium-favicon-32x32.webp HTTP/1.0" 200 4208 "https://premiumgebaeude.inglory.de/favicon.ico" "Mozilla/5.0 (iPhone; CPU iPhone OS 17_5_1 like Mac OS X) AppleWebKit/605.1.15 (KHTML, like Gecko) Version/17.5 Mobile/15E148 Safari/604.1"
94.130.90.54 - - [20/Sep/2024:23:04:50 +0200] "GET /wp-includes/js/dist/hooks.min.js?ver=2810c76e705dd1a53b18 HTTP/1.1" 304 3412 "https://premiumgebaeude.inglory.de/" "Serf/1.3.9 (mod_pagespeed/1.13.35.2-0)"
94.130.90.54 - - [20/Sep/2024:23:04:50 +0200] "GET /wp-includes/js/dist/i18n.min.js?ver=5e580eb46a90c2b997e6 HTTP/1.1" 304 3412 "https://premiumgebaeude.inglory.de/" "Serf/1.3.9 (mod_pagespeed/1.13.35.2-0)"
104.166.80.239 - - [20/Sep/2024:23:04:50 +0200] "GET / HTTP/1.0" 200 18870 "-" "Mozilla/5.0 (X11; Linux i686; rv:109.0) Gecko/20100101 Firefox/120.0"
94.130.90.54 - - [20/Sep/2024:23:04:50 +0200] "GET /wp-content/cache/autoptimize/js/autoptimize_ed47aa42a2bceef2e9423c3a6f1d849e.js HTTP/1.1" 304 3447 "https://premiumgebaeude.inglory.de/" "Serf/1.3.9 (mod_pagespeed/1.13.35.2-0)"
94.130.90.54 - - [20/Sep/2024:23:04:50 +0200] "GET /wp-content/uploads/2023/08/unterhaltsreinigung.jpg HTTP/1.1" 304 3413 "https://premiumgebaeude.inglory.de/" "Serf/1.3.9 (mod_pagespeed/1.13.35.2-0)"
94.130.90.54 - - [20/Sep/2024:23:04:50 +0200] "GET /wp-content/uploads/2023/08/unterhaltsreinigung.jpg HTTP/1.1" 304 3413 "https://premiumgebaeude.inglory.de/" "Serf/1.3.9 (mod_pagespeed/1.13.35.2-0)"
94.130.90.54 - - [20/Sep/2024:23:04:50 +0200] "GET /wp-content/uploads/2023/08/unterhaltsreinigung-300x187.jpg HTTP/1.1" 304 3412 "https://premiumgebaeude.inglory.de/" "Serf/1.3.9 (mod_pagespeed/1.13.35.2-0)"
94.130.90.54 - - [20/Sep/2024:23:04:50 +0200] "GET /wp-content/uploads/2023/08/unterhaltsreinigung-768x480.jpg HTTP/1.1" 304 3412 "https://premiumgebaeude.inglory.de/" "Serf/1.3.9 (mod_pagespeed/1.13.35.2-0)"
94.130.90.54 - - [20/Sep/2024:23:04:50 +0200] "GET /wp-content/uploads/2023/08/fensterreinigung-premium.jpg HTTP/1.1" 304 3413 "https://premiumgebaeude.inglory.de/" "Serf/1.3.9 (mod_pagespeed/1.13.35.2-0)"
94.130.90.54 - - [20/Sep/2024:23:04:50 +0200] "GET /wp-content/uploads/2023/08/fensterreinigung-premium.jpg HTTP/1.1" 304 3413 "https://premiumgebaeude.inglory.de/" "Serf/1.3.9 (mod_pagespeed/1.13.35.2-0)"
94.130.90.54 - - [20/Sep/2024:23:04:50 +0200] "GET /wp-content/uploads/2023/08/fensterreinigung-premium-300x188.jpg HTTP/1.1" 304 3412 "https://premiumgebaeude.inglory.de/" "Serf/1.3.9 (mod_pagespeed/1.13.35.2-0)"
94.130.90.54 - - [20/Sep/2024:23:04:50 +0200] "GET /wp-content/uploads/2023/08/fensterreinigung-premium-768x480.jpg HTTP/1.1" 304 3412 "https://premiumgebaeude.inglory.de/" "Serf/1.3.9 (mod_pagespeed/1.13.35.2-0)"
94.130.90.54 - - [20/Sep/2024:23:04:50 +0200] "GET /wp-content/uploads/2022/12/Baureinigung2-1.jpg HTTP/1.1" 304 3412 "https://premiumgebaeude.inglory.de/" "Serf/1.3.9 (mod_pagespeed/1.13.35.2-0)"
94.130.90.54 - - [20/Sep/2024:23:04:50 +0200] "GET /wp-content/uploads/2022/12/Baureinigung2-1.jpg HTTP/1.1" 304 3412 "https://premiumgebaeude.inglory.de/" "Serf/1.3.9 (mod_pagespeed/1.13.35.2-0)"
94.130.90.54 - - [20/Sep/2024:23:04:50 +0200] "GET /wp-content/uploads/2022/12/Baureinigung2-1-300x188.jpg HTTP/1.1" 304 3412 "https://premiumgebaeude.inglory.de/" "Serf/1.3.9 (mod_pagespeed/1.13.35.2-0)"
94.130.90.54 - - [20/Sep/2024:23:04:50 +0200] "GET /wp-content/uploads/2022/12/Pflege-der-aussenanlage2.jpg HTTP/1.1" 304 3413 "https://premiumgebaeude.inglory.de/" "Serf/1.3.9 (mod_pagespeed/1.13.35.2-0)"
94.130.90.54 - - [20/Sep/2024:23:04:50 +0200] "GET /wp-content/uploads/2022/12/Pflege-der-aussenanlage2.jpg HTTP/1.1" 304 3413 "https://premiumgebaeude.inglory.de/" "Serf/1.3.9 (mod_pagespeed/1.13.35.2-0)"
94.130.90.54 - - [20/Sep/2024:23:04:50 +0200] "GET /wp-content/uploads/2022/12/Pflege-der-aussenanlage2-300x188.jpg HTTP/1.1" 304 3412 "https://premiumgebaeude.inglory.de/" "Serf/1.3.9 (mod_pagespeed/1.13.35.2-0)"
94.130.90.54 - - [20/Sep/2024:23:04:50 +0200] "GET /wp-content/uploads/2023/08/bueroreinigung.jpg HTTP/1.1" 304 3413 "https://premiumgebaeude.inglory.de/" "Serf/1.3.9 (mod_pagespeed/1.13.35.2-0)"
94.130.90.54 - - [20/Sep/2024:23:04:50 +0200] "GET /wp-content/uploads/2023/08/bueroreinigung.jpg HTTP/1.1" 304 3413 "https://premiumgebaeude.inglory.de/" "Serf/1.3.9 (mod_pagespeed/1.13.35.2-0)"
94.130.90.54 - - [20/Sep/2024:23:04:50 +0200] "GET /wp-content/uploads/2023/08/bueroreinigung-300x188.jpg HTTP/1.1" 304 3412 "https://premiumgebaeude.inglory.de/" "Serf/1.3.9 (mod_pagespeed/1.13.35.2-0)"
94.130.90.54 - - [20/Sep/2024:23:04:50 +0200] "GET /wp-content/uploads/2023/08/bueroreinigung-768x480.jpg HTTP/1.1" 304 3412 "https://premiumgebaeude.inglory.de/" "Serf/1.3.9 (mod_pagespeed/1.13.35.2-0)"
94.130.90.54 - - [20/Sep/2024:23:04:50 +0200] "GET /wp-content/uploads/2022/12/Gebaeudereinigung2.jpg HTTP/1.1" 304 3413 "https://premiumgebaeude.inglory.de/" "Serf/1.3.9 (mod_pagespeed/1.13.35.2-0)"
94.130.90.54 - - [20/Sep/2024:23:04:50 +0200] "GET /wp-content/cache/wpfc-minified/d7x32rar/fq1uh.css HTTP/1.1" 304 3414 "https://premiumgebaeude.inglory.de/" "Serf/1.3.9 (mod_pagespeed/1.13.35.2-0)"
94.130.90.54 - - [20/Sep/2024:23:04:50 +0200] "GET /wp-content/cache/wpfc-minified/7j731bze/fq1uh.js HTTP/1.1" 304 3413 "https://premiumgebaeude.inglory.de/" "Serf/1.3.9 (mod_pagespeed/1.13.35.2-0)"
94.130.90.54 - - [20/Sep/2024:23:04:50 +0200] "GET /wp-content/uploads/2022/12/cropped-premium-favicon-32x32.webp HTTP/1.1" 200 6964 "https://premiumgebaeude.inglory.de/" "Serf/1.3.9 (mod_pagespeed/1.13.35.2-0)"
94.130.90.54 - - [20/Sep/2024:23:04:50 +0200] "GET /wp-content/uploads/2022/12/cropped-premium-favicon-192x192.webp HTTP/1.1" 200 7416 "https://premiumgebaeude.inglory.de/" "Serf/1.3.9 (mod_pagespeed/1.13.35.2-0)"
94.130.90.54 - - [20/Sep/2024:23:04:50 +0200] "GET /wp-content/uploads/2022/12/cropped-premium-favicon-180x180.webp HTTP/1.1" 200 7370 "https://premiumgebaeude.inglory.de/" "Serf/1.3.9 (mod_pagespeed/1.13.35.2-0)"
94.130.90.54 - - [20/Sep/2024:23:04:50 +0200] "GET /wp-content/uploads/2022/12/premium-logo-w-184x51.webp HTTP/1.1" 200 9563 "https://premiumgebaeude.inglory.de/" "Serf/1.3.9 (mod_pagespeed/1.13.35.2-0)"
94.130.90.54 - - [20/Sep/2024:23:04:50 +0200] "GET /wp-content/uploads/2022/12/premium-logo-w-184x51.webp HTTP/1.1" 200 9563 "https://premiumgebaeude.inglory.de/" "Serf/1.3.9 (mod_pagespeed/1.13.35.2-0)"
94.130.90.54 - - [20/Sep/2024:23:04:50 +0200] "GET /wp-content/uploads/2022/12/premium-logo-w-300x83.webp HTTP/1.1" 200 11189 "https://premiumgebaeude.inglory.de/" "Serf/1.3.9 (mod_pagespeed/1.13.35.2-0)"
94.130.90.54 - - [20/Sep/2024:23:04:50 +0200] "GET /wp-content/uploads/2022/12/premium-logo-w-1024x282.webp HTTP/1.1" 200 22805 "https://premiumgebaeude.inglory.de/" "Serf/1.3.9 (mod_pagespeed/1.13.35.2-0)"
94.130.90.54 - - [20/Sep/2024:23:04:50 +0200] "GET /wp-content/uploads/2022/12/premium-logo-w-768x212.webp HTTP/1.1" 200 18926 "https://premiumgebaeude.inglory.de/" "Serf/1.3.9 (mod_pagespeed/1.13.35.2-0)"
94.130.90.54 - - [20/Sep/2024:23:04:50 +0200] "GET /wp-content/uploads/2022/12/premium-logo-w-1536x423.webp HTTP/1.1" 200 32185 "https://premiumgebaeude.inglory.de/" "Serf/1.3.9 (mod_pagespeed/1.13.35.2-0)"
94.130.90.54 - - [20/Sep/2024:23:04:50 +0200] "GET /wp-content/uploads/2022/12/premium-logo-w.webp HTTP/1.1" 200 19838 "https://premiumgebaeude.inglory.de/" "Serf/1.3.9 (mod_pagespeed/1.13.35.2-0)"
94.130.90.54 - - [20/Sep/2024:23:04:50 +0200] "GET /wp-content/uploads/2022/12/Gebaeudereinigung2.jpg HTTP/1.1" 304 3413 "https://premiumgebaeude.inglory.de/" "Serf/1.3.9 (mod_pagespeed/1.13.35.2-0)"
94.130.90.54 - - [20/Sep/2024:23:04:50 +0200] "GET /wp-content/uploads/2022/12/Gebaeudereinigung2-300x188.jpg HTTP/1.1" 304 3412 "https://premiumgebaeude.inglory.de/" "Serf/1.3.9 (mod_pagespeed/1.13.35.2-0)"
94.130.90.54 - - [20/Sep/2024:23:04:50 +0200] "GET /wp-content/uploads/2023/01/logo-element-si.png HTTP/1.1" 304 3412 "https://premiumgebaeude.inglory.de/" "Serf/1.3.9 (mod_pagespeed/1.13.35.2-0)"
94.130.90.54 - - [20/Sep/2024:23:04:50 +0200] "GET /wp-content/uploads/2022/12/premium-logo-s-300x83.webp HTTP/1.1" 200 11185 "https://premiumgebaeude.inglory.de/" "Serf/1.3.9 (mod_pagespeed/1.13.35.2-0)"
94.130.90.54 - - [20/Sep/2024:23:04:50 +0200] "GET /wp-content/uploads/2022/12/Gebaeudereinigung-kassel-scaled.jpeg HTTP/1.1" 200 277020 "https://premiumgebaeude.inglory.de/" "Serf/1.3.9 (mod_pagespeed/1.13.35.2-0)"
94.130.90.54 - - [20/Sep/2024:23:04:51 +0200] "POST /wp-cron.php?doing_wp_cron=1726866291.3874809741973876953125 HTTP/1.0" 200 839 "-" "WordPress/6.6.2; https://premiumgebaeude.inglory.de"
94.130.90.54 - - [20/Sep/2024:23:04:50 +0200] "GET /wp-content/plugins/wpforms-lite/assets/pro/images/times-solid-white.svg HTTP/1.1" 404 64887 "https://premiumgebaeude.inglory.de/" "Serf/1.3.9 (mod_pagespeed/1.13.35.2-0)"
104.166.80.239 - - [20/Sep/2024:23:04:51 +0200] "GET / HTTP/1.0" 200 17224 "-" "Mozilla/5.0 (X11; Linux i686; rv:109.0) Gecko/20100101 Firefox/120.0"
104.166.80.239 - - [20/Sep/2024:23:04:52 +0200] "GET /wp-content/cache/wpfc-minified/d7x32rar/A.fq1uh.css.pagespeed.cf.VbGq8GXYRO.css HTTP/1.0" 200 196719 "https://premiumgebaeude.inglory.de/" "Mozilla/5.0 (X11; Linux i686; rv:109.0) Gecko/20100101 Firefox/120.0"
104.166.80.239 - - [20/Sep/2024:23:04:52 +0200] "GET /wp-content/cache/wpfc-minified/7j731bze/fq1uh.js.pagespeed.jm.PoWN7KAtLT.js HTTP/1.0" 200 31342 "https://premiumgebaeude.inglory.de/" "Mozilla/5.0 (X11; Linux i686; rv:109.0) Gecko/20100101 Firefox/120.0"
104.166.80.239 - - [20/Sep/2024:23:04:52 +0200] "GET /wp-includes/js/dist/hooks.min.js,qver==2810c76e705dd1a53b18+i18n.min.js,qver==5e580eb46a90c2b997e6.pagespeed.jc.Zu-AOy9T1u.js HTTP/1.0" 200 5972 "https://premiumgebaeude.inglory.de/" "Mozilla/5.0 (X11; Linux i686; rv:109.0) Gecko/20100101 Firefox/120.0"
104.166.80.239 - - [20/Sep/2024:23:04:52 +0200] "GET /wp-content/cache/autoptimize/js/autoptimize_ed47aa42a2bceef2e9423c3a6f1d849e.js HTTP/1.0" 200 89281 "https://premiumgebaeude.inglory.de/" "Mozilla/5.0 (X11; Linux i686; rv:109.0) Gecko/20100101 Firefox/120.0"
104.166.80.239 - - [20/Sep/2024:23:04:53 +0200] "GET /wp-content/plugins/elementor/assets/lib/font-awesome/webfonts/fa-solid-900.woff2 HTTP/1.0" 200 79105 "https://premiumgebaeude.inglory.de/wp-content/cache/wpfc-minified/d7x32rar/A.fq1uh.css.pagespeed.cf.VbGq8GXYRO.css" "Mozilla/5.0 (X11; Linux i686; rv:109.0) Gecko/20100101 Firefox/120.0"
104.166.80.239 - - [20/Sep/2024:23:04:53 +0200] "GET /wp-content/plugins/elementor/assets/lib/font-awesome/webfonts/fa-regular-400.woff2 HTTP/1.0" 200 15545 "https://premiumgebaeude.inglory.de/wp-content/cache/wpfc-minified/d7x32rar/A.fq1uh.css.pagespeed.cf.VbGq8GXYRO.css" "Mozilla/5.0 (X11; Linux i686; rv:109.0) Gecko/20100101 Firefox/120.0"
104.166.80.239 - - [20/Sep/2024:23:04:53 +0200] "GET /wp-content/uploads/2022/12/xGebaeudereinigung-kassel-scaled.jpeg.pagespeed.ic.frQrcsH2cg.webp HTTP/1.0" 200 274357 "https://premiumgebaeude.inglory.de/wp-content/cache/wpfc-minified/d7x32rar/A.fq1uh.css.pagespeed.cf.VbGq8GXYRO.css" "Mozilla/5.0 (X11; Linux i686; rv:109.0) Gecko/20100101 Firefox/120.0"
104.166.80.239 - - [20/Sep/2024:23:04:53 +0200] "GET /wp-content/uploads/2022/12/cropped-premium-favicon-192x192.webp HTTP/1.0" 200 4660 "https://premiumgebaeude.inglory.de/" "Mozilla/5.0 (X11; Linux i686; rv:109.0) Gecko/20100101 Firefox/120.0"
104.166.80.239 - - [20/Sep/2024:23:04:53 +0200] "GET /wp-content/uploads/2022/12/cropped-premium-favicon-32x32.webp HTTP/1.0" 200 4208 "https://premiumgebaeude.inglory.de/" "Mozilla/5.0 (X11; Linux i686; rv:109.0) Gecko/20100101 Firefox/120.0"
104.166.80.239 - - [20/Sep/2024:23:04:53 +0200] "GET /wp-content/uploads/2022/12/premium-logo-w-184x51.webp HTTP/1.0" 200 6807 "https://premiumgebaeude.inglory.de/" "Mozilla/5.0 (X11; Linux i686; rv:109.0) Gecko/20100101 Firefox/120.0"
104.166.80.239 - - [20/Sep/2024:23:04:53 +0200] "GET /wp-content/plugins/elementor/assets/js/text-editor.2c35aafbe5bf0e127950.bundle.min.js HTTP/1.0" 200 1524 "https://premiumgebaeude.inglory.de/" "Mozilla/5.0 (X11; Linux i686; rv:109.0) Gecko/20100101 Firefox/120.0"
104.166.80.239 - - [20/Sep/2024:23:04:53 +0200] "GET /wp-content/uploads/2023/08/unterhaltsreinigung-768x480.jpg HTTP/1.0" 200 44947 "https://premiumgebaeude.inglory.de/" "Mozilla/5.0 (X11; Linux i686; rv:109.0) Gecko/20100101 Firefox/120.0"
104.166.80.239 - - [20/Sep/2024:23:04:53 +0200] "GET /wp-content/uploads/2023/08/fensterreinigung-premium-768x480.jpg HTTP/1.0" 200 62878 "https://premiumgebaeude.inglory.de/" "Mozilla/5.0 (X11; Linux i686; rv:109.0) Gecko/20100101 Firefox/120.0"
94.130.90.54 - - [20/Sep/2024:23:26:59 +0200] "POST /wp-cron.php?doing_wp_cron=1726867619.3916308879852294921875 HTTP/1.0" 200 839 "-" "WordPress/6.6.2; https://premiumgebaeude.inglory.de"
79.216.230.28 - - [20/Sep/2024:23:26:58 +0200] "GET /wp-admin/admin-ajax.php?action=updraft_ajax&subaction=activejobs_list&nonce=877f3c5f36&downloaders= HTTP/1.0" 400 929 "https://premiumgebaeude.inglory.de/wp-admin/options-general.php?page=updraftplus" "Mozilla/5.0 (Macintosh; Intel Mac OS X 10_15_7) AppleWebKit/537.36 (KHTML, like Gecko) Chrome/128.0.0.0 Safari/537.36"
79.216.230.28 - - [20/Sep/2024:23:26:58 +0200] "POST /wp-admin/admin-ajax.php HTTP/1.0" 400 1034 "https://premiumgebaeude.inglory.de/wp-admin/options-general.php?page=updraftplus" "Mozilla/5.0 (Macintosh; Intel Mac OS X 10_15_7) AppleWebKit/537.36 (KHTML, like Gecko) Chrome/128.0.0.0 Safari/537.36"
94.130.90.54 - - [20/Sep/2024:23:27:59 +0200] "POST /wp-cron.php?doing_wp_cron=1726867679.3100900650024414062500 HTTP/1.0" 200 839 "-" "WordPress/6.6.2; https://premiumgebaeude.inglory.de"
94.130.90.54 - - [20/Sep/2024:23:27:59 +0200] "POST /wp-cron.php?doing_wp_cron=1726867679.3103249073028564453125 HTTP/1.0" 200 839 "-" "WordPress/6.6.2; https://premiumgebaeude.inglory.de"
79.216.230.28 - - [20/Sep/2024:23:27:58 +0200] "POST /wp-admin/admin-ajax.php HTTP/1.0" 400 2483 "https://premiumgebaeude.inglory.de/wp-admin/options-general.php?page=updraftplus" "Mozilla/5.0 (Macintosh; Intel Mac OS X 10_15_7) AppleWebKit/537.36 (KHTML, like Gecko) Chrome/128.0.0.0 Safari/537.36"
79.216.230.28 - - [20/Sep/2024:23:27:58 +0200] "GET /wp-admin/admin-ajax.php?action=updraft_ajax&subaction=activejobs_list&nonce=877f3c5f36&downloaders= HTTP/1.0" 400 929 "https://premiumgebaeude.inglory.de/wp-admin/options-general.php?page=updraftplus" "Mozilla/5.0 (Macintosh; Intel Mac OS X 10_15_7) AppleWebKit/537.36 (KHTML, like Gecko) Chrome/128.0.0.0 Safari/537.36"
94.130.90.54 - - [20/Sep/2024:23:28:59 +0200] "POST /wp-cron.php?doing_wp_cron=1726867739.3182959556579589843750 HTTP/1.0" 200 839 "-" "WordPress/6.6.2; https://premiumgebaeude.inglory.de"
79.216.230.28 - - [20/Sep/2024:23:28:58 +0200] "POST /wp-admin/admin-ajax.php HTTP/1.0" 400 2483 "https://premiumgebaeude.inglory.de/wp-admin/options-general.php?page=updraftplus" "Mozilla/5.0 (Macintosh; Intel Mac OS X 10_15_7) AppleWebKit/537.36 (KHTML, like Gecko) Chrome/128.0.0.0 Safari/537.36"
79.216.230.28 - - [20/Sep/2024:23:28:58 +0200] "GET /wp-admin/admin-ajax.php?action=updraft_ajax&subaction=activejobs_list&nonce=877f3c5f36&downloaders= HTTP/1.0" 400 929 "https://premiumgebaeude.inglory.de/wp-admin/options-general.php?page=updraftplus" "Mozilla/5.0 (Macintosh; Intel Mac OS X 10_15_7) AppleWebKit/537.36 (KHTML, like Gecko) Chrome/128.0.0.0 Safari/537.36"
79.216.230.28 - - [20/Sep/2024:23:29:58 +0200] "GET /wp-admin/admin-ajax.php?action=updraft_ajax&subaction=activejobs_list&nonce=877f3c5f36&downloaders= HTTP/1.0" 400 929 "https://premiumgebaeude.inglory.de/wp-admin/options-general.php?page=updraftplus" "Mozilla/5.0 (Macintosh; Intel Mac OS X 10_15_7) AppleWebKit/537.36 (KHTML, like Gecko) Chrome/128.0.0.0 Safari/537.36"
94.130.90.54 - - [20/Sep/2024:23:29:59 +0200] "POST /wp-cron.php?doing_wp_cron=1726867799.3612120151519775390625 HTTP/1.0" 200 839 "-" "WordPress/6.6.2; https://premiumgebaeude.inglory.de"
79.216.230.28 - - [20/Sep/2024:23:29:58 +0200] "POST /wp-admin/admin-ajax.php HTTP/1.0" 400 1034 "https://premiumgebaeude.inglory.de/wp-admin/options-general.php?page=updraftplus" "Mozilla/5.0 (Macintosh; Intel Mac OS X 10_15_7) AppleWebKit/537.36 (KHTML, like Gecko) Chrome/128.0.0.0 Safari/537.36"
94.130.90.54 - - [20/Sep/2024:23:30:59 +0200] "POST /wp-cron.php?doing_wp_cron=1726867859.3441140651702880859375 HTTP/1.0" 200 839 "-" "WordPress/6.6.2; https://premiumgebaeude.inglory.de"
79.216.230.28 - - [20/Sep/2024:23:30:58 +0200] "GET /wp-admin/admin-ajax.php?action=updraft_ajax&subaction=activejobs_list&nonce=877f3c5f36&downloaders= HTTP/1.0" 400 2378 "https://premiumgebaeude.inglory.de/wp-admin/options-general.php?page=updraftplus" "Mozilla/5.0 (Macintosh; Intel Mac OS X 10_15_7) AppleWebKit/537.36 (KHTML, like Gecko) Chrome/128.0.0.0 Safari/537.36"
79.216.230.28 - - [20/Sep/2024:23:30:58 +0200] "POST /wp-admin/admin-ajax.php HTTP/1.0" 400 1034 "https://premiumgebaeude.inglory.de/wp-admin/options-general.php?page=updraftplus" "Mozilla/5.0 (Macintosh; Intel Mac OS X 10_15_7) AppleWebKit/537.36 (KHTML, like Gecko) Chrome/128.0.0.0 Safari/537.36"
94.130.90.54 - - [20/Sep/2024:23:31:54 +0200] "POST /wp-cron.php?doing_wp_cron=1726867914.3646609783172607421875 HTTP/1.0" 200 839 "-" "WordPress/6.6.2; https://premiumgebaeude.inglory.de"
