79.216.230.28 - - [20/Sep/2024:23:31:53 +0200] "GET /wp-admin/admin-ajax.php?action=updraft_ajax&subaction=activejobs_list&nonce=877f3c5f36&downloaders= HTTP/1.0" 400 929 "https://premiumgebaeude.inglory.de/wp-admin/options-general.php?page=updraftplus" "Mozilla/5.0 (Macintosh; Intel Mac OS X 10_15_7) AppleWebKit/537.36 (KHTML, like Gecko) Chrome/128.0.0.0 Safari/537.36"
94.130.90.54 - - [20/Sep/2024:23:31:54 +0200] "POST /wp-cron.php?doing_wp_cron=1726867914.3646609783172607421875 HTTP/1.0" 200 839 "-" "WordPress/6.6.2; https://premiumgebaeude.inglory.de"
79.216.230.28 - - [20/Sep/2024:23:31:53 +0200] "POST /wp-admin/admin-ajax.php HTTP/1.0" 400 1034 "https://premiumgebaeude.inglory.de/wp-admin/options-general.php?page=updraftplus" "Mozilla/5.0 (Macintosh; Intel Mac OS X 10_15_7) AppleWebKit/537.36 (KHTML, like Gecko) Chrome/128.0.0.0 Safari/537.36"
79.216.230.28 - - [20/Sep/2024:23:31:53 +0200] "POST /wp-admin/admin-ajax.php HTTP/1.0" 200 1079 "https://premiumgebaeude.inglory.de/wp-admin/options-general.php?page=updraftplus" "Mozilla/5.0 (Macintosh; Intel Mac OS X 10_15_7) AppleWebKit/537.36 (KHTML, like Gecko) Chrome/128.0.0.0 Safari/537.36"
79.216.230.28 - - [20/Sep/2024:23:31:55 +0200] "GET /wp-includes/images/spinner-2x.gif HTTP/1.0" 200 8354 "https://premiumgebaeude.inglory.de/wp-admin/load-styles.php?c=0&dir=ltr&load%5Bchunk_0%5D=dashicons,admin-bar,common,forms,admin-menu,dashboard,list-tables,edit,revisions,media,themes,about,nav-menus,wp-pointer,widgets&load%5Bchunk_1%5D=,site-icon,l10n,buttons,wp-auth-check&ver=6.6.2" "Mozilla/5.0 (Macintosh; Intel Mac OS X 10_15_7) AppleWebKit/537.36 (KHTML, like Gecko) Chrome/128.0.0.0 Safari/537.36"
94.130.90.54 - - [20/Sep/2024:23:31:55 +0200] "GET /wp-includes/js/dist/hooks.min.js?ver=2810c76e705dd1a53b18 HTTP/1.1" 304 3412 "https://premiumgebaeude.inglory.de/wp-login.php?interim-login=1&wp_lang=de_DE" "Serf/1.3.9 (mod_pagespeed/1.13.35.2-0)"
94.130.90.54 - - [20/Sep/2024:23:31:55 +0200] "GET /wp-includes/js/dist/i18n.min.js?ver=5e580eb46a90c2b997e6 HTTP/1.1" 304 3412 "https://premiumgebaeude.inglory.de/wp-login.php?interim-login=1&wp_lang=de_DE" "Serf/1.3.9 (mod_pagespeed/1.13.35.2-0)"
79.216.230.28 - - [20/Sep/2024:23:31:55 +0200] "GET /wp-login.php?interim-login=1&wp_lang=de_DE HTTP/1.0" 200 3926 "https://premiumgebaeude.inglory.de/wp-admin/options-general.php?page=updraftplus" "Mozilla/5.0 (Macintosh; Intel Mac OS X 10_15_7) AppleWebKit/537.36 (KHTML, like Gecko) Chrome/128.0.0.0 Safari/537.36"
94.130.90.54 - - [20/Sep/2024:23:31:55 +0200] "GET /wp-includes/js/jquery/jquery.min.js?ver=3.7.1 HTTP/1.1" 200 91282 "https://premiumgebaeude.inglory.de/wp-login.php?interim-login=1&wp_lang=de_DE" "Serf/1.3.9 (mod_pagespeed/1.13.35.2-0)"
94.130.90.54 - - [20/Sep/2024:23:31:55 +0200] "GET /wp-includes/js/jquery/jquery-migrate.min.js?ver=3.4.1 HTTP/1.1" 200 17160 "https://premiumgebaeude.inglory.de/wp-login.php?interim-login=1&wp_lang=de_DE" "Serf/1.3.9 (mod_pagespeed/1.13.35.2-0)"
94.130.90.54 - - [20/Sep/2024:23:31:55 +0200] "GET /wp-includes/js/underscore.min.js?ver=1.13.4 HTTP/1.1" 200 22445 "https://premiumgebaeude.inglory.de/wp-login.php?interim-login=1&wp_lang=de_DE" "Serf/1.3.9 (mod_pagespeed/1.13.35.2-0)"
94.130.90.54 - - [20/Sep/2024:23:31:55 +0200] "GET /wp-includes/js/wp-util.min.js?ver=6.6.2 HTTP/1.1" 200 4978 "https://premiumgebaeude.inglory.de/wp-login.php?interim-login=1&wp_lang=de_DE" "Serf/1.3.9 (mod_pagespeed/1.13.35.2-0)"
94.130.90.54 - - [20/Sep/2024:23:31:55 +0200] "GET /wp-includes/css/dashicons.min.css?ver=6.6.2 HTTP/1.1" 200 62672 "https://premiumgebaeude.inglory.de/wp-login.php?interim-login=1&wp_lang=de_DE" "Serf/1.3.9 (mod_pagespeed/1.13.35.2-0)"
94.130.90.54 - - [20/Sep/2024:23:31:55 +0200] "GET /wp-includes/css/buttons.min.css?ver=6.6.2 HTTP/1.1" 200 9629 "https://premiumgebaeude.inglory.de/wp-login.php?interim-login=1&wp_lang=de_DE" "Serf/1.3.9 (mod_pagespeed/1.13.35.2-0)"
94.130.90.54 - - [20/Sep/2024:23:31:55 +0200] "GET /wp-content/uploads/2022/12/cropped-premium-favicon-32x32.webp HTTP/1.1" 200 6964 "https://premiumgebaeude.inglory.de/wp-login.php?interim-login=1&wp_lang=de_DE" "Serf/1.3.9 (mod_pagespeed/1.13.35.2-0)"
94.130.90.54 - - [20/Sep/2024:23:31:55 +0200] "GET /wp-content/uploads/2022/12/cropped-premium-favicon-192x192.webp HTTP/1.1" 200 7416 "https://premiumgebaeude.inglory.de/wp-login.php?interim-login=1&wp_lang=de_DE" "Serf/1.3.9 (mod_pagespeed/1.13.35.2-0)"
94.130.90.54 - - [20/Sep/2024:23:31:55 +0200] "GET /wp-content/uploads/2022/12/cropped-premium-favicon-180x180.webp HTTP/1.1" 200 7370 "https://premiumgebaeude.inglory.de/wp-login.php?interim-login=1&wp_lang=de_DE" "Serf/1.3.9 (mod_pagespeed/1.13.35.2-0)"
94.130.90.54 - - [20/Sep/2024:23:31:55 +0200] "GET /wp-includes/js/zxcvbn-async.min.js?ver=1.0 HTTP/1.1" 200 3902 "https://premiumgebaeude.inglory.de/wp-login.php?interim-login=1&wp_lang=de_DE" "Serf/1.3.9 (mod_pagespeed/1.13.35.2-0)"
79.216.230.28 - - [20/Sep/2024:23:31:55 +0200] "GET /wp-includes/js/jquery/jquery.min.js?ver=3.7.1 HTTP/1.0" 200 31364 "https://premiumgebaeude.inglory.de/wp-login.php?interim-login=1&wp_lang=de_DE" "Mozilla/5.0 (Macintosh; Intel Mac OS X 10_15_7) AppleWebKit/537.36 (KHTML, like Gecko) Chrome/128.0.0.0 Safari/537.36"
79.216.230.28 - - [20/Sep/2024:23:31:55 +0200] "GET /wp-includes/js/jquery/jquery-migrate.min.js?ver=3.4.1 HTTP/1.0" 200 5867 "https://premiumgebaeude.inglory.de/wp-login.php?interim-login=1&wp_lang=de_DE" "Mozilla/5.0 (Macintosh; Intel Mac OS X 10_15_7) AppleWebKit/537.36 (KHTML, like Gecko) Chrome/128.0.0.0 Safari/537.36"
79.216.230.28 - - [20/Sep/2024:23:31:55 +0200] "GET /wp-includes/css/dashicons.min.css?ver=6.6.2 HTTP/1.0" 200 36713 "https://premiumgebaeude.inglory.de/wp-login.php?interim-login=1&wp_lang=de_DE" "Mozilla/5.0 (Macintosh; Intel Mac OS X 10_15_7) AppleWebKit/537.36 (KHTML, like Gecko) Chrome/128.0.0.0 Safari/537.36"
79.216.230.28 - - [20/Sep/2024:23:31:55 +0200] "GET /wp-includes/css/buttons.min.css?ver=6.6.2 HTTP/1.0" 200 2424 "https://premiumgebaeude.inglory.de/wp-login.php?interim-login=1&wp_lang=de_DE" "Mozilla/5.0 (Macintosh; Intel Mac OS X 10_15_7) AppleWebKit/537.36 (KHTML, like Gecko) Chrome/128.0.0.0 Safari/537.36"
79.216.230.28 - - [20/Sep/2024:23:31:55 +0200] "GET /wp-admin/css/l10n.min.css?ver=6.6.2 HTTP/1.0" 200 1584 "https://premiumgebaeude.inglory.de/wp-login.php?interim-login=1&wp_lang=de_DE" "Mozilla/5.0 (Macintosh; Intel Mac OS X 10_15_7) AppleWebKit/537.36 (KHTML, like Gecko) Chrome/128.0.0.0 Safari/537.36"
79.216.230.28 - - [20/Sep/2024:23:31:55 +0200] "GET /wp-admin/css/forms.min.css?ver=6.6.2 HTTP/1.0" 200 7587 "https://premiumgebaeude.inglory.de/wp-login.php?interim-login=1&wp_lang=de_DE" "Mozilla/5.0 (Macintosh; Intel Mac OS X 10_15_7) AppleWebKit/537.36 (KHTML, like Gecko) Chrome/128.0.0.0 Safari/537.36"
79.216.230.28 - - [20/Sep/2024:23:31:55 +0200] "GET /wp-admin/css/login.min.css?ver=6.6.2 HTTP/1.0" 200 3052 "https://premiumgebaeude.inglory.de/wp-login.php?interim-login=1&wp_lang=de_DE" "Mozilla/5.0 (Macintosh; Intel Mac OS X 10_15_7) AppleWebKit/537.36 (KHTML, like Gecko) Chrome/128.0.0.0 Safari/537.36"
79.216.230.28 - - [20/Sep/2024:23:31:55 +0200] "GET /wp-includes/js/zxcvbn-async.min.js?ver=1.0 HTTP/1.0" 200 1228 "https://premiumgebaeude.inglory.de/wp-login.php?interim-login=1&wp_lang=de_DE" "Mozilla/5.0 (Macintosh; Intel Mac OS X 10_15_7) AppleWebKit/537.36 (KHTML, like Gecko) Chrome/128.0.0.0 Safari/537.36"
79.216.230.28 - - [20/Sep/2024:23:31:55 +0200] "GET /wp-includes/js/dist/hooks.min.js,qver==2810c76e705dd1a53b18+i18n.min.js,qver==5e580eb46a90c2b997e6.pagespeed.jc.Zu-AOy9T1u.js HTTP/1.0" 200 5944 "https://premiumgebaeude.inglory.de/wp-login.php?interim-login=1&wp_lang=de_DE" "Mozilla/5.0 (Macintosh; Intel Mac OS X 10_15_7) AppleWebKit/537.36 (KHTML, like Gecko) Chrome/128.0.0.0 Safari/537.36"
79.216.230.28 - - [20/Sep/2024:23:31:55 +0200] "GET /wp-admin/js/password-strength-meter.min.js?ver=6.6.2 HTTP/1.0" 200 1452 "https://premiumgebaeude.inglory.de/wp-login.php?interim-login=1&wp_lang=de_DE" "Mozilla/5.0 (Macintosh; Intel Mac OS X 10_15_7) AppleWebKit/537.36 (KHTML, like Gecko) Chrome/128.0.0.0 Safari/537.36"
79.216.230.28 - - [20/Sep/2024:23:31:56 +0200] "GET /wp-admin/js/user-profile.min.js?ver=6.6.2 HTTP/1.0" 200 3357 "https://premiumgebaeude.inglory.de/wp-login.php?interim-login=1&wp_lang=de_DE" "Mozilla/5.0 (Macintosh; Intel Mac OS X 10_15_7) AppleWebKit/537.36 (KHTML, like Gecko) Chrome/128.0.0.0 Safari/537.36"
79.216.230.28 - - [20/Sep/2024:23:31:56 +0200] "GET /wp-admin/images/wordpress-logo.svg?ver=20131107 HTTP/1.0" 200 2292 "https://premiumgebaeude.inglory.de/wp-admin/css/login.min.css?ver=6.6.2" "Mozilla/5.0 (Macintosh; Intel Mac OS X 10_15_7) AppleWebKit/537.36 (KHTML, like Gecko) Chrome/128.0.0.0 Safari/537.36"
79.216.230.28 - - [20/Sep/2024:23:31:56 +0200] "GET /wp-includes/js/zxcvbn.min.js HTTP/1.0" 200 401623 "https://premiumgebaeude.inglory.de/wp-login.php?interim-login=1&wp_lang=de_DE" "Mozilla/5.0 (Macintosh; Intel Mac OS X 10_15_7) AppleWebKit/537.36 (KHTML, like Gecko) Chrome/128.0.0.0 Safari/537.36"
79.216.230.28 - - [20/Sep/2024:23:31:59 +0200] "GET /wp-admin/admin-ajax.php?action=updraft_ajax&subaction=activejobs_list&nonce=877f3c5f36&downloaders= HTTP/1.0" 400 929 "https://premiumgebaeude.inglory.de/wp-admin/options-general.php?page=updraftplus" "Mozilla/5.0 (Macintosh; Intel Mac OS X 10_15_7) AppleWebKit/537.36 (KHTML, like Gecko) Chrome/128.0.0.0 Safari/537.36"
79.216.230.28 - - [20/Sep/2024:23:32:06 +0200] "GET /wp-admin/admin-ajax.php?action=updraft_ajax&subaction=activejobs_list&nonce=877f3c5f36&downloaders= HTTP/1.0" 400 929 "https://premiumgebaeude.inglory.de/wp-admin/options-general.php?page=updraftplus" "Mozilla/5.0 (Macintosh; Intel Mac OS X 10_15_7) AppleWebKit/537.36 (KHTML, like Gecko) Chrome/128.0.0.0 Safari/537.36"
79.216.230.28 - - [20/Sep/2024:23:32:06 +0200] "POST /wp-admin/admin-ajax.php HTTP/1.0" 400 1034 "https://premiumgebaeude.inglory.de/wp-admin/options-general.php?page=updraftplus" "Mozilla/5.0 (Macintosh; Intel Mac OS X 10_15_7) AppleWebKit/537.36 (KHTML, like Gecko) Chrome/128.0.0.0 Safari/537.36"
79.216.230.28 - - [20/Sep/2024:23:32:12 +0200] "GET /wp-admin/admin-ajax.php?action=updraft_ajax&subaction=activejobs_list&nonce=877f3c5f36&downloaders= HTTP/1.0" 400 929 "https://premiumgebaeude.inglory.de/wp-admin/options-general.php?page=updraftplus" "Mozilla/5.0 (Macintosh; Intel Mac OS X 10_15_7) AppleWebKit/537.36 (KHTML, like Gecko) Chrome/128.0.0.0 Safari/537.36"
79.216.230.28 - - [20/Sep/2024:23:32:18 +0200] "GET /wp-admin/admin-ajax.php?action=updraft_ajax&subaction=activejobs_list&nonce=877f3c5f36&downloaders= HTTP/1.0" 400 929 "https://premiumgebaeude.inglory.de/wp-admin/options-general.php?page=updraftplus" "Mozilla/5.0 (Macintosh; Intel Mac OS X 10_15_7) AppleWebKit/537.36 (KHTML, like Gecko) Chrome/128.0.0.0 Safari/537.36"
79.216.230.28 - - [20/Sep/2024:23:32:24 +0200] "GET /wp-admin/admin-ajax.php?action=updraft_ajax&subaction=activejobs_list&nonce=877f3c5f36&downloaders= HTTP/1.0" 400 929 "https://premiumgebaeude.inglory.de/wp-admin/options-general.php?page=updraftplus" "Mozilla/5.0 (Macintosh; Intel Mac OS X 10_15_7) AppleWebKit/537.36 (KHTML, like Gecko) Chrome/128.0.0.0 Safari/537.36"
79.216.230.28 - - [20/Sep/2024:23:32:31 +0200] "GET /wp-admin/admin-ajax.php?action=updraft_ajax&subaction=activejobs_list&nonce=877f3c5f36&downloaders= HTTP/1.0" 400 929 "https://premiumgebaeude.inglory.de/wp-admin/options-general.php?page=updraftplus" "Mozilla/5.0 (Macintosh; Intel Mac OS X 10_15_7) AppleWebKit/537.36 (KHTML, like Gecko) Chrome/128.0.0.0 Safari/537.36"
79.216.230.28 - - [20/Sep/2024:23:32:36 +0200] "POST /wp-admin/admin-ajax.php HTTP/1.0" 400 1034 "https://premiumgebaeude.inglory.de/wp-admin/options-general.php?page=updraftplus" "Mozilla/5.0 (Macintosh; Intel Mac OS X 10_15_7) AppleWebKit/537.36 (KHTML, like Gecko) Chrome/128.0.0.0 Safari/537.36"
79.216.230.28 - - [20/Sep/2024:23:32:37 +0200] "GET /wp-admin/admin-ajax.php?action=updraft_ajax&subaction=activejobs_list&nonce=877f3c5f36&downloaders= HTTP/1.0" 400 929 "https://premiumgebaeude.inglory.de/wp-admin/options-general.php?page=updraftplus" "Mozilla/5.0 (Macintosh; Intel Mac OS X 10_15_7) AppleWebKit/537.36 (KHTML, like Gecko) Chrome/128.0.0.0 Safari/537.36"
79.216.230.28 - - [20/Sep/2024:23:32:43 +0200] "GET /wp-admin/admin-ajax.php?action=updraft_ajax&subaction=activejobs_list&nonce=877f3c5f36&downloaders= HTTP/1.0" 400 929 "https://premiumgebaeude.inglory.de/wp-admin/options-general.php?page=updraftplus" "Mozilla/5.0 (Macintosh; Intel Mac OS X 10_15_7) AppleWebKit/537.36 (KHTML, like Gecko) Chrome/128.0.0.0 Safari/537.36"
94.130.90.54 - - [20/Sep/2024:23:32:50 +0200] "POST /wp-cron.php?doing_wp_cron=1726867970.2644779682159423828125 HTTP/1.0" 200 839 "-" "WordPress/6.6.2; https://premiumgebaeude.inglory.de"
79.216.230.28 - - [20/Sep/2024:23:32:49 +0200] "GET /wp-admin/admin-ajax.php?action=updraft_ajax&subaction=activejobs_list&nonce=877f3c5f36&downloaders= HTTP/1.0" 400 929 "https://premiumgebaeude.inglory.de/wp-admin/options-general.php?page=updraftplus" "Mozilla/5.0 (Macintosh; Intel Mac OS X 10_15_7) AppleWebKit/537.36 (KHTML, like Gecko) Chrome/128.0.0.0 Safari/537.36"
79.216.230.28 - - [20/Sep/2024:23:32:58 +0200] "GET /wp-admin/admin-ajax.php?action=updraft_ajax&subaction=activejobs_list&nonce=877f3c5f36&downloaders= HTTP/1.0" 400 929 "https://premiumgebaeude.inglory.de/wp-admin/options-general.php?page=updraftplus" "Mozilla/5.0 (Macintosh; Intel Mac OS X 10_15_7) AppleWebKit/537.36 (KHTML, like Gecko) Chrome/128.0.0.0 Safari/537.36"
94.130.90.54 - - [20/Sep/2024:23:33:55 +0200] "POST /wp-cron.php?doing_wp_cron=1726868035.3181920051574707031250 HTTP/1.0" 200 839 "-" "WordPress/6.6.2; https://premiumgebaeude.inglory.de"
79.216.230.28 - - [20/Sep/2024:23:33:54 +0200] "POST /wp-admin/admin-ajax.php HTTP/1.0" 200 1079 "https://premiumgebaeude.inglory.de/wp-admin/options-general.php?page=updraftplus" "Mozilla/5.0 (Macintosh; Intel Mac OS X 10_15_7) AppleWebKit/537.36 (KHTML, like Gecko) Chrome/128.0.0.0 Safari/537.36"
79.216.230.28 - - [20/Sep/2024:23:33:58 +0200] "POST /wp-admin/admin-ajax.php HTTP/1.0" 400 1034 "https://premiumgebaeude.inglory.de/wp-admin/options-general.php?page=updraftplus" "Mozilla/5.0 (Macintosh; Intel Mac OS X 10_15_7) AppleWebKit/537.36 (KHTML, like Gecko) Chrome/128.0.0.0 Safari/537.36"
79.216.230.28 - - [20/Sep/2024:23:33:58 +0200] "GET /wp-admin/admin-ajax.php?action=updraft_ajax&subaction=activejobs_list&nonce=877f3c5f36&downloaders= HTTP/1.0" 400 929 "https://premiumgebaeude.inglory.de/wp-admin/options-general.php?page=updraftplus" "Mozilla/5.0 (Macintosh; Intel Mac OS X 10_15_7) AppleWebKit/537.36 (KHTML, like Gecko) Chrome/128.0.0.0 Safari/537.36"
94.130.90.54 - - [20/Sep/2024:23:34:59 +0200] "POST /wp-cron.php?doing_wp_cron=1726868099.3404929637908935546875 HTTP/1.0" 200 839 "-" "WordPress/6.6.2; https://premiumgebaeude.inglory.de"
79.216.230.28 - - [20/Sep/2024:23:34:58 +0200] "GET /wp-admin/admin-ajax.php?action=updraft_ajax&subaction=activejobs_list&nonce=877f3c5f36&downloaders= HTTP/1.0" 400 929 "https://premiumgebaeude.inglory.de/wp-admin/options-general.php?page=updraftplus" "Mozilla/5.0 (Macintosh; Intel Mac OS X 10_15_7) AppleWebKit/537.36 (KHTML, like Gecko) Chrome/128.0.0.0 Safari/537.36"
79.216.230.28 - - [20/Sep/2024:23:34:58 +0200] "POST /wp-admin/admin-ajax.php HTTP/1.0" 400 1034 "https://premiumgebaeude.inglory.de/wp-admin/options-general.php?page=updraftplus" "Mozilla/5.0 (Macintosh; Intel Mac OS X 10_15_7) AppleWebKit/537.36 (KHTML, like Gecko) Chrome/128.0.0.0 Safari/537.36"
94.130.90.54 - - [20/Sep/2024:23:35:56 +0200] "POST /wp-cron.php?doing_wp_cron=1726868156.3441519737243652343750 HTTP/1.0" 200 839 "-" "WordPress/6.6.2; https://premiumgebaeude.inglory.de"
79.216.230.28 - - [20/Sep/2024:23:35:55 +0200] "POST /wp-admin/admin-ajax.php HTTP/1.0" 200 1079 "https://premiumgebaeude.inglory.de/wp-admin/options-general.php?page=updraftplus" "Mozilla/5.0 (Macintosh; Intel Mac OS X 10_15_7) AppleWebKit/537.36 (KHTML, like Gecko) Chrome/128.0.0.0 Safari/537.36"
79.216.230.28 - - [20/Sep/2024:23:35:58 +0200] "POST /wp-admin/admin-ajax.php HTTP/1.0" 400 1034 "https://premiumgebaeude.inglory.de/wp-admin/options-general.php?page=updraftplus" "Mozilla/5.0 (Macintosh; Intel Mac OS X 10_15_7) AppleWebKit/537.36 (KHTML, like Gecko) Chrome/128.0.0.0 Safari/537.36"
79.216.230.28 - - [20/Sep/2024:23:35:58 +0200] "GET /wp-admin/admin-ajax.php?action=updraft_ajax&subaction=activejobs_list&nonce=877f3c5f36&downloaders= HTTP/1.0" 400 929 "https://premiumgebaeude.inglory.de/wp-admin/options-general.php?page=updraftplus" "Mozilla/5.0 (Macintosh; Intel Mac OS X 10_15_7) AppleWebKit/537.36 (KHTML, like Gecko) Chrome/128.0.0.0 Safari/537.36"
79.216.230.28 - - [20/Sep/2024:23:36:47 +0200] "GET /wp-admin/admin-ajax.php?action=updraft_ajax&subaction=activejobs_list&nonce=877f3c5f36&downloaders= HTTP/1.0" 400 929 "https://premiumgebaeude.inglory.de/wp-admin/options-general.php?page=updraftplus" "Mozilla/5.0 (Macintosh; Intel Mac OS X 10_15_7) AppleWebKit/537.36 (KHTML, like Gecko) Chrome/128.0.0.0 Safari/537.36"
79.216.230.28 - - [20/Sep/2024:23:36:47 +0200] "POST /wp-admin/admin-ajax.php HTTP/1.0" 400 1034 "https://premiumgebaeude.inglory.de/wp-admin/options-general.php?page=updraftplus" "Mozilla/5.0 (Macintosh; Intel Mac OS X 10_15_7) AppleWebKit/537.36 (KHTML, like Gecko) Chrome/128.0.0.0 Safari/537.36"
94.130.90.54 - - [20/Sep/2024:23:36:54 +0200] "POST /wp-cron.php?doing_wp_cron=1726868214.2787740230560302734375 HTTP/1.0" 200 839 "-" "WordPress/6.6.2; https://premiumgebaeude.inglory.de"
79.216.230.28 - - [20/Sep/2024:23:36:53 +0200] "GET /wp-admin/admin-ajax.php?action=updraft_ajax&subaction=activejobs_list&nonce=877f3c5f36&downloaders= HTTP/1.0" 400 929 "https://premiumgebaeude.inglory.de/wp-admin/options-general.php?page=updraftplus" "Mozilla/5.0 (Macintosh; Intel Mac OS X 10_15_7) AppleWebKit/537.36 (KHTML, like Gecko) Chrome/128.0.0.0 Safari/537.36"
79.216.230.28 - - [20/Sep/2024:23:36:57 +0200] "POST /wp-admin/admin-ajax.php HTTP/1.0" 200 1079 "https://premiumgebaeude.inglory.de/wp-admin/options-general.php?page=updraftplus" "Mozilla/5.0 (Macintosh; Intel Mac OS X 10_15_7) AppleWebKit/537.36 (KHTML, like Gecko) Chrome/128.0.0.0 Safari/537.36"
79.216.230.28 - - [20/Sep/2024:23:37:02 +0200] "GET /wp-admin/admin-ajax.php?action=updraft_ajax&subaction=activejobs_list&nonce=877f3c5f36&downloaders= HTTP/1.0" 400 929 "https://premiumgebaeude.inglory.de/wp-admin/options-general.php?page=updraftplus" "Mozilla/5.0 (Macintosh; Intel Mac OS X 10_15_7) AppleWebKit/537.36 (KHTML, like Gecko) Chrome/128.0.0.0 Safari/537.36"
79.216.230.28 - - [20/Sep/2024:23:37:06 +0200] "POST /wp-admin/admin-ajax.php HTTP/1.0" 400 1034 "https://premiumgebaeude.inglory.de/wp-admin/options-general.php?page=updraftplus" "Mozilla/5.0 (Macintosh; Intel Mac OS X 10_15_7) AppleWebKit/537.36 (KHTML, like Gecko) Chrome/128.0.0.0 Safari/537.36"
79.216.230.28 - - [20/Sep/2024:23:37:08 +0200] "GET /wp-admin/admin-ajax.php?action=updraft_ajax&subaction=activejobs_list&nonce=877f3c5f36&downloaders= HTTP/1.0" 400 929 "https://premiumgebaeude.inglory.de/wp-admin/options-general.php?page=updraftplus" "Mozilla/5.0 (Macintosh; Intel Mac OS X 10_15_7) AppleWebKit/537.36 (KHTML, like Gecko) Chrome/128.0.0.0 Safari/537.36"
79.216.230.28 - - [20/Sep/2024:23:37:14 +0200] "GET /wp-admin/admin-ajax.php?action=updraft_ajax&subaction=activejobs_list&nonce=877f3c5f36&downloaders= HTTP/1.0" 400 929 "https://premiumgebaeude.inglory.de/wp-admin/options-general.php?page=updraftplus" "Mozilla/5.0 (Macintosh; Intel Mac OS X 10_15_7) AppleWebKit/537.36 (KHTML, like Gecko) Chrome/128.0.0.0 Safari/537.36"
79.216.230.28 - - [20/Sep/2024:23:37:21 +0200] "GET /wp-admin/admin-ajax.php?action=updraft_ajax&subaction=activejobs_list&nonce=877f3c5f36&downloaders= HTTP/1.0" 400 929 "https://premiumgebaeude.inglory.de/wp-admin/options-general.php?page=updraftplus" "Mozilla/5.0 (Macintosh; Intel Mac OS X 10_15_7) AppleWebKit/537.36 (KHTML, like Gecko) Chrome/128.0.0.0 Safari/537.36"
79.216.230.28 - - [20/Sep/2024:23:37:27 +0200] "GET /wp-admin/admin-ajax.php?action=updraft_ajax&subaction=activejobs_list&nonce=877f3c5f36&downloaders= HTTP/1.0" 400 929 "https://premiumgebaeude.inglory.de/wp-admin/options-general.php?page=updraftplus" "Mozilla/5.0 (Macintosh; Intel Mac OS X 10_15_7) AppleWebKit/537.36 (KHTML, like Gecko) Chrome/128.0.0.0 Safari/537.36"
79.216.230.28 - - [20/Sep/2024:23:37:33 +0200] "GET /wp-admin/admin-ajax.php?action=updraft_ajax&subaction=activejobs_list&nonce=877f3c5f36&downloaders= HTTP/1.0" 400 929 "https://premiumgebaeude.inglory.de/wp-admin/options-general.php?page=updraftplus" "Mozilla/5.0 (Macintosh; Intel Mac OS X 10_15_7) AppleWebKit/537.36 (KHTML, like Gecko) Chrome/128.0.0.0 Safari/537.36"
79.216.230.28 - - [20/Sep/2024:23:37:36 +0200] "POST /wp-admin/admin-ajax.php HTTP/1.0" 400 1034 "https://premiumgebaeude.inglory.de/wp-admin/options-general.php?page=updraftplus" "Mozilla/5.0 (Macintosh; Intel Mac OS X 10_15_7) AppleWebKit/537.36 (KHTML, like Gecko) Chrome/128.0.0.0 Safari/537.36"
79.216.230.28 - - [20/Sep/2024:23:37:39 +0200] "GET /wp-admin/admin-ajax.php?action=updraft_ajax&subaction=activejobs_list&nonce=877f3c5f36&downloaders= HTTP/1.0" 400 929 "https://premiumgebaeude.inglory.de/wp-admin/options-general.php?page=updraftplus" "Mozilla/5.0 (Macintosh; Intel Mac OS X 10_15_7) AppleWebKit/537.36 (KHTML, like Gecko) Chrome/128.0.0.0 Safari/537.36"
79.216.230.28 - - [20/Sep/2024:23:37:46 +0200] "GET /wp-admin/admin-ajax.php?action=updraft_ajax&subaction=activejobs_list&nonce=877f3c5f36&downloaders= HTTP/1.0" 400 929 "https://premiumgebaeude.inglory.de/wp-admin/options-general.php?page=updraftplus" "Mozilla/5.0 (Macintosh; Intel Mac OS X 10_15_7) AppleWebKit/537.36 (KHTML, like Gecko) Chrome/128.0.0.0 Safari/537.36"
94.130.90.54 - - [20/Sep/2024:23:37:59 +0200] "POST /wp-cron.php?doing_wp_cron=1726868279.2599420547485351562500 HTTP/1.0" 200 839 "-" "WordPress/6.6.2; https://premiumgebaeude.inglory.de"
79.216.230.28 - - [20/Sep/2024:23:37:58 +0200] "GET /wp-admin/admin-ajax.php?action=updraft_ajax&subaction=activejobs_list&nonce=877f3c5f36&downloaders= HTTP/1.0" 400 929 "https://premiumgebaeude.inglory.de/wp-admin/options-general.php?page=updraftplus" "Mozilla/5.0 (Macintosh; Intel Mac OS X 10_15_7) AppleWebKit/537.36 (KHTML, like Gecko) Chrome/128.0.0.0 Safari/537.36"
94.130.90.54 - - [20/Sep/2024:23:38:59 +0200] "POST /wp-cron.php?doing_wp_cron=1726868339.3373401165008544921875 HTTP/1.0" 200 839 "-" "WordPress/6.6.2; https://premiumgebaeude.inglory.de"
79.216.230.28 - - [20/Sep/2024:23:38:58 +0200] "GET /wp-admin/admin-ajax.php?action=updraft_ajax&subaction=activejobs_list&nonce=877f3c5f36&downloaders= HTTP/1.0" 400 929 "https://premiumgebaeude.inglory.de/wp-admin/options-general.php?page=updraftplus" "Mozilla/5.0 (Macintosh; Intel Mac OS X 10_15_7) AppleWebKit/537.36 (KHTML, like Gecko) Chrome/128.0.0.0 Safari/537.36"
94.130.90.54 - - [20/Sep/2024:23:38:59 +0200] "POST /wp-cron.php?doing_wp_cron=1726868339.3373320102691650390625 HTTP/1.0" 200 2288 "-" "WordPress/6.6.2; https://premiumgebaeude.inglory.de"
79.216.230.28 - - [20/Sep/2024:23:38:58 +0200] "POST /wp-admin/admin-ajax.php HTTP/1.0" 400 1034 "https://premiumgebaeude.inglory.de/wp-admin/options-general.php?page=updraftplus" "Mozilla/5.0 (Macintosh; Intel Mac OS X 10_15_7) AppleWebKit/537.36 (KHTML, like Gecko) Chrome/128.0.0.0 Safari/537.36"
79.216.230.28 - - [20/Sep/2024:23:38:58 +0200] "POST /wp-admin/admin-ajax.php HTTP/1.0" 200 1079 "https://premiumgebaeude.inglory.de/wp-admin/options-general.php?page=updraftplus" "Mozilla/5.0 (Macintosh; Intel Mac OS X 10_15_7) AppleWebKit/537.36 (KHTML, like Gecko) Chrome/128.0.0.0 Safari/537.36"
79.216.230.28 - - [20/Sep/2024:23:39:04 +0200] "GET /wp-admin/admin-ajax.php?action=updraft_ajax&subaction=activejobs_list&nonce=877f3c5f36&downloaders= HTTP/1.0" 400 929 "https://premiumgebaeude.inglory.de/wp-admin/options-general.php?page=updraftplus" "Mozilla/5.0 (Macintosh; Intel Mac OS X 10_15_7) AppleWebKit/537.36 (KHTML, like Gecko) Chrome/128.0.0.0 Safari/537.36"
79.216.230.28 - - [20/Sep/2024:23:39:05 +0200] "POST /wp-admin/admin-ajax.php HTTP/1.0" 400 1034 "https://premiumgebaeude.inglory.de/wp-admin/options-general.php?page=updraftplus" "Mozilla/5.0 (Macintosh; Intel Mac OS X 10_15_7) AppleWebKit/537.36 (KHTML, like Gecko) Chrome/128.0.0.0 Safari/537.36"
79.216.230.28 - - [20/Sep/2024:23:39:11 +0200] "GET /wp-admin/admin-ajax.php?action=updraft_ajax&subaction=activejobs_list&nonce=877f3c5f36&downloaders= HTTP/1.0" 400 929 "https://premiumgebaeude.inglory.de/wp-admin/options-general.php?page=updraftplus" "Mozilla/5.0 (Macintosh; Intel Mac OS X 10_15_7) AppleWebKit/537.36 (KHTML, like Gecko) Chrome/128.0.0.0 Safari/537.36"
79.216.230.28 - - [20/Sep/2024:23:39:17 +0200] "GET /wp-admin/admin-ajax.php?action=updraft_ajax&subaction=activejobs_list&nonce=877f3c5f36&downloaders= HTTP/1.0" 400 929 "https://premiumgebaeude.inglory.de/wp-admin/options-general.php?page=updraftplus" "Mozilla/5.0 (Macintosh; Intel Mac OS X 10_15_7) AppleWebKit/537.36 (KHTML, like Gecko) Chrome/128.0.0.0 Safari/537.36"
79.216.230.28 - - [20/Sep/2024:23:39:23 +0200] "GET /wp-admin/admin-ajax.php?action=updraft_ajax&subaction=activejobs_list&nonce=877f3c5f36&downloaders= HTTP/1.0" 400 929 "https://premiumgebaeude.inglory.de/wp-admin/options-general.php?page=updraftplus" "Mozilla/5.0 (Macintosh; Intel Mac OS X 10_15_7) AppleWebKit/537.36 (KHTML, like Gecko) Chrome/128.0.0.0 Safari/537.36"
79.216.230.28 - - [20/Sep/2024:23:39:29 +0200] "GET /wp-admin/admin-ajax.php?action=updraft_ajax&subaction=activejobs_list&nonce=877f3c5f36&downloaders= HTTP/1.0" 400 929 "https://premiumgebaeude.inglory.de/wp-admin/options-general.php?page=updraftplus" "Mozilla/5.0 (Macintosh; Intel Mac OS X 10_15_7) AppleWebKit/537.36 (KHTML, like Gecko) Chrome/128.0.0.0 Safari/537.36"
79.216.230.28 - - [20/Sep/2024:23:39:36 +0200] "GET /wp-admin/admin-ajax.php?action=updraft_ajax&subaction=activejobs_list&nonce=877f3c5f36&downloaders= HTTP/1.0" 400 929 "https://premiumgebaeude.inglory.de/wp-admin/options-general.php?page=updraftplus" "Mozilla/5.0 (Macintosh; Intel Mac OS X 10_15_7) AppleWebKit/537.36 (KHTML, like Gecko) Chrome/128.0.0.0 Safari/537.36"
79.216.230.28 - - [20/Sep/2024:23:39:36 +0200] "POST /wp-admin/admin-ajax.php HTTP/1.0" 400 1034 "https://premiumgebaeude.inglory.de/wp-admin/options-general.php?page=updraftplus" "Mozilla/5.0 (Macintosh; Intel Mac OS X 10_15_7) AppleWebKit/537.36 (KHTML, like Gecko) Chrome/128.0.0.0 Safari/537.36"
79.216.230.28 - - [20/Sep/2024:23:39:42 +0200] "GET /wp-admin/admin-ajax.php?action=updraft_ajax&subaction=activejobs_list&nonce=877f3c5f36&downloaders= HTTP/1.0" 400 929 "https://premiumgebaeude.inglory.de/wp-admin/options-general.php?page=updraftplus" "Mozilla/5.0 (Macintosh; Intel Mac OS X 10_15_7) AppleWebKit/537.36 (KHTML, like Gecko) Chrome/128.0.0.0 Safari/537.36"
94.130.90.54 - - [21/Sep/2024:01:20:10 +0200] "GET /wp-includes/js/dist/hooks.min.js?ver=2810c76e705dd1a53b18 HTTP/1.1" 304 3412 "https://premiumgebaeude.inglory.de/" "Serf/1.3.9 (mod_pagespeed/1.13.35.2-0)"
94.130.90.54 - - [21/Sep/2024:01:20:10 +0200] "GET /wp-includes/js/dist/i18n.min.js?ver=5e580eb46a90c2b997e6 HTTP/1.1" 304 3412 "https://premiumgebaeude.inglory.de/" "Serf/1.3.9 (mod_pagespeed/1.13.35.2-0)"
64.15.129.109 - - [21/Sep/2024:01:20:10 +0200] "GET / HTTP/1.0" 200 106539 "-" "Mozilla/5.0 (Windows NT 10.0; Win64; x64) AppleWebKit/537.36 (KHTML, like Gecko) Chrome/128.0.0.0 Safari/537.36"
94.130.90.54 - - [21/Sep/2024:01:20:10 +0200] "GET /wp-content/cache/autoptimize/js/autoptimize_ed47aa42a2bceef2e9423c3a6f1d849e.js HTTP/1.1" 304 3447 "https://premiumgebaeude.inglory.de/" "Serf/1.3.9 (mod_pagespeed/1.13.35.2-0)"
94.130.90.54 - - [21/Sep/2024:01:20:10 +0200] "GET /wp-content/uploads/2023/08/unterhaltsreinigung.jpg HTTP/1.1" 304 3413 "https://premiumgebaeude.inglory.de/" "Serf/1.3.9 (mod_pagespeed/1.13.35.2-0)"
94.130.90.54 - - [21/Sep/2024:01:20:10 +0200] "GET /wp-content/uploads/2023/08/unterhaltsreinigung.jpg HTTP/1.1" 304 3413 "https://premiumgebaeude.inglory.de/" "Serf/1.3.9 (mod_pagespeed/1.13.35.2-0)"
94.130.90.54 - - [21/Sep/2024:01:20:10 +0200] "GET /wp-content/uploads/2023/08/unterhaltsreinigung-300x187.jpg HTTP/1.1" 304 3412 "https://premiumgebaeude.inglory.de/" "Serf/1.3.9 (mod_pagespeed/1.13.35.2-0)"
94.130.90.54 - - [21/Sep/2024:01:20:10 +0200] "GET /wp-content/uploads/2023/08/unterhaltsreinigung-768x480.jpg HTTP/1.1" 304 3412 "https://premiumgebaeude.inglory.de/" "Serf/1.3.9 (mod_pagespeed/1.13.35.2-0)"
94.130.90.54 - - [21/Sep/2024:01:20:10 +0200] "GET /wp-content/uploads/2023/08/fensterreinigung-premium.jpg HTTP/1.1" 304 3413 "https://premiumgebaeude.inglory.de/" "Serf/1.3.9 (mod_pagespeed/1.13.35.2-0)"
94.130.90.54 - - [21/Sep/2024:01:20:10 +0200] "GET /wp-content/uploads/2023/08/fensterreinigung-premium.jpg HTTP/1.1" 304 3413 "https://premiumgebaeude.inglory.de/" "Serf/1.3.9 (mod_pagespeed/1.13.35.2-0)"
94.130.90.54 - - [21/Sep/2024:01:20:10 +0200] "GET /wp-content/uploads/2023/08/fensterreinigung-premium-300x188.jpg HTTP/1.1" 304 3412 "https://premiumgebaeude.inglory.de/" "Serf/1.3.9 (mod_pagespeed/1.13.35.2-0)"
94.130.90.54 - - [21/Sep/2024:01:20:10 +0200] "GET /wp-content/uploads/2023/08/fensterreinigung-premium-768x480.jpg HTTP/1.1" 304 3412 "https://premiumgebaeude.inglory.de/" "Serf/1.3.9 (mod_pagespeed/1.13.35.2-0)"
94.130.90.54 - - [21/Sep/2024:01:20:10 +0200] "GET /wp-content/uploads/2022/12/Baureinigung2-1.jpg HTTP/1.1" 200 39681 "https://premiumgebaeude.inglory.de/" "Serf/1.3.9 (mod_pagespeed/1.13.35.2-0)"
94.130.90.54 - - [21/Sep/2024:01:20:10 +0200] "GET /wp-content/uploads/2022/12/Baureinigung2-1.jpg HTTP/1.1" 200 39681 "https://premiumgebaeude.inglory.de/" "Serf/1.3.9 (mod_pagespeed/1.13.35.2-0)"
94.130.90.54 - - [21/Sep/2024:01:20:10 +0200] "GET /wp-content/uploads/2022/12/Baureinigung2-1-300x188.jpg HTTP/1.1" 200 15882 "https://premiumgebaeude.inglory.de/" "Serf/1.3.9 (mod_pagespeed/1.13.35.2-0)"
94.130.90.54 - - [21/Sep/2024:01:20:10 +0200] "GET /wp-content/uploads/2022/12/Pflege-der-aussenanlage2.jpg HTTP/1.1" 200 246878 "https://premiumgebaeude.inglory.de/" "Serf/1.3.9 (mod_pagespeed/1.13.35.2-0)"
94.130.90.54 - - [21/Sep/2024:01:20:10 +0200] "GET /wp-content/uploads/2022/12/Pflege-der-aussenanlage2.jpg HTTP/1.1" 200 246878 "https://premiumgebaeude.inglory.de/" "Serf/1.3.9 (mod_pagespeed/1.13.35.2-0)"
94.130.90.54 - - [21/Sep/2024:01:20:10 +0200] "GET /wp-content/uploads/2022/12/Pflege-der-aussenanlage2-300x188.jpg HTTP/1.1" 304 3412 "https://premiumgebaeude.inglory.de/" "Serf/1.3.9 (mod_pagespeed/1.13.35.2-0)"
94.130.90.54 - - [21/Sep/2024:01:20:10 +0200] "GET /wp-content/uploads/2023/08/bueroreinigung.jpg HTTP/1.1" 304 3413 "https://premiumgebaeude.inglory.de/" "Serf/1.3.9 (mod_pagespeed/1.13.35.2-0)"
94.130.90.54 - - [21/Sep/2024:01:20:10 +0200] "GET /wp-content/uploads/2023/08/bueroreinigung.jpg HTTP/1.1" 304 3413 "https://premiumgebaeude.inglory.de/" "Serf/1.3.9 (mod_pagespeed/1.13.35.2-0)"
94.130.90.54 - - [21/Sep/2024:01:20:10 +0200] "GET /wp-content/uploads/2023/08/bueroreinigung-300x188.jpg HTTP/1.1" 304 3412 "https://premiumgebaeude.inglory.de/" "Serf/1.3.9 (mod_pagespeed/1.13.35.2-0)"
94.130.90.54 - - [21/Sep/2024:01:20:10 +0200] "GET /wp-content/uploads/2023/08/bueroreinigung-768x480.jpg HTTP/1.1" 304 3412 "https://premiumgebaeude.inglory.de/" "Serf/1.3.9 (mod_pagespeed/1.13.35.2-0)"
94.130.90.54 - - [21/Sep/2024:01:20:10 +0200] "GET /wp-content/uploads/2022/12/Gebaeudereinigung2.jpg HTTP/1.1" 304 3413 "https://premiumgebaeude.inglory.de/" "Serf/1.3.9 (mod_pagespeed/1.13.35.2-0)"
94.130.90.54 - - [21/Sep/2024:01:20:10 +0200] "GET /wp-content/uploads/2022/12/Gebaeudereinigung2.jpg HTTP/1.1" 304 3413 "https://premiumgebaeude.inglory.de/" "Serf/1.3.9 (mod_pagespeed/1.13.35.2-0)"
94.130.90.54 - - [21/Sep/2024:01:20:10 +0200] "GET /wp-content/uploads/2022/12/Gebaeudereinigung2-300x188.jpg HTTP/1.1" 304 3412 "https://premiumgebaeude.inglory.de/" "Serf/1.3.9 (mod_pagespeed/1.13.35.2-0)"
94.130.90.54 - - [21/Sep/2024:01:20:10 +0200] "GET /wp-content/uploads/2023/01/logo-element-si.png HTTP/1.1" 304 3412 "https://premiumgebaeude.inglory.de/" "Serf/1.3.9 (mod_pagespeed/1.13.35.2-0)"
94.130.90.54 - - [21/Sep/2024:01:20:10 +0200] "GET /wp-content/cache/wpfc-minified/d7x32rar/fq1uh.css HTTP/1.1" 304 3414 "https://premiumgebaeude.inglory.de/" "Serf/1.3.9 (mod_pagespeed/1.13.35.2-0)"
94.130.90.54 - - [21/Sep/2024:01:20:10 +0200] "GET /wp-content/cache/wpfc-minified/7j731bze/fq1uh.js HTTP/1.1" 304 3413 "https://premiumgebaeude.inglory.de/" "Serf/1.3.9 (mod_pagespeed/1.13.35.2-0)"
94.130.90.54 - - [21/Sep/2024:01:20:10 +0200] "GET /wp-content/uploads/2022/12/cropped-premium-favicon-32x32.webp HTTP/1.1" 200 6964 "https://premiumgebaeude.inglory.de/" "Serf/1.3.9 (mod_pagespeed/1.13.35.2-0)"
94.130.90.54 - - [21/Sep/2024:01:20:10 +0200] "GET /wp-content/uploads/2022/12/cropped-premium-favicon-192x192.webp HTTP/1.1" 200 7416 "https://premiumgebaeude.inglory.de/" "Serf/1.3.9 (mod_pagespeed/1.13.35.2-0)"
94.130.90.54 - - [21/Sep/2024:01:20:10 +0200] "GET /wp-content/uploads/2022/12/cropped-premium-favicon-180x180.webp HTTP/1.1" 200 7370 "https://premiumgebaeude.inglory.de/" "Serf/1.3.9 (mod_pagespeed/1.13.35.2-0)"
94.130.90.54 - - [21/Sep/2024:01:20:10 +0200] "GET /wp-content/uploads/2022/12/premium-logo-w-184x51.webp HTTP/1.1" 200 9563 "https://premiumgebaeude.inglory.de/" "Serf/1.3.9 (mod_pagespeed/1.13.35.2-0)"
94.130.90.54 - - [21/Sep/2024:01:20:10 +0200] "GET /wp-content/uploads/2022/12/premium-logo-w-184x51.webp HTTP/1.1" 200 9563 "https://premiumgebaeude.inglory.de/" "Serf/1.3.9 (mod_pagespeed/1.13.35.2-0)"
94.130.90.54 - - [21/Sep/2024:01:20:10 +0200] "GET /wp-content/uploads/2022/12/premium-logo-w-300x83.webp HTTP/1.1" 200 11189 "https://premiumgebaeude.inglory.de/" "Serf/1.3.9 (mod_pagespeed/1.13.35.2-0)"
94.130.90.54 - - [21/Sep/2024:01:20:10 +0200] "GET /wp-content/uploads/2022/12/premium-logo-w-1024x282.webp HTTP/1.1" 200 22805 "https://premiumgebaeude.inglory.de/" "Serf/1.3.9 (mod_pagespeed/1.13.35.2-0)"
94.130.90.54 - - [21/Sep/2024:01:20:10 +0200] "GET /wp-content/uploads/2022/12/premium-logo-w-768x212.webp HTTP/1.1" 200 18926 "https://premiumgebaeude.inglory.de/" "Serf/1.3.9 (mod_pagespeed/1.13.35.2-0)"
94.130.90.54 - - [21/Sep/2024:01:20:10 +0200] "GET /wp-content/uploads/2022/12/premium-logo-w-1536x423.webp HTTP/1.1" 200 32185 "https://premiumgebaeude.inglory.de/" "Serf/1.3.9 (mod_pagespeed/1.13.35.2-0)"
94.130.90.54 - - [21/Sep/2024:01:20:10 +0200] "GET /wp-content/uploads/2022/12/premium-logo-w.webp HTTP/1.1" 200 19838 "https://premiumgebaeude.inglory.de/" "Serf/1.3.9 (mod_pagespeed/1.13.35.2-0)"
94.130.90.54 - - [21/Sep/2024:01:20:10 +0200] "GET /wp-content/uploads/2022/12/premium-logo-s-300x83.webp HTTP/1.1" 200 11185 "https://premiumgebaeude.inglory.de/" "Serf/1.3.9 (mod_pagespeed/1.13.35.2-0)"
94.130.90.54 - - [21/Sep/2024:01:20:10 +0200] "GET /wp-content/uploads/2022/12/Gebaeudereinigung-kassel-scaled.jpeg HTTP/1.1" 304 3413 "https://premiumgebaeude.inglory.de/" "Serf/1.3.9 (mod_pagespeed/1.13.35.2-0)"
94.130.90.54 - - [21/Sep/2024:01:20:11 +0200] "POST /wp-cron.php?doing_wp_cron=1726874411.4059329032897949218750 HTTP/1.0" 200 839 "-" "WordPress/6.6.2; https://premiumgebaeude.inglory.de"
94.130.90.54 - - [21/Sep/2024:01:20:10 +0200] "GET /wp-content/plugins/wpforms-lite/assets/pro/images/times-solid-white.svg HTTP/1.1" 404 64887 "https://premiumgebaeude.inglory.de/" "Serf/1.3.9 (mod_pagespeed/1.13.35.2-0)"
64.15.129.117 - - [21/Sep/2024:01:20:12 +0200] "GET / HTTP/1.0" 200 102042 "-" "Mozilla/5.0 (Windows NT 10.0; Win64; x64) AppleWebKit/537.36 (KHTML, like Gecko) Chrome/128.0.0.0 Safari/537.36"
192.175.111.251 - - [21/Sep/2024:01:20:13 +0200] "GET /favicon.ico HTTP/1.0" 302 954 "-" "Mozilla/5.0 (Windows NT 10.0; Win64; x64) AppleWebKit/537.36 (KHTML, like Gecko) Chrome/128.0.0.0 Safari/537.36"
192.175.111.251 - - [21/Sep/2024:01:20:14 +0200] "GET /wp-content/uploads/2022/12/cropped-premium-favicon-32x32.webp HTTP/1.0" 200 4208 "-" "Mozilla/5.0 (Windows NT 10.0; Win64; x64) AppleWebKit/537.36 (KHTML, like Gecko) Chrome/128.0.0.0 Safari/537.36"
64.15.129.125 - - [21/Sep/2024:01:20:14 +0200] "GET /wp-content/uploads/2022/12/cropped-premium-favicon-32x32.webp HTTP/1.0" 200 4208 "-" "Mozilla/5.0 (Windows NT 10.0; Win64; x64) AppleWebKit/537.36 (KHTML, like Gecko) Chrome/128.0.0.0 Safari/537.36"
64.15.129.105 - - [21/Sep/2024:01:20:14 +0200] "GET /wp-content/uploads/2022/12/cropped-premium-favicon-192x192.webp HTTP/1.0" 200 4660 "-" "Mozilla/5.0 (Windows NT 10.0; Win64; x64) AppleWebKit/537.36 (KHTML, like Gecko) Chrome/128.0.0.0 Safari/537.36"
192.175.111.245 - - [21/Sep/2024:01:20:15 +0200] "GET /wp-content/uploads/2022/12/cropped-premium-favicon-180x180.webp HTTP/1.0" 200 4614 "-" "Mozilla/5.0 (Windows NT 10.0; Win64; x64) AppleWebKit/537.36 (KHTML, like Gecko) Chrome/128.0.0.0 Safari/537.36"
192.175.111.238 - - [21/Sep/2024:01:20:16 +0200] "GET / HTTP/1.0" 200 107444 "-" "Mozilla/5.0 (Windows NT 10.0; Win64; x64) AppleWebKit/537.36 (KHTML, like Gecko) Chrome/128.0.0.0 Safari/537.36"
192.175.111.231 - - [21/Sep/2024:01:20:17 +0200] "GET / HTTP/1.0" 200 102042 "-" "Mozilla/5.0 (Windows NT 10.0; Win64; x64) AppleWebKit/537.36 (KHTML, like Gecko) Chrome/128.0.0.0 Safari/537.36"
94.130.90.54 - - [21/Sep/2024:01:26:34 +0200] "GET /wp-includes/js/dist/hooks.min.js?ver=2810c76e705dd1a53b18 HTTP/1.1" 304 3412 "https://premiumgebaeude.inglory.de/" "Serf/1.3.9 (mod_pagespeed/1.13.35.2-0)"
84.19.175.165 - - [21/Sep/2024:01:26:34 +0200] "GET / HTTP/1.0" 200 18871 "-" "Mozilla/5.0 (X11; Linux x86_64) AppleWebKit/537.36 (KHTML, like Gecko) Chrome/129.0.0.0 Safari/537.36"
94.130.90.54 - - [21/Sep/2024:01:26:34 +0200] "GET /wp-includes/js/dist/i18n.min.js?ver=5e580eb46a90c2b997e6 HTTP/1.1" 304 3412 "https://premiumgebaeude.inglory.de/" "Serf/1.3.9 (mod_pagespeed/1.13.35.2-0)"
94.130.90.54 - - [21/Sep/2024:01:26:34 +0200] "GET /wp-content/cache/autoptimize/js/autoptimize_ed47aa42a2bceef2e9423c3a6f1d849e.js HTTP/1.1" 304 3447 "https://premiumgebaeude.inglory.de/" "Serf/1.3.9 (mod_pagespeed/1.13.35.2-0)"
94.130.90.54 - - [21/Sep/2024:01:26:34 +0200] "GET /wp-content/uploads/2023/08/unterhaltsreinigung.jpg HTTP/1.1" 304 3413 "https://premiumgebaeude.inglory.de/" "Serf/1.3.9 (mod_pagespeed/1.13.35.2-0)"
94.130.90.54 - - [21/Sep/2024:01:26:34 +0200] "GET /wp-content/uploads/2023/08/unterhaltsreinigung.jpg HTTP/1.1" 304 3413 "https://premiumgebaeude.inglory.de/" "Serf/1.3.9 (mod_pagespeed/1.13.35.2-0)"
94.130.90.54 - - [21/Sep/2024:01:26:34 +0200] "GET /wp-content/uploads/2023/08/unterhaltsreinigung-300x187.jpg HTTP/1.1" 304 3412 "https://premiumgebaeude.inglory.de/" "Serf/1.3.9 (mod_pagespeed/1.13.35.2-0)"
94.130.90.54 - - [21/Sep/2024:01:26:34 +0200] "GET /wp-content/uploads/2023/08/unterhaltsreinigung-768x480.jpg HTTP/1.1" 304 3412 "https://premiumgebaeude.inglory.de/" "Serf/1.3.9 (mod_pagespeed/1.13.35.2-0)"
94.130.90.54 - - [21/Sep/2024:01:26:34 +0200] "GET /wp-content/uploads/2023/08/fensterreinigung-premium.jpg HTTP/1.1" 304 3413 "https://premiumgebaeude.inglory.de/" "Serf/1.3.9 (mod_pagespeed/1.13.35.2-0)"
94.130.90.54 - - [21/Sep/2024:01:26:34 +0200] "GET /wp-content/uploads/2023/08/fensterreinigung-premium.jpg HTTP/1.1" 304 3413 "https://premiumgebaeude.inglory.de/" "Serf/1.3.9 (mod_pagespeed/1.13.35.2-0)"
94.130.90.54 - - [21/Sep/2024:01:26:34 +0200] "GET /wp-content/uploads/2023/08/fensterreinigung-premium-300x188.jpg HTTP/1.1" 304 3412 "https://premiumgebaeude.inglory.de/" "Serf/1.3.9 (mod_pagespeed/1.13.35.2-0)"
94.130.90.54 - - [21/Sep/2024:01:26:34 +0200] "GET /wp-content/uploads/2023/08/fensterreinigung-premium-768x480.jpg HTTP/1.1" 304 3412 "https://premiumgebaeude.inglory.de/" "Serf/1.3.9 (mod_pagespeed/1.13.35.2-0)"
94.130.90.54 - - [21/Sep/2024:01:26:34 +0200] "GET /wp-content/uploads/2022/12/Baureinigung2-1.jpg HTTP/1.1" 304 3412 "https://premiumgebaeude.inglory.de/" "Serf/1.3.9 (mod_pagespeed/1.13.35.2-0)"
94.130.90.54 - - [21/Sep/2024:01:26:34 +0200] "GET /wp-content/uploads/2022/12/Baureinigung2-1.jpg HTTP/1.1" 304 3412 "https://premiumgebaeude.inglory.de/" "Serf/1.3.9 (mod_pagespeed/1.13.35.2-0)"
94.130.90.54 - - [21/Sep/2024:01:26:34 +0200] "GET /wp-content/uploads/2022/12/Baureinigung2-1-300x188.jpg HTTP/1.1" 304 3412 "https://premiumgebaeude.inglory.de/" "Serf/1.3.9 (mod_pagespeed/1.13.35.2-0)"
94.130.90.54 - - [21/Sep/2024:01:26:34 +0200] "GET /wp-content/uploads/2022/12/Pflege-der-aussenanlage2.jpg HTTP/1.1" 304 3413 "https://premiumgebaeude.inglory.de/" "Serf/1.3.9 (mod_pagespeed/1.13.35.2-0)"
94.130.90.54 - - [21/Sep/2024:01:26:34 +0200] "GET /wp-content/uploads/2022/12/Pflege-der-aussenanlage2.jpg HTTP/1.1" 304 3413 "https://premiumgebaeude.inglory.de/" "Serf/1.3.9 (mod_pagespeed/1.13.35.2-0)"
94.130.90.54 - - [21/Sep/2024:01:26:34 +0200] "GET /wp-content/uploads/2022/12/Pflege-der-aussenanlage2-300x188.jpg HTTP/1.1" 304 3412 "https://premiumgebaeude.inglory.de/" "Serf/1.3.9 (mod_pagespeed/1.13.35.2-0)"
94.130.90.54 - - [21/Sep/2024:01:26:34 +0200] "GET /wp-content/uploads/2023/08/bueroreinigung.jpg HTTP/1.1" 304 3413 "https://premiumgebaeude.inglory.de/" "Serf/1.3.9 (mod_pagespeed/1.13.35.2-0)"
94.130.90.54 - - [21/Sep/2024:01:26:34 +0200] "GET /wp-content/uploads/2023/08/bueroreinigung.jpg HTTP/1.1" 304 3413 "https://premiumgebaeude.inglory.de/" "Serf/1.3.9 (mod_pagespeed/1.13.35.2-0)"
94.130.90.54 - - [21/Sep/2024:01:26:34 +0200] "GET /wp-content/uploads/2023/08/bueroreinigung-300x188.jpg HTTP/1.1" 304 3412 "https://premiumgebaeude.inglory.de/" "Serf/1.3.9 (mod_pagespeed/1.13.35.2-0)"
94.130.90.54 - - [21/Sep/2024:01:26:34 +0200] "GET /wp-content/uploads/2023/08/bueroreinigung-768x480.jpg HTTP/1.1" 304 3412 "https://premiumgebaeude.inglory.de/" "Serf/1.3.9 (mod_pagespeed/1.13.35.2-0)"
94.130.90.54 - - [21/Sep/2024:01:26:34 +0200] "GET /wp-content/uploads/2022/12/Gebaeudereinigung2.jpg HTTP/1.1" 304 3413 "https://premiumgebaeude.inglory.de/" "Serf/1.3.9 (mod_pagespeed/1.13.35.2-0)"
94.130.90.54 - - [21/Sep/2024:01:26:34 +0200] "GET /wp-content/uploads/2022/12/Gebaeudereinigung2.jpg HTTP/1.1" 304 3413 "https://premiumgebaeude.inglory.de/" "Serf/1.3.9 (mod_pagespeed/1.13.35.2-0)"
94.130.90.54 - - [21/Sep/2024:01:26:34 +0200] "GET /wp-content/uploads/2022/12/Gebaeudereinigung2-300x188.jpg HTTP/1.1" 304 3412 "https://premiumgebaeude.inglory.de/" "Serf/1.3.9 (mod_pagespeed/1.13.35.2-0)"
94.130.90.54 - - [21/Sep/2024:01:26:34 +0200] "GET /wp-content/cache/wpfc-minified/d7x32rar/fq1uh.css HTTP/1.1" 304 3414 "https://premiumgebaeude.inglory.de/" "Serf/1.3.9 (mod_pagespeed/1.13.35.2-0)"
94.130.90.54 - - [21/Sep/2024:01:26:34 +0200] "GET /wp-content/cache/wpfc-minified/7j731bze/fq1uh.js HTTP/1.1" 304 3413 "https://premiumgebaeude.inglory.de/" "Serf/1.3.9 (mod_pagespeed/1.13.35.2-0)"
94.130.90.54 - - [21/Sep/2024:01:26:34 +0200] "GET /wp-content/uploads/2022/12/cropped-premium-favicon-32x32.webp HTTP/1.1" 200 6964 "https://premiumgebaeude.inglory.de/" "Serf/1.3.9 (mod_pagespeed/1.13.35.2-0)"
94.130.90.54 - - [21/Sep/2024:01:26:34 +0200] "GET /wp-content/uploads/2022/12/cropped-premium-favicon-192x192.webp HTTP/1.1" 200 7416 "https://premiumgebaeude.inglory.de/" "Serf/1.3.9 (mod_pagespeed/1.13.35.2-0)"
94.130.90.54 - - [21/Sep/2024:01:26:34 +0200] "GET /wp-content/uploads/2022/12/cropped-premium-favicon-180x180.webp HTTP/1.1" 200 7370 "https://premiumgebaeude.inglory.de/" "Serf/1.3.9 (mod_pagespeed/1.13.35.2-0)"
94.130.90.54 - - [21/Sep/2024:01:26:34 +0200] "GET /wp-content/uploads/2022/12/premium-logo-w-184x51.webp HTTP/1.1" 200 9563 "https://premiumgebaeude.inglory.de/" "Serf/1.3.9 (mod_pagespeed/1.13.35.2-0)"
94.130.90.54 - - [21/Sep/2024:01:26:34 +0200] "GET /wp-content/uploads/2022/12/premium-logo-w-184x51.webp HTTP/1.1" 200 9563 "https://premiumgebaeude.inglory.de/" "Serf/1.3.9 (mod_pagespeed/1.13.35.2-0)"
94.130.90.54 - - [21/Sep/2024:01:26:34 +0200] "GET /wp-content/uploads/2022/12/premium-logo-w-300x83.webp HTTP/1.1" 200 11189 "https://premiumgebaeude.inglory.de/" "Serf/1.3.9 (mod_pagespeed/1.13.35.2-0)"
94.130.90.54 - - [21/Sep/2024:01:26:34 +0200] "GET /wp-content/uploads/2022/12/premium-logo-w-1024x282.webp HTTP/1.1" 200 22805 "https://premiumgebaeude.inglory.de/" "Serf/1.3.9 (mod_pagespeed/1.13.35.2-0)"
94.130.90.54 - - [21/Sep/2024:01:26:34 +0200] "GET /wp-content/uploads/2022/12/premium-logo-w-768x212.webp HTTP/1.1" 200 18926 "https://premiumgebaeude.inglory.de/" "Serf/1.3.9 (mod_pagespeed/1.13.35.2-0)"
94.130.90.54 - - [21/Sep/2024:01:26:34 +0200] "GET /wp-content/uploads/2022/12/premium-logo-w-1536x423.webp HTTP/1.1" 200 32185 "https://premiumgebaeude.inglory.de/" "Serf/1.3.9 (mod_pagespeed/1.13.35.2-0)"
94.130.90.54 - - [21/Sep/2024:01:26:34 +0200] "GET /wp-content/uploads/2022/12/premium-logo-w.webp HTTP/1.1" 200 19838 "https://premiumgebaeude.inglory.de/" "Serf/1.3.9 (mod_pagespeed/1.13.35.2-0)"
94.130.90.54 - - [21/Sep/2024:01:26:34 +0200] "GET /wp-content/uploads/2023/01/logo-element-si.png HTTP/1.1" 304 3412 "https://premiumgebaeude.inglory.de/" "Serf/1.3.9 (mod_pagespeed/1.13.35.2-0)"
84.19.175.165 - - [21/Sep/2024:01:26:34 +0200] "GET /wp-content/cache/wpfc-minified/7j731bze/fq1uh.js HTTP/1.0" 200 31435 "https://premiumgebaeude.inglory.de/" "Mozilla/5.0 (X11; Linux x86_64) AppleWebKit/537.36 (KHTML, like Gecko) Chrome/129.0.0.0 Safari/537.36"
94.130.90.54 - - [21/Sep/2024:01:26:34 +0200] "GET /wp-content/uploads/2022/12/premium-logo-s-300x83.webp HTTP/1.1" 200 11185 "https://premiumgebaeude.inglory.de/" "Serf/1.3.9 (mod_pagespeed/1.13.35.2-0)"
84.19.175.165 - - [21/Sep/2024:01:26:34 +0200] "GET /wp-content/cache/wpfc-minified/d7x32rar/fq1uh.css HTTP/1.0" 200 196686 "https://premiumgebaeude.inglory.de/" "Mozilla/5.0 (X11; Linux x86_64) AppleWebKit/537.36 (KHTML, like Gecko) Chrome/129.0.0.0 Safari/537.36"
84.19.175.165 - - [21/Sep/2024:01:26:34 +0200] "GET /wp-includes/js/dist/hooks.min.js?ver=2810c76e705dd1a53b18 HTTP/1.0" 200 2516 "https://premiumgebaeude.inglory.de/" "Mozilla/5.0 (X11; Linux x86_64) AppleWebKit/537.36 (KHTML, like Gecko) Chrome/129.0.0.0 Safari/537.36"
84.19.175.165 - - [21/Sep/2024:01:26:34 +0200] "GET /wp-includes/js/dist/i18n.min.js?ver=5e580eb46a90c2b997e6 HTTP/1.0" 200 4661 "https://premiumgebaeude.inglory.de/" "Mozilla/5.0 (X11; Linux x86_64) AppleWebKit/537.36 (KHTML, like Gecko) Chrome/129.0.0.0 Safari/537.36"
94.130.90.54 - - [21/Sep/2024:01:26:34 +0200] "GET /wp-content/uploads/2022/12/Gebaeudereinigung-kassel-scaled.jpeg HTTP/1.1" 304 3413 "https://premiumgebaeude.inglory.de/wp-content/cache/wpfc-minified/d7x32rar/fq1uh.css" "Serf/1.3.9 (mod_pagespeed/1.13.35.2-0)"
84.19.175.165 - - [21/Sep/2024:01:26:35 +0200] "GET /wp-content/cache/autoptimize/js/autoptimize_ed47aa42a2bceef2e9423c3a6f1d849e.js HTTP/1.0" 200 87832 "https://premiumgebaeude.inglory.de/" "Mozilla/5.0 (X11; Linux x86_64) AppleWebKit/537.36 (KHTML, like Gecko) Chrome/129.0.0.0 Safari/537.36"
84.19.175.165 - - [21/Sep/2024:01:26:35 +0200] "GET /wp-content/uploads/2022/12/Gebaeudereinigung-kassel-scaled.jpeg HTTP/1.0" 200 274266 "https://premiumgebaeude.inglory.de/wp-content/cache/wpfc-minified/d7x32rar/fq1uh.css" "Mozilla/5.0 (X11; Linux x86_64) AppleWebKit/537.36 (KHTML, like Gecko) Chrome/129.0.0.0 Safari/537.36"
84.19.175.165 - - [21/Sep/2024:01:26:35 +0200] "GET /wp-content/plugins/elementor/assets/lib/font-awesome/webfonts/fa-regular-400.woff2 HTTP/1.0" 200 14096 "https://premiumgebaeude.inglory.de/wp-content/cache/wpfc-minified/d7x32rar/fq1uh.css" "Mozilla/5.0 (X11; Linux x86_64) AppleWebKit/537.36 (KHTML, like Gecko) Chrome/129.0.0.0 Safari/537.36"
84.19.175.165 - - [21/Sep/2024:01:26:35 +0200] "GET /wp-content/plugins/elementor/assets/lib/font-awesome/webfonts/fa-solid-900.woff2 HTTP/1.0" 200 79105 "https://premiumgebaeude.inglory.de/wp-content/cache/wpfc-minified/d7x32rar/fq1uh.css" "Mozilla/5.0 (X11; Linux x86_64) AppleWebKit/537.36 (KHTML, like Gecko) Chrome/129.0.0.0 Safari/537.36"
84.19.175.165 - - [21/Sep/2024:01:26:35 +0200] "GET /wp-content/uploads/2022/12/premium-logo-w-184x51.webp HTTP/1.0" 200 6807 "https://premiumgebaeude.inglory.de/" "Mozilla/5.0 (X11; Linux x86_64) AppleWebKit/537.36 (KHTML, like Gecko) Chrome/129.0.0.0 Safari/537.36"
84.19.175.165 - - [21/Sep/2024:01:26:35 +0200] "GET /wp-content/plugins/elementor/assets/js/text-editor.2c35aafbe5bf0e127950.bundle.min.js HTTP/1.0" 200 1524 "https://premiumgebaeude.inglory.de/" "Mozilla/5.0 (X11; Linux x86_64) AppleWebKit/537.36 (KHTML, like Gecko) Chrome/129.0.0.0 Safari/537.36"
84.19.175.165 - - [21/Sep/2024:01:26:35 +0200] "POST /mod_pagespeed_beacon?url=https%3A%2F%2Fpremiumgebaeude.inglory.de%2F HTTP/1.0" 204 669 "https://premiumgebaeude.inglory.de/" "Mozilla/5.0 (X11; Linux x86_64) AppleWebKit/537.36 (KHTML, like Gecko) Chrome/129.0.0.0 Safari/537.36"
84.19.175.165 - - [21/Sep/2024:01:26:35 +0200] "GET /wp-content/uploads/2022/12/cropped-premium-favicon-32x32.webp HTTP/1.0" 200 4208 "https://premiumgebaeude.inglory.de/" "Mozilla/5.0 (X11; Linux x86_64) AppleWebKit/537.36 (KHTML, like Gecko) Chrome/129.0.0.0 Safari/537.36"
94.130.90.54 - - [21/Sep/2024:01:26:35 +0200] "POST /wp-cron.php?doing_wp_cron=1726874795.6514499187469482421875 HTTP/1.0" 200 839 "-" "WordPress/6.6.2; https://premiumgebaeude.inglory.de"
84.19.175.165 - - [21/Sep/2024:01:26:35 +0200] "GET /wp-content/uploads/2023/08/fensterreinigung-premium-768x480.jpg HTTP/1.0" 200 62964 "https://premiumgebaeude.inglory.de/" "Mozilla/5.0 (X11; Linux x86_64) AppleWebKit/537.36 (KHTML, like Gecko) Chrome/129.0.0.0 Safari/537.36"
