89.244.92.18 - - [20/Sep/2024:18:14:46 +0200] "GET /wp-content/plugins/updraftplus/includes/select2/select2.min.css?ver=4.1.0-rc.0 HTTP/1.0" 200 4501 "https://premiumgebaeude.inglory.de/wp-admin/options-general.php?page=updraftplus" "Mozilla/5.0 (Macintosh; Intel Mac OS X 10_15_7) AppleWebKit/537.36 (KHTML, like Gecko) Chrome/128.0.0.0 Safari/537.36"
89.244.92.18 - - [20/Sep/2024:18:14:46 +0200] "GET /wp-content/plugins/updraftplus/includes/jstree/themes/default/style.min.css?ver=3.3.12-rc.0 HTTP/1.0" 200 6288 "https://premiumgebaeude.inglory.de/wp-admin/options-general.php?page=updraftplus" "Mozilla/5.0 (Macintosh; Intel Mac OS X 10_15_7) AppleWebKit/537.36 (KHTML, like Gecko) Chrome/128.0.0.0 Safari/537.36"
89.244.92.18 - - [20/Sep/2024:18:14:46 +0200] "GET /wp-content/plugins/updraftplus/css/updraftplus-admin-2-24-4.min.css?ver=2.24.4.26 HTTP/1.0" 200 16337 "https://premiumgebaeude.inglory.de/wp-admin/options-general.php?page=updraftplus" "Mozilla/5.0 (Macintosh; Intel Mac OS X 10_15_7) AppleWebKit/537.36 (KHTML, like Gecko) Chrome/128.0.0.0 Safari/537.36"
89.244.92.18 - - [20/Sep/2024:18:14:46 +0200] "GET /wp-content/plugins/updraftplus/includes/blockui/jquery.blockUI.min.js?ver=2.71.0 HTTP/1.0" 200 4198 "https://premiumgebaeude.inglory.de/wp-admin/options-general.php?page=updraftplus" "Mozilla/5.0 (Macintosh; Intel Mac OS X 10_15_7) AppleWebKit/537.36 (KHTML, like Gecko) Chrome/128.0.0.0 Safari/537.36"
89.244.92.18 - - [20/Sep/2024:18:14:46 +0200] "GET /wp-content/plugins/updraftplus/includes/labelauty/jquery-labelauty-2-24-4.min.js?ver=2.24.4.26 HTTP/1.0" 200 2026 "https://premiumgebaeude.inglory.de/wp-admin/options-general.php?page=updraftplus" "Mozilla/5.0 (Macintosh; Intel Mac OS X 10_15_7) AppleWebKit/537.36 (KHTML, like Gecko) Chrome/128.0.0.0 Safari/537.36"
89.244.92.18 - - [20/Sep/2024:18:14:46 +0200] "GET /wp-content/plugins/updraftplus/includes/tether/tether.min.js?ver=1 HTTP/1.0" 200 8458 "https://premiumgebaeude.inglory.de/wp-admin/options-general.php?page=updraftplus" "Mozilla/5.0 (Macintosh; Intel Mac OS X 10_15_7) AppleWebKit/537.36 (KHTML, like Gecko) Chrome/128.0.0.0 Safari/537.36"
89.244.92.18 - - [20/Sep/2024:18:14:46 +0200] "GET /wp-content/plugins/updraftplus/includes/jquery.serializeJSON/jquery.serializejson.min.js?ver=3.2.0 HTTP/1.0" 200 4297 "https://premiumgebaeude.inglory.de/wp-admin/options-general.php?page=updraftplus" "Mozilla/5.0 (Macintosh; Intel Mac OS X 10_15_7) AppleWebKit/537.36 (KHTML, like Gecko) Chrome/128.0.0.0 Safari/537.36"
89.244.92.18 - - [20/Sep/2024:18:14:46 +0200] "GET /wp-content/plugins/updraftplus/includes/jquery-ui.dialog.extended/jquery-ui.dialog.extended-2-24-4.min.js?ver=1.0.4 HTTP/1.0" 200 2336 "https://premiumgebaeude.inglory.de/wp-admin/options-general.php?page=updraftplus" "Mozilla/5.0 (Macintosh; Intel Mac OS X 10_15_7) AppleWebKit/537.36 (KHTML, like Gecko) Chrome/128.0.0.0 Safari/537.36"
89.244.92.18 - - [20/Sep/2024:18:14:46 +0200] "GET /wp-content/plugins/updraftplus/includes/select2/select2.min.js?ver=4.1.0-rc.0 HTTP/1.0" 200 20968 "https://premiumgebaeude.inglory.de/wp-admin/options-general.php?page=updraftplus" "Mozilla/5.0 (Macintosh; Intel Mac OS X 10_15_7) AppleWebKit/537.36 (KHTML, like Gecko) Chrome/128.0.0.0 Safari/537.36"
89.244.92.18 - - [20/Sep/2024:18:14:46 +0200] "GET /wp-content/plugins/updraftplus/images/upraftplus-clone-screenshot.jpg HTTP/1.0" 200 20232 "https://premiumgebaeude.inglory.de/wp-admin/options-general.php?page=updraftplus" "Mozilla/5.0 (Macintosh; Intel Mac OS X 10_15_7) AppleWebKit/537.36 (KHTML, like Gecko) Chrome/128.0.0.0 Safari/537.36"
89.244.92.18 - - [20/Sep/2024:18:14:46 +0200] "GET /wp-content/plugins/updraftplus/images/updraftcentral_cloud.png HTTP/1.0" 200 3961 "https://premiumgebaeude.inglory.de/wp-admin/options-general.php?page=updraftplus" "Mozilla/5.0 (Macintosh; Intel Mac OS X 10_15_7) AppleWebKit/537.36 (KHTML, like Gecko) Chrome/128.0.0.0 Safari/537.36"
89.244.92.18 - - [20/Sep/2024:18:14:46 +0200] "GET /wp-content/plugins/updraftplus/includes/handlebars/handlebars.min.js?ver=2.24.4.26 HTTP/1.0" 200 29397 "https://premiumgebaeude.inglory.de/wp-admin/options-general.php?page=updraftplus" "Mozilla/5.0 (Macintosh; Intel Mac OS X 10_15_7) AppleWebKit/537.36 (KHTML, like Gecko) Chrome/128.0.0.0 Safari/537.36"
89.244.92.18 - - [20/Sep/2024:18:14:46 +0200] "GET /wp-content/plugins/updraftplus/includes/updraft-admin-common-2-24-4.min.js?ver=2.24.4.26 HTTP/1.0" 200 33410 "https://premiumgebaeude.inglory.de/wp-admin/options-general.php?page=updraftplus" "Mozilla/5.0 (Macintosh; Intel Mac OS X 10_15_7) AppleWebKit/537.36 (KHTML, like Gecko) Chrome/128.0.0.0 Safari/537.36"
89.244.92.18 - - [20/Sep/2024:18:14:46 +0200] "GET /wp-content/plugins/updraftplus/includes/jstree/jstree.min.js?ver=3.3.12-rc.0 HTTP/1.0" 200 33638 "https://premiumgebaeude.inglory.de/wp-admin/options-general.php?page=updraftplus" "Mozilla/5.0 (Macintosh; Intel Mac OS X 10_15_7) AppleWebKit/537.36 (KHTML, like Gecko) Chrome/128.0.0.0 Safari/537.36"
89.244.92.18 - - [20/Sep/2024:18:14:46 +0200] "GET /wp-admin/load-scripts.php?c=0&load%5Bchunk_0%5D=jquery-core,jquery-migrate,utils,jquery-ui-core,jquery-ui-mouse,jquery-ui-resizable,jquery-ui-draggable,jquery-ui-controlgroup,j&load%5Bchunk_1%5D=query-ui-checkboxradio,jquery-ui-button,jquery-ui-dialog,jquery-ui-accordion,moxiejs,plupload&ver=6.6.2 HTTP/1.0" 200 93546 "https://premiumgebaeude.inglory.de/wp-admin/options-general.php?page=updraftplus" "Mozilla/5.0 (Macintosh; Intel Mac OS X 10_15_7) AppleWebKit/537.36 (KHTML, like Gecko) Chrome/128.0.0.0 Safari/537.36"
89.244.92.18 - - [20/Sep/2024:18:14:46 +0200] "GET /wp-content/plugins/updraftplus/images/addons-images/all.png HTTP/1.0" 200 7265 "https://premiumgebaeude.inglory.de/wp-admin/options-general.php?page=updraftplus" "Mozilla/5.0 (Macintosh; Intel Mac OS X 10_15_7) AppleWebKit/537.36 (KHTML, like Gecko) Chrome/128.0.0.0 Safari/537.36"
89.244.92.18 - - [20/Sep/2024:18:14:46 +0200] "GET /wp-content/plugins/updraftplus/css/updraftplus-notices-2-24-4.min.css?ver=2.24.4.26 HTTP/1.0" 200 1386 "https://premiumgebaeude.inglory.de/wp-admin/options-general.php?page=updraftplus" "Mozilla/5.0 (Macintosh; Intel Mac OS X 10_15_7) AppleWebKit/537.36 (KHTML, like Gecko) Chrome/128.0.0.0 Safari/537.36"
89.244.92.18 - - [20/Sep/2024:18:14:47 +0200] "GET /wp-content/plugins/updraftplus/central/css/central.css?ver=2.24.4.26 HTTP/1.0" 200 1207 "https://premiumgebaeude.inglory.de/wp-admin/options-general.php?page=updraftplus" "Mozilla/5.0 (Macintosh; Intel Mac OS X 10_15_7) AppleWebKit/537.36 (KHTML, like Gecko) Chrome/128.0.0.0 Safari/537.36"
89.244.92.18 - - [20/Sep/2024:18:14:47 +0200] "GET /wp-content/plugins/updraftplus/includes/checkout-embed/assets/udp-checkout-embed.js?ver=1.0.1 HTTP/1.0" 200 1778 "https://premiumgebaeude.inglory.de/wp-admin/options-general.php?page=updraftplus" "Mozilla/5.0 (Macintosh; Intel Mac OS X 10_15_7) AppleWebKit/537.36 (KHTML, like Gecko) Chrome/128.0.0.0 Safari/537.36"
89.244.92.18 - - [20/Sep/2024:18:14:47 +0200] "GET /wp-content/plugins/updraftplus/js/tour.js?ver=2.24.4.26 HTTP/1.0" 200 3611 "https://premiumgebaeude.inglory.de/wp-admin/options-general.php?page=updraftplus" "Mozilla/5.0 (Macintosh; Intel Mac OS X 10_15_7) AppleWebKit/537.36 (KHTML, like Gecko) Chrome/128.0.0.0 Safari/537.36"
89.244.92.18 - - [20/Sep/2024:18:14:47 +0200] "GET /wp-content/plugins/updraftplus/includes/tether-shepherd/shepherd.min.js?ver=2.24.4.26 HTTP/1.0" 200 4410 "https://premiumgebaeude.inglory.de/wp-admin/options-general.php?page=updraftplus" "Mozilla/5.0 (Macintosh; Intel Mac OS X 10_15_7) AppleWebKit/537.36 (KHTML, like Gecko) Chrome/128.0.0.0 Safari/537.36"
89.244.92.18 - - [20/Sep/2024:18:14:47 +0200] "GET /wp-content/plugins/updraftplus/central/js/central.js?ver=2.24.4.26 HTTP/1.0" 200 5408 "https://premiumgebaeude.inglory.de/wp-admin/options-general.php?page=updraftplus" "Mozilla/5.0 (Macintosh; Intel Mac OS X 10_15_7) AppleWebKit/537.36 (KHTML, like Gecko) Chrome/128.0.0.0 Safari/537.36"
89.244.92.18 - - [20/Sep/2024:18:14:47 +0200] "GET /wp-content/plugins/updraftplus/images/updraftvault-150.png HTTP/1.0" 200 7200 "https://premiumgebaeude.inglory.de/wp-admin/options-general.php?page=updraftplus" "Mozilla/5.0 (Macintosh; Intel Mac OS X 10_15_7) AppleWebKit/537.36 (KHTML, like Gecko) Chrome/128.0.0.0 Safari/537.36"
89.244.92.18 - - [20/Sep/2024:18:14:47 +0200] "GET /wp-content/plugins/updraftplus/images/dropbox-logo.png HTTP/1.0" 200 5490 "https://premiumgebaeude.inglory.de/wp-admin/options-general.php?page=updraftplus" "Mozilla/5.0 (Macintosh; Intel Mac OS X 10_15_7) AppleWebKit/537.36 (KHTML, like Gecko) Chrome/128.0.0.0 Safari/537.36"
89.244.92.18 - - [20/Sep/2024:18:14:47 +0200] "GET /wp-content/plugins/updraftplus/images/aws_logo.png HTTP/1.0" 200 2779 "https://premiumgebaeude.inglory.de/wp-admin/options-general.php?page=updraftplus" "Mozilla/5.0 (Macintosh; Intel Mac OS X 10_15_7) AppleWebKit/537.36 (KHTML, like Gecko) Chrome/128.0.0.0 Safari/537.36"
89.244.92.18 - - [20/Sep/2024:18:14:47 +0200] "GET /wp-content/plugins/updraftplus/images/rackspacecloud-logo.png HTTP/1.0" 200 26766 "https://premiumgebaeude.inglory.de/wp-admin/options-general.php?page=updraftplus" "Mozilla/5.0 (Macintosh; Intel Mac OS X 10_15_7) AppleWebKit/537.36 (KHTML, like Gecko) Chrome/128.0.0.0 Safari/537.36"
89.244.92.18 - - [20/Sep/2024:18:14:47 +0200] "GET /wp-content/plugins/updraftplus/images/googledrive_logo.png HTTP/1.0" 200 3835 "https://premiumgebaeude.inglory.de/wp-admin/options-general.php?page=updraftplus" "Mozilla/5.0 (Macintosh; Intel Mac OS X 10_15_7) AppleWebKit/537.36 (KHTML, like Gecko) Chrome/128.0.0.0 Safari/537.36"
89.244.92.18 - - [20/Sep/2024:18:14:47 +0200] "GET /wp-content/plugins/updraftplus/images/onedrive.png HTTP/1.0" 200 8127 "https://premiumgebaeude.inglory.de/wp-admin/options-general.php?page=updraftplus" "Mozilla/5.0 (Macintosh; Intel Mac OS X 10_15_7) AppleWebKit/537.36 (KHTML, like Gecko) Chrome/128.0.0.0 Safari/537.36"
89.244.92.18 - - [20/Sep/2024:18:14:47 +0200] "GET /wp-content/plugins/updraftplus/images/azure.png HTTP/1.0" 200 11206 "https://premiumgebaeude.inglory.de/wp-admin/options-general.php?page=updraftplus" "Mozilla/5.0 (Macintosh; Intel Mac OS X 10_15_7) AppleWebKit/537.36 (KHTML, like Gecko) Chrome/128.0.0.0 Safari/537.36"
89.244.92.18 - - [20/Sep/2024:18:14:47 +0200] "GET /wp-content/plugins/updraftplus/images/backblaze.png HTTP/1.0" 200 25659 "https://premiumgebaeude.inglory.de/wp-admin/options-general.php?page=updraftplus" "Mozilla/5.0 (Macintosh; Intel Mac OS X 10_15_7) AppleWebKit/537.36 (KHTML, like Gecko) Chrome/128.0.0.0 Safari/537.36"
89.244.92.18 - - [20/Sep/2024:18:14:47 +0200] "GET /wp-content/plugins/updraftplus/images/googlecloud.png HTTP/1.0" 200 10722 "https://premiumgebaeude.inglory.de/wp-admin/options-general.php?page=updraftplus" "Mozilla/5.0 (Macintosh; Intel Mac OS X 10_15_7) AppleWebKit/537.36 (KHTML, like Gecko) Chrome/128.0.0.0 Safari/537.36"
89.244.92.18 - - [20/Sep/2024:18:14:47 +0200] "GET /wp-content/plugins/updraftplus/images/pcloud-logo.png HTTP/1.0" 200 15881 "https://premiumgebaeude.inglory.de/wp-admin/options-general.php?page=updraftplus" "Mozilla/5.0 (Macintosh; Intel Mac OS X 10_15_7) AppleWebKit/537.36 (KHTML, like Gecko) Chrome/128.0.0.0 Safari/537.36"
89.244.92.18 - - [20/Sep/2024:18:14:47 +0200] "GET /wp-content/plugins/updraftplus/images/dreamobjects_logo-horiz-2013.png HTTP/1.0" 200 3998 "https://premiumgebaeude.inglory.de/wp-admin/options-general.php?page=updraftplus" "Mozilla/5.0 (Macintosh; Intel Mac OS X 10_15_7) AppleWebKit/537.36 (KHTML, like Gecko) Chrome/128.0.0.0 Safari/537.36"
89.244.92.18 - - [20/Sep/2024:18:14:47 +0200] "GET /wp-content/plugins/updraftplus/images/notices/updraft_logo.png HTTP/1.0" 304 690 "https://premiumgebaeude.inglory.de/wp-admin/options-general.php?page=updraftplus" "Mozilla/5.0 (Macintosh; Intel Mac OS X 10_15_7) AppleWebKit/537.36 (KHTML, like Gecko) Chrome/128.0.0.0 Safari/537.36"
89.244.92.18 - - [20/Sep/2024:18:14:47 +0200] "GET /wp-admin/admin-ajax.php?action=updraft_ajax&subaction=ping&nonce=877f3c5f36 HTTP/1.0" 200 1029 "https://premiumgebaeude.inglory.de/wp-admin/options-general.php?page=updraftplus" "Mozilla/5.0 (Macintosh; Intel Mac OS X 10_15_7) AppleWebKit/537.36 (KHTML, like Gecko) Chrome/128.0.0.0 Safari/537.36"
89.244.92.18 - - [20/Sep/2024:18:14:48 +0200] "GET /wp-admin/admin-ajax.php?action=updraft_ajax&subaction=activejobs_list&nonce=877f3c5f36&downloaders= HTTP/1.0" 200 1121 "https://premiumgebaeude.inglory.de/wp-admin/options-general.php?page=updraftplus" "Mozilla/5.0 (Macintosh; Intel Mac OS X 10_15_7) AppleWebKit/537.36 (KHTML, like Gecko) Chrome/128.0.0.0 Safari/537.36"
89.244.92.18 - - [20/Sep/2024:18:14:48 +0200] "POST /wp-admin/admin-ajax.php HTTP/1.0" 200 5220 "https://premiumgebaeude.inglory.de/wp-admin/options-general.php?page=updraftplus" "Mozilla/5.0 (Macintosh; Intel Mac OS X 10_15_7) AppleWebKit/537.36 (KHTML, like Gecko) Chrome/128.0.0.0 Safari/537.36"
89.244.92.18 - - [20/Sep/2024:18:14:53 +0200] "GET /wp-admin/admin-ajax.php?action=updraft_ajax&subaction=activejobs_list&nonce=877f3c5f36&downloaders= HTTP/1.0" 200 1121 "https://premiumgebaeude.inglory.de/wp-admin/options-general.php?page=updraftplus" "Mozilla/5.0 (Macintosh; Intel Mac OS X 10_15_7) AppleWebKit/537.36 (KHTML, like Gecko) Chrome/128.0.0.0 Safari/537.36"
89.244.92.18 - - [20/Sep/2024:18:14:57 +0200] "POST /wp-admin/admin-ajax.php HTTP/1.0" 200 2531 "https://premiumgebaeude.inglory.de/wp-admin/options-general.php?page=updraftplus" "Mozilla/5.0 (Macintosh; Intel Mac OS X 10_15_7) AppleWebKit/537.36 (KHTML, like Gecko) Chrome/128.0.0.0 Safari/537.36"
89.244.92.18 - - [20/Sep/2024:18:15:02 +0200] "GET /wp-admin/admin-ajax.php?action=updraft_ajax&subaction=activejobs_list&nonce=877f3c5f36&downloaders= HTTP/1.0" 200 1121 "https://premiumgebaeude.inglory.de/wp-admin/options-general.php?page=updraftplus" "Mozilla/5.0 (Macintosh; Intel Mac OS X 10_15_7) AppleWebKit/537.36 (KHTML, like Gecko) Chrome/128.0.0.0 Safari/537.36"
89.244.92.18 - - [20/Sep/2024:18:15:47 +0200] "POST /wp-admin/admin-ajax.php HTTP/1.0" 200 1265 "https://premiumgebaeude.inglory.de/wp-admin/options-general.php?page=updraftplus" "Mozilla/5.0 (Macintosh; Intel Mac OS X 10_15_7) AppleWebKit/537.36 (KHTML, like Gecko) Chrome/128.0.0.0 Safari/537.36"
89.244.92.18 - - [20/Sep/2024:18:17:18 +0200] "POST /wp-admin/admin-ajax.php HTTP/1.0" 200 1265 "https://premiumgebaeude.inglory.de/wp-admin/options-general.php?page=updraftplus" "Mozilla/5.0 (Macintosh; Intel Mac OS X 10_15_7) AppleWebKit/537.36 (KHTML, like Gecko) Chrome/128.0.0.0 Safari/537.36"
89.244.92.18 - - [20/Sep/2024:18:17:18 +0200] "GET /wp-admin/admin-ajax.php?action=updraft_ajax&subaction=activejobs_list&nonce=877f3c5f36&downloaders= HTTP/1.0" 200 1121 "https://premiumgebaeude.inglory.de/wp-admin/options-general.php?page=updraftplus" "Mozilla/5.0 (Macintosh; Intel Mac OS X 10_15_7) AppleWebKit/537.36 (KHTML, like Gecko) Chrome/128.0.0.0 Safari/537.36"
89.244.92.18 - - [20/Sep/2024:18:18:19 +0200] "POST /wp-admin/admin-ajax.php HTTP/1.0" 200 1265 "https://premiumgebaeude.inglory.de/wp-admin/options-general.php?page=updraftplus" "Mozilla/5.0 (Macintosh; Intel Mac OS X 10_15_7) AppleWebKit/537.36 (KHTML, like Gecko) Chrome/128.0.0.0 Safari/537.36"
89.244.92.18 - - [20/Sep/2024:18:18:37 +0200] "GET /wp-admin/admin-ajax.php?action=updraft_ajax&subaction=activejobs_list&nonce=877f3c5f36&downloaders= HTTP/1.0" 200 1121 "https://premiumgebaeude.inglory.de/wp-admin/options-general.php?page=updraftplus" "Mozilla/5.0 (Macintosh; Intel Mac OS X 10_15_7) AppleWebKit/537.36 (KHTML, like Gecko) Chrome/128.0.0.0 Safari/537.36"
89.244.92.18 - - [20/Sep/2024:18:19:11 +0200] "GET /wp-admin/admin-ajax.php?action=updraft_ajax&subaction=activejobs_list&nonce=877f3c5f36&downloaders= HTTP/1.0" 200 1121 "https://premiumgebaeude.inglory.de/wp-admin/options-general.php?page=updraftplus" "Mozilla/5.0 (Macintosh; Intel Mac OS X 10_15_7) AppleWebKit/537.36 (KHTML, like Gecko) Chrome/128.0.0.0 Safari/537.36"
89.244.92.18 - - [20/Sep/2024:18:19:20 +0200] "POST /wp-admin/admin-ajax.php HTTP/1.0" 200 1265 "https://premiumgebaeude.inglory.de/wp-admin/options-general.php?page=updraftplus" "Mozilla/5.0 (Macintosh; Intel Mac OS X 10_15_7) AppleWebKit/537.36 (KHTML, like Gecko) Chrome/128.0.0.0 Safari/537.36"
81.209.248.207 - - [20/Sep/2024:18:19:33 +0200] "POST / HTTP/1.0" 200 1428 "-" "WordPress/6.6.2; class-udrpc.php/2.0; https://premium-gebaeudedienst.de"
89.244.92.18 - - [20/Sep/2024:18:19:40 +0200] "GET /wp-admin/admin-ajax.php?action=updraft_ajax&subaction=activejobs_list&nonce=877f3c5f36&downloaders= HTTP/1.0" 200 1121 "https://premiumgebaeude.inglory.de/wp-admin/options-general.php?page=updraftplus" "Mozilla/5.0 (Macintosh; Intel Mac OS X 10_15_7) AppleWebKit/537.36 (KHTML, like Gecko) Chrome/128.0.0.0 Safari/537.36"
89.244.92.18 - - [20/Sep/2024:18:20:21 +0200] "POST /wp-admin/admin-ajax.php HTTP/1.0" 200 1265 "https://premiumgebaeude.inglory.de/wp-admin/options-general.php?page=updraftplus" "Mozilla/5.0 (Macintosh; Intel Mac OS X 10_15_7) AppleWebKit/537.36 (KHTML, like Gecko) Chrome/128.0.0.0 Safari/537.36"
89.244.92.18 - - [20/Sep/2024:18:20:22 +0200] "GET /wp-admin/admin-ajax.php?action=updraft_ajax&subaction=activejobs_list&nonce=877f3c5f36&downloaders= HTTP/1.0" 200 1121 "https://premiumgebaeude.inglory.de/wp-admin/options-general.php?page=updraftplus" "Mozilla/5.0 (Macintosh; Intel Mac OS X 10_15_7) AppleWebKit/537.36 (KHTML, like Gecko) Chrome/128.0.0.0 Safari/537.36"
89.244.92.18 - - [20/Sep/2024:18:20:24 +0200] "POST /wp-admin/admin-ajax.php HTTP/1.0" 200 5286 "https://premiumgebaeude.inglory.de/wp-admin/options-general.php?page=updraftplus" "Mozilla/5.0 (Macintosh; Intel Mac OS X 10_15_7) AppleWebKit/537.36 (KHTML, like Gecko) Chrome/128.0.0.0 Safari/537.36"
89.244.92.18 - - [20/Sep/2024:18:20:24 +0200] "GET /wp-admin/admin-ajax.php?action=updraft_ajax&subaction=get_fragment&nonce=877f3c5f36&fragment=disk_usage&data=updraft HTTP/1.0" 200 1043 "https://premiumgebaeude.inglory.de/wp-admin/options-general.php?page=updraftplus" "Mozilla/5.0 (Macintosh; Intel Mac OS X 10_15_7) AppleWebKit/537.36 (KHTML, like Gecko) Chrome/128.0.0.0 Safari/537.36"
81.209.248.207 - - [20/Sep/2024:18:20:25 +0200] "POST / HTTP/1.0" 200 1708 "-" "WordPress/6.6.2; class-udrpc.php/2.0; https://premium-gebaeudedienst.de"
81.209.248.207 - - [20/Sep/2024:18:20:26 +0200] "POST / HTTP/1.0" 200 1729 "-" "WordPress/6.6.2; class-udrpc.php/2.0; https://premium-gebaeudedienst.de"
81.209.248.207 - - [20/Sep/2024:18:20:26 +0200] "POST / HTTP/1.0" 200 1728 "-" "WordPress/6.6.2; class-udrpc.php/2.0; https://premium-gebaeudedienst.de"
81.209.248.207 - - [20/Sep/2024:18:20:27 +0200] "POST / HTTP/1.0" 200 1725 "-" "WordPress/6.6.2; class-udrpc.php/2.0; https://premium-gebaeudedienst.de"
81.209.248.207 - - [20/Sep/2024:18:20:27 +0200] "POST / HTTP/1.0" 200 1732 "-" "WordPress/6.6.2; class-udrpc.php/2.0; https://premium-gebaeudedienst.de"
81.209.248.207 - - [20/Sep/2024:18:20:28 +0200] "POST / HTTP/1.0" 200 1724 "-" "WordPress/6.6.2; class-udrpc.php/2.0; https://premium-gebaeudedienst.de"
81.209.248.207 - - [20/Sep/2024:18:20:29 +0200] "POST / HTTP/1.0" 200 1727 "-" "WordPress/6.6.2; class-udrpc.php/2.0; https://premium-gebaeudedienst.de"
81.209.248.207 - - [20/Sep/2024:18:20:29 +0200] "POST / HTTP/1.0" 200 1728 "-" "WordPress/6.6.2; class-udrpc.php/2.0; https://premium-gebaeudedienst.de"
81.209.248.207 - - [20/Sep/2024:18:20:30 +0200] "POST / HTTP/1.0" 200 1726 "-" "WordPress/6.6.2; class-udrpc.php/2.0; https://premium-gebaeudedienst.de"
81.209.248.207 - - [20/Sep/2024:18:20:30 +0200] "POST / HTTP/1.0" 200 1732 "-" "WordPress/6.6.2; class-udrpc.php/2.0; https://premium-gebaeudedienst.de"
81.209.248.207 - - [20/Sep/2024:18:20:31 +0200] "POST / HTTP/1.0" 200 1728 "-" "WordPress/6.6.2; class-udrpc.php/2.0; https://premium-gebaeudedienst.de"
81.209.248.207 - - [20/Sep/2024:18:20:32 +0200] "POST / HTTP/1.0" 200 1725 "-" "WordPress/6.6.2; class-udrpc.php/2.0; https://premium-gebaeudedienst.de"
81.209.248.207 - - [20/Sep/2024:18:20:32 +0200] "POST / HTTP/1.0" 200 1731 "-" "WordPress/6.6.2; class-udrpc.php/2.0; https://premium-gebaeudedienst.de"
81.209.248.207 - - [20/Sep/2024:18:20:33 +0200] "POST / HTTP/1.0" 200 1722 "-" "WordPress/6.6.2; class-udrpc.php/2.0; https://premium-gebaeudedienst.de"
81.209.248.207 - - [20/Sep/2024:18:20:33 +0200] "POST / HTTP/1.0" 200 1729 "-" "WordPress/6.6.2; class-udrpc.php/2.0; https://premium-gebaeudedienst.de"
81.209.248.207 - - [20/Sep/2024:18:20:34 +0200] "POST / HTTP/1.0" 200 1727 "-" "WordPress/6.6.2; class-udrpc.php/2.0; https://premium-gebaeudedienst.de"
81.209.248.207 - - [20/Sep/2024:18:20:34 +0200] "POST / HTTP/1.0" 200 1728 "-" "WordPress/6.6.2; class-udrpc.php/2.0; https://premium-gebaeudedienst.de"
81.209.248.207 - - [20/Sep/2024:18:20:35 +0200] "POST / HTTP/1.0" 200 1729 "-" "WordPress/6.6.2; class-udrpc.php/2.0; https://premium-gebaeudedienst.de"
89.244.92.18 - - [20/Sep/2024:18:20:36 +0200] "GET /wp-admin/admin-ajax.php?action=updraft_ajax&subaction=activejobs_list&nonce=877f3c5f36&downloaders= HTTP/1.0" 200 1226 "https://premiumgebaeude.inglory.de/wp-admin/options-general.php?page=updraftplus" "Mozilla/5.0 (Macintosh; Intel Mac OS X 10_15_7) AppleWebKit/537.36 (KHTML, like Gecko) Chrome/128.0.0.0 Safari/537.36"
81.209.248.207 - - [20/Sep/2024:18:20:36 +0200] "POST / HTTP/1.0" 200 1726 "-" "WordPress/6.6.2; class-udrpc.php/2.0; https://premium-gebaeudedienst.de"
81.209.248.207 - - [20/Sep/2024:18:20:36 +0200] "POST / HTTP/1.0" 200 1728 "-" "WordPress/6.6.2; class-udrpc.php/2.0; https://premium-gebaeudedienst.de"
81.209.248.207 - - [20/Sep/2024:18:20:37 +0200] "POST / HTTP/1.0" 200 1730 "-" "WordPress/6.6.2; class-udrpc.php/2.0; https://premium-gebaeudedienst.de"
81.209.248.207 - - [20/Sep/2024:18:20:38 +0200] "POST / HTTP/1.0" 200 1730 "-" "WordPress/6.6.2; class-udrpc.php/2.0; https://premium-gebaeudedienst.de"
89.244.92.18 - - [20/Sep/2024:18:20:38 +0200] "GET /wp-admin/admin-ajax.php?action=updraft_ajax&subaction=activejobs_list&nonce=877f3c5f36&downloaders= HTTP/1.0" 200 1226 "https://premiumgebaeude.inglory.de/wp-admin/options-general.php?page=updraftplus" "Mozilla/5.0 (Macintosh; Intel Mac OS X 10_15_7) AppleWebKit/537.36 (KHTML, like Gecko) Chrome/128.0.0.0 Safari/537.36"
89.244.92.18 - - [20/Sep/2024:18:20:38 +0200] "POST /wp-admin/admin-ajax.php HTTP/1.0" 200 1134 "https://premiumgebaeude.inglory.de/wp-admin/options-general.php?page=updraftplus" "Mozilla/5.0 (Macintosh; Intel Mac OS X 10_15_7) AppleWebKit/537.36 (KHTML, like Gecko) Chrome/128.0.0.0 Safari/537.36"
81.209.248.207 - - [20/Sep/2024:18:20:38 +0200] "POST / HTTP/1.0" 200 1724 "-" "WordPress/6.6.2; class-udrpc.php/2.0; https://premium-gebaeudedienst.de"
81.209.248.207 - - [20/Sep/2024:18:20:39 +0200] "POST / HTTP/1.0" 200 1734 "-" "WordPress/6.6.2; class-udrpc.php/2.0; https://premium-gebaeudedienst.de"
81.209.248.207 - - [20/Sep/2024:18:20:39 +0200] "POST / HTTP/1.0" 200 1729 "-" "WordPress/6.6.2; class-udrpc.php/2.0; https://premium-gebaeudedienst.de"
81.209.248.207 - - [20/Sep/2024:18:20:40 +0200] "POST / HTTP/1.0" 200 1726 "-" "WordPress/6.6.2; class-udrpc.php/2.0; https://premium-gebaeudedienst.de"
81.209.248.207 - - [20/Sep/2024:18:20:40 +0200] "POST / HTTP/1.0" 200 1724 "-" "WordPress/6.6.2; class-udrpc.php/2.0; https://premium-gebaeudedienst.de"
89.244.92.18 - - [20/Sep/2024:18:20:41 +0200] "GET /wp-admin/admin-ajax.php?action=updraft_ajax&subaction=activejobs_list&nonce=877f3c5f36&downloaders= HTTP/1.0" 200 1225 "https://premiumgebaeude.inglory.de/wp-admin/options-general.php?page=updraftplus" "Mozilla/5.0 (Macintosh; Intel Mac OS X 10_15_7) AppleWebKit/537.36 (KHTML, like Gecko) Chrome/128.0.0.0 Safari/537.36"
81.209.248.207 - - [20/Sep/2024:18:20:41 +0200] "POST / HTTP/1.0" 200 1730 "-" "WordPress/6.6.2; class-udrpc.php/2.0; https://premium-gebaeudedienst.de"
81.209.248.207 - - [20/Sep/2024:18:20:42 +0200] "POST / HTTP/1.0" 200 1731 "-" "WordPress/6.6.2; class-udrpc.php/2.0; https://premium-gebaeudedienst.de"
81.209.248.207 - - [20/Sep/2024:18:20:42 +0200] "POST / HTTP/1.0" 200 1727 "-" "WordPress/6.6.2; class-udrpc.php/2.0; https://premium-gebaeudedienst.de"
81.209.248.207 - - [20/Sep/2024:18:20:43 +0200] "POST / HTTP/1.0" 200 1731 "-" "WordPress/6.6.2; class-udrpc.php/2.0; https://premium-gebaeudedienst.de"
81.209.248.207 - - [20/Sep/2024:18:20:43 +0200] "POST / HTTP/1.0" 200 1735 "-" "WordPress/6.6.2; class-udrpc.php/2.0; https://premium-gebaeudedienst.de"
81.209.248.207 - - [20/Sep/2024:18:20:44 +0200] "POST / HTTP/1.0" 200 1727 "-" "WordPress/6.6.2; class-udrpc.php/2.0; https://premium-gebaeudedienst.de"
81.209.248.207 - - [20/Sep/2024:18:20:45 +0200] "POST / HTTP/1.0" 200 1731 "-" "WordPress/6.6.2; class-udrpc.php/2.0; https://premium-gebaeudedienst.de"
81.209.248.207 - - [20/Sep/2024:18:20:45 +0200] "POST / HTTP/1.0" 200 1730 "-" "WordPress/6.6.2; class-udrpc.php/2.0; https://premium-gebaeudedienst.de"
81.209.248.207 - - [20/Sep/2024:18:20:46 +0200] "POST / HTTP/1.0" 200 1726 "-" "WordPress/6.6.2; class-udrpc.php/2.0; https://premium-gebaeudedienst.de"
81.209.248.207 - - [20/Sep/2024:18:20:46 +0200] "POST / HTTP/1.0" 200 1725 "-" "WordPress/6.6.2; class-udrpc.php/2.0; https://premium-gebaeudedienst.de"
81.209.248.207 - - [20/Sep/2024:18:20:47 +0200] "POST / HTTP/1.0" 200 1728 "-" "WordPress/6.6.2; class-udrpc.php/2.0; https://premium-gebaeudedienst.de"
81.209.248.207 - - [20/Sep/2024:18:20:48 +0200] "POST / HTTP/1.0" 200 1724 "-" "WordPress/6.6.2; class-udrpc.php/2.0; https://premium-gebaeudedienst.de"
81.209.248.207 - - [20/Sep/2024:18:20:48 +0200] "POST / HTTP/1.0" 200 1730 "-" "WordPress/6.6.2; class-udrpc.php/2.0; https://premium-gebaeudedienst.de"
81.209.248.207 - - [20/Sep/2024:18:20:49 +0200] "POST / HTTP/1.0" 200 1730 "-" "WordPress/6.6.2; class-udrpc.php/2.0; https://premium-gebaeudedienst.de"
81.209.248.207 - - [20/Sep/2024:18:20:49 +0200] "POST / HTTP/1.0" 200 1730 "-" "WordPress/6.6.2; class-udrpc.php/2.0; https://premium-gebaeudedienst.de"
81.209.248.207 - - [20/Sep/2024:18:20:50 +0200] "POST / HTTP/1.0" 200 1731 "-" "WordPress/6.6.2; class-udrpc.php/2.0; https://premium-gebaeudedienst.de"
81.209.248.207 - - [20/Sep/2024:18:20:51 +0200] "POST / HTTP/1.0" 200 1729 "-" "WordPress/6.6.2; class-udrpc.php/2.0; https://premium-gebaeudedienst.de"
81.209.248.207 - - [20/Sep/2024:18:20:51 +0200] "POST / HTTP/1.0" 200 1729 "-" "WordPress/6.6.2; class-udrpc.php/2.0; https://premium-gebaeudedienst.de"
81.209.248.207 - - [20/Sep/2024:18:20:52 +0200] "POST / HTTP/1.0" 200 1731 "-" "WordPress/6.6.2; class-udrpc.php/2.0; https://premium-gebaeudedienst.de"
81.209.248.207 - - [20/Sep/2024:18:20:52 +0200] "POST / HTTP/1.0" 200 1709 "-" "WordPress/6.6.2; class-udrpc.php/2.0; https://premium-gebaeudedienst.de"
89.244.92.18 - - [20/Sep/2024:18:20:55 +0200] "POST /wp-admin/admin-ajax.php HTTP/1.0" 200 6265 "https://premiumgebaeude.inglory.de/wp-admin/options-general.php?page=updraftplus" "Mozilla/5.0 (Macintosh; Intel Mac OS X 10_15_7) AppleWebKit/537.36 (KHTML, like Gecko) Chrome/128.0.0.0 Safari/537.36"
81.209.248.207 - - [20/Sep/2024:18:20:56 +0200] "POST / HTTP/1.0" 200 1709 "-" "WordPress/6.6.2; class-udrpc.php/2.0; https://premium-gebaeudedienst.de"
81.209.248.207 - - [20/Sep/2024:18:20:56 +0200] "POST / HTTP/1.0" 200 1728 "-" "WordPress/6.6.2; class-udrpc.php/2.0; https://premium-gebaeudedienst.de"
81.209.248.207 - - [20/Sep/2024:18:20:57 +0200] "POST / HTTP/1.0" 200 1724 "-" "WordPress/6.6.2; class-udrpc.php/2.0; https://premium-gebaeudedienst.de"
81.209.248.207 - - [20/Sep/2024:18:20:57 +0200] "POST / HTTP/1.0" 200 1730 "-" "WordPress/6.6.2; class-udrpc.php/2.0; https://premium-gebaeudedienst.de"
81.209.248.207 - - [20/Sep/2024:18:20:58 +0200] "POST / HTTP/1.0" 200 1726 "-" "WordPress/6.6.2; class-udrpc.php/2.0; https://premium-gebaeudedienst.de"
81.209.248.207 - - [20/Sep/2024:18:20:58 +0200] "POST / HTTP/1.0" 200 1716 "-" "WordPress/6.6.2; class-udrpc.php/2.0; https://premium-gebaeudedienst.de"
81.209.248.207 - - [20/Sep/2024:18:21:01 +0200] "POST / HTTP/1.0" 200 1716 "-" "WordPress/6.6.2; class-udrpc.php/2.0; https://premium-gebaeudedienst.de"
81.209.248.207 - - [20/Sep/2024:18:21:01 +0200] "POST / HTTP/1.0" 200 1733 "-" "WordPress/6.6.2; class-udrpc.php/2.0; https://premium-gebaeudedienst.de"
81.209.248.207 - - [20/Sep/2024:18:21:02 +0200] "POST / HTTP/1.0" 200 1735 "-" "WordPress/6.6.2; class-udrpc.php/2.0; https://premium-gebaeudedienst.de"
81.209.248.207 - - [20/Sep/2024:18:21:03 +0200] "POST / HTTP/1.0" 200 1728 "-" "WordPress/6.6.2; class-udrpc.php/2.0; https://premium-gebaeudedienst.de"
81.209.248.207 - - [20/Sep/2024:18:21:03 +0200] "POST / HTTP/1.0" 200 1729 "-" "WordPress/6.6.2; class-udrpc.php/2.0; https://premium-gebaeudedienst.de"
81.209.248.207 - - [20/Sep/2024:18:21:04 +0200] "POST / HTTP/1.0" 200 1729 "-" "WordPress/6.6.2; class-udrpc.php/2.0; https://premium-gebaeudedienst.de"
81.209.248.207 - - [20/Sep/2024:18:21:04 +0200] "POST / HTTP/1.0" 200 1727 "-" "WordPress/6.6.2; class-udrpc.php/2.0; https://premium-gebaeudedienst.de"
81.209.248.207 - - [20/Sep/2024:18:21:05 +0200] "POST / HTTP/1.0" 200 1733 "-" "WordPress/6.6.2; class-udrpc.php/2.0; https://premium-gebaeudedienst.de"
81.209.248.207 - - [20/Sep/2024:18:21:06 +0200] "POST / HTTP/1.0" 200 1728 "-" "WordPress/6.6.2; class-udrpc.php/2.0; https://premium-gebaeudedienst.de"
81.209.248.207 - - [20/Sep/2024:18:21:06 +0200] "POST / HTTP/1.0" 200 1734 "-" "WordPress/6.6.2; class-udrpc.php/2.0; https://premium-gebaeudedienst.de"
81.209.248.207 - - [20/Sep/2024:18:21:07 +0200] "POST / HTTP/1.0" 200 1729 "-" "WordPress/6.6.2; class-udrpc.php/2.0; https://premium-gebaeudedienst.de"
81.209.248.207 - - [20/Sep/2024:18:21:07 +0200] "POST / HTTP/1.0" 200 1723 "-" "WordPress/6.6.2; class-udrpc.php/2.0; https://premium-gebaeudedienst.de"
81.209.248.207 - - [20/Sep/2024:18:21:08 +0200] "POST / HTTP/1.0" 200 1731 "-" "WordPress/6.6.2; class-udrpc.php/2.0; https://premium-gebaeudedienst.de"
81.209.248.207 - - [20/Sep/2024:18:21:09 +0200] "POST / HTTP/1.0" 200 1737 "-" "WordPress/6.6.2; class-udrpc.php/2.0; https://premium-gebaeudedienst.de"
81.209.248.207 - - [20/Sep/2024:18:21:09 +0200] "POST / HTTP/1.0" 200 1726 "-" "WordPress/6.6.2; class-udrpc.php/2.0; https://premium-gebaeudedienst.de"
81.209.248.207 - - [20/Sep/2024:18:21:10 +0200] "POST / HTTP/1.0" 200 1728 "-" "WordPress/6.6.2; class-udrpc.php/2.0; https://premium-gebaeudedienst.de"
81.209.248.207 - - [20/Sep/2024:18:21:10 +0200] "POST / HTTP/1.0" 200 1727 "-" "WordPress/6.6.2; class-udrpc.php/2.0; https://premium-gebaeudedienst.de"
81.209.248.207 - - [20/Sep/2024:18:21:11 +0200] "POST / HTTP/1.0" 200 1729 "-" "WordPress/6.6.2; class-udrpc.php/2.0; https://premium-gebaeudedienst.de"
81.209.248.207 - - [20/Sep/2024:18:21:12 +0200] "POST / HTTP/1.0" 200 1731 "-" "WordPress/6.6.2; class-udrpc.php/2.0; https://premium-gebaeudedienst.de"
81.209.248.207 - - [20/Sep/2024:18:21:12 +0200] "POST / HTTP/1.0" 200 1731 "-" "WordPress/6.6.2; class-udrpc.php/2.0; https://premium-gebaeudedienst.de"
94.130.90.54 - - [20/Sep/2024:18:21:13 +0200] "GET /wp-includes/blocks/navigation/view.min.js?ver=6.6.2 HTTP/1.1" 304 3411 "https://premiumgebaeude.inglory.de/" "Serf/1.3.9 (mod_pagespeed/1.13.35.2-0)"
88.99.26.177 - - [20/Sep/2024:18:21:12 +0200] "GET / HTTP/1.0" 200 17260 "-" "Mozilla/5.0 (Linux; Android 14) AppleWebKit/537.36 (KHTML, like Gecko) Chrome/118.0.5993.80 Mobile Safari/537.36"
94.130.90.54 - - [20/Sep/2024:18:21:13 +0200] "GET /wp-includes/blocks/navigation/style.min.css?ver=6.6.2 HTTP/1.1" 304 3412 "https://premiumgebaeude.inglory.de/" "Serf/1.3.9 (mod_pagespeed/1.13.35.2-0)"
94.130.90.54 - - [20/Sep/2024:18:21:13 +0200] "GET /wp-includes/blocks/image/style.min.css?ver=6.6.2 HTTP/1.1" 304 3412 "https://premiumgebaeude.inglory.de/" "Serf/1.3.9 (mod_pagespeed/1.13.35.2-0)"
94.130.90.54 - - [20/Sep/2024:18:21:13 +0200] "GET /wp-content/themes/twentytwentyfour/assets/images/building-exterior.webp HTTP/1.1" 200 203596 "https://premiumgebaeude.inglory.de/" "Serf/1.3.9 (mod_pagespeed/1.13.35.2-0)"
94.130.90.54 - - [20/Sep/2024:18:21:13 +0200] "GET /wp-content/themes/twentytwentyfour/assets/images/tourist-and-building.webp HTTP/1.1" 200 70121 "https://premiumgebaeude.inglory.de/" "Serf/1.3.9 (mod_pagespeed/1.13.35.2-0)"
94.130.90.54 - - [20/Sep/2024:18:21:13 +0200] "GET /wp-content/themes/twentytwentyfour/assets/images/windows.webp HTTP/1.1" 200 129971 "https://premiumgebaeude.inglory.de/" "Serf/1.3.9 (mod_pagespeed/1.13.35.2-0)"
81.209.248.207 - - [20/Sep/2024:18:21:13 +0200] "POST / HTTP/1.0" 200 1735 "-" "WordPress/6.6.2; class-udrpc.php/2.0; https://premium-gebaeudedienst.de"
81.209.248.207 - - [20/Sep/2024:18:21:13 +0200] "POST / HTTP/1.0" 200 1737 "-" "WordPress/6.6.2; class-udrpc.php/2.0; https://premium-gebaeudedienst.de"
81.209.248.207 - - [20/Sep/2024:18:21:14 +0200] "POST / HTTP/1.0" 200 1725 "-" "WordPress/6.6.2; class-udrpc.php/2.0; https://premium-gebaeudedienst.de"
81.209.248.207 - - [20/Sep/2024:18:21:15 +0200] "POST / HTTP/1.0" 200 1727 "-" "WordPress/6.6.2; class-udrpc.php/2.0; https://premium-gebaeudedienst.de"
81.209.248.207 - - [20/Sep/2024:18:21:15 +0200] "POST / HTTP/1.0" 200 1736 "-" "WordPress/6.6.2; class-udrpc.php/2.0; https://premium-gebaeudedienst.de"
81.209.248.207 - - [20/Sep/2024:18:21:16 +0200] "POST / HTTP/1.0" 200 1730 "-" "WordPress/6.6.2; class-udrpc.php/2.0; https://premium-gebaeudedienst.de"
81.209.248.207 - - [20/Sep/2024:18:21:16 +0200] "POST / HTTP/1.0" 200 1728 "-" "WordPress/6.6.2; class-udrpc.php/2.0; https://premium-gebaeudedienst.de"
81.209.248.207 - - [20/Sep/2024:18:21:17 +0200] "POST / HTTP/1.0" 200 1729 "-" "WordPress/6.6.2; class-udrpc.php/2.0; https://premium-gebaeudedienst.de"
81.209.248.207 - - [20/Sep/2024:18:21:18 +0200] "POST / HTTP/1.0" 200 1727 "-" "WordPress/6.6.2; class-udrpc.php/2.0; https://premium-gebaeudedienst.de"
81.209.248.207 - - [20/Sep/2024:18:21:18 +0200] "POST / HTTP/1.0" 200 1730 "-" "WordPress/6.6.2; class-udrpc.php/2.0; https://premium-gebaeudedienst.de"
81.209.248.207 - - [20/Sep/2024:18:21:19 +0200] "POST / HTTP/1.0" 200 1730 "-" "WordPress/6.6.2; class-udrpc.php/2.0; https://premium-gebaeudedienst.de"
81.209.248.207 - - [20/Sep/2024:18:21:19 +0200] "POST / HTTP/1.0" 200 1725 "-" "WordPress/6.6.2; class-udrpc.php/2.0; https://premium-gebaeudedienst.de"
81.209.248.207 - - [20/Sep/2024:18:21:20 +0200] "POST / HTTP/1.0" 200 1730 "-" "WordPress/6.6.2; class-udrpc.php/2.0; https://premium-gebaeudedienst.de"
81.209.248.207 - - [20/Sep/2024:18:21:21 +0200] "POST / HTTP/1.0" 200 1730 "-" "WordPress/6.6.2; class-udrpc.php/2.0; https://premium-gebaeudedienst.de"
81.209.248.207 - - [20/Sep/2024:18:21:21 +0200] "POST / HTTP/1.0" 200 1721 "-" "WordPress/6.6.2; class-udrpc.php/2.0; https://premium-gebaeudedienst.de"
89.244.92.18 - - [20/Sep/2024:18:21:22 +0200] "POST /wp-admin/admin-ajax.php HTTP/1.0" 200 1401 "https://premiumgebaeude.inglory.de/wp-admin/options-general.php?page=updraftplus" "Mozilla/5.0 (Macintosh; Intel Mac OS X 10_15_7) AppleWebKit/537.36 (KHTML, like Gecko) Chrome/128.0.0.0 Safari/537.36"
81.209.248.207 - - [20/Sep/2024:18:21:22 +0200] "POST / HTTP/1.0" 200 1728 "-" "WordPress/6.6.2; class-udrpc.php/2.0; https://premium-gebaeudedienst.de"
81.209.248.207 - - [20/Sep/2024:18:21:22 +0200] "POST / HTTP/1.0" 200 1730 "-" "WordPress/6.6.2; class-udrpc.php/2.0; https://premium-gebaeudedienst.de"
81.209.248.207 - - [20/Sep/2024:18:21:23 +0200] "POST / HTTP/1.0" 200 1728 "-" "WordPress/6.6.2; class-udrpc.php/2.0; https://premium-gebaeudedienst.de"
81.209.248.207 - - [20/Sep/2024:18:21:24 +0200] "POST / HTTP/1.0" 200 1725 "-" "WordPress/6.6.2; class-udrpc.php/2.0; https://premium-gebaeudedienst.de"
81.209.248.207 - - [20/Sep/2024:18:21:24 +0200] "POST / HTTP/1.0" 200 1724 "-" "WordPress/6.6.2; class-udrpc.php/2.0; https://premium-gebaeudedienst.de"
89.244.92.18 - - [20/Sep/2024:18:21:25 +0200] "POST /wp-admin/admin-ajax.php HTTP/1.0" 200 6400 "https://premiumgebaeude.inglory.de/wp-admin/options-general.php?page=updraftplus" "Mozilla/5.0 (Macintosh; Intel Mac OS X 10_15_7) AppleWebKit/537.36 (KHTML, like Gecko) Chrome/128.0.0.0 Safari/537.36"
81.209.248.207 - - [20/Sep/2024:18:21:25 +0200] "POST / HTTP/1.0" 200 1726 "-" "WordPress/6.6.2; class-udrpc.php/2.0; https://premium-gebaeudedienst.de"
81.209.248.207 - - [20/Sep/2024:18:21:25 +0200] "POST / HTTP/1.0" 200 1728 "-" "WordPress/6.6.2; class-udrpc.php/2.0; https://premium-gebaeudedienst.de"
81.209.248.207 - - [20/Sep/2024:18:21:26 +0200] "POST / HTTP/1.0" 200 1734 "-" "WordPress/6.6.2; class-udrpc.php/2.0; https://premium-gebaeudedienst.de"
81.209.248.207 - - [20/Sep/2024:18:21:26 +0200] "POST / HTTP/1.0" 200 1706 "-" "WordPress/6.6.2; class-udrpc.php/2.0; https://premium-gebaeudedienst.de"
81.209.248.207 - - [20/Sep/2024:18:21:29 +0200] "POST / HTTP/1.0" 200 1712 "-" "WordPress/6.6.2; class-udrpc.php/2.0; https://premium-gebaeudedienst.de"
81.209.248.207 - - [20/Sep/2024:18:21:29 +0200] "POST / HTTP/1.0" 200 1723 "-" "WordPress/6.6.2; class-udrpc.php/2.0; https://premium-gebaeudedienst.de"
81.209.248.207 - - [20/Sep/2024:18:21:30 +0200] "POST / HTTP/1.0" 200 1728 "-" "WordPress/6.6.2; class-udrpc.php/2.0; https://premium-gebaeudedienst.de"
81.209.248.207 - - [20/Sep/2024:18:21:31 +0200] "POST / HTTP/1.0" 200 1732 "-" "WordPress/6.6.2; class-udrpc.php/2.0; https://premium-gebaeudedienst.de"
81.209.248.207 - - [20/Sep/2024:18:21:31 +0200] "POST / HTTP/1.0" 200 1711 "-" "WordPress/6.6.2; class-udrpc.php/2.0; https://premium-gebaeudedienst.de"
81.209.248.207 - - [20/Sep/2024:18:21:34 +0200] "POST / HTTP/1.0" 200 1709 "-" "WordPress/6.6.2; class-udrpc.php/2.0; https://premium-gebaeudedienst.de"
81.209.248.207 - - [20/Sep/2024:18:21:34 +0200] "POST / HTTP/1.0" 200 1723 "-" "WordPress/6.6.2; class-udrpc.php/2.0; https://premium-gebaeudedienst.de"
81.209.248.207 - - [20/Sep/2024:18:21:35 +0200] "POST / HTTP/1.0" 200 1705 "-" "WordPress/6.6.2; class-udrpc.php/2.0; https://premium-gebaeudedienst.de"
81.209.248.207 - - [20/Sep/2024:18:21:35 +0200] "POST / HTTP/1.0" 200 1693 "-" "WordPress/6.6.2; class-udrpc.php/2.0; https://premium-gebaeudedienst.de"
94.130.90.54 - - [20/Sep/2024:18:56:41 +0200] "GET /wp-includes/blocks/navigation/view.min.js?ver=6.6.2 HTTP/1.1" 304 3411 "https://premiumgebaeude.inglory.de/" "Serf/1.3.9 (mod_pagespeed/1.13.35.2-0)"
77.21.253.29 - - [20/Sep/2024:18:56:41 +0200] "GET / HTTP/1.0" 200 17260 "-" "Mozilla/5.0 (iPhone; CPU iPhone OS 18_0 like Mac OS X) AppleWebKit/605.1.15 (KHTML, like Gecko) Version/18.0 Mobile/15E148 Safari/604.1"
94.130.90.54 - - [20/Sep/2024:18:56:41 +0200] "GET /wp-includes/blocks/navigation/style.min.css?ver=6.6.2 HTTP/1.1" 304 3412 "https://premiumgebaeude.inglory.de/" "Serf/1.3.9 (mod_pagespeed/1.13.35.2-0)"
94.130.90.54 - - [20/Sep/2024:18:56:41 +0200] "GET /wp-includes/blocks/image/style.min.css?ver=6.6.2 HTTP/1.1" 304 3412 "https://premiumgebaeude.inglory.de/" "Serf/1.3.9 (mod_pagespeed/1.13.35.2-0)"
94.130.90.54 - - [20/Sep/2024:18:56:41 +0200] "GET /wp-content/themes/twentytwentyfour/assets/images/building-exterior.webp HTTP/1.1" 200 203596 "https://premiumgebaeude.inglory.de/" "Serf/1.3.9 (mod_pagespeed/1.13.35.2-0)"
94.130.90.54 - - [20/Sep/2024:18:56:41 +0200] "GET /wp-content/themes/twentytwentyfour/assets/images/tourist-and-building.webp HTTP/1.1" 200 70121 "https://premiumgebaeude.inglory.de/" "Serf/1.3.9 (mod_pagespeed/1.13.35.2-0)"
94.130.90.54 - - [20/Sep/2024:18:56:41 +0200] "GET /wp-content/themes/twentytwentyfour/assets/images/windows.webp HTTP/1.1" 200 129971 "https://premiumgebaeude.inglory.de/" "Serf/1.3.9 (mod_pagespeed/1.13.35.2-0)"
77.21.253.29 - - [20/Sep/2024:18:56:41 +0200] "GET /wp-includes/blocks/navigation/style.min.css?ver=6.6.2 HTTP/1.0" 200 3237 "https://premiumgebaeude.inglory.de/" "Mozilla/5.0 (iPhone; CPU iPhone OS 18_0 like Mac OS X) AppleWebKit/605.1.15 (KHTML, like Gecko) Version/18.0 Mobile/15E148 Safari/604.1"
77.21.253.29 - - [20/Sep/2024:18:56:41 +0200] "GET /wp-includes/blocks/image/style.min.css?ver=6.6.2 HTTP/1.0" 200 2482 "https://premiumgebaeude.inglory.de/" "Mozilla/5.0 (iPhone; CPU iPhone OS 18_0 like Mac OS X) AppleWebKit/605.1.15 (KHTML, like Gecko) Version/18.0 Mobile/15E148 Safari/604.1"
77.21.253.29 - - [20/Sep/2024:18:56:41 +0200] "GET /wp-includes/blocks/navigation/view.min.js?ver=6.6.2 HTTP/1.0" 200 2109 "https://premiumgebaeude.inglory.de/" "Mozilla/5.0 (iPhone; CPU iPhone OS 18_0 like Mac OS X) AppleWebKit/605.1.15 (KHTML, like Gecko) Version/18.0 Mobile/15E148 Safari/604.1"
77.21.253.29 - - [20/Sep/2024:18:56:41 +0200] "GET /wp-content/themes/twentytwentyfour/assets/images/building-exterior.webp HTTP/1.0" 200 200756 "https://premiumgebaeude.inglory.de/" "Mozilla/5.0 (iPhone; CPU iPhone OS 18_0 like Mac OS X) AppleWebKit/605.1.15 (KHTML, like Gecko) Version/18.0 Mobile/15E148 Safari/604.1"
77.21.253.29 - - [20/Sep/2024:18:56:41 +0200] "GET /wp-content/themes/twentytwentyfour/assets/fonts/inter/Inter-VariableFont_slnt,wght.woff2 HTTP/1.0" 200 327868 "https://premiumgebaeude.inglory.de/" "Mozilla/5.0 (iPhone; CPU iPhone OS 18_0 like Mac OS X) AppleWebKit/605.1.15 (KHTML, like Gecko) Version/18.0 Mobile/15E148 Safari/604.1"
77.21.253.29 - - [20/Sep/2024:18:56:41 +0200] "GET /wp-includes/js/dist/interactivity.min.js?ver=6.6.2 HTTP/1.0" 200 14481 "https://premiumgebaeude.inglory.de/" "Mozilla/5.0 (iPhone; CPU iPhone OS 18_0 like Mac OS X) AppleWebKit/605.1.15 (KHTML, like Gecko) Version/18.0 Mobile/15E148 Safari/604.1"
77.21.253.29 - - [20/Sep/2024:18:56:41 +0200] "GET /wp-content/themes/twentytwentyfour/assets/fonts/cardo/cardo_normal_400.woff2 HTTP/1.0" 200 147058 "https://premiumgebaeude.inglory.de/" "Mozilla/5.0 (iPhone; CPU iPhone OS 18_0 like Mac OS X) AppleWebKit/605.1.15 (KHTML, like Gecko) Version/18.0 Mobile/15E148 Safari/604.1"
77.21.253.29 - - [20/Sep/2024:18:56:41 +0200] "GET /wp-content/themes/twentytwentyfour/assets/fonts/cardo/cardo_italic_400.woff2 HTTP/1.0" 200 106138 "https://premiumgebaeude.inglory.de/" "Mozilla/5.0 (iPhone; CPU iPhone OS 18_0 like Mac OS X) AppleWebKit/605.1.15 (KHTML, like Gecko) Version/18.0 Mobile/15E148 Safari/604.1"
77.21.253.29 - - [20/Sep/2024:18:56:41 +0200] "GET /wp-content/themes/twentytwentyfour/assets/images/tourist-and-building.webp HTTP/1.0" 200 67337 "https://premiumgebaeude.inglory.de/" "Mozilla/5.0 (iPhone; CPU iPhone OS 18_0 like Mac OS X) AppleWebKit/605.1.15 (KHTML, like Gecko) Version/18.0 Mobile/15E148 Safari/604.1"
77.21.253.29 - - [20/Sep/2024:18:56:41 +0200] "GET /wp-content/themes/twentytwentyfour/assets/images/windows.webp HTTP/1.0" 200 127166 "https://premiumgebaeude.inglory.de/" "Mozilla/5.0 (iPhone; CPU iPhone OS 18_0 like Mac OS X) AppleWebKit/605.1.15 (KHTML, like Gecko) Version/18.0 Mobile/15E148 Safari/604.1"
77.21.253.29 - - [20/Sep/2024:18:56:41 +0200] "POST /mod_pagespeed_beacon?url=https%3A%2F%2Fpremiumgebaeude.inglory.de%2F HTTP/1.0" 204 669 "https://premiumgebaeude.inglory.de/" "Mozilla/5.0 (iPhone; CPU iPhone OS 18_0 like Mac OS X) AppleWebKit/605.1.15 (KHTML, like Gecko) Version/18.0 Mobile/15E148 Safari/604.1"
77.21.253.29 - - [20/Sep/2024:18:56:41 +0200] "GET /favicon.ico HTTP/1.0" 404 1609 "https://premiumgebaeude.inglory.de/" "Mozilla/5.0 (iPhone; CPU iPhone OS 18_0 like Mac OS X) AppleWebKit/605.1.15 (KHTML, like Gecko) Version/18.0 Mobile/15E148 Safari/604.1"
77.21.253.29 - - [20/Sep/2024:18:56:48 +0200] "GET / HTTP/1.0" 200 17322 "-" "Mozilla/5.0 (iPhone; CPU iPhone OS 18_0 like Mac OS X) AppleWebKit/605.1.15 (KHTML, like Gecko) Version/18.0 Mobile/15E148 Safari/604.1"
77.21.253.29 - - [20/Sep/2024:18:56:48 +0200] "GET /wp-includes/blocks/image/style.min.css,qver=6.6.2.pagespeed.ce.Bz-g5il46G.css HTTP/1.0" 200 2434 "https://premiumgebaeude.inglory.de/" "Mozilla/5.0 (iPhone; CPU iPhone OS 18_0 like Mac OS X) AppleWebKit/605.1.15 (KHTML, like Gecko) Version/18.0 Mobile/15E148 Safari/604.1"
77.21.253.29 - - [20/Sep/2024:18:56:48 +0200] "GET /wp-includes/blocks/navigation/view.min.js,qver=6.6.2.pagespeed.ce.HdNUt1nJEI.js HTTP/1.0" 200 2059 "https://premiumgebaeude.inglory.de/" "Mozilla/5.0 (iPhone; CPU iPhone OS 18_0 like Mac OS X) AppleWebKit/605.1.15 (KHTML, like Gecko) Version/18.0 Mobile/15E148 Safari/604.1"
77.21.253.29 - - [20/Sep/2024:18:56:48 +0200] "GET /wp-includes/blocks/navigation/style.min.css,qver=6.6.2.pagespeed.ce.JIsZM9j6_N.css HTTP/1.0" 200 3240 "https://premiumgebaeude.inglory.de/" "Mozilla/5.0 (iPhone; CPU iPhone OS 18_0 like Mac OS X) AppleWebKit/605.1.15 (KHTML, like Gecko) Version/18.0 Mobile/15E148 Safari/604.1"
77.21.253.29 - - [20/Sep/2024:18:56:48 +0200] "POST /mod_pagespeed_beacon?url=https%3A%2F%2Fpremiumgebaeude.inglory.de%2F HTTP/1.0" 204 669 "https://premiumgebaeude.inglory.de/" "Mozilla/5.0 (iPhone; CPU iPhone OS 18_0 like Mac OS X) AppleWebKit/605.1.15 (KHTML, like Gecko) Version/18.0 Mobile/15E148 Safari/604.1"
77.21.253.29 - - [20/Sep/2024:18:56:51 +0200] "GET /wp-admin HTTP/1.0" 301 1091 "-" "Mozilla/5.0 (iPhone; CPU iPhone OS 18_0 like Mac OS X) AppleWebKit/605.1.15 (KHTML, like Gecko) Version/18.0 Mobile/15E148 Safari/604.1"
77.21.253.29 - - [20/Sep/2024:18:56:51 +0200] "GET /wp-admin/ HTTP/1.0" 302 967 "-" "Mozilla/5.0 (iPhone; CPU iPhone OS 18_0 like Mac OS X) AppleWebKit/605.1.15 (KHTML, like Gecko) Version/18.0 Mobile/15E148 Safari/604.1"
94.130.90.54 - - [20/Sep/2024:18:56:51 +0200] "GET /wp-includes/js/dist/i18n.min.js?ver=5e580eb46a90c2b997e6 HTTP/1.1" 200 12723 "https://premiumgebaeude.inglory.de/wp-login.php?redirect_to=https%3A%2F%2Fpremiumgebaeude.inglory.de%2Fwp-admin%2F&reauth=1" "Serf/1.3.9 (mod_pagespeed/1.13.35.2-0)"
77.21.253.29 - - [20/Sep/2024:18:56:51 +0200] "GET /wp-login.php?redirect_to=https%3A%2F%2Fpremiumgebaeude.inglory.de%2Fwp-admin%2F&reauth=1 HTTP/1.0" 200 5681 "-" "Mozilla/5.0 (iPhone; CPU iPhone OS 18_0 like Mac OS X) AppleWebKit/605.1.15 (KHTML, like Gecko) Version/18.0 Mobile/15E148 Safari/604.1"
94.130.90.54 - - [20/Sep/2024:18:56:51 +0200] "GET /wp-includes/js/underscore.min.js?ver=1.13.4 HTTP/1.1" 200 22445 "https://premiumgebaeude.inglory.de/wp-login.php?redirect_to=https%3A%2F%2Fpremiumgebaeude.inglory.de%2Fwp-admin%2F&reauth=1" "Serf/1.3.9 (mod_pagespeed/1.13.35.2-0)"
94.130.90.54 - - [20/Sep/2024:18:56:51 +0200] "GET /wp-includes/js/wp-util.min.js?ver=6.6.2 HTTP/1.1" 200 4978 "https://premiumgebaeude.inglory.de/wp-login.php?redirect_to=https%3A%2F%2Fpremiumgebaeude.inglory.de%2Fwp-admin%2F&reauth=1" "Serf/1.3.9 (mod_pagespeed/1.13.35.2-0)"
77.21.253.29 - - [20/Sep/2024:18:56:52 +0200] "GET /wp-admin/js/password-strength-meter.min.js?ver=6.6.2 HTTP/1.0" 200 1452 "https://premiumgebaeude.inglory.de/wp-login.php?redirect_to=https%3A%2F%2Fpremiumgebaeude.inglory.de%2Fwp-admin%2F&reauth=1" "Mozilla/5.0 (iPhone; CPU iPhone OS 18_0 like Mac OS X) AppleWebKit/605.1.15 (KHTML, like Gecko) Version/18.0 Mobile/15E148 Safari/604.1"
77.21.253.29 - - [20/Sep/2024:18:56:52 +0200] "GET /wp-includes/js/dist/i18n.min.js?ver=5e580eb46a90c2b997e6 HTTP/1.0" 200 4661 "https://premiumgebaeude.inglory.de/wp-login.php?redirect_to=https%3A%2F%2Fpremiumgebaeude.inglory.de%2Fwp-admin%2F&reauth=1" "Mozilla/5.0 (iPhone; CPU iPhone OS 18_0 like Mac OS X) AppleWebKit/605.1.15 (KHTML, like Gecko) Version/18.0 Mobile/15E148 Safari/604.1"
77.21.253.29 - - [20/Sep/2024:18:56:52 +0200] "GET /wp-includes/js/underscore.min.js?ver=1.13.4 HTTP/1.0" 200 8292 "https://premiumgebaeude.inglory.de/wp-login.php?redirect_to=https%3A%2F%2Fpremiumgebaeude.inglory.de%2Fwp-admin%2F&reauth=1" "Mozilla/5.0 (iPhone; CPU iPhone OS 18_0 like Mac OS X) AppleWebKit/605.1.15 (KHTML, like Gecko) Version/18.0 Mobile/15E148 Safari/604.1"
77.21.253.29 - - [20/Sep/2024:18:56:52 +0200] "GET /wp-includes/js/wp-util.min.js?ver=6.6.2 HTTP/1.0" 200 1729 "https://premiumgebaeude.inglory.de/wp-login.php?redirect_to=https%3A%2F%2Fpremiumgebaeude.inglory.de%2Fwp-admin%2F&reauth=1" "Mozilla/5.0 (iPhone; CPU iPhone OS 18_0 like Mac OS X) AppleWebKit/605.1.15 (KHTML, like Gecko) Version/18.0 Mobile/15E148 Safari/604.1"
77.21.253.29 - - [20/Sep/2024:18:56:52 +0200] "GET /wp-admin/js/user-profile.min.js?ver=6.6.2 HTTP/1.0" 200 3357 "https://premiumgebaeude.inglory.de/wp-login.php?redirect_to=https%3A%2F%2Fpremiumgebaeude.inglory.de%2Fwp-admin%2F&reauth=1" "Mozilla/5.0 (iPhone; CPU iPhone OS 18_0 like Mac OS X) AppleWebKit/605.1.15 (KHTML, like Gecko) Version/18.0 Mobile/15E148 Safari/604.1"
77.21.253.29 - - [20/Sep/2024:18:56:52 +0200] "GET /wp-admin/load-styles.php?c=0&dir=ltr&load%5Bchunk_0%5D=dashicons,buttons,forms,l10n,login&ver=6.6.2 HTTP/1.0" 200 46934 "https://premiumgebaeude.inglory.de/wp-login.php?redirect_to=https%3A%2F%2Fpremiumgebaeude.inglory.de%2Fwp-admin%2F&reauth=1" "Mozilla/5.0 (iPhone; CPU iPhone OS 18_0 like Mac OS X) AppleWebKit/605.1.15 (KHTML, like Gecko) Version/18.0 Mobile/15E148 Safari/604.1"
77.21.253.29 - - [20/Sep/2024:18:56:52 +0200] "GET /wp-admin/load-scripts.php?c=0&load%5Bchunk_0%5D=jquery-core,jquery-migrate,zxcvbn-async,wp-hooks&ver=6.6.2 HTTP/1.0" 200 36889 "https://premiumgebaeude.inglory.de/wp-login.php?redirect_to=https%3A%2F%2Fpremiumgebaeude.inglory.de%2Fwp-admin%2F&reauth=1" "Mozilla/5.0 (iPhone; CPU iPhone OS 18_0 like Mac OS X) AppleWebKit/605.1.15 (KHTML, like Gecko) Version/18.0 Mobile/15E148 Safari/604.1"
77.21.253.29 - - [20/Sep/2024:18:56:52 +0200] "GET /wp-admin/images/wordpress-logo.svg?ver=20131107 HTTP/1.0" 200 2292 "https://premiumgebaeude.inglory.de/wp-login.php?redirect_to=https%3A%2F%2Fpremiumgebaeude.inglory.de%2Fwp-admin%2F&reauth=1" "Mozilla/5.0 (iPhone; CPU iPhone OS 18_0 like Mac OS X) AppleWebKit/605.1.15 (KHTML, like Gecko) Version/18.0 Mobile/15E148 Safari/604.1"
