57.141.20.16 - - [25/Feb/2026:01:36:05 +0100] "GET /https://www.kleh.net/images/59.png HTTP/1.0" 301 4162 "-" "meta-externalagent/1.1 (+https://developers.facebook.com/docs/sharing/webmasters/crawler)"
57.141.20.33 - - [25/Feb/2026:01:36:08 +0100] "GET /https:/www.kleh.net/images/59.png HTTP/1.0" 404 121143 "-" "meta-externalagent/1.1 (+https://developers.facebook.com/docs/sharing/webmasters/crawler)"
57.141.20.59 - - [25/Feb/2026:01:48:35 +0100] "GET /wp-content/uploads/thumbnail-7.jpg HTTP/1.0" 200 46912 "-" "meta-externalagent/1.1 (+https://developers.facebook.com/docs/sharing/webmasters/crawler)"
57.141.20.17 - - [25/Feb/2026:01:49:43 +0100] "GET /wp-content/uploads/image-3.jpeg HTTP/1.0" 200 47670 "-" "meta-externalagent/1.1 (+https://developers.facebook.com/docs/sharing/webmasters/crawler)"
94.130.90.54 - - [25/Feb/2026:01:59:59 +0100] "GET /wp-content/plugins/preloader-pro/assets/css/loftloader.min.css?ver=2024090401 HTTP/1.1" 200 75887 "https://kleh.inglory.de/" "Serf/1.3.9 (mod_pagespeed/1.13.35.2-0)"
94.130.90.54 - - [25/Feb/2026:01:59:59 +0100] "GET /wp-content/themes/hello-elementor/assets/css/reset.css?ver=3.4.6 HTTP/1.1" 200 8990 "https://kleh.inglory.de/" "Serf/1.3.9 (mod_pagespeed/1.13.35.2-0)"
94.130.90.54 - - [25/Feb/2026:01:59:59 +0100] "GET /wp-content/themes/hello-elementor/assets/css/theme.css?ver=3.4.6 HTTP/1.1" 200 8631 "https://kleh.inglory.de/" "Serf/1.3.9 (mod_pagespeed/1.13.35.2-0)"
94.130.90.54 - - [25/Feb/2026:01:59:59 +0100] "GET /wp-content/plugins/elementor/assets/css/frontend.min.css?ver=3.35.5 HTTP/1.1" 200 58288 "https://kleh.inglory.de/" "Serf/1.3.9 (mod_pagespeed/1.13.35.2-0)"
94.130.90.54 - - [25/Feb/2026:01:59:59 +0100] "GET /wp-content/plugins/elementor/assets/css/widget-image.min.css?ver=3.35.5 HTTP/1.1" 200 3716 "https://kleh.inglory.de/" "Serf/1.3.9 (mod_pagespeed/1.13.35.2-0)"
94.130.90.54 - - [25/Feb/2026:01:59:59 +0100] "GET /wp-content/plugins/elementor-pro/assets/css/widget-nav-menu.min.css?ver=3.35.1 HTTP/1.1" 200 30928 "https://kleh.inglory.de/" "Serf/1.3.9 (mod_pagespeed/1.13.35.2-0)"
94.130.90.54 - - [25/Feb/2026:01:59:59 +0100] "GET /wp-content/plugins/elementor-pro/assets/css/modules/sticky.min.css?ver=3.35.1 HTTP/1.1" 200 3664 "https://kleh.inglory.de/" "Serf/1.3.9 (mod_pagespeed/1.13.35.2-0)"
45.148.10.174 - - [25/Feb/2026:01:59:58 +0100] "GET / HTTP/1.0" 200 77041 "-" "Mozilla/5.0 (X11; Linux x86_64) AppleWebKit/537.36 (KHTML, like Gecko) Chrome/131.0.0.0 Safari/537.36"
94.130.90.54 - - [25/Feb/2026:01:59:59 +0100] "GET /wp-content/plugins/elementor/assets/css/widget-heading.min.css?ver=3.35.5 HTTP/1.1" 200 4063 "https://kleh.inglory.de/" "Serf/1.3.9 (mod_pagespeed/1.13.35.2-0)"
94.130.90.54 - - [25/Feb/2026:01:59:59 +0100] "GET /wp-content/plugins/elementor/assets/css/widget-icon-box.min.css?ver=3.35.5 HTTP/1.1" 200 8260 "https://kleh.inglory.de/" "Serf/1.3.9 (mod_pagespeed/1.13.35.2-0)"
94.130.90.54 - - [25/Feb/2026:01:59:59 +0100] "GET /wp-content/plugins/elementor/assets/css/widget-icon-list.min.css?ver=3.35.5 HTTP/1.1" 200 13790 "https://kleh.inglory.de/" "Serf/1.3.9 (mod_pagespeed/1.13.35.2-0)"
94.130.90.54 - - [25/Feb/2026:01:59:59 +0100] "GET /wp-content/plugins/elementor/assets/css/widget-social-icons.min.css?ver=3.35.5 HTTP/1.1" 200 8644 "https://kleh.inglory.de/" "Serf/1.3.9 (mod_pagespeed/1.13.35.2-0)"
94.130.90.54 - - [25/Feb/2026:01:59:59 +0100] "GET /wp-content/plugins/elementor/assets/css/conditionals/apple-webkit.min.css?ver=3.35.5 HTTP/1.1" 200 10247 "https://kleh.inglory.de/" "Serf/1.3.9 (mod_pagespeed/1.13.35.2-0)"
94.130.90.54 - - [25/Feb/2026:01:59:59 +0100] "GET /wp-content/plugins/elementor/assets/lib/animations/styles/fadeInLeft.min.css?ver=3.35.5 HTTP/1.1" 200 3639 "https://kleh.inglory.de/" "Serf/1.3.9 (mod_pagespeed/1.13.35.2-0)"
94.130.90.54 - - [25/Feb/2026:01:59:59 +0100] "GET /wp-content/plugins/elementor/assets/lib/animations/styles/fadeIn.min.css?ver=3.35.5 HTTP/1.1" 200 3578 "https://kleh.inglory.de/" "Serf/1.3.9 (mod_pagespeed/1.13.35.2-0)"
94.130.90.54 - - [25/Feb/2026:01:59:59 +0100] "GET /wp-content/plugins/elementor-pro/assets/css/conditionals/popup.min.css?ver=3.35.1 HTTP/1.1" 200 4498 "https://kleh.inglory.de/" "Serf/1.3.9 (mod_pagespeed/1.13.35.2-0)"
94.130.90.54 - - [25/Feb/2026:01:59:59 +0100] "GET /wp-content/plugins/elementor-pro/assets/css/widget-search.min.css?ver=3.35.1 HTTP/1.1" 200 16982 "https://kleh.inglory.de/" "Serf/1.3.9 (mod_pagespeed/1.13.35.2-0)"
94.130.90.54 - - [25/Feb/2026:01:59:59 +0100] "GET /wp-content/plugins/elementor/assets/lib/animations/styles/slideInDown.min.css?ver=3.35.5 HTTP/1.1" 200 3655 "https://kleh.inglory.de/" "Serf/1.3.9 (mod_pagespeed/1.13.35.2-0)"
94.130.90.54 - - [25/Feb/2026:01:59:59 +0100] "GET /wp-content/plugins/elementor/assets/lib/eicons/css/elementor-icons.min.css?ver=5.47.0 HTTP/1.1" 200 25205 "https://kleh.inglory.de/" "Serf/1.3.9 (mod_pagespeed/1.13.35.2-0)"
94.130.90.54 - - [25/Feb/2026:01:59:59 +0100] "GET /wp-content/uploads/elementor/css/post-6.css?ver=1771357287 HTTP/1.1" 200 12140 "https://kleh.inglory.de/" "Serf/1.3.9 (mod_pagespeed/1.13.35.2-0)"
94.130.90.54 - - [25/Feb/2026:01:59:59 +0100] "GET /wp-content/plugins/elementor/assets/css/widget-divider.min.css?ver=3.35.5 HTTP/1.1" 200 7792 "https://kleh.inglory.de/" "Serf/1.3.9 (mod_pagespeed/1.13.35.2-0)"
94.130.90.54 - - [25/Feb/2026:01:59:59 +0100] "GET /wp-content/plugins/elementor/assets/lib/swiper/v8/css/swiper.min.css?ver=8.4.5 HTTP/1.1" 200 20035 "https://kleh.inglory.de/" "Serf/1.3.9 (mod_pagespeed/1.13.35.2-0)"
94.130.90.54 - - [25/Feb/2026:01:59:59 +0100] "GET /wp-content/plugins/elementor/assets/css/conditionals/e-swiper.min.css?ver=3.35.5 HTTP/1.1" 200 9020 "https://kleh.inglory.de/" "Serf/1.3.9 (mod_pagespeed/1.13.35.2-0)"
94.130.90.54 - - [25/Feb/2026:01:59:59 +0100] "GET /wp-content/plugins/elementor/assets/css/widget-image-carousel.min.css?ver=3.35.5 HTTP/1.1" 200 3845 "https://kleh.inglory.de/" "Serf/1.3.9 (mod_pagespeed/1.13.35.2-0)"
94.130.90.54 - - [25/Feb/2026:01:59:59 +0100] "GET /wp-content/plugins/elementor-pro/assets/css/widget-loop-common.min.css?ver=3.35.1 HTTP/1.1" 200 3710 "https://kleh.inglory.de/" "Serf/1.3.9 (mod_pagespeed/1.13.35.2-0)"
94.130.90.54 - - [25/Feb/2026:01:59:59 +0100] "GET /wp-content/plugins/elementor-pro/assets/css/widget-loop-carousel.min.css?ver=3.35.1 HTTP/1.1" 200 11907 "https://kleh.inglory.de/" "Serf/1.3.9 (mod_pagespeed/1.13.35.2-0)"
94.130.90.54 - - [25/Feb/2026:01:59:59 +0100] "GET /wp-content/uploads/elementor/css/post-359.css?ver=1771357287 HTTP/1.1" 200 15943 "https://kleh.inglory.de/" "Serf/1.3.9 (mod_pagespeed/1.13.35.2-0)"
94.130.90.54 - - [25/Feb/2026:01:59:59 +0100] "GET /wp-content/uploads/elementor/css/post-361.css?ver=1771357288 HTTP/1.1" 200 38147 "https://kleh.inglory.de/" "Serf/1.3.9 (mod_pagespeed/1.13.35.2-0)"
94.130.90.54 - - [25/Feb/2026:01:59:59 +0100] "GET /wp-content/uploads/elementor/css/post-1732.css?ver=1771357288 HTTP/1.1" 200 7266 "https://kleh.inglory.de/" "Serf/1.3.9 (mod_pagespeed/1.13.35.2-0)"
94.130.90.54 - - [25/Feb/2026:01:59:59 +0100] "GET /wp-content/uploads/elementor/css/post-959.css?ver=1771357288 HTTP/1.1" 200 11567 "https://kleh.inglory.de/" "Serf/1.3.9 (mod_pagespeed/1.13.35.2-0)"
94.130.90.54 - - [25/Feb/2026:01:59:59 +0100] "GET /wp-content/plugins/elementor/assets/lib/font-awesome/css/fontawesome.min.css?ver=5.15.3 HTTP/1.1" 200 61693 "https://kleh.inglory.de/" "Serf/1.3.9 (mod_pagespeed/1.13.35.2-0)"
94.130.90.54 - - [25/Feb/2026:01:59:59 +0100] "GET /wp-content/plugins/elementor/assets/lib/font-awesome/css/solid.min.css?ver=5.15.3 HTTP/1.1" 200 4172 "https://kleh.inglory.de/" "Serf/1.3.9 (mod_pagespeed/1.13.35.2-0)"
94.130.90.54 - - [25/Feb/2026:01:59:59 +0100] "GET /wp-content/plugins/elementor/assets/lib/font-awesome/css/brands.min.css?ver=5.15.3 HTTP/1.1" 200 4178 "https://kleh.inglory.de/" "Serf/1.3.9 (mod_pagespeed/1.13.35.2-0)"
94.130.90.54 - - [25/Feb/2026:01:59:59 +0100] "GET /wp-content/plugins/elementor-pro/assets/css/widget-form.min.css?ver=3.35.1 HTTP/1.1" 200 10332 "https://kleh.inglory.de/" "Serf/1.3.9 (mod_pagespeed/1.13.35.2-0)"
94.130.90.54 - - [25/Feb/2026:01:59:59 +0100] "GET /wp-content/plugins/elementor/assets/js/frontend-modules.min.js?ver=3.35.5 HTTP/1.1" 200 54139 "https://kleh.inglory.de/" "Serf/1.3.9 (mod_pagespeed/1.13.35.2-0)"
94.130.90.54 - - [25/Feb/2026:01:59:59 +0100] "GET /wp-includes/js/jquery/ui/core.min.js?ver=1.13.3 HTTP/1.1" 200 25042 "https://kleh.inglory.de/" "Serf/1.3.9 (mod_pagespeed/1.13.35.2-0)"
94.130.90.54 - - [25/Feb/2026:01:59:59 +0100] "GET /wp-content/plugins/elementor-pro/assets/lib/smartmenus/jquery.smartmenus.min.js?ver=1.2.1 HTTP/1.1" 200 27687 "https://kleh.inglory.de/" "Serf/1.3.9 (mod_pagespeed/1.13.35.2-0)"
94.130.90.54 - - [25/Feb/2026:01:59:59 +0100] "GET /wp-content/plugins/elementor-pro/assets/lib/sticky/jquery.sticky.min.js?ver=3.35.1 HTTP/1.1" 200 7268 "https://kleh.inglory.de/" "Serf/1.3.9 (mod_pagespeed/1.13.35.2-0)"
94.130.90.54 - - [25/Feb/2026:01:59:59 +0100] "GET /wp-includes/js/dist/hooks.min.js?ver=dd5603f07f9220ed27f1 HTTP/1.1" 200 9209 "https://kleh.inglory.de/" "Serf/1.3.9 (mod_pagespeed/1.13.35.2-0)"
94.130.90.54 - - [25/Feb/2026:01:59:59 +0100] "GET /wp-includes/js/dist/i18n.min.js?ver=c26c3dc7bed366793375 HTTP/1.1" 200 8862 "https://kleh.inglory.de/" "Serf/1.3.9 (mod_pagespeed/1.13.35.2-0)"
94.130.90.54 - - [25/Feb/2026:01:59:59 +0100] "GET /wp-content/uploads/cropped-favicon-32x32.png HTTP/1.1" 200 4507 "https://kleh.inglory.de/" "Serf/1.3.9 (mod_pagespeed/1.13.35.2-0)"
94.130.90.54 - - [25/Feb/2026:01:59:59 +0100] "GET /wp-content/uploads/cropped-favicon-192x192.png HTTP/1.1" 200 14304 "https://kleh.inglory.de/" "Serf/1.3.9 (mod_pagespeed/1.13.35.2-0)"
94.130.90.54 - - [25/Feb/2026:01:59:59 +0100] "GET /wp-content/uploads/cropped-favicon-180x180.png HTTP/1.1" 200 13516 "https://kleh.inglory.de/" "Serf/1.3.9 (mod_pagespeed/1.13.35.2-0)"
94.130.90.54 - - [25/Feb/2026:01:59:59 +0100] "GET /wp-content/uploads/img-3-1.png HTTP/1.1" 200 442505 "https://kleh.inglory.de/" "Serf/1.3.9 (mod_pagespeed/1.13.35.2-0)"
94.130.90.54 - - [25/Feb/2026:01:59:59 +0100] "GET /wp-content/uploads/img-3-1.png HTTP/1.1" 200 442505 "https://kleh.inglory.de/" "Serf/1.3.9 (mod_pagespeed/1.13.35.2-0)"
94.130.90.54 - - [25/Feb/2026:01:59:59 +0100] "GET /wp-content/uploads/img-3-1-235x300.png HTTP/1.1" 200 41256 "https://kleh.inglory.de/" "Serf/1.3.9 (mod_pagespeed/1.13.35.2-0)"
94.130.90.54 - - [25/Feb/2026:01:59:59 +0100] "GET /wp-content/uploads/img-3-1-802x1024.png HTTP/1.1" 200 373064 "https://kleh.inglory.de/" "Serf/1.3.9 (mod_pagespeed/1.13.35.2-0)"
94.130.90.54 - - [25/Feb/2026:01:59:59 +0100] "GET /wp-content/uploads/img-3-1-768x980.png HTTP/1.1" 200 344437 "https://kleh.inglory.de/" "Serf/1.3.9 (mod_pagespeed/1.13.35.2-0)"
94.130.90.54 - - [25/Feb/2026:02:00:00 +0100] "GET /wp-content/uploads/img.jpg HTTP/1.1" 200 50817 "https://kleh.inglory.de/" "Serf/1.3.9 (mod_pagespeed/1.13.35.2-0)"
94.130.90.54 - - [25/Feb/2026:02:00:00 +0100] "GET /wp-content/uploads/img.jpg HTTP/1.1" 200 50817 "https://kleh.inglory.de/" "Serf/1.3.9 (mod_pagespeed/1.13.35.2-0)"
94.130.90.54 - - [25/Feb/2026:02:00:00 +0100] "GET /wp-content/uploads/img-300x199.jpg HTTP/1.1" 200 14708 "https://kleh.inglory.de/" "Serf/1.3.9 (mod_pagespeed/1.13.35.2-0)"
94.130.90.54 - - [25/Feb/2026:02:00:00 +0100] "GET /wp-content/uploads/img-768x508.jpg HTTP/1.1" 200 47995 "https://kleh.inglory.de/" "Serf/1.3.9 (mod_pagespeed/1.13.35.2-0)"
94.130.90.54 - - [25/Feb/2026:02:00:00 +0100] "GET /wp-content/uploads/kimittelstand.jpg HTTP/1.1" 200 197590 "https://kleh.inglory.de/" "Serf/1.3.9 (mod_pagespeed/1.13.35.2-0)"
94.130.90.54 - - [25/Feb/2026:02:00:00 +0100] "GET /wp-content/uploads/kimittelstand.jpg HTTP/1.1" 200 197590 "https://kleh.inglory.de/" "Serf/1.3.9 (mod_pagespeed/1.13.35.2-0)"
94.130.90.54 - - [25/Feb/2026:02:00:00 +0100] "GET /wp-content/uploads/kimittelstand-300x186.jpg HTTP/1.1" 200 21816 "https://kleh.inglory.de/" "Serf/1.3.9 (mod_pagespeed/1.13.35.2-0)"
94.130.90.54 - - [25/Feb/2026:02:00:00 +0100] "GET /wp-content/uploads/kimittelstand-768x477.jpg HTTP/1.1" 200 53347 "https://kleh.inglory.de/" "Serf/1.3.9 (mod_pagespeed/1.13.35.2-0)"
94.130.90.54 - - [25/Feb/2026:02:00:00 +0100] "GET /wp-content/uploads/img-2.jpg HTTP/1.1" 200 63542 "https://kleh.inglory.de/" "Serf/1.3.9 (mod_pagespeed/1.13.35.2-0)"
94.130.90.54 - - [25/Feb/2026:02:00:00 +0100] "GET /wp-content/uploads/img-2.jpg HTTP/1.1" 200 63542 "https://kleh.inglory.de/" "Serf/1.3.9 (mod_pagespeed/1.13.35.2-0)"
94.130.90.54 - - [25/Feb/2026:02:00:00 +0100] "GET /wp-content/uploads/img-2-300x186.jpg HTTP/1.1" 200 15114 "https://kleh.inglory.de/" "Serf/1.3.9 (mod_pagespeed/1.13.35.2-0)"
94.130.90.54 - - [25/Feb/2026:02:00:00 +0100] "GET /wp-content/uploads/img-2-768x477.jpg HTTP/1.1" 200 51211 "https://kleh.inglory.de/" "Serf/1.3.9 (mod_pagespeed/1.13.35.2-0)"
94.130.90.54 - - [25/Feb/2026:02:00:00 +0100] "GET /wp-content/uploads/img-1.jpg HTTP/1.1" 200 56350 "https://kleh.inglory.de/" "Serf/1.3.9 (mod_pagespeed/1.13.35.2-0)"
94.130.90.54 - - [25/Feb/2026:02:00:00 +0100] "GET /wp-content/uploads/img-1.jpg HTTP/1.1" 200 56350 "https://kleh.inglory.de/" "Serf/1.3.9 (mod_pagespeed/1.13.35.2-0)"
94.130.90.54 - - [25/Feb/2026:02:00:00 +0100] "GET /wp-content/uploads/img-1-300x186.jpg HTTP/1.1" 200 14649 "https://kleh.inglory.de/" "Serf/1.3.9 (mod_pagespeed/1.13.35.2-0)"
94.130.90.54 - - [25/Feb/2026:02:00:00 +0100] "GET /wp-content/uploads/img-1-768x477.jpg HTTP/1.1" 200 47822 "https://kleh.inglory.de/" "Serf/1.3.9 (mod_pagespeed/1.13.35.2-0)"
94.130.90.54 - - [25/Feb/2026:02:00:00 +0100] "GET /wp-content/uploads/image-c1.jpg HTTP/1.1" 200 158106 "https://kleh.inglory.de/" "Serf/1.3.9 (mod_pagespeed/1.13.35.2-0)"
45.148.10.174 - - [25/Feb/2026:02:00:00 +0100] "GET /wp-includes/js/jquery/jquery.min.js?ver=3.7.1 HTTP/1.0" 200 34543 "-" "Mozilla/5.0 (Windows NT 10.0; Win64; x64; rv:133.0) Gecko/20100101 Firefox/133.0"
94.130.90.54 - - [25/Feb/2026:02:00:00 +0100] "GET /wp-content/uploads/image-c2.jpg HTTP/1.1" 200 40492 "https://kleh.inglory.de/" "Serf/1.3.9 (mod_pagespeed/1.13.35.2-0)"
94.130.90.54 - - [25/Feb/2026:02:00:00 +0100] "GET /wp-content/uploads/image-c3.jpg HTTP/1.1" 200 28066 "https://kleh.inglory.de/" "Serf/1.3.9 (mod_pagespeed/1.13.35.2-0)"
94.130.90.54 - - [25/Feb/2026:02:00:00 +0100] "GET /wp-content/uploads/image-c4.jpg HTTP/1.1" 200 24296 "https://kleh.inglory.de/" "Serf/1.3.9 (mod_pagespeed/1.13.35.2-0)"
94.130.90.54 - - [25/Feb/2026:02:00:00 +0100] "GET /wp-content/uploads/image-c5.jpg HTTP/1.1" 200 24714 "https://kleh.inglory.de/" "Serf/1.3.9 (mod_pagespeed/1.13.35.2-0)"
94.130.90.54 - - [25/Feb/2026:02:00:00 +0100] "GET /wp-content/uploads/image-c6.jpg HTTP/1.1" 200 24387 "https://kleh.inglory.de/" "Serf/1.3.9 (mod_pagespeed/1.13.35.2-0)"
94.130.90.54 - - [25/Feb/2026:02:00:00 +0100] "GET /wp-content/uploads/image-c7.jpg HTTP/1.1" 200 139937 "https://kleh.inglory.de/" "Serf/1.3.9 (mod_pagespeed/1.13.35.2-0)"
94.130.90.54 - - [25/Feb/2026:02:00:00 +0100] "GET /wp-content/uploads/image-c8.jpg HTTP/1.1" 200 115225 "https://kleh.inglory.de/" "Serf/1.3.9 (mod_pagespeed/1.13.35.2-0)"
94.130.90.54 - - [25/Feb/2026:02:00:00 +0100] "GET /wp-content/uploads/image-c9.jpg HTTP/1.1" 200 45695 "https://kleh.inglory.de/" "Serf/1.3.9 (mod_pagespeed/1.13.35.2-0)"
94.130.90.54 - - [25/Feb/2026:02:00:00 +0100] "GET /wp-content/uploads/image-c10.jpg HTTP/1.1" 200 56185 "https://kleh.inglory.de/" "Serf/1.3.9 (mod_pagespeed/1.13.35.2-0)"
94.130.90.54 - - [25/Feb/2026:02:00:00 +0100] "GET /wp-content/uploads/image-c11.jpg HTTP/1.1" 200 48598 "https://kleh.inglory.de/" "Serf/1.3.9 (mod_pagespeed/1.13.35.2-0)"
94.130.90.54 - - [25/Feb/2026:02:00:00 +0100] "GET /wp-content/uploads/image-c12.jpg HTTP/1.1" 200 49039 "https://kleh.inglory.de/" "Serf/1.3.9 (mod_pagespeed/1.13.35.2-0)"
94.130.90.54 - - [25/Feb/2026:02:00:00 +0100] "GET /wp-content/uploads/image-c13.jpg HTTP/1.1" 200 19314 "https://kleh.inglory.de/" "Serf/1.3.9 (mod_pagespeed/1.13.35.2-0)"
94.130.90.54 - - [25/Feb/2026:02:00:00 +0100] "GET /wp-content/uploads/image-c14.jpg HTTP/1.1" 200 28910 "https://kleh.inglory.de/" "Serf/1.3.9 (mod_pagespeed/1.13.35.2-0)"
94.130.90.54 - - [25/Feb/2026:02:00:00 +0100] "GET /wp-content/uploads/image-32-1.png HTTP/1.1" 200 14965 "https://kleh.inglory.de/" "Serf/1.3.9 (mod_pagespeed/1.13.35.2-0)"
94.130.90.54 - - [25/Feb/2026:02:00:00 +0100] "GET /wp-content/uploads/image-32-1.png HTTP/1.1" 200 14965 "https://kleh.inglory.de/" "Serf/1.3.9 (mod_pagespeed/1.13.35.2-0)"
94.130.90.54 - - [25/Feb/2026:02:00:00 +0100] "GET /wp-content/uploads/image-32-1-300x94.png HTTP/1.1" 200 8791 "https://kleh.inglory.de/" "Serf/1.3.9 (mod_pagespeed/1.13.35.2-0)"
94.130.90.54 - - [25/Feb/2026:02:00:00 +0100] "GET /wp-content/uploads/inglory.png HTTP/1.1" 200 12269 "https://kleh.inglory.de/" "Serf/1.3.9 (mod_pagespeed/1.13.35.2-0)"
94.130.90.54 - - [25/Feb/2026:02:00:00 +0100] "GET /wp-content/uploads/KI-Machwerk-logo.png HTTP/1.1" 200 9027 "https://kleh.inglory.de/" "Serf/1.3.9 (mod_pagespeed/1.13.35.2-0)"
94.130.90.54 - - [25/Feb/2026:02:00:00 +0100] "GET /wp-content/uploads/demuth.png HTTP/1.1" 200 27261 "https://kleh.inglory.de/" "Serf/1.3.9 (mod_pagespeed/1.13.35.2-0)"
94.130.90.54 - - [25/Feb/2026:02:00:00 +0100] "GET /wp-content/uploads/thumbnail-1.jpg HTTP/1.1" 200 63369 "https://kleh.inglory.de/" "Serf/1.3.9 (mod_pagespeed/1.13.35.2-0)"
94.130.90.54 - - [25/Feb/2026:02:00:00 +0100] "GET /wp-content/uploads/thumbnail-1.jpg HTTP/1.1" 200 63369 "https://kleh.inglory.de/" "Serf/1.3.9 (mod_pagespeed/1.13.35.2-0)"
45.148.10.174 - - [25/Feb/2026:02:00:00 +0100] "GET /wp-includes/js/jquery/ui/core.min.js?ver=1.13.3 HTTP/1.0" 200 11293 "-" "Mozilla/5.0 (Windows NT 10.0; Win64; x64) AppleWebKit/537.36 (KHTML, like Gecko) Chrome/131.0.0.0 Safari/537.36"
94.130.90.54 - - [25/Feb/2026:02:00:00 +0100] "GET /wp-content/uploads/thumbnail-1-300x237.jpg HTTP/1.1" 200 17533 "https://kleh.inglory.de/" "Serf/1.3.9 (mod_pagespeed/1.13.35.2-0)"
45.148.10.174 - - [25/Feb/2026:02:00:00 +0100] "GET /wp-content/plugins/elementor/assets/js/frontend-modules.min.js?ver=3.35.5 HTTP/1.0" 200 20055 "-" "Mozilla/5.0 (Macintosh; Intel Mac OS X 10_15_7) AppleWebKit/537.36 (KHTML, like Gecko) Chrome/131.0.0.0 Safari/537.36"
45.148.10.174 - - [25/Feb/2026:02:00:00 +0100] "GET /wp-includes/js/dist/hooks.min.js?ver=dd5603f07f9220ed27f1 HTTP/1.0" 200 6124 "-" "Mozilla/5.0 (Windows NT 10.0; Win64; x64; rv:133.0) Gecko/20100101 Firefox/133.0"
94.130.90.54 - - [25/Feb/2026:02:00:00 +0100] "GET /wp-content/uploads/thumbnail-2.jpg HTTP/1.1" 200 47286 "https://kleh.inglory.de/" "Serf/1.3.9 (mod_pagespeed/1.13.35.2-0)"
45.148.10.174 - - [25/Feb/2026:02:00:00 +0100] "GET /wp-content/plugins/preloader-pro/assets/js/loftloader.min.js?ver=2024090401 HTTP/1.0" 200 8050 "-" "Mozilla/5.0 (Windows NT 10.0; Win64; x64; rv:133.0) Gecko/20100101 Firefox/133.0"
45.148.10.174 - - [25/Feb/2026:02:00:00 +0100] "GET /wp-content/plugins/elementor-pro/assets/lib/smartmenus/jquery.smartmenus.min.js?ver=1.2.1 HTTP/1.0" 200 11238 "-" "Mozilla/5.0 (Windows NT 10.0; Win64; x64) AppleWebKit/537.36 (KHTML, like Gecko) Chrome/131.0.0.0 Safari/537.36"
94.130.90.54 - - [25/Feb/2026:02:00:00 +0100] "GET /wp-content/uploads/thumbnail-2.jpg HTTP/1.1" 200 47286 "https://kleh.inglory.de/" "Serf/1.3.9 (mod_pagespeed/1.13.35.2-0)"
45.148.10.174 - - [25/Feb/2026:02:00:00 +0100] "GET /wp-content/plugins/elementor-pro/assets/js/frontend.min.js?ver=3.35.1 HTTP/1.0" 200 10541 "-" "Mozilla/5.0 (Macintosh; Intel Mac OS X 10_15_7) AppleWebKit/537.36 (KHTML, like Gecko) Chrome/131.0.0.0 Safari/537.36"
94.130.90.54 - - [25/Feb/2026:02:00:00 +0100] "GET /wp-content/uploads/thumbnail-2-300x237.jpg HTTP/1.1" 200 15940 "https://kleh.inglory.de/" "Serf/1.3.9 (mod_pagespeed/1.13.35.2-0)"
45.148.10.174 - - [25/Feb/2026:02:00:00 +0100] "GET /wp-content/plugins/elementor/assets/js/frontend.min.js?ver=3.35.5 HTTP/1.0" 200 14455 "-" "Mozilla/5.0 (Macintosh; Intel Mac OS X 10_15_7) AppleWebKit/537.36 (KHTML, like Gecko) Chrome/131.0.0.0 Safari/537.36"
45.148.10.174 - - [25/Feb/2026:02:00:00 +0100] "GET /wp-content/plugins/elementor/assets/js/webpack.runtime.min.js?ver=3.35.5 HTTP/1.0" 200 6567 "-" "Mozilla/5.0 (Windows NT 10.0; Win64; x64) AppleWebKit/537.36 (KHTML, like Gecko) Chrome/131.0.0.0 Safari/537.36"
45.148.10.174 - - [25/Feb/2026:02:00:00 +0100] "GET /wp-content/plugins/elementor-pro/assets/lib/sticky/jquery.sticky.min.js?ver=3.35.1 HTTP/1.0" 200 5718 "-" "Mozilla/5.0 (Windows NT 10.0; Win64; x64; rv:133.0) Gecko/20100101 Firefox/133.0"
45.148.10.174 - - [25/Feb/2026:02:00:00 +0100] "GET /wp-content/plugins/elementor-pro/assets/js/webpack-pro.runtime.min.js?ver=3.35.1 HTTP/1.0" 200 6947 "-" "Mozilla/5.0 (Windows NT 10.0; Win64; x64) AppleWebKit/537.36 (KHTML, like Gecko) Chrome/131.0.0.0 Safari/537.36"
94.130.90.54 - - [25/Feb/2026:02:00:00 +0100] "GET /wp-content/uploads/thumbnail-3.jpg HTTP/1.1" 200 52830 "https://kleh.inglory.de/" "Serf/1.3.9 (mod_pagespeed/1.13.35.2-0)"
45.148.10.174 - - [25/Feb/2026:02:00:00 +0100] "GET /wp-content/plugins/elementor-pro/assets/js/elements-handlers.min.js?ver=3.35.1 HTTP/1.0" 200 14705 "-" "Mozilla/5.0 (Windows NT 10.0; Win64; x64; rv:133.0) Gecko/20100101 Firefox/133.0"
45.148.10.174 - - [25/Feb/2026:02:00:00 +0100] "GET /wp-includes/js/imagesloaded.min.js?ver=5.0.0 HTTP/1.0" 200 5894 "-" "Mozilla/5.0 (X11; Linux x86_64) AppleWebKit/537.36 (KHTML, like Gecko) Chrome/131.0.0.0 Safari/537.36"
45.148.10.174 - - [25/Feb/2026:02:00:00 +0100] "GET /wp-includes/js/dist/i18n.min.js?ver=c26c3dc7bed366793375 HTTP/1.0" 200 6427 "-" "Mozilla/5.0 (Macintosh; Intel Mac OS X 10_15_7) AppleWebKit/537.36 (KHTML, like Gecko) Chrome/131.0.0.0 Safari/537.36"
94.130.90.54 - - [25/Feb/2026:02:00:00 +0100] "GET /wp-content/uploads/thumbnail-3.jpg HTTP/1.1" 200 52830 "https://kleh.inglory.de/" "Serf/1.3.9 (mod_pagespeed/1.13.35.2-0)"
45.148.10.174 - - [25/Feb/2026:02:00:00 +0100] "GET /wp-content/plugins/preloader-pro/assets/js/jquery.waitformedias.min.js?ver=2024090401 HTTP/1.0" 200 5963 "-" "Mozilla/5.0 (X11; Linux x86_64) AppleWebKit/537.36 (KHTML, like Gecko) Chrome/131.0.0.0 Safari/537.36"
45.148.10.174 - - [25/Feb/2026:02:00:00 +0100] "GET /wp-includes/js/jquery/jquery-migrate.min.js?ver=3.4.1 HTTP/1.0" 200 8979 "-" "Mozilla/5.0 (X11; Linux x86_64) AppleWebKit/537.36 (KHTML, like Gecko) Chrome/131.0.0.0 Safari/537.36"
94.130.90.54 - - [25/Feb/2026:02:00:00 +0100] "GET /wp-content/uploads/thumbnail-3-300x237.jpg HTTP/1.1" 200 16447 "https://kleh.inglory.de/" "Serf/1.3.9 (mod_pagespeed/1.13.35.2-0)"
94.130.90.54 - - [25/Feb/2026:02:00:00 +0100] "GET /wp-content/uploads/thumbnail-4.jpg HTTP/1.1" 304 3378 "https://kleh.inglory.de/" "Serf/1.3.9 (mod_pagespeed/1.13.35.2-0)"
94.130.90.54 - - [25/Feb/2026:02:00:00 +0100] "GET /wp-content/uploads/thumbnail-4.jpg HTTP/1.1" 304 3378 "https://kleh.inglory.de/" "Serf/1.3.9 (mod_pagespeed/1.13.35.2-0)"
94.130.90.54 - - [25/Feb/2026:02:00:00 +0100] "GET /wp-content/uploads/thumbnail-4-300x237.jpg HTTP/1.1" 200 18016 "https://kleh.inglory.de/" "Serf/1.3.9 (mod_pagespeed/1.13.35.2-0)"
45.148.10.174 - - [25/Feb/2026:02:00:00 +0100] "GET /wp-content/plugins/elementor/assets/lib/swiper/v8/swiper.min.js?ver=8.4.5 HTTP/1.0" 200 43876 "-" "Mozilla/5.0 (Windows NT 10.0; Win64; x64) AppleWebKit/537.36 (KHTML, like Gecko) Chrome/131.0.0.0 Safari/537.36"
94.130.90.54 - - [25/Feb/2026:02:00:00 +0100] "GET /wp-content/uploads/thumbnail-5.jpg HTTP/1.1" 200 50056 "https://kleh.inglory.de/" "Serf/1.3.9 (mod_pagespeed/1.13.35.2-0)"
94.130.90.54 - - [25/Feb/2026:02:00:00 +0100] "GET /wp-content/uploads/thumbnail-5.jpg HTTP/1.1" 200 50056 "https://kleh.inglory.de/" "Serf/1.3.9 (mod_pagespeed/1.13.35.2-0)"
94.130.90.54 - - [25/Feb/2026:02:00:00 +0100] "GET /wp-content/uploads/thumbnail-5-300x237.jpg HTTP/1.1" 200 14513 "https://kleh.inglory.de/" "Serf/1.3.9 (mod_pagespeed/1.13.35.2-0)"
94.130.90.54 - - [25/Feb/2026:02:00:00 +0100] "GET /wp-content/uploads/thumbnail-6.jpg HTTP/1.1" 200 44772 "https://kleh.inglory.de/" "Serf/1.3.9 (mod_pagespeed/1.13.35.2-0)"
94.130.90.54 - - [25/Feb/2026:02:00:00 +0100] "GET /wp-content/uploads/thumbnail-6.jpg HTTP/1.1" 200 44772 "https://kleh.inglory.de/" "Serf/1.3.9 (mod_pagespeed/1.13.35.2-0)"
94.130.90.54 - - [25/Feb/2026:02:00:00 +0100] "GET /wp-content/uploads/thumbnail-6-300x237.jpg HTTP/1.1" 200 12850 "https://kleh.inglory.de/" "Serf/1.3.9 (mod_pagespeed/1.13.35.2-0)"
94.130.90.54 - - [25/Feb/2026:02:00:00 +0100] "GET /wp-includes/js/jquery/jquery.min.js?ver=3.7.1 HTTP/1.1" 200 91248 "https://kleh.inglory.de/" "Serf/1.3.9 (mod_pagespeed/1.13.35.2-0)"
94.130.90.54 - - [25/Feb/2026:02:00:00 +0100] "GET /wp-includes/js/jquery/jquery-migrate.min.js?ver=3.4.1 HTTP/1.1" 200 17126 "https://kleh.inglory.de/" "Serf/1.3.9 (mod_pagespeed/1.13.35.2-0)"
94.130.90.54 - - [25/Feb/2026:02:00:00 +0100] "GET /wp-content/plugins/preloader-pro/assets/js/jquery.waitformedias.min.js?ver=2024090401 HTTP/1.1" 200 8025 "https://kleh.inglory.de/" "Serf/1.3.9 (mod_pagespeed/1.13.35.2-0)"
94.130.90.54 - - [25/Feb/2026:02:00:00 +0100] "GET /wp-content/plugins/elementor-pro/assets/js/frontend.min.js?ver=3.35.1 HTTP/1.1" 200 27625 "https://kleh.inglory.de/" "Serf/1.3.9 (mod_pagespeed/1.13.35.2-0)"
94.130.90.54 - - [25/Feb/2026:02:00:00 +0100] "GET /wp-content/plugins/elementor-pro/assets/js/elements-handlers.min.js?ver=3.35.1 HTTP/1.1" 200 47865 "https://kleh.inglory.de/" "Serf/1.3.9 (mod_pagespeed/1.13.35.2-0)"
94.130.90.54 - - [25/Feb/2026:02:00:00 +0100] "GET /wp-content/uploads/elementor/css/post-329.css?ver=1771357603 HTTP/1.1" 200 99087 "https://kleh.inglory.de/" "Serf/1.3.9 (mod_pagespeed/1.13.35.2-0)"
94.130.90.54 - - [25/Feb/2026:02:00:00 +0100] "GET /wp-content/uploads/elementor/css/post-1798.css?ver=1771357288 HTTP/1.1" 200 19823 "https://kleh.inglory.de/" "Serf/1.3.9 (mod_pagespeed/1.13.35.2-0)"
94.130.90.54 - - [25/Feb/2026:02:00:00 +0100] "GET /wp-content/uploads/elementor/css/post-563.css?ver=1771357288 HTTP/1.1" 200 19693 "https://kleh.inglory.de/" "Serf/1.3.9 (mod_pagespeed/1.13.35.2-0)"
94.130.90.54 - - [25/Feb/2026:02:00:00 +0100] "GET /wp-content/uploads/elementor/css/post-562.css?ver=1771357288 HTTP/1.1" 200 23682 "https://kleh.inglory.de/" "Serf/1.3.9 (mod_pagespeed/1.13.35.2-0)"
94.130.90.54 - - [25/Feb/2026:02:00:00 +0100] "GET /wp-content/uploads/logo-4.svg HTTP/1.1" 200 8006 "https://kleh.inglory.de/" "Serf/1.3.9 (mod_pagespeed/1.13.35.2-0)"
94.130.90.54 - - [25/Feb/2026:02:00:00 +0100] "GET /wp-content/uploads/logo-4.svg HTTP/1.1" 200 8006 "https://kleh.inglory.de/" "Serf/1.3.9 (mod_pagespeed/1.13.35.2-0)"
94.130.90.54 - - [25/Feb/2026:02:00:00 +0100] "GET /wp-content/uploads/Mercedes-Benz_Logo_2010-1.svg HTTP/1.1" 200 264536 "https://kleh.inglory.de/" "Serf/1.3.9 (mod_pagespeed/1.13.35.2-0)"
94.130.90.54 - - [25/Feb/2026:02:00:00 +0100] "GET /wp-content/uploads/Porsche_Logo-2-1.svg HTTP/1.1" 200 5695566 "https://kleh.inglory.de/" "Serf/1.3.9 (mod_pagespeed/1.13.35.2-0)"
94.130.90.54 - - [25/Feb/2026:02:00:00 +0100] "GET /wp-content/uploads/Aleris_Logo-1.svg HTTP/1.1" 200 6492 "https://kleh.inglory.de/" "Serf/1.3.9 (mod_pagespeed/1.13.35.2-0)"
94.130.90.54 - - [25/Feb/2026:02:00:00 +0100] "GET /wp-content/uploads/packaging-logo-2.svg HTTP/1.1" 200 8831 "https://kleh.inglory.de/" "Serf/1.3.9 (mod_pagespeed/1.13.35.2-0)"
94.130.90.54 - - [25/Feb/2026:02:00:00 +0100] "GET /wp-content/uploads/festool-logo.min-1.svg HTTP/1.1" 200 9671 "https://kleh.inglory.de/" "Serf/1.3.9 (mod_pagespeed/1.13.35.2-0)"
94.130.90.54 - - [25/Feb/2026:02:00:00 +0100] "GET /wp-content/uploads/logo-black-1.svg HTTP/1.1" 200 26285 "https://kleh.inglory.de/" "Serf/1.3.9 (mod_pagespeed/1.13.35.2-0)"
94.130.90.54 - - [25/Feb/2026:02:00:00 +0100] "GET /wp-content/uploads/logo-4.svg HTTP/1.1" 200 8006 "https://kleh.inglory.de/" "Serf/1.3.9 (mod_pagespeed/1.13.35.2-0)"
94.130.90.54 - - [25/Feb/2026:02:00:00 +0100] "GET /wp-content/plugins/preloader-pro/assets/js/loftloader.min.js?ver=2024090401 HTTP/1.1" 200 18185 "https://kleh.inglory.de/" "Serf/1.3.9 (mod_pagespeed/1.13.35.2-0)"
94.130.90.54 - - [25/Feb/2026:02:00:00 +0100] "GET /wp-content/plugins/elementor/assets/js/webpack.runtime.min.js?ver=3.35.5 HTTP/1.1" 200 9225 "https://kleh.inglory.de/" "Serf/1.3.9 (mod_pagespeed/1.13.35.2-0)"
94.130.90.54 - - [25/Feb/2026:02:00:00 +0100] "GET /wp-content/plugins/elementor/assets/js/frontend.min.js?ver=3.35.5 HTTP/1.1" 200 35458 "https://kleh.inglory.de/" "Serf/1.3.9 (mod_pagespeed/1.13.35.2-0)"
94.130.90.54 - - [25/Feb/2026:02:00:00 +0100] "GET /wp-content/plugins/elementor/assets/lib/swiper/v8/swiper.min.js?ver=8.4.5 HTTP/1.1" 200 147492 "https://kleh.inglory.de/" "Serf/1.3.9 (mod_pagespeed/1.13.35.2-0)"
94.130.90.54 - - [25/Feb/2026:02:00:00 +0100] "GET /wp-includes/js/imagesloaded.min.js?ver=5.0.0 HTTP/1.1" 200 9068 "https://kleh.inglory.de/" "Serf/1.3.9 (mod_pagespeed/1.13.35.2-0)"
94.130.90.54 - - [25/Feb/2026:02:00:00 +0100] "GET /wp-content/plugins/elementor-pro/assets/js/webpack-pro.runtime.min.js?ver=3.35.1 HTTP/1.1" 200 9796 "https://kleh.inglory.de/" "Serf/1.3.9 (mod_pagespeed/1.13.35.2-0)"
94.130.90.54 - - [25/Feb/2026:02:00:00 +0100] "GET /wp-content/uploads/bg-1.jpg HTTP/1.1" 200 103612 "https://kleh.inglory.de/" "Serf/1.3.9 (mod_pagespeed/1.13.35.2-0)"
94.130.90.54 - - [25/Feb/2026:02:00:00 +0100] "GET /wp-content/uploads/img-3-1.jpg HTTP/1.1" 200 123502 "https://kleh.inglory.de/" "Serf/1.3.9 (mod_pagespeed/1.13.35.2-0)"
94.130.90.54 - - [25/Feb/2026:02:00:00 +0100] "GET /wp-content/uploads/img-1-4.jpg HTTP/1.1" 200 117904 "https://kleh.inglory.de/" "Serf/1.3.9 (mod_pagespeed/1.13.35.2-0)"
94.130.90.54 - - [25/Feb/2026:02:00:00 +0100] "GET /wp-content/uploads/img-2-1.jpg HTTP/1.1" 200 80748 "https://kleh.inglory.de/" "Serf/1.3.9 (mod_pagespeed/1.13.35.2-0)"
94.130.90.54 - - [25/Feb/2026:02:00:00 +0100] "GET /wp-content/uploads/bg-2-scaled.jpg HTTP/1.1" 200 101154 "https://kleh.inglory.de/" "Serf/1.3.9 (mod_pagespeed/1.13.35.2-0)"
94.130.90.54 - - [25/Feb/2026:02:00:00 +0100] "GET /wp-content/uploads/info-1.jpg HTTP/1.1" 200 213106 "https://kleh.inglory.de/" "Serf/1.3.9 (mod_pagespeed/1.13.35.2-0)"
45.148.10.174 - - [25/Feb/2026:02:00:00 +0100] "GET /.env HTTP/1.0" 404 121127 "-" "Mozilla/5.0 (X11; Linux x86_64) AppleWebKit/537.36 (KHTML, like Gecko) Chrome/131.0.0.0 Safari/537.36"
45.148.10.174 - - [25/Feb/2026:02:00:00 +0100] "GET / HTTP/1.0" 200 76794 "-" "Mozilla/5.0 (X11; Linux x86_64) AppleWebKit/537.36 (KHTML, like Gecko) Chrome/131.0.0.0 Safari/537.36"
45.148.10.174 - - [25/Feb/2026:02:00:00 +0100] "GET /.env.bak HTTP/1.0" 404 121143 "-" "Mozilla/5.0 (X11; Linux x86_64) AppleWebKit/537.36 (KHTML, like Gecko) Chrome/131.0.0.0 Safari/537.36"
45.148.10.174 - - [25/Feb/2026:02:00:01 +0100] "GET /.env.save HTTP/1.0" 404 121127 "-" "Mozilla/5.0 (Windows NT 10.0; Win64; x64) AppleWebKit/537.36 (KHTML, like Gecko) Chrome/131.0.0.0 Safari/537.36"
45.148.10.174 - - [25/Feb/2026:02:00:02 +0100] "GET /.env.backup HTTP/1.0" 404 121159 "-" "Mozilla/5.0 (Windows NT 10.0; Win64; x64; rv:133.0) Gecko/20100101 Firefox/133.0"
45.148.10.174 - - [25/Feb/2026:02:00:02 +0100] "GET /backend/.env HTTP/1.0" 404 121127 "-" "Mozilla/5.0 (X11; Linux x86_64) AppleWebKit/537.36 (KHTML, like Gecko) Chrome/131.0.0.0 Safari/537.36"
45.148.10.174 - - [25/Feb/2026:02:00:03 +0100] "GET /admin/.env HTTP/1.0" 404 121143 "-" "Mozilla/5.0 (Windows NT 10.0; Win64; x64; rv:133.0) Gecko/20100101 Firefox/133.0"
45.148.10.174 - - [25/Feb/2026:02:00:04 +0100] "GET /.git/config HTTP/1.0" 404 121127 "-" "Mozilla/5.0 (Windows NT 10.0; Win64; x64; rv:133.0) Gecko/20100101 Firefox/133.0"
45.148.10.174 - - [25/Feb/2026:02:00:05 +0100] "GET /config.js HTTP/1.0" 404 121143 "-" "Mozilla/5.0 (Windows NT 10.0; Win64; x64; rv:133.0) Gecko/20100101 Firefox/133.0"
45.148.10.174 - - [25/Feb/2026:02:00:05 +0100] "GET /aws-config.js HTTP/1.0" 404 121127 "-" "Mozilla/5.0 (Windows NT 10.0; Win64; x64; rv:133.0) Gecko/20100101 Firefox/133.0"
45.148.10.174 - - [25/Feb/2026:02:00:06 +0100] "GET /aws.config.js HTTP/1.0" 404 121143 "-" "Mozilla/5.0 (X11; Linux x86_64) AppleWebKit/537.36 (KHTML, like Gecko) Chrome/131.0.0.0 Safari/537.36"
45.148.10.174 - - [25/Feb/2026:02:00:07 +0100] "GET /_debugbar/ HTTP/1.0" 404 121127 "-" "Mozilla/5.0 (X11; Linux x86_64) AppleWebKit/537.36 (KHTML, like Gecko) Chrome/131.0.0.0 Safari/537.36"
45.148.10.174 - - [25/Feb/2026:02:00:07 +0100] "GET /debugbar/ HTTP/1.0" 404 121127 "-" "Mozilla/5.0 (Windows NT 10.0; Win64; x64) AppleWebKit/537.36 (KHTML, like Gecko) Chrome/131.0.0.0 Safari/537.36"
45.148.10.174 - - [25/Feb/2026:02:00:08 +0100] "GET /debug/ HTTP/1.0" 404 121159 "-" "Mozilla/5.0 (X11; Linux x86_64) AppleWebKit/537.36 (KHTML, like Gecko) Chrome/131.0.0.0 Safari/537.36"
45.148.10.174 - - [25/Feb/2026:02:00:09 +0100] "GET /phpinfo.php HTTP/1.0" 404 121127 "-" "Mozilla/5.0 (Windows NT 10.0; Win64; x64) AppleWebKit/537.36 (KHTML, like Gecko) Chrome/131.0.0.0 Safari/537.36"
45.148.10.174 - - [25/Feb/2026:02:00:10 +0100] "GET /info.php HTTP/1.0" 404 121159 "-" "Mozilla/5.0 (Windows NT 10.0; Win64; x64; rv:133.0) Gecko/20100101 Firefox/133.0"
45.148.10.174 - - [25/Feb/2026:02:00:10 +0100] "GET /test.php HTTP/1.0" 404 121143 "-" "Mozilla/5.0 (X11; Linux x86_64) AppleWebKit/537.36 (KHTML, like Gecko) Chrome/131.0.0.0 Safari/537.36"
45.148.10.174 - - [25/Feb/2026:02:00:11 +0100] "GET /.aws/credentials HTTP/1.0" 404 121143 "-" "Mozilla/5.0 (Windows NT 10.0; Win64; x64) AppleWebKit/537.36 (KHTML, like Gecko) Chrome/131.0.0.0 Safari/537.36"
45.148.10.174 - - [25/Feb/2026:02:00:12 +0100] "GET /.aws/config HTTP/1.0" 404 121143 "-" "Mozilla/5.0 (Macintosh; Intel Mac OS X 10_15_7) AppleWebKit/537.36 (KHTML, like Gecko) Chrome/131.0.0.0 Safari/537.36"
45.148.10.174 - - [25/Feb/2026:02:00:12 +0100] "GET /aws-credentials HTTP/1.0" 404 121143 "-" "Mozilla/5.0 (Windows NT 10.0; Win64; x64; rv:133.0) Gecko/20100101 Firefox/133.0"
45.148.10.174 - - [25/Feb/2026:02:00:13 +0100] "GET /aws.json HTTP/1.0" 404 121127 "-" "Mozilla/5.0 (Macintosh; Intel Mac OS X 10_15_7) AppleWebKit/537.36 (KHTML, like Gecko) Chrome/131.0.0.0 Safari/537.36"
45.148.10.174 - - [25/Feb/2026:02:00:14 +0100] "GET /.s3cfg HTTP/1.0" 404 121143 "-" "Mozilla/5.0 (Windows NT 10.0; Win64; x64; rv:133.0) Gecko/20100101 Firefox/133.0"
57.141.20.31 - - [25/Feb/2026:02:01:29 +0100] "GET /\\\"blob:https:\\/\\/kleh.inglory.de\\/b1b3333d-e657-4666-b55c-5edcb9bc97a4\\\" HTTP/1.0" 301 4194 "-" "meta-externalagent/1.1 (+https://developers.facebook.com/docs/sharing/webmasters/crawler)"
57.141.20.24 - - [25/Feb/2026:02:01:31 +0100] "GET /blob:https://kleh.inglory.de/b1b3333d-e657-4666-b55c-5edcb9bc97a4 HTTP/1.0" 301 4193 "-" "meta-externalagent/1.1 (+https://developers.facebook.com/docs/sharing/webmasters/crawler)"
57.141.20.50 - - [25/Feb/2026:02:01:34 +0100] "GET /blob:https:/kleh.inglory.de/b1b3333d-e657-4666-b55c-5edcb9bc97a4 HTTP/1.0" 404 121143 "-" "meta-externalagent/1.1 (+https://developers.facebook.com/docs/sharing/webmasters/crawler)"
57.141.20.23 - - [25/Feb/2026:02:03:00 +0100] "GET /blob:https://kleh.inglory.de/16d09d98-bf95-4b49-8fbd-dc419d2feb49 HTTP/1.0" 301 4193 "-" "meta-externalagent/1.1 (+https://developers.facebook.com/docs/sharing/webmasters/crawler)"
57.141.20.15 - - [25/Feb/2026:02:03:02 +0100] "GET /blob:https:/kleh.inglory.de/16d09d98-bf95-4b49-8fbd-dc419d2feb49 HTTP/1.0" 404 121127 "-" "meta-externalagent/1.1 (+https://developers.facebook.com/docs/sharing/webmasters/crawler)"
57.141.20.44 - - [25/Feb/2026:02:38:05 +0100] "GET /wp-content/uploads/image.jpeg HTTP/1.0" 200 39265 "-" "meta-externalagent/1.1 (+https://developers.facebook.com/docs/sharing/webmasters/crawler)"
94.130.90.54 - - [25/Feb/2026:02:45:06 +0100] "POST /wp-cron.php?doing_wp_cron=1771983906.7739529609680175781250 HTTP/1.0" 200 4025 "-" "WordPress/6.9.1; https://kleh.inglory.de"
57.141.20.46 - - [25/Feb/2026:02:45:06 +0100] "GET /blob:https://kleh.inglory.de/b1b3333d-e657-4666-b55c-5edcb9bc97a4 HTTP/1.0" 301 4209 "-" "meta-externalagent/1.1 (+https://developers.facebook.com/docs/sharing/webmasters/crawler)"
57.141.20.50 - - [25/Feb/2026:02:45:08 +0100] "GET /blob:https:/kleh.inglory.de/b1b3333d-e657-4666-b55c-5edcb9bc97a4 HTTP/1.0" 404 121143 "-" "meta-externalagent/1.1 (+https://developers.facebook.com/docs/sharing/webmasters/crawler)"
104.210.140.137 - - [25/Feb/2026:02:48:21 +0100] "GET /robots.txt HTTP/1.0" 200 4185 "-" "Mozilla/5.0 (Macintosh; Intel Mac OS X 10_15_7) AppleWebKit/537.36 (KHTML, like Gecko) Chrome/131.0.0.0 Safari/537.36; compatible; OAI-SearchBot/1.0; +https://openai.com/searchbot"
57.141.20.5 - - [25/Feb/2026:02:51:55 +0100] "GET /wp-content/uploads/image-5.jpeg HTTP/1.0" 200 182430 "-" "meta-externalagent/1.1 (+https://developers.facebook.com/docs/sharing/webmasters/crawler)"
94.130.90.54 - - [25/Feb/2026:03:00:48 +0100] "GET /wp-content/uploads/thumbnail-5.jpg HTTP/1.1" 304 3378 "-" "Serf/1.3.9 (mod_pagespeed/1.13.35.2-0)"
57.141.20.45 - - [25/Feb/2026:03:00:48 +0100] "GET /wp-content/uploads/thumbnail-5.jpg.pagespeed.ce.I23F_u_Y3e.jpg HTTP/1.0" 200 50699 "-" "meta-externalagent/1.1 (+https://developers.facebook.com/docs/sharing/webmasters/crawler)"
57.141.20.23 - - [25/Feb/2026:03:16:08 +0100] "GET /wp-content/uploads/image-9.jpeg HTTP/1.0" 200 55243 "-" "meta-externalagent/1.1 (+https://developers.facebook.com/docs/sharing/webmasters/crawler)"
94.130.90.54 - - [25/Feb/2026:03:22:52 +0100] "GET /wp-content/uploads/thumbnail-3.jpg HTTP/1.1" 304 3378 "-" "Serf/1.3.9 (mod_pagespeed/1.13.35.2-0)"
57.141.20.30 - - [25/Feb/2026:03:22:52 +0100] "GET /wp-content/uploads/thumbnail-3.jpg.pagespeed.ce.IyeXnWzx_2.jpg HTTP/1.0" 200 53450 "-" "meta-externalagent/1.1 (+https://developers.facebook.com/docs/sharing/webmasters/crawler)"
94.130.90.54 - - [25/Feb/2026:03:33:29 +0100] "POST /wp-cron.php?doing_wp_cron=1771986809.1251211166381835937500 HTTP/1.0" 200 4057 "-" "WordPress/6.9.1; https://kleh.inglory.de"
57.141.20.5 - - [25/Feb/2026:03:33:28 +0100] "GET /\\\"https:\\/\\/www.kleh.net\\/images\\/48.jpg\\\" HTTP/1.0" 301 4179 "-" "meta-externalagent/1.1 (+https://developers.facebook.com/docs/sharing/webmasters/crawler)"
57.141.20.7 - - [25/Feb/2026:03:33:30 +0100] "GET /https://www.kleh.net/images/48.jpg HTTP/1.0" 301 4178 "-" "meta-externalagent/1.1 (+https://developers.facebook.com/docs/sharing/webmasters/crawler)"
57.141.20.5 - - [25/Feb/2026:03:33:32 +0100] "GET /https:/www.kleh.net/images/48.jpg HTTP/1.0" 404 121127 "-" "meta-externalagent/1.1 (+https://developers.facebook.com/docs/sharing/webmasters/crawler)"
57.141.20.9 - - [25/Feb/2026:03:38:12 +0100] "GET /\\\"https:\\/\\/www.kleh.net\\/images\\/165.jpg\\\" HTTP/1.0" 301 4180 "-" "meta-externalagent/1.1 (+https://developers.facebook.com/docs/sharing/webmasters/crawler)"
94.130.90.54 - - [25/Feb/2026:03:38:14 +0100] "GET /wp-content/uploads/thumbnail-2.jpg HTTP/1.1" 304 3378 "-" "Serf/1.3.9 (mod_pagespeed/1.13.35.2-0)"
57.141.20.55 - - [25/Feb/2026:03:38:14 +0100] "GET /wp-content/uploads/thumbnail-2.jpg.pagespeed.ce.E_xeNAAFLF.jpg HTTP/1.0" 200 47929 "-" "meta-externalagent/1.1 (+https://developers.facebook.com/docs/sharing/webmasters/crawler)"
57.141.20.44 - - [25/Feb/2026:03:38:14 +0100] "GET /https://www.kleh.net/images/165.jpg HTTP/1.0" 301 4179 "-" "meta-externalagent/1.1 (+https://developers.facebook.com/docs/sharing/webmasters/crawler)"
57.141.20.15 - - [25/Feb/2026:03:38:17 +0100] "GET /https:/www.kleh.net/images/165.jpg HTTP/1.0" 404 121159 "-" "meta-externalagent/1.1 (+https://developers.facebook.com/docs/sharing/webmasters/crawler)"
57.141.20.57 - - [25/Feb/2026:03:51:37 +0100] "GET /wp-content/uploads/thumbnail-8.jpg HTTP/1.0" 200 135885 "-" "meta-externalagent/1.1 (+https://developers.facebook.com/docs/sharing/webmasters/crawler)"
57.141.20.37 - - [25/Feb/2026:03:55:58 +0100] "GET /\\\"https:\\/\\/www.kleh.net\\/images\\/65.png\\\" HTTP/1.0" 301 4163 "-" "meta-externalagent/1.1 (+https://developers.facebook.com/docs/sharing/webmasters/crawler)"
57.141.20.21 - - [25/Feb/2026:03:56:00 +0100] "GET /https://www.kleh.net/images/65.png HTTP/1.0" 301 4178 "-" "meta-externalagent/1.1 (+https://developers.facebook.com/docs/sharing/webmasters/crawler)"
57.141.20.1 - - [25/Feb/2026:03:56:02 +0100] "GET /https:/www.kleh.net/images/65.png HTTP/1.0" 404 121143 "-" "meta-externalagent/1.1 (+https://developers.facebook.com/docs/sharing/webmasters/crawler)"
57.141.20.15 - - [25/Feb/2026:04:00:32 +0100] "GET /\\\"https:\\/\\/www.kleh.net\\/images\\/47.jpg\\\" HTTP/1.0" 301 4147 "-" "meta-externalagent/1.1 (+https://developers.facebook.com/docs/sharing/webmasters/crawler)"
57.141.20.54 - - [25/Feb/2026:04:00:33 +0100] "GET /https://www.kleh.net/images/47.jpg HTTP/1.0" 301 4162 "-" "meta-externalagent/1.1 (+https://developers.facebook.com/docs/sharing/webmasters/crawler)"
57.141.20.10 - - [25/Feb/2026:04:00:35 +0100] "GET /https:/www.kleh.net/images/47.jpg HTTP/1.0" 404 121127 "-" "meta-externalagent/1.1 (+https://developers.facebook.com/docs/sharing/webmasters/crawler)"
57.141.20.39 - - [25/Feb/2026:04:02:28 +0100] "GET /\\\"https:\\/\\/www.kleh.net\\/images\\/66.png\\\" HTTP/1.0" 301 4163 "-" "meta-externalagent/1.1 (+https://developers.facebook.com/docs/sharing/webmasters/crawler)"
57.141.20.53 - - [25/Feb/2026:04:02:30 +0100] "GET /https://www.kleh.net/images/66.png HTTP/1.0" 301 4178 "-" "meta-externalagent/1.1 (+https://developers.facebook.com/docs/sharing/webmasters/crawler)"
57.141.20.44 - - [25/Feb/2026:04:02:31 +0100] "GET /https:/www.kleh.net/images/66.png HTTP/1.0" 404 121127 "-" "meta-externalagent/1.1 (+https://developers.facebook.com/docs/sharing/webmasters/crawler)"
57.141.20.51 - - [25/Feb/2026:04:13:46 +0100] "GET /\\\"https:\\/\\/kleh.inglory.de\\/wp-content\\/uploads\\/image-3.jpeg\\\" HTTP/1.0" 301 4184 "-" "meta-externalagent/1.1 (+https://developers.facebook.com/docs/sharing/webmasters/crawler)"
57.141.20.10 - - [25/Feb/2026:04:13:48 +0100] "GET /https://kleh.inglory.de/wp-content/uploads/image-3.jpeg HTTP/1.0" 301 4183 "-" "meta-externalagent/1.1 (+https://developers.facebook.com/docs/sharing/webmasters/crawler)"
57.141.20.49 - - [25/Feb/2026:04:13:50 +0100] "GET /https:/kleh.inglory.de/wp-content/uploads/image-3.jpeg HTTP/1.0" 404 121143 "-" "meta-externalagent/1.1 (+https://developers.facebook.com/docs/sharing/webmasters/crawler)"
57.141.20.41 - - [25/Feb/2026:04:14:21 +0100] "GET /\\\"https:\\/\\/kleh.inglory.de\\/wp-content\\/uploads\\/image-7.jpeg\\\" HTTP/1.0" 301 4168 "-" "meta-externalagent/1.1 (+https://developers.facebook.com/docs/sharing/webmasters/crawler)"
57.141.20.7 - - [25/Feb/2026:04:14:23 +0100] "GET /https://kleh.inglory.de/wp-content/uploads/image-7.jpeg HTTP/1.0" 301 4167 "-" "meta-externalagent/1.1 (+https://developers.facebook.com/docs/sharing/webmasters/crawler)"
57.141.20.17 - - [25/Feb/2026:04:14:25 +0100] "GET /https:/kleh.inglory.de/wp-content/uploads/image-7.jpeg HTTP/1.0" 404 121143 "-" "meta-externalagent/1.1 (+https://developers.facebook.com/docs/sharing/webmasters/crawler)"
57.141.20.39 - - [25/Feb/2026:04:44:14 +0100] "GET /wp-content/uploads/image-1.jpeg HTTP/1.0" 200 135914 "-" "meta-externalagent/1.1 (+https://developers.facebook.com/docs/sharing/webmasters/crawler)"
94.130.90.54 - - [25/Feb/2026:05:00:58 +0100] "POST /wp-cron.php?doing_wp_cron=1771992058.1856079101562500000000 HTTP/1.0" 200 4057 "-" "WordPress/6.9.1; https://kleh.inglory.de"
57.141.20.28 - - [25/Feb/2026:05:00:57 +0100] "GET /\\\"https:\\/\\/www.kleh.net\\/images\\/42.jpg\\\" HTTP/1.0" 301 4147 "-" "meta-externalagent/1.1 (+https://developers.facebook.com/docs/sharing/webmasters/crawler)"
57.141.20.52 - - [25/Feb/2026:05:00:59 +0100] "GET /https://www.kleh.net/images/42.jpg HTTP/1.0" 301 4162 "-" "meta-externalagent/1.1 (+https://developers.facebook.com/docs/sharing/webmasters/crawler)"
57.141.20.1 - - [25/Feb/2026:05:01:02 +0100] "GET /https:/www.kleh.net/images/42.jpg HTTP/1.0" 404 121143 "-" "meta-externalagent/1.1 (+https://developers.facebook.com/docs/sharing/webmasters/crawler)"
57.141.20.10 - - [25/Feb/2026:05:09:11 +0100] "GET /wp-content/uploads/image-10.jpeg HTTP/1.0" 200 119070 "-" "meta-externalagent/1.1 (+https://developers.facebook.com/docs/sharing/webmasters/crawler)"
57.141.20.47 - - [25/Feb/2026:05:09:31 +0100] "GET /blob:https://kleh.inglory.de/0309b201-de5a-4d16-b698-c79eeef172a9 HTTP/1.0" 301 4193 "-" "meta-externalagent/1.1 (+https://developers.facebook.com/docs/sharing/webmasters/crawler)"
57.141.20.2 - - [25/Feb/2026:05:09:33 +0100] "GET /blob:https:/kleh.inglory.de/0309b201-de5a-4d16-b698-c79eeef172a9 HTTP/1.0" 404 121127 "-" "meta-externalagent/1.1 (+https://developers.facebook.com/docs/sharing/webmasters/crawler)"
57.141.20.26 - - [25/Feb/2026:05:24:05 +0100] "GET /\\\"https:\\/\\/www.kleh.net\\/images\\/49.jpg\\\" HTTP/1.0" 301 4163 "-" "meta-externalagent/1.1 (+https://developers.facebook.com/docs/sharing/webmasters/crawler)"
57.141.20.50 - - [25/Feb/2026:05:24:07 +0100] "GET /https://www.kleh.net/images/49.jpg HTTP/1.0" 301 4162 "-" "meta-externalagent/1.1 (+https://developers.facebook.com/docs/sharing/webmasters/crawler)"
57.141.20.38 - - [25/Feb/2026:05:24:09 +0100] "GET /https:/www.kleh.net/images/49.jpg HTTP/1.0" 404 121143 "-" "meta-externalagent/1.1 (+https://developers.facebook.com/docs/sharing/webmasters/crawler)"
94.130.90.54 - - [25/Feb/2026:05:27:04 +0100] "POST /wp-cron.php?doing_wp_cron=1771993624.9612679481506347656250 HTTP/1.0" 200 4025 "-" "WordPress/6.9.1; https://kleh.inglory.de"
57.141.20.15 - - [25/Feb/2026:05:27:04 +0100] "GET /\\\"https:\\/\\/kleh.inglory.de\\/wp-content\\/uploads\\/image-10.jpeg\\\" HTTP/1.0" 301 4201 "-" "meta-externalagent/1.1 (+https://developers.facebook.com/docs/sharing/webmasters/crawler)"
57.141.20.3 - - [25/Feb/2026:05:27:06 +0100] "GET /https://kleh.inglory.de/wp-content/uploads/image-10.jpeg HTTP/1.0" 301 4200 "-" "meta-externalagent/1.1 (+https://developers.facebook.com/docs/sharing/webmasters/crawler)"
94.130.90.54 - - [25/Feb/2026:05:27:08 +0100] "POST /wp-cron.php?doing_wp_cron=1771993628.9646151065826416015625 HTTP/1.0" 200 4025 "-" "WordPress/6.9.1; https://kleh.inglory.de"
57.141.20.17 - - [25/Feb/2026:05:27:08 +0100] "GET /https:/kleh.inglory.de/wp-content/uploads/image-10.jpeg HTTP/1.0" 404 121127 "-" "meta-externalagent/1.1 (+https://developers.facebook.com/docs/sharing/webmasters/crawler)"
94.130.90.54 - - [25/Feb/2026:05:29:24 +0100] "GET /wp-content/uploads/thumbnail-1.jpg HTTP/1.1" 200 63369 "-" "Serf/1.3.9 (mod_pagespeed/1.13.35.2-0)"
57.141.20.42 - - [25/Feb/2026:05:29:24 +0100] "GET /wp-content/uploads/thumbnail-1.jpg.pagespeed.ce.Rwm03mxWta.jpg HTTP/1.0" 200 64005 "-" "meta-externalagent/1.1 (+https://developers.facebook.com/docs/sharing/webmasters/crawler)"
57.141.20.12 - - [25/Feb/2026:05:31:13 +0100] "GET /\\\"https:\\/\\/www.kleh.net\\/images\\/163.jpg\\\" HTTP/1.0" 301 4164 "-" "meta-externalagent/1.1 (+https://developers.facebook.com/docs/sharing/webmasters/crawler)"
57.141.20.52 - - [25/Feb/2026:05:31:15 +0100] "GET /https://www.kleh.net/images/163.jpg HTTP/1.0" 301 4163 "-" "meta-externalagent/1.1 (+https://developers.facebook.com/docs/sharing/webmasters/crawler)"
57.141.20.8 - - [25/Feb/2026:05:31:17 +0100] "GET /https:/www.kleh.net/images/163.jpg HTTP/1.0" 404 121159 "-" "meta-externalagent/1.1 (+https://developers.facebook.com/docs/sharing/webmasters/crawler)"
94.130.90.54 - - [25/Feb/2026:05:34:27 +0100] "GET /wp-content/uploads/thumbnail-6.jpg HTTP/1.1" 200 44772 "-" "Serf/1.3.9 (mod_pagespeed/1.13.35.2-0)"
57.141.20.33 - - [25/Feb/2026:05:34:27 +0100] "GET /wp-content/uploads/xthumbnail-6.jpg.pagespeed.ic.0eC-MS03nN.jpg HTTP/1.0" 200 45388 "-" "meta-externalagent/1.1 (+https://developers.facebook.com/docs/sharing/webmasters/crawler)"
57.141.20.21 - - [25/Feb/2026:05:35:29 +0100] "GET /wp-content/uploads/image.png HTTP/1.0" 200 564153 "-" "meta-externalagent/1.1 (+https://developers.facebook.com/docs/sharing/webmasters/crawler)"
57.141.20.44 - - [25/Feb/2026:05:46:43 +0100] "GET /wp-content/uploads/image-4.jpeg HTTP/1.0" 200 10876 "-" "meta-externalagent/1.1 (+https://developers.facebook.com/docs/sharing/webmasters/crawler)"
147.45.51.52 - - [25/Feb/2026:05:59:50 +0100] "GET /.env HTTP/1.0" 404 121159 "-" "Mozilla/5.0 (X11; Ubuntu; Linux x86_64; rv:147.0) Gecko/20100101 Firefox/147.0"
57.141.20.38 - - [25/Feb/2026:06:00:42 +0100] "GET /blob:https://kleh.inglory.de/89c3c9e8-22ed-41cb-a90a-4a1361e987ee HTTP/1.0" 301 4193 "-" "meta-externalagent/1.1 (+https://developers.facebook.com/docs/sharing/webmasters/crawler)"
57.141.20.23 - - [25/Feb/2026:06:00:44 +0100] "GET /blob:https:/kleh.inglory.de/89c3c9e8-22ed-41cb-a90a-4a1361e987ee HTTP/1.0" 404 121127 "-" "meta-externalagent/1.1 (+https://developers.facebook.com/docs/sharing/webmasters/crawler)"
57.141.20.13 - - [25/Feb/2026:06:03:32 +0100] "GET /\\\"https:\\/\\/www.kleh.net\\/images\\/58.png\\\" HTTP/1.0" 301 4179 "-" "meta-externalagent/1.1 (+https://developers.facebook.com/docs/sharing/webmasters/crawler)"
57.141.20.34 - - [25/Feb/2026:06:03:34 +0100] "GET /https://www.kleh.net/images/58.png HTTP/1.0" 301 4146 "-" "meta-externalagent/1.1 (+https://developers.facebook.com/docs/sharing/webmasters/crawler)"
57.141.20.45 - - [25/Feb/2026:06:03:36 +0100] "GET /https:/www.kleh.net/images/58.png HTTP/1.0" 404 121127 "-" "meta-externalagent/1.1 (+https://developers.facebook.com/docs/sharing/webmasters/crawler)"
57.141.20.26 - - [25/Feb/2026:06:13:34 +0100] "GET /\\\"https:\\/\\/www.kleh.net\\/images\\/67.png\\\" HTTP/1.0" 301 4163 "-" "meta-externalagent/1.1 (+https://developers.facebook.com/docs/sharing/webmasters/crawler)"
57.141.20.37 - - [25/Feb/2026:06:13:36 +0100] "GET /https://www.kleh.net/images/67.png HTTP/1.0" 301 4178 "-" "meta-externalagent/1.1 (+https://developers.facebook.com/docs/sharing/webmasters/crawler)"
