94.130.90.54 - - [21/Feb/2026:13:33:18 +0100] "GET /wp-content/uploads/cropped-favicon-180x180.png HTTP/1.1" 304 3378 "https://kleh.inglory.de/wp-login.php" "Serf/1.3.9 (mod_pagespeed/1.13.35.2-0)"
94.130.90.54 - - [21/Feb/2026:13:33:18 +0100] "GET /wp-includes/js/clipboard.min.js?ver=2.0.11 HTTP/1.1" 304 3378 "https://kleh.inglory.de/wp-login.php" "Serf/1.3.9 (mod_pagespeed/1.13.35.2-0)"
94.130.90.54 - - [21/Feb/2026:13:33:18 +0100] "GET /wp-includes/js/jquery/jquery.min.js?ver=3.7.1 HTTP/1.1" 304 3379 "https://kleh.inglory.de/wp-login.php" "Serf/1.3.9 (mod_pagespeed/1.13.35.2-0)"
94.130.90.54 - - [21/Feb/2026:13:33:18 +0100] "GET /wp-includes/js/jquery/jquery-migrate.min.js?ver=3.4.1 HTTP/1.1" 304 3378 "https://kleh.inglory.de/wp-login.php" "Serf/1.3.9 (mod_pagespeed/1.13.35.2-0)"
94.130.90.54 - - [21/Feb/2026:13:33:18 +0100] "GET /wp-includes/js/underscore.min.js?ver=1.13.7 HTTP/1.1" 304 3378 "https://kleh.inglory.de/wp-login.php" "Serf/1.3.9 (mod_pagespeed/1.13.35.2-0)"
94.130.90.54 - - [21/Feb/2026:13:33:18 +0100] "GET /wp-includes/js/zxcvbn-async.min.js?ver=1.0 HTTP/1.1" 304 3377 "https://kleh.inglory.de/wp-login.php" "Serf/1.3.9 (mod_pagespeed/1.13.35.2-0)"
94.130.90.54 - - [21/Feb/2026:13:40:43 +0100] "GET /wp-includes/css/dashicons.min.css?ver=6.9.1 HTTP/1.1" 304 3378 "https://kleh.inglory.de/wp-login.php" "Serf/1.3.9 (mod_pagespeed/1.13.35.2-0)"
143.110.249.19 - - [21/Feb/2026:13:40:42 +0100] "POST /wp-login.php HTTP/1.0" 200 11062 "-" "Mozilla/5.0"
94.130.90.54 - - [21/Feb/2026:13:40:43 +0100] "GET /wp-includes/css/buttons.min.css?ver=6.9.1 HTTP/1.1" 304 3378 "https://kleh.inglory.de/wp-login.php" "Serf/1.3.9 (mod_pagespeed/1.13.35.2-0)"
94.130.90.54 - - [21/Feb/2026:13:40:43 +0100] "GET /wp-includes/js/dist/hooks.min.js?ver=dd5603f07f9220ed27f1 HTTP/1.1" 304 3378 "https://kleh.inglory.de/wp-login.php" "Serf/1.3.9 (mod_pagespeed/1.13.35.2-0)"
94.130.90.54 - - [21/Feb/2026:13:40:43 +0100] "GET /wp-includes/js/dist/i18n.min.js?ver=c26c3dc7bed366793375 HTTP/1.1" 304 3378 "https://kleh.inglory.de/wp-login.php" "Serf/1.3.9 (mod_pagespeed/1.13.35.2-0)"
94.130.90.54 - - [21/Feb/2026:13:40:43 +0100] "GET /wp-includes/js/wp-util.min.js?ver=6.9.1 HTTP/1.1" 304 3377 "https://kleh.inglory.de/wp-login.php" "Serf/1.3.9 (mod_pagespeed/1.13.35.2-0)"
94.130.90.54 - - [21/Feb/2026:13:40:43 +0100] "GET /wp-includes/js/dist/dom-ready.min.js?ver=f77871ff7694fffea381 HTTP/1.1" 304 3377 "https://kleh.inglory.de/wp-login.php" "Serf/1.3.9 (mod_pagespeed/1.13.35.2-0)"
94.130.90.54 - - [21/Feb/2026:13:40:43 +0100] "GET /wp-includes/js/dist/a11y.min.js?ver=cb460b4676c94bd228ed HTTP/1.1" 304 3377 "https://kleh.inglory.de/wp-login.php" "Serf/1.3.9 (mod_pagespeed/1.13.35.2-0)"
94.130.90.54 - - [21/Feb/2026:13:40:43 +0100] "GET /wp-content/uploads/cropped-favicon-32x32.png HTTP/1.1" 304 3377 "https://kleh.inglory.de/wp-login.php" "Serf/1.3.9 (mod_pagespeed/1.13.35.2-0)"
94.130.90.54 - - [21/Feb/2026:13:40:43 +0100] "GET /wp-content/uploads/cropped-favicon-192x192.png HTTP/1.1" 304 3378 "https://kleh.inglory.de/wp-login.php" "Serf/1.3.9 (mod_pagespeed/1.13.35.2-0)"
94.130.90.54 - - [21/Feb/2026:13:40:43 +0100] "GET /wp-content/uploads/cropped-favicon-180x180.png HTTP/1.1" 304 3378 "https://kleh.inglory.de/wp-login.php" "Serf/1.3.9 (mod_pagespeed/1.13.35.2-0)"
94.130.90.54 - - [21/Feb/2026:13:40:43 +0100] "GET /wp-includes/js/clipboard.min.js?ver=2.0.11 HTTP/1.1" 304 3378 "https://kleh.inglory.de/wp-login.php" "Serf/1.3.9 (mod_pagespeed/1.13.35.2-0)"
94.130.90.54 - - [21/Feb/2026:13:40:43 +0100] "GET /wp-includes/js/jquery/jquery.min.js?ver=3.7.1 HTTP/1.1" 304 3379 "https://kleh.inglory.de/wp-login.php" "Serf/1.3.9 (mod_pagespeed/1.13.35.2-0)"
94.130.90.54 - - [21/Feb/2026:13:40:43 +0100] "GET /wp-includes/js/jquery/jquery-migrate.min.js?ver=3.4.1 HTTP/1.1" 304 3378 "https://kleh.inglory.de/wp-login.php" "Serf/1.3.9 (mod_pagespeed/1.13.35.2-0)"
94.130.90.54 - - [21/Feb/2026:13:40:43 +0100] "GET /wp-includes/js/underscore.min.js?ver=1.13.7 HTTP/1.1" 304 3378 "https://kleh.inglory.de/wp-login.php" "Serf/1.3.9 (mod_pagespeed/1.13.35.2-0)"
94.130.90.54 - - [21/Feb/2026:13:40:43 +0100] "GET /wp-includes/js/zxcvbn-async.min.js?ver=1.0 HTTP/1.1" 304 3377 "https://kleh.inglory.de/wp-login.php" "Serf/1.3.9 (mod_pagespeed/1.13.35.2-0)"
94.130.90.54 - - [21/Feb/2026:13:50:36 +0100] "GET /wp-includes/css/dashicons.min.css?ver=6.9.1 HTTP/1.1" 304 3378 "https://kleh.inglory.de/wp-login.php" "Serf/1.3.9 (mod_pagespeed/1.13.35.2-0)"
143.110.249.19 - - [21/Feb/2026:13:50:35 +0100] "POST /wp-login.php HTTP/1.0" 200 11078 "-" "Mozilla/5.0"
94.130.90.54 - - [21/Feb/2026:13:50:36 +0100] "GET /wp-includes/css/buttons.min.css?ver=6.9.1 HTTP/1.1" 304 3378 "https://kleh.inglory.de/wp-login.php" "Serf/1.3.9 (mod_pagespeed/1.13.35.2-0)"
94.130.90.54 - - [21/Feb/2026:13:50:36 +0100] "GET /wp-includes/js/dist/hooks.min.js?ver=dd5603f07f9220ed27f1 HTTP/1.1" 304 3378 "https://kleh.inglory.de/wp-login.php" "Serf/1.3.9 (mod_pagespeed/1.13.35.2-0)"
94.130.90.54 - - [21/Feb/2026:13:50:36 +0100] "GET /wp-includes/js/dist/i18n.min.js?ver=c26c3dc7bed366793375 HTTP/1.1" 304 3378 "https://kleh.inglory.de/wp-login.php" "Serf/1.3.9 (mod_pagespeed/1.13.35.2-0)"
94.130.90.54 - - [21/Feb/2026:13:50:36 +0100] "GET /wp-includes/js/wp-util.min.js?ver=6.9.1 HTTP/1.1" 304 3377 "https://kleh.inglory.de/wp-login.php" "Serf/1.3.9 (mod_pagespeed/1.13.35.2-0)"
94.130.90.54 - - [21/Feb/2026:13:50:36 +0100] "GET /wp-includes/js/dist/dom-ready.min.js?ver=f77871ff7694fffea381 HTTP/1.1" 304 3377 "https://kleh.inglory.de/wp-login.php" "Serf/1.3.9 (mod_pagespeed/1.13.35.2-0)"
94.130.90.54 - - [21/Feb/2026:13:50:36 +0100] "GET /wp-includes/js/dist/a11y.min.js?ver=cb460b4676c94bd228ed HTTP/1.1" 304 3377 "https://kleh.inglory.de/wp-login.php" "Serf/1.3.9 (mod_pagespeed/1.13.35.2-0)"
94.130.90.54 - - [21/Feb/2026:13:50:36 +0100] "GET /wp-content/uploads/cropped-favicon-32x32.png HTTP/1.1" 304 3377 "https://kleh.inglory.de/wp-login.php" "Serf/1.3.9 (mod_pagespeed/1.13.35.2-0)"
94.130.90.54 - - [21/Feb/2026:13:50:36 +0100] "GET /wp-content/uploads/cropped-favicon-192x192.png HTTP/1.1" 304 3378 "https://kleh.inglory.de/wp-login.php" "Serf/1.3.9 (mod_pagespeed/1.13.35.2-0)"
94.130.90.54 - - [21/Feb/2026:13:50:36 +0100] "GET /wp-content/uploads/cropped-favicon-180x180.png HTTP/1.1" 304 3378 "https://kleh.inglory.de/wp-login.php" "Serf/1.3.9 (mod_pagespeed/1.13.35.2-0)"
94.130.90.54 - - [21/Feb/2026:13:50:36 +0100] "GET /wp-includes/js/clipboard.min.js?ver=2.0.11 HTTP/1.1" 304 3378 "https://kleh.inglory.de/wp-login.php" "Serf/1.3.9 (mod_pagespeed/1.13.35.2-0)"
94.130.90.54 - - [21/Feb/2026:13:50:36 +0100] "GET /wp-includes/js/jquery/jquery.min.js?ver=3.7.1 HTTP/1.1" 304 3379 "https://kleh.inglory.de/wp-login.php" "Serf/1.3.9 (mod_pagespeed/1.13.35.2-0)"
94.130.90.54 - - [21/Feb/2026:13:50:36 +0100] "GET /wp-includes/js/jquery/jquery-migrate.min.js?ver=3.4.1 HTTP/1.1" 304 3378 "https://kleh.inglory.de/wp-login.php" "Serf/1.3.9 (mod_pagespeed/1.13.35.2-0)"
94.130.90.54 - - [21/Feb/2026:13:50:36 +0100] "GET /wp-includes/js/underscore.min.js?ver=1.13.7 HTTP/1.1" 304 3378 "https://kleh.inglory.de/wp-login.php" "Serf/1.3.9 (mod_pagespeed/1.13.35.2-0)"
94.130.90.54 - - [21/Feb/2026:13:50:36 +0100] "GET /wp-includes/js/zxcvbn-async.min.js?ver=1.0 HTTP/1.1" 304 3377 "https://kleh.inglory.de/wp-login.php" "Serf/1.3.9 (mod_pagespeed/1.13.35.2-0)"
94.130.90.54 - - [21/Feb/2026:14:01:28 +0100] "GET /wp-includes/css/dashicons.min.css?ver=6.9.1 HTTP/1.1" 304 3378 "https://kleh.inglory.de/wp-login.php" "Serf/1.3.9 (mod_pagespeed/1.13.35.2-0)"
143.110.249.19 - - [21/Feb/2026:14:01:28 +0100] "POST /wp-login.php HTTP/1.0" 200 11094 "-" "Mozilla/5.0"
94.130.90.54 - - [21/Feb/2026:14:01:28 +0100] "GET /wp-includes/css/buttons.min.css?ver=6.9.1 HTTP/1.1" 304 3378 "https://kleh.inglory.de/wp-login.php" "Serf/1.3.9 (mod_pagespeed/1.13.35.2-0)"
94.130.90.54 - - [21/Feb/2026:14:01:28 +0100] "GET /wp-includes/js/dist/hooks.min.js?ver=dd5603f07f9220ed27f1 HTTP/1.1" 304 3378 "https://kleh.inglory.de/wp-login.php" "Serf/1.3.9 (mod_pagespeed/1.13.35.2-0)"
94.130.90.54 - - [21/Feb/2026:14:01:28 +0100] "GET /wp-includes/js/dist/i18n.min.js?ver=c26c3dc7bed366793375 HTTP/1.1" 304 3378 "https://kleh.inglory.de/wp-login.php" "Serf/1.3.9 (mod_pagespeed/1.13.35.2-0)"
94.130.90.54 - - [21/Feb/2026:14:01:28 +0100] "GET /wp-includes/js/wp-util.min.js?ver=6.9.1 HTTP/1.1" 304 3377 "https://kleh.inglory.de/wp-login.php" "Serf/1.3.9 (mod_pagespeed/1.13.35.2-0)"
94.130.90.54 - - [21/Feb/2026:14:01:28 +0100] "GET /wp-includes/js/dist/dom-ready.min.js?ver=f77871ff7694fffea381 HTTP/1.1" 304 3377 "https://kleh.inglory.de/wp-login.php" "Serf/1.3.9 (mod_pagespeed/1.13.35.2-0)"
94.130.90.54 - - [21/Feb/2026:14:01:28 +0100] "GET /wp-includes/js/dist/a11y.min.js?ver=cb460b4676c94bd228ed HTTP/1.1" 304 3377 "https://kleh.inglory.de/wp-login.php" "Serf/1.3.9 (mod_pagespeed/1.13.35.2-0)"
94.130.90.54 - - [21/Feb/2026:14:01:28 +0100] "GET /wp-content/uploads/cropped-favicon-32x32.png HTTP/1.1" 304 3377 "https://kleh.inglory.de/wp-login.php" "Serf/1.3.9 (mod_pagespeed/1.13.35.2-0)"
94.130.90.54 - - [21/Feb/2026:14:01:28 +0100] "GET /wp-content/uploads/cropped-favicon-192x192.png HTTP/1.1" 304 3378 "https://kleh.inglory.de/wp-login.php" "Serf/1.3.9 (mod_pagespeed/1.13.35.2-0)"
94.130.90.54 - - [21/Feb/2026:14:01:28 +0100] "GET /wp-content/uploads/cropped-favicon-180x180.png HTTP/1.1" 304 3378 "https://kleh.inglory.de/wp-login.php" "Serf/1.3.9 (mod_pagespeed/1.13.35.2-0)"
94.130.90.54 - - [21/Feb/2026:14:01:28 +0100] "GET /wp-includes/js/clipboard.min.js?ver=2.0.11 HTTP/1.1" 304 3378 "https://kleh.inglory.de/wp-login.php" "Serf/1.3.9 (mod_pagespeed/1.13.35.2-0)"
94.130.90.54 - - [21/Feb/2026:14:01:28 +0100] "GET /wp-includes/js/jquery/jquery.min.js?ver=3.7.1 HTTP/1.1" 304 3379 "https://kleh.inglory.de/wp-login.php" "Serf/1.3.9 (mod_pagespeed/1.13.35.2-0)"
94.130.90.54 - - [21/Feb/2026:14:01:28 +0100] "GET /wp-includes/js/jquery/jquery-migrate.min.js?ver=3.4.1 HTTP/1.1" 304 3378 "https://kleh.inglory.de/wp-login.php" "Serf/1.3.9 (mod_pagespeed/1.13.35.2-0)"
94.130.90.54 - - [21/Feb/2026:14:01:28 +0100] "GET /wp-includes/js/underscore.min.js?ver=1.13.7 HTTP/1.1" 304 3378 "https://kleh.inglory.de/wp-login.php" "Serf/1.3.9 (mod_pagespeed/1.13.35.2-0)"
94.130.90.54 - - [21/Feb/2026:14:01:28 +0100] "GET /wp-includes/js/zxcvbn-async.min.js?ver=1.0 HTTP/1.1" 304 3377 "https://kleh.inglory.de/wp-login.php" "Serf/1.3.9 (mod_pagespeed/1.13.35.2-0)"
69.171.231.14 - - [21/Feb/2026:14:03:56 +0100] "GET /robots.txt HTTP/1.0" 200 4113 "-" "facebookexternalhit/1.1 (+http://www.facebook.com/externalhit_uatext.php)"
94.130.90.54 - - [21/Feb/2026:14:12:42 +0100] "GET /wp-includes/css/dashicons.min.css?ver=6.9.1 HTTP/1.1" 304 3378 "https://kleh.inglory.de/wp-login.php" "Serf/1.3.9 (mod_pagespeed/1.13.35.2-0)"
143.110.249.19 - - [21/Feb/2026:14:12:41 +0100] "POST /wp-login.php HTTP/1.0" 200 11062 "-" "Mozilla/5.0"
94.130.90.54 - - [21/Feb/2026:14:12:42 +0100] "GET /wp-includes/css/buttons.min.css?ver=6.9.1 HTTP/1.1" 304 3378 "https://kleh.inglory.de/wp-login.php" "Serf/1.3.9 (mod_pagespeed/1.13.35.2-0)"
94.130.90.54 - - [21/Feb/2026:14:12:42 +0100] "GET /wp-includes/js/dist/hooks.min.js?ver=dd5603f07f9220ed27f1 HTTP/1.1" 304 3378 "https://kleh.inglory.de/wp-login.php" "Serf/1.3.9 (mod_pagespeed/1.13.35.2-0)"
94.130.90.54 - - [21/Feb/2026:14:12:42 +0100] "GET /wp-includes/js/dist/i18n.min.js?ver=c26c3dc7bed366793375 HTTP/1.1" 304 3378 "https://kleh.inglory.de/wp-login.php" "Serf/1.3.9 (mod_pagespeed/1.13.35.2-0)"
94.130.90.54 - - [21/Feb/2026:14:12:42 +0100] "GET /wp-includes/js/wp-util.min.js?ver=6.9.1 HTTP/1.1" 304 3377 "https://kleh.inglory.de/wp-login.php" "Serf/1.3.9 (mod_pagespeed/1.13.35.2-0)"
94.130.90.54 - - [21/Feb/2026:14:12:42 +0100] "GET /wp-includes/js/dist/dom-ready.min.js?ver=f77871ff7694fffea381 HTTP/1.1" 304 3377 "https://kleh.inglory.de/wp-login.php" "Serf/1.3.9 (mod_pagespeed/1.13.35.2-0)"
94.130.90.54 - - [21/Feb/2026:14:12:42 +0100] "GET /wp-includes/js/dist/a11y.min.js?ver=cb460b4676c94bd228ed HTTP/1.1" 304 3377 "https://kleh.inglory.de/wp-login.php" "Serf/1.3.9 (mod_pagespeed/1.13.35.2-0)"
94.130.90.54 - - [21/Feb/2026:14:12:42 +0100] "GET /wp-content/uploads/cropped-favicon-32x32.png HTTP/1.1" 304 3377 "https://kleh.inglory.de/wp-login.php" "Serf/1.3.9 (mod_pagespeed/1.13.35.2-0)"
94.130.90.54 - - [21/Feb/2026:14:12:42 +0100] "GET /wp-content/uploads/cropped-favicon-192x192.png HTTP/1.1" 304 3378 "https://kleh.inglory.de/wp-login.php" "Serf/1.3.9 (mod_pagespeed/1.13.35.2-0)"
94.130.90.54 - - [21/Feb/2026:14:12:42 +0100] "GET /wp-content/uploads/cropped-favicon-180x180.png HTTP/1.1" 304 3378 "https://kleh.inglory.de/wp-login.php" "Serf/1.3.9 (mod_pagespeed/1.13.35.2-0)"
94.130.90.54 - - [21/Feb/2026:14:12:42 +0100] "GET /wp-includes/js/clipboard.min.js?ver=2.0.11 HTTP/1.1" 304 3378 "https://kleh.inglory.de/wp-login.php" "Serf/1.3.9 (mod_pagespeed/1.13.35.2-0)"
94.130.90.54 - - [21/Feb/2026:14:12:42 +0100] "GET /wp-includes/js/jquery/jquery.min.js?ver=3.7.1 HTTP/1.1" 304 3379 "https://kleh.inglory.de/wp-login.php" "Serf/1.3.9 (mod_pagespeed/1.13.35.2-0)"
94.130.90.54 - - [21/Feb/2026:14:12:42 +0100] "GET /wp-includes/js/jquery/jquery-migrate.min.js?ver=3.4.1 HTTP/1.1" 304 3378 "https://kleh.inglory.de/wp-login.php" "Serf/1.3.9 (mod_pagespeed/1.13.35.2-0)"
94.130.90.54 - - [21/Feb/2026:14:12:42 +0100] "GET /wp-includes/js/underscore.min.js?ver=1.13.7 HTTP/1.1" 304 3378 "https://kleh.inglory.de/wp-login.php" "Serf/1.3.9 (mod_pagespeed/1.13.35.2-0)"
94.130.90.54 - - [21/Feb/2026:14:12:42 +0100] "GET /wp-includes/js/zxcvbn-async.min.js?ver=1.0 HTTP/1.1" 304 3377 "https://kleh.inglory.de/wp-login.php" "Serf/1.3.9 (mod_pagespeed/1.13.35.2-0)"
94.130.90.54 - - [21/Feb/2026:14:24:02 +0100] "GET /wp-includes/css/dashicons.min.css?ver=6.9.1 HTTP/1.1" 304 3378 "https://kleh.inglory.de/wp-login.php" "Serf/1.3.9 (mod_pagespeed/1.13.35.2-0)"
143.110.249.19 - - [21/Feb/2026:14:24:01 +0100] "POST /wp-login.php HTTP/1.0" 200 11062 "-" "Mozilla/5.0"
94.130.90.54 - - [21/Feb/2026:14:24:02 +0100] "GET /wp-includes/css/buttons.min.css?ver=6.9.1 HTTP/1.1" 304 3378 "https://kleh.inglory.de/wp-login.php" "Serf/1.3.9 (mod_pagespeed/1.13.35.2-0)"
94.130.90.54 - - [21/Feb/2026:14:24:02 +0100] "GET /wp-includes/js/dist/hooks.min.js?ver=dd5603f07f9220ed27f1 HTTP/1.1" 304 3378 "https://kleh.inglory.de/wp-login.php" "Serf/1.3.9 (mod_pagespeed/1.13.35.2-0)"
94.130.90.54 - - [21/Feb/2026:14:24:02 +0100] "GET /wp-includes/js/dist/i18n.min.js?ver=c26c3dc7bed366793375 HTTP/1.1" 304 3378 "https://kleh.inglory.de/wp-login.php" "Serf/1.3.9 (mod_pagespeed/1.13.35.2-0)"
94.130.90.54 - - [21/Feb/2026:14:24:02 +0100] "GET /wp-includes/js/wp-util.min.js?ver=6.9.1 HTTP/1.1" 304 3377 "https://kleh.inglory.de/wp-login.php" "Serf/1.3.9 (mod_pagespeed/1.13.35.2-0)"
94.130.90.54 - - [21/Feb/2026:14:24:02 +0100] "GET /wp-includes/js/dist/dom-ready.min.js?ver=f77871ff7694fffea381 HTTP/1.1" 304 3377 "https://kleh.inglory.de/wp-login.php" "Serf/1.3.9 (mod_pagespeed/1.13.35.2-0)"
94.130.90.54 - - [21/Feb/2026:14:24:02 +0100] "GET /wp-includes/js/dist/a11y.min.js?ver=cb460b4676c94bd228ed HTTP/1.1" 304 3377 "https://kleh.inglory.de/wp-login.php" "Serf/1.3.9 (mod_pagespeed/1.13.35.2-0)"
94.130.90.54 - - [21/Feb/2026:14:24:02 +0100] "GET /wp-content/uploads/cropped-favicon-32x32.png HTTP/1.1" 304 3377 "https://kleh.inglory.de/wp-login.php" "Serf/1.3.9 (mod_pagespeed/1.13.35.2-0)"
94.130.90.54 - - [21/Feb/2026:14:24:02 +0100] "GET /wp-content/uploads/cropped-favicon-192x192.png HTTP/1.1" 304 3378 "https://kleh.inglory.de/wp-login.php" "Serf/1.3.9 (mod_pagespeed/1.13.35.2-0)"
94.130.90.54 - - [21/Feb/2026:14:24:02 +0100] "GET /wp-content/uploads/cropped-favicon-180x180.png HTTP/1.1" 304 3378 "https://kleh.inglory.de/wp-login.php" "Serf/1.3.9 (mod_pagespeed/1.13.35.2-0)"
94.130.90.54 - - [21/Feb/2026:14:24:02 +0100] "GET /wp-includes/js/clipboard.min.js?ver=2.0.11 HTTP/1.1" 304 3378 "https://kleh.inglory.de/wp-login.php" "Serf/1.3.9 (mod_pagespeed/1.13.35.2-0)"
94.130.90.54 - - [21/Feb/2026:14:24:02 +0100] "GET /wp-includes/js/jquery/jquery.min.js?ver=3.7.1 HTTP/1.1" 304 3379 "https://kleh.inglory.de/wp-login.php" "Serf/1.3.9 (mod_pagespeed/1.13.35.2-0)"
94.130.90.54 - - [21/Feb/2026:14:24:02 +0100] "GET /wp-includes/js/jquery/jquery-migrate.min.js?ver=3.4.1 HTTP/1.1" 304 3378 "https://kleh.inglory.de/wp-login.php" "Serf/1.3.9 (mod_pagespeed/1.13.35.2-0)"
94.130.90.54 - - [21/Feb/2026:14:24:02 +0100] "GET /wp-includes/js/underscore.min.js?ver=1.13.7 HTTP/1.1" 304 3378 "https://kleh.inglory.de/wp-login.php" "Serf/1.3.9 (mod_pagespeed/1.13.35.2-0)"
94.130.90.54 - - [21/Feb/2026:14:24:02 +0100] "GET /wp-includes/js/zxcvbn-async.min.js?ver=1.0 HTTP/1.1" 304 3377 "https://kleh.inglory.de/wp-login.php" "Serf/1.3.9 (mod_pagespeed/1.13.35.2-0)"
94.130.90.54 - - [21/Feb/2026:14:35:13 +0100] "POST /wp-cron.php?doing_wp_cron=1771680913.4006860256195068359375 HTTP/1.0" 200 4041 "-" "WordPress/6.9.1; https://kleh.inglory.de"
94.130.90.54 - - [21/Feb/2026:14:35:13 +0100] "GET /wp-includes/css/dashicons.min.css?ver=6.9.1 HTTP/1.1" 304 3378 "https://kleh.inglory.de/wp-login.php" "Serf/1.3.9 (mod_pagespeed/1.13.35.2-0)"
143.110.249.19 - - [21/Feb/2026:14:35:12 +0100] "POST /wp-login.php HTTP/1.0" 200 11078 "-" "Mozilla/5.0"
94.130.90.54 - - [21/Feb/2026:14:35:13 +0100] "GET /wp-includes/css/buttons.min.css?ver=6.9.1 HTTP/1.1" 304 3378 "https://kleh.inglory.de/wp-login.php" "Serf/1.3.9 (mod_pagespeed/1.13.35.2-0)"
94.130.90.54 - - [21/Feb/2026:14:35:13 +0100] "GET /wp-includes/js/dist/hooks.min.js?ver=dd5603f07f9220ed27f1 HTTP/1.1" 304 3378 "https://kleh.inglory.de/wp-login.php" "Serf/1.3.9 (mod_pagespeed/1.13.35.2-0)"
94.130.90.54 - - [21/Feb/2026:14:35:13 +0100] "GET /wp-includes/js/dist/i18n.min.js?ver=c26c3dc7bed366793375 HTTP/1.1" 304 3378 "https://kleh.inglory.de/wp-login.php" "Serf/1.3.9 (mod_pagespeed/1.13.35.2-0)"
94.130.90.54 - - [21/Feb/2026:14:35:13 +0100] "GET /wp-includes/js/wp-util.min.js?ver=6.9.1 HTTP/1.1" 304 3377 "https://kleh.inglory.de/wp-login.php" "Serf/1.3.9 (mod_pagespeed/1.13.35.2-0)"
94.130.90.54 - - [21/Feb/2026:14:35:13 +0100] "GET /wp-includes/js/dist/dom-ready.min.js?ver=f77871ff7694fffea381 HTTP/1.1" 304 3377 "https://kleh.inglory.de/wp-login.php" "Serf/1.3.9 (mod_pagespeed/1.13.35.2-0)"
94.130.90.54 - - [21/Feb/2026:14:35:13 +0100] "GET /wp-includes/js/dist/a11y.min.js?ver=cb460b4676c94bd228ed HTTP/1.1" 304 3377 "https://kleh.inglory.de/wp-login.php" "Serf/1.3.9 (mod_pagespeed/1.13.35.2-0)"
94.130.90.54 - - [21/Feb/2026:14:35:13 +0100] "GET /wp-content/uploads/cropped-favicon-32x32.png HTTP/1.1" 304 3377 "https://kleh.inglory.de/wp-login.php" "Serf/1.3.9 (mod_pagespeed/1.13.35.2-0)"
94.130.90.54 - - [21/Feb/2026:14:35:13 +0100] "GET /wp-content/uploads/cropped-favicon-192x192.png HTTP/1.1" 304 3378 "https://kleh.inglory.de/wp-login.php" "Serf/1.3.9 (mod_pagespeed/1.13.35.2-0)"
94.130.90.54 - - [21/Feb/2026:14:35:13 +0100] "GET /wp-content/uploads/cropped-favicon-180x180.png HTTP/1.1" 304 3378 "https://kleh.inglory.de/wp-login.php" "Serf/1.3.9 (mod_pagespeed/1.13.35.2-0)"
94.130.90.54 - - [21/Feb/2026:14:35:13 +0100] "GET /wp-includes/js/clipboard.min.js?ver=2.0.11 HTTP/1.1" 304 3378 "https://kleh.inglory.de/wp-login.php" "Serf/1.3.9 (mod_pagespeed/1.13.35.2-0)"
94.130.90.54 - - [21/Feb/2026:14:35:13 +0100] "GET /wp-includes/js/jquery/jquery.min.js?ver=3.7.1 HTTP/1.1" 304 3379 "https://kleh.inglory.de/wp-login.php" "Serf/1.3.9 (mod_pagespeed/1.13.35.2-0)"
94.130.90.54 - - [21/Feb/2026:14:35:13 +0100] "GET /wp-includes/js/jquery/jquery-migrate.min.js?ver=3.4.1 HTTP/1.1" 304 3378 "https://kleh.inglory.de/wp-login.php" "Serf/1.3.9 (mod_pagespeed/1.13.35.2-0)"
94.130.90.54 - - [21/Feb/2026:14:35:13 +0100] "GET /wp-includes/js/underscore.min.js?ver=1.13.7 HTTP/1.1" 304 3378 "https://kleh.inglory.de/wp-login.php" "Serf/1.3.9 (mod_pagespeed/1.13.35.2-0)"
94.130.90.54 - - [21/Feb/2026:14:35:13 +0100] "GET /wp-includes/js/zxcvbn-async.min.js?ver=1.0 HTTP/1.1" 304 3377 "https://kleh.inglory.de/wp-login.php" "Serf/1.3.9 (mod_pagespeed/1.13.35.2-0)"
94.130.90.54 - - [21/Feb/2026:14:43:15 +0100] "GET /wp-content/plugins/preloader-pro/assets/css/loftloader.min.css?ver=2024090401 HTTP/1.1" 200 75887 "https://kleh.inglory.de/" "Serf/1.3.9 (mod_pagespeed/1.13.35.2-0)"
94.130.90.54 - - [21/Feb/2026:14:43:15 +0100] "GET /wp-content/themes/hello-elementor/assets/css/reset.css?ver=3.4.6 HTTP/1.1" 200 8990 "https://kleh.inglory.de/" "Serf/1.3.9 (mod_pagespeed/1.13.35.2-0)"
94.130.90.54 - - [21/Feb/2026:14:43:15 +0100] "GET /wp-content/themes/hello-elementor/assets/css/theme.css?ver=3.4.6 HTTP/1.1" 200 8631 "https://kleh.inglory.de/" "Serf/1.3.9 (mod_pagespeed/1.13.35.2-0)"
94.130.90.54 - - [21/Feb/2026:14:43:15 +0100] "GET /wp-content/plugins/elementor/assets/css/frontend.min.css?ver=3.35.5 HTTP/1.1" 200 58288 "https://kleh.inglory.de/" "Serf/1.3.9 (mod_pagespeed/1.13.35.2-0)"
94.130.90.54 - - [21/Feb/2026:14:43:15 +0100] "GET /wp-content/plugins/elementor/assets/css/widget-image.min.css?ver=3.35.5 HTTP/1.1" 200 3716 "https://kleh.inglory.de/" "Serf/1.3.9 (mod_pagespeed/1.13.35.2-0)"
94.130.90.54 - - [21/Feb/2026:14:43:15 +0100] "GET /wp-content/plugins/elementor-pro/assets/css/widget-nav-menu.min.css?ver=3.35.1 HTTP/1.1" 200 30928 "https://kleh.inglory.de/" "Serf/1.3.9 (mod_pagespeed/1.13.35.2-0)"
94.130.90.54 - - [21/Feb/2026:14:43:15 +0100] "GET /wp-content/plugins/elementor-pro/assets/css/modules/sticky.min.css?ver=3.35.1 HTTP/1.1" 200 3664 "https://kleh.inglory.de/" "Serf/1.3.9 (mod_pagespeed/1.13.35.2-0)"
217.80.192.8 - - [21/Feb/2026:14:43:14 +0100] "GET / HTTP/1.0" 200 77045 "-" "Mozilla/5.0 (Macintosh; Intel Mac OS X 10_15_7) AppleWebKit/537.36 (KHTML, like Gecko) Chrome/145.0.0.0 Safari/537.36"
94.130.90.54 - - [21/Feb/2026:14:43:15 +0100] "GET /wp-content/plugins/elementor/assets/css/widget-heading.min.css?ver=3.35.5 HTTP/1.1" 200 4063 "https://kleh.inglory.de/" "Serf/1.3.9 (mod_pagespeed/1.13.35.2-0)"
94.130.90.54 - - [21/Feb/2026:14:43:15 +0100] "GET /wp-content/plugins/elementor/assets/css/widget-icon-box.min.css?ver=3.35.5 HTTP/1.1" 200 8260 "https://kleh.inglory.de/" "Serf/1.3.9 (mod_pagespeed/1.13.35.2-0)"
94.130.90.54 - - [21/Feb/2026:14:43:15 +0100] "GET /wp-content/plugins/elementor/assets/css/widget-icon-list.min.css?ver=3.35.5 HTTP/1.1" 200 13790 "https://kleh.inglory.de/" "Serf/1.3.9 (mod_pagespeed/1.13.35.2-0)"
94.130.90.54 - - [21/Feb/2026:14:43:15 +0100] "GET /wp-content/plugins/elementor/assets/css/widget-social-icons.min.css?ver=3.35.5 HTTP/1.1" 200 8644 "https://kleh.inglory.de/" "Serf/1.3.9 (mod_pagespeed/1.13.35.2-0)"
94.130.90.54 - - [21/Feb/2026:14:43:15 +0100] "GET /wp-content/plugins/elementor/assets/css/conditionals/apple-webkit.min.css?ver=3.35.5 HTTP/1.1" 200 10247 "https://kleh.inglory.de/" "Serf/1.3.9 (mod_pagespeed/1.13.35.2-0)"
94.130.90.54 - - [21/Feb/2026:14:43:15 +0100] "GET /wp-content/plugins/elementor/assets/lib/animations/styles/fadeInLeft.min.css?ver=3.35.5 HTTP/1.1" 200 3639 "https://kleh.inglory.de/" "Serf/1.3.9 (mod_pagespeed/1.13.35.2-0)"
94.130.90.54 - - [21/Feb/2026:14:43:15 +0100] "GET /wp-content/plugins/elementor/assets/lib/animations/styles/fadeIn.min.css?ver=3.35.5 HTTP/1.1" 200 3578 "https://kleh.inglory.de/" "Serf/1.3.9 (mod_pagespeed/1.13.35.2-0)"
94.130.90.54 - - [21/Feb/2026:14:43:15 +0100] "GET /wp-content/plugins/elementor-pro/assets/css/conditionals/popup.min.css?ver=3.35.1 HTTP/1.1" 200 4498 "https://kleh.inglory.de/" "Serf/1.3.9 (mod_pagespeed/1.13.35.2-0)"
94.130.90.54 - - [21/Feb/2026:14:43:15 +0100] "GET /wp-content/plugins/elementor-pro/assets/css/widget-search.min.css?ver=3.35.1 HTTP/1.1" 200 16982 "https://kleh.inglory.de/" "Serf/1.3.9 (mod_pagespeed/1.13.35.2-0)"
94.130.90.54 - - [21/Feb/2026:14:43:15 +0100] "GET /wp-content/plugins/elementor/assets/lib/animations/styles/slideInDown.min.css?ver=3.35.5 HTTP/1.1" 200 3655 "https://kleh.inglory.de/" "Serf/1.3.9 (mod_pagespeed/1.13.35.2-0)"
94.130.90.54 - - [21/Feb/2026:14:43:15 +0100] "GET /wp-content/plugins/elementor/assets/lib/eicons/css/elementor-icons.min.css?ver=5.47.0 HTTP/1.1" 200 25205 "https://kleh.inglory.de/" "Serf/1.3.9 (mod_pagespeed/1.13.35.2-0)"
94.130.90.54 - - [21/Feb/2026:14:43:15 +0100] "GET /wp-content/uploads/elementor/css/post-6.css?ver=1771357287 HTTP/1.1" 200 12140 "https://kleh.inglory.de/" "Serf/1.3.9 (mod_pagespeed/1.13.35.2-0)"
94.130.90.54 - - [21/Feb/2026:14:43:15 +0100] "GET /wp-content/plugins/elementor/assets/css/widget-divider.min.css?ver=3.35.5 HTTP/1.1" 200 7792 "https://kleh.inglory.de/" "Serf/1.3.9 (mod_pagespeed/1.13.35.2-0)"
94.130.90.54 - - [21/Feb/2026:14:43:15 +0100] "GET /wp-content/plugins/elementor/assets/lib/swiper/v8/css/swiper.min.css?ver=8.4.5 HTTP/1.1" 200 20035 "https://kleh.inglory.de/" "Serf/1.3.9 (mod_pagespeed/1.13.35.2-0)"
94.130.90.54 - - [21/Feb/2026:14:43:15 +0100] "GET /wp-content/plugins/elementor/assets/css/conditionals/e-swiper.min.css?ver=3.35.5 HTTP/1.1" 200 9020 "https://kleh.inglory.de/" "Serf/1.3.9 (mod_pagespeed/1.13.35.2-0)"
94.130.90.54 - - [21/Feb/2026:14:43:15 +0100] "GET /wp-content/plugins/elementor/assets/css/widget-image-carousel.min.css?ver=3.35.5 HTTP/1.1" 200 3845 "https://kleh.inglory.de/" "Serf/1.3.9 (mod_pagespeed/1.13.35.2-0)"
94.130.90.54 - - [21/Feb/2026:14:43:15 +0100] "GET /wp-content/plugins/elementor-pro/assets/css/widget-loop-common.min.css?ver=3.35.1 HTTP/1.1" 200 3710 "https://kleh.inglory.de/" "Serf/1.3.9 (mod_pagespeed/1.13.35.2-0)"
94.130.90.54 - - [21/Feb/2026:14:43:15 +0100] "GET /wp-content/plugins/elementor-pro/assets/css/widget-loop-carousel.min.css?ver=3.35.1 HTTP/1.1" 200 11907 "https://kleh.inglory.de/" "Serf/1.3.9 (mod_pagespeed/1.13.35.2-0)"
217.80.192.8 - - [21/Feb/2026:14:43:15 +0100] "GET /wp-content/themes/hello-elementor/assets/css/theme.css?ver=3.4.6 HTTP/1.0" 304 3877 "https://kleh.inglory.de/" "Mozilla/5.0 (Macintosh; Intel Mac OS X 10_15_7) AppleWebKit/537.36 (KHTML, like Gecko) Chrome/145.0.0.0 Safari/537.36"
94.130.90.54 - - [21/Feb/2026:14:43:15 +0100] "GET /wp-content/uploads/elementor/css/post-359.css?ver=1771357287 HTTP/1.1" 200 15943 "https://kleh.inglory.de/" "Serf/1.3.9 (mod_pagespeed/1.13.35.2-0)"
94.130.90.54 - - [21/Feb/2026:14:43:15 +0100] "GET /wp-content/uploads/elementor/css/post-361.css?ver=1771357288 HTTP/1.1" 200 38147 "https://kleh.inglory.de/" "Serf/1.3.9 (mod_pagespeed/1.13.35.2-0)"
94.130.90.54 - - [21/Feb/2026:14:43:15 +0100] "GET /wp-content/uploads/elementor/css/post-1732.css?ver=1771357288 HTTP/1.1" 200 7266 "https://kleh.inglory.de/" "Serf/1.3.9 (mod_pagespeed/1.13.35.2-0)"
94.130.90.54 - - [21/Feb/2026:14:43:15 +0100] "GET /wp-content/uploads/elementor/css/post-959.css?ver=1771357288 HTTP/1.1" 200 11567 "https://kleh.inglory.de/" "Serf/1.3.9 (mod_pagespeed/1.13.35.2-0)"
94.130.90.54 - - [21/Feb/2026:14:43:15 +0100] "GET /wp-content/plugins/elementor/assets/lib/font-awesome/css/fontawesome.min.css?ver=5.15.3 HTTP/1.1" 200 61693 "https://kleh.inglory.de/" "Serf/1.3.9 (mod_pagespeed/1.13.35.2-0)"
94.130.90.54 - - [21/Feb/2026:14:43:15 +0100] "GET /wp-content/plugins/elementor/assets/lib/font-awesome/css/solid.min.css?ver=5.15.3 HTTP/1.1" 200 4172 "https://kleh.inglory.de/" "Serf/1.3.9 (mod_pagespeed/1.13.35.2-0)"
94.130.90.54 - - [21/Feb/2026:14:43:15 +0100] "GET /wp-content/plugins/elementor/assets/lib/font-awesome/css/brands.min.css?ver=5.15.3 HTTP/1.1" 200 4178 "https://kleh.inglory.de/" "Serf/1.3.9 (mod_pagespeed/1.13.35.2-0)"
94.130.90.54 - - [21/Feb/2026:14:43:15 +0100] "GET /wp-content/plugins/elementor-pro/assets/css/widget-form.min.css?ver=3.35.1 HTTP/1.1" 200 10332 "https://kleh.inglory.de/" "Serf/1.3.9 (mod_pagespeed/1.13.35.2-0)"
94.130.90.54 - - [21/Feb/2026:14:43:15 +0100] "GET /wp-content/plugins/elementor/assets/js/frontend-modules.min.js?ver=3.35.5 HTTP/1.1" 200 54139 "https://kleh.inglory.de/" "Serf/1.3.9 (mod_pagespeed/1.13.35.2-0)"
94.130.90.54 - - [21/Feb/2026:14:43:15 +0100] "GET /wp-includes/js/jquery/ui/core.min.js?ver=1.13.3 HTTP/1.1" 200 25042 "https://kleh.inglory.de/" "Serf/1.3.9 (mod_pagespeed/1.13.35.2-0)"
94.130.90.54 - - [21/Feb/2026:14:43:15 +0100] "GET /wp-content/plugins/elementor-pro/assets/lib/smartmenus/jquery.smartmenus.min.js?ver=1.2.1 HTTP/1.1" 200 27687 "https://kleh.inglory.de/" "Serf/1.3.9 (mod_pagespeed/1.13.35.2-0)"
94.130.90.54 - - [21/Feb/2026:14:43:15 +0100] "GET /wp-content/plugins/elementor-pro/assets/lib/sticky/jquery.sticky.min.js?ver=3.35.1 HTTP/1.1" 200 7268 "https://kleh.inglory.de/" "Serf/1.3.9 (mod_pagespeed/1.13.35.2-0)"
94.130.90.54 - - [21/Feb/2026:14:43:15 +0100] "GET /wp-includes/js/dist/hooks.min.js?ver=dd5603f07f9220ed27f1 HTTP/1.1" 304 3378 "https://kleh.inglory.de/" "Serf/1.3.9 (mod_pagespeed/1.13.35.2-0)"
94.130.90.54 - - [21/Feb/2026:14:43:15 +0100] "GET /wp-includes/js/dist/i18n.min.js?ver=c26c3dc7bed366793375 HTTP/1.1" 304 3378 "https://kleh.inglory.de/" "Serf/1.3.9 (mod_pagespeed/1.13.35.2-0)"
94.130.90.54 - - [21/Feb/2026:14:43:15 +0100] "GET /wp-content/uploads/cropped-favicon-32x32.png HTTP/1.1" 304 3377 "https://kleh.inglory.de/" "Serf/1.3.9 (mod_pagespeed/1.13.35.2-0)"
94.130.90.54 - - [21/Feb/2026:14:43:15 +0100] "GET /wp-content/uploads/cropped-favicon-192x192.png HTTP/1.1" 304 3378 "https://kleh.inglory.de/" "Serf/1.3.9 (mod_pagespeed/1.13.35.2-0)"
94.130.90.54 - - [21/Feb/2026:14:43:15 +0100] "GET /wp-content/uploads/cropped-favicon-180x180.png HTTP/1.1" 304 3378 "https://kleh.inglory.de/" "Serf/1.3.9 (mod_pagespeed/1.13.35.2-0)"
94.130.90.54 - - [21/Feb/2026:14:43:15 +0100] "GET /wp-content/uploads/img-3-1.png HTTP/1.1" 200 442505 "https://kleh.inglory.de/" "Serf/1.3.9 (mod_pagespeed/1.13.35.2-0)"
94.130.90.54 - - [21/Feb/2026:14:43:15 +0100] "GET /wp-content/uploads/img-3-1.png HTTP/1.1" 200 442505 "https://kleh.inglory.de/" "Serf/1.3.9 (mod_pagespeed/1.13.35.2-0)"
94.130.90.54 - - [21/Feb/2026:14:43:15 +0100] "GET /wp-content/uploads/img-3-1-235x300.png HTTP/1.1" 200 41256 "https://kleh.inglory.de/" "Serf/1.3.9 (mod_pagespeed/1.13.35.2-0)"
217.80.192.8 - - [21/Feb/2026:14:43:15 +0100] "GET /wp-content/plugins/elementor-pro/assets/css/widget-nav-menu.min.css?ver=3.35.1 HTTP/1.0" 304 3909 "https://kleh.inglory.de/" "Mozilla/5.0 (Macintosh; Intel Mac OS X 10_15_7) AppleWebKit/537.36 (KHTML, like Gecko) Chrome/145.0.0.0 Safari/537.36"
94.130.90.54 - - [21/Feb/2026:14:43:15 +0100] "GET /wp-content/uploads/img-3-1-802x1024.png HTTP/1.1" 200 373064 "https://kleh.inglory.de/" "Serf/1.3.9 (mod_pagespeed/1.13.35.2-0)"
217.80.192.8 - - [21/Feb/2026:14:43:15 +0100] "GET /wp-content/plugins/elementor/assets/css/widget-image.min.css?ver=3.35.5 HTTP/1.0" 304 3891 "https://kleh.inglory.de/" "Mozilla/5.0 (Macintosh; Intel Mac OS X 10_15_7) AppleWebKit/537.36 (KHTML, like Gecko) Chrome/145.0.0.0 Safari/537.36"
217.80.192.8 - - [21/Feb/2026:14:43:15 +0100] "GET /wp-content/plugins/elementor/assets/css/frontend.min.css?ver=3.35.5 HTTP/1.0" 304 3893 "https://kleh.inglory.de/" "Mozilla/5.0 (Macintosh; Intel Mac OS X 10_15_7) AppleWebKit/537.36 (KHTML, like Gecko) Chrome/145.0.0.0 Safari/537.36"
94.130.90.54 - - [21/Feb/2026:14:43:15 +0100] "GET /wp-content/uploads/img-3-1-768x980.png HTTP/1.1" 200 344437 "https://kleh.inglory.de/" "Serf/1.3.9 (mod_pagespeed/1.13.35.2-0)"
94.130.90.54 - - [21/Feb/2026:14:43:15 +0100] "GET /wp-content/uploads/img.jpg HTTP/1.1" 200 50817 "https://kleh.inglory.de/" "Serf/1.3.9 (mod_pagespeed/1.13.35.2-0)"
94.130.90.54 - - [21/Feb/2026:14:43:15 +0100] "GET /wp-content/uploads/img.jpg HTTP/1.1" 200 50817 "https://kleh.inglory.de/" "Serf/1.3.9 (mod_pagespeed/1.13.35.2-0)"
94.130.90.54 - - [21/Feb/2026:14:43:15 +0100] "GET /wp-content/uploads/img-300x199.jpg HTTP/1.1" 200 14708 "https://kleh.inglory.de/" "Serf/1.3.9 (mod_pagespeed/1.13.35.2-0)"
94.130.90.54 - - [21/Feb/2026:14:43:15 +0100] "GET /wp-content/uploads/img-768x508.jpg HTTP/1.1" 200 47995 "https://kleh.inglory.de/" "Serf/1.3.9 (mod_pagespeed/1.13.35.2-0)"
94.130.90.54 - - [21/Feb/2026:14:43:15 +0100] "GET /wp-content/uploads/kimittelstand.jpg HTTP/1.1" 200 197590 "https://kleh.inglory.de/" "Serf/1.3.9 (mod_pagespeed/1.13.35.2-0)"
94.130.90.54 - - [21/Feb/2026:14:43:15 +0100] "GET /wp-content/uploads/kimittelstand.jpg HTTP/1.1" 200 197590 "https://kleh.inglory.de/" "Serf/1.3.9 (mod_pagespeed/1.13.35.2-0)"
94.130.90.54 - - [21/Feb/2026:14:43:15 +0100] "GET /wp-content/uploads/kimittelstand-300x186.jpg HTTP/1.1" 200 21816 "https://kleh.inglory.de/" "Serf/1.3.9 (mod_pagespeed/1.13.35.2-0)"
94.130.90.54 - - [21/Feb/2026:14:43:15 +0100] "GET /wp-content/uploads/kimittelstand-768x477.jpg HTTP/1.1" 200 53347 "https://kleh.inglory.de/" "Serf/1.3.9 (mod_pagespeed/1.13.35.2-0)"
94.130.90.54 - - [21/Feb/2026:14:43:15 +0100] "GET /wp-content/uploads/img-2.jpg HTTP/1.1" 200 63542 "https://kleh.inglory.de/" "Serf/1.3.9 (mod_pagespeed/1.13.35.2-0)"
217.80.192.8 - - [21/Feb/2026:14:43:15 +0100] "GET /wp-content/plugins/elementor-pro/assets/css/modules/sticky.min.css?ver=3.35.1 HTTP/1.0" 304 3891 "https://kleh.inglory.de/" "Mozilla/5.0 (Macintosh; Intel Mac OS X 10_15_7) AppleWebKit/537.36 (KHTML, like Gecko) Chrome/145.0.0.0 Safari/537.36"
94.130.90.54 - - [21/Feb/2026:14:43:15 +0100] "GET /wp-content/uploads/img-2.jpg HTTP/1.1" 200 63542 "https://kleh.inglory.de/" "Serf/1.3.9 (mod_pagespeed/1.13.35.2-0)"
94.130.90.54 - - [21/Feb/2026:14:43:15 +0100] "GET /wp-content/uploads/img-2-300x186.jpg HTTP/1.1" 200 15114 "https://kleh.inglory.de/" "Serf/1.3.9 (mod_pagespeed/1.13.35.2-0)"
217.80.192.8 - - [21/Feb/2026:14:43:15 +0100] "GET /wp-content/plugins/elementor/assets/css/widget-heading.min.css?ver=3.35.5 HTTP/1.0" 304 3892 "https://kleh.inglory.de/" "Mozilla/5.0 (Macintosh; Intel Mac OS X 10_15_7) AppleWebKit/537.36 (KHTML, like Gecko) Chrome/145.0.0.0 Safari/537.36"
217.80.192.8 - - [21/Feb/2026:14:43:15 +0100] "GET /wp-content/plugins/elementor/assets/css/widget-icon-box.min.css?ver=3.35.5 HTTP/1.0" 304 3909 "https://kleh.inglory.de/" "Mozilla/5.0 (Macintosh; Intel Mac OS X 10_15_7) AppleWebKit/537.36 (KHTML, like Gecko) Chrome/145.0.0.0 Safari/537.36"
94.130.90.54 - - [21/Feb/2026:14:43:15 +0100] "GET /wp-content/uploads/img-2-768x477.jpg HTTP/1.1" 200 51211 "https://kleh.inglory.de/" "Serf/1.3.9 (mod_pagespeed/1.13.35.2-0)"
94.130.90.54 - - [21/Feb/2026:14:43:15 +0100] "GET /wp-content/uploads/img-1.jpg HTTP/1.1" 200 56350 "https://kleh.inglory.de/" "Serf/1.3.9 (mod_pagespeed/1.13.35.2-0)"
94.130.90.54 - - [21/Feb/2026:14:43:15 +0100] "GET /wp-content/uploads/img-1.jpg HTTP/1.1" 200 56350 "https://kleh.inglory.de/" "Serf/1.3.9 (mod_pagespeed/1.13.35.2-0)"
94.130.90.54 - - [21/Feb/2026:14:43:15 +0100] "GET /wp-content/uploads/img-1-300x186.jpg HTTP/1.1" 200 14649 "https://kleh.inglory.de/" "Serf/1.3.9 (mod_pagespeed/1.13.35.2-0)"
94.130.90.54 - - [21/Feb/2026:14:43:15 +0100] "GET /wp-content/uploads/img-1-768x477.jpg HTTP/1.1" 200 47822 "https://kleh.inglory.de/" "Serf/1.3.9 (mod_pagespeed/1.13.35.2-0)"
94.130.90.54 - - [21/Feb/2026:14:43:15 +0100] "GET /wp-content/uploads/image-c1.jpg HTTP/1.1" 200 158106 "https://kleh.inglory.de/" "Serf/1.3.9 (mod_pagespeed/1.13.35.2-0)"
94.130.90.54 - - [21/Feb/2026:14:43:15 +0100] "GET /wp-content/uploads/image-c2.jpg HTTP/1.1" 200 40492 "https://kleh.inglory.de/" "Serf/1.3.9 (mod_pagespeed/1.13.35.2-0)"
94.130.90.54 - - [21/Feb/2026:14:43:15 +0100] "GET /wp-content/uploads/image-c3.jpg HTTP/1.1" 200 28066 "https://kleh.inglory.de/" "Serf/1.3.9 (mod_pagespeed/1.13.35.2-0)"
217.80.192.8 - - [21/Feb/2026:14:43:15 +0100] "GET /wp-content/plugins/elementor/assets/css/widget-icon-list.min.css?ver=3.35.5 HTTP/1.0" 304 3893 "https://kleh.inglory.de/" "Mozilla/5.0 (Macintosh; Intel Mac OS X 10_15_7) AppleWebKit/537.36 (KHTML, like Gecko) Chrome/145.0.0.0 Safari/537.36"
94.130.90.54 - - [21/Feb/2026:14:43:15 +0100] "GET /wp-content/uploads/image-c4.jpg HTTP/1.1" 200 24296 "https://kleh.inglory.de/" "Serf/1.3.9 (mod_pagespeed/1.13.35.2-0)"
94.130.90.54 - - [21/Feb/2026:14:43:15 +0100] "GET /wp-content/uploads/image-c5.jpg HTTP/1.1" 200 24714 "https://kleh.inglory.de/" "Serf/1.3.9 (mod_pagespeed/1.13.35.2-0)"
217.80.192.8 - - [21/Feb/2026:14:43:15 +0100] "GET /wp-content/plugins/elementor/assets/css/conditionals/apple-webkit.min.css?ver=3.35.5 HTTP/1.0" 304 3893 "https://kleh.inglory.de/" "Mozilla/5.0 (Macintosh; Intel Mac OS X 10_15_7) AppleWebKit/537.36 (KHTML, like Gecko) Chrome/145.0.0.0 Safari/537.36"
94.130.90.54 - - [21/Feb/2026:14:43:15 +0100] "GET /wp-content/uploads/image-c6.jpg HTTP/1.1" 200 24387 "https://kleh.inglory.de/" "Serf/1.3.9 (mod_pagespeed/1.13.35.2-0)"
217.80.192.8 - - [21/Feb/2026:14:43:15 +0100] "GET /wp-content/plugins/elementor/assets/css/widget-social-icons.min.css?ver=3.35.5 HTTP/1.0" 304 3909 "https://kleh.inglory.de/" "Mozilla/5.0 (Macintosh; Intel Mac OS X 10_15_7) AppleWebKit/537.36 (KHTML, like Gecko) Chrome/145.0.0.0 Safari/537.36"
94.130.90.54 - - [21/Feb/2026:14:43:15 +0100] "GET /wp-content/uploads/image-c7.jpg HTTP/1.1" 200 139937 "https://kleh.inglory.de/" "Serf/1.3.9 (mod_pagespeed/1.13.35.2-0)"
94.130.90.54 - - [21/Feb/2026:14:43:15 +0100] "GET /wp-content/uploads/image-c8.jpg HTTP/1.1" 200 115225 "https://kleh.inglory.de/" "Serf/1.3.9 (mod_pagespeed/1.13.35.2-0)"
94.130.90.54 - - [21/Feb/2026:14:43:15 +0100] "GET /wp-content/uploads/image-c9.jpg HTTP/1.1" 200 45695 "https://kleh.inglory.de/" "Serf/1.3.9 (mod_pagespeed/1.13.35.2-0)"
94.130.90.54 - - [21/Feb/2026:14:43:15 +0100] "GET /wp-content/uploads/image-c10.jpg HTTP/1.1" 200 56185 "https://kleh.inglory.de/" "Serf/1.3.9 (mod_pagespeed/1.13.35.2-0)"
94.130.90.54 - - [21/Feb/2026:14:43:15 +0100] "GET /wp-content/uploads/image-c11.jpg HTTP/1.1" 200 48598 "https://kleh.inglory.de/" "Serf/1.3.9 (mod_pagespeed/1.13.35.2-0)"
94.130.90.54 - - [21/Feb/2026:14:43:15 +0100] "GET /wp-content/uploads/image-c12.jpg HTTP/1.1" 200 49039 "https://kleh.inglory.de/" "Serf/1.3.9 (mod_pagespeed/1.13.35.2-0)"
94.130.90.54 - - [21/Feb/2026:14:43:15 +0100] "GET /wp-content/uploads/image-c13.jpg HTTP/1.1" 200 19314 "https://kleh.inglory.de/" "Serf/1.3.9 (mod_pagespeed/1.13.35.2-0)"
94.130.90.54 - - [21/Feb/2026:14:43:15 +0100] "GET /wp-content/uploads/image-c14.jpg HTTP/1.1" 200 28910 "https://kleh.inglory.de/" "Serf/1.3.9 (mod_pagespeed/1.13.35.2-0)"
94.130.90.54 - - [21/Feb/2026:14:43:15 +0100] "GET /wp-content/uploads/image-32-1.png HTTP/1.1" 200 14965 "https://kleh.inglory.de/" "Serf/1.3.9 (mod_pagespeed/1.13.35.2-0)"
94.130.90.54 - - [21/Feb/2026:14:43:15 +0100] "GET /wp-content/uploads/image-32-1.png HTTP/1.1" 200 14965 "https://kleh.inglory.de/" "Serf/1.3.9 (mod_pagespeed/1.13.35.2-0)"
94.130.90.54 - - [21/Feb/2026:14:43:15 +0100] "GET /wp-content/uploads/image-32-1-300x94.png HTTP/1.1" 200 8791 "https://kleh.inglory.de/" "Serf/1.3.9 (mod_pagespeed/1.13.35.2-0)"
94.130.90.54 - - [21/Feb/2026:14:43:15 +0100] "GET /wp-content/uploads/inglory.png HTTP/1.1" 200 12269 "https://kleh.inglory.de/" "Serf/1.3.9 (mod_pagespeed/1.13.35.2-0)"
94.130.90.54 - - [21/Feb/2026:14:43:15 +0100] "GET /wp-content/uploads/KI-Machwerk-logo.png HTTP/1.1" 200 9027 "https://kleh.inglory.de/" "Serf/1.3.9 (mod_pagespeed/1.13.35.2-0)"
94.130.90.54 - - [21/Feb/2026:14:43:15 +0100] "GET /wp-content/uploads/demuth.png HTTP/1.1" 200 27261 "https://kleh.inglory.de/" "Serf/1.3.9 (mod_pagespeed/1.13.35.2-0)"
94.130.90.54 - - [21/Feb/2026:14:43:15 +0100] "GET /wp-content/uploads/thumbnail-1.jpg HTTP/1.1" 200 63369 "https://kleh.inglory.de/" "Serf/1.3.9 (mod_pagespeed/1.13.35.2-0)"
94.130.90.54 - - [21/Feb/2026:14:43:15 +0100] "GET /wp-content/uploads/thumbnail-1.jpg HTTP/1.1" 200 63369 "https://kleh.inglory.de/" "Serf/1.3.9 (mod_pagespeed/1.13.35.2-0)"
217.80.192.8 - - [21/Feb/2026:14:43:15 +0100] "GET /wp-content/plugins/elementor/assets/lib/animations/styles/fadeInLeft.min.css?ver=3.35.5 HTTP/1.0" 304 3891 "https://kleh.inglory.de/" "Mozilla/5.0 (Macintosh; Intel Mac OS X 10_15_7) AppleWebKit/537.36 (KHTML, like Gecko) Chrome/145.0.0.0 Safari/537.36"
217.80.192.8 - - [21/Feb/2026:14:43:15 +0100] "GET /wp-content/plugins/elementor/assets/lib/animations/styles/fadeIn.min.css?ver=3.35.5 HTTP/1.0" 304 3907 "https://kleh.inglory.de/" "Mozilla/5.0 (Macintosh; Intel Mac OS X 10_15_7) AppleWebKit/537.36 (KHTML, like Gecko) Chrome/145.0.0.0 Safari/537.36"
94.130.90.54 - - [21/Feb/2026:14:43:15 +0100] "GET /wp-content/uploads/thumbnail-1-300x237.jpg HTTP/1.1" 200 17533 "https://kleh.inglory.de/" "Serf/1.3.9 (mod_pagespeed/1.13.35.2-0)"
217.80.192.8 - - [21/Feb/2026:14:43:15 +0100] "GET /wp-content/plugins/elementor-pro/assets/css/widget-search.min.css?ver=3.35.1 HTTP/1.0" 304 3893 "https://kleh.inglory.de/" "Mozilla/5.0 (Macintosh; Intel Mac OS X 10_15_7) AppleWebKit/537.36 (KHTML, like Gecko) Chrome/145.0.0.0 Safari/537.36"
217.80.192.8 - - [21/Feb/2026:14:43:15 +0100] "GET /wp-content/plugins/elementor/assets/lib/animations/styles/slideInDown.min.css?ver=3.35.5 HTTP/1.0" 304 3907 "https://kleh.inglory.de/" "Mozilla/5.0 (Macintosh; Intel Mac OS X 10_15_7) AppleWebKit/537.36 (KHTML, like Gecko) Chrome/145.0.0.0 Safari/537.36"
217.80.192.8 - - [21/Feb/2026:14:43:15 +0100] "GET /wp-content/plugins/elementor/assets/lib/eicons/css/elementor-icons.min.css?ver=5.47.0 HTTP/1.0" 304 3909 "https://kleh.inglory.de/" "Mozilla/5.0 (Macintosh; Intel Mac OS X 10_15_7) AppleWebKit/537.36 (KHTML, like Gecko) Chrome/145.0.0.0 Safari/537.36"
217.80.192.8 - - [21/Feb/2026:14:43:15 +0100] "GET /wp-content/plugins/elementor/assets/css/widget-divider.min.css?ver=3.35.5 HTTP/1.0" 304 3893 "https://kleh.inglory.de/" "Mozilla/5.0 (Macintosh; Intel Mac OS X 10_15_7) AppleWebKit/537.36 (KHTML, like Gecko) Chrome/145.0.0.0 Safari/537.36"
217.80.192.8 - - [21/Feb/2026:14:43:15 +0100] "GET /wp-content/plugins/elementor/assets/css/conditionals/e-swiper.min.css?ver=3.35.5 HTTP/1.0" 304 3909 "https://kleh.inglory.de/" "Mozilla/5.0 (Macintosh; Intel Mac OS X 10_15_7) AppleWebKit/537.36 (KHTML, like Gecko) Chrome/145.0.0.0 Safari/537.36"
94.130.90.54 - - [21/Feb/2026:14:43:15 +0100] "GET /wp-content/uploads/thumbnail-2.jpg HTTP/1.1" 200 47286 "https://kleh.inglory.de/" "Serf/1.3.9 (mod_pagespeed/1.13.35.2-0)"
217.80.192.8 - - [21/Feb/2026:14:43:15 +0100] "GET /wp-content/plugins/elementor/assets/css/widget-image-carousel.min.css?ver=3.35.5 HTTP/1.0" 304 3908 "https://kleh.inglory.de/" "Mozilla/5.0 (Macintosh; Intel Mac OS X 10_15_7) AppleWebKit/537.36 (KHTML, like Gecko) Chrome/145.0.0.0 Safari/537.36"
94.130.90.54 - - [21/Feb/2026:14:43:15 +0100] "GET /wp-content/uploads/thumbnail-2.jpg HTTP/1.1" 200 47286 "https://kleh.inglory.de/" "Serf/1.3.9 (mod_pagespeed/1.13.35.2-0)"
217.80.192.8 - - [21/Feb/2026:14:43:15 +0100] "GET /wp-content/plugins/elementor-pro/assets/css/widget-loop-common.min.css?ver=3.35.1 HTTP/1.0" 304 3891 "https://kleh.inglory.de/" "Mozilla/5.0 (Macintosh; Intel Mac OS X 10_15_7) AppleWebKit/537.36 (KHTML, like Gecko) Chrome/145.0.0.0 Safari/537.36"
217.80.192.8 - - [21/Feb/2026:14:43:15 +0100] "GET /wp-content/plugins/elementor-pro/assets/css/conditionals/popup.min.css?ver=3.35.1 HTTP/1.0" 304 3876 "https://kleh.inglory.de/" "Mozilla/5.0 (Macintosh; Intel Mac OS X 10_15_7) AppleWebKit/537.36 (KHTML, like Gecko) Chrome/145.0.0.0 Safari/537.36"
217.80.192.8 - - [21/Feb/2026:14:43:15 +0100] "GET /wp-content/plugins/elementor-pro/assets/css/widget-loop-carousel.min.css?ver=3.35.1 HTTP/1.0" 304 3893 "https://kleh.inglory.de/" "Mozilla/5.0 (Macintosh; Intel Mac OS X 10_15_7) AppleWebKit/537.36 (KHTML, like Gecko) Chrome/145.0.0.0 Safari/537.36"
217.80.192.8 - - [21/Feb/2026:14:43:15 +0100] "GET /wp-content/uploads/elementor/css/post-6.css?ver=1771357287 HTTP/1.0" 304 3909 "https://kleh.inglory.de/" "Mozilla/5.0 (Macintosh; Intel Mac OS X 10_15_7) AppleWebKit/537.36 (KHTML, like Gecko) Chrome/145.0.0.0 Safari/537.36"
94.130.90.54 - - [21/Feb/2026:14:43:15 +0100] "GET /wp-content/uploads/thumbnail-2-300x237.jpg HTTP/1.1" 200 15940 "https://kleh.inglory.de/" "Serf/1.3.9 (mod_pagespeed/1.13.35.2-0)"
217.80.192.8 - - [21/Feb/2026:14:43:15 +0100] "GET /wp-content/plugins/elementor/assets/lib/swiper/v8/css/swiper.min.css?ver=8.4.5 HTTP/1.0" 304 3877 "https://kleh.inglory.de/" "Mozilla/5.0 (Macintosh; Intel Mac OS X 10_15_7) AppleWebKit/537.36 (KHTML, like Gecko) Chrome/145.0.0.0 Safari/537.36"
217.80.192.8 - - [21/Feb/2026:14:43:15 +0100] "GET /wp-content/uploads/elementor/css/post-359.css?ver=1771357287 HTTP/1.0" 304 3893 "https://kleh.inglory.de/" "Mozilla/5.0 (Macintosh; Intel Mac OS X 10_15_7) AppleWebKit/537.36 (KHTML, like Gecko) Chrome/145.0.0.0 Safari/537.36"
217.80.192.8 - - [21/Feb/2026:14:43:15 +0100] "GET /wp-content/uploads/elementor/css/post-361.css?ver=1771357288 HTTP/1.0" 304 3909 "https://kleh.inglory.de/" "Mozilla/5.0 (Macintosh; Intel Mac OS X 10_15_7) AppleWebKit/537.36 (KHTML, like Gecko) Chrome/145.0.0.0 Safari/537.36"
217.80.192.8 - - [21/Feb/2026:14:43:15 +0100] "GET /wp-content/uploads/elementor/css/post-1798.css?ver=1771357288 HTTP/1.0" 304 3893 "https://kleh.inglory.de/" "Mozilla/5.0 (Macintosh; Intel Mac OS X 10_15_7) AppleWebKit/537.36 (KHTML, like Gecko) Chrome/145.0.0.0 Safari/537.36"
94.130.90.54 - - [21/Feb/2026:14:43:15 +0100] "GET /wp-content/uploads/thumbnail-3.jpg HTTP/1.1" 200 52830 "https://kleh.inglory.de/" "Serf/1.3.9 (mod_pagespeed/1.13.35.2-0)"
217.80.192.8 - - [21/Feb/2026:14:43:15 +0100] "GET /wp-content/uploads/elementor/css/post-959.css?ver=1771357288 HTTP/1.0" 304 3877 "https://kleh.inglory.de/" "Mozilla/5.0 (Macintosh; Intel Mac OS X 10_15_7) AppleWebKit/537.36 (KHTML, like Gecko) Chrome/145.0.0.0 Safari/537.36"
217.80.192.8 - - [21/Feb/2026:14:43:15 +0100] "GET /wp-content/uploads/elementor/css/post-1732.css?ver=1771357288 HTTP/1.0" 304 3908 "https://kleh.inglory.de/" "Mozilla/5.0 (Macintosh; Intel Mac OS X 10_15_7) AppleWebKit/537.36 (KHTML, like Gecko) Chrome/145.0.0.0 Safari/537.36"
217.80.192.8 - - [21/Feb/2026:14:43:15 +0100] "GET /wp-content/uploads/elementor/css/post-329.css?ver=1771357603 HTTP/1.0" 304 3878 "https://kleh.inglory.de/" "Mozilla/5.0 (Macintosh; Intel Mac OS X 10_15_7) AppleWebKit/537.36 (KHTML, like Gecko) Chrome/145.0.0.0 Safari/537.36"
217.80.192.8 - - [21/Feb/2026:14:43:15 +0100] "GET /wp-content/plugins/elementor/assets/lib/font-awesome/css/fontawesome.min.css?ver=5.15.3 HTTP/1.0" 304 3909 "https://kleh.inglory.de/" "Mozilla/5.0 (Macintosh; Intel Mac OS X 10_15_7) AppleWebKit/537.36 (KHTML, like Gecko) Chrome/145.0.0.0 Safari/537.36"
217.80.192.8 - - [21/Feb/2026:14:43:15 +0100] "GET /wp-content/plugins/elementor/assets/lib/font-awesome/css/solid.min.css?ver=5.15.3 HTTP/1.0" 304 3892 "https://kleh.inglory.de/" "Mozilla/5.0 (Macintosh; Intel Mac OS X 10_15_7) AppleWebKit/537.36 (KHTML, like Gecko) Chrome/145.0.0.0 Safari/537.36"
94.130.90.54 - - [21/Feb/2026:14:43:15 +0100] "GET /wp-content/uploads/thumbnail-3.jpg HTTP/1.1" 200 52830 "https://kleh.inglory.de/" "Serf/1.3.9 (mod_pagespeed/1.13.35.2-0)"
217.80.192.8 - - [21/Feb/2026:14:43:15 +0100] "GET /wp-content/plugins/elementor/assets/lib/font-awesome/css/brands.min.css?ver=5.15.3 HTTP/1.0" 304 3908 "https://kleh.inglory.de/" "Mozilla/5.0 (Macintosh; Intel Mac OS X 10_15_7) AppleWebKit/537.36 (KHTML, like Gecko) Chrome/145.0.0.0 Safari/537.36"
217.80.192.8 - - [21/Feb/2026:14:43:15 +0100] "GET /wp-includes/js/jquery/jquery-migrate.min.js?ver=3.4.1 HTTP/1.0" 304 3893 "https://kleh.inglory.de/" "Mozilla/5.0 (Macintosh; Intel Mac OS X 10_15_7) AppleWebKit/537.36 (KHTML, like Gecko) Chrome/145.0.0.0 Safari/537.36"
217.80.192.8 - - [21/Feb/2026:14:43:15 +0100] "GET /wp-includes/js/jquery/jquery.min.js?ver=3.7.1 HTTP/1.0" 304 3910 "https://kleh.inglory.de/" "Mozilla/5.0 (Macintosh; Intel Mac OS X 10_15_7) AppleWebKit/537.36 (KHTML, like Gecko) Chrome/145.0.0.0 Safari/537.36"
94.130.90.54 - - [21/Feb/2026:14:43:15 +0100] "GET /wp-content/uploads/thumbnail-3-300x237.jpg HTTP/1.1" 200 16447 "https://kleh.inglory.de/" "Serf/1.3.9 (mod_pagespeed/1.13.35.2-0)"
217.80.192.8 - - [21/Feb/2026:14:43:15 +0100] "GET /wp-content/plugins/preloader-pro/assets/js/jquery.waitformedias.min.js?ver=2024090401 HTTP/1.0" 304 3893 "https://kleh.inglory.de/" "Mozilla/5.0 (Macintosh; Intel Mac OS X 10_15_7) AppleWebKit/537.36 (KHTML, like Gecko) Chrome/145.0.0.0 Safari/537.36"
217.80.192.8 - - [21/Feb/2026:14:43:15 +0100] "GET /wp-content/plugins/preloader-pro/assets/js/loftloader.min.js?ver=2024090401 HTTP/1.0" 304 3909 "https://kleh.inglory.de/" "Mozilla/5.0 (Macintosh; Intel Mac OS X 10_15_7) AppleWebKit/537.36 (KHTML, like Gecko) Chrome/145.0.0.0 Safari/537.36"
94.130.90.54 - - [21/Feb/2026:14:43:15 +0100] "GET /wp-content/uploads/thumbnail-4.jpg HTTP/1.1" 200 56427 "https://kleh.inglory.de/" "Serf/1.3.9 (mod_pagespeed/1.13.35.2-0)"
94.130.90.54 - - [21/Feb/2026:14:43:15 +0100] "GET /wp-content/uploads/thumbnail-4.jpg HTTP/1.1" 200 56427 "https://kleh.inglory.de/" "Serf/1.3.9 (mod_pagespeed/1.13.35.2-0)"
94.130.90.54 - - [21/Feb/2026:14:43:15 +0100] "GET /wp-content/uploads/thumbnail-4-300x237.jpg HTTP/1.1" 200 18016 "https://kleh.inglory.de/" "Serf/1.3.9 (mod_pagespeed/1.13.35.2-0)"
94.130.90.54 - - [21/Feb/2026:14:43:15 +0100] "GET /wp-content/uploads/thumbnail-5.jpg HTTP/1.1" 200 50056 "https://kleh.inglory.de/" "Serf/1.3.9 (mod_pagespeed/1.13.35.2-0)"
94.130.90.54 - - [21/Feb/2026:14:43:15 +0100] "GET /wp-content/uploads/thumbnail-5.jpg HTTP/1.1" 200 50056 "https://kleh.inglory.de/" "Serf/1.3.9 (mod_pagespeed/1.13.35.2-0)"
94.130.90.54 - - [21/Feb/2026:14:43:15 +0100] "GET /wp-content/uploads/thumbnail-5-300x237.jpg HTTP/1.1" 200 14513 "https://kleh.inglory.de/" "Serf/1.3.9 (mod_pagespeed/1.13.35.2-0)"
94.130.90.54 - - [21/Feb/2026:14:43:15 +0100] "GET /wp-content/uploads/thumbnail-6.jpg HTTP/1.1" 200 44772 "https://kleh.inglory.de/" "Serf/1.3.9 (mod_pagespeed/1.13.35.2-0)"
94.130.90.54 - - [21/Feb/2026:14:43:15 +0100] "GET /wp-content/uploads/thumbnail-6.jpg HTTP/1.1" 200 44772 "https://kleh.inglory.de/" "Serf/1.3.9 (mod_pagespeed/1.13.35.2-0)"
