94.130.90.54 - - [21/Feb/2026:14:43:15 +0100] "GET /wp-content/uploads/thumbnail-6-300x237.jpg HTTP/1.1" 200 12850 "https://kleh.inglory.de/" "Serf/1.3.9 (mod_pagespeed/1.13.35.2-0)"
94.130.90.54 - - [21/Feb/2026:14:43:15 +0100] "GET /wp-includes/js/jquery/jquery.min.js?ver=3.7.1 HTTP/1.1" 304 3379 "https://kleh.inglory.de/" "Serf/1.3.9 (mod_pagespeed/1.13.35.2-0)"
94.130.90.54 - - [21/Feb/2026:14:43:15 +0100] "GET /wp-includes/js/jquery/jquery-migrate.min.js?ver=3.4.1 HTTP/1.1" 304 3378 "https://kleh.inglory.de/" "Serf/1.3.9 (mod_pagespeed/1.13.35.2-0)"
217.80.192.8 - - [21/Feb/2026:14:43:15 +0100] "GET /wp-content/uploads/elementor/css/post-562.css?ver=1771357288 HTTP/1.0" 304 3877 "https://kleh.inglory.de/" "Mozilla/5.0 (Macintosh; Intel Mac OS X 10_15_7) AppleWebKit/537.36 (KHTML, like Gecko) Chrome/145.0.0.0 Safari/537.36"
217.80.192.8 - - [21/Feb/2026:14:43:15 +0100] "GET /wp-content/uploads/elementor/css/post-563.css?ver=1771357288 HTTP/1.0" 304 3893 "https://kleh.inglory.de/" "Mozilla/5.0 (Macintosh; Intel Mac OS X 10_15_7) AppleWebKit/537.36 (KHTML, like Gecko) Chrome/145.0.0.0 Safari/537.36"
94.130.90.54 - - [21/Feb/2026:14:43:15 +0100] "GET /wp-content/plugins/preloader-pro/assets/js/jquery.waitformedias.min.js?ver=2024090401 HTTP/1.1" 200 8025 "https://kleh.inglory.de/" "Serf/1.3.9 (mod_pagespeed/1.13.35.2-0)"
94.130.90.54 - - [21/Feb/2026:14:43:16 +0100] "GET /wp-content/plugins/elementor-pro/assets/js/frontend.min.js?ver=3.35.1 HTTP/1.1" 200 27625 "https://kleh.inglory.de/" "Serf/1.3.9 (mod_pagespeed/1.13.35.2-0)"
94.130.90.54 - - [21/Feb/2026:14:43:16 +0100] "GET /wp-content/plugins/elementor-pro/assets/js/elements-handlers.min.js?ver=3.35.1 HTTP/1.1" 200 47865 "https://kleh.inglory.de/" "Serf/1.3.9 (mod_pagespeed/1.13.35.2-0)"
217.80.192.8 - - [21/Feb/2026:14:43:16 +0100] "GET /wp-content/plugins/elementor/assets/js/webpack.runtime.min.js?ver=3.35.5 HTTP/1.0" 304 3893 "https://kleh.inglory.de/" "Mozilla/5.0 (Macintosh; Intel Mac OS X 10_15_7) AppleWebKit/537.36 (KHTML, like Gecko) Chrome/145.0.0.0 Safari/537.36"
94.130.90.54 - - [21/Feb/2026:14:43:16 +0100] "GET /wp-content/uploads/elementor/css/post-329.css?ver=1771357603 HTTP/1.1" 200 99087 "https://kleh.inglory.de/" "Serf/1.3.9 (mod_pagespeed/1.13.35.2-0)"
217.80.192.8 - - [21/Feb/2026:14:43:16 +0100] "GET /wp-content/plugins/elementor-pro/assets/js/webpack-pro.runtime.min.js?ver=3.35.1 HTTP/1.0" 304 3893 "https://kleh.inglory.de/" "Mozilla/5.0 (Macintosh; Intel Mac OS X 10_15_7) AppleWebKit/537.36 (KHTML, like Gecko) Chrome/145.0.0.0 Safari/537.36"
217.80.192.8 - - [21/Feb/2026:14:43:16 +0100] "GET /wp-includes/js/jquery/ui/core.min.js?ver=1.13.3 HTTP/1.0" 304 3893 "https://kleh.inglory.de/" "Mozilla/5.0 (Macintosh; Intel Mac OS X 10_15_7) AppleWebKit/537.36 (KHTML, like Gecko) Chrome/145.0.0.0 Safari/537.36"
217.80.192.8 - - [21/Feb/2026:14:43:16 +0100] "GET /wp-content/plugins/elementor-pro/assets/lib/smartmenus/jquery.smartmenus.min.js?ver=1.2.1 HTTP/1.0" 304 3893 "https://kleh.inglory.de/" "Mozilla/5.0 (Macintosh; Intel Mac OS X 10_15_7) AppleWebKit/537.36 (KHTML, like Gecko) Chrome/145.0.0.0 Safari/537.36"
217.80.192.8 - - [21/Feb/2026:14:43:16 +0100] "GET /wp-content/plugins/elementor/assets/js/frontend.min.js?ver=3.35.5 HTTP/1.0" 304 3877 "https://kleh.inglory.de/" "Mozilla/5.0 (Macintosh; Intel Mac OS X 10_15_7) AppleWebKit/537.36 (KHTML, like Gecko) Chrome/145.0.0.0 Safari/537.36"
217.80.192.8 - - [21/Feb/2026:14:43:16 +0100] "GET /wp-content/plugins/elementor/assets/lib/swiper/v8/swiper.min.js?ver=8.4.5 HTTP/1.0" 304 3894 "https://kleh.inglory.de/" "Mozilla/5.0 (Macintosh; Intel Mac OS X 10_15_7) AppleWebKit/537.36 (KHTML, like Gecko) Chrome/145.0.0.0 Safari/537.36"
94.130.90.54 - - [21/Feb/2026:14:43:16 +0100] "GET /wp-content/uploads/elementor/css/post-1798.css?ver=1771357288 HTTP/1.1" 200 19823 "https://kleh.inglory.de/" "Serf/1.3.9 (mod_pagespeed/1.13.35.2-0)"
217.80.192.8 - - [21/Feb/2026:14:43:16 +0100] "GET /wp-content/plugins/elementor-pro/assets/lib/sticky/jquery.sticky.min.js?ver=3.35.1 HTTP/1.0" 304 3892 "https://kleh.inglory.de/" "Mozilla/5.0 (Macintosh; Intel Mac OS X 10_15_7) AppleWebKit/537.36 (KHTML, like Gecko) Chrome/145.0.0.0 Safari/537.36"
217.80.192.8 - - [21/Feb/2026:14:43:16 +0100] "GET /wp-content/plugins/elementor/assets/js/frontend-modules.min.js?ver=3.35.5 HTTP/1.0" 304 3893 "https://kleh.inglory.de/" "Mozilla/5.0 (Macintosh; Intel Mac OS X 10_15_7) AppleWebKit/537.36 (KHTML, like Gecko) Chrome/145.0.0.0 Safari/537.36"
217.80.192.8 - - [21/Feb/2026:14:43:16 +0100] "GET /wp-includes/js/dist/hooks.min.js?ver=dd5603f07f9220ed27f1 HTTP/1.0" 304 3877 "https://kleh.inglory.de/" "Mozilla/5.0 (Macintosh; Intel Mac OS X 10_15_7) AppleWebKit/537.36 (KHTML, like Gecko) Chrome/145.0.0.0 Safari/537.36"
217.80.192.8 - - [21/Feb/2026:14:43:16 +0100] "GET /wp-includes/js/dist/i18n.min.js?ver=c26c3dc7bed366793375 HTTP/1.0" 304 3893 "https://kleh.inglory.de/" "Mozilla/5.0 (Macintosh; Intel Mac OS X 10_15_7) AppleWebKit/537.36 (KHTML, like Gecko) Chrome/145.0.0.0 Safari/537.36"
217.80.192.8 - - [21/Feb/2026:14:43:16 +0100] "GET /wp-content/plugins/elementor-pro/assets/css/widget-form.min.css?ver=3.35.1 HTTP/1.0" 304 3877 "https://kleh.inglory.de/" "Mozilla/5.0 (Macintosh; Intel Mac OS X 10_15_7) AppleWebKit/537.36 (KHTML, like Gecko) Chrome/145.0.0.0 Safari/537.36"
217.80.192.8 - - [21/Feb/2026:14:43:16 +0100] "GET /wp-content/plugins/elementor-pro/assets/js/elements-handlers.min.js?ver=3.35.1 HTTP/1.0" 304 3877 "https://kleh.inglory.de/" "Mozilla/5.0 (Macintosh; Intel Mac OS X 10_15_7) AppleWebKit/537.36 (KHTML, like Gecko) Chrome/145.0.0.0 Safari/537.36"
217.80.192.8 - - [21/Feb/2026:14:43:16 +0100] "GET /wp-content/plugins/elementor-pro/assets/js/frontend.min.js?ver=3.35.1 HTTP/1.0" 304 3877 "https://kleh.inglory.de/" "Mozilla/5.0 (Macintosh; Intel Mac OS X 10_15_7) AppleWebKit/537.36 (KHTML, like Gecko) Chrome/145.0.0.0 Safari/537.36"
94.130.90.54 - - [21/Feb/2026:14:43:16 +0100] "GET /wp-content/uploads/elementor/css/post-563.css?ver=1771357288 HTTP/1.1" 200 19693 "https://kleh.inglory.de/" "Serf/1.3.9 (mod_pagespeed/1.13.35.2-0)"
94.130.90.54 - - [21/Feb/2026:14:43:16 +0100] "GET /wp-content/uploads/elementor/css/post-562.css?ver=1771357288 HTTP/1.1" 200 23682 "https://kleh.inglory.de/" "Serf/1.3.9 (mod_pagespeed/1.13.35.2-0)"
94.130.90.54 - - [21/Feb/2026:14:43:16 +0100] "GET /wp-content/uploads/logo-4.svg HTTP/1.1" 200 8006 "https://kleh.inglory.de/" "Serf/1.3.9 (mod_pagespeed/1.13.35.2-0)"
94.130.90.54 - - [21/Feb/2026:14:43:16 +0100] "GET /wp-content/uploads/logo-4.svg HTTP/1.1" 200 8006 "https://kleh.inglory.de/" "Serf/1.3.9 (mod_pagespeed/1.13.35.2-0)"
94.130.90.54 - - [21/Feb/2026:14:43:16 +0100] "GET /wp-content/uploads/Mercedes-Benz_Logo_2010-1.svg HTTP/1.1" 200 264536 "https://kleh.inglory.de/" "Serf/1.3.9 (mod_pagespeed/1.13.35.2-0)"
94.130.90.54 - - [21/Feb/2026:14:43:16 +0100] "GET /wp-content/uploads/Porsche_Logo-2-1.svg HTTP/1.1" 200 5695566 "https://kleh.inglory.de/" "Serf/1.3.9 (mod_pagespeed/1.13.35.2-0)"
94.130.90.54 - - [21/Feb/2026:14:43:16 +0100] "GET /wp-content/uploads/Aleris_Logo-1.svg HTTP/1.1" 200 6492 "https://kleh.inglory.de/" "Serf/1.3.9 (mod_pagespeed/1.13.35.2-0)"
94.130.90.54 - - [21/Feb/2026:14:43:16 +0100] "GET /wp-content/uploads/packaging-logo-2.svg HTTP/1.1" 200 8831 "https://kleh.inglory.de/" "Serf/1.3.9 (mod_pagespeed/1.13.35.2-0)"
94.130.90.54 - - [21/Feb/2026:14:43:16 +0100] "GET /wp-content/uploads/festool-logo.min-1.svg HTTP/1.1" 200 9671 "https://kleh.inglory.de/" "Serf/1.3.9 (mod_pagespeed/1.13.35.2-0)"
94.130.90.54 - - [21/Feb/2026:14:43:16 +0100] "GET /wp-content/uploads/logo-black-1.svg HTTP/1.1" 200 26285 "https://kleh.inglory.de/" "Serf/1.3.9 (mod_pagespeed/1.13.35.2-0)"
94.130.90.54 - - [21/Feb/2026:14:43:16 +0100] "GET /wp-content/uploads/logo-4.svg HTTP/1.1" 200 8006 "https://kleh.inglory.de/" "Serf/1.3.9 (mod_pagespeed/1.13.35.2-0)"
94.130.90.54 - - [21/Feb/2026:14:43:16 +0100] "GET /wp-content/plugins/preloader-pro/assets/js/loftloader.min.js?ver=2024090401 HTTP/1.1" 200 18185 "https://kleh.inglory.de/" "Serf/1.3.9 (mod_pagespeed/1.13.35.2-0)"
94.130.90.54 - - [21/Feb/2026:14:43:16 +0100] "GET /wp-content/plugins/elementor/assets/js/webpack.runtime.min.js?ver=3.35.5 HTTP/1.1" 200 9225 "https://kleh.inglory.de/" "Serf/1.3.9 (mod_pagespeed/1.13.35.2-0)"
94.130.90.54 - - [21/Feb/2026:14:43:16 +0100] "GET /wp-content/plugins/elementor/assets/js/frontend.min.js?ver=3.35.5 HTTP/1.1" 200 35458 "https://kleh.inglory.de/" "Serf/1.3.9 (mod_pagespeed/1.13.35.2-0)"
94.130.90.54 - - [21/Feb/2026:14:43:16 +0100] "GET /wp-content/plugins/elementor/assets/lib/swiper/v8/swiper.min.js?ver=8.4.5 HTTP/1.1" 200 147492 "https://kleh.inglory.de/" "Serf/1.3.9 (mod_pagespeed/1.13.35.2-0)"
217.80.192.8 - - [21/Feb/2026:14:43:16 +0100] "GET /wp-content/uploads/Mercedes-Benz_Logo_2010-1.svg HTTP/1.0" 304 3882 "https://kleh.inglory.de/" "Mozilla/5.0 (Macintosh; Intel Mac OS X 10_15_7) AppleWebKit/537.36 (KHTML, like Gecko) Chrome/145.0.0.0 Safari/537.36"
94.130.90.54 - - [21/Feb/2026:14:43:16 +0100] "GET /wp-includes/js/imagesloaded.min.js?ver=5.0.0 HTTP/1.1" 200 9068 "https://kleh.inglory.de/" "Serf/1.3.9 (mod_pagespeed/1.13.35.2-0)"
217.80.192.8 - - [21/Feb/2026:14:43:16 +0100] "GET /wp-content/plugins/elementor/assets/lib/font-awesome/webfonts/fa-brands-400.woff2 HTTP/1.0" 304 3910 "https://kleh.inglory.de/wp-content/plugins/elementor/assets/lib/font-awesome/css/brands.min.css?ver=5.15.3" "Mozilla/5.0 (Macintosh; Intel Mac OS X 10_15_7) AppleWebKit/537.36 (KHTML, like Gecko) Chrome/145.0.0.0 Safari/537.36"
217.80.192.8 - - [21/Feb/2026:14:43:16 +0100] "GET /wp-content/plugins/elementor/assets/lib/eicons/fonts/eicons.woff2?5.47.0 HTTP/1.0" 304 3910 "https://kleh.inglory.de/wp-content/plugins/elementor/assets/lib/eicons/css/elementor-icons.min.css?ver=5.47.0" "Mozilla/5.0 (Macintosh; Intel Mac OS X 10_15_7) AppleWebKit/537.36 (KHTML, like Gecko) Chrome/145.0.0.0 Safari/537.36"
217.80.192.8 - - [21/Feb/2026:14:43:16 +0100] "GET /wp-content/uploads/Aleris_Logo-1.svg HTTP/1.0" 304 3864 "https://kleh.inglory.de/" "Mozilla/5.0 (Macintosh; Intel Mac OS X 10_15_7) AppleWebKit/537.36 (KHTML, like Gecko) Chrome/145.0.0.0 Safari/537.36"
217.80.192.8 - - [21/Feb/2026:14:43:16 +0100] "GET /wp-content/uploads/Porsche_Logo-2-1.svg HTTP/1.0" 304 3867 "https://kleh.inglory.de/" "Mozilla/5.0 (Macintosh; Intel Mac OS X 10_15_7) AppleWebKit/537.36 (KHTML, like Gecko) Chrome/145.0.0.0 Safari/537.36"
217.80.192.8 - - [21/Feb/2026:14:43:16 +0100] "GET /wp-content/uploads/kimittelstand.jpg HTTP/1.0" 304 3894 "https://kleh.inglory.de/" "Mozilla/5.0 (Macintosh; Intel Mac OS X 10_15_7) AppleWebKit/537.36 (KHTML, like Gecko) Chrome/145.0.0.0 Safari/537.36"
217.80.192.8 - - [21/Feb/2026:14:43:16 +0100] "GET /wp-content/uploads/packaging-logo-2.svg HTTP/1.0" 304 3865 "https://kleh.inglory.de/" "Mozilla/5.0 (Macintosh; Intel Mac OS X 10_15_7) AppleWebKit/537.36 (KHTML, like Gecko) Chrome/145.0.0.0 Safari/537.36"
217.80.192.8 - - [21/Feb/2026:14:43:16 +0100] "GET /wp-content/uploads/image-32-1.png HTTP/1.0" 304 3893 "https://kleh.inglory.de/" "Mozilla/5.0 (Macintosh; Intel Mac OS X 10_15_7) AppleWebKit/537.36 (KHTML, like Gecko) Chrome/145.0.0.0 Safari/537.36"
217.80.192.8 - - [21/Feb/2026:14:43:16 +0100] "GET /wp-content/uploads/festool-logo.min-1.svg HTTP/1.0" 304 3865 "https://kleh.inglory.de/" "Mozilla/5.0 (Macintosh; Intel Mac OS X 10_15_7) AppleWebKit/537.36 (KHTML, like Gecko) Chrome/145.0.0.0 Safari/537.36"
94.130.90.54 - - [21/Feb/2026:14:43:16 +0100] "GET /wp-content/plugins/elementor-pro/assets/js/webpack-pro.runtime.min.js?ver=3.35.1 HTTP/1.1" 200 9796 "https://kleh.inglory.de/" "Serf/1.3.9 (mod_pagespeed/1.13.35.2-0)"
217.80.192.8 - - [21/Feb/2026:14:43:16 +0100] "GET /wp-content/uploads/logo-black-1.svg HTTP/1.0" 304 3865 "https://kleh.inglory.de/" "Mozilla/5.0 (Macintosh; Intel Mac OS X 10_15_7) AppleWebKit/537.36 (KHTML, like Gecko) Chrome/145.0.0.0 Safari/537.36"
94.130.90.54 - - [21/Feb/2026:14:43:16 +0100] "GET /wp-content/uploads/bg-1.jpg HTTP/1.1" 200 103612 "https://kleh.inglory.de/" "Serf/1.3.9 (mod_pagespeed/1.13.35.2-0)"
217.80.192.8 - - [21/Feb/2026:14:43:16 +0100] "GET /wp-content/uploads/inglory.png HTTP/1.0" 304 3877 "https://kleh.inglory.de/" "Mozilla/5.0 (Macintosh; Intel Mac OS X 10_15_7) AppleWebKit/537.36 (KHTML, like Gecko) Chrome/145.0.0.0 Safari/537.36"
217.80.192.8 - - [21/Feb/2026:14:43:16 +0100] "GET /wp-content/uploads/thumbnail-3.jpg HTTP/1.0" 304 3909 "https://kleh.inglory.de/" "Mozilla/5.0 (Macintosh; Intel Mac OS X 10_15_7) AppleWebKit/537.36 (KHTML, like Gecko) Chrome/145.0.0.0 Safari/537.36"
217.80.192.8 - - [21/Feb/2026:14:43:16 +0100] "GET /wp-content/uploads/KI-Machwerk-logo.png HTTP/1.0" 304 3893 "https://kleh.inglory.de/" "Mozilla/5.0 (Macintosh; Intel Mac OS X 10_15_7) AppleWebKit/537.36 (KHTML, like Gecko) Chrome/145.0.0.0 Safari/537.36"
217.80.192.8 - - [21/Feb/2026:14:43:16 +0100] "GET /wp-content/uploads/thumbnail-4.jpg HTTP/1.0" 304 3893 "https://kleh.inglory.de/" "Mozilla/5.0 (Macintosh; Intel Mac OS X 10_15_7) AppleWebKit/537.36 (KHTML, like Gecko) Chrome/145.0.0.0 Safari/537.36"
217.80.192.8 - - [21/Feb/2026:14:43:16 +0100] "GET /wp-content/uploads/thumbnail-1.jpg HTTP/1.0" 304 3893 "https://kleh.inglory.de/" "Mozilla/5.0 (Macintosh; Intel Mac OS X 10_15_7) AppleWebKit/537.36 (KHTML, like Gecko) Chrome/145.0.0.0 Safari/537.36"
217.80.192.8 - - [21/Feb/2026:14:43:16 +0100] "GET /wp-content/uploads/thumbnail-2.jpg HTTP/1.0" 304 3893 "https://kleh.inglory.de/" "Mozilla/5.0 (Macintosh; Intel Mac OS X 10_15_7) AppleWebKit/537.36 (KHTML, like Gecko) Chrome/145.0.0.0 Safari/537.36"
217.80.192.8 - - [21/Feb/2026:14:43:16 +0100] "GET /wp-content/uploads/thumbnail-6.jpg HTTP/1.0" 304 3893 "https://kleh.inglory.de/" "Mozilla/5.0 (Macintosh; Intel Mac OS X 10_15_7) AppleWebKit/537.36 (KHTML, like Gecko) Chrome/145.0.0.0 Safari/537.36"
217.80.192.8 - - [21/Feb/2026:14:43:16 +0100] "GET /wp-content/uploads/thumbnail-5.jpg HTTP/1.0" 304 3909 "https://kleh.inglory.de/" "Mozilla/5.0 (Macintosh; Intel Mac OS X 10_15_7) AppleWebKit/537.36 (KHTML, like Gecko) Chrome/145.0.0.0 Safari/537.36"
217.80.192.8 - - [21/Feb/2026:14:43:16 +0100] "GET /wp-content/uploads/img-1-4.jpg HTTP/1.0" 304 3910 "https://kleh.inglory.de/" "Mozilla/5.0 (Macintosh; Intel Mac OS X 10_15_7) AppleWebKit/537.36 (KHTML, like Gecko) Chrome/145.0.0.0 Safari/537.36"
217.80.192.8 - - [21/Feb/2026:14:43:16 +0100] "GET /wp-content/uploads/demuth.png HTTP/1.0" 304 3893 "https://kleh.inglory.de/" "Mozilla/5.0 (Macintosh; Intel Mac OS X 10_15_7) AppleWebKit/537.36 (KHTML, like Gecko) Chrome/145.0.0.0 Safari/537.36"
94.130.90.54 - - [21/Feb/2026:14:43:16 +0100] "GET /wp-content/uploads/img-3-1.jpg HTTP/1.1" 200 123502 "https://kleh.inglory.de/" "Serf/1.3.9 (mod_pagespeed/1.13.35.2-0)"
94.130.90.54 - - [21/Feb/2026:14:43:16 +0100] "GET /wp-content/uploads/img-1-4.jpg HTTP/1.1" 200 117904 "https://kleh.inglory.de/" "Serf/1.3.9 (mod_pagespeed/1.13.35.2-0)"
94.130.90.54 - - [21/Feb/2026:14:43:16 +0100] "GET /wp-content/uploads/img-2-1.jpg HTTP/1.1" 200 80748 "https://kleh.inglory.de/" "Serf/1.3.9 (mod_pagespeed/1.13.35.2-0)"
94.130.90.54 - - [21/Feb/2026:14:43:16 +0100] "GET /wp-content/uploads/bg-2-scaled.jpg HTTP/1.1" 200 101154 "https://kleh.inglory.de/" "Serf/1.3.9 (mod_pagespeed/1.13.35.2-0)"
94.130.90.54 - - [21/Feb/2026:14:43:16 +0100] "GET /wp-content/uploads/info-1.jpg HTTP/1.1" 200 213106 "https://kleh.inglory.de/" "Serf/1.3.9 (mod_pagespeed/1.13.35.2-0)"
217.80.192.8 - - [21/Feb/2026:14:43:16 +0100] "GET /wp-content/plugins/elementor/assets/lib/dialog/dialog.min.js?ver=4.9.3 HTTP/1.0" 200 7873 "https://kleh.inglory.de/" "Mozilla/5.0 (Macintosh; Intel Mac OS X 10_15_7) AppleWebKit/537.36 (KHTML, like Gecko) Chrome/145.0.0.0 Safari/537.36"
217.80.192.8 - - [21/Feb/2026:14:43:16 +0100] "GET /wp-content/plugins/elementor/assets/js/shared-frontend-handlers.03caa53373b56d3bab67.bundle.min.js HTTP/1.0" 200 6751 "https://kleh.inglory.de/" "Mozilla/5.0 (Macintosh; Intel Mac OS X 10_15_7) AppleWebKit/537.36 (KHTML, like Gecko) Chrome/145.0.0.0 Safari/537.36"
217.80.192.8 - - [21/Feb/2026:14:43:16 +0100] "GET /wp-content/plugins/elementor/assets/js/text-editor.45609661e409413f1cef.bundle.min.js HTTP/1.0" 200 4693 "https://kleh.inglory.de/" "Mozilla/5.0 (Macintosh; Intel Mac OS X 10_15_7) AppleWebKit/537.36 (KHTML, like Gecko) Chrome/145.0.0.0 Safari/537.36"
217.80.192.8 - - [21/Feb/2026:14:43:16 +0100] "GET /wp-content/plugins/elementor-pro/assets/js/nav-menu.8521a0597c50611efdc6.bundle.min.js HTTP/1.0" 200 5995 "https://kleh.inglory.de/" "Mozilla/5.0 (Macintosh; Intel Mac OS X 10_15_7) AppleWebKit/537.36 (KHTML, like Gecko) Chrome/145.0.0.0 Safari/537.36"
217.80.192.8 - - [21/Feb/2026:14:43:16 +0100] "GET /wp-content/plugins/elementor/assets/js/image-carousel.6167d20b95b33386757b.bundle.min.js HTTP/1.0" 200 4333 "https://kleh.inglory.de/" "Mozilla/5.0 (Macintosh; Intel Mac OS X 10_15_7) AppleWebKit/537.36 (KHTML, like Gecko) Chrome/145.0.0.0 Safari/537.36"
217.80.192.8 - - [21/Feb/2026:14:43:16 +0100] "GET /wp-content/plugins/elementor-pro/assets/js/loop.89cc81d2188312a17a17.bundle.min.js HTTP/1.0" 200 7326 "https://kleh.inglory.de/" "Mozilla/5.0 (Macintosh; Intel Mac OS X 10_15_7) AppleWebKit/537.36 (KHTML, like Gecko) Chrome/145.0.0.0 Safari/537.36"
217.80.192.8 - - [21/Feb/2026:14:43:16 +0100] "GET /wp-content/plugins/elementor-pro/assets/js/loop-carousel.cd9a95b2e4dd2a239b81.bundle.min.js HTTP/1.0" 200 4719 "https://kleh.inglory.de/" "Mozilla/5.0 (Macintosh; Intel Mac OS X 10_15_7) AppleWebKit/537.36 (KHTML, like Gecko) Chrome/145.0.0.0 Safari/537.36"
217.80.192.8 - - [21/Feb/2026:14:43:16 +0100] "GET /wp-content/plugins/elementor-pro/assets/js/popup.f7b15b2ca565b152bf98.bundle.min.js HTTP/1.0" 200 4506 "https://kleh.inglory.de/" "Mozilla/5.0 (Macintosh; Intel Mac OS X 10_15_7) AppleWebKit/537.36 (KHTML, like Gecko) Chrome/145.0.0.0 Safari/537.36"
217.80.192.8 - - [21/Feb/2026:14:43:16 +0100] "GET /wp-content/plugins/elementor-pro/assets/js/form.71055747203b48a65a24.bundle.min.js HTTP/1.0" 200 9296 "https://kleh.inglory.de/" "Mozilla/5.0 (Macintosh; Intel Mac OS X 10_15_7) AppleWebKit/537.36 (KHTML, like Gecko) Chrome/145.0.0.0 Safari/537.36"
217.80.192.8 - - [21/Feb/2026:14:43:16 +0100] "GET /wp-content/plugins/elementor/assets/lib/font-awesome/webfonts/fa-solid-900.woff2 HTTP/1.0" 304 3878 "https://kleh.inglory.de/wp-content/plugins/elementor/assets/lib/font-awesome/css/solid.min.css?ver=5.15.3" "Mozilla/5.0 (Macintosh; Intel Mac OS X 10_15_7) AppleWebKit/537.36 (KHTML, like Gecko) Chrome/145.0.0.0 Safari/537.36"
217.80.192.8 - - [21/Feb/2026:14:43:16 +0100] "POST /mod_pagespeed_beacon?url=https%3A%2F%2Fkleh.inglory.de%2F HTTP/1.0" 204 3871 "https://kleh.inglory.de/" "Mozilla/5.0 (Macintosh; Intel Mac OS X 10_15_7) AppleWebKit/537.36 (KHTML, like Gecko) Chrome/145.0.0.0 Safari/537.36"
217.80.192.8 - - [21/Feb/2026:14:43:17 +0100] "GET /wp-content/uploads/img-3-1.jpg HTTP/1.0" 304 3894 "https://kleh.inglory.de/wp-content/uploads/elementor/css/post-329.css?ver=1771357603" "Mozilla/5.0 (Macintosh; Intel Mac OS X 10_15_7) AppleWebKit/537.36 (KHTML, like Gecko) Chrome/145.0.0.0 Safari/537.36"
217.80.192.8 - - [21/Feb/2026:14:43:17 +0100] "GET /wp-content/uploads/img-2-1.jpg HTTP/1.0" 304 3894 "https://kleh.inglory.de/wp-content/uploads/elementor/css/post-563.css?ver=1771357288" "Mozilla/5.0 (Macintosh; Intel Mac OS X 10_15_7) AppleWebKit/537.36 (KHTML, like Gecko) Chrome/145.0.0.0 Safari/537.36"
217.80.192.8 - - [21/Feb/2026:14:43:18 +0100] "GET /wp-content/uploads/bg-2-scaled.jpg HTTP/1.0" 304 3878 "https://kleh.inglory.de/wp-content/uploads/elementor/css/post-562.css?ver=1771357288" "Mozilla/5.0 (Macintosh; Intel Mac OS X 10_15_7) AppleWebKit/537.36 (KHTML, like Gecko) Chrome/145.0.0.0 Safari/537.36"
217.80.192.8 - - [21/Feb/2026:14:43:18 +0100] "GET /wp-content/uploads/info-1.jpg HTTP/1.0" 304 3894 "https://kleh.inglory.de/wp-content/uploads/elementor/css/post-562.css?ver=1771357288" "Mozilla/5.0 (Macintosh; Intel Mac OS X 10_15_7) AppleWebKit/537.36 (KHTML, like Gecko) Chrome/145.0.0.0 Safari/537.36"
217.80.192.8 - - [21/Feb/2026:14:44:16 +0100] "GET /wp-content/plugins/elementor/assets/css/conditionals/dialog.min.css?ver=3.35.5 HTTP/1.0" 200 5643 "https://kleh.inglory.de/" "Mozilla/5.0 (Macintosh; Intel Mac OS X 10_15_7) AppleWebKit/537.36 (KHTML, like Gecko) Chrome/145.0.0.0 Safari/537.36"
165.227.100.177 - - [21/Feb/2026:14:46:18 +0100] "GET / HTTP/1.0" 200 78485 "-" "Mozilla/5.0 (X11; Linux x86_64; rv:142.0) Gecko/20100101 Firefox/142.0"
165.227.100.177 - - [21/Feb/2026:14:46:22 +0100] "GET /wp-content/uploads/xcropped-favicon-32x32.png.pagespeed.ic.YwyA_Rc4E6.png HTTP/1.0" 200 5155 "https://kleh.inglory.de/" "Mozilla/5.0 (X11; Linux x86_64; rv:142.0) Gecko/20100101 Firefox/142.0"
94.130.90.54 - - [21/Feb/2026:14:46:29 +0100] "GET /wp-includes/css/dashicons.min.css?ver=6.9.1 HTTP/1.1" 304 3378 "https://kleh.inglory.de/wp-login.php" "Serf/1.3.9 (mod_pagespeed/1.13.35.2-0)"
94.130.90.54 - - [21/Feb/2026:14:46:29 +0100] "GET /wp-includes/css/buttons.min.css?ver=6.9.1 HTTP/1.1" 304 3378 "https://kleh.inglory.de/wp-login.php" "Serf/1.3.9 (mod_pagespeed/1.13.35.2-0)"
143.110.249.19 - - [21/Feb/2026:14:46:29 +0100] "POST /wp-login.php HTTP/1.0" 200 11212 "-" "Mozilla/5.0"
94.130.90.54 - - [21/Feb/2026:14:46:29 +0100] "GET /wp-includes/js/wp-util.min.js?ver=6.9.1 HTTP/1.1" 304 3377 "https://kleh.inglory.de/wp-login.php" "Serf/1.3.9 (mod_pagespeed/1.13.35.2-0)"
94.130.90.54 - - [21/Feb/2026:14:46:29 +0100] "GET /wp-includes/js/dist/dom-ready.min.js?ver=f77871ff7694fffea381 HTTP/1.1" 304 3377 "https://kleh.inglory.de/wp-login.php" "Serf/1.3.9 (mod_pagespeed/1.13.35.2-0)"
94.130.90.54 - - [21/Feb/2026:14:46:29 +0100] "GET /wp-includes/js/dist/a11y.min.js?ver=cb460b4676c94bd228ed HTTP/1.1" 304 3377 "https://kleh.inglory.de/wp-login.php" "Serf/1.3.9 (mod_pagespeed/1.13.35.2-0)"
94.130.90.54 - - [21/Feb/2026:14:46:29 +0100] "GET /wp-includes/js/clipboard.min.js?ver=2.0.11 HTTP/1.1" 304 3378 "https://kleh.inglory.de/wp-login.php" "Serf/1.3.9 (mod_pagespeed/1.13.35.2-0)"
94.130.90.54 - - [21/Feb/2026:14:46:29 +0100] "GET /wp-includes/js/underscore.min.js?ver=1.13.7 HTTP/1.1" 304 3378 "https://kleh.inglory.de/wp-login.php" "Serf/1.3.9 (mod_pagespeed/1.13.35.2-0)"
94.130.90.54 - - [21/Feb/2026:14:46:29 +0100] "GET /wp-includes/js/zxcvbn-async.min.js?ver=1.0 HTTP/1.1" 304 3377 "https://kleh.inglory.de/wp-login.php" "Serf/1.3.9 (mod_pagespeed/1.13.35.2-0)"
94.130.90.54 - - [21/Feb/2026:14:57:54 +0100] "GET /wp-includes/css/dashicons.min.css?ver=6.9.1 HTTP/1.1" 304 3378 "https://kleh.inglory.de/wp-login.php" "Serf/1.3.9 (mod_pagespeed/1.13.35.2-0)"
143.110.249.19 - - [21/Feb/2026:14:57:54 +0100] "POST /wp-login.php HTTP/1.0" 200 11078 "-" "Mozilla/5.0"
94.130.90.54 - - [21/Feb/2026:14:57:54 +0100] "GET /wp-includes/css/buttons.min.css?ver=6.9.1 HTTP/1.1" 304 3378 "https://kleh.inglory.de/wp-login.php" "Serf/1.3.9 (mod_pagespeed/1.13.35.2-0)"
94.130.90.54 - - [21/Feb/2026:14:57:54 +0100] "GET /wp-includes/js/wp-util.min.js?ver=6.9.1 HTTP/1.1" 304 3377 "https://kleh.inglory.de/wp-login.php" "Serf/1.3.9 (mod_pagespeed/1.13.35.2-0)"
94.130.90.54 - - [21/Feb/2026:14:57:54 +0100] "GET /wp-includes/js/dist/dom-ready.min.js?ver=f77871ff7694fffea381 HTTP/1.1" 304 3377 "https://kleh.inglory.de/wp-login.php" "Serf/1.3.9 (mod_pagespeed/1.13.35.2-0)"
94.130.90.54 - - [21/Feb/2026:14:57:54 +0100] "GET /wp-includes/js/dist/a11y.min.js?ver=cb460b4676c94bd228ed HTTP/1.1" 304 3377 "https://kleh.inglory.de/wp-login.php" "Serf/1.3.9 (mod_pagespeed/1.13.35.2-0)"
94.130.90.54 - - [21/Feb/2026:14:57:54 +0100] "GET /wp-content/uploads/cropped-favicon-32x32.png HTTP/1.1" 304 3377 "https://kleh.inglory.de/wp-login.php" "Serf/1.3.9 (mod_pagespeed/1.13.35.2-0)"
94.130.90.54 - - [21/Feb/2026:14:57:54 +0100] "GET /wp-content/uploads/cropped-favicon-192x192.png HTTP/1.1" 304 3378 "https://kleh.inglory.de/wp-login.php" "Serf/1.3.9 (mod_pagespeed/1.13.35.2-0)"
94.130.90.54 - - [21/Feb/2026:14:57:54 +0100] "GET /wp-content/uploads/cropped-favicon-180x180.png HTTP/1.1" 304 3378 "https://kleh.inglory.de/wp-login.php" "Serf/1.3.9 (mod_pagespeed/1.13.35.2-0)"
94.130.90.54 - - [21/Feb/2026:14:57:54 +0100] "GET /wp-includes/js/clipboard.min.js?ver=2.0.11 HTTP/1.1" 304 3378 "https://kleh.inglory.de/wp-login.php" "Serf/1.3.9 (mod_pagespeed/1.13.35.2-0)"
94.130.90.54 - - [21/Feb/2026:14:57:54 +0100] "GET /wp-includes/js/jquery/jquery.min.js?ver=3.7.1 HTTP/1.1" 304 3379 "https://kleh.inglory.de/wp-login.php" "Serf/1.3.9 (mod_pagespeed/1.13.35.2-0)"
94.130.90.54 - - [21/Feb/2026:14:57:54 +0100] "GET /wp-includes/js/jquery/jquery-migrate.min.js?ver=3.4.1 HTTP/1.1" 304 3378 "https://kleh.inglory.de/wp-login.php" "Serf/1.3.9 (mod_pagespeed/1.13.35.2-0)"
94.130.90.54 - - [21/Feb/2026:14:57:54 +0100] "GET /wp-includes/js/zxcvbn-async.min.js?ver=1.0 HTTP/1.1" 304 3377 "https://kleh.inglory.de/wp-login.php" "Serf/1.3.9 (mod_pagespeed/1.13.35.2-0)"
94.130.90.54 - - [21/Feb/2026:14:57:54 +0100] "GET /wp-includes/js/dist/hooks.min.js?ver=dd5603f07f9220ed27f1 HTTP/1.1" 200 9209 "https://kleh.inglory.de/wp-login.php" "Serf/1.3.9 (mod_pagespeed/1.13.35.2-0)"
94.130.90.54 - - [21/Feb/2026:14:57:54 +0100] "GET /wp-includes/js/dist/i18n.min.js?ver=c26c3dc7bed366793375 HTTP/1.1" 200 8862 "https://kleh.inglory.de/wp-login.php" "Serf/1.3.9 (mod_pagespeed/1.13.35.2-0)"
94.130.90.54 - - [21/Feb/2026:14:57:54 +0100] "GET /wp-includes/js/underscore.min.js?ver=1.13.7 HTTP/1.1" 304 3378 "https://kleh.inglory.de/wp-login.php" "Serf/1.3.9 (mod_pagespeed/1.13.35.2-0)"
94.130.90.54 - - [21/Feb/2026:15:09:17 +0100] "GET /wp-includes/css/dashicons.min.css?ver=6.9.1 HTTP/1.1" 304 3378 "https://kleh.inglory.de/wp-login.php" "Serf/1.3.9 (mod_pagespeed/1.13.35.2-0)"
143.110.249.19 - - [21/Feb/2026:15:09:16 +0100] "POST /wp-login.php HTTP/1.0" 200 11078 "-" "Mozilla/5.0"
94.130.90.54 - - [21/Feb/2026:15:09:17 +0100] "GET /wp-includes/css/buttons.min.css?ver=6.9.1 HTTP/1.1" 304 3378 "https://kleh.inglory.de/wp-login.php" "Serf/1.3.9 (mod_pagespeed/1.13.35.2-0)"
94.130.90.54 - - [21/Feb/2026:15:09:17 +0100] "GET /wp-includes/js/dist/hooks.min.js?ver=dd5603f07f9220ed27f1 HTTP/1.1" 304 3378 "https://kleh.inglory.de/wp-login.php" "Serf/1.3.9 (mod_pagespeed/1.13.35.2-0)"
94.130.90.54 - - [21/Feb/2026:15:09:17 +0100] "GET /wp-includes/js/dist/i18n.min.js?ver=c26c3dc7bed366793375 HTTP/1.1" 304 3378 "https://kleh.inglory.de/wp-login.php" "Serf/1.3.9 (mod_pagespeed/1.13.35.2-0)"
94.130.90.54 - - [21/Feb/2026:15:09:17 +0100] "GET /wp-includes/js/wp-util.min.js?ver=6.9.1 HTTP/1.1" 304 3377 "https://kleh.inglory.de/wp-login.php" "Serf/1.3.9 (mod_pagespeed/1.13.35.2-0)"
94.130.90.54 - - [21/Feb/2026:15:09:17 +0100] "GET /wp-includes/js/dist/dom-ready.min.js?ver=f77871ff7694fffea381 HTTP/1.1" 304 3377 "https://kleh.inglory.de/wp-login.php" "Serf/1.3.9 (mod_pagespeed/1.13.35.2-0)"
94.130.90.54 - - [21/Feb/2026:15:09:17 +0100] "GET /wp-includes/js/dist/a11y.min.js?ver=cb460b4676c94bd228ed HTTP/1.1" 304 3377 "https://kleh.inglory.de/wp-login.php" "Serf/1.3.9 (mod_pagespeed/1.13.35.2-0)"
94.130.90.54 - - [21/Feb/2026:15:09:17 +0100] "GET /wp-content/uploads/cropped-favicon-32x32.png HTTP/1.1" 304 3377 "https://kleh.inglory.de/wp-login.php" "Serf/1.3.9 (mod_pagespeed/1.13.35.2-0)"
94.130.90.54 - - [21/Feb/2026:15:09:17 +0100] "GET /wp-content/uploads/cropped-favicon-192x192.png HTTP/1.1" 304 3378 "https://kleh.inglory.de/wp-login.php" "Serf/1.3.9 (mod_pagespeed/1.13.35.2-0)"
94.130.90.54 - - [21/Feb/2026:15:09:17 +0100] "GET /wp-content/uploads/cropped-favicon-180x180.png HTTP/1.1" 304 3378 "https://kleh.inglory.de/wp-login.php" "Serf/1.3.9 (mod_pagespeed/1.13.35.2-0)"
94.130.90.54 - - [21/Feb/2026:15:09:17 +0100] "GET /wp-includes/js/clipboard.min.js?ver=2.0.11 HTTP/1.1" 304 3378 "https://kleh.inglory.de/wp-login.php" "Serf/1.3.9 (mod_pagespeed/1.13.35.2-0)"
94.130.90.54 - - [21/Feb/2026:15:09:17 +0100] "GET /wp-includes/js/jquery/jquery.min.js?ver=3.7.1 HTTP/1.1" 304 3379 "https://kleh.inglory.de/wp-login.php" "Serf/1.3.9 (mod_pagespeed/1.13.35.2-0)"
94.130.90.54 - - [21/Feb/2026:15:09:17 +0100] "GET /wp-includes/js/jquery/jquery-migrate.min.js?ver=3.4.1 HTTP/1.1" 304 3378 "https://kleh.inglory.de/wp-login.php" "Serf/1.3.9 (mod_pagespeed/1.13.35.2-0)"
94.130.90.54 - - [21/Feb/2026:15:09:17 +0100] "GET /wp-includes/js/underscore.min.js?ver=1.13.7 HTTP/1.1" 304 3378 "https://kleh.inglory.de/wp-login.php" "Serf/1.3.9 (mod_pagespeed/1.13.35.2-0)"
94.130.90.54 - - [21/Feb/2026:15:09:17 +0100] "GET /wp-includes/js/zxcvbn-async.min.js?ver=1.0 HTTP/1.1" 304 3377 "https://kleh.inglory.de/wp-login.php" "Serf/1.3.9 (mod_pagespeed/1.13.35.2-0)"
94.130.90.54 - - [21/Feb/2026:15:20:38 +0100] "GET /wp-includes/css/dashicons.min.css?ver=6.9.1 HTTP/1.1" 304 3378 "https://kleh.inglory.de/wp-login.php" "Serf/1.3.9 (mod_pagespeed/1.13.35.2-0)"
143.110.249.19 - - [21/Feb/2026:15:20:38 +0100] "POST /wp-login.php HTTP/1.0" 200 11078 "-" "Mozilla/5.0"
94.130.90.54 - - [21/Feb/2026:15:20:38 +0100] "GET /wp-includes/css/buttons.min.css?ver=6.9.1 HTTP/1.1" 304 3378 "https://kleh.inglory.de/wp-login.php" "Serf/1.3.9 (mod_pagespeed/1.13.35.2-0)"
94.130.90.54 - - [21/Feb/2026:15:20:38 +0100] "GET /wp-includes/js/dist/hooks.min.js?ver=dd5603f07f9220ed27f1 HTTP/1.1" 304 3378 "https://kleh.inglory.de/wp-login.php" "Serf/1.3.9 (mod_pagespeed/1.13.35.2-0)"
94.130.90.54 - - [21/Feb/2026:15:20:38 +0100] "GET /wp-includes/js/dist/i18n.min.js?ver=c26c3dc7bed366793375 HTTP/1.1" 304 3378 "https://kleh.inglory.de/wp-login.php" "Serf/1.3.9 (mod_pagespeed/1.13.35.2-0)"
94.130.90.54 - - [21/Feb/2026:15:20:38 +0100] "GET /wp-includes/js/wp-util.min.js?ver=6.9.1 HTTP/1.1" 304 3377 "https://kleh.inglory.de/wp-login.php" "Serf/1.3.9 (mod_pagespeed/1.13.35.2-0)"
94.130.90.54 - - [21/Feb/2026:15:20:38 +0100] "GET /wp-includes/js/dist/dom-ready.min.js?ver=f77871ff7694fffea381 HTTP/1.1" 304 3377 "https://kleh.inglory.de/wp-login.php" "Serf/1.3.9 (mod_pagespeed/1.13.35.2-0)"
94.130.90.54 - - [21/Feb/2026:15:20:38 +0100] "GET /wp-includes/js/dist/a11y.min.js?ver=cb460b4676c94bd228ed HTTP/1.1" 304 3377 "https://kleh.inglory.de/wp-login.php" "Serf/1.3.9 (mod_pagespeed/1.13.35.2-0)"
94.130.90.54 - - [21/Feb/2026:15:20:38 +0100] "GET /wp-content/uploads/cropped-favicon-32x32.png HTTP/1.1" 304 3377 "https://kleh.inglory.de/wp-login.php" "Serf/1.3.9 (mod_pagespeed/1.13.35.2-0)"
94.130.90.54 - - [21/Feb/2026:15:20:38 +0100] "GET /wp-content/uploads/cropped-favicon-192x192.png HTTP/1.1" 304 3378 "https://kleh.inglory.de/wp-login.php" "Serf/1.3.9 (mod_pagespeed/1.13.35.2-0)"
94.130.90.54 - - [21/Feb/2026:15:20:38 +0100] "GET /wp-content/uploads/cropped-favicon-180x180.png HTTP/1.1" 304 3378 "https://kleh.inglory.de/wp-login.php" "Serf/1.3.9 (mod_pagespeed/1.13.35.2-0)"
94.130.90.54 - - [21/Feb/2026:15:20:38 +0100] "GET /wp-includes/js/clipboard.min.js?ver=2.0.11 HTTP/1.1" 304 3378 "https://kleh.inglory.de/wp-login.php" "Serf/1.3.9 (mod_pagespeed/1.13.35.2-0)"
94.130.90.54 - - [21/Feb/2026:15:20:38 +0100] "GET /wp-includes/js/jquery/jquery.min.js?ver=3.7.1 HTTP/1.1" 304 3379 "https://kleh.inglory.de/wp-login.php" "Serf/1.3.9 (mod_pagespeed/1.13.35.2-0)"
94.130.90.54 - - [21/Feb/2026:15:20:38 +0100] "GET /wp-includes/js/jquery/jquery-migrate.min.js?ver=3.4.1 HTTP/1.1" 304 3378 "https://kleh.inglory.de/wp-login.php" "Serf/1.3.9 (mod_pagespeed/1.13.35.2-0)"
94.130.90.54 - - [21/Feb/2026:15:20:38 +0100] "GET /wp-includes/js/underscore.min.js?ver=1.13.7 HTTP/1.1" 304 3378 "https://kleh.inglory.de/wp-login.php" "Serf/1.3.9 (mod_pagespeed/1.13.35.2-0)"
94.130.90.54 - - [21/Feb/2026:15:20:38 +0100] "GET /wp-includes/js/zxcvbn-async.min.js?ver=1.0 HTTP/1.1" 304 3377 "https://kleh.inglory.de/wp-login.php" "Serf/1.3.9 (mod_pagespeed/1.13.35.2-0)"
94.130.90.54 - - [21/Feb/2026:15:32:16 +0100] "POST /wp-cron.php?doing_wp_cron=1771684336.9056639671325683593750 HTTP/1.0" 200 4041 "-" "WordPress/6.9.1; https://kleh.inglory.de"
94.130.90.54 - - [21/Feb/2026:15:32:16 +0100] "GET /wp-includes/css/dashicons.min.css?ver=6.9.1 HTTP/1.1" 304 3378 "https://kleh.inglory.de/wp-login.php" "Serf/1.3.9 (mod_pagespeed/1.13.35.2-0)"
143.110.249.19 - - [21/Feb/2026:15:32:16 +0100] "POST /wp-login.php HTTP/1.0" 200 11094 "-" "Mozilla/5.0"
94.130.90.54 - - [21/Feb/2026:15:32:16 +0100] "GET /wp-includes/css/buttons.min.css?ver=6.9.1 HTTP/1.1" 304 3378 "https://kleh.inglory.de/wp-login.php" "Serf/1.3.9 (mod_pagespeed/1.13.35.2-0)"
94.130.90.54 - - [21/Feb/2026:15:32:16 +0100] "GET /wp-includes/js/dist/hooks.min.js?ver=dd5603f07f9220ed27f1 HTTP/1.1" 304 3378 "https://kleh.inglory.de/wp-login.php" "Serf/1.3.9 (mod_pagespeed/1.13.35.2-0)"
94.130.90.54 - - [21/Feb/2026:15:32:16 +0100] "GET /wp-includes/js/dist/i18n.min.js?ver=c26c3dc7bed366793375 HTTP/1.1" 304 3378 "https://kleh.inglory.de/wp-login.php" "Serf/1.3.9 (mod_pagespeed/1.13.35.2-0)"
94.130.90.54 - - [21/Feb/2026:15:32:16 +0100] "GET /wp-includes/js/wp-util.min.js?ver=6.9.1 HTTP/1.1" 304 3377 "https://kleh.inglory.de/wp-login.php" "Serf/1.3.9 (mod_pagespeed/1.13.35.2-0)"
94.130.90.54 - - [21/Feb/2026:15:32:16 +0100] "GET /wp-includes/js/dist/dom-ready.min.js?ver=f77871ff7694fffea381 HTTP/1.1" 304 3377 "https://kleh.inglory.de/wp-login.php" "Serf/1.3.9 (mod_pagespeed/1.13.35.2-0)"
94.130.90.54 - - [21/Feb/2026:15:32:16 +0100] "GET /wp-includes/js/dist/a11y.min.js?ver=cb460b4676c94bd228ed HTTP/1.1" 304 3377 "https://kleh.inglory.de/wp-login.php" "Serf/1.3.9 (mod_pagespeed/1.13.35.2-0)"
94.130.90.54 - - [21/Feb/2026:15:32:16 +0100] "GET /wp-content/uploads/cropped-favicon-32x32.png HTTP/1.1" 304 3377 "https://kleh.inglory.de/wp-login.php" "Serf/1.3.9 (mod_pagespeed/1.13.35.2-0)"
94.130.90.54 - - [21/Feb/2026:15:32:16 +0100] "GET /wp-content/uploads/cropped-favicon-192x192.png HTTP/1.1" 304 3378 "https://kleh.inglory.de/wp-login.php" "Serf/1.3.9 (mod_pagespeed/1.13.35.2-0)"
94.130.90.54 - - [21/Feb/2026:15:32:16 +0100] "GET /wp-content/uploads/cropped-favicon-180x180.png HTTP/1.1" 304 3378 "https://kleh.inglory.de/wp-login.php" "Serf/1.3.9 (mod_pagespeed/1.13.35.2-0)"
94.130.90.54 - - [21/Feb/2026:15:32:16 +0100] "GET /wp-includes/js/clipboard.min.js?ver=2.0.11 HTTP/1.1" 304 3378 "https://kleh.inglory.de/wp-login.php" "Serf/1.3.9 (mod_pagespeed/1.13.35.2-0)"
94.130.90.54 - - [21/Feb/2026:15:32:16 +0100] "GET /wp-includes/js/jquery/jquery.min.js?ver=3.7.1 HTTP/1.1" 304 3379 "https://kleh.inglory.de/wp-login.php" "Serf/1.3.9 (mod_pagespeed/1.13.35.2-0)"
94.130.90.54 - - [21/Feb/2026:15:32:16 +0100] "GET /wp-includes/js/jquery/jquery-migrate.min.js?ver=3.4.1 HTTP/1.1" 304 3378 "https://kleh.inglory.de/wp-login.php" "Serf/1.3.9 (mod_pagespeed/1.13.35.2-0)"
94.130.90.54 - - [21/Feb/2026:15:32:16 +0100] "GET /wp-includes/js/underscore.min.js?ver=1.13.7 HTTP/1.1" 304 3378 "https://kleh.inglory.de/wp-login.php" "Serf/1.3.9 (mod_pagespeed/1.13.35.2-0)"
94.130.90.54 - - [21/Feb/2026:15:32:16 +0100] "GET /wp-includes/js/zxcvbn-async.min.js?ver=1.0 HTTP/1.1" 304 3377 "https://kleh.inglory.de/wp-login.php" "Serf/1.3.9 (mod_pagespeed/1.13.35.2-0)"
94.130.90.54 - - [21/Feb/2026:15:44:01 +0100] "GET /wp-includes/css/dashicons.min.css?ver=6.9.1 HTTP/1.1" 304 3378 "https://kleh.inglory.de/wp-login.php" "Serf/1.3.9 (mod_pagespeed/1.13.35.2-0)"
143.110.249.19 - - [21/Feb/2026:15:44:00 +0100] "POST /wp-login.php HTTP/1.0" 200 11078 "-" "Mozilla/5.0"
94.130.90.54 - - [21/Feb/2026:15:44:01 +0100] "GET /wp-includes/css/buttons.min.css?ver=6.9.1 HTTP/1.1" 304 3378 "https://kleh.inglory.de/wp-login.php" "Serf/1.3.9 (mod_pagespeed/1.13.35.2-0)"
94.130.90.54 - - [21/Feb/2026:15:44:01 +0100] "GET /wp-includes/js/dist/hooks.min.js?ver=dd5603f07f9220ed27f1 HTTP/1.1" 304 3378 "https://kleh.inglory.de/wp-login.php" "Serf/1.3.9 (mod_pagespeed/1.13.35.2-0)"
94.130.90.54 - - [21/Feb/2026:15:44:01 +0100] "GET /wp-includes/js/dist/i18n.min.js?ver=c26c3dc7bed366793375 HTTP/1.1" 304 3378 "https://kleh.inglory.de/wp-login.php" "Serf/1.3.9 (mod_pagespeed/1.13.35.2-0)"
94.130.90.54 - - [21/Feb/2026:15:44:01 +0100] "GET /wp-includes/js/wp-util.min.js?ver=6.9.1 HTTP/1.1" 304 3377 "https://kleh.inglory.de/wp-login.php" "Serf/1.3.9 (mod_pagespeed/1.13.35.2-0)"
94.130.90.54 - - [21/Feb/2026:15:44:01 +0100] "GET /wp-includes/js/dist/dom-ready.min.js?ver=f77871ff7694fffea381 HTTP/1.1" 304 3377 "https://kleh.inglory.de/wp-login.php" "Serf/1.3.9 (mod_pagespeed/1.13.35.2-0)"
94.130.90.54 - - [21/Feb/2026:15:44:01 +0100] "GET /wp-includes/js/dist/a11y.min.js?ver=cb460b4676c94bd228ed HTTP/1.1" 304 3377 "https://kleh.inglory.de/wp-login.php" "Serf/1.3.9 (mod_pagespeed/1.13.35.2-0)"
94.130.90.54 - - [21/Feb/2026:15:44:01 +0100] "GET /wp-content/uploads/cropped-favicon-32x32.png HTTP/1.1" 304 3377 "https://kleh.inglory.de/wp-login.php" "Serf/1.3.9 (mod_pagespeed/1.13.35.2-0)"
94.130.90.54 - - [21/Feb/2026:15:44:01 +0100] "GET /wp-content/uploads/cropped-favicon-192x192.png HTTP/1.1" 304 3378 "https://kleh.inglory.de/wp-login.php" "Serf/1.3.9 (mod_pagespeed/1.13.35.2-0)"
94.130.90.54 - - [21/Feb/2026:15:44:01 +0100] "GET /wp-content/uploads/cropped-favicon-180x180.png HTTP/1.1" 304 3378 "https://kleh.inglory.de/wp-login.php" "Serf/1.3.9 (mod_pagespeed/1.13.35.2-0)"
94.130.90.54 - - [21/Feb/2026:15:44:01 +0100] "GET /wp-includes/js/clipboard.min.js?ver=2.0.11 HTTP/1.1" 304 3378 "https://kleh.inglory.de/wp-login.php" "Serf/1.3.9 (mod_pagespeed/1.13.35.2-0)"
94.130.90.54 - - [21/Feb/2026:15:44:01 +0100] "GET /wp-includes/js/jquery/jquery.min.js?ver=3.7.1 HTTP/1.1" 304 3379 "https://kleh.inglory.de/wp-login.php" "Serf/1.3.9 (mod_pagespeed/1.13.35.2-0)"
94.130.90.54 - - [21/Feb/2026:15:44:01 +0100] "GET /wp-includes/js/jquery/jquery-migrate.min.js?ver=3.4.1 HTTP/1.1" 304 3378 "https://kleh.inglory.de/wp-login.php" "Serf/1.3.9 (mod_pagespeed/1.13.35.2-0)"
94.130.90.54 - - [21/Feb/2026:15:44:01 +0100] "GET /wp-includes/js/underscore.min.js?ver=1.13.7 HTTP/1.1" 304 3378 "https://kleh.inglory.de/wp-login.php" "Serf/1.3.9 (mod_pagespeed/1.13.35.2-0)"
94.130.90.54 - - [21/Feb/2026:15:44:01 +0100] "GET /wp-includes/js/zxcvbn-async.min.js?ver=1.0 HTTP/1.1" 304 3377 "https://kleh.inglory.de/wp-login.php" "Serf/1.3.9 (mod_pagespeed/1.13.35.2-0)"
94.130.90.54 - - [21/Feb/2026:15:56:00 +0100] "GET /wp-includes/css/dashicons.min.css?ver=6.9.1 HTTP/1.1" 304 3378 "https://kleh.inglory.de/wp-login.php" "Serf/1.3.9 (mod_pagespeed/1.13.35.2-0)"
94.130.90.54 - - [21/Feb/2026:15:56:00 +0100] "GET /wp-includes/css/buttons.min.css?ver=6.9.1 HTTP/1.1" 304 3378 "https://kleh.inglory.de/wp-login.php" "Serf/1.3.9 (mod_pagespeed/1.13.35.2-0)"
143.110.249.19 - - [21/Feb/2026:15:56:00 +0100] "POST /wp-login.php HTTP/1.0" 200 11156 "-" "Mozilla/5.0"
94.130.90.54 - - [21/Feb/2026:15:56:00 +0100] "GET /wp-includes/js/dist/hooks.min.js?ver=dd5603f07f9220ed27f1 HTTP/1.1" 304 3378 "https://kleh.inglory.de/wp-login.php" "Serf/1.3.9 (mod_pagespeed/1.13.35.2-0)"
94.130.90.54 - - [21/Feb/2026:15:56:00 +0100] "GET /wp-includes/js/dist/i18n.min.js?ver=c26c3dc7bed366793375 HTTP/1.1" 304 3378 "https://kleh.inglory.de/wp-login.php" "Serf/1.3.9 (mod_pagespeed/1.13.35.2-0)"
94.130.90.54 - - [21/Feb/2026:15:56:00 +0100] "GET /wp-includes/js/wp-util.min.js?ver=6.9.1 HTTP/1.1" 304 3377 "https://kleh.inglory.de/wp-login.php" "Serf/1.3.9 (mod_pagespeed/1.13.35.2-0)"
94.130.90.54 - - [21/Feb/2026:15:56:00 +0100] "GET /wp-includes/js/dist/dom-ready.min.js?ver=f77871ff7694fffea381 HTTP/1.1" 304 3377 "https://kleh.inglory.de/wp-login.php" "Serf/1.3.9 (mod_pagespeed/1.13.35.2-0)"
94.130.90.54 - - [21/Feb/2026:15:56:00 +0100] "GET /wp-includes/js/dist/a11y.min.js?ver=cb460b4676c94bd228ed HTTP/1.1" 304 3377 "https://kleh.inglory.de/wp-login.php" "Serf/1.3.9 (mod_pagespeed/1.13.35.2-0)"
94.130.90.54 - - [21/Feb/2026:15:56:00 +0100] "GET /wp-content/uploads/cropped-favicon-32x32.png HTTP/1.1" 304 3377 "https://kleh.inglory.de/wp-login.php" "Serf/1.3.9 (mod_pagespeed/1.13.35.2-0)"
94.130.90.54 - - [21/Feb/2026:15:56:00 +0100] "GET /wp-content/uploads/cropped-favicon-192x192.png HTTP/1.1" 304 3378 "https://kleh.inglory.de/wp-login.php" "Serf/1.3.9 (mod_pagespeed/1.13.35.2-0)"
94.130.90.54 - - [21/Feb/2026:15:56:00 +0100] "GET /wp-content/uploads/cropped-favicon-180x180.png HTTP/1.1" 304 3378 "https://kleh.inglory.de/wp-login.php" "Serf/1.3.9 (mod_pagespeed/1.13.35.2-0)"
94.130.90.54 - - [21/Feb/2026:15:56:00 +0100] "GET /wp-includes/js/clipboard.min.js?ver=2.0.11 HTTP/1.1" 304 3378 "https://kleh.inglory.de/wp-login.php" "Serf/1.3.9 (mod_pagespeed/1.13.35.2-0)"
94.130.90.54 - - [21/Feb/2026:15:56:00 +0100] "GET /wp-includes/js/jquery/jquery.min.js?ver=3.7.1 HTTP/1.1" 304 3379 "https://kleh.inglory.de/wp-login.php" "Serf/1.3.9 (mod_pagespeed/1.13.35.2-0)"
94.130.90.54 - - [21/Feb/2026:15:56:00 +0100] "GET /wp-includes/js/jquery/jquery-migrate.min.js?ver=3.4.1 HTTP/1.1" 304 3378 "https://kleh.inglory.de/wp-login.php" "Serf/1.3.9 (mod_pagespeed/1.13.35.2-0)"
94.130.90.54 - - [21/Feb/2026:15:56:00 +0100] "GET /wp-includes/js/underscore.min.js?ver=1.13.7 HTTP/1.1" 304 3378 "https://kleh.inglory.de/wp-login.php" "Serf/1.3.9 (mod_pagespeed/1.13.35.2-0)"
94.130.90.54 - - [21/Feb/2026:15:56:00 +0100] "GET /wp-includes/js/zxcvbn-async.min.js?ver=1.0 HTTP/1.1" 304 3377 "https://kleh.inglory.de/wp-login.php" "Serf/1.3.9 (mod_pagespeed/1.13.35.2-0)"
94.130.90.54 - - [21/Feb/2026:16:08:14 +0100] "GET /wp-includes/css/dashicons.min.css?ver=6.9.1 HTTP/1.1" 304 3378 "https://kleh.inglory.de/wp-login.php" "Serf/1.3.9 (mod_pagespeed/1.13.35.2-0)"
143.110.249.19 - - [21/Feb/2026:16:08:13 +0100] "POST /wp-login.php HTTP/1.0" 200 11109 "-" "Mozilla/5.0"
94.130.90.54 - - [21/Feb/2026:16:08:14 +0100] "GET /wp-includes/css/buttons.min.css?ver=6.9.1 HTTP/1.1" 304 3378 "https://kleh.inglory.de/wp-login.php" "Serf/1.3.9 (mod_pagespeed/1.13.35.2-0)"
94.130.90.54 - - [21/Feb/2026:16:08:14 +0100] "GET /wp-includes/js/dist/hooks.min.js?ver=dd5603f07f9220ed27f1 HTTP/1.1" 304 3378 "https://kleh.inglory.de/wp-login.php" "Serf/1.3.9 (mod_pagespeed/1.13.35.2-0)"
94.130.90.54 - - [21/Feb/2026:16:08:14 +0100] "GET /wp-includes/js/dist/i18n.min.js?ver=c26c3dc7bed366793375 HTTP/1.1" 304 3378 "https://kleh.inglory.de/wp-login.php" "Serf/1.3.9 (mod_pagespeed/1.13.35.2-0)"
94.130.90.54 - - [21/Feb/2026:16:08:14 +0100] "GET /wp-includes/js/wp-util.min.js?ver=6.9.1 HTTP/1.1" 304 3377 "https://kleh.inglory.de/wp-login.php" "Serf/1.3.9 (mod_pagespeed/1.13.35.2-0)"
94.130.90.54 - - [21/Feb/2026:16:08:14 +0100] "GET /wp-includes/js/dist/dom-ready.min.js?ver=f77871ff7694fffea381 HTTP/1.1" 304 3377 "https://kleh.inglory.de/wp-login.php" "Serf/1.3.9 (mod_pagespeed/1.13.35.2-0)"
94.130.90.54 - - [21/Feb/2026:16:08:14 +0100] "GET /wp-includes/js/dist/a11y.min.js?ver=cb460b4676c94bd228ed HTTP/1.1" 304 3377 "https://kleh.inglory.de/wp-login.php" "Serf/1.3.9 (mod_pagespeed/1.13.35.2-0)"
94.130.90.54 - - [21/Feb/2026:16:08:14 +0100] "GET /wp-content/uploads/cropped-favicon-32x32.png HTTP/1.1" 304 3377 "https://kleh.inglory.de/wp-login.php" "Serf/1.3.9 (mod_pagespeed/1.13.35.2-0)"
94.130.90.54 - - [21/Feb/2026:16:08:14 +0100] "GET /wp-content/uploads/cropped-favicon-192x192.png HTTP/1.1" 304 3378 "https://kleh.inglory.de/wp-login.php" "Serf/1.3.9 (mod_pagespeed/1.13.35.2-0)"
94.130.90.54 - - [21/Feb/2026:16:08:14 +0100] "GET /wp-content/uploads/cropped-favicon-180x180.png HTTP/1.1" 304 3378 "https://kleh.inglory.de/wp-login.php" "Serf/1.3.9 (mod_pagespeed/1.13.35.2-0)"
94.130.90.54 - - [21/Feb/2026:16:08:14 +0100] "GET /wp-includes/js/clipboard.min.js?ver=2.0.11 HTTP/1.1" 304 3378 "https://kleh.inglory.de/wp-login.php" "Serf/1.3.9 (mod_pagespeed/1.13.35.2-0)"
94.130.90.54 - - [21/Feb/2026:16:08:14 +0100] "GET /wp-includes/js/jquery/jquery.min.js?ver=3.7.1 HTTP/1.1" 304 3379 "https://kleh.inglory.de/wp-login.php" "Serf/1.3.9 (mod_pagespeed/1.13.35.2-0)"
94.130.90.54 - - [21/Feb/2026:16:08:14 +0100] "GET /wp-includes/js/jquery/jquery-migrate.min.js?ver=3.4.1 HTTP/1.1" 304 3378 "https://kleh.inglory.de/wp-login.php" "Serf/1.3.9 (mod_pagespeed/1.13.35.2-0)"
94.130.90.54 - - [21/Feb/2026:16:08:14 +0100] "GET /wp-includes/js/underscore.min.js?ver=1.13.7 HTTP/1.1" 304 3378 "https://kleh.inglory.de/wp-login.php" "Serf/1.3.9 (mod_pagespeed/1.13.35.2-0)"
94.130.90.54 - - [21/Feb/2026:16:08:14 +0100] "GET /wp-includes/js/zxcvbn-async.min.js?ver=1.0 HTTP/1.1" 304 3377 "https://kleh.inglory.de/wp-login.php" "Serf/1.3.9 (mod_pagespeed/1.13.35.2-0)"
94.130.90.54 - - [21/Feb/2026:16:20:28 +0100] "GET /wp-includes/css/dashicons.min.css?ver=6.9.1 HTTP/1.1" 304 3378 "https://kleh.inglory.de/wp-login.php" "Serf/1.3.9 (mod_pagespeed/1.13.35.2-0)"
143.110.249.19 - - [21/Feb/2026:16:20:28 +0100] "POST /wp-login.php HTTP/1.0" 200 11078 "-" "Mozilla/5.0"
94.130.90.54 - - [21/Feb/2026:16:20:28 +0100] "GET /wp-includes/css/buttons.min.css?ver=6.9.1 HTTP/1.1" 304 3378 "https://kleh.inglory.de/wp-login.php" "Serf/1.3.9 (mod_pagespeed/1.13.35.2-0)"
94.130.90.54 - - [21/Feb/2026:16:20:28 +0100] "GET /wp-includes/js/dist/hooks.min.js?ver=dd5603f07f9220ed27f1 HTTP/1.1" 304 3378 "https://kleh.inglory.de/wp-login.php" "Serf/1.3.9 (mod_pagespeed/1.13.35.2-0)"
94.130.90.54 - - [21/Feb/2026:16:20:28 +0100] "GET /wp-includes/js/dist/i18n.min.js?ver=c26c3dc7bed366793375 HTTP/1.1" 304 3378 "https://kleh.inglory.de/wp-login.php" "Serf/1.3.9 (mod_pagespeed/1.13.35.2-0)"
94.130.90.54 - - [21/Feb/2026:16:20:28 +0100] "GET /wp-includes/js/wp-util.min.js?ver=6.9.1 HTTP/1.1" 304 3377 "https://kleh.inglory.de/wp-login.php" "Serf/1.3.9 (mod_pagespeed/1.13.35.2-0)"
94.130.90.54 - - [21/Feb/2026:16:20:28 +0100] "GET /wp-includes/js/dist/dom-ready.min.js?ver=f77871ff7694fffea381 HTTP/1.1" 304 3377 "https://kleh.inglory.de/wp-login.php" "Serf/1.3.9 (mod_pagespeed/1.13.35.2-0)"
94.130.90.54 - - [21/Feb/2026:16:20:28 +0100] "GET /wp-includes/js/dist/a11y.min.js?ver=cb460b4676c94bd228ed HTTP/1.1" 304 3377 "https://kleh.inglory.de/wp-login.php" "Serf/1.3.9 (mod_pagespeed/1.13.35.2-0)"
94.130.90.54 - - [21/Feb/2026:16:20:28 +0100] "GET /wp-content/uploads/cropped-favicon-32x32.png HTTP/1.1" 304 3377 "https://kleh.inglory.de/wp-login.php" "Serf/1.3.9 (mod_pagespeed/1.13.35.2-0)"
94.130.90.54 - - [21/Feb/2026:16:20:28 +0100] "GET /wp-content/uploads/cropped-favicon-192x192.png HTTP/1.1" 304 3378 "https://kleh.inglory.de/wp-login.php" "Serf/1.3.9 (mod_pagespeed/1.13.35.2-0)"
94.130.90.54 - - [21/Feb/2026:16:20:28 +0100] "GET /wp-content/uploads/cropped-favicon-180x180.png HTTP/1.1" 304 3378 "https://kleh.inglory.de/wp-login.php" "Serf/1.3.9 (mod_pagespeed/1.13.35.2-0)"
94.130.90.54 - - [21/Feb/2026:16:20:28 +0100] "GET /wp-includes/js/clipboard.min.js?ver=2.0.11 HTTP/1.1" 304 3378 "https://kleh.inglory.de/wp-login.php" "Serf/1.3.9 (mod_pagespeed/1.13.35.2-0)"
94.130.90.54 - - [21/Feb/2026:16:20:28 +0100] "GET /wp-includes/js/jquery/jquery.min.js?ver=3.7.1 HTTP/1.1" 304 3379 "https://kleh.inglory.de/wp-login.php" "Serf/1.3.9 (mod_pagespeed/1.13.35.2-0)"
94.130.90.54 - - [21/Feb/2026:16:20:28 +0100] "GET /wp-includes/js/jquery/jquery-migrate.min.js?ver=3.4.1 HTTP/1.1" 304 3378 "https://kleh.inglory.de/wp-login.php" "Serf/1.3.9 (mod_pagespeed/1.13.35.2-0)"
94.130.90.54 - - [21/Feb/2026:16:20:28 +0100] "GET /wp-includes/js/underscore.min.js?ver=1.13.7 HTTP/1.1" 304 3378 "https://kleh.inglory.de/wp-login.php" "Serf/1.3.9 (mod_pagespeed/1.13.35.2-0)"
94.130.90.54 - - [21/Feb/2026:16:20:28 +0100] "GET /wp-includes/js/zxcvbn-async.min.js?ver=1.0 HTTP/1.1" 304 3377 "https://kleh.inglory.de/wp-login.php" "Serf/1.3.9 (mod_pagespeed/1.13.35.2-0)"
74.7.244.54 - - [21/Feb/2026:16:26:08 +0100] "GET /robots.txt HTTP/1.0" 200 4169 "-" "Mozilla/5.0 (Macintosh; Intel Mac OS X 10_15_7) AppleWebKit/537.36 (KHTML, like Gecko) Chrome/131.0.0.0 Safari/537.36; compatible; OAI-SearchBot/1.3; robots.txt; +https://openai.com/searchbot"
74.7.227.146 - - [21/Feb/2026:16:26:08 +0100] "GET /wp-sitemap.xml HTTP/1.0" 200 4221 "-" "Mozilla/5.0 AppleWebKit/537.36 (KHTML, like Gecko; compatible; GPTBot/1.3; +https://openai.com/gptbot)"
94.130.90.54 - - [21/Feb/2026:16:33:04 +0100] "POST /wp-cron.php?doing_wp_cron=1771687984.5795090198516845703125 HTTP/1.0" 200 4025 "-" "WordPress/6.9.1; https://kleh.inglory.de"
94.130.90.54 - - [21/Feb/2026:16:33:04 +0100] "GET /wp-includes/css/dashicons.min.css?ver=6.9.1 HTTP/1.1" 304 3378 "https://kleh.inglory.de/wp-login.php" "Serf/1.3.9 (mod_pagespeed/1.13.35.2-0)"
94.130.90.54 - - [21/Feb/2026:16:33:04 +0100] "GET /wp-includes/css/buttons.min.css?ver=6.9.1 HTTP/1.1" 304 3378 "https://kleh.inglory.de/wp-login.php" "Serf/1.3.9 (mod_pagespeed/1.13.35.2-0)"
143.110.249.19 - - [21/Feb/2026:16:33:03 +0100] "POST /wp-login.php HTTP/1.0" 200 11109 "-" "Mozilla/5.0"
94.130.90.54 - - [21/Feb/2026:16:33:04 +0100] "GET /wp-includes/js/dist/hooks.min.js?ver=dd5603f07f9220ed27f1 HTTP/1.1" 304 3378 "https://kleh.inglory.de/wp-login.php" "Serf/1.3.9 (mod_pagespeed/1.13.35.2-0)"
94.130.90.54 - - [21/Feb/2026:16:33:04 +0100] "GET /wp-includes/js/dist/i18n.min.js?ver=c26c3dc7bed366793375 HTTP/1.1" 304 3378 "https://kleh.inglory.de/wp-login.php" "Serf/1.3.9 (mod_pagespeed/1.13.35.2-0)"
94.130.90.54 - - [21/Feb/2026:16:33:04 +0100] "GET /wp-includes/js/wp-util.min.js?ver=6.9.1 HTTP/1.1" 304 3377 "https://kleh.inglory.de/wp-login.php" "Serf/1.3.9 (mod_pagespeed/1.13.35.2-0)"
94.130.90.54 - - [21/Feb/2026:16:33:04 +0100] "GET /wp-includes/js/dist/dom-ready.min.js?ver=f77871ff7694fffea381 HTTP/1.1" 304 3377 "https://kleh.inglory.de/wp-login.php" "Serf/1.3.9 (mod_pagespeed/1.13.35.2-0)"
94.130.90.54 - - [21/Feb/2026:16:33:04 +0100] "GET /wp-includes/js/dist/a11y.min.js?ver=cb460b4676c94bd228ed HTTP/1.1" 304 3377 "https://kleh.inglory.de/wp-login.php" "Serf/1.3.9 (mod_pagespeed/1.13.35.2-0)"
94.130.90.54 - - [21/Feb/2026:16:33:04 +0100] "GET /wp-content/uploads/cropped-favicon-32x32.png HTTP/1.1" 304 3377 "https://kleh.inglory.de/wp-login.php" "Serf/1.3.9 (mod_pagespeed/1.13.35.2-0)"
