File: /var/www/vhosts/inglory.de/logs/jockersstaging.inglory.de/access_ssl_log
94.130.90.54 - - [13/Mar/2026:08:12:37 +0100] "POST /wp-cron.php?doing_wp_cron=1773385957.8209640979766845703125 HTTP/1.0" 200 4084 "-" "WordPress/6.9.4; https://jockersstaging.inglory.de"
185.137.164.20 - - [13/Mar/2026:08:12:34 +0100] "GET /.git/HEAD HTTP/1.0" 404 130712 "-" "Python-urllib/3.10"
94.130.90.54 - - [13/Mar/2026:10:21:29 +0100] "POST /wp-cron.php?doing_wp_cron=1773393689.4970130920410156250000 HTTP/1.0" 200 4084 "-" "WordPress/6.9.4; https://jockersstaging.inglory.de"
94.130.90.54 - - [13/Mar/2026:10:21:29 +0100] "GET /wp-content/plugins/loftloader-pro/assets/css/loftloader.min.css?ver=2022112801 HTTP/1.1" 200 75437 "https://jockersstaging.inglory.de/" "Serf/1.3.9 (mod_pagespeed/1.13.35.2-0)"
94.130.90.54 - - [13/Mar/2026:10:21:29 +0100] "GET /wp-content/plugins/piotnet-addons-for-elementor-pro/assets/css/minify/extension.min.css?ver=7.1.12 HTTP/1.1" 200 21946 "https://jockersstaging.inglory.de/" "Serf/1.3.9 (mod_pagespeed/1.13.35.2-0)"
94.130.90.54 - - [13/Mar/2026:10:21:29 +0100] "GET /wp-content/themes/hello-elementor/assets/css/reset.css?ver=3.4.6 HTTP/1.1" 200 9033 "https://jockersstaging.inglory.de/" "Serf/1.3.9 (mod_pagespeed/1.13.35.2-0)"
52.48.32.6 - - [13/Mar/2026:10:21:27 +0100] "GET / HTTP/1.0" 200 33649 "-" "Plesk screenshot bot https://support.plesk.com/hc/en-us/articles/10301006946066"
94.130.90.54 - - [13/Mar/2026:10:21:29 +0100] "GET /wp-content/themes/hello-elementor/assets/css/theme.css?ver=3.4.6 HTTP/1.1" 200 8674 "https://jockersstaging.inglory.de/" "Serf/1.3.9 (mod_pagespeed/1.13.35.2-0)"
94.130.90.54 - - [13/Mar/2026:10:21:29 +0100] "GET /wp-content/themes/hello-elementor/assets/css/header-footer.css?ver=3.4.6 HTTP/1.1" 200 10759 "https://jockersstaging.inglory.de/" "Serf/1.3.9 (mod_pagespeed/1.13.35.2-0)"
94.130.90.54 - - [13/Mar/2026:10:21:29 +0100] "GET /wp-content/uploads/elementor/css/custom-frontend.min.css?ver=1773306517 HTTP/1.1" 200 58527 "https://jockersstaging.inglory.de/" "Serf/1.3.9 (mod_pagespeed/1.13.35.2-0)"
94.130.90.54 - - [13/Mar/2026:10:21:29 +0100] "GET /wp-content/uploads/elementor/css/post-4.css?ver=1773306517 HTTP/1.1" 200 11781 "https://jockersstaging.inglory.de/" "Serf/1.3.9 (mod_pagespeed/1.13.35.2-0)"
94.130.90.54 - - [13/Mar/2026:10:21:29 +0100] "GET /wp-content/plugins/elementor/assets/lib/animations/styles/shake.min.css?ver=3.35.7 HTTP/1.1" 200 3729 "https://jockersstaging.inglory.de/" "Serf/1.3.9 (mod_pagespeed/1.13.35.2-0)"
94.130.90.54 - - [13/Mar/2026:10:21:29 +0100] "GET /wp-content/plugins/elementor/assets/css/widget-heading.min.css?ver=3.35.7 HTTP/1.1" 200 4106 "https://jockersstaging.inglory.de/" "Serf/1.3.9 (mod_pagespeed/1.13.35.2-0)"
94.130.90.54 - - [13/Mar/2026:10:21:29 +0100] "GET /wp-content/plugins/pro-elements/assets/css/modules/sticky.min.css?ver=3.33.2 HTTP/1.1" 200 3707 "https://jockersstaging.inglory.de/" "Serf/1.3.9 (mod_pagespeed/1.13.35.2-0)"
94.130.90.54 - - [13/Mar/2026:10:21:29 +0100] "GET /wp-content/plugins/elementor/assets/css/widget-menu-anchor.min.css?ver=3.35.7 HTTP/1.1" 200 3613 "https://jockersstaging.inglory.de/" "Serf/1.3.9 (mod_pagespeed/1.13.35.2-0)"
94.130.90.54 - - [13/Mar/2026:10:21:29 +0100] "GET /wp-content/uploads/elementor/css/custom-pro-widget-nav-menu.min.css?ver=1773306517 HTTP/1.1" 200 30933 "https://jockersstaging.inglory.de/" "Serf/1.3.9 (mod_pagespeed/1.13.35.2-0)"
94.130.90.54 - - [13/Mar/2026:10:21:29 +0100] "GET /wp-content/plugins/elementor/assets/lib/animations/styles/fadeIn.min.css?ver=3.35.7 HTTP/1.1" 200 3621 "https://jockersstaging.inglory.de/" "Serf/1.3.9 (mod_pagespeed/1.13.35.2-0)"
94.130.90.54 - - [13/Mar/2026:10:21:29 +0100] "GET /wp-content/plugins/elementor/assets/css/widget-image.min.css?ver=3.35.7 HTTP/1.1" 200 3759 "https://jockersstaging.inglory.de/" "Serf/1.3.9 (mod_pagespeed/1.13.35.2-0)"
94.130.90.54 - - [13/Mar/2026:10:21:29 +0100] "GET /wp-content/uploads/elementor/css/custom-widget-icon-list.min.css?ver=1773306517 HTTP/1.1" 200 13863 "https://jockersstaging.inglory.de/" "Serf/1.3.9 (mod_pagespeed/1.13.35.2-0)"
52.48.32.6 - - [13/Mar/2026:10:21:29 +0100] "GET /wp-content/themes/hello-elementor/assets/css/theme.css?ver=3.4.6 HTTP/1.0" 200 5477 "https://jockersstaging.inglory.de/" "Plesk screenshot bot https://support.plesk.com/hc/en-us/articles/10301006946066"
52.48.32.6 - - [13/Mar/2026:10:21:29 +0100] "GET /wp-content/plugins/pro-elements/assets/css/modules/sticky.min.css?ver=3.33.2 HTTP/1.0" 200 4318 "https://jockersstaging.inglory.de/" "Plesk screenshot bot https://support.plesk.com/hc/en-us/articles/10301006946066"
52.48.32.6 - - [13/Mar/2026:10:21:29 +0100] "GET /wp-content/plugins/elementor/assets/lib/animations/styles/shake.min.css?ver=3.35.7 HTTP/1.0" 200 4329 "https://jockersstaging.inglory.de/" "Plesk screenshot bot https://support.plesk.com/hc/en-us/articles/10301006946066"
52.48.32.6 - - [13/Mar/2026:10:21:29 +0100] "GET /wp-content/uploads/elementor/css/post-4.css?ver=1773306517 HTTP/1.0" 200 5543 "https://jockersstaging.inglory.de/" "Plesk screenshot bot https://support.plesk.com/hc/en-us/articles/10301006946066"
52.48.32.6 - - [13/Mar/2026:10:21:29 +0100] "GET /wp-content/themes/hello-elementor/assets/css/reset.css?ver=3.4.6 HTTP/1.0" 200 6020 "https://jockersstaging.inglory.de/" "Plesk screenshot bot https://support.plesk.com/hc/en-us/articles/10301006946066"
52.48.32.6 - - [13/Mar/2026:10:21:29 +0100] "GET /wp-content/themes/hello-elementor/assets/css/header-footer.css?ver=3.4.6 HTTP/1.0" 200 5620 "https://jockersstaging.inglory.de/" "Plesk screenshot bot https://support.plesk.com/hc/en-us/articles/10301006946066"
52.48.32.6 - - [13/Mar/2026:10:21:29 +0100] "GET /wp-content/plugins/elementor/assets/css/widget-heading.min.css?ver=3.35.7 HTTP/1.0" 200 4363 "https://jockersstaging.inglory.de/" "Plesk screenshot bot https://support.plesk.com/hc/en-us/articles/10301006946066"
52.48.32.6 - - [13/Mar/2026:10:21:29 +0100] "GET /wp-content/uploads/elementor/css/custom-frontend.min.css?ver=1773306517 HTTP/1.0" 200 11488 "https://jockersstaging.inglory.de/" "Plesk screenshot bot https://support.plesk.com/hc/en-us/articles/10301006946066"
52.48.32.6 - - [13/Mar/2026:10:21:29 +0100] "GET /wp-content/plugins/piotnet-addons-for-elementor-pro/assets/css/minify/A.extension.min.css,qver=7.1.12.pagespeed.cf.zOLfegdazd.css HTTP/1.0" 200 7806 "https://jockersstaging.inglory.de/" "Plesk screenshot bot https://support.plesk.com/hc/en-us/articles/10301006946066"
52.48.32.6 - - [13/Mar/2026:10:21:29 +0100] "GET /wp-content/plugins/loftloader-pro/assets/css/A.loftloader.min.css,qver=2022112801.pagespeed.cf.022XFbJey_.css HTTP/1.0" 200 76027 "https://jockersstaging.inglory.de/" "Plesk screenshot bot https://support.plesk.com/hc/en-us/articles/10301006946066"
94.130.90.54 - - [13/Mar/2026:10:21:29 +0100] "GET /wp-content/uploads/elementor/css/custom-apple-webkit.min.css?ver=1773306517 HTTP/1.1" 200 10290 "https://jockersstaging.inglory.de/" "Serf/1.3.9 (mod_pagespeed/1.13.35.2-0)"
94.130.90.54 - - [13/Mar/2026:10:21:29 +0100] "GET /wp-content/plugins/pro-elements/assets/css/modules/motion-fx.min.css?ver=3.33.2 HTTP/1.1" 200 4324 "https://jockersstaging.inglory.de/" "Serf/1.3.9 (mod_pagespeed/1.13.35.2-0)"
52.48.32.6 - - [13/Mar/2026:10:21:29 +0100] "GET /wp-content/plugins/mystickyelements-pro/css/font-awesome.min.css?ver=2.0.7 HTTP/1.0" 200 16081 "https://jockersstaging.inglory.de/" "Plesk screenshot bot https://support.plesk.com/hc/en-us/articles/10301006946066"
52.48.32.6 - - [13/Mar/2026:10:21:29 +0100] "GET /wp-content/plugins/elementor/assets/css/widget-menu-anchor.min.css?ver=3.35.7 HTTP/1.0" 200 4278 "https://jockersstaging.inglory.de/" "Plesk screenshot bot https://support.plesk.com/hc/en-us/articles/10301006946066"
52.48.32.6 - - [13/Mar/2026:10:21:29 +0100] "GET /wp-content/uploads/elementor/css/custom-pro-widget-nav-menu.min.css?ver=1773306517 HTTP/1.0" 200 7608 "https://jockersstaging.inglory.de/" "Plesk screenshot bot https://support.plesk.com/hc/en-us/articles/10301006946066"
52.48.32.6 - - [13/Mar/2026:10:21:29 +0100] "GET /wp-content/uploads/elementor/css/custom-apple-webkit.min.css?ver=1773306517 HTTP/1.0" 200 4750 "https://jockersstaging.inglory.de/" "Plesk screenshot bot https://support.plesk.com/hc/en-us/articles/10301006946066"
52.48.32.6 - - [13/Mar/2026:10:21:29 +0100] "GET /wp-content/plugins/pro-elements/assets/css/modules/motion-fx.min.css?ver=3.33.2 HTTP/1.0" 200 4510 "https://jockersstaging.inglory.de/" "Plesk screenshot bot https://support.plesk.com/hc/en-us/articles/10301006946066"
52.48.32.6 - - [13/Mar/2026:10:21:29 +0100] "GET /wp-content/plugins/elementor/assets/lib/animations/styles/fadeIn.min.css?ver=3.35.7 HTTP/1.0" 200 4279 "https://jockersstaging.inglory.de/" "Plesk screenshot bot https://support.plesk.com/hc/en-us/articles/10301006946066"
52.48.32.6 - - [13/Mar/2026:10:21:29 +0100] "GET /wp-content/plugins/elementor/assets/lib/animations/styles/e-animation-grow.min.css?ver=3.35.7 HTTP/1.0" 200 4207 "https://jockersstaging.inglory.de/" "Plesk screenshot bot https://support.plesk.com/hc/en-us/articles/10301006946066"
94.130.90.54 - - [13/Mar/2026:10:21:29 +0100] "GET /wp-content/plugins/elementor/assets/lib/animations/styles/fadeInUp.min.css?ver=3.35.7 HTTP/1.1" 200 3675 "https://jockersstaging.inglory.de/" "Serf/1.3.9 (mod_pagespeed/1.13.35.2-0)"
52.48.32.6 - - [13/Mar/2026:10:21:29 +0100] "GET /wp-content/plugins/elementor/assets/css/conditionals/e-swiper.min.css?ver=3.35.7 HTTP/1.0" 200 4890 "https://jockersstaging.inglory.de/" "Plesk screenshot bot https://support.plesk.com/hc/en-us/articles/10301006946066"
52.48.32.6 - - [13/Mar/2026:10:21:29 +0100] "GET /wp-content/plugins/elementor/assets/lib/swiper/v8/css/swiper.min.css?ver=8.4.5 HTTP/1.0" 200 8719 "https://jockersstaging.inglory.de/" "Plesk screenshot bot https://support.plesk.com/hc/en-us/articles/10301006946066"
94.130.90.54 - - [13/Mar/2026:10:21:29 +0100] "GET /wp-content/plugins/pro-elements/assets/css/conditionals/popup.min.css?ver=3.33.2 HTTP/1.1" 200 4541 "https://jockersstaging.inglory.de/" "Serf/1.3.9 (mod_pagespeed/1.13.35.2-0)"
52.48.32.6 - - [13/Mar/2026:10:21:29 +0100] "GET /wp-content/plugins/pro-elements/assets/css/widget-media-carousel.min.css?ver=3.33.2 HTTP/1.0" 200 4560 "https://jockersstaging.inglory.de/" "Plesk screenshot bot https://support.plesk.com/hc/en-us/articles/10301006946066"
52.48.32.6 - - [13/Mar/2026:10:21:29 +0100] "GET /wp-content/plugins/elementor/assets/lib/animations/styles/fadeInUp.min.css?ver=3.35.7 HTTP/1.0" 200 4319 "https://jockersstaging.inglory.de/" "Plesk screenshot bot https://support.plesk.com/hc/en-us/articles/10301006946066"
52.48.32.6 - - [13/Mar/2026:10:21:29 +0100] "GET /wp-content/uploads/elementor/css/custom-widget-icon-list.min.css?ver=1773306517 HTTP/1.0" 200 5229 "https://jockersstaging.inglory.de/" "Plesk screenshot bot https://support.plesk.com/hc/en-us/articles/10301006946066"
94.130.90.54 - - [13/Mar/2026:10:21:29 +0100] "GET /wp-content/plugins/elementor/assets/lib/eicons/css/elementor-icons.min.css?ver=5.47.0 HTTP/1.1" 200 25248 "https://jockersstaging.inglory.de/" "Serf/1.3.9 (mod_pagespeed/1.13.35.2-0)"
52.48.32.6 - - [13/Mar/2026:10:21:29 +0100] "GET /wp-content/plugins/pro-elements/assets/css/widget-carousel-module-base.min.css?ver=3.33.2 HTTP/1.0" 200 4763 "https://jockersstaging.inglory.de/" "Plesk screenshot bot https://support.plesk.com/hc/en-us/articles/10301006946066"
52.48.32.6 - - [13/Mar/2026:10:21:29 +0100] "GET /wp-content/plugins/elementor/assets/css/widget-image.min.css?ver=3.35.7 HTTP/1.0" 200 4337 "https://jockersstaging.inglory.de/" "Plesk screenshot bot https://support.plesk.com/hc/en-us/articles/10301006946066"
52.48.32.6 - - [13/Mar/2026:10:21:29 +0100] "GET /wp-content/uploads/elementor/css/post-63.css?ver=1773306518 HTTP/1.0" 200 8795 "https://jockersstaging.inglory.de/" "Plesk screenshot bot https://support.plesk.com/hc/en-us/articles/10301006946066"
52.48.32.6 - - [13/Mar/2026:10:21:29 +0100] "GET /wp-content/uploads/elementor/css/post-53.css?ver=1773306518 HTTP/1.0" 200 6234 "https://jockersstaging.inglory.de/" "Plesk screenshot bot https://support.plesk.com/hc/en-us/articles/10301006946066"
52.48.32.6 - - [13/Mar/2026:10:21:29 +0100] "GET /wp-content/uploads/elementor/css/post-54.css?ver=1773306518 HTTP/1.0" 200 6442 "https://jockersstaging.inglory.de/" "Plesk screenshot bot https://support.plesk.com/hc/en-us/articles/10301006946066"
52.48.32.6 - - [13/Mar/2026:10:21:29 +0100] "GET /wp-content/uploads/elementor/css/post-3128.css?ver=1773306518 HTTP/1.0" 200 5032 "https://jockersstaging.inglory.de/" "Plesk screenshot bot https://support.plesk.com/hc/en-us/articles/10301006946066"
52.48.32.6 - - [13/Mar/2026:10:21:29 +0100] "GET /wp-content/uploads/elementor/css/post-2896.css?ver=1773306518 HTTP/1.0" 200 5062 "https://jockersstaging.inglory.de/" "Plesk screenshot bot https://support.plesk.com/hc/en-us/articles/10301006946066"
94.130.90.54 - - [13/Mar/2026:10:21:29 +0100] "GET /wp-content/plugins/elementor/assets/lib/font-awesome/css/all.min.css?ver=3.35.7 HTTP/1.1" 200 63009 "https://jockersstaging.inglory.de/" "Serf/1.3.9 (mod_pagespeed/1.13.35.2-0)"
52.48.32.6 - - [13/Mar/2026:10:21:29 +0100] "GET /wp-content/uploads/elementor/css/post-275.css?ver=1773306518 HTTP/1.0" 200 6517 "https://jockersstaging.inglory.de/" "Plesk screenshot bot https://support.plesk.com/hc/en-us/articles/10301006946066"
52.48.32.6 - - [13/Mar/2026:10:21:29 +0100] "GET /wp-content/plugins/pro-elements/assets/css/conditionals/popup.min.css?ver=3.33.2 HTTP/1.0" 200 4623 "https://jockersstaging.inglory.de/" "Plesk screenshot bot https://support.plesk.com/hc/en-us/articles/10301006946066"
52.48.32.6 - - [13/Mar/2026:10:21:29 +0100] "GET /wp-content/cache/borlabs-cookie/borlabs-cookie_1_en.css?ver=2.2.66-16 HTTP/1.0" 200 10891 "https://jockersstaging.inglory.de/" "Plesk screenshot bot https://support.plesk.com/hc/en-us/articles/10301006946066"
52.48.32.6 - - [13/Mar/2026:10:21:29 +0100] "GET /wp-content/plugins/elementor/assets/lib/eicons/css/elementor-icons.min.css?ver=5.47.0 HTTP/1.0" 200 8572 "https://jockersstaging.inglory.de/" "Plesk screenshot bot https://support.plesk.com/hc/en-us/articles/10301006946066"
52.48.32.6 - - [13/Mar/2026:10:21:29 +0100] "GET /wp-content/plugins/elementor/assets/lib/animations/styles/slideInDown.min.css?ver=3.35.7 HTTP/1.0" 200 4211 "https://jockersstaging.inglory.de/" "Plesk screenshot bot https://support.plesk.com/hc/en-us/articles/10301006946066"
52.48.32.6 - - [13/Mar/2026:10:21:29 +0100] "GET /wp-content/plugins/elementor/assets/lib/font-awesome/css/all.min.css?ver=3.35.7 HTTP/1.0" 200 16938 "https://jockersstaging.inglory.de/" "Plesk screenshot bot https://support.plesk.com/hc/en-us/articles/10301006946066"
52.48.32.6 - - [13/Mar/2026:10:21:29 +0100] "GET /wp-content/plugins/elementor/assets/lib/font-awesome/css/v4-shims.min.css?ver=3.35.7 HTTP/1.0" 200 8365 "https://jockersstaging.inglory.de/" "Plesk screenshot bot https://support.plesk.com/hc/en-us/articles/10301006946066"
52.48.32.6 - - [13/Mar/2026:10:21:29 +0100] "GET /wp-content/plugins/elementor/assets/css/widget-social-icons.min.css?ver=3.35.7 HTTP/1.0" 200 5234 "https://jockersstaging.inglory.de/" "Plesk screenshot bot https://support.plesk.com/hc/en-us/articles/10301006946066"
94.130.90.54 - - [13/Mar/2026:10:21:29 +0100] "GET /wp-content/plugins/elementor/assets/lib/font-awesome/css/v4-shims.min.css?ver=3.35.7 HTTP/1.1" 200 30309 "https://jockersstaging.inglory.de/" "Serf/1.3.9 (mod_pagespeed/1.13.35.2-0)"
52.48.32.6 - - [13/Mar/2026:10:21:29 +0100] "GET /wp-content/plugins/mystickyelements-pro/intl-tel-input-src/build/css/intlTelInput.css?ver=2.0.7 HTTP/1.0" 200 7316 "https://jockersstaging.inglory.de/" "Plesk screenshot bot https://support.plesk.com/hc/en-us/articles/10301006946066"
94.130.90.54 - - [13/Mar/2026:10:21:29 +0100] "GET /wp-content/plugins/elementor/assets/css/conditionals/e-swiper.min.css?ver=3.35.7 HTTP/1.1" 200 9063 "https://jockersstaging.inglory.de/" "Serf/1.3.9 (mod_pagespeed/1.13.35.2-0)"
94.130.90.54 - - [13/Mar/2026:10:21:29 +0100] "GET /wp-content/plugins/pro-elements/assets/css/widget-media-carousel.min.css?ver=3.33.2 HTTP/1.1" 200 4887 "https://jockersstaging.inglory.de/" "Serf/1.3.9 (mod_pagespeed/1.13.35.2-0)"
52.48.32.6 - - [13/Mar/2026:10:21:29 +0100] "GET /wp-includes/js/jquery/jquery.min.js?ver=3.7.1 HTTP/1.0" 200 34586 "https://jockersstaging.inglory.de/" "Plesk screenshot bot https://support.plesk.com/hc/en-us/articles/10301006946066"
94.130.90.54 - - [13/Mar/2026:10:21:29 +0100] "GET /wp-content/plugins/pro-elements/assets/css/widget-carousel-module-base.min.css?ver=3.33.2 HTTP/1.1" 200 7421 "https://jockersstaging.inglory.de/" "Serf/1.3.9 (mod_pagespeed/1.13.35.2-0)"
52.48.32.6 - - [13/Mar/2026:10:21:29 +0100] "GET /wp-content/plugins/elementor/assets/lib/font-awesome/css/solid.min.css?ver=5.15.3 HTTP/1.0" 200 4399 "https://jockersstaging.inglory.de/" "Plesk screenshot bot https://support.plesk.com/hc/en-us/articles/10301006946066"
94.130.90.54 - - [13/Mar/2026:10:21:29 +0100] "GET /wp-content/uploads/elementor/css/post-53.css?ver=1773306518 HTTP/1.1" 200 28899 "https://jockersstaging.inglory.de/" "Serf/1.3.9 (mod_pagespeed/1.13.35.2-0)"
94.130.90.54 - - [13/Mar/2026:10:21:29 +0100] "GET /wp-content/uploads/elementor/css/post-54.css?ver=1773306518 HTTP/1.1" 200 40303 "https://jockersstaging.inglory.de/" "Serf/1.3.9 (mod_pagespeed/1.13.35.2-0)"
52.48.32.6 - - [13/Mar/2026:10:21:29 +0100] "GET /wp-content/plugins/mystickyelements-pro/css/mystickyelements-front.min.css?ver=2.0.7 HTTP/1.0" 200 18578 "https://jockersstaging.inglory.de/" "Plesk screenshot bot https://support.plesk.com/hc/en-us/articles/10301006946066"
94.130.90.54 - - [13/Mar/2026:10:21:29 +0100] "GET /wp-content/uploads/elementor/css/post-3128.css?ver=1773306518 HTTP/1.1" 200 9121 "https://jockersstaging.inglory.de/" "Serf/1.3.9 (mod_pagespeed/1.13.35.2-0)"
52.48.32.6 - - [13/Mar/2026:10:21:29 +0100] "GET /wp-content/plugins/elementor/assets/lib/font-awesome/css/brands.min.css?ver=5.15.3 HTTP/1.0" 200 4398 "https://jockersstaging.inglory.de/" "Plesk screenshot bot https://support.plesk.com/hc/en-us/articles/10301006946066"
52.48.32.6 - - [13/Mar/2026:10:21:29 +0100] "GET /wp-includes/js/jquery/jquery-migrate.min.js?ver=3.4.1 HTTP/1.0" 200 9022 "https://jockersstaging.inglory.de/" "Plesk screenshot bot https://support.plesk.com/hc/en-us/articles/10301006946066"
94.130.90.54 - - [13/Mar/2026:10:21:29 +0100] "GET /wp-content/uploads/elementor/css/post-275.css?ver=1773306518 HTTP/1.1" 200 45733 "https://jockersstaging.inglory.de/" "Serf/1.3.9 (mod_pagespeed/1.13.35.2-0)"
94.130.90.54 - - [13/Mar/2026:10:21:29 +0100] "GET /wp-content/cache/borlabs-cookie/borlabs-cookie_1_en.css?ver=2.2.66-16 HTTP/1.1" 200 45949 "https://jockersstaging.inglory.de/" "Serf/1.3.9 (mod_pagespeed/1.13.35.2-0)"
94.130.90.54 - - [13/Mar/2026:10:21:29 +0100] "GET /wp-content/plugins/elementor/assets/lib/font-awesome/css/fontawesome.min.css?ver=5.15.3 HTTP/1.1" 200 61736 "https://jockersstaging.inglory.de/" "Serf/1.3.9 (mod_pagespeed/1.13.35.2-0)"
52.48.32.6 - - [13/Mar/2026:10:21:29 +0100] "GET /wp-content/plugins/piotnet-addons-for-elementor-pro/assets/js/minify/extension.min.js?ver=7.1.12 HTTP/1.0" 200 27322 "https://jockersstaging.inglory.de/" "Plesk screenshot bot https://support.plesk.com/hc/en-us/articles/10301006946066"
52.48.32.6 - - [13/Mar/2026:10:21:29 +0100] "GET /wp-content/plugins/elementor/assets/lib/font-awesome/js/v4-shims.min.js?ver=3.35.7 HTTP/1.0" 200 8359 "https://jockersstaging.inglory.de/" "Plesk screenshot bot https://support.plesk.com/hc/en-us/articles/10301006946066"
52.48.32.6 - - [13/Mar/2026:10:21:29 +0100] "GET /wp-content/uploads/2023/02/svgexport-2-1.svg HTTP/1.0" 200 9351 "https://jockersstaging.inglory.de/" "Plesk screenshot bot https://support.plesk.com/hc/en-us/articles/10301006946066"
52.48.32.6 - - [13/Mar/2026:10:21:29 +0100] "GET /wp-content/uploads/2023/02/jockers-sauna-3erGruppe_003_large.jpg HTTP/1.0" 200 257391 "https://jockersstaging.inglory.de/" "Plesk screenshot bot https://support.plesk.com/hc/en-us/articles/10301006946066"
52.48.32.6 - - [13/Mar/2026:10:21:29 +0100] "GET /wp-content/uploads/2023/02/Frame.png HTTP/1.0" 200 5564 "https://jockersstaging.inglory.de/" "Plesk screenshot bot https://support.plesk.com/hc/en-us/articles/10301006946066"
94.130.90.54 - - [13/Mar/2026:10:21:29 +0100] "GET /wp-content/plugins/elementor/assets/lib/font-awesome/css/solid.min.css?ver=5.15.3 HTTP/1.1" 200 4215 "https://jockersstaging.inglory.de/" "Serf/1.3.9 (mod_pagespeed/1.13.35.2-0)"
52.48.32.6 - - [13/Mar/2026:10:21:29 +0100] "GET /wp-content/plugins/elementor/assets/lib/font-awesome/css/fontawesome.min.css?ver=5.15.3 HTTP/1.0" 200 16776 "https://jockersstaging.inglory.de/" "Plesk screenshot bot https://support.plesk.com/hc/en-us/articles/10301006946066"
94.130.90.54 - - [13/Mar/2026:10:21:29 +0100] "GET /wp-content/plugins/elementor/assets/lib/font-awesome/css/brands.min.css?ver=5.15.3 HTTP/1.1" 200 4221 "https://jockersstaging.inglory.de/" "Serf/1.3.9 (mod_pagespeed/1.13.35.2-0)"
94.130.90.54 - - [13/Mar/2026:10:21:29 +0100] "GET /wp-content/plugins/loftloader-pro/assets/js/loftloader.js?ver=2022112801 HTTP/1.1" 200 29598 "https://jockersstaging.inglory.de/" "Serf/1.3.9 (mod_pagespeed/1.13.35.2-0)"
94.130.90.54 - - [13/Mar/2026:10:21:29 +0100] "GET /wp-content/themes/hello-elementor/assets/js/hello-frontend.js?ver=3.4.6 HTTP/1.1" 200 5420 "https://jockersstaging.inglory.de/" "Serf/1.3.9 (mod_pagespeed/1.13.35.2-0)"
94.130.90.54 - - [13/Mar/2026:10:21:29 +0100] "GET /wp-content/plugins/elementor/assets/js/frontend-modules.min.js?ver=3.35.7 HTTP/1.1" 200 54182 "https://jockersstaging.inglory.de/" "Serf/1.3.9 (mod_pagespeed/1.13.35.2-0)"
94.130.90.54 - - [13/Mar/2026:10:21:29 +0100] "GET /wp-includes/js/jquery/ui/core.min.js?ver=1.13.3 HTTP/1.1" 200 25085 "https://jockersstaging.inglory.de/" "Serf/1.3.9 (mod_pagespeed/1.13.35.2-0)"
94.130.90.54 - - [13/Mar/2026:10:21:29 +0100] "GET /wp-content/plugins/pro-elements/assets/lib/sticky/jquery.sticky.min.js?ver=3.33.2 HTTP/1.1" 200 7311 "https://jockersstaging.inglory.de/" "Serf/1.3.9 (mod_pagespeed/1.13.35.2-0)"
94.130.90.54 - - [13/Mar/2026:10:21:29 +0100] "GET /wp-content/plugins/pro-elements/assets/lib/smartmenus/jquery.smartmenus.min.js?ver=1.2.1 HTTP/1.1" 200 27730 "https://jockersstaging.inglory.de/" "Serf/1.3.9 (mod_pagespeed/1.13.35.2-0)"
94.130.90.54 - - [13/Mar/2026:10:21:29 +0100] "GET /wp-content/plugins/mystickyelements-pro/intl-tel-input-src/build/js/intlTelInput.js?ver=2.0.7 HTTP/1.1" 200 94426 "https://jockersstaging.inglory.de/" "Serf/1.3.9 (mod_pagespeed/1.13.35.2-0)"
94.130.90.54 - - [13/Mar/2026:10:21:29 +0100] "GET /wp-content/plugins/mystickyelements-pro/js/jquery.cookie.js?ver=2.0.7 HTTP/1.1" 200 4992 "https://jockersstaging.inglory.de/" "Serf/1.3.9 (mod_pagespeed/1.13.35.2-0)"
94.130.90.54 - - [13/Mar/2026:10:21:29 +0100] "GET /wp-includes/js/dist/hooks.min.js?ver=dd5603f07f9220ed27f1 HTTP/1.1" 200 9252 "https://jockersstaging.inglory.de/" "Serf/1.3.9 (mod_pagespeed/1.13.35.2-0)"
94.130.90.54 - - [13/Mar/2026:10:21:29 +0100] "GET /wp-includes/js/dist/i18n.min.js?ver=c26c3dc7bed366793375 HTTP/1.1" 200 8905 "https://jockersstaging.inglory.de/" "Serf/1.3.9 (mod_pagespeed/1.13.35.2-0)"
94.130.90.54 - - [13/Mar/2026:10:21:29 +0100] "GET /wp-content/uploads/2023/02/cropped-favicon-1-32x32.png HTTP/1.1" 200 3950 "https://jockersstaging.inglory.de/" "Serf/1.3.9 (mod_pagespeed/1.13.35.2-0)"
94.130.90.54 - - [13/Mar/2026:10:21:29 +0100] "GET /wp-content/uploads/2023/02/cropped-favicon-1-192x192.png HTTP/1.1" 200 6007 "https://jockersstaging.inglory.de/" "Serf/1.3.9 (mod_pagespeed/1.13.35.2-0)"
94.130.90.54 - - [13/Mar/2026:10:21:29 +0100] "GET /wp-content/uploads/2023/02/Frame.png HTTP/1.1" 200 5049 "https://jockersstaging.inglory.de/" "Serf/1.3.9 (mod_pagespeed/1.13.35.2-0)"
94.130.90.54 - - [13/Mar/2026:10:21:29 +0100] "GET /wp-content/uploads/2023/02/jockers-sauna-3erGruppe_003_large.jpg HTTP/1.1" 200 256988 "https://jockersstaging.inglory.de/" "Serf/1.3.9 (mod_pagespeed/1.13.35.2-0)"
94.130.90.54 - - [13/Mar/2026:10:21:29 +0100] "GET /wp-content/uploads/2023/02/jockers-sauna-3erGruppe_003_large-300x200.jpg HTTP/1.1" 200 18415 "https://jockersstaging.inglory.de/" "Serf/1.3.9 (mod_pagespeed/1.13.35.2-0)"
94.130.90.54 - - [13/Mar/2026:10:21:29 +0100] "GET /wp-content/uploads/2023/02/jockers-sauna-3erGruppe_003_large-1024x683.jpg HTTP/1.1" 200 105541 "https://jockersstaging.inglory.de/" "Serf/1.3.9 (mod_pagespeed/1.13.35.2-0)"
94.130.90.54 - - [13/Mar/2026:10:21:29 +0100] "GET /wp-content/uploads/2023/02/jockers-sauna-3erGruppe_003_large-768x512.jpg HTTP/1.1" 200 67829 "https://jockersstaging.inglory.de/" "Serf/1.3.9 (mod_pagespeed/1.13.35.2-0)"
94.130.90.54 - - [13/Mar/2026:10:21:29 +0100] "GET /wp-content/uploads/2023/02/jockers-sauna-3erGruppe_003_large-1536x1024.jpg HTTP/1.1" 200 199105 "https://jockersstaging.inglory.de/" "Serf/1.3.9 (mod_pagespeed/1.13.35.2-0)"
94.130.90.54 - - [13/Mar/2026:10:21:29 +0100] "GET /wp-content/uploads/2023/02/jockers-sauna-AlteRebschule-04_large.jpg HTTP/1.1" 200 364433 "https://jockersstaging.inglory.de/" "Serf/1.3.9 (mod_pagespeed/1.13.35.2-0)"
52.48.32.6 - - [13/Mar/2026:10:21:29 +0100] "GET /wp-content/uploads/2023/02/svgexport-2.svg HTTP/1.0" 200 9351 "https://jockersstaging.inglory.de/" "Plesk screenshot bot https://support.plesk.com/hc/en-us/articles/10301006946066"
94.130.90.54 - - [13/Mar/2026:10:21:29 +0100] "GET /wp-content/uploads/2023/02/jockers-sauna-AlteRebschule-04_large-1024x683.jpg HTTP/1.1" 200 106034 "https://jockersstaging.inglory.de/" "Serf/1.3.9 (mod_pagespeed/1.13.35.2-0)"
94.130.90.54 - - [13/Mar/2026:10:21:29 +0100] "GET /wp-content/uploads/2023/02/jockers-sauna-AlteRebschule-04_large-768x512.jpg HTTP/1.1" 200 63497 "https://jockersstaging.inglory.de/" "Serf/1.3.9 (mod_pagespeed/1.13.35.2-0)"
94.130.90.54 - - [13/Mar/2026:10:21:29 +0100] "GET /wp-content/uploads/2023/02/jockers-sauna-AlteRebschule-04_large-1536x1024.jpg HTTP/1.1" 200 217961 "https://jockersstaging.inglory.de/" "Serf/1.3.9 (mod_pagespeed/1.13.35.2-0)"
94.130.90.54 - - [13/Mar/2026:10:21:29 +0100] "GET /wp-includes/js/jquery/jquery.min.js?ver=3.7.1 HTTP/1.1" 200 91291 "https://jockersstaging.inglory.de/" "Serf/1.3.9 (mod_pagespeed/1.13.35.2-0)"
52.48.32.6 - - [13/Mar/2026:10:21:29 +0100] "GET /wp-content/plugins/loftloader-pro/assets/js/jquery.waitformedias.min.js?ver=2022112801 HTTP/1.0" 200 5990 "https://jockersstaging.inglory.de/" "Plesk screenshot bot https://support.plesk.com/hc/en-us/articles/10301006946066"
94.130.90.54 - - [13/Mar/2026:10:21:29 +0100] "GET /wp-includes/js/jquery/jquery-migrate.min.js?ver=3.4.1 HTTP/1.1" 200 17169 "https://jockersstaging.inglory.de/" "Serf/1.3.9 (mod_pagespeed/1.13.35.2-0)"
94.130.90.54 - - [13/Mar/2026:10:21:29 +0100] "GET /wp-content/plugins/piotnet-addons-for-elementor-pro/assets/js/minify/extension.min.js?ver=7.1.12 HTTP/1.1" 200 107903 "https://jockersstaging.inglory.de/" "Serf/1.3.9 (mod_pagespeed/1.13.35.2-0)"
52.48.32.6 - - [13/Mar/2026:10:21:29 +0100] "GET /wp-content/plugins/loftloader-pro/assets/js/loftloader.js?ver=2022112801 HTTP/1.0" 200 10327 "https://jockersstaging.inglory.de/" "Plesk screenshot bot https://support.plesk.com/hc/en-us/articles/10301006946066"
94.130.90.54 - - [13/Mar/2026:10:21:29 +0100] "GET /wp-content/plugins/elementor/assets/lib/font-awesome/js/v4-shims.min.js?ver=3.35.7 HTTP/1.1" 200 18665 "https://jockersstaging.inglory.de/" "Serf/1.3.9 (mod_pagespeed/1.13.35.2-0)"
94.130.90.54 - - [13/Mar/2026:10:21:29 +0100] "GET /wp-content/plugins/loftloader-pro/assets/js/jquery.waitformedias.min.js?ver=2022112801 HTTP/1.1" 200 8068 "https://jockersstaging.inglory.de/" "Serf/1.3.9 (mod_pagespeed/1.13.35.2-0)"
52.48.32.6 - - [13/Mar/2026:10:21:29 +0100] "GET /wp-content/themes/hello-elementor/assets/js/hello-frontend.js?ver=3.4.6 HTTP/1.0" 200 4767 "https://jockersstaging.inglory.de/" "Plesk screenshot bot https://support.plesk.com/hc/en-us/articles/10301006946066"
52.48.32.6 - - [13/Mar/2026:10:21:29 +0100] "GET /wp-content/plugins/elementor/assets/js/frontend-modules.min.js?ver=3.35.7 HTTP/1.0" 200 20098 "https://jockersstaging.inglory.de/" "Plesk screenshot bot https://support.plesk.com/hc/en-us/articles/10301006946066"
52.48.32.6 - - [13/Mar/2026:10:21:29 +0100] "GET /wp-content/plugins/elementor/assets/js/webpack.runtime.min.js?ver=3.35.7 HTTP/1.0" 200 6646 "https://jockersstaging.inglory.de/" "Plesk screenshot bot https://support.plesk.com/hc/en-us/articles/10301006946066"
52.48.32.6 - - [13/Mar/2026:10:21:29 +0100] "GET /wp-content/plugins/mystickyelements-pro/intl-tel-input-src/build/js/intlTelInput.js?ver=2.0.7 HTTP/1.0" 200 25066 "https://jockersstaging.inglory.de/" "Plesk screenshot bot https://support.plesk.com/hc/en-us/articles/10301006946066"
52.48.32.6 - - [13/Mar/2026:10:21:29 +0100] "GET /wp-includes/js/jquery/ui/core.min.js?ver=1.13.3 HTTP/1.0" 200 11336 "https://jockersstaging.inglory.de/" "Plesk screenshot bot https://support.plesk.com/hc/en-us/articles/10301006946066"
52.48.32.6 - - [13/Mar/2026:10:21:29 +0100] "GET /wp-content/plugins/mystickyelements-pro/js/jquery.cookie.js?ver=2.0.7 HTTP/1.0" 200 5011 "https://jockersstaging.inglory.de/" "Plesk screenshot bot https://support.plesk.com/hc/en-us/articles/10301006946066"
52.48.32.6 - - [13/Mar/2026:10:21:29 +0100] "GET /wp-content/plugins/elementor/assets/js/frontend.min.js?ver=3.35.7 HTTP/1.0" 200 14512 "https://jockersstaging.inglory.de/" "Plesk screenshot bot https://support.plesk.com/hc/en-us/articles/10301006946066"
94.130.90.54 - - [13/Mar/2026:10:21:29 +0100] "GET /wp-content/plugins/mystickyelements-pro/js/mystickyelements-fronted.min.js?ver=2.0.7 HTTP/1.1" 200 32764 "https://jockersstaging.inglory.de/" "Serf/1.3.9 (mod_pagespeed/1.13.35.2-0)"
52.48.32.6 - - [13/Mar/2026:10:21:29 +0100] "GET /wp-content/plugins/pro-elements/assets/js/webpack-pro.runtime.min.js?ver=3.33.2 HTTP/1.0" 200 7008 "https://jockersstaging.inglory.de/" "Plesk screenshot bot https://support.plesk.com/hc/en-us/articles/10301006946066"
52.48.32.6 - - [13/Mar/2026:10:21:29 +0100] "GET /wp-includes/js/dist/i18n.min.js?ver=c26c3dc7bed366793375 HTTP/1.0" 200 6470 "https://jockersstaging.inglory.de/" "Plesk screenshot bot https://support.plesk.com/hc/en-us/articles/10301006946066"
52.48.32.6 - - [13/Mar/2026:10:21:29 +0100] "GET /wp-content/plugins/mystickyelements-pro/js/mystickyelements-fronted.min.js?ver=2.0.7 HTTP/1.0" 200 9309 "https://jockersstaging.inglory.de/" "Plesk screenshot bot https://support.plesk.com/hc/en-us/articles/10301006946066"
52.48.32.6 - - [13/Mar/2026:10:21:29 +0100] "GET /wp-content/plugins/pro-elements/assets/js/elements-handlers.min.js?ver=3.33.2 HTTP/1.0" 200 14745 "https://jockersstaging.inglory.de/" "Plesk screenshot bot https://support.plesk.com/hc/en-us/articles/10301006946066"
94.130.90.54 - - [13/Mar/2026:10:21:30 +0100] "GET /wp-content/plugins/borlabs-cookie/assets/javascript/borlabs-cookie.min.js?ver=2.2.66 HTTP/1.1" 200 28592 "https://jockersstaging.inglory.de/" "Serf/1.3.9 (mod_pagespeed/1.13.35.2-0)"
52.48.32.6 - - [13/Mar/2026:10:21:30 +0100] "GET /wp-content/uploads/2023/02/svgexport-1-1.svg HTTP/1.0" 200 4448 "https://jockersstaging.inglory.de/" "Plesk screenshot bot https://support.plesk.com/hc/en-us/articles/10301006946066"
52.48.32.6 - - [13/Mar/2026:10:21:30 +0100] "GET /wp-content/plugins/borlabs-cookie/assets/javascript/borlabs-cookie.min.js?ver=2.2.66 HTTP/1.0" 200 10761 "https://jockersstaging.inglory.de/" "Plesk screenshot bot https://support.plesk.com/hc/en-us/articles/10301006946066"
94.130.90.54 - - [13/Mar/2026:10:21:30 +0100] "GET /wp-content/plugins/pro-elements/assets/js/frontend.min.js?ver=3.33.2 HTTP/1.1" 200 27666 "https://jockersstaging.inglory.de/" "Serf/1.3.9 (mod_pagespeed/1.13.35.2-0)"
52.48.32.6 - - [13/Mar/2026:10:21:30 +0100] "GET /wp-content/plugins/pro-elements/assets/lib/sticky/jquery.sticky.min.js?ver=3.33.2 HTTP/1.0" 200 5761 "https://jockersstaging.inglory.de/" "Plesk screenshot bot https://support.plesk.com/hc/en-us/articles/10301006946066"
52.48.32.6 - - [13/Mar/2026:10:21:30 +0100] "GET /wp-content/plugins/pro-elements/assets/lib/smartmenus/jquery.smartmenus.min.js?ver=1.2.1 HTTP/1.0" 200 11297 "https://jockersstaging.inglory.de/" "Plesk screenshot bot https://support.plesk.com/hc/en-us/articles/10301006946066"
52.48.32.6 - - [13/Mar/2026:10:21:30 +0100] "GET /wp-includes/js/dist/hooks.min.js?ver=dd5603f07f9220ed27f1 HTTP/1.0" 200 6183 "https://jockersstaging.inglory.de/" "Plesk screenshot bot https://support.plesk.com/hc/en-us/articles/10301006946066"
52.48.32.6 - - [13/Mar/2026:10:21:30 +0100] "GET /wp-content/plugins/pro-elements/assets/js/frontend.min.js?ver=3.33.2 HTTP/1.0" 200 10655 "https://jockersstaging.inglory.de/" "Plesk screenshot bot https://support.plesk.com/hc/en-us/articles/10301006946066"
94.130.90.54 - - [13/Mar/2026:10:21:30 +0100] "GET /wp-content/plugins/pro-elements/assets/js/elements-handlers.min.js?ver=3.33.2 HTTP/1.1" 200 47906 "https://jockersstaging.inglory.de/" "Serf/1.3.9 (mod_pagespeed/1.13.35.2-0)"
52.48.32.6 - - [13/Mar/2026:10:21:30 +0100] "GET /wp-content/uploads/2023/02/Termina-Medium.ttf HTTP/1.0" 200 91442 "https://jockersstaging.inglory.de/wp-content/uploads/elementor/css/post-4.css?ver=1773306517" "Plesk screenshot bot https://support.plesk.com/hc/en-us/articles/10301006946066"
94.130.90.54 - - [13/Mar/2026:10:21:30 +0100] "GET /wp-content/plugins/elementor/assets/lib/animations/styles/e-animation-grow.min.css?ver=3.35.7 HTTP/1.1" 200 3743 "https://jockersstaging.inglory.de/" "Serf/1.3.9 (mod_pagespeed/1.13.35.2-0)"
52.48.32.6 - - [13/Mar/2026:10:21:30 +0100] "GET /wp-content/uploads/2023/02/Objektiv-Mk1-Regular.ttf HTTP/1.0" 200 139929 "https://jockersstaging.inglory.de/wp-content/uploads/elementor/css/post-4.css?ver=1773306517" "Plesk screenshot bot https://support.plesk.com/hc/en-us/articles/10301006946066"
52.48.32.6 - - [13/Mar/2026:10:21:30 +0100] "GET /wp-content/uploads/2023/02/jockers-sauna-Sauna_Haus-Wohlfart_001_large-1.jpg HTTP/1.0" 200 336975 "https://jockersstaging.inglory.de/wp-content/uploads/elementor/css/post-63.css?ver=1773306518" "Plesk screenshot bot https://support.plesk.com/hc/en-us/articles/10301006946066"
52.48.32.6 - - [13/Mar/2026:10:21:30 +0100] "GET /wp-content/plugins/elementor/assets/lib/font-awesome/webfonts/fa-solid-900.woff2 HTTP/1.0" 200 82350 "https://jockersstaging.inglory.de/wp-content/plugins/elementor/assets/lib/font-awesome/css/all.min.css?ver=3.35.7" "Plesk screenshot bot https://support.plesk.com/hc/en-us/articles/10301006946066"
94.130.90.54 - - [13/Mar/2026:10:21:30 +0100] "GET /wp-content/plugins/elementor/assets/css/widget-social-icons.min.css?ver=3.35.7 HTTP/1.1" 200 8687 "https://jockersstaging.inglory.de/" "Serf/1.3.9 (mod_pagespeed/1.13.35.2-0)"
52.48.32.6 - - [13/Mar/2026:10:21:30 +0100] "GET /wp-content/uploads/2023/02/IvyJournal-Regular.ttf HTTP/1.0" 200 81820 "https://jockersstaging.inglory.de/wp-content/uploads/elementor/css/post-63.css?ver=1773306518" "Plesk screenshot bot https://support.plesk.com/hc/en-us/articles/10301006946066"
52.48.32.6 - - [13/Mar/2026:10:21:30 +0100] "GET /wp-content/plugins/elementor/assets/lib/swiper/v8/swiper.min.js?ver=8.4.5 HTTP/1.0" 200 43935 "https://jockersstaging.inglory.de/" "Plesk screenshot bot https://support.plesk.com/hc/en-us/articles/10301006946066"
94.130.90.54 - - [13/Mar/2026:10:21:30 +0100] "GET /wp-content/plugins/elementor/assets/lib/animations/styles/slideInDown.min.css?ver=3.35.7 HTTP/1.1" 200 3698 "https://jockersstaging.inglory.de/" "Serf/1.3.9 (mod_pagespeed/1.13.35.2-0)"
94.130.90.54 - - [13/Mar/2026:10:21:30 +0100] "GET /wp-content/plugins/elementor/assets/lib/swiper/v8/css/swiper.min.css?ver=8.4.5 HTTP/1.1" 200 20078 "https://jockersstaging.inglory.de/" "Serf/1.3.9 (mod_pagespeed/1.13.35.2-0)"
94.130.90.54 - - [13/Mar/2026:10:21:30 +0100] "GET /wp-content/uploads/elementor/css/post-63.css?ver=1773306518 HTTP/1.1" 200 81618 "https://jockersstaging.inglory.de/" "Serf/1.3.9 (mod_pagespeed/1.13.35.2-0)"
94.130.90.54 - - [13/Mar/2026:10:21:30 +0100] "GET /wp-content/uploads/elementor/css/post-2896.css?ver=1773306518 HTTP/1.1" 200 8336 "https://jockersstaging.inglory.de/" "Serf/1.3.9 (mod_pagespeed/1.13.35.2-0)"
94.130.90.54 - - [13/Mar/2026:10:21:30 +0100] "GET /wp-content/plugins/mystickyelements-pro/css/font-awesome.min.css?ver=2.0.7 HTTP/1.1" 200 57910 "https://jockersstaging.inglory.de/" "Serf/1.3.9 (mod_pagespeed/1.13.35.2-0)"
94.130.90.54 - - [13/Mar/2026:10:21:30 +0100] "GET /wp-content/plugins/mystickyelements-pro/css/mystickyelements-front.min.css?ver=2.0.7 HTTP/1.1" 200 204863 "https://jockersstaging.inglory.de/" "Serf/1.3.9 (mod_pagespeed/1.13.35.2-0)"
52.48.32.6 - - [13/Mar/2026:10:21:30 +0100] "GET /wp-content/plugins/elementor/assets/lib/font-awesome/webfonts/fa-brands-400.woff2 HTTP/1.0" 200 85766 "https://jockersstaging.inglory.de/wp-content/plugins/elementor/assets/lib/font-awesome/css/all.min.css?ver=3.35.7" "Plesk screenshot bot https://support.plesk.com/hc/en-us/articles/10301006946066"
94.130.90.54 - - [13/Mar/2026:10:21:30 +0100] "GET /wp-content/plugins/mystickyelements-pro/intl-tel-input-src/build/css/intlTelInput.css?ver=2.0.7 HTTP/1.1" 200 29789 "https://jockersstaging.inglory.de/" "Serf/1.3.9 (mod_pagespeed/1.13.35.2-0)"
94.130.90.54 - - [13/Mar/2026:10:21:30 +0100] "GET /wp-content/uploads/2023/02/cropped-favicon-1-180x180.png HTTP/1.1" 200 5890 "https://jockersstaging.inglory.de/" "Serf/1.3.9 (mod_pagespeed/1.13.35.2-0)"
94.130.90.54 - - [13/Mar/2026:10:21:30 +0100] "GET /wp-content/uploads/2023/02/svgexport-2-1.svg HTTP/1.1" 200 8843 "https://jockersstaging.inglory.de/" "Serf/1.3.9 (mod_pagespeed/1.13.35.2-0)"
94.130.90.54 - - [13/Mar/2026:10:21:30 +0100] "GET /wp-content/uploads/2023/02/svgexport-2-1.svg HTTP/1.1" 200 8843 "https://jockersstaging.inglory.de/" "Serf/1.3.9 (mod_pagespeed/1.13.35.2-0)"
94.130.90.54 - - [13/Mar/2026:10:21:30 +0100] "GET /wp-content/uploads/2023/02/jockers-sauna-3erGruppe_003_large.jpg HTTP/1.1" 200 256988 "https://jockersstaging.inglory.de/" "Serf/1.3.9 (mod_pagespeed/1.13.35.2-0)"
94.130.90.54 - - [13/Mar/2026:10:21:30 +0100] "GET /wp-content/uploads/2023/02/jockers-sauna-AlteRebschule-04_large.jpg HTTP/1.1" 200 364433 "https://jockersstaging.inglory.de/" "Serf/1.3.9 (mod_pagespeed/1.13.35.2-0)"
94.130.90.54 - - [13/Mar/2026:10:21:30 +0100] "GET /wp-content/uploads/2023/02/jockers-sauna-AlteRebschule-04_large-300x200.jpg HTTP/1.1" 200 14139 "https://jockersstaging.inglory.de/" "Serf/1.3.9 (mod_pagespeed/1.13.35.2-0)"
94.130.90.54 - - [13/Mar/2026:10:21:30 +0100] "GET /wp-content/uploads/2023/02/svgexport-1-1.svg HTTP/1.1" 200 3933 "https://jockersstaging.inglory.de/" "Serf/1.3.9 (mod_pagespeed/1.13.35.2-0)"
94.130.90.54 - - [13/Mar/2026:10:21:30 +0100] "GET /wp-content/uploads/2023/02/svgexport-2.svg HTTP/1.1" 200 8843 "https://jockersstaging.inglory.de/" "Serf/1.3.9 (mod_pagespeed/1.13.35.2-0)"
94.130.90.54 - - [13/Mar/2026:10:21:30 +0100] "GET /wp-content/uploads/2023/02/svgexport-2-1.svg HTTP/1.1" 200 8843 "https://jockersstaging.inglory.de/" "Serf/1.3.9 (mod_pagespeed/1.13.35.2-0)"
52.48.32.6 - - [13/Mar/2026:10:21:30 +0100] "GET /wp-content/uploads/2023/02/jockers-sauna-AlteRebschule-04_large.jpg HTTP/1.0" 200 364880 "https://jockersstaging.inglory.de/" "Plesk screenshot bot https://support.plesk.com/hc/en-us/articles/10301006946066"
94.130.90.54 - - [13/Mar/2026:10:21:30 +0100] "GET /wp-content/plugins/elementor/assets/js/webpack.runtime.min.js?ver=3.35.7 HTTP/1.1" 200 9313 "https://jockersstaging.inglory.de/" "Serf/1.3.9 (mod_pagespeed/1.13.35.2-0)"
94.130.90.54 - - [13/Mar/2026:10:21:30 +0100] "GET /wp-content/plugins/elementor/assets/js/frontend.min.js?ver=3.35.7 HTTP/1.1" 200 35549 "https://jockersstaging.inglory.de/" "Serf/1.3.9 (mod_pagespeed/1.13.35.2-0)"
94.130.90.54 - - [13/Mar/2026:10:21:30 +0100] "GET /wp-content/plugins/elementor/assets/lib/swiper/v8/swiper.min.js?ver=8.4.5 HTTP/1.1" 200 147535 "https://jockersstaging.inglory.de/" "Serf/1.3.9 (mod_pagespeed/1.13.35.2-0)"
94.130.90.54 - - [13/Mar/2026:10:21:30 +0100] "GET /wp-content/plugins/pro-elements/assets/js/webpack-pro.runtime.min.js?ver=3.33.2 HTTP/1.1" 200 9837 "https://jockersstaging.inglory.de/" "Serf/1.3.9 (mod_pagespeed/1.13.35.2-0)"
94.130.90.54 - - [13/Mar/2026:10:21:30 +0100] "GET /wp-content/uploads/christmas.png HTTP/1.1" 200 684273 "https://jockersstaging.inglory.de/" "Serf/1.3.9 (mod_pagespeed/1.13.35.2-0)"
94.130.90.54 - - [13/Mar/2026:10:21:30 +0100] "GET /wp-content/plugins/mystickyelements-pro/intl-tel-input-src/build/img/flags.png HTTP/1.1" 200 74530 "https://jockersstaging.inglory.de/" "Serf/1.3.9 (mod_pagespeed/1.13.35.2-0)"
94.130.90.54 - - [13/Mar/2026:10:21:30 +0100] "GET /wp-content/plugins/mystickyelements-pro/intl-tel-input-src/build/img/flags@2x.png HTTP/1.1" 200 178217 "https://jockersstaging.inglory.de/" "Serf/1.3.9 (mod_pagespeed/1.13.35.2-0)"
52.48.32.6 - - [13/Mar/2026:10:21:30 +0100] "GET /wp-content/plugins/elementor/assets/lib/dialog/dialog.min.js?ver=4.9.3 HTTP/1.0" 200 7932 "https://jockersstaging.inglory.de/" "Plesk screenshot bot https://support.plesk.com/hc/en-us/articles/10301006946066"
52.48.32.6 - - [13/Mar/2026:10:21:30 +0100] "GET /wp-content/plugins/elementor/assets/lib/share-link/share-link.min.js?ver=3.35.7 HTTP/1.0" 200 5274 "https://jockersstaging.inglory.de/" "Plesk screenshot bot https://support.plesk.com/hc/en-us/articles/10301006946066"
52.48.32.6 - - [13/Mar/2026:10:21:30 +0100] "GET /wp-content/plugins/elementor/assets/js/lightbox.570c05c5a283cfb6b223.bundle.min.js HTTP/1.0" 200 13785 "https://jockersstaging.inglory.de/" "Plesk screenshot bot https://support.plesk.com/hc/en-us/articles/10301006946066"
52.48.32.6 - - [13/Mar/2026:10:21:30 +0100] "GET /wp-content/plugins/elementor/assets/css/conditionals/dialog.min.css?ver=3.35.7 HTTP/1.0" 200 5670 "https://jockersstaging.inglory.de/" "Plesk screenshot bot https://support.plesk.com/hc/en-us/articles/10301006946066"
52.48.32.6 - - [13/Mar/2026:10:21:30 +0100] "GET /wp-content/uploads/elementor/css/custom-lightbox.min.css?ver=3.35.7 HTTP/1.0" 200 6099 "https://jockersstaging.inglory.de/" "Plesk screenshot bot https://support.plesk.com/hc/en-us/articles/10301006946066"
52.48.32.6 - - [13/Mar/2026:10:21:30 +0100] "GET /wp-content/plugins/elementor/assets/js/397f2d183c19202777d6.bundle.min.js HTTP/1.0" 200 12957 "https://jockersstaging.inglory.de/" "Plesk screenshot bot https://support.plesk.com/hc/en-us/articles/10301006946066"
52.48.32.6 - - [13/Mar/2026:10:21:30 +0100] "GET /wp-content/plugins/elementor/assets/js/shared-frontend-handlers.03caa53373b56d3bab67.bundle.min.js HTTP/1.0" 200 6794 "https://jockersstaging.inglory.de/" "Plesk screenshot bot https://support.plesk.com/hc/en-us/articles/10301006946066"
52.48.32.6 - - [13/Mar/2026:10:21:30 +0100] "GET /wp-content/plugins/elementor/assets/js/text-editor.45609661e409413f1cef.bundle.min.js HTTP/1.0" 200 4752 "https://jockersstaging.inglory.de/" "Plesk screenshot bot https://support.plesk.com/hc/en-us/articles/10301006946066"
52.48.32.6 - - [13/Mar/2026:10:21:30 +0100] "GET /wp-content/plugins/pro-elements/assets/js/nav-menu.8521a0597c50611efdc6.bundle.min.js HTTP/1.0" 200 6022 "https://jockersstaging.inglory.de/" "Plesk screenshot bot https://support.plesk.com/hc/en-us/articles/10301006946066"
52.48.32.6 - - [13/Mar/2026:10:21:30 +0100] "GET /wp-content/plugins/pro-elements/assets/js/media-carousel.8d26e5df1a1527329fde.bundle.min.js HTTP/1.0" 200 6227 "https://jockersstaging.inglory.de/" "Plesk screenshot bot https://support.plesk.com/hc/en-us/articles/10301006946066"
52.48.32.6 - - [13/Mar/2026:10:21:30 +0100] "GET /wp-content/uploads/Kirrweiler_001.jpeg HTTP/1.0" 200 144357 "https://jockersstaging.inglory.de/" "Plesk screenshot bot https://support.plesk.com/hc/en-us/articles/10301006946066"
52.48.32.6 - - [13/Mar/2026:10:21:30 +0100] "GET /wp-content/uploads/Bellheim-Wuenschel_003.jpeg HTTP/1.0" 200 204546 "https://jockersstaging.inglory.de/" "Plesk screenshot bot https://support.plesk.com/hc/en-us/articles/10301006946066"
52.48.32.6 - - [13/Mar/2026:10:21:30 +0100] "GET /wp-content/uploads/Projekt-Ritter_002-scaled.jpeg HTTP/1.0" 200 99077 "https://jockersstaging.inglory.de/" "Plesk screenshot bot https://support.plesk.com/hc/en-us/articles/10301006946066"
52.48.32.6 - - [13/Mar/2026:10:21:30 +0100] "GET /wp-content/uploads/2023/02/jockers-sauna-innensauna-galerie4_large.jpg HTTP/1.0" 200 140164 "https://jockersstaging.inglory.de/" "Plesk screenshot bot https://support.plesk.com/hc/en-us/articles/10301006946066"
52.48.32.6 - - [13/Mar/2026:10:21:30 +0100] "GET /wp-content/uploads/Limburgerhof-01.jpeg HTTP/1.0" 200 141286 "https://jockersstaging.inglory.de/" "Plesk screenshot bot https://support.plesk.com/hc/en-us/articles/10301006946066"
52.48.32.6 - - [13/Mar/2026:10:21:30 +0100] "GET /wp-content/uploads/2023/02/jockers-sauna-innensauna-galerie5_large.jpg HTTP/1.0" 200 206696 "https://jockersstaging.inglory.de/" "Plesk screenshot bot https://support.plesk.com/hc/en-us/articles/10301006946066"
52.48.32.6 - - [13/Mar/2026:10:21:30 +0100] "GET /wp-content/uploads/Maikammer_006-scaled.jpeg HTTP/1.0" 200 133956 "https://jockersstaging.inglory.de/" "Plesk screenshot bot https://support.plesk.com/hc/en-us/articles/10301006946066"
52.48.32.6 - - [13/Mar/2026:10:21:30 +0100] "GET /wp-includes/js/wp-emoji-release.min.js?ver=6.9.4 HTTP/1.0" 200 9525 "https://jockersstaging.inglory.de/" "Plesk screenshot bot https://support.plesk.com/hc/en-us/articles/10301006946066"
52.48.32.6 - - [13/Mar/2026:10:21:30 +0100] "GET /wp-content/uploads/Anslinger_Deidesheim_002-Bearbeitet-scaled.jpeg HTTP/1.0" 200 262509 "https://jockersstaging.inglory.de/" "Plesk screenshot bot https://support.plesk.com/hc/en-us/articles/10301006946066"
52.48.32.6 - - [13/Mar/2026:10:21:30 +0100] "GET /wp-content/uploads/2023/02/cropped-favicon-1-32x32.png HTTP/1.0" 200 4551 "https://jockersstaging.inglory.de/" "Plesk screenshot bot https://support.plesk.com/hc/en-us/articles/10301006946066"