91.10.111.70 - - [12/Jan/2026:17:31:12 +0100] "GET /wp-json/elementor/v1/checklist/user-progress HTTP/1.0" 200 5011 "https://jockers3.inglory.de/wp-admin/post.php?post=18&action=elementor" "Mozilla/5.0 (Macintosh; Intel Mac OS X 10_15_7) AppleWebKit/537.36 (KHTML, like Gecko) Chrome/143.0.0.0 Safari/537.36"
91.10.111.70 - - [12/Jan/2026:17:31:12 +0100] "POST /wp-admin/admin-ajax.php HTTP/1.0" 200 4405 "https://jockers3.inglory.de/wp-admin/post.php?post=18&action=elementor" "Mozilla/5.0 (Macintosh; Intel Mac OS X 10_15_7) AppleWebKit/537.36 (KHTML, like Gecko) Chrome/143.0.0.0 Safari/537.36"
91.10.111.70 - - [12/Jan/2026:17:31:12 +0100] "POST /wp-admin/admin-ajax.php HTTP/1.0" 200 5381 "https://jockers3.inglory.de/wp-admin/post.php?post=18&action=elementor" "Mozilla/5.0 (Macintosh; Intel Mac OS X 10_15_7) AppleWebKit/537.36 (KHTML, like Gecko) Chrome/143.0.0.0 Safari/537.36"
91.10.111.70 - - [12/Jan/2026:17:31:14 +0100] "GET /wp-json/elementor/v1/checklist/user-progress HTTP/1.0" 200 5011 "https://jockers3.inglory.de/wp-admin/post.php?post=18&action=elementor" "Mozilla/5.0 (Macintosh; Intel Mac OS X 10_15_7) AppleWebKit/537.36 (KHTML, like Gecko) Chrome/143.0.0.0 Safari/537.36"
94.130.90.54 - - [12/Jan/2026:17:31:14 +0100] "GET /wp-content/uploads/img-3-1.jpg HTTP/1.1" 200 92584 "https://jockers3.inglory.de/?preview_id=18&preview_nonce=6389c009dc&preview=true" "Serf/1.3.9 (mod_pagespeed/1.13.35.2-0)"
91.10.111.70 - - [12/Jan/2026:17:31:13 +0100] "GET /?preview_id=18&preview_nonce=6389c009dc&preview=true HTTP/1.0" 200 12544 "https://jockers3.inglory.de/?preview_id=18&preview_nonce=6389c009dc&preview=true" "Mozilla/5.0 (Macintosh; Intel Mac OS X 10_15_7) AppleWebKit/537.36 (KHTML, like Gecko) Chrome/143.0.0.0 Safari/537.36"
94.130.90.54 - - [12/Jan/2026:17:31:16 +0100] "POST /wp-cron.php?doing_wp_cron=1768235476.3512930870056152343750 HTTP/1.0" 200 4074 "-" "vsuJLEdJ6WCX"
94.130.90.54 - - [12/Jan/2026:17:31:16 +0100] "GET /wp-content/uploads/elementor/css/post-18.css?ver=1768235476 HTTP/1.1" 200 129280 "https://jockers3.inglory.de/?preview_id=18&preview_nonce=6389c009dc&preview=true" "Serf/1.3.9 (mod_pagespeed/1.13.35.2-0)"
91.10.111.70 - - [12/Jan/2026:17:31:14 +0100] "GET /?preview_id=18&preview_nonce=6389c009dc&preview=true HTTP/1.0" 200 44271 "https://jockers3.inglory.de/wp-admin/post.php?post=18&action=elementor" "Mozilla/5.0 (Macintosh; Intel Mac OS X 10_15_7) AppleWebKit/537.36 (KHTML, like Gecko) Chrome/143.0.0.0 Safari/537.36"
91.10.111.70 - - [12/Jan/2026:17:31:16 +0100] "GET /wp-content/uploads/elementor/css/post-7.css,qver=1768233928.pagespeed.ce.xxTOX6R0Yx.css HTTP/1.0" 200 5195 "https://jockers3.inglory.de/?preview_id=18&preview_nonce=6389c009dc&preview=true" "Mozilla/5.0 (Macintosh; Intel Mac OS X 10_15_7) AppleWebKit/537.36 (KHTML, like Gecko) Chrome/143.0.0.0 Safari/537.36"
91.10.111.70 - - [12/Jan/2026:17:31:16 +0100] "GET /wp-content/plugins/elementor/assets/lib/eicons/css/elementor-icons.min.css,qver=5.45.0.pagespeed.ce.lNcxwvE2hk.css HTTP/1.0" 200 8574 "https://jockers3.inglory.de/?preview_id=18&preview_nonce=6389c009dc&preview=true" "Mozilla/5.0 (Macintosh; Intel Mac OS X 10_15_7) AppleWebKit/537.36 (KHTML, like Gecko) Chrome/143.0.0.0 Safari/537.36"
91.10.111.70 - - [12/Jan/2026:17:31:16 +0100] "GET /wp-content/uploads/elementor/css/post-18.css?ver=1768235476 HTTP/1.0" 200 12011 "https://jockers3.inglory.de/?preview_id=18&preview_nonce=6389c009dc&preview=true" "Mozilla/5.0 (Macintosh; Intel Mac OS X 10_15_7) AppleWebKit/537.36 (KHTML, like Gecko) Chrome/143.0.0.0 Safari/537.36"
91.10.111.70 - - [12/Jan/2026:17:31:16 +0100] "GET /wp-content/uploads/elementor/css/post-136.css,qver=1768233930.pagespeed.ce.0k8rfG9GUC.css HTTP/1.0" 200 5625 "https://jockers3.inglory.de/?preview_id=18&preview_nonce=6389c009dc&preview=true" "Mozilla/5.0 (Macintosh; Intel Mac OS X 10_15_7) AppleWebKit/537.36 (KHTML, like Gecko) Chrome/143.0.0.0 Safari/537.36"
91.10.111.70 - - [12/Jan/2026:17:31:16 +0100] "GET /wp-content/uploads/elementor/css/post-133.css,qver=1768233930.pagespeed.ce.UJijGls50D.css HTTP/1.0" 200 7240 "https://jockers3.inglory.de/?preview_id=18&preview_nonce=6389c009dc&preview=true" "Mozilla/5.0 (Macintosh; Intel Mac OS X 10_15_7) AppleWebKit/537.36 (KHTML, like Gecko) Chrome/143.0.0.0 Safari/537.36"
91.10.111.70 - - [12/Jan/2026:17:31:16 +0100] "GET /wp-includes/js/dist/i18n.min.js,qver=c26c3dc7bed366793375.pagespeed.ce.Olg40RgusL.js HTTP/1.0" 200 6432 "https://jockers3.inglory.de/?preview_id=18&preview_nonce=6389c009dc&preview=true" "Mozilla/5.0 (Macintosh; Intel Mac OS X 10_15_7) AppleWebKit/537.36 (KHTML, like Gecko) Chrome/143.0.0.0 Safari/537.36"
91.10.111.70 - - [12/Jan/2026:17:31:16 +0100] "GET /wp-content/plugins/elementor-pro/assets/js/notes/notes-app-initiator.min.js?ver=3.34.0 HTTP/1.0" 304 3897 "https://jockers3.inglory.de/?preview_id=18&preview_nonce=6389c009dc&preview=true" "Mozilla/5.0 (Macintosh; Intel Mac OS X 10_15_7) AppleWebKit/537.36 (KHTML, like Gecko) Chrome/143.0.0.0 Safari/537.36"
91.10.111.70 - - [12/Jan/2026:17:31:16 +0100] "GET /wp-content/plugins/elementor/assets/lib/dialog/dialog.min.js?ver=4.9.4 HTTP/1.0" 304 3898 "https://jockers3.inglory.de/?preview_id=18&preview_nonce=6389c009dc&preview=true" "Mozilla/5.0 (Macintosh; Intel Mac OS X 10_15_7) AppleWebKit/537.36 (KHTML, like Gecko) Chrome/143.0.0.0 Safari/537.36"
91.10.111.70 - - [12/Jan/2026:17:31:16 +0100] "GET /wp-content/uploads/img-1.jpg HTTP/1.0" 304 3899 "https://jockers3.inglory.de/?preview_id=18&preview_nonce=6389c009dc&preview=true" "Mozilla/5.0 (Macintosh; Intel Mac OS X 10_15_7) AppleWebKit/537.36 (KHTML, like Gecko) Chrome/143.0.0.0 Safari/537.36"
91.10.111.70 - - [12/Jan/2026:17:31:16 +0100] "GET /wp-content/uploads/img-4-1.jpg HTTP/1.0" 304 3898 "https://jockers3.inglory.de/?preview_id=18&preview_nonce=6389c009dc&preview=true" "Mozilla/5.0 (Macintosh; Intel Mac OS X 10_15_7) AppleWebKit/537.36 (KHTML, like Gecko) Chrome/143.0.0.0 Safari/537.36"
91.10.111.70 - - [12/Jan/2026:17:31:16 +0100] "GET /wp-content/uploads/img-2-1.jpg HTTP/1.0" 304 3899 "https://jockers3.inglory.de/?preview_id=18&preview_nonce=6389c009dc&preview=true" "Mozilla/5.0 (Macintosh; Intel Mac OS X 10_15_7) AppleWebKit/537.36 (KHTML, like Gecko) Chrome/143.0.0.0 Safari/537.36"
91.10.111.70 - - [12/Jan/2026:17:31:16 +0100] "GET /wp-content/uploads/img-3-1.jpg HTTP/1.0" 304 3927 "https://jockers3.inglory.de/?preview_id=18&preview_nonce=6389c009dc&preview=true" "Mozilla/5.0 (Macintosh; Intel Mac OS X 10_15_7) AppleWebKit/537.36 (KHTML, like Gecko) Chrome/143.0.0.0 Safari/537.36"
91.10.111.70 - - [12/Jan/2026:17:31:21 +0100] "POST /wp-admin/admin-ajax.php HTTP/1.0" 200 4354 "https://jockers3.inglory.de/wp-admin/post.php?post=110&action=elementor" "Mozilla/5.0 (Macintosh; Intel Mac OS X 10_15_7) AppleWebKit/537.36 (KHTML, like Gecko) Chrome/143.0.0.0 Safari/537.36"
91.10.111.70 - - [12/Jan/2026:17:31:35 +0100] "GET /wp-json/elementor/v1/checklist/user-progress HTTP/1.0" 200 5011 "https://jockers3.inglory.de/wp-admin/post.php?post=18&action=elementor" "Mozilla/5.0 (Macintosh; Intel Mac OS X 10_15_7) AppleWebKit/537.36 (KHTML, like Gecko) Chrome/143.0.0.0 Safari/537.36"
91.10.111.70 - - [12/Jan/2026:17:31:35 +0100] "POST /wp-admin/admin-ajax.php HTTP/1.0" 200 4405 "https://jockers3.inglory.de/wp-admin/post.php?post=18&action=elementor" "Mozilla/5.0 (Macintosh; Intel Mac OS X 10_15_7) AppleWebKit/537.36 (KHTML, like Gecko) Chrome/143.0.0.0 Safari/537.36"
91.196.152.148 - - [12/Jan/2026:17:31:40 +0100] "GET /favicon.ico HTTP/1.0" 302 4156 "-" "Mozilla/5.0 (X11; Ubuntu; Linux x86_64; rv:134.0) Gecko/20100101 Firefox/134.0"
91.10.111.70 - - [12/Jan/2026:17:31:41 +0100] "GET /wp-json/elementor/v1/checklist/user-progress HTTP/1.0" 200 5011 "https://jockers3.inglory.de/wp-admin/post.php?post=18&action=elementor" "Mozilla/5.0 (Macintosh; Intel Mac OS X 10_15_7) AppleWebKit/537.36 (KHTML, like Gecko) Chrome/143.0.0.0 Safari/537.36"
91.10.111.70 - - [12/Jan/2026:17:31:41 +0100] "POST /wp-admin/admin-ajax.php HTTP/1.0" 200 4354 "https://jockers3.inglory.de/wp-admin/post.php?post=18&action=elementor" "Mozilla/5.0 (Macintosh; Intel Mac OS X 10_15_7) AppleWebKit/537.36 (KHTML, like Gecko) Chrome/143.0.0.0 Safari/537.36"
91.10.111.70 - - [12/Jan/2026:17:31:50 +0100] "GET /wp-content/uploads/img-2-1.jpg HTTP/1.0" 304 3899 "https://jockers3.inglory.de/?elementor-preview=18&ver=1768233947" "Mozilla/5.0 (Macintosh; Intel Mac OS X 10_15_7) AppleWebKit/537.36 (KHTML, like Gecko) Chrome/143.0.0.0 Safari/537.36"
91.10.111.70 - - [12/Jan/2026:17:31:50 +0100] "GET /wp-content/uploads/img-4-1.jpg HTTP/1.0" 304 3898 "https://jockers3.inglory.de/?elementor-preview=18&ver=1768233947" "Mozilla/5.0 (Macintosh; Intel Mac OS X 10_15_7) AppleWebKit/537.36 (KHTML, like Gecko) Chrome/143.0.0.0 Safari/537.36"
91.10.111.70 - - [12/Jan/2026:17:31:50 +0100] "POST /wp-admin/admin-ajax.php HTTP/1.0" 200 4405 "https://jockers3.inglory.de/wp-admin/post.php?post=18&action=elementor" "Mozilla/5.0 (Macintosh; Intel Mac OS X 10_15_7) AppleWebKit/537.36 (KHTML, like Gecko) Chrome/143.0.0.0 Safari/537.36"
91.10.111.70 - - [12/Jan/2026:17:31:51 +0100] "GET /wp-content/uploads/img-3-1.jpg HTTP/1.0" 304 3899 "https://jockers3.inglory.de/?elementor-preview=18&ver=1768233947" "Mozilla/5.0 (Macintosh; Intel Mac OS X 10_15_7) AppleWebKit/537.36 (KHTML, like Gecko) Chrome/143.0.0.0 Safari/537.36"
91.10.111.70 - - [12/Jan/2026:17:31:51 +0100] "GET /referenzen-ausensauna HTTP/1.0" 301 4188 "https://jockers3.inglory.de/?elementor-preview=18&ver=1768233947" "Mozilla/5.0 (Macintosh; Intel Mac OS X 10_15_7) AppleWebKit/537.36 (KHTML, like Gecko) Chrome/143.0.0.0 Safari/537.36"
94.130.90.54 - - [12/Jan/2026:17:31:52 +0100] "GET /wp-content/plugins/elementor-pro/assets/css/widget-gallery.min.css?ver=3.34.0 HTTP/1.1" 304 3411 "https://jockers3.inglory.de/referenzen-ausensauna/" "Serf/1.3.9 (mod_pagespeed/1.13.35.2-0)"
94.130.90.54 - - [12/Jan/2026:17:31:52 +0100] "GET /wp-content/plugins/elementor/assets/lib/e-gallery/css/e-gallery.min.css?ver=1.2.0 HTTP/1.1" 304 3410 "https://jockers3.inglory.de/referenzen-ausensauna/" "Serf/1.3.9 (mod_pagespeed/1.13.35.2-0)"
94.130.90.54 - - [12/Jan/2026:17:31:52 +0100] "GET /wp-content/plugins/elementor-pro/assets/css/conditionals/transitions.min.css?ver=3.34.0 HTTP/1.1" 304 3411 "https://jockers3.inglory.de/referenzen-ausensauna/" "Serf/1.3.9 (mod_pagespeed/1.13.35.2-0)"
94.130.90.54 - - [12/Jan/2026:17:31:52 +0100] "GET /wp-includes/js/underscore.min.js?ver=1.13.7 HTTP/1.1" 304 3411 "https://jockers3.inglory.de/referenzen-ausensauna/" "Serf/1.3.9 (mod_pagespeed/1.13.35.2-0)"
91.10.111.70 - - [12/Jan/2026:17:31:51 +0100] "GET /referenzen-ausensauna/ HTTP/1.0" 200 39107 "https://jockers3.inglory.de/?elementor-preview=18&ver=1768233947" "Mozilla/5.0 (Macintosh; Intel Mac OS X 10_15_7) AppleWebKit/537.36 (KHTML, like Gecko) Chrome/143.0.0.0 Safari/537.36"
94.130.90.54 - - [12/Jan/2026:17:31:52 +0100] "GET /wp-content/uploads/elementor/css/post-169.css?ver=1768234649 HTTP/1.1" 304 3411 "https://jockers3.inglory.de/referenzen-ausensauna/" "Serf/1.3.9 (mod_pagespeed/1.13.35.2-0)"
94.130.90.54 - - [12/Jan/2026:17:31:52 +0100] "GET /wp-content/uploads/img-1-5.jpg HTTP/1.1" 304 3412 "https://jockers3.inglory.de/referenzen-ausensauna/" "Serf/1.3.9 (mod_pagespeed/1.13.35.2-0)"
94.130.90.54 - - [12/Jan/2026:17:31:52 +0100] "GET /wp-content/uploads/img-1-5.jpg HTTP/1.1" 304 3412 "https://jockers3.inglory.de/referenzen-ausensauna/" "Serf/1.3.9 (mod_pagespeed/1.13.35.2-0)"
94.130.90.54 - - [12/Jan/2026:17:31:52 +0100] "GET /wp-content/uploads/img-1-5-300x275.jpg HTTP/1.1" 304 3411 "https://jockers3.inglory.de/referenzen-ausensauna/" "Serf/1.3.9 (mod_pagespeed/1.13.35.2-0)"
94.130.90.54 - - [12/Jan/2026:17:31:52 +0100] "GET /wp-content/uploads/img-1-5-1024x938.jpg HTTP/1.1" 304 3412 "https://jockers3.inglory.de/referenzen-ausensauna/" "Serf/1.3.9 (mod_pagespeed/1.13.35.2-0)"
94.130.90.54 - - [12/Jan/2026:17:31:52 +0100] "GET /wp-content/uploads/img-1-5-768x704.jpg HTTP/1.1" 304 3412 "https://jockers3.inglory.de/referenzen-ausensauna/" "Serf/1.3.9 (mod_pagespeed/1.13.35.2-0)"
94.130.90.54 - - [12/Jan/2026:17:31:52 +0100] "GET /wp-content/uploads/img-2-1-5.jpg HTTP/1.1" 304 3412 "https://jockers3.inglory.de/referenzen-ausensauna/" "Serf/1.3.9 (mod_pagespeed/1.13.35.2-0)"
94.130.90.54 - - [12/Jan/2026:17:31:52 +0100] "GET /wp-content/uploads/img-2-1-5.jpg HTTP/1.1" 304 3412 "https://jockers3.inglory.de/referenzen-ausensauna/" "Serf/1.3.9 (mod_pagespeed/1.13.35.2-0)"
94.130.90.54 - - [12/Jan/2026:17:31:52 +0100] "GET /wp-content/uploads/img-2-1-5-300x230.jpg HTTP/1.1" 304 3411 "https://jockers3.inglory.de/referenzen-ausensauna/" "Serf/1.3.9 (mod_pagespeed/1.13.35.2-0)"
94.130.90.54 - - [12/Jan/2026:17:31:52 +0100] "GET /wp-content/uploads/img-2-1-5-1024x784.jpg HTTP/1.1" 304 3412 "https://jockers3.inglory.de/referenzen-ausensauna/" "Serf/1.3.9 (mod_pagespeed/1.13.35.2-0)"
94.130.90.54 - - [12/Jan/2026:17:31:52 +0100] "GET /wp-content/uploads/img-2-1-5-768x588.jpg HTTP/1.1" 304 3411 "https://jockers3.inglory.de/referenzen-ausensauna/" "Serf/1.3.9 (mod_pagespeed/1.13.35.2-0)"
94.130.90.54 - - [12/Jan/2026:17:31:52 +0100] "GET /wp-content/uploads/img-3-1-4.jpg HTTP/1.1" 304 3412 "https://jockers3.inglory.de/referenzen-ausensauna/" "Serf/1.3.9 (mod_pagespeed/1.13.35.2-0)"
94.130.90.54 - - [12/Jan/2026:17:31:52 +0100] "GET /wp-content/uploads/img-3-1-4.jpg HTTP/1.1" 304 3412 "https://jockers3.inglory.de/referenzen-ausensauna/" "Serf/1.3.9 (mod_pagespeed/1.13.35.2-0)"
94.130.90.54 - - [12/Jan/2026:17:31:52 +0100] "GET /wp-content/uploads/img-3-1-4-297x300.jpg HTTP/1.1" 304 3411 "https://jockers3.inglory.de/referenzen-ausensauna/" "Serf/1.3.9 (mod_pagespeed/1.13.35.2-0)"
94.130.90.54 - - [12/Jan/2026:17:31:52 +0100] "GET /wp-content/uploads/img-3-1-4-1015x1024.jpg HTTP/1.1" 304 3412 "https://jockers3.inglory.de/referenzen-ausensauna/" "Serf/1.3.9 (mod_pagespeed/1.13.35.2-0)"
94.130.90.54 - - [12/Jan/2026:17:31:52 +0100] "GET /wp-content/uploads/img-3-1-4-150x150.jpg HTTP/1.1" 304 3411 "https://jockers3.inglory.de/referenzen-ausensauna/" "Serf/1.3.9 (mod_pagespeed/1.13.35.2-0)"
94.130.90.54 - - [12/Jan/2026:17:31:52 +0100] "GET /wp-content/uploads/img-3-1-4-768x775.jpg HTTP/1.1" 304 3411 "https://jockers3.inglory.de/referenzen-ausensauna/" "Serf/1.3.9 (mod_pagespeed/1.13.35.2-0)"
94.130.90.54 - - [12/Jan/2026:17:31:52 +0100] "GET /wp-content/uploads/img-4-1-4-300x248.jpg HTTP/1.1" 304 3411 "https://jockers3.inglory.de/referenzen-ausensauna/" "Serf/1.3.9 (mod_pagespeed/1.13.35.2-0)"
94.130.90.54 - - [12/Jan/2026:17:31:52 +0100] "GET /wp-content/uploads/img-4-1-4-1024x846.jpg HTTP/1.1" 304 3412 "https://jockers3.inglory.de/referenzen-ausensauna/" "Serf/1.3.9 (mod_pagespeed/1.13.35.2-0)"
94.130.90.54 - - [12/Jan/2026:17:31:52 +0100] "GET /wp-content/uploads/img-4-1-4-768x634.jpg HTTP/1.1" 304 3412 "https://jockers3.inglory.de/referenzen-ausensauna/" "Serf/1.3.9 (mod_pagespeed/1.13.35.2-0)"
94.130.90.54 - - [12/Jan/2026:17:31:53 +0100] "GET /wp-content/uploads/img-5-1-2.jpg HTTP/1.1" 304 3412 "https://jockers3.inglory.de/referenzen-ausensauna/" "Serf/1.3.9 (mod_pagespeed/1.13.35.2-0)"
94.130.90.54 - - [12/Jan/2026:17:31:53 +0100] "GET /wp-content/uploads/img-5-1-2.jpg HTTP/1.1" 304 3412 "https://jockers3.inglory.de/referenzen-ausensauna/" "Serf/1.3.9 (mod_pagespeed/1.13.35.2-0)"
94.130.90.54 - - [12/Jan/2026:17:31:53 +0100] "GET /wp-content/uploads/img-5-1-2-300x275.jpg HTTP/1.1" 304 3411 "https://jockers3.inglory.de/referenzen-ausensauna/" "Serf/1.3.9 (mod_pagespeed/1.13.35.2-0)"
94.130.90.54 - - [12/Jan/2026:17:31:53 +0100] "GET /wp-content/uploads/img-5-1-2-1024x938.jpg HTTP/1.1" 304 3412 "https://jockers3.inglory.de/referenzen-ausensauna/" "Serf/1.3.9 (mod_pagespeed/1.13.35.2-0)"
94.130.90.54 - - [12/Jan/2026:17:31:53 +0100] "GET /wp-content/uploads/img-5-1-2-768x704.jpg HTTP/1.1" 304 3412 "https://jockers3.inglory.de/referenzen-ausensauna/" "Serf/1.3.9 (mod_pagespeed/1.13.35.2-0)"
94.130.90.54 - - [12/Jan/2026:17:31:53 +0100] "GET /wp-content/uploads/img-6-1-2.jpg HTTP/1.1" 304 3412 "https://jockers3.inglory.de/referenzen-ausensauna/" "Serf/1.3.9 (mod_pagespeed/1.13.35.2-0)"
94.130.90.54 - - [12/Jan/2026:17:31:53 +0100] "GET /wp-content/uploads/img-6-1-2.jpg HTTP/1.1" 304 3412 "https://jockers3.inglory.de/referenzen-ausensauna/" "Serf/1.3.9 (mod_pagespeed/1.13.35.2-0)"
94.130.90.54 - - [12/Jan/2026:17:31:53 +0100] "GET /wp-content/uploads/img-6-1-2-300x248.jpg HTTP/1.1" 304 3411 "https://jockers3.inglory.de/referenzen-ausensauna/" "Serf/1.3.9 (mod_pagespeed/1.13.35.2-0)"
94.130.90.54 - - [12/Jan/2026:17:31:53 +0100] "GET /wp-content/uploads/img-6-1-2-1024x846.jpg HTTP/1.1" 304 3412 "https://jockers3.inglory.de/referenzen-ausensauna/" "Serf/1.3.9 (mod_pagespeed/1.13.35.2-0)"
94.130.90.54 - - [12/Jan/2026:17:31:53 +0100] "GET /wp-content/uploads/img-6-1-2-768x634.jpg HTTP/1.1" 304 3412 "https://jockers3.inglory.de/referenzen-ausensauna/" "Serf/1.3.9 (mod_pagespeed/1.13.35.2-0)"
94.130.90.54 - - [12/Jan/2026:17:31:53 +0100] "GET /wp-content/plugins/elementor/assets/lib/e-gallery/js/e-gallery.min.js?ver=1.2.0 HTTP/1.1" 304 3411 "https://jockers3.inglory.de/referenzen-ausensauna/" "Serf/1.3.9 (mod_pagespeed/1.13.35.2-0)"
91.10.111.70 - - [12/Jan/2026:17:31:53 +0100] "GET /wp-content/uploads/img-4-1.jpg HTTP/1.0" 304 3898 "https://jockers3.inglory.de/?elementor-preview=18&ver=1768233947" "Mozilla/5.0 (Macintosh; Intel Mac OS X 10_15_7) AppleWebKit/537.36 (KHTML, like Gecko) Chrome/143.0.0.0 Safari/537.36"
91.10.111.70 - - [12/Jan/2026:17:31:59 +0100] "POST /wp-admin/admin-ajax.php HTTP/1.0" 200 4405 "https://jockers3.inglory.de/wp-admin/post.php?post=18&action=elementor" "Mozilla/5.0 (Macintosh; Intel Mac OS X 10_15_7) AppleWebKit/537.36 (KHTML, like Gecko) Chrome/143.0.0.0 Safari/537.36"
91.10.111.70 - - [12/Jan/2026:17:32:00 +0100] "POST /wp-admin/admin-ajax.php HTTP/1.0" 200 5354 "https://jockers3.inglory.de/wp-admin/post.php?post=18&action=elementor" "Mozilla/5.0 (Macintosh; Intel Mac OS X 10_15_7) AppleWebKit/537.36 (KHTML, like Gecko) Chrome/143.0.0.0 Safari/537.36"
91.10.111.70 - - [12/Jan/2026:17:32:05 +0100] "POST /wp-admin/admin-ajax.php HTTP/1.0" 200 4405 "https://jockers3.inglory.de/wp-admin/post.php?post=18&action=elementor" "Mozilla/5.0 (Macintosh; Intel Mac OS X 10_15_7) AppleWebKit/537.36 (KHTML, like Gecko) Chrome/143.0.0.0 Safari/537.36"
91.10.111.70 - - [12/Jan/2026:17:32:13 +0100] "POST /wp-admin/admin-ajax.php HTTP/1.0" 200 5329 "https://jockers3.inglory.de/wp-admin/post.php?post=18&action=elementor" "Mozilla/5.0 (Macintosh; Intel Mac OS X 10_15_7) AppleWebKit/537.36 (KHTML, like Gecko) Chrome/143.0.0.0 Safari/537.36"
94.130.90.54 - - [12/Jan/2026:17:32:20 +0100] "POST /wp-cron.php?doing_wp_cron=1768235540.9574611186981201171875 HTTP/1.0" 200 4074 "-" "vBkOPrIC3x94"
91.10.111.70 - - [12/Jan/2026:17:32:20 +0100] "POST /wp-admin/admin-ajax.php HTTP/1.0" 200 4405 "https://jockers3.inglory.de/wp-admin/post.php?post=18&action=elementor" "Mozilla/5.0 (Macintosh; Intel Mac OS X 10_15_7) AppleWebKit/537.36 (KHTML, like Gecko) Chrome/143.0.0.0 Safari/537.36"
91.10.111.70 - - [12/Jan/2026:17:32:35 +0100] "POST /wp-admin/admin-ajax.php HTTP/1.0" 200 4405 "https://jockers3.inglory.de/wp-admin/post.php?post=18&action=elementor" "Mozilla/5.0 (Macintosh; Intel Mac OS X 10_15_7) AppleWebKit/537.36 (KHTML, like Gecko) Chrome/143.0.0.0 Safari/537.36"
91.10.111.70 - - [12/Jan/2026:17:32:37 +0100] "POST /wp-admin/admin-ajax.php HTTP/1.0" 200 4405 "https://jockers3.inglory.de/wp-admin/post.php?post=110&action=elementor" "Mozilla/5.0 (Macintosh; Intel Mac OS X 10_15_7) AppleWebKit/537.36 (KHTML, like Gecko) Chrome/143.0.0.0 Safari/537.36"
91.10.111.70 - - [12/Jan/2026:17:32:41 +0100] "POST /wp-admin/admin-ajax.php HTTP/1.0" 200 4354 "https://jockers3.inglory.de/wp-admin/post.php?post=18&action=elementor" "Mozilla/5.0 (Macintosh; Intel Mac OS X 10_15_7) AppleWebKit/537.36 (KHTML, like Gecko) Chrome/143.0.0.0 Safari/537.36"
91.10.111.70 - - [12/Jan/2026:17:32:43 +0100] "GET /wp-content/uploads/img-4-1.jpg HTTP/1.0" 304 3926 "https://jockers3.inglory.de/?elementor-preview=18&ver=1768233947" "Mozilla/5.0 (Macintosh; Intel Mac OS X 10_15_7) AppleWebKit/537.36 (KHTML, like Gecko) Chrome/143.0.0.0 Safari/537.36"
91.10.111.70 - - [12/Jan/2026:17:32:44 +0100] "GET /wp-content/uploads/img-3-1.jpg HTTP/1.0" 304 3899 "https://jockers3.inglory.de/?elementor-preview=18&ver=1768233947" "Mozilla/5.0 (Macintosh; Intel Mac OS X 10_15_7) AppleWebKit/537.36 (KHTML, like Gecko) Chrome/143.0.0.0 Safari/537.36"
91.10.111.70 - - [12/Jan/2026:17:32:44 +0100] "GET /wp-content/uploads/img-2-1.jpg HTTP/1.0" 304 3899 "https://jockers3.inglory.de/?elementor-preview=18&ver=1768233947" "Mozilla/5.0 (Macintosh; Intel Mac OS X 10_15_7) AppleWebKit/537.36 (KHTML, like Gecko) Chrome/143.0.0.0 Safari/537.36"
91.10.111.70 - - [12/Jan/2026:17:32:50 +0100] "POST /wp-admin/admin-ajax.php HTTP/1.0" 200 4405 "https://jockers3.inglory.de/wp-admin/post.php?post=18&action=elementor" "Mozilla/5.0 (Macintosh; Intel Mac OS X 10_15_7) AppleWebKit/537.36 (KHTML, like Gecko) Chrome/143.0.0.0 Safari/537.36"
91.10.111.70 - - [12/Jan/2026:17:32:51 +0100] "POST /wp-admin/admin-ajax.php HTTP/1.0" 200 5334 "https://jockers3.inglory.de/wp-admin/post.php?post=18&action=elementor" "Mozilla/5.0 (Macintosh; Intel Mac OS X 10_15_7) AppleWebKit/537.36 (KHTML, like Gecko) Chrome/143.0.0.0 Safari/537.36"
91.10.111.70 - - [12/Jan/2026:17:33:05 +0100] "POST /wp-admin/admin-ajax.php HTTP/1.0" 200 4405 "https://jockers3.inglory.de/wp-admin/post.php?post=18&action=elementor" "Mozilla/5.0 (Macintosh; Intel Mac OS X 10_15_7) AppleWebKit/537.36 (KHTML, like Gecko) Chrome/143.0.0.0 Safari/537.36"
91.10.111.70 - - [12/Jan/2026:17:33:15 +0100] "GET /wp-content/uploads/img-1.jpg HTTP/1.0" 304 3927 "https://jockers3.inglory.de/?elementor-preview=18&ver=1768233947" "Mozilla/5.0 (Macintosh; Intel Mac OS X 10_15_7) AppleWebKit/537.36 (KHTML, like Gecko) Chrome/143.0.0.0 Safari/537.36"
94.130.90.54 - - [12/Jan/2026:17:33:19 +0100] "POST /wp-cron.php?doing_wp_cron=1768235599.5192439556121826171875 HTTP/1.0" 200 4074 "-" "jXfSmdU1DnTY"
91.10.111.70 - - [12/Jan/2026:17:33:19 +0100] "GET /wp-json/elementor/v1/checklist/user-progress HTTP/1.0" 200 5039 "https://jockers3.inglory.de/wp-admin/post.php?post=18&action=elementor" "Mozilla/5.0 (Macintosh; Intel Mac OS X 10_15_7) AppleWebKit/537.36 (KHTML, like Gecko) Chrome/143.0.0.0 Safari/537.36"
91.10.111.70 - - [12/Jan/2026:17:33:19 +0100] "POST /wp-admin/admin-ajax.php HTTP/1.0" 200 5381 "https://jockers3.inglory.de/wp-admin/post.php?post=18&action=elementor" "Mozilla/5.0 (Macintosh; Intel Mac OS X 10_15_7) AppleWebKit/537.36 (KHTML, like Gecko) Chrome/143.0.0.0 Safari/537.36"
91.10.111.70 - - [12/Jan/2026:17:33:20 +0100] "POST /wp-admin/admin-ajax.php HTTP/1.0" 200 4405 "https://jockers3.inglory.de/wp-admin/post.php?post=18&action=elementor" "Mozilla/5.0 (Macintosh; Intel Mac OS X 10_15_7) AppleWebKit/537.36 (KHTML, like Gecko) Chrome/143.0.0.0 Safari/537.36"
91.10.111.70 - - [12/Jan/2026:17:33:21 +0100] "GET /wp-json/elementor/v1/checklist/user-progress HTTP/1.0" 200 5011 "https://jockers3.inglory.de/wp-admin/post.php?post=18&action=elementor" "Mozilla/5.0 (Macintosh; Intel Mac OS X 10_15_7) AppleWebKit/537.36 (KHTML, like Gecko) Chrome/143.0.0.0 Safari/537.36"
91.10.111.70 - - [12/Jan/2026:17:33:21 +0100] "POST /wp-admin/admin-ajax.php HTTP/1.0" 200 4354 "https://jockers3.inglory.de/wp-admin/post.php?post=110&action=elementor" "Mozilla/5.0 (Macintosh; Intel Mac OS X 10_15_7) AppleWebKit/537.36 (KHTML, like Gecko) Chrome/143.0.0.0 Safari/537.36"
94.130.90.54 - - [12/Jan/2026:17:33:22 +0100] "GET /wp-content/uploads/elementor/css/post-18.css?ver=1768235602 HTTP/1.1" 200 132712 "https://jockers3.inglory.de/?preview_id=18&preview_nonce=6389c009dc&preview=true" "Serf/1.3.9 (mod_pagespeed/1.13.35.2-0)"
94.130.90.54 - - [12/Jan/2026:17:33:22 +0100] "GET /wp-content/uploads/logo.svg HTTP/1.1" 200 12376 "https://jockers3.inglory.de/?preview_id=18&preview_nonce=6389c009dc&preview=true" "Serf/1.3.9 (mod_pagespeed/1.13.35.2-0)"
91.10.111.70 - - [12/Jan/2026:17:33:20 +0100] "GET /?preview_id=18&preview_nonce=6389c009dc&preview=true HTTP/1.0" 200 12544 "https://jockers3.inglory.de/?preview_id=18&preview_nonce=6389c009dc&preview=true" "Mozilla/5.0 (Macintosh; Intel Mac OS X 10_15_7) AppleWebKit/537.36 (KHTML, like Gecko) Chrome/143.0.0.0 Safari/537.36"
94.130.90.54 - - [12/Jan/2026:17:33:22 +0100] "GET /wp-content/uploads/logo.svg HTTP/1.1" 200 12376 "https://jockers3.inglory.de/?preview_id=18&preview_nonce=6389c009dc&preview=true" "Serf/1.3.9 (mod_pagespeed/1.13.35.2-0)"
94.130.90.54 - - [12/Jan/2026:17:33:22 +0100] "GET /wp-content/uploads/Google-logo.svg HTTP/1.1" 200 4667 "https://jockers3.inglory.de/?preview_id=18&preview_nonce=6389c009dc&preview=true" "Serf/1.3.9 (mod_pagespeed/1.13.35.2-0)"
94.130.90.54 - - [12/Jan/2026:17:33:22 +0100] "GET /wp-content/uploads/logo.svg HTTP/1.1" 200 12376 "https://jockers3.inglory.de/?preview_id=18&preview_nonce=6389c009dc&preview=true" "Serf/1.3.9 (mod_pagespeed/1.13.35.2-0)"
91.10.111.70 - - [12/Jan/2026:17:33:21 +0100] "GET /?preview_id=18&preview_nonce=6389c009dc&preview=true HTTP/1.0" 200 44249 "https://jockers3.inglory.de/wp-admin/post.php?post=18&action=elementor" "Mozilla/5.0 (Macintosh; Intel Mac OS X 10_15_7) AppleWebKit/537.36 (KHTML, like Gecko) Chrome/143.0.0.0 Safari/537.36"
91.10.111.70 - - [12/Jan/2026:17:33:23 +0100] "GET /wp-content/plugins/elementor-pro/assets/js/notes/notes-app-initiator.min.js?ver=3.34.0 HTTP/1.0" 304 3897 "https://jockers3.inglory.de/?preview_id=18&preview_nonce=6389c009dc&preview=true" "Mozilla/5.0 (Macintosh; Intel Mac OS X 10_15_7) AppleWebKit/537.36 (KHTML, like Gecko) Chrome/143.0.0.0 Safari/537.36"
91.10.111.70 - - [12/Jan/2026:17:33:23 +0100] "GET /wp-content/plugins/elementor/assets/lib/dialog/dialog.min.js?ver=4.9.4 HTTP/1.0" 304 3898 "https://jockers3.inglory.de/?preview_id=18&preview_nonce=6389c009dc&preview=true" "Mozilla/5.0 (Macintosh; Intel Mac OS X 10_15_7) AppleWebKit/537.36 (KHTML, like Gecko) Chrome/143.0.0.0 Safari/537.36"
91.10.111.70 - - [12/Jan/2026:17:33:23 +0100] "GET /wp-content/uploads/img-1.jpg HTTP/1.0" 304 3899 "https://jockers3.inglory.de/?preview_id=18&preview_nonce=6389c009dc&preview=true" "Mozilla/5.0 (Macintosh; Intel Mac OS X 10_15_7) AppleWebKit/537.36 (KHTML, like Gecko) Chrome/143.0.0.0 Safari/537.36"
91.10.111.70 - - [12/Jan/2026:17:33:23 +0100] "GET /wp-content/uploads/img-2-1.jpg HTTP/1.0" 304 3899 "https://jockers3.inglory.de/?preview_id=18&preview_nonce=6389c009dc&preview=true" "Mozilla/5.0 (Macintosh; Intel Mac OS X 10_15_7) AppleWebKit/537.36 (KHTML, like Gecko) Chrome/143.0.0.0 Safari/537.36"
91.10.111.70 - - [12/Jan/2026:17:33:23 +0100] "GET /wp-content/uploads/img-3-1.jpg HTTP/1.0" 304 3899 "https://jockers3.inglory.de/?preview_id=18&preview_nonce=6389c009dc&preview=true" "Mozilla/5.0 (Macintosh; Intel Mac OS X 10_15_7) AppleWebKit/537.36 (KHTML, like Gecko) Chrome/143.0.0.0 Safari/537.36"
91.10.111.70 - - [12/Jan/2026:17:33:23 +0100] "GET /wp-content/uploads/img-4-1.jpg HTTP/1.0" 304 3898 "https://jockers3.inglory.de/?preview_id=18&preview_nonce=6389c009dc&preview=true" "Mozilla/5.0 (Macintosh; Intel Mac OS X 10_15_7) AppleWebKit/537.36 (KHTML, like Gecko) Chrome/143.0.0.0 Safari/537.36"
91.10.111.70 - - [12/Jan/2026:17:33:24 +0100] "GET /?preview_id=18&preview_nonce=6389c009dc&preview=true HTTP/1.0" 200 44276 "https://jockers3.inglory.de/?preview_id=18&preview_nonce=6389c009dc&preview=true" "Mozilla/5.0 (Macintosh; Intel Mac OS X 10_15_7) AppleWebKit/537.36 (KHTML, like Gecko) Chrome/143.0.0.0 Safari/537.36"
91.10.111.70 - - [12/Jan/2026:17:33:26 +0100] "GET /wp-content/uploads/elementor/css/A.post-18.css,qver=1768235602.pagespeed.cf.P1wXGgkmMr.css HTTP/1.0" 200 12109 "https://jockers3.inglory.de/?preview_id=18&preview_nonce=6389c009dc&preview=true" "Mozilla/5.0 (Macintosh; Intel Mac OS X 10_15_7) AppleWebKit/537.36 (KHTML, like Gecko) Chrome/143.0.0.0 Safari/537.36"
91.10.111.70 - - [12/Jan/2026:17:33:26 +0100] "GET /wp-content/plugins/elementor-pro/assets/js/notes/notes-app-initiator.min.js?ver=3.34.0 HTTP/1.0" 304 3897 "https://jockers3.inglory.de/?preview_id=18&preview_nonce=6389c009dc&preview=true" "Mozilla/5.0 (Macintosh; Intel Mac OS X 10_15_7) AppleWebKit/537.36 (KHTML, like Gecko) Chrome/143.0.0.0 Safari/537.36"
91.10.111.70 - - [12/Jan/2026:17:33:26 +0100] "GET /wp-content/plugins/elementor/assets/lib/dialog/dialog.min.js?ver=4.9.4 HTTP/1.0" 304 3898 "https://jockers3.inglory.de/?preview_id=18&preview_nonce=6389c009dc&preview=true" "Mozilla/5.0 (Macintosh; Intel Mac OS X 10_15_7) AppleWebKit/537.36 (KHTML, like Gecko) Chrome/143.0.0.0 Safari/537.36"
91.10.111.70 - - [12/Jan/2026:17:33:26 +0100] "GET /wp-content/uploads/img-1.jpg HTTP/1.0" 304 3899 "https://jockers3.inglory.de/?preview_id=18&preview_nonce=6389c009dc&preview=true" "Mozilla/5.0 (Macintosh; Intel Mac OS X 10_15_7) AppleWebKit/537.36 (KHTML, like Gecko) Chrome/143.0.0.0 Safari/537.36"
91.10.111.70 - - [12/Jan/2026:17:33:26 +0100] "GET /wp-content/uploads/img-2-1.jpg HTTP/1.0" 304 3899 "https://jockers3.inglory.de/?preview_id=18&preview_nonce=6389c009dc&preview=true" "Mozilla/5.0 (Macintosh; Intel Mac OS X 10_15_7) AppleWebKit/537.36 (KHTML, like Gecko) Chrome/143.0.0.0 Safari/537.36"
91.10.111.70 - - [12/Jan/2026:17:33:26 +0100] "GET /wp-content/uploads/img-3-1.jpg HTTP/1.0" 304 3899 "https://jockers3.inglory.de/?preview_id=18&preview_nonce=6389c009dc&preview=true" "Mozilla/5.0 (Macintosh; Intel Mac OS X 10_15_7) AppleWebKit/537.36 (KHTML, like Gecko) Chrome/143.0.0.0 Safari/537.36"
91.10.111.70 - - [12/Jan/2026:17:33:26 +0100] "GET /wp-content/uploads/img-4-1.jpg HTTP/1.0" 304 3898 "https://jockers3.inglory.de/?preview_id=18&preview_nonce=6389c009dc&preview=true" "Mozilla/5.0 (Macintosh; Intel Mac OS X 10_15_7) AppleWebKit/537.36 (KHTML, like Gecko) Chrome/143.0.0.0 Safari/537.36"
91.10.111.70 - - [12/Jan/2026:17:33:37 +0100] "GET /wp-content/uploads/img-1.jpg HTTP/1.0" 304 3899 "https://jockers3.inglory.de/?preview_id=18&preview_nonce=6389c009dc&preview=true" "Mozilla/5.0 (Macintosh; Intel Mac OS X 10_15_7) AppleWebKit/537.36 (KHTML, like Gecko) Chrome/143.0.0.0 Safari/537.36"
91.10.111.70 - - [12/Jan/2026:17:33:41 +0100] "POST /wp-admin/admin-ajax.php HTTP/1.0" 200 4354 "https://jockers3.inglory.de/wp-admin/post.php?post=18&action=elementor" "Mozilla/5.0 (Macintosh; Intel Mac OS X 10_15_7) AppleWebKit/537.36 (KHTML, like Gecko) Chrome/143.0.0.0 Safari/537.36"
91.10.111.70 - - [12/Jan/2026:17:33:49 +0100] "GET /wp-content/uploads/ximg-5-1.jpg.pagespeed.ic.1HNXvQytM7.webp HTTP/1.0" 200 23538 "https://jockers3.inglory.de/wp-content/uploads/elementor/css/A.post-18.css,qver=1768235602.pagespeed.cf.P1wXGgkmMr.css" "Mozilla/5.0 (Macintosh; Intel Mac OS X 10_15_7) AppleWebKit/537.36 (KHTML, like Gecko) Chrome/143.0.0.0 Safari/537.36"
91.10.111.70 - - [12/Jan/2026:17:33:49 +0100] "GET /wp-content/uploads/ximg-7-1.jpg.pagespeed.ic.4hwX0cYLyL.webp HTTP/1.0" 200 36332 "https://jockers3.inglory.de/wp-content/uploads/elementor/css/A.post-18.css,qver=1768235602.pagespeed.cf.P1wXGgkmMr.css" "Mozilla/5.0 (Macintosh; Intel Mac OS X 10_15_7) AppleWebKit/537.36 (KHTML, like Gecko) Chrome/143.0.0.0 Safari/537.36"
91.10.111.70 - - [12/Jan/2026:17:33:49 +0100] "GET /wp-content/uploads/ximg-10-1.jpg.pagespeed.ic.3xMjkmp_DK.webp HTTP/1.0" 200 37275 "https://jockers3.inglory.de/wp-content/uploads/elementor/css/A.post-18.css,qver=1768235602.pagespeed.cf.P1wXGgkmMr.css" "Mozilla/5.0 (Macintosh; Intel Mac OS X 10_15_7) AppleWebKit/537.36 (KHTML, like Gecko) Chrome/143.0.0.0 Safari/537.36"
91.10.111.70 - - [12/Jan/2026:17:33:49 +0100] "GET /wp-content/uploads/ximg-6-1.jpg.pagespeed.ic.pfWRV2fm0_.webp HTTP/1.0" 200 17934 "https://jockers3.inglory.de/wp-content/uploads/elementor/css/A.post-18.css,qver=1768235602.pagespeed.cf.P1wXGgkmMr.css" "Mozilla/5.0 (Macintosh; Intel Mac OS X 10_15_7) AppleWebKit/537.36 (KHTML, like Gecko) Chrome/143.0.0.0 Safari/537.36"
91.10.111.70 - - [12/Jan/2026:17:33:49 +0100] "GET /wp-content/uploads/ximg-9-1.jpg.pagespeed.ic.oJmQRu6xED.webp HTTP/1.0" 200 30858 "https://jockers3.inglory.de/wp-content/uploads/elementor/css/A.post-18.css,qver=1768235602.pagespeed.cf.P1wXGgkmMr.css" "Mozilla/5.0 (Macintosh; Intel Mac OS X 10_15_7) AppleWebKit/537.36 (KHTML, like Gecko) Chrome/143.0.0.0 Safari/537.36"
91.10.111.70 - - [12/Jan/2026:17:33:49 +0100] "GET /wp-content/uploads/ximg-8-1.jpg.pagespeed.ic.X8mC3_1XqJ.webp HTTP/1.0" 200 30742 "https://jockers3.inglory.de/wp-content/uploads/elementor/css/A.post-18.css,qver=1768235602.pagespeed.cf.P1wXGgkmMr.css" "Mozilla/5.0 (Macintosh; Intel Mac OS X 10_15_7) AppleWebKit/537.36 (KHTML, like Gecko) Chrome/143.0.0.0 Safari/537.36"
91.10.111.70 - - [12/Jan/2026:17:33:49 +0100] "GET /wp-content/uploads/img-4-1.jpg HTTP/1.0" 304 3898 "https://jockers3.inglory.de/?preview_id=18&preview_nonce=6389c009dc&preview=true" "Mozilla/5.0 (Macintosh; Intel Mac OS X 10_15_7) AppleWebKit/537.36 (KHTML, like Gecko) Chrome/143.0.0.0 Safari/537.36"
91.10.111.70 - - [12/Jan/2026:17:33:58 +0100] "GET /wp-content/uploads/Limburgerhof-01.jpeg HTTP/1.0" 200 141276 "https://jockers3.inglory.de/?preview_id=18&preview_nonce=6389c009dc&preview=true" "Mozilla/5.0 (Macintosh; Intel Mac OS X 10_15_7) AppleWebKit/537.36 (KHTML, like Gecko) Chrome/143.0.0.0 Safari/537.36"
91.10.111.70 - - [12/Jan/2026:17:33:58 +0100] "GET /wp-content/uploads/Ludwigshafen_002-scaled-1.jpeg HTTP/1.0" 200 282194 "https://jockers3.inglory.de/?preview_id=18&preview_nonce=6389c009dc&preview=true" "Mozilla/5.0 (Macintosh; Intel Mac OS X 10_15_7) AppleWebKit/537.36 (KHTML, like Gecko) Chrome/143.0.0.0 Safari/537.36"
91.10.111.70 - - [12/Jan/2026:17:33:58 +0100] "GET /wp-content/uploads/Maikammer_006-scaled-1.jpeg HTTP/1.0" 200 133946 "https://jockers3.inglory.de/?preview_id=18&preview_nonce=6389c009dc&preview=true" "Mozilla/5.0 (Macintosh; Intel Mac OS X 10_15_7) AppleWebKit/537.36 (KHTML, like Gecko) Chrome/143.0.0.0 Safari/537.36"
91.10.111.70 - - [12/Jan/2026:17:33:59 +0100] "GET /wp-content/uploads/Projekt-Ritter_002-scaled-1.jpeg HTTP/1.0" 200 99067 "https://jockers3.inglory.de/?preview_id=18&preview_nonce=6389c009dc&preview=true" "Mozilla/5.0 (Macintosh; Intel Mac OS X 10_15_7) AppleWebKit/537.36 (KHTML, like Gecko) Chrome/143.0.0.0 Safari/537.36"
91.10.111.70 - - [12/Jan/2026:17:34:00 +0100] "POST /wp-admin/admin-ajax.php HTTP/1.0" 200 4405 "https://jockers3.inglory.de/wp-admin/post.php?post=18&action=elementor" "Mozilla/5.0 (Macintosh; Intel Mac OS X 10_15_7) AppleWebKit/537.36 (KHTML, like Gecko) Chrome/143.0.0.0 Safari/537.36"
91.10.111.70 - - [12/Jan/2026:17:34:07 +0100] "GET /wp-content/uploads/img-1.jpg HTTP/1.0" 304 3899 "https://jockers3.inglory.de/?preview_id=18&preview_nonce=6389c009dc&preview=true" "Mozilla/5.0 (Macintosh; Intel Mac OS X 10_15_7) AppleWebKit/537.36 (KHTML, like Gecko) Chrome/143.0.0.0 Safari/537.36"
91.10.111.70 - - [12/Jan/2026:17:34:17 +0100] "POST /wp-admin/admin-ajax.php HTTP/1.0" 200 4405 "https://jockers3.inglory.de/wp-admin/post.php?post=18&action=elementor" "Mozilla/5.0 (Macintosh; Intel Mac OS X 10_15_7) AppleWebKit/537.36 (KHTML, like Gecko) Chrome/143.0.0.0 Safari/537.36"
94.130.90.54 - - [12/Jan/2026:17:34:18 +0100] "POST /wp-cron.php?doing_wp_cron=1768235658.3196160793304443359375 HTTP/1.0" 200 4074 "-" "3em9Vk6cPSei"
91.10.111.70 - - [12/Jan/2026:17:34:17 +0100] "GET /wp-json/elementor/v1/checklist/user-progress HTTP/1.0" 200 5011 "https://jockers3.inglory.de/wp-admin/post.php?post=18&action=elementor" "Mozilla/5.0 (Macintosh; Intel Mac OS X 10_15_7) AppleWebKit/537.36 (KHTML, like Gecko) Chrome/143.0.0.0 Safari/537.36"
91.10.111.70 - - [12/Jan/2026:17:34:21 +0100] "GET /wp-content/uploads/img-1.jpg HTTP/1.0" 304 3899 "https://jockers3.inglory.de/?elementor-preview=18&ver=1768233947" "Mozilla/5.0 (Macintosh; Intel Mac OS X 10_15_7) AppleWebKit/537.36 (KHTML, like Gecko) Chrome/143.0.0.0 Safari/537.36"
91.10.111.70 - - [12/Jan/2026:17:34:32 +0100] "GET /wp-content/uploads/img-1.jpg HTTP/1.0" 304 3899 "https://jockers3.inglory.de/?elementor-preview=18&ver=1768233947" "Mozilla/5.0 (Macintosh; Intel Mac OS X 10_15_7) AppleWebKit/537.36 (KHTML, like Gecko) Chrome/143.0.0.0 Safari/537.36"
91.10.111.70 - - [12/Jan/2026:17:34:32 +0100] "GET /wp-json/elementor/v1/checklist/user-progress HTTP/1.0" 200 5011 "https://jockers3.inglory.de/wp-admin/post.php?post=18&action=elementor" "Mozilla/5.0 (Macintosh; Intel Mac OS X 10_15_7) AppleWebKit/537.36 (KHTML, like Gecko) Chrome/143.0.0.0 Safari/537.36"
91.10.111.70 - - [12/Jan/2026:17:34:32 +0100] "POST /wp-admin/admin-ajax.php HTTP/1.0" 200 4405 "https://jockers3.inglory.de/wp-admin/post.php?post=18&action=elementor" "Mozilla/5.0 (Macintosh; Intel Mac OS X 10_15_7) AppleWebKit/537.36 (KHTML, like Gecko) Chrome/143.0.0.0 Safari/537.36"
91.10.111.70 - - [12/Jan/2026:17:34:34 +0100] "POST /wp-admin/admin-ajax.php HTTP/1.0" 200 6343 "https://jockers3.inglory.de/wp-admin/post.php?post=18&action=elementor" "Mozilla/5.0 (Macintosh; Intel Mac OS X 10_15_7) AppleWebKit/537.36 (KHTML, like Gecko) Chrome/143.0.0.0 Safari/537.36"
91.10.111.70 - - [12/Jan/2026:17:34:38 +0100] "POST /wp-admin/admin-ajax.php HTTP/1.0" 200 4405 "https://jockers3.inglory.de/wp-admin/post.php?post=110&action=elementor" "Mozilla/5.0 (Macintosh; Intel Mac OS X 10_15_7) AppleWebKit/537.36 (KHTML, like Gecko) Chrome/143.0.0.0 Safari/537.36"
91.10.111.70 - - [12/Jan/2026:17:34:40 +0100] "GET /wp-json/elementor/v1/checklist/user-progress HTTP/1.0" 200 5011 "https://jockers3.inglory.de/wp-admin/post.php?post=18&action=elementor" "Mozilla/5.0 (Macintosh; Intel Mac OS X 10_15_7) AppleWebKit/537.36 (KHTML, like Gecko) Chrome/143.0.0.0 Safari/537.36"
91.10.111.70 - - [12/Jan/2026:17:34:41 +0100] "POST /wp-admin/admin-ajax.php HTTP/1.0" 200 4354 "https://jockers3.inglory.de/wp-admin/post.php?post=18&action=elementor" "Mozilla/5.0 (Macintosh; Intel Mac OS X 10_15_7) AppleWebKit/537.36 (KHTML, like Gecko) Chrome/143.0.0.0 Safari/537.36"
91.10.111.70 - - [12/Jan/2026:17:34:45 +0100] "GET /wp-content/uploads/img-1.jpg HTTP/1.0" 304 3899 "https://jockers3.inglory.de/?elementor-preview=18&ver=1768233947" "Mozilla/5.0 (Macintosh; Intel Mac OS X 10_15_7) AppleWebKit/537.36 (KHTML, like Gecko) Chrome/143.0.0.0 Safari/537.36"
91.10.111.70 - - [12/Jan/2026:17:34:46 +0100] "GET /wp-json/elementor/v1/checklist/user-progress HTTP/1.0" 200 5011 "https://jockers3.inglory.de/wp-admin/post.php?post=18&action=elementor" "Mozilla/5.0 (Macintosh; Intel Mac OS X 10_15_7) AppleWebKit/537.36 (KHTML, like Gecko) Chrome/143.0.0.0 Safari/537.36"
91.10.111.70 - - [12/Jan/2026:17:34:46 +0100] "POST /wp-admin/admin-ajax.php HTTP/1.0" 200 5381 "https://jockers3.inglory.de/wp-admin/post.php?post=18&action=elementor" "Mozilla/5.0 (Macintosh; Intel Mac OS X 10_15_7) AppleWebKit/537.36 (KHTML, like Gecko) Chrome/143.0.0.0 Safari/537.36"
91.10.111.70 - - [12/Jan/2026:17:34:48 +0100] "GET /wp-json/elementor/v1/checklist/user-progress HTTP/1.0" 200 5011 "https://jockers3.inglory.de/wp-admin/post.php?post=18&action=elementor" "Mozilla/5.0 (Macintosh; Intel Mac OS X 10_15_7) AppleWebKit/537.36 (KHTML, like Gecko) Chrome/143.0.0.0 Safari/537.36"
91.10.111.70 - - [12/Jan/2026:17:34:48 +0100] "POST /wp-admin/admin-ajax.php HTTP/1.0" 200 4405 "https://jockers3.inglory.de/wp-admin/post.php?post=18&action=elementor" "Mozilla/5.0 (Macintosh; Intel Mac OS X 10_15_7) AppleWebKit/537.36 (KHTML, like Gecko) Chrome/143.0.0.0 Safari/537.36"
94.130.90.54 - - [12/Jan/2026:17:34:50 +0100] "GET /wp-includes/css/dashicons.min.css?ver=6.9 HTTP/1.1" 304 3411 "https://jockers3.inglory.de/?preview_id=18&preview_nonce=6389c009dc&preview=true" "Serf/1.3.9 (mod_pagespeed/1.13.35.2-0)"
91.10.111.70 - - [12/Jan/2026:17:34:48 +0100] "GET /?preview_id=18&preview_nonce=6389c009dc&preview=true HTTP/1.0" 200 44266 "https://jockers3.inglory.de/wp-admin/post.php?post=18&action=elementor" "Mozilla/5.0 (Macintosh; Intel Mac OS X 10_15_7) AppleWebKit/537.36 (KHTML, like Gecko) Chrome/143.0.0.0 Safari/537.36"
94.130.90.54 - - [12/Jan/2026:17:34:50 +0100] "GET /wp-includes/css/admin-bar.min.css?ver=6.9 HTTP/1.1" 304 3411 "https://jockers3.inglory.de/?preview_id=18&preview_nonce=6389c009dc&preview=true" "Serf/1.3.9 (mod_pagespeed/1.13.35.2-0)"
94.130.90.54 - - [12/Jan/2026:17:34:50 +0100] "GET /wp-content/plugins/preloader-pro/assets/css/loftloader.min.css?ver=2024090401 HTTP/1.1" 304 3412 "https://jockers3.inglory.de/?preview_id=18&preview_nonce=6389c009dc&preview=true" "Serf/1.3.9 (mod_pagespeed/1.13.35.2-0)"
94.130.90.54 - - [12/Jan/2026:17:34:50 +0100] "GET /wp-content/plugins/elementor/assets/lib/eicons/css/elementor-icons.min.css?ver=5.45.0 HTTP/1.1" 304 3411 "https://jockers3.inglory.de/?preview_id=18&preview_nonce=6389c009dc&preview=true" "Serf/1.3.9 (mod_pagespeed/1.13.35.2-0)"
94.130.90.54 - - [12/Jan/2026:17:34:50 +0100] "GET /wp-content/plugins/elementor/assets/css/common.min.css?ver=3.34.1 HTTP/1.1" 304 3411 "https://jockers3.inglory.de/?preview_id=18&preview_nonce=6389c009dc&preview=true" "Serf/1.3.9 (mod_pagespeed/1.13.35.2-0)"
94.130.90.54 - - [12/Jan/2026:17:34:50 +0100] "GET /wp-content/plugins/elementor/assets/css/theme-light.min.css?ver=3.34.1 HTTP/1.1" 304 3410 "https://jockers3.inglory.de/?preview_id=18&preview_nonce=6389c009dc&preview=true" "Serf/1.3.9 (mod_pagespeed/1.13.35.2-0)"
94.130.90.54 - - [12/Jan/2026:17:34:50 +0100] "GET /wp-content/plugins/imagify/assets/css/admin-bar.min.css?ver=2.2.6 HTTP/1.1" 304 3411 "https://jockers3.inglory.de/?preview_id=18&preview_nonce=6389c009dc&preview=true" "Serf/1.3.9 (mod_pagespeed/1.13.35.2-0)"
94.130.90.54 - - [12/Jan/2026:17:34:50 +0100] "GET /wp-content/themes/hello-elementor/assets/css/reset.css?ver=3.4.5 HTTP/1.1" 304 3411 "https://jockers3.inglory.de/?preview_id=18&preview_nonce=6389c009dc&preview=true" "Serf/1.3.9 (mod_pagespeed/1.13.35.2-0)"
94.130.90.54 - - [12/Jan/2026:17:34:50 +0100] "GET /wp-content/themes/hello-elementor/assets/css/theme.css?ver=3.4.5 HTTP/1.1" 304 3411 "https://jockers3.inglory.de/?preview_id=18&preview_nonce=6389c009dc&preview=true" "Serf/1.3.9 (mod_pagespeed/1.13.35.2-0)"
94.130.90.54 - - [12/Jan/2026:17:34:50 +0100] "GET /wp-content/themes/hello-elementor/assets/css/header-footer.css?ver=3.4.5 HTTP/1.1" 304 3411 "https://jockers3.inglory.de/?preview_id=18&preview_nonce=6389c009dc&preview=true" "Serf/1.3.9 (mod_pagespeed/1.13.35.2-0)"
94.130.90.54 - - [12/Jan/2026:17:34:50 +0100] "GET /wp-content/plugins/elementor/assets/css/frontend.min.css?ver=3.34.1 HTTP/1.1" 304 3411 "https://jockers3.inglory.de/?preview_id=18&preview_nonce=6389c009dc&preview=true" "Serf/1.3.9 (mod_pagespeed/1.13.35.2-0)"
94.130.90.54 - - [12/Jan/2026:17:34:50 +0100] "GET /wp-content/plugins/elementor/assets/css/widget-heading.min.css?ver=3.34.1 HTTP/1.1" 304 3410 "https://jockers3.inglory.de/?preview_id=18&preview_nonce=6389c009dc&preview=true" "Serf/1.3.9 (mod_pagespeed/1.13.35.2-0)"
94.130.90.54 - - [12/Jan/2026:17:34:50 +0100] "GET /wp-content/plugins/elementor/assets/css/widget-image.min.css?ver=3.34.1 HTTP/1.1" 304 3409 "https://jockers3.inglory.de/?preview_id=18&preview_nonce=6389c009dc&preview=true" "Serf/1.3.9 (mod_pagespeed/1.13.35.2-0)"
94.130.90.54 - - [12/Jan/2026:17:34:50 +0100] "GET /wp-content/plugins/elementor-pro/assets/css/widget-nav-menu.min.css?ver=3.34.0 HTTP/1.1" 304 3411 "https://jockers3.inglory.de/?preview_id=18&preview_nonce=6389c009dc&preview=true" "Serf/1.3.9 (mod_pagespeed/1.13.35.2-0)"
94.130.90.54 - - [12/Jan/2026:17:34:50 +0100] "GET /wp-content/plugins/elementor-pro/assets/css/modules/sticky.min.css?ver=3.34.0 HTTP/1.1" 304 3409 "https://jockers3.inglory.de/?preview_id=18&preview_nonce=6389c009dc&preview=true" "Serf/1.3.9 (mod_pagespeed/1.13.35.2-0)"
94.130.90.54 - - [12/Jan/2026:17:34:50 +0100] "GET /wp-content/plugins/elementor/assets/css/widget-rating.min.css?ver=3.34.1 HTTP/1.1" 304 3410 "https://jockers3.inglory.de/?preview_id=18&preview_nonce=6389c009dc&preview=true" "Serf/1.3.9 (mod_pagespeed/1.13.35.2-0)"
94.130.90.54 - - [12/Jan/2026:17:34:50 +0100] "GET /wp-content/plugins/elementor/assets/css/widget-social-icons.min.css?ver=3.34.1 HTTP/1.1" 304 3411 "https://jockers3.inglory.de/?preview_id=18&preview_nonce=6389c009dc&preview=true" "Serf/1.3.9 (mod_pagespeed/1.13.35.2-0)"
91.10.111.70 - - [12/Jan/2026:17:34:50 +0100] "GET /wp-content/uploads/elementor/css/post-18.css?ver=1768235689 HTTP/1.0" 200 12398 "https://jockers3.inglory.de/?preview_id=18&preview_nonce=6389c009dc&preview=true" "Mozilla/5.0 (Macintosh; Intel Mac OS X 10_15_7) AppleWebKit/537.36 (KHTML, like Gecko) Chrome/143.0.0.0 Safari/537.36"
94.130.90.54 - - [12/Jan/2026:17:34:50 +0100] "GET /wp-content/plugins/elementor/assets/css/conditionals/apple-webkit.min.css?ver=3.34.1 HTTP/1.1" 304 3411 "https://jockers3.inglory.de/?preview_id=18&preview_nonce=6389c009dc&preview=true" "Serf/1.3.9 (mod_pagespeed/1.13.35.2-0)"
94.130.90.54 - - [12/Jan/2026:17:34:50 +0100] "GET /wp-content/plugins/elementor/assets/css/widget-icon-list.min.css?ver=3.34.1 HTTP/1.1" 304 3411 "https://jockers3.inglory.de/?preview_id=18&preview_nonce=6389c009dc&preview=true" "Serf/1.3.9 (mod_pagespeed/1.13.35.2-0)"
94.130.90.54 - - [12/Jan/2026:17:34:50 +0100] "GET /wp-content/plugins/elementor/assets/lib/animations/styles/fadeIn.min.css?ver=3.34.1 HTTP/1.1" 304 3409 "https://jockers3.inglory.de/?preview_id=18&preview_nonce=6389c009dc&preview=true" "Serf/1.3.9 (mod_pagespeed/1.13.35.2-0)"
94.130.90.54 - - [12/Jan/2026:17:34:50 +0100] "GET /wp-content/plugins/elementor-pro/assets/css/conditionals/popup.min.css?ver=3.34.0 HTTP/1.1" 304 3410 "https://jockers3.inglory.de/?preview_id=18&preview_nonce=6389c009dc&preview=true" "Serf/1.3.9 (mod_pagespeed/1.13.35.2-0)"
94.130.90.54 - - [12/Jan/2026:17:34:50 +0100] "GET /wp-content/plugins/elementor-pro/assets/css/modules/notes.min.css?ver=3.34.0 HTTP/1.1" 304 3410 "https://jockers3.inglory.de/?preview_id=18&preview_nonce=6389c009dc&preview=true" "Serf/1.3.9 (mod_pagespeed/1.13.35.2-0)"
94.130.90.54 - - [12/Jan/2026:17:34:50 +0100] "GET /wp-content/plugins/elementor/assets/css/admin-bar.min.css?ver=3.34.1 HTTP/1.1" 304 3410 "https://jockers3.inglory.de/?preview_id=18&preview_nonce=6389c009dc&preview=true" "Serf/1.3.9 (mod_pagespeed/1.13.35.2-0)"
94.130.90.54 - - [12/Jan/2026:17:34:50 +0100] "GET /wp-content/uploads/elementor/css/post-7.css?ver=1768233928 HTTP/1.1" 304 3411 "https://jockers3.inglory.de/?preview_id=18&preview_nonce=6389c009dc&preview=true" "Serf/1.3.9 (mod_pagespeed/1.13.35.2-0)"
94.130.90.54 - - [12/Jan/2026:17:34:50 +0100] "GET /wp-content/plugins/elementor/assets/css/widget-divider.min.css?ver=3.34.1 HTTP/1.1" 304 3411 "https://jockers3.inglory.de/?preview_id=18&preview_nonce=6389c009dc&preview=true" "Serf/1.3.9 (mod_pagespeed/1.13.35.2-0)"
94.130.90.54 - - [12/Jan/2026:17:34:50 +0100] "GET /wp-content/plugins/elementor/assets/lib/swiper/v8/css/swiper.min.css?ver=8.4.5 HTTP/1.1" 304 3411 "https://jockers3.inglory.de/?preview_id=18&preview_nonce=6389c009dc&preview=true" "Serf/1.3.9 (mod_pagespeed/1.13.35.2-0)"
94.130.90.54 - - [12/Jan/2026:17:34:50 +0100] "GET /wp-content/plugins/elementor/assets/css/conditionals/e-swiper.min.css?ver=3.34.1 HTTP/1.1" 304 3411 "https://jockers3.inglory.de/?preview_id=18&preview_nonce=6389c009dc&preview=true" "Serf/1.3.9 (mod_pagespeed/1.13.35.2-0)"
94.130.90.54 - - [12/Jan/2026:17:34:50 +0100] "GET /wp-content/plugins/elementor-pro/assets/css/widget-nested-carousel.min.css?ver=3.34.0 HTTP/1.1" 304 3411 "https://jockers3.inglory.de/?preview_id=18&preview_nonce=6389c009dc&preview=true" "Serf/1.3.9 (mod_pagespeed/1.13.35.2-0)"
94.130.90.54 - - [12/Jan/2026:17:34:50 +0100] "GET /wp-content/plugins/elementor-pro/assets/css/widget-media-carousel.min.css?ver=3.34.0 HTTP/1.1" 304 3410 "https://jockers3.inglory.de/?preview_id=18&preview_nonce=6389c009dc&preview=true" "Serf/1.3.9 (mod_pagespeed/1.13.35.2-0)"
94.130.90.54 - - [12/Jan/2026:17:34:50 +0100] "GET /wp-content/plugins/elementor-pro/assets/css/widget-carousel-module-base.min.css?ver=3.34.0 HTTP/1.1" 304 3410 "https://jockers3.inglory.de/?preview_id=18&preview_nonce=6389c009dc&preview=true" "Serf/1.3.9 (mod_pagespeed/1.13.35.2-0)"
94.130.90.54 - - [12/Jan/2026:17:34:50 +0100] "GET /wp-content/uploads/elementor/css/post-110.css?ver=1768235189 HTTP/1.1" 304 3411 "https://jockers3.inglory.de/?preview_id=18&preview_nonce=6389c009dc&preview=true" "Serf/1.3.9 (mod_pagespeed/1.13.35.2-0)"
94.130.90.54 - - [12/Jan/2026:17:34:50 +0100] "GET /wp-content/uploads/elementor/css/post-133.css?ver=1768233930 HTTP/1.1" 304 3411 "https://jockers3.inglory.de/?preview_id=18&preview_nonce=6389c009dc&preview=true" "Serf/1.3.9 (mod_pagespeed/1.13.35.2-0)"
94.130.90.54 - - [12/Jan/2026:17:34:50 +0100] "GET /wp-content/uploads/elementor/css/post-136.css?ver=1768233930 HTTP/1.1" 304 3411 "https://jockers3.inglory.de/?preview_id=18&preview_nonce=6389c009dc&preview=true" "Serf/1.3.9 (mod_pagespeed/1.13.35.2-0)"
94.130.90.54 - - [12/Jan/2026:17:34:50 +0100] "GET /wp-content/plugins/elementor/assets/lib/font-awesome/css/fontawesome.min.css?ver=5.15.3 HTTP/1.1" 304 3411 "https://jockers3.inglory.de/?preview_id=18&preview_nonce=6389c009dc&preview=true" "Serf/1.3.9 (mod_pagespeed/1.13.35.2-0)"
94.130.90.54 - - [12/Jan/2026:17:34:50 +0100] "GET /wp-content/plugins/elementor/assets/lib/font-awesome/css/solid.min.css?ver=5.15.3 HTTP/1.1" 304 3410 "https://jockers3.inglory.de/?preview_id=18&preview_nonce=6389c009dc&preview=true" "Serf/1.3.9 (mod_pagespeed/1.13.35.2-0)"
