94.130.90.54 - - [12/Jan/2026:17:59:26 +0100] "GET /wp-content/plugins/elementor/assets/lib/swiper/v8/swiper.min.js?ver=8.4.5 HTTP/1.1" 304 3412 "https://jockers3.inglory.de/" "Serf/1.3.9 (mod_pagespeed/1.13.35.2-0)"
94.130.90.54 - - [12/Jan/2026:17:59:26 +0100] "GET /wp-content/plugins/elementor-pro/assets/js/webpack-pro.runtime.min.js?ver=3.34.0 HTTP/1.1" 304 3411 "https://jockers3.inglory.de/" "Serf/1.3.9 (mod_pagespeed/1.13.35.2-0)"
94.130.90.54 - - [12/Jan/2026:17:59:26 +0100] "GET /wp-content/uploads/img-1-1.jpg HTTP/1.1" 304 3411 "https://jockers3.inglory.de/" "Serf/1.3.9 (mod_pagespeed/1.13.35.2-0)"
94.130.90.54 - - [12/Jan/2026:17:59:26 +0100] "GET /wp-content/uploads/img-2-1-1.jpg HTTP/1.1" 304 3411 "https://jockers3.inglory.de/" "Serf/1.3.9 (mod_pagespeed/1.13.35.2-0)"
94.130.90.54 - - [12/Jan/2026:17:59:26 +0100] "GET /wp-content/uploads/img-3-1-1.jpg HTTP/1.1" 304 3411 "https://jockers3.inglory.de/" "Serf/1.3.9 (mod_pagespeed/1.13.35.2-0)"
94.130.90.54 - - [12/Jan/2026:17:59:26 +0100] "GET /wp-content/uploads/img-4-1-1.jpg HTTP/1.1" 304 3411 "https://jockers3.inglory.de/" "Serf/1.3.9 (mod_pagespeed/1.13.35.2-0)"
94.130.90.54 - - [12/Jan/2026:17:59:26 +0100] "GET /wp-content/uploads/img-1-8.jpg HTTP/1.1" 304 3411 "https://jockers3.inglory.de/" "Serf/1.3.9 (mod_pagespeed/1.13.35.2-0)"
94.130.90.54 - - [12/Jan/2026:17:59:26 +0100] "GET /wp-content/uploads/img-5-1.jpg HTTP/1.1" 304 3411 "https://jockers3.inglory.de/" "Serf/1.3.9 (mod_pagespeed/1.13.35.2-0)"
94.130.90.54 - - [12/Jan/2026:17:59:26 +0100] "GET /wp-content/uploads/img-6-1.jpg HTTP/1.1" 304 3411 "https://jockers3.inglory.de/" "Serf/1.3.9 (mod_pagespeed/1.13.35.2-0)"
94.130.90.54 - - [12/Jan/2026:17:59:26 +0100] "GET /wp-content/uploads/img-7-1.jpg HTTP/1.1" 304 3411 "https://jockers3.inglory.de/" "Serf/1.3.9 (mod_pagespeed/1.13.35.2-0)"
94.130.90.54 - - [12/Jan/2026:17:59:26 +0100] "GET /wp-content/uploads/img-8-1.jpg HTTP/1.1" 304 3411 "https://jockers3.inglory.de/" "Serf/1.3.9 (mod_pagespeed/1.13.35.2-0)"
94.130.90.54 - - [12/Jan/2026:17:59:26 +0100] "GET /wp-content/uploads/img-9-1.jpg HTTP/1.1" 304 3411 "https://jockers3.inglory.de/" "Serf/1.3.9 (mod_pagespeed/1.13.35.2-0)"
94.130.90.54 - - [12/Jan/2026:17:59:26 +0100] "GET /wp-content/uploads/img-10-1.jpg HTTP/1.1" 304 3411 "https://jockers3.inglory.de/" "Serf/1.3.9 (mod_pagespeed/1.13.35.2-0)"
91.10.111.70 - - [12/Jan/2026:17:59:53 +0100] "POST /wp-admin/admin-ajax.php HTTP/1.0" 200 4354 "https://jockers3.inglory.de/wp-admin/post.php?post=18&action=elementor" "Mozilla/5.0 (Macintosh; Intel Mac OS X 10_15_7) AppleWebKit/537.36 (KHTML, like Gecko) Chrome/143.0.0.0 Safari/537.36"
91.10.111.70 - - [12/Jan/2026:18:00:13 +0100] "POST /wp-admin/admin-ajax.php HTTP/1.0" 200 4405 "https://jockers3.inglory.de/wp-admin/post.php?post=18&action=elementor" "Mozilla/5.0 (Macintosh; Intel Mac OS X 10_15_7) AppleWebKit/537.36 (KHTML, like Gecko) Chrome/143.0.0.0 Safari/537.36"
94.130.90.54 - - [12/Jan/2026:18:00:39 +0100] "POST /wp-cron.php?doing_wp_cron=1768237239.6046090126037597656250 HTTP/1.0" 200 4074 "-" "KA9fbINeAB19"
94.130.90.54 - - [12/Jan/2026:18:00:39 +0100] "POST /wp-cron.php?doing_wp_cron=1768237239.6046240329742431640625 HTTP/1.0" 200 4074 "-" "n4ohcnyDAOg0"
154.28.229.179 - - [12/Jan/2026:18:00:38 +0100] "GET / HTTP/1.0" 200 37094 "-" "Mozilla/5.0 (Windows NT 10.0; Win64; x64) AppleWebKit/537.36 (KHTML, like Gecko) Chrome/117.0.0.0 Safari/537.36"
154.28.229.240 - - [12/Jan/2026:18:00:38 +0100] "GET / HTTP/1.0" 200 37150 "-" "Mozilla/5.0 (Macintosh; Intel Mac OS X 10_15_7) AppleWebKit/537.36 (KHTML, like Gecko) Chrome/116.0.0.0 Safari/537.36"
154.28.229.179 - - [12/Jan/2026:18:00:49 +0100] "GET / HTTP/1.0" 200 35047 "-" "Mozilla/5.0 (Macintosh; Intel Mac OS X 10_15_7) AppleWebKit/537.36 (KHTML, like Gecko) Chrome/116.0.0.0 Safari/537.36"
91.10.111.70 - - [12/Jan/2026:18:00:51 +0100] "POST /wp-admin/admin-ajax.php HTTP/1.0" 200 4405 "https://jockers3.inglory.de/wp-admin/post.php?post=110&action=elementor" "Mozilla/5.0 (Macintosh; Intel Mac OS X 10_15_7) AppleWebKit/537.36 (KHTML, like Gecko) Chrome/143.0.0.0 Safari/537.36"
91.10.111.70 - - [12/Jan/2026:18:01:11 +0100] "POST /wp-admin/admin-ajax.php HTTP/1.0" 200 4405 "https://jockers3.inglory.de/wp-admin/post.php?post=18&action=elementor" "Mozilla/5.0 (Macintosh; Intel Mac OS X 10_15_7) AppleWebKit/537.36 (KHTML, like Gecko) Chrome/143.0.0.0 Safari/537.36"
94.130.90.54 - - [12/Jan/2026:18:01:55 +0100] "POST /wp-cron.php?doing_wp_cron=1768237315.2042369842529296875000 HTTP/1.0" 200 4074 "-" "l2Mzav2OzvXU"
91.10.111.70 - - [12/Jan/2026:18:01:54 +0100] "POST /wp-admin/admin-ajax.php HTTP/1.0" 200 4354 "https://jockers3.inglory.de/wp-admin/post.php?post=18&action=elementor" "Mozilla/5.0 (Macintosh; Intel Mac OS X 10_15_7) AppleWebKit/537.36 (KHTML, like Gecko) Chrome/143.0.0.0 Safari/537.36"
91.10.111.70 - - [12/Jan/2026:18:02:14 +0100] "POST /wp-admin/admin-ajax.php HTTP/1.0" 200 4405 "https://jockers3.inglory.de/wp-admin/post.php?post=18&action=elementor" "Mozilla/5.0 (Macintosh; Intel Mac OS X 10_15_7) AppleWebKit/537.36 (KHTML, like Gecko) Chrome/143.0.0.0 Safari/537.36"
91.10.111.70 - - [12/Jan/2026:18:02:39 +0100] "POST /wp-admin/admin-ajax.php HTTP/1.0" 200 4405 "https://jockers3.inglory.de/wp-admin/post.php?post=18&action=elementor" "Mozilla/5.0 (Macintosh; Intel Mac OS X 10_15_7) AppleWebKit/537.36 (KHTML, like Gecko) Chrome/143.0.0.0 Safari/537.36"
94.130.90.54 - - [12/Jan/2026:18:02:40 +0100] "POST /wp-cron.php?doing_wp_cron=1768237360.2111420631408691406250 HTTP/1.0" 200 4074 "-" "TeRmrAgss5eh"
91.10.111.70 - - [12/Jan/2026:18:02:39 +0100] "POST /wp-admin/admin-ajax.php HTTP/1.0" 200 4354 "https://jockers3.inglory.de/wp-admin/post.php?post=18&action=elementor" "Mozilla/5.0 (Macintosh; Intel Mac OS X 10_15_7) AppleWebKit/537.36 (KHTML, like Gecko) Chrome/143.0.0.0 Safari/537.36"
91.10.111.70 - - [12/Jan/2026:18:02:39 +0100] "GET /wp-json/elementor/v1/checklist/user-progress HTTP/1.0" 200 5039 "https://jockers3.inglory.de/wp-admin/post.php?post=18&action=elementor" "Mozilla/5.0 (Macintosh; Intel Mac OS X 10_15_7) AppleWebKit/537.36 (KHTML, like Gecko) Chrome/143.0.0.0 Safari/537.36"
91.10.111.70 - - [12/Jan/2026:18:02:41 +0100] "GET /wp-content/uploads/img-1.jpg HTTP/1.0" 304 3927 "https://jockers3.inglory.de/?elementor-preview=18&ver=1768233876" "Mozilla/5.0 (Macintosh; Intel Mac OS X 10_15_7) AppleWebKit/537.36 (KHTML, like Gecko) Chrome/143.0.0.0 Safari/537.36"
91.10.111.70 - - [12/Jan/2026:18:02:43 +0100] "GET /wp-content/uploads/img-2-1.jpg HTTP/1.0" 304 3927 "https://jockers3.inglory.de/?elementor-preview=18&ver=1768233876" "Mozilla/5.0 (Macintosh; Intel Mac OS X 10_15_7) AppleWebKit/537.36 (KHTML, like Gecko) Chrome/143.0.0.0 Safari/537.36"
91.10.111.70 - - [12/Jan/2026:18:02:52 +0100] "POST /wp-admin/admin-ajax.php HTTP/1.0" 200 4405 "https://jockers3.inglory.de/wp-admin/post.php?post=110&action=elementor" "Mozilla/5.0 (Macintosh; Intel Mac OS X 10_15_7) AppleWebKit/537.36 (KHTML, like Gecko) Chrome/143.0.0.0 Safari/537.36"
91.10.111.70 - - [12/Jan/2026:18:02:54 +0100] "POST /wp-admin/admin-ajax.php HTTP/1.0" 200 4405 "https://jockers3.inglory.de/wp-admin/post.php?post=18&action=elementor" "Mozilla/5.0 (Macintosh; Intel Mac OS X 10_15_7) AppleWebKit/537.36 (KHTML, like Gecko) Chrome/143.0.0.0 Safari/537.36"
91.10.111.70 - - [12/Jan/2026:18:03:12 +0100] "POST /wp-admin/admin-ajax.php HTTP/1.0" 200 4405 "https://jockers3.inglory.de/wp-admin/post.php?post=18&action=elementor" "Mozilla/5.0 (Macintosh; Intel Mac OS X 10_15_7) AppleWebKit/537.36 (KHTML, like Gecko) Chrome/143.0.0.0 Safari/537.36"
94.130.90.54 - - [12/Jan/2026:18:03:40 +0100] "POST /wp-cron.php?doing_wp_cron=1768237420.2049560546875000000000 HTTP/1.0" 200 4074 "-" "DoA7zgo319GB"
91.10.111.70 - - [12/Jan/2026:18:03:39 +0100] "POST /wp-admin/admin-ajax.php HTTP/1.0" 200 4354 "https://jockers3.inglory.de/wp-admin/post.php?post=18&action=elementor" "Mozilla/5.0 (Macintosh; Intel Mac OS X 10_15_7) AppleWebKit/537.36 (KHTML, like Gecko) Chrome/143.0.0.0 Safari/537.36"
91.10.111.70 - - [12/Jan/2026:18:03:55 +0100] "POST /wp-admin/admin-ajax.php HTTP/1.0" 200 4354 "https://jockers3.inglory.de/wp-admin/post.php?post=18&action=elementor" "Mozilla/5.0 (Macintosh; Intel Mac OS X 10_15_7) AppleWebKit/537.36 (KHTML, like Gecko) Chrome/143.0.0.0 Safari/537.36"
94.130.90.54 - - [12/Jan/2026:18:04:54 +0100] "POST /wp-cron.php?doing_wp_cron=1768237494.2441558837890625000000 HTTP/1.0" 200 4074 "-" "AMuLXlgKgrnC"
91.10.111.70 - - [12/Jan/2026:18:04:53 +0100] "POST /wp-admin/admin-ajax.php HTTP/1.0" 200 4405 "https://jockers3.inglory.de/wp-admin/post.php?post=110&action=elementor" "Mozilla/5.0 (Macintosh; Intel Mac OS X 10_15_7) AppleWebKit/537.36 (KHTML, like Gecko) Chrome/143.0.0.0 Safari/537.36"
91.10.111.70 - - [12/Jan/2026:18:04:55 +0100] "POST /wp-admin/admin-ajax.php HTTP/1.0" 200 4405 "https://jockers3.inglory.de/wp-admin/post.php?post=18&action=elementor" "Mozilla/5.0 (Macintosh; Intel Mac OS X 10_15_7) AppleWebKit/537.36 (KHTML, like Gecko) Chrome/143.0.0.0 Safari/537.36"
91.10.111.70 - - [12/Jan/2026:18:05:13 +0100] "POST /wp-admin/admin-ajax.php HTTP/1.0" 200 4405 "https://jockers3.inglory.de/wp-admin/post.php?post=18&action=elementor" "Mozilla/5.0 (Macintosh; Intel Mac OS X 10_15_7) AppleWebKit/537.36 (KHTML, like Gecko) Chrome/143.0.0.0 Safari/537.36"
94.130.90.54 - - [12/Jan/2026:18:05:41 +0100] "POST /wp-cron.php?doing_wp_cron=1768237541.2044119834899902343750 HTTP/1.0" 200 4074 "-" "27kMiUqgzA6u"
91.10.111.70 - - [12/Jan/2026:18:05:40 +0100] "POST /wp-admin/admin-ajax.php HTTP/1.0" 200 4354 "https://jockers3.inglory.de/wp-admin/post.php?post=18&action=elementor" "Mozilla/5.0 (Macintosh; Intel Mac OS X 10_15_7) AppleWebKit/537.36 (KHTML, like Gecko) Chrome/143.0.0.0 Safari/537.36"
91.10.111.70 - - [12/Jan/2026:18:05:56 +0100] "POST /wp-admin/admin-ajax.php HTTP/1.0" 200 4354 "https://jockers3.inglory.de/wp-admin/post.php?post=18&action=elementor" "Mozilla/5.0 (Macintosh; Intel Mac OS X 10_15_7) AppleWebKit/537.36 (KHTML, like Gecko) Chrome/143.0.0.0 Safari/537.36"
91.10.111.70 - - [12/Jan/2026:18:05:57 +0100] "GET /wp-json/elementor/v1/checklist/user-progress HTTP/1.0" 200 5011 "https://jockers3.inglory.de/wp-admin/post.php?post=18&action=elementor" "Mozilla/5.0 (Macintosh; Intel Mac OS X 10_15_7) AppleWebKit/537.36 (KHTML, like Gecko) Chrome/143.0.0.0 Safari/537.36"
91.10.111.70 - - [12/Jan/2026:18:05:57 +0100] "POST /wp-admin/admin-ajax.php HTTP/1.0" 200 4405 "https://jockers3.inglory.de/wp-admin/post.php?post=18&action=elementor" "Mozilla/5.0 (Macintosh; Intel Mac OS X 10_15_7) AppleWebKit/537.36 (KHTML, like Gecko) Chrome/143.0.0.0 Safari/537.36"
91.10.111.70 - - [12/Jan/2026:18:05:58 +0100] "POST /wp-admin/admin-ajax.php HTTP/1.0" 200 4405 "https://jockers3.inglory.de/wp-admin/post.php?post=110&action=elementor" "Mozilla/5.0 (Macintosh; Intel Mac OS X 10_15_7) AppleWebKit/537.36 (KHTML, like Gecko) Chrome/143.0.0.0 Safari/537.36"
91.10.111.70 - - [12/Jan/2026:18:05:58 +0100] "GET /wp-json/elementor/v1/checklist/user-progress HTTP/1.0" 200 5011 "https://jockers3.inglory.de/wp-admin/post.php?post=110&action=elementor" "Mozilla/5.0 (Macintosh; Intel Mac OS X 10_15_7) AppleWebKit/537.36 (KHTML, like Gecko) Chrome/143.0.0.0 Safari/537.36"
91.10.111.70 - - [12/Jan/2026:18:05:58 +0100] "POST /wp-admin/admin-ajax.php HTTP/1.0" 200 4354 "https://jockers3.inglory.de/wp-admin/post.php?post=110&action=elementor" "Mozilla/5.0 (Macintosh; Intel Mac OS X 10_15_7) AppleWebKit/537.36 (KHTML, like Gecko) Chrome/143.0.0.0 Safari/537.36"
91.10.111.70 - - [12/Jan/2026:18:06:12 +0100] "POST /wp-admin/admin-ajax.php HTTP/1.0" 200 4405 "https://jockers3.inglory.de/wp-admin/post.php?post=18&action=elementor" "Mozilla/5.0 (Macintosh; Intel Mac OS X 10_15_7) AppleWebKit/537.36 (KHTML, like Gecko) Chrome/143.0.0.0 Safari/537.36"
91.10.111.70 - - [12/Jan/2026:18:06:13 +0100] "POST /wp-admin/admin-ajax.php HTTP/1.0" 200 4405 "https://jockers3.inglory.de/wp-admin/post.php?post=110&action=elementor" "Mozilla/5.0 (Macintosh; Intel Mac OS X 10_15_7) AppleWebKit/537.36 (KHTML, like Gecko) Chrome/143.0.0.0 Safari/537.36"
94.130.90.54 - - [12/Jan/2026:18:06:42 +0100] "POST /wp-cron.php?doing_wp_cron=1768237602.1996600627899169921875 HTTP/1.0" 200 4074 "-" "bgPWFyx2gqRx"
91.10.111.70 - - [12/Jan/2026:18:06:41 +0100] "POST /wp-admin/admin-ajax.php HTTP/1.0" 200 4354 "https://jockers3.inglory.de/wp-admin/post.php?post=18&action=elementor" "Mozilla/5.0 (Macintosh; Intel Mac OS X 10_15_7) AppleWebKit/537.36 (KHTML, like Gecko) Chrome/143.0.0.0 Safari/537.36"
91.10.111.70 - - [12/Jan/2026:18:06:58 +0100] "POST /wp-admin/admin-ajax.php HTTP/1.0" 200 4354 "https://jockers3.inglory.de/wp-admin/post.php?post=110&action=elementor" "Mozilla/5.0 (Macintosh; Intel Mac OS X 10_15_7) AppleWebKit/537.36 (KHTML, like Gecko) Chrome/143.0.0.0 Safari/537.36"
91.10.111.70 - - [12/Jan/2026:18:07:14 +0100] "POST /wp-admin/admin-ajax.php HTTP/1.0" 200 4405 "https://jockers3.inglory.de/wp-admin/post.php?post=18&action=elementor" "Mozilla/5.0 (Macintosh; Intel Mac OS X 10_15_7) AppleWebKit/537.36 (KHTML, like Gecko) Chrome/143.0.0.0 Safari/537.36"
94.130.90.54 - - [12/Jan/2026:18:07:58 +0100] "POST /wp-cron.php?doing_wp_cron=1768237678.2004430294036865234375 HTTP/1.0" 200 4074 "-" "tBzyefu1ufmj"
91.10.111.70 - - [12/Jan/2026:18:07:57 +0100] "POST /wp-admin/admin-ajax.php HTTP/1.0" 200 4354 "https://jockers3.inglory.de/wp-admin/post.php?post=18&action=elementor" "Mozilla/5.0 (Macintosh; Intel Mac OS X 10_15_7) AppleWebKit/537.36 (KHTML, like Gecko) Chrome/143.0.0.0 Safari/537.36"
91.10.111.70 - - [12/Jan/2026:18:08:13 +0100] "POST /wp-admin/admin-ajax.php HTTP/1.0" 200 4405 "https://jockers3.inglory.de/wp-admin/post.php?post=18&action=elementor" "Mozilla/5.0 (Macintosh; Intel Mac OS X 10_15_7) AppleWebKit/537.36 (KHTML, like Gecko) Chrome/143.0.0.0 Safari/537.36"
91.10.111.70 - - [12/Jan/2026:18:08:14 +0100] "POST /wp-admin/admin-ajax.php HTTP/1.0" 200 4405 "https://jockers3.inglory.de/wp-admin/post.php?post=110&action=elementor" "Mozilla/5.0 (Macintosh; Intel Mac OS X 10_15_7) AppleWebKit/537.36 (KHTML, like Gecko) Chrome/143.0.0.0 Safari/537.36"
94.130.90.54 - - [12/Jan/2026:18:08:43 +0100] "POST /wp-cron.php?doing_wp_cron=1768237723.2126948833465576171875 HTTP/1.0" 200 4074 "-" "Jj1YDjpLCTSg"
91.10.111.70 - - [12/Jan/2026:18:08:42 +0100] "POST /wp-admin/admin-ajax.php HTTP/1.0" 200 4354 "https://jockers3.inglory.de/wp-admin/post.php?post=18&action=elementor" "Mozilla/5.0 (Macintosh; Intel Mac OS X 10_15_7) AppleWebKit/537.36 (KHTML, like Gecko) Chrome/143.0.0.0 Safari/537.36"
91.10.111.70 - - [12/Jan/2026:18:08:59 +0100] "POST /wp-admin/admin-ajax.php HTTP/1.0" 200 4354 "https://jockers3.inglory.de/wp-admin/post.php?post=110&action=elementor" "Mozilla/5.0 (Macintosh; Intel Mac OS X 10_15_7) AppleWebKit/537.36 (KHTML, like Gecko) Chrome/143.0.0.0 Safari/537.36"
94.130.90.54 - - [12/Jan/2026:18:09:16 +0100] "POST /wp-cron.php?doing_wp_cron=1768237756.2128810882568359375000 HTTP/1.0" 200 4074 "-" "Wl5ne0Q7cDiX"
91.10.111.70 - - [12/Jan/2026:18:09:15 +0100] "POST /wp-admin/admin-ajax.php HTTP/1.0" 200 4405 "https://jockers3.inglory.de/wp-admin/post.php?post=18&action=elementor" "Mozilla/5.0 (Macintosh; Intel Mac OS X 10_15_7) AppleWebKit/537.36 (KHTML, like Gecko) Chrome/143.0.0.0 Safari/537.36"
94.130.90.54 - - [12/Jan/2026:18:09:19 +0100] "GET /wp-content/plugins/preloader-pro/assets/css/loftloader.min.css?ver=2024090401 HTTP/1.1" 304 3412 "https://jockers3.inglory.de/" "Serf/1.3.9 (mod_pagespeed/1.13.35.2-0)"
128.192.12.116 - - [12/Jan/2026:18:09:18 +0100] "GET / HTTP/1.0" 200 33039 "-" "Mozilla/5.0 (compatible; UGAResearchAgent/1.0; Please visit: NISLabUGA.github.io)"
94.130.90.54 - - [12/Jan/2026:18:09:19 +0100] "GET /wp-content/themes/hello-elementor/assets/css/reset.css?ver=3.4.5 HTTP/1.1" 304 3411 "https://jockers3.inglory.de/" "Serf/1.3.9 (mod_pagespeed/1.13.35.2-0)"
94.130.90.54 - - [12/Jan/2026:18:09:19 +0100] "GET /wp-content/themes/hello-elementor/assets/css/theme.css?ver=3.4.5 HTTP/1.1" 304 3411 "https://jockers3.inglory.de/" "Serf/1.3.9 (mod_pagespeed/1.13.35.2-0)"
94.130.90.54 - - [12/Jan/2026:18:09:19 +0100] "GET /wp-content/themes/hello-elementor/assets/css/header-footer.css?ver=3.4.5 HTTP/1.1" 304 3411 "https://jockers3.inglory.de/" "Serf/1.3.9 (mod_pagespeed/1.13.35.2-0)"
94.130.90.54 - - [12/Jan/2026:18:09:19 +0100] "GET /wp-content/plugins/elementor/assets/css/frontend.min.css?ver=3.34.1 HTTP/1.1" 304 3411 "https://jockers3.inglory.de/" "Serf/1.3.9 (mod_pagespeed/1.13.35.2-0)"
94.130.90.54 - - [12/Jan/2026:18:09:19 +0100] "GET /wp-content/plugins/elementor/assets/css/widget-heading.min.css?ver=3.34.1 HTTP/1.1" 304 3410 "https://jockers3.inglory.de/" "Serf/1.3.9 (mod_pagespeed/1.13.35.2-0)"
94.130.90.54 - - [12/Jan/2026:18:09:19 +0100] "GET /wp-content/plugins/elementor/assets/css/widget-image.min.css?ver=3.34.1 HTTP/1.1" 304 3409 "https://jockers3.inglory.de/" "Serf/1.3.9 (mod_pagespeed/1.13.35.2-0)"
94.130.90.54 - - [12/Jan/2026:18:09:19 +0100] "GET /wp-content/plugins/elementor-pro/assets/css/widget-nav-menu.min.css?ver=3.34.0 HTTP/1.1" 304 3411 "https://jockers3.inglory.de/" "Serf/1.3.9 (mod_pagespeed/1.13.35.2-0)"
94.130.90.54 - - [12/Jan/2026:18:09:19 +0100] "GET /wp-content/plugins/elementor-pro/assets/css/modules/sticky.min.css?ver=3.34.0 HTTP/1.1" 304 3409 "https://jockers3.inglory.de/" "Serf/1.3.9 (mod_pagespeed/1.13.35.2-0)"
94.130.90.54 - - [12/Jan/2026:18:09:19 +0100] "GET /wp-content/plugins/elementor/assets/css/widget-rating.min.css?ver=3.34.1 HTTP/1.1" 304 3410 "https://jockers3.inglory.de/" "Serf/1.3.9 (mod_pagespeed/1.13.35.2-0)"
94.130.90.54 - - [12/Jan/2026:18:09:19 +0100] "GET /wp-content/plugins/elementor/assets/css/widget-social-icons.min.css?ver=3.34.1 HTTP/1.1" 304 3411 "https://jockers3.inglory.de/" "Serf/1.3.9 (mod_pagespeed/1.13.35.2-0)"
94.130.90.54 - - [12/Jan/2026:18:09:19 +0100] "GET /wp-content/plugins/elementor/assets/css/conditionals/apple-webkit.min.css?ver=3.34.1 HTTP/1.1" 304 3411 "https://jockers3.inglory.de/" "Serf/1.3.9 (mod_pagespeed/1.13.35.2-0)"
94.130.90.54 - - [12/Jan/2026:18:09:19 +0100] "GET /wp-content/plugins/elementor/assets/css/widget-icon-list.min.css?ver=3.34.1 HTTP/1.1" 304 3411 "https://jockers3.inglory.de/" "Serf/1.3.9 (mod_pagespeed/1.13.35.2-0)"
94.130.90.54 - - [12/Jan/2026:18:09:19 +0100] "GET /wp-content/plugins/elementor/assets/lib/animations/styles/fadeIn.min.css?ver=3.34.1 HTTP/1.1" 304 3409 "https://jockers3.inglory.de/" "Serf/1.3.9 (mod_pagespeed/1.13.35.2-0)"
94.130.90.54 - - [12/Jan/2026:18:09:19 +0100] "GET /wp-content/plugins/elementor-pro/assets/css/conditionals/popup.min.css?ver=3.34.0 HTTP/1.1" 304 3410 "https://jockers3.inglory.de/" "Serf/1.3.9 (mod_pagespeed/1.13.35.2-0)"
94.130.90.54 - - [12/Jan/2026:18:09:19 +0100] "GET /wp-content/plugins/elementor/assets/lib/eicons/css/elementor-icons.min.css?ver=5.45.0 HTTP/1.1" 304 3411 "https://jockers3.inglory.de/" "Serf/1.3.9 (mod_pagespeed/1.13.35.2-0)"
94.130.90.54 - - [12/Jan/2026:18:09:19 +0100] "GET /wp-content/uploads/elementor/css/post-7.css?ver=1768233928 HTTP/1.1" 304 3411 "https://jockers3.inglory.de/" "Serf/1.3.9 (mod_pagespeed/1.13.35.2-0)"
94.130.90.54 - - [12/Jan/2026:18:09:19 +0100] "GET /wp-content/plugins/elementor/assets/css/widget-divider.min.css?ver=3.34.1 HTTP/1.1" 304 3411 "https://jockers3.inglory.de/" "Serf/1.3.9 (mod_pagespeed/1.13.35.2-0)"
94.130.90.54 - - [12/Jan/2026:18:09:19 +0100] "GET /wp-content/plugins/elementor/assets/lib/swiper/v8/css/swiper.min.css?ver=8.4.5 HTTP/1.1" 304 3411 "https://jockers3.inglory.de/" "Serf/1.3.9 (mod_pagespeed/1.13.35.2-0)"
94.130.90.54 - - [12/Jan/2026:18:09:19 +0100] "GET /wp-content/plugins/elementor/assets/css/conditionals/e-swiper.min.css?ver=3.34.1 HTTP/1.1" 304 3411 "https://jockers3.inglory.de/" "Serf/1.3.9 (mod_pagespeed/1.13.35.2-0)"
94.130.90.54 - - [12/Jan/2026:18:09:19 +0100] "GET /wp-content/plugins/elementor-pro/assets/css/widget-nested-carousel.min.css?ver=3.34.0 HTTP/1.1" 304 3411 "https://jockers3.inglory.de/" "Serf/1.3.9 (mod_pagespeed/1.13.35.2-0)"
94.130.90.54 - - [12/Jan/2026:18:09:19 +0100] "GET /wp-content/plugins/elementor-pro/assets/css/widget-media-carousel.min.css?ver=3.34.0 HTTP/1.1" 304 3410 "https://jockers3.inglory.de/" "Serf/1.3.9 (mod_pagespeed/1.13.35.2-0)"
94.130.90.54 - - [12/Jan/2026:18:09:19 +0100] "GET /wp-content/plugins/elementor-pro/assets/css/widget-carousel-module-base.min.css?ver=3.34.0 HTTP/1.1" 304 3410 "https://jockers3.inglory.de/" "Serf/1.3.9 (mod_pagespeed/1.13.35.2-0)"
94.130.90.54 - - [12/Jan/2026:18:09:19 +0100] "GET /wp-content/uploads/elementor/css/post-110.css?ver=1768235189 HTTP/1.1" 304 3411 "https://jockers3.inglory.de/" "Serf/1.3.9 (mod_pagespeed/1.13.35.2-0)"
94.130.90.54 - - [12/Jan/2026:18:09:19 +0100] "GET /wp-content/uploads/elementor/css/post-133.css?ver=1768233930 HTTP/1.1" 304 3411 "https://jockers3.inglory.de/" "Serf/1.3.9 (mod_pagespeed/1.13.35.2-0)"
94.130.90.54 - - [12/Jan/2026:18:09:19 +0100] "GET /wp-content/uploads/elementor/css/post-136.css?ver=1768233930 HTTP/1.1" 304 3411 "https://jockers3.inglory.de/" "Serf/1.3.9 (mod_pagespeed/1.13.35.2-0)"
94.130.90.54 - - [12/Jan/2026:18:09:19 +0100] "GET /wp-content/plugins/elementor/assets/lib/font-awesome/css/fontawesome.min.css?ver=5.15.3 HTTP/1.1" 304 3411 "https://jockers3.inglory.de/" "Serf/1.3.9 (mod_pagespeed/1.13.35.2-0)"
94.130.90.54 - - [12/Jan/2026:18:09:19 +0100] "GET /wp-content/plugins/elementor/assets/lib/font-awesome/css/solid.min.css?ver=5.15.3 HTTP/1.1" 304 3410 "https://jockers3.inglory.de/" "Serf/1.3.9 (mod_pagespeed/1.13.35.2-0)"
94.130.90.54 - - [12/Jan/2026:18:09:19 +0100] "GET /wp-content/plugins/elementor/assets/lib/font-awesome/css/brands.min.css?ver=5.15.3 HTTP/1.1" 304 3410 "https://jockers3.inglory.de/" "Serf/1.3.9 (mod_pagespeed/1.13.35.2-0)"
94.130.90.54 - - [12/Jan/2026:18:09:19 +0100] "GET /wp-content/plugins/elementor-pro/assets/lib/smartmenus/jquery.smartmenus.min.js?ver=1.2.1 HTTP/1.1" 304 3411 "https://jockers3.inglory.de/" "Serf/1.3.9 (mod_pagespeed/1.13.35.2-0)"
94.130.90.54 - - [12/Jan/2026:18:09:19 +0100] "GET /wp-content/plugins/elementor-pro/assets/lib/sticky/jquery.sticky.min.js?ver=3.34.0 HTTP/1.1" 304 3410 "https://jockers3.inglory.de/" "Serf/1.3.9 (mod_pagespeed/1.13.35.2-0)"
94.130.90.54 - - [12/Jan/2026:18:09:19 +0100] "GET /wp-includes/js/dist/hooks.min.js?ver=dd5603f07f9220ed27f1 HTTP/1.1" 304 3411 "https://jockers3.inglory.de/" "Serf/1.3.9 (mod_pagespeed/1.13.35.2-0)"
94.130.90.54 - - [12/Jan/2026:18:09:19 +0100] "GET /wp-includes/js/dist/i18n.min.js?ver=c26c3dc7bed366793375 HTTP/1.1" 304 3411 "https://jockers3.inglory.de/" "Serf/1.3.9 (mod_pagespeed/1.13.35.2-0)"
94.130.90.54 - - [12/Jan/2026:18:09:19 +0100] "GET /wp-content/uploads/cropped-items-32x32.png HTTP/1.1" 304 3410 "https://jockers3.inglory.de/" "Serf/1.3.9 (mod_pagespeed/1.13.35.2-0)"
94.130.90.54 - - [12/Jan/2026:18:09:19 +0100] "GET /wp-content/uploads/cropped-items-192x192.png HTTP/1.1" 304 3410 "https://jockers3.inglory.de/" "Serf/1.3.9 (mod_pagespeed/1.13.35.2-0)"
94.130.90.54 - - [12/Jan/2026:18:09:19 +0100] "GET /wp-content/uploads/cropped-items-180x180.png HTTP/1.1" 304 3410 "https://jockers3.inglory.de/" "Serf/1.3.9 (mod_pagespeed/1.13.35.2-0)"
94.130.90.54 - - [12/Jan/2026:18:09:19 +0100] "GET /wp-content/uploads/img-1.jpg HTTP/1.1" 200 116145 "https://jockers3.inglory.de/" "Serf/1.3.9 (mod_pagespeed/1.13.35.2-0)"
94.130.90.54 - - [12/Jan/2026:18:09:19 +0100] "GET /wp-content/uploads/img-1.jpg HTTP/1.1" 200 116145 "https://jockers3.inglory.de/" "Serf/1.3.9 (mod_pagespeed/1.13.35.2-0)"
94.130.90.54 - - [12/Jan/2026:18:09:19 +0100] "GET /wp-content/uploads/img-1-300x127.jpg HTTP/1.1" 304 3411 "https://jockers3.inglory.de/" "Serf/1.3.9 (mod_pagespeed/1.13.35.2-0)"
94.130.90.54 - - [12/Jan/2026:18:09:19 +0100] "GET /wp-content/uploads/img-1-1024x434.jpg HTTP/1.1" 304 3411 "https://jockers3.inglory.de/" "Serf/1.3.9 (mod_pagespeed/1.13.35.2-0)"
94.130.90.54 - - [12/Jan/2026:18:09:19 +0100] "GET /wp-content/uploads/img-1-768x325.jpg HTTP/1.1" 304 3411 "https://jockers3.inglory.de/" "Serf/1.3.9 (mod_pagespeed/1.13.35.2-0)"
94.130.90.54 - - [12/Jan/2026:18:09:19 +0100] "GET /wp-content/uploads/img-1-1536x651.jpg HTTP/1.1" 304 3412 "https://jockers3.inglory.de/" "Serf/1.3.9 (mod_pagespeed/1.13.35.2-0)"
94.130.90.54 - - [12/Jan/2026:18:09:19 +0100] "GET /wp-content/uploads/img-2-1.jpg HTTP/1.1" 200 84053 "https://jockers3.inglory.de/" "Serf/1.3.9 (mod_pagespeed/1.13.35.2-0)"
94.130.90.54 - - [12/Jan/2026:18:09:19 +0100] "GET /wp-content/uploads/img-2-1.jpg HTTP/1.1" 200 84053 "https://jockers3.inglory.de/" "Serf/1.3.9 (mod_pagespeed/1.13.35.2-0)"
94.130.90.54 - - [12/Jan/2026:18:09:19 +0100] "GET /wp-content/uploads/img-2-1-300x154.jpg HTTP/1.1" 304 3411 "https://jockers3.inglory.de/" "Serf/1.3.9 (mod_pagespeed/1.13.35.2-0)"
94.130.90.54 - - [12/Jan/2026:18:09:19 +0100] "GET /wp-content/uploads/img-2-1-1024x525.jpg HTTP/1.1" 304 3411 "https://jockers3.inglory.de/" "Serf/1.3.9 (mod_pagespeed/1.13.35.2-0)"
94.130.90.54 - - [12/Jan/2026:18:09:19 +0100] "GET /wp-content/uploads/img-2-1-768x394.jpg HTTP/1.1" 304 3411 "https://jockers3.inglory.de/" "Serf/1.3.9 (mod_pagespeed/1.13.35.2-0)"
94.130.90.54 - - [12/Jan/2026:18:09:19 +0100] "GET /wp-content/uploads/img-3-1.jpg HTTP/1.1" 304 3412 "https://jockers3.inglory.de/" "Serf/1.3.9 (mod_pagespeed/1.13.35.2-0)"
94.130.90.54 - - [12/Jan/2026:18:09:19 +0100] "GET /wp-content/uploads/img-3-1.jpg HTTP/1.1" 304 3412 "https://jockers3.inglory.de/" "Serf/1.3.9 (mod_pagespeed/1.13.35.2-0)"
94.130.90.54 - - [12/Jan/2026:18:09:19 +0100] "GET /wp-content/uploads/img-3-1-300x154.jpg HTTP/1.1" 304 3411 "https://jockers3.inglory.de/" "Serf/1.3.9 (mod_pagespeed/1.13.35.2-0)"
94.130.90.54 - - [12/Jan/2026:18:09:19 +0100] "GET /wp-content/uploads/img-3-1-1024x525.jpg HTTP/1.1" 304 3411 "https://jockers3.inglory.de/" "Serf/1.3.9 (mod_pagespeed/1.13.35.2-0)"
94.130.90.54 - - [12/Jan/2026:18:09:19 +0100] "GET /wp-content/uploads/img-3-1-768x394.jpg HTTP/1.1" 304 3411 "https://jockers3.inglory.de/" "Serf/1.3.9 (mod_pagespeed/1.13.35.2-0)"
94.130.90.54 - - [12/Jan/2026:18:09:19 +0100] "GET /wp-content/uploads/img-4-1.jpg HTTP/1.1" 304 3411 "https://jockers3.inglory.de/" "Serf/1.3.9 (mod_pagespeed/1.13.35.2-0)"
94.130.90.54 - - [12/Jan/2026:18:09:19 +0100] "GET /wp-content/uploads/img-4-1.jpg HTTP/1.1" 304 3411 "https://jockers3.inglory.de/" "Serf/1.3.9 (mod_pagespeed/1.13.35.2-0)"
94.130.90.54 - - [12/Jan/2026:18:09:19 +0100] "GET /wp-content/uploads/img-4-1-300x171.jpg HTTP/1.1" 304 3411 "https://jockers3.inglory.de/" "Serf/1.3.9 (mod_pagespeed/1.13.35.2-0)"
94.130.90.54 - - [12/Jan/2026:18:09:19 +0100] "GET /wp-content/uploads/img-4-1-1024x582.jpg HTTP/1.1" 304 3411 "https://jockers3.inglory.de/" "Serf/1.3.9 (mod_pagespeed/1.13.35.2-0)"
94.130.90.54 - - [12/Jan/2026:18:09:19 +0100] "GET /wp-content/uploads/img-4-1-768x437.jpg HTTP/1.1" 304 3411 "https://jockers3.inglory.de/" "Serf/1.3.9 (mod_pagespeed/1.13.35.2-0)"
94.130.90.54 - - [12/Jan/2026:18:09:19 +0100] "GET /wp-includes/js/jquery/jquery.min.js?ver=3.7.1 HTTP/1.1" 304 3412 "https://jockers3.inglory.de/" "Serf/1.3.9 (mod_pagespeed/1.13.35.2-0)"
94.130.90.54 - - [12/Jan/2026:18:09:19 +0100] "GET /wp-includes/js/jquery/jquery-migrate.min.js?ver=3.4.1 HTTP/1.1" 304 3411 "https://jockers3.inglory.de/" "Serf/1.3.9 (mod_pagespeed/1.13.35.2-0)"
94.130.90.54 - - [12/Jan/2026:18:09:19 +0100] "GET /wp-content/plugins/preloader-pro/assets/js/jquery.waitformedias.min.js?ver=2024090401 HTTP/1.1" 304 3411 "https://jockers3.inglory.de/" "Serf/1.3.9 (mod_pagespeed/1.13.35.2-0)"
94.130.90.54 - - [12/Jan/2026:18:09:19 +0100] "GET /wp-content/plugins/preloader-pro/assets/js/loftloader.min.js?ver=2024090401 HTTP/1.1" 304 3411 "https://jockers3.inglory.de/" "Serf/1.3.9 (mod_pagespeed/1.13.35.2-0)"
94.130.90.54 - - [12/Jan/2026:18:09:19 +0100] "GET /wp-content/plugins/elementor/assets/js/webpack.runtime.min.js?ver=3.34.1 HTTP/1.1" 304 3411 "https://jockers3.inglory.de/" "Serf/1.3.9 (mod_pagespeed/1.13.35.2-0)"
94.130.90.54 - - [12/Jan/2026:18:09:19 +0100] "GET /wp-content/plugins/elementor/assets/js/frontend-modules.min.js?ver=3.34.1 HTTP/1.1" 304 3412 "https://jockers3.inglory.de/" "Serf/1.3.9 (mod_pagespeed/1.13.35.2-0)"
94.130.90.54 - - [12/Jan/2026:18:09:19 +0100] "GET /wp-includes/js/jquery/ui/core.min.js?ver=1.13.3 HTTP/1.1" 304 3411 "https://jockers3.inglory.de/" "Serf/1.3.9 (mod_pagespeed/1.13.35.2-0)"
94.130.90.54 - - [12/Jan/2026:18:09:19 +0100] "GET /wp-content/plugins/elementor-pro/assets/js/frontend.min.js?ver=3.34.0 HTTP/1.1" 304 3411 "https://jockers3.inglory.de/" "Serf/1.3.9 (mod_pagespeed/1.13.35.2-0)"
94.130.90.54 - - [12/Jan/2026:18:09:19 +0100] "GET /wp-content/plugins/elementor-pro/assets/js/elements-handlers.min.js?ver=3.34.0 HTTP/1.1" 304 3411 "https://jockers3.inglory.de/" "Serf/1.3.9 (mod_pagespeed/1.13.35.2-0)"
94.130.90.54 - - [12/Jan/2026:18:09:19 +0100] "GET /wp-content/uploads/elementor/css/post-18.css?ver=1768235689 HTTP/1.1" 304 3412 "https://jockers3.inglory.de/" "Serf/1.3.9 (mod_pagespeed/1.13.35.2-0)"
94.130.90.54 - - [12/Jan/2026:18:09:19 +0100] "GET /wp-content/uploads/logo.svg HTTP/1.1" 200 12376 "https://jockers3.inglory.de/" "Serf/1.3.9 (mod_pagespeed/1.13.35.2-0)"
94.130.90.54 - - [12/Jan/2026:18:09:19 +0100] "GET /wp-content/uploads/logo.svg HTTP/1.1" 200 12376 "https://jockers3.inglory.de/" "Serf/1.3.9 (mod_pagespeed/1.13.35.2-0)"
94.130.90.54 - - [12/Jan/2026:18:09:19 +0100] "GET /wp-content/uploads/Google-logo.svg HTTP/1.1" 200 4667 "https://jockers3.inglory.de/" "Serf/1.3.9 (mod_pagespeed/1.13.35.2-0)"
94.130.90.54 - - [12/Jan/2026:18:09:19 +0100] "GET /wp-content/uploads/image-27.svg HTTP/1.1" 200 67585 "https://jockers3.inglory.de/" "Serf/1.3.9 (mod_pagespeed/1.13.35.2-0)"
94.130.90.54 - - [12/Jan/2026:18:09:19 +0100] "GET /wp-content/uploads/logo.svg HTTP/1.1" 200 12376 "https://jockers3.inglory.de/" "Serf/1.3.9 (mod_pagespeed/1.13.35.2-0)"
94.130.90.54 - - [12/Jan/2026:18:09:19 +0100] "GET /wp-content/plugins/elementor/assets/js/frontend.min.js?ver=3.34.1 HTTP/1.1" 304 3411 "https://jockers3.inglory.de/" "Serf/1.3.9 (mod_pagespeed/1.13.35.2-0)"
94.130.90.54 - - [12/Jan/2026:18:09:19 +0100] "GET /wp-content/plugins/elementor/assets/lib/swiper/v8/swiper.min.js?ver=8.4.5 HTTP/1.1" 304 3412 "https://jockers3.inglory.de/" "Serf/1.3.9 (mod_pagespeed/1.13.35.2-0)"
94.130.90.54 - - [12/Jan/2026:18:09:19 +0100] "GET /wp-content/plugins/elementor-pro/assets/js/webpack-pro.runtime.min.js?ver=3.34.0 HTTP/1.1" 304 3411 "https://jockers3.inglory.de/" "Serf/1.3.9 (mod_pagespeed/1.13.35.2-0)"
94.130.90.54 - - [12/Jan/2026:18:09:19 +0100] "GET /wp-content/uploads/img-1-1.jpg HTTP/1.1" 304 3411 "https://jockers3.inglory.de/" "Serf/1.3.9 (mod_pagespeed/1.13.35.2-0)"
94.130.90.54 - - [12/Jan/2026:18:09:19 +0100] "GET /wp-content/uploads/img-2-1-1.jpg HTTP/1.1" 304 3411 "https://jockers3.inglory.de/" "Serf/1.3.9 (mod_pagespeed/1.13.35.2-0)"
94.130.90.54 - - [12/Jan/2026:18:09:19 +0100] "GET /wp-content/uploads/img-3-1-1.jpg HTTP/1.1" 304 3411 "https://jockers3.inglory.de/" "Serf/1.3.9 (mod_pagespeed/1.13.35.2-0)"
94.130.90.54 - - [12/Jan/2026:18:09:19 +0100] "GET /wp-content/uploads/img-4-1-1.jpg HTTP/1.1" 304 3411 "https://jockers3.inglory.de/" "Serf/1.3.9 (mod_pagespeed/1.13.35.2-0)"
94.130.90.54 - - [12/Jan/2026:18:09:19 +0100] "GET /wp-content/uploads/img-1-8.jpg HTTP/1.1" 304 3411 "https://jockers3.inglory.de/" "Serf/1.3.9 (mod_pagespeed/1.13.35.2-0)"
94.130.90.54 - - [12/Jan/2026:18:09:19 +0100] "GET /wp-content/uploads/img-5-1.jpg HTTP/1.1" 304 3411 "https://jockers3.inglory.de/" "Serf/1.3.9 (mod_pagespeed/1.13.35.2-0)"
94.130.90.54 - - [12/Jan/2026:18:09:19 +0100] "GET /wp-content/uploads/img-6-1.jpg HTTP/1.1" 304 3411 "https://jockers3.inglory.de/" "Serf/1.3.9 (mod_pagespeed/1.13.35.2-0)"
94.130.90.54 - - [12/Jan/2026:18:09:19 +0100] "GET /wp-content/uploads/img-7-1.jpg HTTP/1.1" 304 3411 "https://jockers3.inglory.de/" "Serf/1.3.9 (mod_pagespeed/1.13.35.2-0)"
94.130.90.54 - - [12/Jan/2026:18:09:19 +0100] "GET /wp-content/uploads/img-8-1.jpg HTTP/1.1" 304 3411 "https://jockers3.inglory.de/" "Serf/1.3.9 (mod_pagespeed/1.13.35.2-0)"
94.130.90.54 - - [12/Jan/2026:18:09:19 +0100] "GET /wp-content/uploads/img-9-1.jpg HTTP/1.1" 304 3411 "https://jockers3.inglory.de/" "Serf/1.3.9 (mod_pagespeed/1.13.35.2-0)"
94.130.90.54 - - [12/Jan/2026:18:09:19 +0100] "GET /wp-content/uploads/img-10-1.jpg HTTP/1.1" 304 3411 "https://jockers3.inglory.de/" "Serf/1.3.9 (mod_pagespeed/1.13.35.2-0)"
91.10.111.70 - - [12/Jan/2026:18:09:58 +0100] "POST /wp-admin/admin-ajax.php HTTP/1.0" 200 4354 "https://jockers3.inglory.de/wp-admin/post.php?post=18&action=elementor" "Mozilla/5.0 (Macintosh; Intel Mac OS X 10_15_7) AppleWebKit/537.36 (KHTML, like Gecko) Chrome/143.0.0.0 Safari/537.36"
91.10.111.70 - - [12/Jan/2026:18:10:14 +0100] "POST /wp-admin/admin-ajax.php HTTP/1.0" 200 4405 "https://jockers3.inglory.de/wp-admin/post.php?post=18&action=elementor" "Mozilla/5.0 (Macintosh; Intel Mac OS X 10_15_7) AppleWebKit/537.36 (KHTML, like Gecko) Chrome/143.0.0.0 Safari/537.36"
94.130.90.54 - - [12/Jan/2026:18:10:16 +0100] "POST /wp-cron.php?doing_wp_cron=1768237816.2130570411682128906250 HTTP/1.0" 200 4074 "-" "iBTq2FVDnEgx"
91.10.111.70 - - [12/Jan/2026:18:10:15 +0100] "POST /wp-admin/admin-ajax.php HTTP/1.0" 200 4405 "https://jockers3.inglory.de/wp-admin/post.php?post=110&action=elementor" "Mozilla/5.0 (Macintosh; Intel Mac OS X 10_15_7) AppleWebKit/537.36 (KHTML, like Gecko) Chrome/143.0.0.0 Safari/537.36"
91.10.111.70 - - [12/Jan/2026:18:10:43 +0100] "POST /wp-admin/admin-ajax.php HTTP/1.0" 200 4354 "https://jockers3.inglory.de/wp-admin/post.php?post=18&action=elementor" "Mozilla/5.0 (Macintosh; Intel Mac OS X 10_15_7) AppleWebKit/537.36 (KHTML, like Gecko) Chrome/143.0.0.0 Safari/537.36"
91.10.111.70 - - [12/Jan/2026:18:11:00 +0100] "POST /wp-admin/admin-ajax.php HTTP/1.0" 200 4354 "https://jockers3.inglory.de/wp-admin/post.php?post=110&action=elementor" "Mozilla/5.0 (Macintosh; Intel Mac OS X 10_15_7) AppleWebKit/537.36 (KHTML, like Gecko) Chrome/143.0.0.0 Safari/537.36"
94.130.90.54 - - [12/Jan/2026:18:11:17 +0100] "POST /wp-cron.php?doing_wp_cron=1768237877.2288730144500732421875 HTTP/1.0" 200 4074 "-" "ZsENhBIY7Sw3"
91.10.111.70 - - [12/Jan/2026:18:11:16 +0100] "POST /wp-admin/admin-ajax.php HTTP/1.0" 200 4405 "https://jockers3.inglory.de/wp-admin/post.php?post=18&action=elementor" "Mozilla/5.0 (Macintosh; Intel Mac OS X 10_15_7) AppleWebKit/537.36 (KHTML, like Gecko) Chrome/143.0.0.0 Safari/537.36"
91.10.111.70 - - [12/Jan/2026:18:11:59 +0100] "POST /wp-admin/admin-ajax.php HTTP/1.0" 200 4354 "https://jockers3.inglory.de/wp-admin/post.php?post=18&action=elementor" "Mozilla/5.0 (Macintosh; Intel Mac OS X 10_15_7) AppleWebKit/537.36 (KHTML, like Gecko) Chrome/143.0.0.0 Safari/537.36"
94.130.90.54 - - [12/Jan/2026:18:12:16 +0100] "POST /wp-cron.php?doing_wp_cron=1768237936.2151401042938232421875 HTTP/1.0" 200 4074 "-" "KsnoOvmkAw3L"
91.10.111.70 - - [12/Jan/2026:18:12:15 +0100] "POST /wp-admin/admin-ajax.php HTTP/1.0" 200 4405 "https://jockers3.inglory.de/wp-admin/post.php?post=18&action=elementor" "Mozilla/5.0 (Macintosh; Intel Mac OS X 10_15_7) AppleWebKit/537.36 (KHTML, like Gecko) Chrome/143.0.0.0 Safari/537.36"
91.10.111.70 - - [12/Jan/2026:18:12:16 +0100] "POST /wp-admin/admin-ajax.php HTTP/1.0" 200 4405 "https://jockers3.inglory.de/wp-admin/post.php?post=110&action=elementor" "Mozilla/5.0 (Macintosh; Intel Mac OS X 10_15_7) AppleWebKit/537.36 (KHTML, like Gecko) Chrome/143.0.0.0 Safari/537.36"
91.10.111.70 - - [12/Jan/2026:18:12:44 +0100] "POST /wp-admin/admin-ajax.php HTTP/1.0" 200 4354 "https://jockers3.inglory.de/wp-admin/post.php?post=18&action=elementor" "Mozilla/5.0 (Macintosh; Intel Mac OS X 10_15_7) AppleWebKit/537.36 (KHTML, like Gecko) Chrome/143.0.0.0 Safari/537.36"
91.10.111.70 - - [12/Jan/2026:18:13:01 +0100] "POST /wp-admin/admin-ajax.php HTTP/1.0" 200 4354 "https://jockers3.inglory.de/wp-admin/post.php?post=110&action=elementor" "Mozilla/5.0 (Macintosh; Intel Mac OS X 10_15_7) AppleWebKit/537.36 (KHTML, like Gecko) Chrome/143.0.0.0 Safari/537.36"
94.130.90.54 - - [12/Jan/2026:18:13:18 +0100] "POST /wp-cron.php?doing_wp_cron=1768237998.2143630981445312500000 HTTP/1.0" 200 4074 "-" "KLA624jINTs3"
91.10.111.70 - - [12/Jan/2026:18:13:17 +0100] "POST /wp-admin/admin-ajax.php HTTP/1.0" 200 4405 "https://jockers3.inglory.de/wp-admin/post.php?post=18&action=elementor" "Mozilla/5.0 (Macintosh; Intel Mac OS X 10_15_7) AppleWebKit/537.36 (KHTML, like Gecko) Chrome/143.0.0.0 Safari/537.36"
91.10.111.70 - - [12/Jan/2026:18:14:00 +0100] "POST /wp-admin/admin-ajax.php HTTP/1.0" 200 4354 "https://jockers3.inglory.de/wp-admin/post.php?post=18&action=elementor" "Mozilla/5.0 (Macintosh; Intel Mac OS X 10_15_7) AppleWebKit/537.36 (KHTML, like Gecko) Chrome/143.0.0.0 Safari/537.36"
94.130.90.54 - - [12/Jan/2026:18:14:17 +0100] "POST /wp-cron.php?doing_wp_cron=1768238057.2130839824676513671875 HTTP/1.0" 200 4074 "-" "Bf5hbVCinGOp"
91.10.111.70 - - [12/Jan/2026:18:14:16 +0100] "POST /wp-admin/admin-ajax.php HTTP/1.0" 200 4405 "https://jockers3.inglory.de/wp-admin/post.php?post=18&action=elementor" "Mozilla/5.0 (Macintosh; Intel Mac OS X 10_15_7) AppleWebKit/537.36 (KHTML, like Gecko) Chrome/143.0.0.0 Safari/537.36"
91.10.111.70 - - [12/Jan/2026:18:14:17 +0100] "POST /wp-admin/admin-ajax.php HTTP/1.0" 200 4405 "https://jockers3.inglory.de/wp-admin/post.php?post=110&action=elementor" "Mozilla/5.0 (Macintosh; Intel Mac OS X 10_15_7) AppleWebKit/537.36 (KHTML, like Gecko) Chrome/143.0.0.0 Safari/537.36"
91.10.111.70 - - [12/Jan/2026:18:14:45 +0100] "POST /wp-admin/admin-ajax.php HTTP/1.0" 200 4354 "https://jockers3.inglory.de/wp-admin/post.php?post=18&action=elementor" "Mozilla/5.0 (Macintosh; Intel Mac OS X 10_15_7) AppleWebKit/537.36 (KHTML, like Gecko) Chrome/143.0.0.0 Safari/537.36"
91.10.111.70 - - [12/Jan/2026:18:15:02 +0100] "POST /wp-admin/admin-ajax.php HTTP/1.0" 200 4354 "https://jockers3.inglory.de/wp-admin/post.php?post=110&action=elementor" "Mozilla/5.0 (Macintosh; Intel Mac OS X 10_15_7) AppleWebKit/537.36 (KHTML, like Gecko) Chrome/143.0.0.0 Safari/537.36"
94.130.90.54 - - [12/Jan/2026:18:15:19 +0100] "POST /wp-cron.php?doing_wp_cron=1768238119.2171320915222167968750 HTTP/1.0" 200 4074 "-" "3sSTJw0CCVdL"
91.10.111.70 - - [12/Jan/2026:18:15:18 +0100] "POST /wp-admin/admin-ajax.php HTTP/1.0" 200 4405 "https://jockers3.inglory.de/wp-admin/post.php?post=18&action=elementor" "Mozilla/5.0 (Macintosh; Intel Mac OS X 10_15_7) AppleWebKit/537.36 (KHTML, like Gecko) Chrome/143.0.0.0 Safari/537.36"
91.10.111.70 - - [12/Jan/2026:18:16:01 +0100] "POST /wp-admin/admin-ajax.php HTTP/1.0" 200 4354 "https://jockers3.inglory.de/wp-admin/post.php?post=18&action=elementor" "Mozilla/5.0 (Macintosh; Intel Mac OS X 10_15_7) AppleWebKit/537.36 (KHTML, like Gecko) Chrome/143.0.0.0 Safari/537.36"
94.130.90.54 - - [12/Jan/2026:18:16:18 +0100] "POST /wp-cron.php?doing_wp_cron=1768238178.2907350063323974609375 HTTP/1.0" 200 4074 "-" "lIp45haQFRx8"
91.10.111.70 - - [12/Jan/2026:18:16:17 +0100] "POST /wp-admin/admin-ajax.php HTTP/1.0" 200 4405 "https://jockers3.inglory.de/wp-admin/post.php?post=18&action=elementor" "Mozilla/5.0 (Macintosh; Intel Mac OS X 10_15_7) AppleWebKit/537.36 (KHTML, like Gecko) Chrome/143.0.0.0 Safari/537.36"
91.10.111.70 - - [12/Jan/2026:18:16:18 +0100] "POST /wp-admin/admin-ajax.php HTTP/1.0" 200 4405 "https://jockers3.inglory.de/wp-admin/post.php?post=110&action=elementor" "Mozilla/5.0 (Macintosh; Intel Mac OS X 10_15_7) AppleWebKit/537.36 (KHTML, like Gecko) Chrome/143.0.0.0 Safari/537.36"
94.130.90.54 - - [12/Jan/2026:18:17:20 +0100] "POST /wp-cron.php?doing_wp_cron=1768238240.2370870113372802734375 HTTP/1.0" 200 4074 "-" "XkNBkNHd5wVl"
91.10.111.70 - - [12/Jan/2026:18:17:19 +0100] "POST /wp-admin/admin-ajax.php HTTP/1.0" 200 4405 "https://jockers3.inglory.de/wp-admin/post.php?post=18&action=elementor" "Mozilla/5.0 (Macintosh; Intel Mac OS X 10_15_7) AppleWebKit/537.36 (KHTML, like Gecko) Chrome/143.0.0.0 Safari/537.36"
91.10.111.70 - - [12/Jan/2026:18:18:02 +0100] "POST /wp-admin/admin-ajax.php HTTP/1.0" 200 4354 "https://jockers3.inglory.de/wp-admin/post.php?post=18&action=elementor" "Mozilla/5.0 (Macintosh; Intel Mac OS X 10_15_7) AppleWebKit/537.36 (KHTML, like Gecko) Chrome/143.0.0.0 Safari/537.36"
94.130.90.54 - - [12/Jan/2026:18:18:19 +0100] "POST /wp-cron.php?doing_wp_cron=1768238299.2259120941162109375000 HTTP/1.0" 200 4074 "-" "Lv9aRJnOhmbA"
91.10.111.70 - - [12/Jan/2026:18:18:18 +0100] "POST /wp-admin/admin-ajax.php HTTP/1.0" 200 4405 "https://jockers3.inglory.de/wp-admin/post.php?post=18&action=elementor" "Mozilla/5.0 (Macintosh; Intel Mac OS X 10_15_7) AppleWebKit/537.36 (KHTML, like Gecko) Chrome/143.0.0.0 Safari/537.36"
91.10.111.70 - - [12/Jan/2026:18:18:19 +0100] "POST /wp-admin/admin-ajax.php HTTP/1.0" 200 4405 "https://jockers3.inglory.de/wp-admin/post.php?post=110&action=elementor" "Mozilla/5.0 (Macintosh; Intel Mac OS X 10_15_7) AppleWebKit/537.36 (KHTML, like Gecko) Chrome/143.0.0.0 Safari/537.36"
94.130.90.54 - - [12/Jan/2026:18:19:21 +0100] "POST /wp-cron.php?doing_wp_cron=1768238361.2167720794677734375000 HTTP/1.0" 200 4074 "-" "lgnFOPChQ90V"
91.10.111.70 - - [12/Jan/2026:18:19:20 +0100] "POST /wp-admin/admin-ajax.php HTTP/1.0" 200 4405 "https://jockers3.inglory.de/wp-admin/post.php?post=18&action=elementor" "Mozilla/5.0 (Macintosh; Intel Mac OS X 10_15_7) AppleWebKit/537.36 (KHTML, like Gecko) Chrome/143.0.0.0 Safari/537.36"
91.10.111.70 - - [12/Jan/2026:18:20:03 +0100] "POST /wp-admin/admin-ajax.php HTTP/1.0" 200 4354 "https://jockers3.inglory.de/wp-admin/post.php?post=18&action=elementor" "Mozilla/5.0 (Macintosh; Intel Mac OS X 10_15_7) AppleWebKit/537.36 (KHTML, like Gecko) Chrome/143.0.0.0 Safari/537.36"
94.130.90.54 - - [12/Jan/2026:18:20:20 +0100] "POST /wp-cron.php?doing_wp_cron=1768238420.2224559783935546875000 HTTP/1.0" 200 4074 "-" "oJ6zijrfxNB4"
91.10.111.70 - - [12/Jan/2026:18:20:19 +0100] "POST /wp-admin/admin-ajax.php HTTP/1.0" 200 4405 "https://jockers3.inglory.de/wp-admin/post.php?post=18&action=elementor" "Mozilla/5.0 (Macintosh; Intel Mac OS X 10_15_7) AppleWebKit/537.36 (KHTML, like Gecko) Chrome/143.0.0.0 Safari/537.36"
91.10.111.70 - - [12/Jan/2026:18:20:20 +0100] "POST /wp-admin/admin-ajax.php HTTP/1.0" 200 4405 "https://jockers3.inglory.de/wp-admin/post.php?post=110&action=elementor" "Mozilla/5.0 (Macintosh; Intel Mac OS X 10_15_7) AppleWebKit/537.36 (KHTML, like Gecko) Chrome/143.0.0.0 Safari/537.36"
94.130.90.54 - - [12/Jan/2026:18:21:22 +0100] "POST /wp-cron.php?doing_wp_cron=1768238482.2349519729614257812500 HTTP/1.0" 200 4074 "-" "3c84FfEUnxPR"
91.10.111.70 - - [12/Jan/2026:18:21:21 +0100] "POST /wp-admin/admin-ajax.php HTTP/1.0" 200 4405 "https://jockers3.inglory.de/wp-admin/post.php?post=18&action=elementor" "Mozilla/5.0 (Macintosh; Intel Mac OS X 10_15_7) AppleWebKit/537.36 (KHTML, like Gecko) Chrome/143.0.0.0 Safari/537.36"
94.130.90.54 - - [12/Jan/2026:18:21:44 +0100] "GET /wp-content/plugins/preloader-pro/assets/css/loftloader.min.css?ver=2024090401 HTTP/1.1" 304 3412 "https://jockers3.inglory.de/" "Serf/1.3.9 (mod_pagespeed/1.13.35.2-0)"
95.91.204.179 - - [12/Jan/2026:18:21:43 +0100] "GET / HTTP/1.0" 200 35110 "-" "Mozilla/5.0 (Linux; Android 10; K) AppleWebKit/537.36 (KHTML, like Gecko) SamsungBrowser/29.0 Chrome/136.0.0.0 Mobile Safari/537.36"
94.130.90.54 - - [12/Jan/2026:18:21:44 +0100] "GET /wp-content/themes/hello-elementor/assets/css/reset.css?ver=3.4.5 HTTP/1.1" 304 3411 "https://jockers3.inglory.de/" "Serf/1.3.9 (mod_pagespeed/1.13.35.2-0)"
94.130.90.54 - - [12/Jan/2026:18:21:44 +0100] "GET /wp-content/themes/hello-elementor/assets/css/theme.css?ver=3.4.5 HTTP/1.1" 304 3411 "https://jockers3.inglory.de/" "Serf/1.3.9 (mod_pagespeed/1.13.35.2-0)"
94.130.90.54 - - [12/Jan/2026:18:21:44 +0100] "GET /wp-content/themes/hello-elementor/assets/css/header-footer.css?ver=3.4.5 HTTP/1.1" 304 3411 "https://jockers3.inglory.de/" "Serf/1.3.9 (mod_pagespeed/1.13.35.2-0)"
94.130.90.54 - - [12/Jan/2026:18:21:44 +0100] "GET /wp-content/plugins/elementor/assets/css/frontend.min.css?ver=3.34.1 HTTP/1.1" 304 3411 "https://jockers3.inglory.de/" "Serf/1.3.9 (mod_pagespeed/1.13.35.2-0)"
94.130.90.54 - - [12/Jan/2026:18:21:44 +0100] "GET /wp-content/plugins/elementor/assets/css/widget-heading.min.css?ver=3.34.1 HTTP/1.1" 304 3410 "https://jockers3.inglory.de/" "Serf/1.3.9 (mod_pagespeed/1.13.35.2-0)"
94.130.90.54 - - [12/Jan/2026:18:21:44 +0100] "GET /wp-content/plugins/elementor/assets/css/widget-image.min.css?ver=3.34.1 HTTP/1.1" 304 3409 "https://jockers3.inglory.de/" "Serf/1.3.9 (mod_pagespeed/1.13.35.2-0)"
94.130.90.54 - - [12/Jan/2026:18:21:44 +0100] "GET /wp-content/plugins/elementor-pro/assets/css/widget-nav-menu.min.css?ver=3.34.0 HTTP/1.1" 304 3411 "https://jockers3.inglory.de/" "Serf/1.3.9 (mod_pagespeed/1.13.35.2-0)"
94.130.90.54 - - [12/Jan/2026:18:21:44 +0100] "GET /wp-content/plugins/elementor-pro/assets/css/modules/sticky.min.css?ver=3.34.0 HTTP/1.1" 304 3409 "https://jockers3.inglory.de/" "Serf/1.3.9 (mod_pagespeed/1.13.35.2-0)"
94.130.90.54 - - [12/Jan/2026:18:21:44 +0100] "GET /wp-content/plugins/elementor/assets/css/widget-rating.min.css?ver=3.34.1 HTTP/1.1" 304 3410 "https://jockers3.inglory.de/" "Serf/1.3.9 (mod_pagespeed/1.13.35.2-0)"
94.130.90.54 - - [12/Jan/2026:18:21:44 +0100] "GET /wp-content/plugins/elementor/assets/css/widget-social-icons.min.css?ver=3.34.1 HTTP/1.1" 304 3411 "https://jockers3.inglory.de/" "Serf/1.3.9 (mod_pagespeed/1.13.35.2-0)"
94.130.90.54 - - [12/Jan/2026:18:21:44 +0100] "GET /wp-content/plugins/elementor/assets/css/conditionals/apple-webkit.min.css?ver=3.34.1 HTTP/1.1" 304 3411 "https://jockers3.inglory.de/" "Serf/1.3.9 (mod_pagespeed/1.13.35.2-0)"
94.130.90.54 - - [12/Jan/2026:18:21:44 +0100] "GET /wp-content/plugins/elementor/assets/css/widget-icon-list.min.css?ver=3.34.1 HTTP/1.1" 304 3411 "https://jockers3.inglory.de/" "Serf/1.3.9 (mod_pagespeed/1.13.35.2-0)"
94.130.90.54 - - [12/Jan/2026:18:21:44 +0100] "GET /wp-content/plugins/elementor/assets/lib/animations/styles/fadeIn.min.css?ver=3.34.1 HTTP/1.1" 304 3409 "https://jockers3.inglory.de/" "Serf/1.3.9 (mod_pagespeed/1.13.35.2-0)"
94.130.90.54 - - [12/Jan/2026:18:21:44 +0100] "GET /wp-content/plugins/elementor-pro/assets/css/conditionals/popup.min.css?ver=3.34.0 HTTP/1.1" 304 3410 "https://jockers3.inglory.de/" "Serf/1.3.9 (mod_pagespeed/1.13.35.2-0)"
94.130.90.54 - - [12/Jan/2026:18:21:44 +0100] "GET /wp-content/plugins/elementor/assets/lib/eicons/css/elementor-icons.min.css?ver=5.45.0 HTTP/1.1" 304 3411 "https://jockers3.inglory.de/" "Serf/1.3.9 (mod_pagespeed/1.13.35.2-0)"
94.130.90.54 - - [12/Jan/2026:18:21:44 +0100] "GET /wp-content/uploads/elementor/css/post-7.css?ver=1768233928 HTTP/1.1" 304 3411 "https://jockers3.inglory.de/" "Serf/1.3.9 (mod_pagespeed/1.13.35.2-0)"
94.130.90.54 - - [12/Jan/2026:18:21:44 +0100] "GET /wp-content/plugins/elementor/assets/css/widget-divider.min.css?ver=3.34.1 HTTP/1.1" 304 3411 "https://jockers3.inglory.de/" "Serf/1.3.9 (mod_pagespeed/1.13.35.2-0)"
94.130.90.54 - - [12/Jan/2026:18:21:44 +0100] "GET /wp-content/plugins/elementor/assets/lib/swiper/v8/css/swiper.min.css?ver=8.4.5 HTTP/1.1" 304 3411 "https://jockers3.inglory.de/" "Serf/1.3.9 (mod_pagespeed/1.13.35.2-0)"
94.130.90.54 - - [12/Jan/2026:18:21:44 +0100] "GET /wp-content/plugins/elementor/assets/css/conditionals/e-swiper.min.css?ver=3.34.1 HTTP/1.1" 304 3411 "https://jockers3.inglory.de/" "Serf/1.3.9 (mod_pagespeed/1.13.35.2-0)"
94.130.90.54 - - [12/Jan/2026:18:21:44 +0100] "GET /wp-content/plugins/elementor-pro/assets/css/widget-nested-carousel.min.css?ver=3.34.0 HTTP/1.1" 304 3411 "https://jockers3.inglory.de/" "Serf/1.3.9 (mod_pagespeed/1.13.35.2-0)"
94.130.90.54 - - [12/Jan/2026:18:21:44 +0100] "GET /wp-content/plugins/elementor-pro/assets/css/widget-media-carousel.min.css?ver=3.34.0 HTTP/1.1" 304 3410 "https://jockers3.inglory.de/" "Serf/1.3.9 (mod_pagespeed/1.13.35.2-0)"
94.130.90.54 - - [12/Jan/2026:18:21:44 +0100] "GET /wp-content/plugins/elementor-pro/assets/css/widget-carousel-module-base.min.css?ver=3.34.0 HTTP/1.1" 304 3410 "https://jockers3.inglory.de/" "Serf/1.3.9 (mod_pagespeed/1.13.35.2-0)"
94.130.90.54 - - [12/Jan/2026:18:21:44 +0100] "GET /wp-content/uploads/elementor/css/post-110.css?ver=1768235189 HTTP/1.1" 304 3411 "https://jockers3.inglory.de/" "Serf/1.3.9 (mod_pagespeed/1.13.35.2-0)"
94.130.90.54 - - [12/Jan/2026:18:21:44 +0100] "GET /wp-content/uploads/elementor/css/post-133.css?ver=1768233930 HTTP/1.1" 304 3411 "https://jockers3.inglory.de/" "Serf/1.3.9 (mod_pagespeed/1.13.35.2-0)"
94.130.90.54 - - [12/Jan/2026:18:21:44 +0100] "GET /wp-content/uploads/elementor/css/post-136.css?ver=1768233930 HTTP/1.1" 304 3411 "https://jockers3.inglory.de/" "Serf/1.3.9 (mod_pagespeed/1.13.35.2-0)"
94.130.90.54 - - [12/Jan/2026:18:21:44 +0100] "GET /wp-content/plugins/elementor/assets/lib/font-awesome/css/fontawesome.min.css?ver=5.15.3 HTTP/1.1" 304 3411 "https://jockers3.inglory.de/" "Serf/1.3.9 (mod_pagespeed/1.13.35.2-0)"
94.130.90.54 - - [12/Jan/2026:18:21:44 +0100] "GET /wp-content/plugins/elementor/assets/lib/font-awesome/css/solid.min.css?ver=5.15.3 HTTP/1.1" 304 3410 "https://jockers3.inglory.de/" "Serf/1.3.9 (mod_pagespeed/1.13.35.2-0)"
94.130.90.54 - - [12/Jan/2026:18:21:44 +0100] "GET /wp-content/plugins/elementor/assets/lib/font-awesome/css/brands.min.css?ver=5.15.3 HTTP/1.1" 304 3410 "https://jockers3.inglory.de/" "Serf/1.3.9 (mod_pagespeed/1.13.35.2-0)"
94.130.90.54 - - [12/Jan/2026:18:21:44 +0100] "GET /wp-content/plugins/elementor-pro/assets/lib/smartmenus/jquery.smartmenus.min.js?ver=1.2.1 HTTP/1.1" 304 3411 "https://jockers3.inglory.de/" "Serf/1.3.9 (mod_pagespeed/1.13.35.2-0)"
