94.130.90.54 - - [12/Jan/2026:23:54:17 +0100] "GET /wp-content/uploads/img-3-1-3.jpg HTTP/1.1" 200 47204 "https://jockers3.inglory.de/referenzen-innensauna/" "Serf/1.3.9 (mod_pagespeed/1.13.35.2-0)"
94.130.90.54 - - [12/Jan/2026:23:54:17 +0100] "GET /wp-content/uploads/img-3-1-3.jpg HTTP/1.1" 200 47204 "https://jockers3.inglory.de/referenzen-innensauna/" "Serf/1.3.9 (mod_pagespeed/1.13.35.2-0)"
94.130.90.54 - - [12/Jan/2026:23:54:17 +0100] "GET /wp-content/uploads/img-3-1-3-300x221.jpg HTTP/1.1" 200 10006 "https://jockers3.inglory.de/referenzen-innensauna/" "Serf/1.3.9 (mod_pagespeed/1.13.35.2-0)"
94.130.90.54 - - [12/Jan/2026:23:54:17 +0100] "GET /wp-content/uploads/img-3-1-3-1024x755.jpg HTTP/1.1" 200 37554 "https://jockers3.inglory.de/referenzen-innensauna/" "Serf/1.3.9 (mod_pagespeed/1.13.35.2-0)"
94.130.90.54 - - [12/Jan/2026:23:54:17 +0100] "GET /wp-content/uploads/img-3-1-3-768x567.jpg HTTP/1.1" 200 27810 "https://jockers3.inglory.de/referenzen-innensauna/" "Serf/1.3.9 (mod_pagespeed/1.13.35.2-0)"
94.130.90.54 - - [12/Jan/2026:23:54:17 +0100] "GET /wp-content/uploads/img-4-1-3.jpg HTTP/1.1" 200 70979 "https://jockers3.inglory.de/referenzen-innensauna/" "Serf/1.3.9 (mod_pagespeed/1.13.35.2-0)"
94.130.90.54 - - [12/Jan/2026:23:54:17 +0100] "GET /wp-content/uploads/img-4-1-3.jpg HTTP/1.1" 200 70979 "https://jockers3.inglory.de/referenzen-innensauna/" "Serf/1.3.9 (mod_pagespeed/1.13.35.2-0)"
94.130.90.54 - - [12/Jan/2026:23:54:17 +0100] "GET /wp-content/uploads/img-4-1-3-300x239.jpg HTTP/1.1" 200 10284 "https://jockers3.inglory.de/referenzen-innensauna/" "Serf/1.3.9 (mod_pagespeed/1.13.35.2-0)"
94.130.90.54 - - [12/Jan/2026:23:54:17 +0100] "GET /wp-content/uploads/img-4-1-3-1024x815.jpg HTTP/1.1" 200 49559 "https://jockers3.inglory.de/referenzen-innensauna/" "Serf/1.3.9 (mod_pagespeed/1.13.35.2-0)"
94.130.90.54 - - [12/Jan/2026:23:54:17 +0100] "GET /wp-content/uploads/img-4-1-3-768x611.jpg HTTP/1.1" 200 33859 "https://jockers3.inglory.de/referenzen-innensauna/" "Serf/1.3.9 (mod_pagespeed/1.13.35.2-0)"
94.130.90.54 - - [12/Jan/2026:23:54:17 +0100] "GET /wp-content/uploads/img-5-1-1.jpg HTTP/1.1" 200 83091 "https://jockers3.inglory.de/referenzen-innensauna/" "Serf/1.3.9 (mod_pagespeed/1.13.35.2-0)"
94.130.90.54 - - [12/Jan/2026:23:54:17 +0100] "GET /wp-content/uploads/img-5-1-1.jpg HTTP/1.1" 200 83091 "https://jockers3.inglory.de/referenzen-innensauna/" "Serf/1.3.9 (mod_pagespeed/1.13.35.2-0)"
94.130.90.54 - - [12/Jan/2026:23:54:17 +0100] "GET /wp-content/uploads/img-5-1-1-300x212.jpg HTTP/1.1" 200 13269 "https://jockers3.inglory.de/referenzen-innensauna/" "Serf/1.3.9 (mod_pagespeed/1.13.35.2-0)"
94.130.90.54 - - [12/Jan/2026:23:54:17 +0100] "GET /wp-content/uploads/img-5-1-1-1024x722.jpg HTTP/1.1" 200 77806 "https://jockers3.inglory.de/referenzen-innensauna/" "Serf/1.3.9 (mod_pagespeed/1.13.35.2-0)"
94.130.90.54 - - [12/Jan/2026:23:54:17 +0100] "GET /wp-content/uploads/img-6-1-1.jpg HTTP/1.1" 200 45722 "https://jockers3.inglory.de/referenzen-innensauna/" "Serf/1.3.9 (mod_pagespeed/1.13.35.2-0)"
94.130.90.54 - - [12/Jan/2026:23:54:17 +0100] "GET /wp-content/uploads/img-7-1-1.jpg HTTP/1.1" 200 90431 "https://jockers3.inglory.de/referenzen-innensauna/" "Serf/1.3.9 (mod_pagespeed/1.13.35.2-0)"
94.130.90.54 - - [12/Jan/2026:23:54:17 +0100] "GET /wp-content/uploads/img-7-1-1-300x212.jpg HTTP/1.1" 200 9929 "https://jockers3.inglory.de/referenzen-innensauna/" "Serf/1.3.9 (mod_pagespeed/1.13.35.2-0)"
94.130.90.54 - - [12/Jan/2026:23:54:17 +0100] "GET /wp-content/uploads/img-7-1-1-1024x722.jpg HTTP/1.1" 200 57709 "https://jockers3.inglory.de/referenzen-innensauna/" "Serf/1.3.9 (mod_pagespeed/1.13.35.2-0)"
94.130.90.54 - - [12/Jan/2026:23:54:17 +0100] "GET /wp-content/uploads/img-7-1-1-768x542.jpg HTTP/1.1" 200 37962 "https://jockers3.inglory.de/referenzen-innensauna/" "Serf/1.3.9 (mod_pagespeed/1.13.35.2-0)"
94.130.90.54 - - [12/Jan/2026:23:54:17 +0100] "GET /wp-content/uploads/elementor/css/post-168.css?ver=1768234401 HTTP/1.1" 200 55644 "https://jockers3.inglory.de/referenzen-innensauna/" "Serf/1.3.9 (mod_pagespeed/1.13.35.2-0)"
94.130.90.54 - - [12/Jan/2026:23:54:17 +0100] "GET /wp-content/uploads/img-5-1-1-768x542.jpg HTTP/1.1" 200 50103 "https://jockers3.inglory.de/referenzen-innensauna/" "Serf/1.3.9 (mod_pagespeed/1.13.35.2-0)"
94.130.90.54 - - [12/Jan/2026:23:54:17 +0100] "GET /wp-content/uploads/img-6-1-1.jpg HTTP/1.1" 200 45722 "https://jockers3.inglory.de/referenzen-innensauna/" "Serf/1.3.9 (mod_pagespeed/1.13.35.2-0)"
94.130.90.54 - - [12/Jan/2026:23:54:17 +0100] "GET /wp-content/uploads/img-6-1-1-300x212.jpg HTTP/1.1" 200 10583 "https://jockers3.inglory.de/referenzen-innensauna/" "Serf/1.3.9 (mod_pagespeed/1.13.35.2-0)"
94.130.90.54 - - [12/Jan/2026:23:54:17 +0100] "GET /wp-content/uploads/img-6-1-1-1024x722.jpg HTTP/1.1" 200 47403 "https://jockers3.inglory.de/referenzen-innensauna/" "Serf/1.3.9 (mod_pagespeed/1.13.35.2-0)"
94.130.90.54 - - [12/Jan/2026:23:54:17 +0100] "GET /wp-content/uploads/img-6-1-1-768x542.jpg HTTP/1.1" 200 31726 "https://jockers3.inglory.de/referenzen-innensauna/" "Serf/1.3.9 (mod_pagespeed/1.13.35.2-0)"
94.130.90.54 - - [12/Jan/2026:23:54:17 +0100] "GET /wp-content/uploads/img-7-1-1.jpg HTTP/1.1" 200 90431 "https://jockers3.inglory.de/referenzen-innensauna/" "Serf/1.3.9 (mod_pagespeed/1.13.35.2-0)"
216.73.216.146 - - [12/Jan/2026:23:54:19 +0100] "GET /wp-content/plugins/elementor-pro/assets/css/A.widget-carousel-module-base.min.css,qver=3.34.0.pagespeed.cf.-yFxTkHrBz.css HTTP/1.0" 200 4785 "-" "Mozilla/5.0 AppleWebKit/537.36 (KHTML, like Gecko; compatible; ClaudeBot/1.0; +claudebot@anthropic.com)"
216.73.216.146 - - [12/Jan/2026:23:54:19 +0100] "GET /wp-content/themes/hello-elementor/assets/css/theme.css,qver=3.4.5.pagespeed.ce.pIDSv4xSPa.css HTTP/1.0" 200 5416 "-" "Mozilla/5.0 AppleWebKit/537.36 (KHTML, like Gecko; compatible; ClaudeBot/1.0; +claudebot@anthropic.com)"
216.73.216.146 - - [12/Jan/2026:23:54:20 +0100] "GET /wp-content/plugins/preloader-pro/assets/css/A.loftloader.min.css,qver=2024090401.pagespeed.cf.FFlJccbzb0.css HTTP/1.0" 200 11237 "-" "Mozilla/5.0 AppleWebKit/537.36 (KHTML, like Gecko; compatible; ClaudeBot/1.0; +claudebot@anthropic.com)"
216.73.216.146 - - [12/Jan/2026:23:54:20 +0100] "GET /wp-content/plugins/elementor-pro/assets/css/A.widget-nav-menu.min.css,qver=3.34.0.pagespeed.cf.GfA-OKevUX.css HTTP/1.0" 200 7588 "-" "Mozilla/5.0 AppleWebKit/537.36 (KHTML, like Gecko; compatible; ClaudeBot/1.0; +claudebot@anthropic.com)"
216.73.216.146 - - [12/Jan/2026:23:54:21 +0100] "GET /wp-content/uploads/Ludwigshafen_002-scaled-1.jpeg HTTP/1.0" 200 282194 "-" "Mozilla/5.0 AppleWebKit/537.36 (KHTML, like Gecko; compatible; ClaudeBot/1.0; +claudebot@anthropic.com)"
216.73.216.146 - - [12/Jan/2026:23:54:21 +0100] "GET /wp-content/uploads/Maikammer_006-scaled-1.jpeg HTTP/1.0" 200 133946 "-" "Mozilla/5.0 AppleWebKit/537.36 (KHTML, like Gecko; compatible; ClaudeBot/1.0; +claudebot@anthropic.com)"
216.73.216.146 - - [12/Jan/2026:23:54:46 +0100] "GET /wp-content/uploads/Jockers-AGB-aktuell.pdf HTTP/1.0" 200 55073 "-" "Mozilla/5.0 AppleWebKit/537.36 (KHTML, like Gecko; compatible; ClaudeBot/1.0; +claudebot@anthropic.com)"
216.73.216.146 - - [12/Jan/2026:23:54:46 +0100] "GET /wp-content/uploads/elementor/css/A.post-110.css,qver=1768235189.pagespeed.cf.WfoJLf7daA.css HTTP/1.0" 200 6460 "-" "Mozilla/5.0 AppleWebKit/537.36 (KHTML, like Gecko; compatible; ClaudeBot/1.0; +claudebot@anthropic.com)"
216.73.216.146 - - [12/Jan/2026:23:54:46 +0100] "GET /wp-content/plugins/elementor/assets/css/conditionals/apple-webkit.min.css,qver=3.34.1.pagespeed.ce.-UpJxJYbwI.css HTTP/1.0" 200 4691 "-" "Mozilla/5.0 AppleWebKit/537.36 (KHTML, like Gecko; compatible; ClaudeBot/1.0; +claudebot@anthropic.com)"
216.73.216.146 - - [12/Jan/2026:23:54:47 +0100] "GET /wp-content/plugins/elementor/assets/css/frontend.min.css,qver=3.34.1.pagespeed.ce.ooYSYxTskt.css HTTP/1.0" 200 11434 "-" "Mozilla/5.0 AppleWebKit/537.36 (KHTML, like Gecko; compatible; ClaudeBot/1.0; +claudebot@anthropic.com)"
216.73.216.146 - - [12/Jan/2026:23:54:47 +0100] "GET /wp-content/plugins/elementor/assets/css/A.widget-divider.min.css,qver=3.34.1.pagespeed.cf.2uVmcsjov2.css HTTP/1.0" 200 4882 "-" "Mozilla/5.0 AppleWebKit/537.36 (KHTML, like Gecko; compatible; ClaudeBot/1.0; +claudebot@anthropic.com)"
216.73.216.146 - - [12/Jan/2026:23:54:48 +0100] "GET /wp-content/uploads/elementor/css/A.post-7.css,qver=1768233928.pagespeed.cf.f0bllpXzRC.css HTTP/1.0" 200 10117 "-" "Mozilla/5.0 AppleWebKit/537.36 (KHTML, like Gecko; compatible; ClaudeBot/1.0; +claudebot@anthropic.com)"
94.130.90.54 - - [12/Jan/2026:23:55:31 +0100] "GET /wp-content/uploads/elementor/css/post-18.css?ver=1768235689 HTTP/1.1" 304 3412 "-" "Serf/1.3.9 (mod_pagespeed/1.13.35.2-0)"
216.73.216.146 - - [12/Jan/2026:23:55:31 +0100] "GET /wp-content/uploads/elementor/css/A.post-18.css,qver=1768235689.pagespeed.cf.9Sk0c7_67Z.css HTTP/1.0" 200 133280 "-" "Mozilla/5.0 AppleWebKit/537.36 (KHTML, like Gecko; compatible; ClaudeBot/1.0; +claudebot@anthropic.com)"
94.130.90.54 - - [12/Jan/2026:23:55:31 +0100] "GET /wp-content/uploads/img-2-1.jpg HTTP/1.1" 304 3412 "https://jockers3.inglory.de/wp-content/uploads/elementor/css/A.post-18.css,qver=1768235689.pagespeed.cf.9Sk0c7_67Z.css" "Serf/1.3.9 (mod_pagespeed/1.13.35.2-0)"
94.130.90.54 - - [12/Jan/2026:23:55:31 +0100] "GET /wp-content/uploads/img-3-1.jpg HTTP/1.1" 304 3412 "https://jockers3.inglory.de/wp-content/uploads/elementor/css/A.post-18.css,qver=1768235689.pagespeed.cf.9Sk0c7_67Z.css" "Serf/1.3.9 (mod_pagespeed/1.13.35.2-0)"
94.130.90.54 - - [12/Jan/2026:23:55:31 +0100] "GET /wp-content/uploads/img-4-1.jpg HTTP/1.1" 304 3411 "https://jockers3.inglory.de/wp-content/uploads/elementor/css/A.post-18.css,qver=1768235689.pagespeed.cf.9Sk0c7_67Z.css" "Serf/1.3.9 (mod_pagespeed/1.13.35.2-0)"
216.73.216.146 - - [12/Jan/2026:23:55:31 +0100] "GET /wp-content/plugins/elementor/assets/lib/eicons/css/A.elementor-icons.min.css,qver=5.45.0.pagespeed.cf.1d80oL8x7S.css HTTP/1.0" 200 25624 "-" "Mozilla/5.0 AppleWebKit/537.36 (KHTML, like Gecko; compatible; ClaudeBot/1.0; +claudebot@anthropic.com)"
216.73.216.146 - - [12/Jan/2026:23:55:32 +0100] "GET /wp-content/uploads/Anslinger_Deidesheim_002-Bearbeitet-scaled-1.jpeg HTTP/1.0" 200 262499 "-" "Mozilla/5.0 AppleWebKit/537.36 (KHTML, like Gecko; compatible; ClaudeBot/1.0; +claudebot@anthropic.com)"
216.73.216.146 - - [12/Jan/2026:23:55:32 +0100] "GET /wp-content/plugins/elementor/assets/css/conditionals/e-swiper.min.css,qver=3.34.1.pagespeed.ce.-KsMmHVOE2.css HTTP/1.0" 200 4943 "-" "Mozilla/5.0 AppleWebKit/537.36 (KHTML, like Gecko; compatible; ClaudeBot/1.0; +claudebot@anthropic.com)"
216.73.216.146 - - [12/Jan/2026:23:55:33 +0100] "GET /wp-content/plugins/elementor/assets/css/widget-icon-list.min.css,qver=3.34.1.pagespeed.ce.HG33FpU_hw.css HTTP/1.0" 200 5169 "-" "Mozilla/5.0 AppleWebKit/537.36 (KHTML, like Gecko; compatible; ClaudeBot/1.0; +claudebot@anthropic.com)"
216.73.216.146 - - [12/Jan/2026:23:55:33 +0100] "GET /wp-includes/js/jquery/jquery.min.js,qver=3.7.1.pagespeed.jm.PoWN7KAtLT.js HTTP/1.0" 200 91864 "-" "Mozilla/5.0 AppleWebKit/537.36 (KHTML, like Gecko; compatible; ClaudeBot/1.0; +claudebot@anthropic.com)"
216.73.216.146 - - [12/Jan/2026:23:55:44 +0100] "GET /wp-includes/js/jquery/jquery-migrate.min.js,qver=3.4.1.pagespeed.jm.bhhu-RahTI.js HTTP/1.0" 200 9019 "-" "Mozilla/5.0 AppleWebKit/537.36 (KHTML, like Gecko; compatible; ClaudeBot/1.0; +claudebot@anthropic.com)"
216.73.216.146 - - [12/Jan/2026:23:55:44 +0100] "GET /wp-content/uploads/elementor/css/A.post-136.css,qver=1768233930.pagespeed.cf.QdFhthNQd_.css HTTP/1.0" 200 5519 "-" "Mozilla/5.0 AppleWebKit/537.36 (KHTML, like Gecko; compatible; ClaudeBot/1.0; +claudebot@anthropic.com)"
216.73.216.146 - - [12/Jan/2026:23:55:44 +0100] "GET /wp-includes/js/jquery/ui/core.min.js,qver=1.13.3.pagespeed.jm.cFaMSVPe38.js HTTP/1.0" 200 10695 "-" "Mozilla/5.0 AppleWebKit/537.36 (KHTML, like Gecko; compatible; ClaudeBot/1.0; +claudebot@anthropic.com)"
216.73.216.146 - - [12/Jan/2026:23:55:45 +0100] "GET /wp-content/plugins/elementor/assets/css/widget-social-icons.min.css,qver=3.34.1.pagespeed.ce.0CaheTjFOA.css HTTP/1.0" 200 5287 "-" "Mozilla/5.0 AppleWebKit/537.36 (KHTML, like Gecko; compatible; ClaudeBot/1.0; +claudebot@anthropic.com)"
216.73.216.146 - - [12/Jan/2026:23:55:45 +0100] "GET /wp-content/themes/hello-elementor/assets/css/reset.css,qver=3.4.5.pagespeed.ce.r0uWONaZVx.css HTTP/1.0" 200 5981 "-" "Mozilla/5.0 AppleWebKit/537.36 (KHTML, like Gecko; compatible; ClaudeBot/1.0; +claudebot@anthropic.com)"
216.73.216.146 - - [12/Jan/2026:23:55:46 +0100] "GET /wp-content/themes/hello-elementor/assets/css/header-footer.css,qver=3.4.5.pagespeed.ce.htu0eVW7nb.css HTTP/1.0" 200 5568 "-" "Mozilla/5.0 AppleWebKit/537.36 (KHTML, like Gecko; compatible; ClaudeBot/1.0; +claudebot@anthropic.com)"
216.73.216.146 - - [12/Jan/2026:23:55:58 +0100] "GET /wp-content/plugins/elementor/assets/js/frontend-modules.min.js,qver=3.34.1.pagespeed.ce.HWl8gw_afp.js HTTP/1.0" 200 29928 "-" "Mozilla/5.0 AppleWebKit/537.36 (KHTML, like Gecko; compatible; ClaudeBot/1.0; +claudebot@anthropic.com)"
216.73.216.146 - - [12/Jan/2026:23:55:58 +0100] "GET /wp-content/plugins/preloader-pro/assets/js/loftloader.min.js,qver=2024090401.pagespeed.jm.nSFyBDGXed.js HTTP/1.0" 200 8144 "-" "Mozilla/5.0 AppleWebKit/537.36 (KHTML, like Gecko; compatible; ClaudeBot/1.0; +claudebot@anthropic.com)"
216.73.216.146 - - [12/Jan/2026:23:55:59 +0100] "GET /wp-content/plugins/elementor/assets/lib/swiper/v8/css/A.swiper.min.css,qver=8.4.5.pagespeed.cf.1sMgTZG5nO.css HTTP/1.0" 200 8593 "-" "Mozilla/5.0 AppleWebKit/537.36 (KHTML, like Gecko; compatible; ClaudeBot/1.0; +claudebot@anthropic.com)"
216.73.216.146 - - [12/Jan/2026:23:55:59 +0100] "GET /wp-content/plugins/preloader-pro/assets/js/jquery.waitformedias.min.js,qver=2024090401.pagespeed.jm.Mo79GDpayV.js HTTP/1.0" 200 6039 "-" "Mozilla/5.0 AppleWebKit/537.36 (KHTML, like Gecko; compatible; ClaudeBot/1.0; +claudebot@anthropic.com)"
216.73.216.146 - - [12/Jan/2026:23:56:00 +0100] "GET /wp-content/plugins/elementor/assets/lib/font-awesome/css/A.fontawesome.min.css,qver=5.15.3.pagespeed.cf.OnyloIe9DI.css HTTP/1.0" 200 62324 "-" "Mozilla/5.0 AppleWebKit/537.36 (KHTML, like Gecko; compatible; ClaudeBot/1.0; +claudebot@anthropic.com)"
216.73.216.146 - - [12/Jan/2026:23:56:00 +0100] "GET /wp-content/uploads/elementor/css/A.post-133.css,qver=1768233930.pagespeed.cf.I-z_ItN7bT.css HTTP/1.0" 200 7106 "-" "Mozilla/5.0 AppleWebKit/537.36 (KHTML, like Gecko; compatible; ClaudeBot/1.0; +claudebot@anthropic.com)"
216.73.216.146 - - [12/Jan/2026:23:56:20 +0100] "GET /wp-content/uploads/img-4-1.jpg.pagespeed.ce.ZecvOo-kU1.jpg HTTP/1.0" 200 43354 "-" "Mozilla/5.0 AppleWebKit/537.36 (KHTML, like Gecko; compatible; ClaudeBot/1.0; +claudebot@anthropic.com)"
216.73.216.146 - - [12/Jan/2026:23:56:20 +0100] "GET /wp-content/uploads/img-3-1.jpg.pagespeed.ce.BDIot-pDs4.jpg HTTP/1.0" 200 93205 "-" "Mozilla/5.0 AppleWebKit/537.36 (KHTML, like Gecko; compatible; ClaudeBot/1.0; +claudebot@anthropic.com)"
216.73.216.146 - - [12/Jan/2026:23:56:20 +0100] "GET /wp-content/uploads/jockers-sauna-Gemenetzi_Woerth_001b_large.jpg HTTP/1.0" 200 89456 "-" "Mozilla/5.0 AppleWebKit/537.36 (KHTML, like Gecko; compatible; ClaudeBot/1.0; +claudebot@anthropic.com)"
94.130.90.54 - - [12/Jan/2026:23:56:21 +0100] "GET /wp-content/plugins/elementor/assets/lib/swiper/v8/swiper.min.js?ver=8.4.5 HTTP/1.1" 304 3412 "https://jockers3.inglory.de/wp-content/plugins/elementor/assets/lib/swiper/v8/swiper.min.js,qver=8.4.5.pagespeed.ce.g-mynwCGu6.js" "Serf/1.3.9 (mod_pagespeed/1.13.35.2-0)"
216.73.216.146 - - [12/Jan/2026:23:56:21 +0100] "GET /wp-content/plugins/elementor/assets/lib/swiper/v8/swiper.min.js,qver=8.4.5.pagespeed.ce.g-mynwCGu6.js HTTP/1.0" 200 43989 "-" "Mozilla/5.0 AppleWebKit/537.36 (KHTML, like Gecko; compatible; ClaudeBot/1.0; +claudebot@anthropic.com)"
94.130.90.54 - - [12/Jan/2026:23:56:21 +0100] "GET /wp-content/uploads/cropped-items-192x192.png HTTP/1.1" 304 3410 "https://jockers3.inglory.de/wp-content/uploads/xcropped-items-192x192.png.pagespeed.ic.IizVOQ67e3.png" "Serf/1.3.9 (mod_pagespeed/1.13.35.2-0)"
216.73.216.146 - - [12/Jan/2026:23:56:21 +0100] "GET /wp-content/uploads/xcropped-items-192x192.png.pagespeed.ic.IizVOQ67e3.png HTTP/1.0" 200 6997 "-" "Mozilla/5.0 AppleWebKit/537.36 (KHTML, like Gecko; compatible; ClaudeBot/1.0; +claudebot@anthropic.com)"
216.73.216.146 - - [12/Jan/2026:23:57:10 +0100] "GET /wp-content/uploads/jockers-sauna-innensauna-galerie10_large.jpg HTTP/1.0" 200 191769 "-" "Mozilla/5.0 AppleWebKit/537.36 (KHTML, like Gecko; compatible; ClaudeBot/1.0; +claudebot@anthropic.com)"
216.73.216.146 - - [12/Jan/2026:23:57:10 +0100] "GET /wp-content/uploads/jockers-sauna-innensauna-galerie6_large.jpg HTTP/1.0" 200 165852 "-" "Mozilla/5.0 AppleWebKit/537.36 (KHTML, like Gecko; compatible; ClaudeBot/1.0; +claudebot@anthropic.com)"
216.73.216.146 - - [12/Jan/2026:23:57:11 +0100] "GET /wp-content/uploads/jockers-sauna-innensauna-galerie9_large.jpg HTTP/1.0" 200 190208 "-" "Mozilla/5.0 AppleWebKit/537.36 (KHTML, like Gecko; compatible; ClaudeBot/1.0; +claudebot@anthropic.com)"
216.73.216.146 - - [12/Jan/2026:23:57:12 +0100] "GET /wp-content/uploads/jockers-sauna-innensauna-galerie5_large.jpg HTTP/1.0" 200 118039 "-" "Mozilla/5.0 AppleWebKit/537.36 (KHTML, like Gecko; compatible; ClaudeBot/1.0; +claudebot@anthropic.com)"
216.73.216.146 - - [12/Jan/2026:23:57:12 +0100] "GET /wp-content/uploads/jockers-sauna-innensauna-galerie4_large.jpg HTTP/1.0" 200 78951 "-" "Mozilla/5.0 AppleWebKit/537.36 (KHTML, like Gecko; compatible; ClaudeBot/1.0; +claudebot@anthropic.com)"
94.130.90.54 - - [12/Jan/2026:23:57:17 +0100] "GET /wp-includes/js/dist/hooks.min.js?ver=dd5603f07f9220ed27f1 HTTP/1.1" 304 3411 "-" "Serf/1.3.9 (mod_pagespeed/1.13.35.2-0)"
94.130.90.54 - - [12/Jan/2026:23:57:17 +0100] "GET /wp-includes/js/dist/i18n.min.js?ver=c26c3dc7bed366793375 HTTP/1.1" 304 3411 "-" "Serf/1.3.9 (mod_pagespeed/1.13.35.2-0)"
216.73.216.146 - - [12/Jan/2026:23:57:17 +0100] "GET /wp-includes/js/dist/hooks.min.js,qver==dd5603f07f9220ed27f1+i18n.min.js,qver==c26c3dc7bed366793375.pagespeed.jc.VMWi_xVnTa.js HTTP/1.0" 200 8154 "-" "Mozilla/5.0 AppleWebKit/537.36 (KHTML, like Gecko; compatible; ClaudeBot/1.0; +claudebot@anthropic.com)"
94.130.90.54 - - [12/Jan/2026:23:57:17 +0100] "GET /wp-content/plugins/elementor-pro/assets/lib/smartmenus/jquery.smartmenus.min.js?ver=1.2.1 HTTP/1.1" 304 3411 "-" "Serf/1.3.9 (mod_pagespeed/1.13.35.2-0)"
94.130.90.54 - - [12/Jan/2026:23:57:17 +0100] "GET /wp-content/plugins/elementor-pro/assets/lib/sticky/jquery.sticky.min.js?ver=3.34.0 HTTP/1.1" 304 3410 "-" "Serf/1.3.9 (mod_pagespeed/1.13.35.2-0)"
216.73.216.146 - - [12/Jan/2026:23:57:17 +0100] "GET /wp-content/plugins/elementor-pro/assets/lib/smartmenus,_jquery.smartmenus.min.js,qver==1.2.1+sticky,_jquery.sticky.min.js,qver==3.34.0.pagespeed.jc.-qjzYgy1Ui.js HTTP/1.0" 200 12650 "-" "Mozilla/5.0 AppleWebKit/537.36 (KHTML, like Gecko; compatible; ClaudeBot/1.0; +claudebot@anthropic.com)"
216.73.216.146 - - [12/Jan/2026:23:57:18 +0100] "GET /wp-content/uploads/jockers-sauna-Sauna_Haus-Wohlfart_001_large-1.jpg HTTP/1.0" 200 197354 "-" "Mozilla/5.0 AppleWebKit/537.36 (KHTML, like Gecko; compatible; ClaudeBot/1.0; +claudebot@anthropic.com)"
94.130.90.54 - - [12/Jan/2026:23:57:18 +0100] "GET /wp-content/uploads/cropped-items-180x180.png HTTP/1.1" 304 3410 "-" "Serf/1.3.9 (mod_pagespeed/1.13.35.2-0)"
216.73.216.146 - - [12/Jan/2026:23:57:18 +0100] "GET /wp-content/uploads/xcropped-items-180x180.png.pagespeed.ic.V1sCUSYnpo.png HTTP/1.0" 200 6811 "-" "Mozilla/5.0 AppleWebKit/537.36 (KHTML, like Gecko; compatible; ClaudeBot/1.0; +claudebot@anthropic.com)"
216.73.216.146 - - [12/Jan/2026:23:57:19 +0100] "GET /wp-content/uploads/jockers-sauna-innensauna-galerie12_large.jpg HTTP/1.0" 200 96572 "-" "Mozilla/5.0 AppleWebKit/537.36 (KHTML, like Gecko; compatible; ClaudeBot/1.0; +claudebot@anthropic.com)"
94.130.90.54 - - [12/Jan/2026:23:57:22 +0100] "GET /wp-content/uploads/img-1.jpg HTTP/1.1" 304 3412 "-" "Serf/1.3.9 (mod_pagespeed/1.13.35.2-0)"
216.73.216.146 - - [12/Jan/2026:23:57:22 +0100] "GET /wp-content/uploads/img-1.jpg.pagespeed.ce.RjTQ6Kn6Aa.jpg HTTP/1.0" 200 116758 "-" "Mozilla/5.0 AppleWebKit/537.36 (KHTML, like Gecko; compatible; ClaudeBot/1.0; +claudebot@anthropic.com)"
216.73.216.146 - - [12/Jan/2026:23:57:22 +0100] "GET /wp-content/uploads/img-2-1.jpg.pagespeed.ce.jYRqAWtmiL.jpg HTTP/1.0" 200 84681 "-" "Mozilla/5.0 AppleWebKit/537.36 (KHTML, like Gecko; compatible; ClaudeBot/1.0; +claudebot@anthropic.com)"
94.130.90.54 - - [12/Jan/2026:23:57:23 +0100] "GET /wp-content/plugins/elementor-pro/assets/js/frontend.min.js?ver=3.34.0 HTTP/1.1" 304 3411 "-" "Serf/1.3.9 (mod_pagespeed/1.13.35.2-0)"
216.73.216.146 - - [12/Jan/2026:23:57:23 +0100] "GET /wp-content/plugins/elementor-pro/assets/js/frontend.min.js,qver=3.34.0.pagespeed.ce.ratKkDJje_.js HTTP/1.0" 200 10638 "-" "Mozilla/5.0 AppleWebKit/537.36 (KHTML, like Gecko; compatible; ClaudeBot/1.0; +claudebot@anthropic.com)"
94.130.90.54 - - [12/Jan/2026:23:57:23 +0100] "GET /wp-content/plugins/elementor/assets/js/frontend.min.js?ver=3.34.1 HTTP/1.1" 304 3411 "-" "Serf/1.3.9 (mod_pagespeed/1.13.35.2-0)"
216.73.216.146 - - [12/Jan/2026:23:57:23 +0100] "GET /wp-content/plugins/elementor/assets/js/frontend.min.js,qver=3.34.1.pagespeed.ce.zrGDsTjqwx.js HTTP/1.0" 200 14552 "-" "Mozilla/5.0 AppleWebKit/537.36 (KHTML, like Gecko; compatible; ClaudeBot/1.0; +claudebot@anthropic.com)"
94.130.90.54 - - [12/Jan/2026:23:57:24 +0100] "GET /wp-content/uploads/cropped-items-32x32.png HTTP/1.1" 304 3410 "-" "Serf/1.3.9 (mod_pagespeed/1.13.35.2-0)"
216.73.216.146 - - [12/Jan/2026:23:57:24 +0100] "GET /wp-content/uploads/cropped-items-32x32.png.pagespeed.ce.tgh2jGrH-Q.png HTTP/1.0" 200 4685 "-" "Mozilla/5.0 AppleWebKit/537.36 (KHTML, like Gecko; compatible; ClaudeBot/1.0; +claudebot@anthropic.com)"
94.130.90.54 - - [12/Jan/2026:23:57:24 +0100] "GET /wp-content/plugins/elementor-pro/assets/js/elements-handlers.min.js?ver=3.34.0 HTTP/1.1" 304 3411 "-" "Serf/1.3.9 (mod_pagespeed/1.13.35.2-0)"
216.73.216.146 - - [12/Jan/2026:23:57:24 +0100] "GET /wp-content/plugins/elementor-pro/assets/js/elements-handlers.min.js,qver=3.34.0.pagespeed.ce.Pue7jP9wID.js HTTP/1.0" 200 14795 "-" "Mozilla/5.0 AppleWebKit/537.36 (KHTML, like Gecko; compatible; ClaudeBot/1.0; +claudebot@anthropic.com)"
94.130.90.54 - - [13/Jan/2026:00:08:01 +0100] "POST /wp-cron.php?doing_wp_cron=1768259281.4825799465179443359375 HTTP/1.0" 200 4074 "-" "Tpoxbt8Ktmtd"
91.10.111.70 - - [13/Jan/2026:00:08:01 +0100] "POST /wp-admin/admin-ajax.php HTTP/1.0" 200 4405 "https://jockers3.inglory.de/wp-admin/post.php?post=18&action=elementor" "Mozilla/5.0 (Macintosh; Intel Mac OS X 10_15_7) AppleWebKit/537.36 (KHTML, like Gecko) Chrome/143.0.0.0 Safari/537.36"
94.130.90.54 - - [13/Jan/2026:00:12:29 +0100] "POST /wp-cron.php?doing_wp_cron=1768259549.3707981109619140625000 HTTP/1.0" 200 4074 "-" "cFm3qdLAT0Do"
94.130.90.54 - - [13/Jan/2026:00:12:29 +0100] "GET /wp-content/plugins/preloader-pro/assets/css/loftloader.min.css?ver=2024090401 HTTP/1.1" 304 3412 "https://jockers3.inglory.de/" "Serf/1.3.9 (mod_pagespeed/1.13.35.2-0)"
84.254.106.197 - - [13/Jan/2026:00:12:28 +0100] "GET / HTTP/1.0" 200 35111 "-" "Mozilla/5.0 (Linux; Android 6.0; Nexus 5 Build/MRA58N) AppleWebKit/537.36 (KHTML, like Gecko) Chrome/130.0.0.0 Mobile Safari/537.36"
94.130.90.54 - - [13/Jan/2026:00:12:29 +0100] "GET /wp-content/themes/hello-elementor/assets/css/reset.css?ver=3.4.5 HTTP/1.1" 304 3411 "https://jockers3.inglory.de/" "Serf/1.3.9 (mod_pagespeed/1.13.35.2-0)"
94.130.90.54 - - [13/Jan/2026:00:12:29 +0100] "GET /wp-content/themes/hello-elementor/assets/css/theme.css?ver=3.4.5 HTTP/1.1" 304 3411 "https://jockers3.inglory.de/" "Serf/1.3.9 (mod_pagespeed/1.13.35.2-0)"
94.130.90.54 - - [13/Jan/2026:00:12:29 +0100] "GET /wp-content/themes/hello-elementor/assets/css/header-footer.css?ver=3.4.5 HTTP/1.1" 304 3411 "https://jockers3.inglory.de/" "Serf/1.3.9 (mod_pagespeed/1.13.35.2-0)"
94.130.90.54 - - [13/Jan/2026:00:12:29 +0100] "GET /wp-content/plugins/elementor/assets/css/frontend.min.css?ver=3.34.1 HTTP/1.1" 304 3411 "https://jockers3.inglory.de/" "Serf/1.3.9 (mod_pagespeed/1.13.35.2-0)"
94.130.90.54 - - [13/Jan/2026:00:12:29 +0100] "GET /wp-content/plugins/elementor/assets/css/widget-heading.min.css?ver=3.34.1 HTTP/1.1" 304 3410 "https://jockers3.inglory.de/" "Serf/1.3.9 (mod_pagespeed/1.13.35.2-0)"
94.130.90.54 - - [13/Jan/2026:00:12:29 +0100] "GET /wp-content/plugins/elementor/assets/css/widget-image.min.css?ver=3.34.1 HTTP/1.1" 304 3409 "https://jockers3.inglory.de/" "Serf/1.3.9 (mod_pagespeed/1.13.35.2-0)"
94.130.90.54 - - [13/Jan/2026:00:12:29 +0100] "GET /wp-content/plugins/elementor-pro/assets/css/widget-nav-menu.min.css?ver=3.34.0 HTTP/1.1" 304 3411 "https://jockers3.inglory.de/" "Serf/1.3.9 (mod_pagespeed/1.13.35.2-0)"
94.130.90.54 - - [13/Jan/2026:00:12:29 +0100] "GET /wp-content/plugins/elementor-pro/assets/css/modules/sticky.min.css?ver=3.34.0 HTTP/1.1" 304 3409 "https://jockers3.inglory.de/" "Serf/1.3.9 (mod_pagespeed/1.13.35.2-0)"
94.130.90.54 - - [13/Jan/2026:00:12:29 +0100] "GET /wp-content/plugins/elementor/assets/css/widget-rating.min.css?ver=3.34.1 HTTP/1.1" 304 3410 "https://jockers3.inglory.de/" "Serf/1.3.9 (mod_pagespeed/1.13.35.2-0)"
94.130.90.54 - - [13/Jan/2026:00:12:29 +0100] "GET /wp-content/plugins/elementor/assets/css/widget-social-icons.min.css?ver=3.34.1 HTTP/1.1" 304 3411 "https://jockers3.inglory.de/" "Serf/1.3.9 (mod_pagespeed/1.13.35.2-0)"
94.130.90.54 - - [13/Jan/2026:00:12:29 +0100] "GET /wp-content/plugins/elementor/assets/css/conditionals/apple-webkit.min.css?ver=3.34.1 HTTP/1.1" 304 3411 "https://jockers3.inglory.de/" "Serf/1.3.9 (mod_pagespeed/1.13.35.2-0)"
94.130.90.54 - - [13/Jan/2026:00:12:29 +0100] "GET /wp-content/plugins/elementor/assets/css/widget-icon-list.min.css?ver=3.34.1 HTTP/1.1" 304 3411 "https://jockers3.inglory.de/" "Serf/1.3.9 (mod_pagespeed/1.13.35.2-0)"
94.130.90.54 - - [13/Jan/2026:00:12:29 +0100] "GET /wp-content/plugins/elementor/assets/lib/animations/styles/fadeIn.min.css?ver=3.34.1 HTTP/1.1" 304 3409 "https://jockers3.inglory.de/" "Serf/1.3.9 (mod_pagespeed/1.13.35.2-0)"
94.130.90.54 - - [13/Jan/2026:00:12:29 +0100] "GET /wp-content/plugins/elementor-pro/assets/css/conditionals/popup.min.css?ver=3.34.0 HTTP/1.1" 304 3410 "https://jockers3.inglory.de/" "Serf/1.3.9 (mod_pagespeed/1.13.35.2-0)"
94.130.90.54 - - [13/Jan/2026:00:12:29 +0100] "GET /wp-content/plugins/elementor/assets/lib/eicons/css/elementor-icons.min.css?ver=5.45.0 HTTP/1.1" 304 3411 "https://jockers3.inglory.de/" "Serf/1.3.9 (mod_pagespeed/1.13.35.2-0)"
94.130.90.54 - - [13/Jan/2026:00:12:29 +0100] "GET /wp-content/uploads/elementor/css/post-7.css?ver=1768233928 HTTP/1.1" 304 3411 "https://jockers3.inglory.de/" "Serf/1.3.9 (mod_pagespeed/1.13.35.2-0)"
94.130.90.54 - - [13/Jan/2026:00:12:29 +0100] "GET /wp-content/plugins/elementor/assets/css/widget-divider.min.css?ver=3.34.1 HTTP/1.1" 304 3411 "https://jockers3.inglory.de/" "Serf/1.3.9 (mod_pagespeed/1.13.35.2-0)"
94.130.90.54 - - [13/Jan/2026:00:12:29 +0100] "GET /wp-content/plugins/elementor/assets/lib/swiper/v8/css/swiper.min.css?ver=8.4.5 HTTP/1.1" 304 3411 "https://jockers3.inglory.de/" "Serf/1.3.9 (mod_pagespeed/1.13.35.2-0)"
94.130.90.54 - - [13/Jan/2026:00:12:29 +0100] "GET /wp-content/plugins/elementor/assets/css/conditionals/e-swiper.min.css?ver=3.34.1 HTTP/1.1" 304 3411 "https://jockers3.inglory.de/" "Serf/1.3.9 (mod_pagespeed/1.13.35.2-0)"
94.130.90.54 - - [13/Jan/2026:00:12:29 +0100] "GET /wp-content/plugins/elementor-pro/assets/css/widget-nested-carousel.min.css?ver=3.34.0 HTTP/1.1" 304 3411 "https://jockers3.inglory.de/" "Serf/1.3.9 (mod_pagespeed/1.13.35.2-0)"
94.130.90.54 - - [13/Jan/2026:00:12:29 +0100] "GET /wp-content/plugins/elementor-pro/assets/css/widget-media-carousel.min.css?ver=3.34.0 HTTP/1.1" 304 3410 "https://jockers3.inglory.de/" "Serf/1.3.9 (mod_pagespeed/1.13.35.2-0)"
94.130.90.54 - - [13/Jan/2026:00:12:29 +0100] "GET /wp-content/plugins/elementor-pro/assets/css/widget-carousel-module-base.min.css?ver=3.34.0 HTTP/1.1" 304 3410 "https://jockers3.inglory.de/" "Serf/1.3.9 (mod_pagespeed/1.13.35.2-0)"
94.130.90.54 - - [13/Jan/2026:00:12:29 +0100] "GET /wp-content/uploads/elementor/css/post-110.css?ver=1768235189 HTTP/1.1" 304 3411 "https://jockers3.inglory.de/" "Serf/1.3.9 (mod_pagespeed/1.13.35.2-0)"
94.130.90.54 - - [13/Jan/2026:00:12:29 +0100] "GET /wp-content/uploads/elementor/css/post-133.css?ver=1768233930 HTTP/1.1" 304 3411 "https://jockers3.inglory.de/" "Serf/1.3.9 (mod_pagespeed/1.13.35.2-0)"
94.130.90.54 - - [13/Jan/2026:00:12:29 +0100] "GET /wp-content/uploads/elementor/css/post-136.css?ver=1768233930 HTTP/1.1" 304 3411 "https://jockers3.inglory.de/" "Serf/1.3.9 (mod_pagespeed/1.13.35.2-0)"
94.130.90.54 - - [13/Jan/2026:00:12:29 +0100] "GET /wp-content/plugins/elementor/assets/lib/font-awesome/css/fontawesome.min.css?ver=5.15.3 HTTP/1.1" 304 3411 "https://jockers3.inglory.de/" "Serf/1.3.9 (mod_pagespeed/1.13.35.2-0)"
94.130.90.54 - - [13/Jan/2026:00:12:29 +0100] "GET /wp-content/plugins/elementor/assets/lib/font-awesome/css/solid.min.css?ver=5.15.3 HTTP/1.1" 304 3410 "https://jockers3.inglory.de/" "Serf/1.3.9 (mod_pagespeed/1.13.35.2-0)"
94.130.90.54 - - [13/Jan/2026:00:12:29 +0100] "GET /wp-content/plugins/elementor/assets/lib/font-awesome/css/brands.min.css?ver=5.15.3 HTTP/1.1" 304 3410 "https://jockers3.inglory.de/" "Serf/1.3.9 (mod_pagespeed/1.13.35.2-0)"
94.130.90.54 - - [13/Jan/2026:00:12:29 +0100] "GET /wp-content/plugins/elementor-pro/assets/lib/smartmenus/jquery.smartmenus.min.js?ver=1.2.1 HTTP/1.1" 304 3411 "https://jockers3.inglory.de/" "Serf/1.3.9 (mod_pagespeed/1.13.35.2-0)"
94.130.90.54 - - [13/Jan/2026:00:12:29 +0100] "GET /wp-content/plugins/elementor-pro/assets/lib/sticky/jquery.sticky.min.js?ver=3.34.0 HTTP/1.1" 304 3410 "https://jockers3.inglory.de/" "Serf/1.3.9 (mod_pagespeed/1.13.35.2-0)"
94.130.90.54 - - [13/Jan/2026:00:12:29 +0100] "GET /wp-includes/js/dist/hooks.min.js?ver=dd5603f07f9220ed27f1 HTTP/1.1" 304 3411 "https://jockers3.inglory.de/" "Serf/1.3.9 (mod_pagespeed/1.13.35.2-0)"
94.130.90.54 - - [13/Jan/2026:00:12:29 +0100] "GET /wp-includes/js/dist/i18n.min.js?ver=c26c3dc7bed366793375 HTTP/1.1" 304 3411 "https://jockers3.inglory.de/" "Serf/1.3.9 (mod_pagespeed/1.13.35.2-0)"
94.130.90.54 - - [13/Jan/2026:00:12:29 +0100] "GET /wp-content/uploads/cropped-items-32x32.png HTTP/1.1" 304 3410 "https://jockers3.inglory.de/" "Serf/1.3.9 (mod_pagespeed/1.13.35.2-0)"
94.130.90.54 - - [13/Jan/2026:00:12:29 +0100] "GET /wp-content/uploads/cropped-items-192x192.png HTTP/1.1" 304 3410 "https://jockers3.inglory.de/" "Serf/1.3.9 (mod_pagespeed/1.13.35.2-0)"
94.130.90.54 - - [13/Jan/2026:00:12:29 +0100] "GET /wp-content/uploads/cropped-items-180x180.png HTTP/1.1" 304 3410 "https://jockers3.inglory.de/" "Serf/1.3.9 (mod_pagespeed/1.13.35.2-0)"
94.130.90.54 - - [13/Jan/2026:00:12:29 +0100] "GET /wp-content/uploads/img-1.jpg HTTP/1.1" 304 3412 "https://jockers3.inglory.de/" "Serf/1.3.9 (mod_pagespeed/1.13.35.2-0)"
94.130.90.54 - - [13/Jan/2026:00:12:29 +0100] "GET /wp-content/uploads/img-1.jpg HTTP/1.1" 304 3412 "https://jockers3.inglory.de/" "Serf/1.3.9 (mod_pagespeed/1.13.35.2-0)"
94.130.90.54 - - [13/Jan/2026:00:12:29 +0100] "GET /wp-content/uploads/img-1-300x127.jpg HTTP/1.1" 304 3411 "https://jockers3.inglory.de/" "Serf/1.3.9 (mod_pagespeed/1.13.35.2-0)"
94.130.90.54 - - [13/Jan/2026:00:12:29 +0100] "GET /wp-content/uploads/img-1-1024x434.jpg HTTP/1.1" 304 3411 "https://jockers3.inglory.de/" "Serf/1.3.9 (mod_pagespeed/1.13.35.2-0)"
94.130.90.54 - - [13/Jan/2026:00:12:29 +0100] "GET /wp-content/uploads/img-1-768x325.jpg HTTP/1.1" 304 3411 "https://jockers3.inglory.de/" "Serf/1.3.9 (mod_pagespeed/1.13.35.2-0)"
94.130.90.54 - - [13/Jan/2026:00:12:29 +0100] "GET /wp-content/uploads/img-1-1536x651.jpg HTTP/1.1" 304 3412 "https://jockers3.inglory.de/" "Serf/1.3.9 (mod_pagespeed/1.13.35.2-0)"
94.130.90.54 - - [13/Jan/2026:00:12:29 +0100] "GET /wp-content/uploads/img-2-1.jpg HTTP/1.1" 304 3412 "https://jockers3.inglory.de/" "Serf/1.3.9 (mod_pagespeed/1.13.35.2-0)"
94.130.90.54 - - [13/Jan/2026:00:12:29 +0100] "GET /wp-content/uploads/img-2-1.jpg HTTP/1.1" 304 3412 "https://jockers3.inglory.de/" "Serf/1.3.9 (mod_pagespeed/1.13.35.2-0)"
94.130.90.54 - - [13/Jan/2026:00:12:29 +0100] "GET /wp-content/uploads/img-2-1-300x154.jpg HTTP/1.1" 304 3411 "https://jockers3.inglory.de/" "Serf/1.3.9 (mod_pagespeed/1.13.35.2-0)"
94.130.90.54 - - [13/Jan/2026:00:12:29 +0100] "GET /wp-content/uploads/img-2-1-1024x525.jpg HTTP/1.1" 304 3411 "https://jockers3.inglory.de/" "Serf/1.3.9 (mod_pagespeed/1.13.35.2-0)"
94.130.90.54 - - [13/Jan/2026:00:12:29 +0100] "GET /wp-content/uploads/img-2-1-768x394.jpg HTTP/1.1" 304 3411 "https://jockers3.inglory.de/" "Serf/1.3.9 (mod_pagespeed/1.13.35.2-0)"
94.130.90.54 - - [13/Jan/2026:00:12:29 +0100] "GET /wp-content/uploads/img-3-1.jpg HTTP/1.1" 304 3412 "https://jockers3.inglory.de/" "Serf/1.3.9 (mod_pagespeed/1.13.35.2-0)"
94.130.90.54 - - [13/Jan/2026:00:12:29 +0100] "GET /wp-content/uploads/img-3-1.jpg HTTP/1.1" 304 3412 "https://jockers3.inglory.de/" "Serf/1.3.9 (mod_pagespeed/1.13.35.2-0)"
94.130.90.54 - - [13/Jan/2026:00:12:29 +0100] "GET /wp-content/uploads/img-3-1-300x154.jpg HTTP/1.1" 304 3411 "https://jockers3.inglory.de/" "Serf/1.3.9 (mod_pagespeed/1.13.35.2-0)"
94.130.90.54 - - [13/Jan/2026:00:12:29 +0100] "GET /wp-content/uploads/img-3-1-1024x525.jpg HTTP/1.1" 304 3411 "https://jockers3.inglory.de/" "Serf/1.3.9 (mod_pagespeed/1.13.35.2-0)"
94.130.90.54 - - [13/Jan/2026:00:12:29 +0100] "GET /wp-content/uploads/img-3-1-768x394.jpg HTTP/1.1" 304 3411 "https://jockers3.inglory.de/" "Serf/1.3.9 (mod_pagespeed/1.13.35.2-0)"
94.130.90.54 - - [13/Jan/2026:00:12:29 +0100] "GET /wp-content/uploads/img-4-1.jpg HTTP/1.1" 304 3411 "https://jockers3.inglory.de/" "Serf/1.3.9 (mod_pagespeed/1.13.35.2-0)"
94.130.90.54 - - [13/Jan/2026:00:12:29 +0100] "GET /wp-content/uploads/img-4-1.jpg HTTP/1.1" 304 3411 "https://jockers3.inglory.de/" "Serf/1.3.9 (mod_pagespeed/1.13.35.2-0)"
94.130.90.54 - - [13/Jan/2026:00:12:29 +0100] "GET /wp-content/uploads/img-4-1-300x171.jpg HTTP/1.1" 304 3411 "https://jockers3.inglory.de/" "Serf/1.3.9 (mod_pagespeed/1.13.35.2-0)"
94.130.90.54 - - [13/Jan/2026:00:12:29 +0100] "GET /wp-content/uploads/img-4-1-1024x582.jpg HTTP/1.1" 304 3411 "https://jockers3.inglory.de/" "Serf/1.3.9 (mod_pagespeed/1.13.35.2-0)"
94.130.90.54 - - [13/Jan/2026:00:12:29 +0100] "GET /wp-content/uploads/img-4-1-768x437.jpg HTTP/1.1" 304 3411 "https://jockers3.inglory.de/" "Serf/1.3.9 (mod_pagespeed/1.13.35.2-0)"
94.130.90.54 - - [13/Jan/2026:00:12:29 +0100] "GET /wp-includes/js/jquery/jquery.min.js?ver=3.7.1 HTTP/1.1" 304 3412 "https://jockers3.inglory.de/" "Serf/1.3.9 (mod_pagespeed/1.13.35.2-0)"
94.130.90.54 - - [13/Jan/2026:00:12:29 +0100] "GET /wp-includes/js/jquery/jquery-migrate.min.js?ver=3.4.1 HTTP/1.1" 304 3411 "https://jockers3.inglory.de/" "Serf/1.3.9 (mod_pagespeed/1.13.35.2-0)"
94.130.90.54 - - [13/Jan/2026:00:12:29 +0100] "GET /wp-content/plugins/preloader-pro/assets/js/jquery.waitformedias.min.js?ver=2024090401 HTTP/1.1" 304 3411 "https://jockers3.inglory.de/" "Serf/1.3.9 (mod_pagespeed/1.13.35.2-0)"
94.130.90.54 - - [13/Jan/2026:00:12:29 +0100] "GET /wp-content/plugins/preloader-pro/assets/js/loftloader.min.js?ver=2024090401 HTTP/1.1" 304 3411 "https://jockers3.inglory.de/" "Serf/1.3.9 (mod_pagespeed/1.13.35.2-0)"
94.130.90.54 - - [13/Jan/2026:00:12:29 +0100] "GET /wp-content/plugins/elementor/assets/js/webpack.runtime.min.js?ver=3.34.1 HTTP/1.1" 304 3411 "https://jockers3.inglory.de/" "Serf/1.3.9 (mod_pagespeed/1.13.35.2-0)"
94.130.90.54 - - [13/Jan/2026:00:12:29 +0100] "GET /wp-content/plugins/elementor/assets/js/frontend-modules.min.js?ver=3.34.1 HTTP/1.1" 304 3412 "https://jockers3.inglory.de/" "Serf/1.3.9 (mod_pagespeed/1.13.35.2-0)"
94.130.90.54 - - [13/Jan/2026:00:12:29 +0100] "GET /wp-includes/js/jquery/ui/core.min.js?ver=1.13.3 HTTP/1.1" 304 3411 "https://jockers3.inglory.de/" "Serf/1.3.9 (mod_pagespeed/1.13.35.2-0)"
94.130.90.54 - - [13/Jan/2026:00:12:29 +0100] "GET /wp-content/plugins/elementor-pro/assets/js/frontend.min.js?ver=3.34.0 HTTP/1.1" 304 3411 "https://jockers3.inglory.de/" "Serf/1.3.9 (mod_pagespeed/1.13.35.2-0)"
94.130.90.54 - - [13/Jan/2026:00:12:29 +0100] "GET /wp-content/plugins/elementor-pro/assets/js/elements-handlers.min.js?ver=3.34.0 HTTP/1.1" 304 3411 "https://jockers3.inglory.de/" "Serf/1.3.9 (mod_pagespeed/1.13.35.2-0)"
94.130.90.54 - - [13/Jan/2026:00:12:29 +0100] "GET /wp-content/uploads/elementor/css/post-18.css?ver=1768235689 HTTP/1.1" 304 3412 "https://jockers3.inglory.de/" "Serf/1.3.9 (mod_pagespeed/1.13.35.2-0)"
94.130.90.54 - - [13/Jan/2026:00:12:29 +0100] "GET /wp-content/uploads/logo.svg HTTP/1.1" 200 12376 "https://jockers3.inglory.de/" "Serf/1.3.9 (mod_pagespeed/1.13.35.2-0)"
94.130.90.54 - - [13/Jan/2026:00:12:29 +0100] "GET /wp-content/uploads/logo.svg HTTP/1.1" 200 12376 "https://jockers3.inglory.de/" "Serf/1.3.9 (mod_pagespeed/1.13.35.2-0)"
94.130.90.54 - - [13/Jan/2026:00:12:29 +0100] "GET /wp-content/uploads/Google-logo.svg HTTP/1.1" 200 4667 "https://jockers3.inglory.de/" "Serf/1.3.9 (mod_pagespeed/1.13.35.2-0)"
94.130.90.54 - - [13/Jan/2026:00:12:29 +0100] "GET /wp-content/uploads/image-27.svg HTTP/1.1" 200 67585 "https://jockers3.inglory.de/" "Serf/1.3.9 (mod_pagespeed/1.13.35.2-0)"
94.130.90.54 - - [13/Jan/2026:00:12:29 +0100] "GET /wp-content/uploads/logo.svg HTTP/1.1" 200 12376 "https://jockers3.inglory.de/" "Serf/1.3.9 (mod_pagespeed/1.13.35.2-0)"
94.130.90.54 - - [13/Jan/2026:00:12:29 +0100] "GET /wp-content/plugins/elementor/assets/js/frontend.min.js?ver=3.34.1 HTTP/1.1" 304 3411 "https://jockers3.inglory.de/" "Serf/1.3.9 (mod_pagespeed/1.13.35.2-0)"
94.130.90.54 - - [13/Jan/2026:00:12:29 +0100] "GET /wp-content/plugins/elementor/assets/lib/swiper/v8/swiper.min.js?ver=8.4.5 HTTP/1.1" 304 3412 "https://jockers3.inglory.de/" "Serf/1.3.9 (mod_pagespeed/1.13.35.2-0)"
94.130.90.54 - - [13/Jan/2026:00:12:29 +0100] "GET /wp-content/plugins/elementor-pro/assets/js/webpack-pro.runtime.min.js?ver=3.34.0 HTTP/1.1" 304 3411 "https://jockers3.inglory.de/" "Serf/1.3.9 (mod_pagespeed/1.13.35.2-0)"
94.130.90.54 - - [13/Jan/2026:00:12:29 +0100] "GET /wp-content/uploads/img-1-1.jpg HTTP/1.1" 304 3411 "https://jockers3.inglory.de/" "Serf/1.3.9 (mod_pagespeed/1.13.35.2-0)"
94.130.90.54 - - [13/Jan/2026:00:12:29 +0100] "GET /wp-content/uploads/img-2-1-1.jpg HTTP/1.1" 304 3411 "https://jockers3.inglory.de/" "Serf/1.3.9 (mod_pagespeed/1.13.35.2-0)"
94.130.90.54 - - [13/Jan/2026:00:12:29 +0100] "GET /wp-content/uploads/img-9-1.jpg HTTP/1.1" 304 3411 "https://jockers3.inglory.de/" "Serf/1.3.9 (mod_pagespeed/1.13.35.2-0)"
94.130.90.54 - - [13/Jan/2026:00:12:29 +0100] "GET /wp-content/uploads/img-10-1.jpg HTTP/1.1" 304 3411 "https://jockers3.inglory.de/" "Serf/1.3.9 (mod_pagespeed/1.13.35.2-0)"
94.130.90.54 - - [13/Jan/2026:00:12:29 +0100] "GET /wp-content/uploads/img-3-1-1.jpg HTTP/1.1" 304 3411 "https://jockers3.inglory.de/" "Serf/1.3.9 (mod_pagespeed/1.13.35.2-0)"
94.130.90.54 - - [13/Jan/2026:00:12:29 +0100] "GET /wp-content/uploads/img-4-1-1.jpg HTTP/1.1" 304 3411 "https://jockers3.inglory.de/" "Serf/1.3.9 (mod_pagespeed/1.13.35.2-0)"
94.130.90.54 - - [13/Jan/2026:00:12:29 +0100] "GET /wp-content/uploads/img-1-8.jpg HTTP/1.1" 304 3411 "https://jockers3.inglory.de/" "Serf/1.3.9 (mod_pagespeed/1.13.35.2-0)"
94.130.90.54 - - [13/Jan/2026:00:12:29 +0100] "GET /wp-content/uploads/img-5-1.jpg HTTP/1.1" 304 3411 "https://jockers3.inglory.de/" "Serf/1.3.9 (mod_pagespeed/1.13.35.2-0)"
94.130.90.54 - - [13/Jan/2026:00:12:29 +0100] "GET /wp-content/uploads/img-6-1.jpg HTTP/1.1" 304 3411 "https://jockers3.inglory.de/" "Serf/1.3.9 (mod_pagespeed/1.13.35.2-0)"
94.130.90.54 - - [13/Jan/2026:00:12:29 +0100] "GET /wp-content/uploads/img-7-1.jpg HTTP/1.1" 304 3411 "https://jockers3.inglory.de/" "Serf/1.3.9 (mod_pagespeed/1.13.35.2-0)"
94.130.90.54 - - [13/Jan/2026:00:12:29 +0100] "GET /wp-content/uploads/img-8-1.jpg HTTP/1.1" 304 3411 "https://jockers3.inglory.de/" "Serf/1.3.9 (mod_pagespeed/1.13.35.2-0)"
84.254.106.197 - - [13/Jan/2026:00:13:39 +0100] "GET /wp-content/plugins/elementor/assets/css/widget-heading.min.css?ver=3.34.1 HTTP/1.0" 200 4353 "-" "Mozilla/5.0 (Linux; Android 6.0; Nexus 5 Build/MRA58N) AppleWebKit/537.36 (KHTML, like Gecko) Chrome/130.0.0.0 Mobile Safari/537.36"
84.254.106.197 - - [13/Jan/2026:00:13:42 +0100] "GET /wp-content/plugins/elementor/assets/css/conditionals/e-swiper.min.css?ver=3.34.1 HTTP/1.0" 200 4984 "-" "Mozilla/5.0 (Linux; Android 6.0; Nexus 5 Build/MRA58N) AppleWebKit/537.36 (KHTML, like Gecko) Chrome/130.0.0.0 Mobile Safari/537.36"
84.254.106.197 - - [13/Jan/2026:00:13:42 +0100] "GET /wp-includes/js/jquery/jquery.min.js?ver=3.7.1 HTTP/1.0" 200 34599 "-" "Mozilla/5.0 (Linux; Android 6.0; Nexus 5 Build/MRA58N) AppleWebKit/537.36 (KHTML, like Gecko) Chrome/130.0.0.0 Mobile Safari/537.36"
84.254.106.197 - - [13/Jan/2026:00:13:42 +0100] "GET /wp-content/uploads/Google-logo.svg HTTP/1.0" 200 5154 "-" "Mozilla/5.0 (Linux; Android 6.0; Nexus 5 Build/MRA58N) AppleWebKit/537.36 (KHTML, like Gecko) Chrome/130.0.0.0 Mobile Safari/537.36"
84.254.106.197 - - [13/Jan/2026:00:13:42 +0100] "GET /wp-content/uploads/img-4-1.jpg HTTP/1.0" 200 43291 "-" "Mozilla/5.0 (Linux; Android 6.0; Nexus 5 Build/MRA58N) AppleWebKit/537.36 (KHTML, like Gecko) Chrome/130.0.0.0 Mobile Safari/537.36"
84.254.106.197 - - [13/Jan/2026:00:13:42 +0100] "GET /wp-content/plugins/elementor-pro/assets/css/widget-nested-carousel.min.css?ver=3.34.0 HTTP/1.0" 200 5639 "-" "Mozilla/5.0 (Linux; Android 6.0; Nexus 5 Build/MRA58N) AppleWebKit/537.36 (KHTML, like Gecko) Chrome/130.0.0.0 Mobile Safari/537.36"
84.254.106.197 - - [13/Jan/2026:00:13:42 +0100] "GET /wp-content/plugins/elementor-pro/assets/js/webpack-pro.runtime.min.js?ver=3.34.0 HTTP/1.0" 200 7086 "-" "Mozilla/5.0 (Linux; Android 6.0; Nexus 5 Build/MRA58N) AppleWebKit/537.36 (KHTML, like Gecko) Chrome/130.0.0.0 Mobile Safari/537.36"
94.130.90.54 - - [13/Jan/2026:00:13:43 +0100] "POST /wp-cron.php?doing_wp_cron=1768259623.2989609241485595703125 HTTP/1.0" 200 4074 "-" "jvOghSpRnSaJ"
84.254.106.197 - - [13/Jan/2026:00:13:42 +0100] "GET /wp-json/oembed/1.0/embed?url=https%3A%2F%2Fjockers3.inglory.de%2F HTTP/1.0" 200 6492 "-" "Mozilla/5.0 (Linux; Android 6.0; Nexus 5 Build/MRA58N) AppleWebKit/537.36 (KHTML, like Gecko) Chrome/130.0.0.0 Mobile Safari/537.36"
84.254.106.197 - - [13/Jan/2026:00:13:43 +0100] "GET /wp-content/plugins/preloader-pro/assets/css/loftloader.min.css?ver=2024090401 HTTP/1.0" 200 11196 "-" "Mozilla/5.0 (Linux; Android 6.0; Nexus 5 Build/MRA58N) AppleWebKit/537.36 (KHTML, like Gecko) Chrome/130.0.0.0 Mobile Safari/537.36"
84.254.106.197 - - [13/Jan/2026:00:13:43 +0100] "GET /wp-content/plugins/elementor-pro/assets/css/widget-media-carousel.min.css?ver=3.34.0 HTTP/1.0" 200 4664 "-" "Mozilla/5.0 (Linux; Android 6.0; Nexus 5 Build/MRA58N) AppleWebKit/537.36 (KHTML, like Gecko) Chrome/130.0.0.0 Mobile Safari/537.36"
84.254.106.197 - - [13/Jan/2026:00:13:43 +0100] "GET /wp-content/uploads/elementor/css/post-110.css?ver=1768235189 HTTP/1.0" 200 6689 "-" "Mozilla/5.0 (Linux; Android 6.0; Nexus 5 Build/MRA58N) AppleWebKit/537.36 (KHTML, like Gecko) Chrome/130.0.0.0 Mobile Safari/537.36"
84.254.106.197 - - [13/Jan/2026:00:13:43 +0100] "GET /wp-json/ HTTP/1.0" 200 273793 "-" "Mozilla/5.0 (Linux; Android 6.0; Nexus 5 Build/MRA58N) AppleWebKit/537.36 (KHTML, like Gecko) Chrome/130.0.0.0 Mobile Safari/537.36"
84.254.106.197 - - [13/Jan/2026:00:13:46 +0100] "GET /wp-content/uploads/elementor/css/post-136.css?ver=1768233930 HTTP/1.0" 200 5664 "-" "Mozilla/5.0 (Linux; Android 6.0; Nexus 5 Build/MRA58N) AppleWebKit/537.36 (KHTML, like Gecko) Chrome/130.0.0.0 Mobile Safari/537.36"
84.254.106.197 - - [13/Jan/2026:00:13:46 +0100] "GET /wp-content/plugins/elementor/assets/css/conditionals/apple-webkit.min.css?ver=3.34.1 HTTP/1.0" 200 4740 "-" "Mozilla/5.0 (Linux; Android 6.0; Nexus 5 Build/MRA58N) AppleWebKit/537.36 (KHTML, like Gecko) Chrome/130.0.0.0 Mobile Safari/537.36"
84.254.106.197 - - [13/Jan/2026:00:13:46 +0100] "GET /wp-json/wp/v2/pages/18 HTTP/1.0" 200 113610 "-" "Mozilla/5.0 (Linux; Android 6.0; Nexus 5 Build/MRA58N) AppleWebKit/537.36 (KHTML, like Gecko) Chrome/130.0.0.0 Mobile Safari/537.36"
84.254.106.197 - - [13/Jan/2026:00:13:52 +0100] "GET /wp-content/uploads/cropped-items-192x192.png HTTP/1.0" 200 6930 "-" "Mozilla/5.0 (Linux; Android 6.0; Nexus 5 Build/MRA58N) AppleWebKit/537.36 (KHTML, like Gecko) Chrome/130.0.0.0 Mobile Safari/537.36"
84.254.106.197 - - [13/Jan/2026:00:13:52 +0100] "GET /wp-json/oembed/1.0/embed?url=https%3A%2F%2Fjockers3.inglory.de%2F& HTTP/1.0" 200 6492 "-" "Mozilla/5.0 (Linux; Android 6.0; Nexus 5 Build/MRA58N) AppleWebKit/537.36 (KHTML, like Gecko) Chrome/130.0.0.0 Mobile Safari/537.36"
84.254.106.197 - - [13/Jan/2026:00:13:53 +0100] "GET /wp-content/plugins/elementor/assets/lib/swiper/v8/swiper.min.js?ver=8.4.5 HTTP/1.0" 200 43918 "-" "Mozilla/5.0 (Linux; Android 6.0; Nexus 5 Build/MRA58N) AppleWebKit/537.36 (KHTML, like Gecko) Chrome/130.0.0.0 Mobile Safari/537.36"
84.254.106.197 - - [13/Jan/2026:00:13:53 +0100] "GET /wp-content/uploads/elementor/css/post-133.css?ver=1768233930 HTTP/1.0" 200 7218 "-" "Mozilla/5.0 (Linux; Android 6.0; Nexus 5 Build/MRA58N) AppleWebKit/537.36 (KHTML, like Gecko) Chrome/130.0.0.0 Mobile Safari/537.36"
84.254.106.197 - - [13/Jan/2026:00:13:53 +0100] "GET /js/twint_ch.js HTTP/1.0" 404 103607 "-" "Mozilla/5.0 (Linux; Android 6.0; Nexus 5 Build/MRA58N) AppleWebKit/537.36 (KHTML, like Gecko) Chrome/130.0.0.0 Mobile Safari/537.36"
84.254.106.197 - - [13/Jan/2026:00:13:55 +0100] "GET /wp-content/themes/hello-elementor/assets/css/theme.css?ver=3.4.5 HTTP/1.0" 200 5467 "-" "Mozilla/5.0 (Linux; Android 6.0; Nexus 5 Build/MRA58N) AppleWebKit/537.36 (KHTML, like Gecko) Chrome/130.0.0.0 Mobile Safari/537.36"
84.254.106.197 - - [13/Jan/2026:00:13:55 +0100] "GET /wp-content/uploads/img-3-1.jpg HTTP/1.0" 200 93143 "-" "Mozilla/5.0 (Linux; Android 6.0; Nexus 5 Build/MRA58N) AppleWebKit/537.36 (KHTML, like Gecko) Chrome/130.0.0.0 Mobile Safari/537.36"
84.254.106.197 - - [13/Jan/2026:00:13:55 +0100] "GET /wp-content/plugins/elementor-pro/assets/lib/sticky/jquery.sticky.min.js?ver=3.34.0 HTTP/1.0" 200 5751 "-" "Mozilla/5.0 (Linux; Android 6.0; Nexus 5 Build/MRA58N) AppleWebKit/537.36 (KHTML, like Gecko) Chrome/130.0.0.0 Mobile Safari/537.36"
84.254.106.197 - - [13/Jan/2026:00:13:55 +0100] "GET /wp-includes/js/jquery/jquery-migrate.min.js?ver=3.4.1 HTTP/1.0" 200 9102 "-" "Mozilla/5.0 (Linux; Android 6.0; Nexus 5 Build/MRA58N) AppleWebKit/537.36 (KHTML, like Gecko) Chrome/130.0.0.0 Mobile Safari/537.36"
84.254.106.197 - - [13/Jan/2026:00:13:55 +0100] "GET /wp-content/plugins/elementor/assets/css/frontend.min.css?ver=3.34.1 HTTP/1.0" 200 11400 "-" "Mozilla/5.0 (Linux; Android 6.0; Nexus 5 Build/MRA58N) AppleWebKit/537.36 (KHTML, like Gecko) Chrome/130.0.0.0 Mobile Safari/537.36"
84.254.106.197 - - [13/Jan/2026:00:13:55 +0100] "GET /wp-content/plugins/elementor/assets/css/widget-rating.min.css?ver=3.34.1 HTTP/1.0" 200 4591 "-" "Mozilla/5.0 (Linux; Android 6.0; Nexus 5 Build/MRA58N) AppleWebKit/537.36 (KHTML, like Gecko) Chrome/130.0.0.0 Mobile Safari/537.36"
84.254.106.197 - - [13/Jan/2026:00:13:55 +0100] "GET /wp-content/uploads/elementor/css/post-18.css?ver=1768235689 HTTP/1.0" 200 12180 "-" "Mozilla/5.0 (Linux; Android 6.0; Nexus 5 Build/MRA58N) AppleWebKit/537.36 (KHTML, like Gecko) Chrome/130.0.0.0 Mobile Safari/537.36"
84.254.106.197 - - [13/Jan/2026:00:13:55 +0100] "GET /wp-content/plugins/elementor-pro/assets/js/elements-handlers.min.js?ver=3.34.0 HTTP/1.0" 200 14737 "-" "Mozilla/5.0 (Linux; Android 6.0; Nexus 5 Build/MRA58N) AppleWebKit/537.36 (KHTML, like Gecko) Chrome/130.0.0.0 Mobile Safari/537.36"
84.254.106.197 - - [13/Jan/2026:00:13:55 +0100] "GET /wp-content/themes/hello-elementor/assets/css/reset.css?ver=3.4.5 HTTP/1.0" 200 6010 "-" "Mozilla/5.0 (Linux; Android 6.0; Nexus 5 Build/MRA58N) AppleWebKit/537.36 (KHTML, like Gecko) Chrome/130.0.0.0 Mobile Safari/537.36"
84.254.106.197 - - [13/Jan/2026:00:13:55 +0100] "GET /wp-content/plugins/elementor-pro/assets/css/widget-nav-menu.min.css?ver=3.34.0 HTTP/1.0" 200 7630 "-" "Mozilla/5.0 (Linux; Android 6.0; Nexus 5 Build/MRA58N) AppleWebKit/537.36 (KHTML, like Gecko) Chrome/130.0.0.0 Mobile Safari/537.36"
84.254.106.197 - - [13/Jan/2026:00:13:55 +0100] "GET /wp-content/uploads/img-1.jpg HTTP/1.0" 200 116697 "-" "Mozilla/5.0 (Linux; Android 6.0; Nexus 5 Build/MRA58N) AppleWebKit/537.36 (KHTML, like Gecko) Chrome/130.0.0.0 Mobile Safari/537.36"
84.254.106.197 - - [13/Jan/2026:00:13:55 +0100] "GET /comments/feed/ HTTP/1.0" 200 4640 "-" "Mozilla/5.0 (Linux; Android 6.0; Nexus 5 Build/MRA58N) AppleWebKit/537.36 (KHTML, like Gecko) Chrome/130.0.0.0 Mobile Safari/537.36"
84.254.106.197 - - [13/Jan/2026:00:13:56 +0100] "GET /wp-content/plugins/elementor/assets/lib/font-awesome/css/fontawesome.min.css?ver=5.15.3 HTTP/1.0" 200 16677 "-" "Mozilla/5.0 (Linux; Android 6.0; Nexus 5 Build/MRA58N) AppleWebKit/537.36 (KHTML, like Gecko) Chrome/130.0.0.0 Mobile Safari/537.36"
84.254.106.197 - - [13/Jan/2026:00:13:56 +0100] "GET /wp-content/uploads/cropped-items-180x180.png HTTP/1.0" 200 6744 "-" "Mozilla/5.0 (Linux; Android 6.0; Nexus 5 Build/MRA58N) AppleWebKit/537.36 (KHTML, like Gecko) Chrome/130.0.0.0 Mobile Safari/537.36"
84.254.106.197 - - [13/Jan/2026:00:13:56 +0100] "GET /js/lkk_ch.js HTTP/1.0" 404 103607 "-" "Mozilla/5.0 (Linux; Android 6.0; Nexus 5 Build/MRA58N) AppleWebKit/537.36 (KHTML, like Gecko) Chrome/130.0.0.0 Mobile Safari/537.36"
