91.10.111.70 - - [12/Jan/2026:17:27:40 +0100] "GET /wp-content/uploads/img-3-1.jpg HTTP/1.0" 304 3899 "https://jockers3.inglory.de/?elementor-preview=18&ver=1768233947" "Mozilla/5.0 (Macintosh; Intel Mac OS X 10_15_7) AppleWebKit/537.36 (KHTML, like Gecko) Chrome/143.0.0.0 Safari/537.36"
94.130.90.54 - - [12/Jan/2026:17:27:40 +0100] "GET /wp-includes/js/underscore.min.js?ver=1.13.7 HTTP/1.1" 200 22516 "https://jockers3.inglory.de/presse/" "Serf/1.3.9 (mod_pagespeed/1.13.35.2-0)"
94.130.90.54 - - [12/Jan/2026:17:27:40 +0100] "GET /wp-content/uploads/elementor/css/post-2356.css?ver=1768234611 HTTP/1.1" 304 3412 "https://jockers3.inglory.de/presse/" "Serf/1.3.9 (mod_pagespeed/1.13.35.2-0)"
94.130.90.54 - - [12/Jan/2026:17:27:40 +0100] "GET /wp-content/uploads/logo.svg HTTP/1.1" 200 12376 "https://jockers3.inglory.de/presse/" "Serf/1.3.9 (mod_pagespeed/1.13.35.2-0)"
91.10.111.70 - - [12/Jan/2026:17:27:39 +0100] "GET /presse/ HTTP/1.0" 200 33543 "https://jockers3.inglory.de/?elementor-preview=18&ver=1768233947" "Mozilla/5.0 (Macintosh; Intel Mac OS X 10_15_7) AppleWebKit/537.36 (KHTML, like Gecko) Chrome/143.0.0.0 Safari/537.36"
94.130.90.54 - - [12/Jan/2026:17:27:40 +0100] "GET /wp-content/uploads/logo.svg HTTP/1.1" 200 12376 "https://jockers3.inglory.de/presse/" "Serf/1.3.9 (mod_pagespeed/1.13.35.2-0)"
94.130.90.54 - - [12/Jan/2026:17:27:40 +0100] "GET /wp-content/uploads/Google-logo.svg HTTP/1.1" 200 4667 "https://jockers3.inglory.de/presse/" "Serf/1.3.9 (mod_pagespeed/1.13.35.2-0)"
94.130.90.54 - - [12/Jan/2026:17:27:40 +0100] "GET /wp-content/uploads/logo.svg HTTP/1.1" 200 12376 "https://jockers3.inglory.de/presse/" "Serf/1.3.9 (mod_pagespeed/1.13.35.2-0)"
94.130.90.54 - - [12/Jan/2026:17:27:40 +0100] "GET /wp-content/uploads/img-1-9.jpg HTTP/1.1" 304 3411 "https://jockers3.inglory.de/presse/" "Serf/1.3.9 (mod_pagespeed/1.13.35.2-0)"
94.130.90.54 - - [12/Jan/2026:17:27:40 +0100] "GET /wp-content/uploads/img-3-1-7.jpg HTTP/1.1" 304 3411 "https://jockers3.inglory.de/presse/" "Serf/1.3.9 (mod_pagespeed/1.13.35.2-0)"
94.130.90.54 - - [12/Jan/2026:17:27:40 +0100] "GET /wp-content/uploads/img-4-1-8.jpg HTTP/1.1" 304 3411 "https://jockers3.inglory.de/presse/" "Serf/1.3.9 (mod_pagespeed/1.13.35.2-0)"
94.130.90.54 - - [12/Jan/2026:17:27:40 +0100] "GET /wp-content/uploads/img-5-1-6.jpg HTTP/1.1" 304 3411 "https://jockers3.inglory.de/presse/" "Serf/1.3.9 (mod_pagespeed/1.13.35.2-0)"
94.130.90.54 - - [12/Jan/2026:17:27:40 +0100] "GET /wp-content/uploads/img-6-1-6.jpg HTTP/1.1" 304 3411 "https://jockers3.inglory.de/presse/" "Serf/1.3.9 (mod_pagespeed/1.13.35.2-0)"
94.130.90.54 - - [12/Jan/2026:17:27:40 +0100] "GET /wp-content/uploads/img-7-1-5.jpg HTTP/1.1" 304 3411 "https://jockers3.inglory.de/presse/" "Serf/1.3.9 (mod_pagespeed/1.13.35.2-0)"
94.130.90.54 - - [12/Jan/2026:17:27:40 +0100] "GET /wp-content/uploads/img-8-1-2.jpg HTTP/1.1" 304 3411 "https://jockers3.inglory.de/presse/" "Serf/1.3.9 (mod_pagespeed/1.13.35.2-0)"
91.10.111.70 - - [12/Jan/2026:17:27:41 +0100] "GET /wp-content/uploads/img-2-1.jpg HTTP/1.0" 304 3899 "https://jockers3.inglory.de/?elementor-preview=18&ver=1768233947" "Mozilla/5.0 (Macintosh; Intel Mac OS X 10_15_7) AppleWebKit/537.36 (KHTML, like Gecko) Chrome/143.0.0.0 Safari/537.36"
91.10.111.70 - - [12/Jan/2026:17:27:41 +0100] "GET /wp-content/uploads/img-1.jpg HTTP/1.0" 304 3927 "https://jockers3.inglory.de/?elementor-preview=18&ver=1768233947" "Mozilla/5.0 (Macintosh; Intel Mac OS X 10_15_7) AppleWebKit/537.36 (KHTML, like Gecko) Chrome/143.0.0.0 Safari/537.36"
91.10.111.70 - - [12/Jan/2026:17:27:41 +0100] "POST /wp-admin/admin-ajax.php HTTP/1.0" 200 4354 "https://jockers3.inglory.de/wp-admin/post.php?post=18&action=elementor" "Mozilla/5.0 (Macintosh; Intel Mac OS X 10_15_7) AppleWebKit/537.36 (KHTML, like Gecko) Chrome/143.0.0.0 Safari/537.36"
91.10.111.70 - - [12/Jan/2026:17:27:41 +0100] "POST /wp-admin/admin-ajax.php HTTP/1.0" 200 4405 "https://jockers3.inglory.de/wp-admin/post.php?post=18&action=elementor" "Mozilla/5.0 (Macintosh; Intel Mac OS X 10_15_7) AppleWebKit/537.36 (KHTML, like Gecko) Chrome/143.0.0.0 Safari/537.36"
91.10.111.70 - - [12/Jan/2026:17:27:56 +0100] "POST /wp-admin/admin-ajax.php HTTP/1.0" 200 4405 "https://jockers3.inglory.de/wp-admin/post.php?post=18&action=elementor" "Mozilla/5.0 (Macintosh; Intel Mac OS X 10_15_7) AppleWebKit/537.36 (KHTML, like Gecko) Chrome/143.0.0.0 Safari/537.36"
91.10.111.70 - - [12/Jan/2026:17:27:57 +0100] "POST /wp-admin/admin-ajax.php HTTP/1.0" 200 4405 "https://jockers3.inglory.de/wp-admin/post.php?post=18&action=elementor" "Mozilla/5.0 (Macintosh; Intel Mac OS X 10_15_7) AppleWebKit/537.36 (KHTML, like Gecko) Chrome/143.0.0.0 Safari/537.36"
91.10.111.70 - - [12/Jan/2026:17:28:12 +0100] "POST /wp-admin/admin-ajax.php HTTP/1.0" 200 4405 "https://jockers3.inglory.de/wp-admin/post.php?post=18&action=elementor" "Mozilla/5.0 (Macintosh; Intel Mac OS X 10_15_7) AppleWebKit/537.36 (KHTML, like Gecko) Chrome/143.0.0.0 Safari/537.36"
91.10.111.70 - - [12/Jan/2026:17:28:13 +0100] "GET /wp-content/uploads/img-1.jpg HTTP/1.0" 304 3899 "https://jockers3.inglory.de/?elementor-preview=18&ver=1768233947" "Mozilla/5.0 (Macintosh; Intel Mac OS X 10_15_7) AppleWebKit/537.36 (KHTML, like Gecko) Chrome/143.0.0.0 Safari/537.36"
91.10.111.70 - - [12/Jan/2026:17:28:20 +0100] "GET /wp-json/elementor/v1/checklist/user-progress HTTP/1.0" 200 5011 "https://jockers3.inglory.de/wp-admin/post.php?post=110&action=elementor" "Mozilla/5.0 (Macintosh; Intel Mac OS X 10_15_7) AppleWebKit/537.36 (KHTML, like Gecko) Chrome/143.0.0.0 Safari/537.36"
94.130.90.54 - - [12/Jan/2026:17:28:20 +0100] "POST /wp-cron.php?doing_wp_cron=1768235300.8958148956298828125000 HTTP/1.0" 200 4074 "-" "1jghRopuyhdn"
91.10.111.70 - - [12/Jan/2026:17:28:20 +0100] "POST /wp-admin/admin-ajax.php HTTP/1.0" 200 4354 "https://jockers3.inglory.de/wp-admin/post.php?post=110&action=elementor" "Mozilla/5.0 (Macintosh; Intel Mac OS X 10_15_7) AppleWebKit/537.36 (KHTML, like Gecko) Chrome/143.0.0.0 Safari/537.36"
91.10.111.70 - - [12/Jan/2026:17:28:20 +0100] "POST /wp-admin/admin-ajax.php HTTP/1.0" 200 4405 "https://jockers3.inglory.de/wp-admin/post.php?post=110&action=elementor" "Mozilla/5.0 (Macintosh; Intel Mac OS X 10_15_7) AppleWebKit/537.36 (KHTML, like Gecko) Chrome/143.0.0.0 Safari/537.36"
91.10.111.70 - - [12/Jan/2026:17:28:22 +0100] "POST /wp-admin/admin-ajax.php HTTP/1.0" 200 5329 "https://jockers3.inglory.de/wp-admin/post.php?post=110&action=elementor" "Mozilla/5.0 (Macintosh; Intel Mac OS X 10_15_7) AppleWebKit/537.36 (KHTML, like Gecko) Chrome/143.0.0.0 Safari/537.36"
91.10.111.70 - - [12/Jan/2026:17:28:27 +0100] "POST /wp-admin/admin-ajax.php HTTP/1.0" 200 4405 "https://jockers3.inglory.de/wp-admin/post.php?post=18&action=elementor" "Mozilla/5.0 (Macintosh; Intel Mac OS X 10_15_7) AppleWebKit/537.36 (KHTML, like Gecko) Chrome/143.0.0.0 Safari/537.36"
91.10.111.70 - - [12/Jan/2026:17:28:27 +0100] "GET /wp-json/elementor/v1/checklist/user-progress HTTP/1.0" 200 5011 "https://jockers3.inglory.de/wp-admin/post.php?post=18&action=elementor" "Mozilla/5.0 (Macintosh; Intel Mac OS X 10_15_7) AppleWebKit/537.36 (KHTML, like Gecko) Chrome/143.0.0.0 Safari/537.36"
91.10.111.70 - - [12/Jan/2026:17:28:35 +0100] "POST /wp-admin/admin-ajax.php HTTP/1.0" 200 4405 "https://jockers3.inglory.de/wp-admin/post.php?post=110&action=elementor" "Mozilla/5.0 (Macintosh; Intel Mac OS X 10_15_7) AppleWebKit/537.36 (KHTML, like Gecko) Chrome/143.0.0.0 Safari/537.36"
91.10.111.70 - - [12/Jan/2026:17:28:41 +0100] "POST /wp-admin/admin-ajax.php HTTP/1.0" 200 4354 "https://jockers3.inglory.de/wp-admin/post.php?post=18&action=elementor" "Mozilla/5.0 (Macintosh; Intel Mac OS X 10_15_7) AppleWebKit/537.36 (KHTML, like Gecko) Chrome/143.0.0.0 Safari/537.36"
91.10.111.70 - - [12/Jan/2026:17:28:42 +0100] "POST /wp-admin/admin-ajax.php HTTP/1.0" 200 4405 "https://jockers3.inglory.de/wp-admin/post.php?post=18&action=elementor" "Mozilla/5.0 (Macintosh; Intel Mac OS X 10_15_7) AppleWebKit/537.36 (KHTML, like Gecko) Chrome/143.0.0.0 Safari/537.36"
91.10.111.70 - - [12/Jan/2026:17:28:52 +0100] "GET /wp-content/uploads/img-3-1.jpg HTTP/1.0" 304 3899 "https://jockers3.inglory.de/?elementor-preview=18&ver=1768233947" "Mozilla/5.0 (Macintosh; Intel Mac OS X 10_15_7) AppleWebKit/537.36 (KHTML, like Gecko) Chrome/143.0.0.0 Safari/537.36"
91.10.111.70 - - [12/Jan/2026:17:28:57 +0100] "GET /wp-content/uploads/img-3-1.jpg HTTP/1.0" 304 3899 "https://jockers3.inglory.de/?elementor-preview=18&ver=1768233947" "Mozilla/5.0 (Macintosh; Intel Mac OS X 10_15_7) AppleWebKit/537.36 (KHTML, like Gecko) Chrome/143.0.0.0 Safari/537.36"
91.10.111.70 - - [12/Jan/2026:17:28:57 +0100] "POST /wp-admin/admin-ajax.php HTTP/1.0" 200 4405 "https://jockers3.inglory.de/wp-admin/post.php?post=18&action=elementor" "Mozilla/5.0 (Macintosh; Intel Mac OS X 10_15_7) AppleWebKit/537.36 (KHTML, like Gecko) Chrome/143.0.0.0 Safari/537.36"
91.10.111.70 - - [12/Jan/2026:17:29:12 +0100] "POST /wp-admin/admin-ajax.php HTTP/1.0" 200 4405 "https://jockers3.inglory.de/wp-admin/post.php?post=18&action=elementor" "Mozilla/5.0 (Macintosh; Intel Mac OS X 10_15_7) AppleWebKit/537.36 (KHTML, like Gecko) Chrome/143.0.0.0 Safari/537.36"
94.130.90.54 - - [12/Jan/2026:17:29:21 +0100] "POST /wp-cron.php?doing_wp_cron=1768235361.1594989299774169921875 HTTP/1.0" 200 4074 "-" "1X8Y84W6bdQk"
91.10.111.70 - - [12/Jan/2026:17:29:20 +0100] "POST /wp-admin/admin-ajax.php HTTP/1.0" 200 4354 "https://jockers3.inglory.de/wp-admin/post.php?post=110&action=elementor" "Mozilla/5.0 (Macintosh; Intel Mac OS X 10_15_7) AppleWebKit/537.36 (KHTML, like Gecko) Chrome/143.0.0.0 Safari/537.36"
91.10.111.70 - - [12/Jan/2026:17:29:27 +0100] "POST /wp-admin/admin-ajax.php HTTP/1.0" 200 4405 "https://jockers3.inglory.de/wp-admin/post.php?post=18&action=elementor" "Mozilla/5.0 (Macintosh; Intel Mac OS X 10_15_7) AppleWebKit/537.36 (KHTML, like Gecko) Chrome/143.0.0.0 Safari/537.36"
91.10.111.70 - - [12/Jan/2026:17:29:41 +0100] "POST /wp-admin/admin-ajax.php HTTP/1.0" 200 4354 "https://jockers3.inglory.de/wp-admin/post.php?post=18&action=elementor" "Mozilla/5.0 (Macintosh; Intel Mac OS X 10_15_7) AppleWebKit/537.36 (KHTML, like Gecko) Chrome/143.0.0.0 Safari/537.36"
91.10.111.70 - - [12/Jan/2026:17:29:42 +0100] "POST /wp-admin/admin-ajax.php HTTP/1.0" 200 4405 "https://jockers3.inglory.de/wp-admin/post.php?post=18&action=elementor" "Mozilla/5.0 (Macintosh; Intel Mac OS X 10_15_7) AppleWebKit/537.36 (KHTML, like Gecko) Chrome/143.0.0.0 Safari/537.36"
91.10.111.70 - - [12/Jan/2026:17:29:57 +0100] "POST /wp-admin/admin-ajax.php HTTP/1.0" 200 5260 "https://jockers3.inglory.de/wp-admin/post.php?post=18&action=elementor" "Mozilla/5.0 (Macintosh; Intel Mac OS X 10_15_7) AppleWebKit/537.36 (KHTML, like Gecko) Chrome/143.0.0.0 Safari/537.36"
91.10.111.70 - - [12/Jan/2026:17:29:57 +0100] "POST /wp-admin/admin-ajax.php HTTP/1.0" 200 4405 "https://jockers3.inglory.de/wp-admin/post.php?post=18&action=elementor" "Mozilla/5.0 (Macintosh; Intel Mac OS X 10_15_7) AppleWebKit/537.36 (KHTML, like Gecko) Chrome/143.0.0.0 Safari/537.36"
91.10.111.70 - - [12/Jan/2026:17:29:58 +0100] "POST /wp-admin/admin-ajax.php HTTP/1.0" 200 4405 "https://jockers3.inglory.de/wp-admin/post.php?post=18&action=elementor" "Mozilla/5.0 (Macintosh; Intel Mac OS X 10_15_7) AppleWebKit/537.36 (KHTML, like Gecko) Chrome/143.0.0.0 Safari/537.36"
94.130.90.54 - - [12/Jan/2026:17:30:09 +0100] "GET /wp-content/plugins/elementor-pro/assets/lib/smartmenus/jquery.smartmenus.min.js?ver=1.2.1 HTTP/1.1" 200 27720 "https://jockers3.inglory.de/" "Serf/1.3.9 (mod_pagespeed/1.13.35.2-0)"
152.39.222.236 - - [12/Jan/2026:17:30:08 +0100] "GET / HTTP/1.0" 200 33121 "-" "Mozilla/5.0 (iPhone; CPU iPhone OS 18_7_3 like Mac OS X) AppleWebKit/605.1.15 (KHTML, like Gecko) CriOS/143.0.7499.151 Mobile/15E148 Safari/604.1"
94.130.90.54 - - [12/Jan/2026:17:30:09 +0100] "GET /wp-content/plugins/elementor-pro/assets/lib/sticky/jquery.sticky.min.js?ver=3.34.0 HTTP/1.1" 200 7301 "https://jockers3.inglory.de/" "Serf/1.3.9 (mod_pagespeed/1.13.35.2-0)"
94.130.90.54 - - [12/Jan/2026:17:30:09 +0100] "GET /wp-content/plugins/elementor/assets/lib/swiper/v8/swiper.min.js?ver=8.4.5 HTTP/1.1" 304 3412 "https://jockers3.inglory.de/" "Serf/1.3.9 (mod_pagespeed/1.13.35.2-0)"
94.130.90.54 - - [12/Jan/2026:17:30:09 +0100] "GET /wp-includes/js/dist/hooks.min.js?ver=dd5603f07f9220ed27f1 HTTP/1.1" 200 9242 "https://jockers3.inglory.de/" "Serf/1.3.9 (mod_pagespeed/1.13.35.2-0)"
94.130.90.54 - - [12/Jan/2026:17:30:09 +0100] "GET /wp-includes/js/dist/i18n.min.js?ver=c26c3dc7bed366793375 HTTP/1.1" 200 8895 "https://jockers3.inglory.de/" "Serf/1.3.9 (mod_pagespeed/1.13.35.2-0)"
94.130.90.54 - - [12/Jan/2026:17:30:09 +0100] "GET /wp-content/plugins/elementor/assets/lib/eicons/css/elementor-icons.min.css?ver=5.45.0 HTTP/1.1" 200 25012 "https://jockers3.inglory.de/" "Serf/1.3.9 (mod_pagespeed/1.13.35.2-0)"
94.130.90.54 - - [12/Jan/2026:17:30:09 +0100] "GET /wp-content/uploads/elementor/css/post-7.css?ver=1768233928 HTTP/1.1" 200 9499 "https://jockers3.inglory.de/" "Serf/1.3.9 (mod_pagespeed/1.13.35.2-0)"
94.130.90.54 - - [12/Jan/2026:17:30:09 +0100] "GET /wp-content/plugins/elementor/assets/lib/swiper/v8/css/swiper.min.css?ver=8.4.5 HTTP/1.1" 200 20068 "https://jockers3.inglory.de/" "Serf/1.3.9 (mod_pagespeed/1.13.35.2-0)"
94.130.90.54 - - [12/Jan/2026:17:30:09 +0100] "GET /wp-content/plugins/elementor-pro/assets/css/widget-nested-carousel.min.css?ver=3.34.0 HTTP/1.1" 304 3411 "https://jockers3.inglory.de/" "Serf/1.3.9 (mod_pagespeed/1.13.35.2-0)"
94.130.90.54 - - [12/Jan/2026:17:30:09 +0100] "GET /wp-content/plugins/elementor-pro/assets/css/widget-media-carousel.min.css?ver=3.34.0 HTTP/1.1" 200 4879 "https://jockers3.inglory.de/" "Serf/1.3.9 (mod_pagespeed/1.13.35.2-0)"
94.130.90.54 - - [12/Jan/2026:17:30:09 +0100] "GET /wp-content/plugins/elementor-pro/assets/css/widget-carousel-module-base.min.css?ver=3.34.0 HTTP/1.1" 200 7413 "https://jockers3.inglory.de/" "Serf/1.3.9 (mod_pagespeed/1.13.35.2-0)"
94.130.90.54 - - [12/Jan/2026:17:30:09 +0100] "GET /wp-content/uploads/elementor/css/post-18.css?ver=1768235076 HTTP/1.1" 304 3412 "https://jockers3.inglory.de/" "Serf/1.3.9 (mod_pagespeed/1.13.35.2-0)"
94.130.90.54 - - [12/Jan/2026:17:30:09 +0100] "GET /wp-content/uploads/elementor/css/post-133.css?ver=1768233930 HTTP/1.1" 200 43678 "https://jockers3.inglory.de/" "Serf/1.3.9 (mod_pagespeed/1.13.35.2-0)"
94.130.90.54 - - [12/Jan/2026:17:30:09 +0100] "GET /wp-content/uploads/elementor/css/post-136.css?ver=1768233930 HTTP/1.1" 200 12838 "https://jockers3.inglory.de/" "Serf/1.3.9 (mod_pagespeed/1.13.35.2-0)"
94.130.90.54 - - [12/Jan/2026:17:30:09 +0100] "GET /wp-content/uploads/cropped-items-192x192.png HTTP/1.1" 304 3410 "https://jockers3.inglory.de/" "Serf/1.3.9 (mod_pagespeed/1.13.35.2-0)"
94.130.90.54 - - [12/Jan/2026:17:30:09 +0100] "GET /wp-content/uploads/cropped-items-180x180.png HTTP/1.1" 304 3410 "https://jockers3.inglory.de/" "Serf/1.3.9 (mod_pagespeed/1.13.35.2-0)"
94.130.90.54 - - [12/Jan/2026:17:30:09 +0100] "GET /wp-content/uploads/image-27.svg HTTP/1.1" 200 67585 "https://jockers3.inglory.de/" "Serf/1.3.9 (mod_pagespeed/1.13.35.2-0)"
94.130.90.54 - - [12/Jan/2026:17:30:09 +0100] "GET /wp-content/uploads/img-1-1.jpg HTTP/1.1" 304 3411 "https://jockers3.inglory.de/" "Serf/1.3.9 (mod_pagespeed/1.13.35.2-0)"
94.130.90.54 - - [12/Jan/2026:17:30:09 +0100] "GET /wp-content/uploads/img-2-1-1.jpg HTTP/1.1" 304 3411 "https://jockers3.inglory.de/" "Serf/1.3.9 (mod_pagespeed/1.13.35.2-0)"
94.130.90.54 - - [12/Jan/2026:17:30:09 +0100] "GET /wp-content/uploads/img-3-1-1.jpg HTTP/1.1" 304 3411 "https://jockers3.inglory.de/" "Serf/1.3.9 (mod_pagespeed/1.13.35.2-0)"
94.130.90.54 - - [12/Jan/2026:17:30:09 +0100] "GET /wp-content/uploads/img-4-1-1.jpg HTTP/1.1" 304 3411 "https://jockers3.inglory.de/" "Serf/1.3.9 (mod_pagespeed/1.13.35.2-0)"
94.130.90.54 - - [12/Jan/2026:17:30:09 +0100] "GET /wp-content/uploads/img-1-8.jpg HTTP/1.1" 304 3411 "https://jockers3.inglory.de/" "Serf/1.3.9 (mod_pagespeed/1.13.35.2-0)"
94.130.90.54 - - [12/Jan/2026:17:30:09 +0100] "GET /wp-content/uploads/img-5-1.jpg HTTP/1.1" 304 3411 "https://jockers3.inglory.de/" "Serf/1.3.9 (mod_pagespeed/1.13.35.2-0)"
94.130.90.54 - - [12/Jan/2026:17:30:09 +0100] "GET /wp-content/uploads/img-6-1.jpg HTTP/1.1" 304 3411 "https://jockers3.inglory.de/" "Serf/1.3.9 (mod_pagespeed/1.13.35.2-0)"
94.130.90.54 - - [12/Jan/2026:17:30:09 +0100] "GET /wp-content/uploads/img-7-1.jpg HTTP/1.1" 304 3411 "https://jockers3.inglory.de/" "Serf/1.3.9 (mod_pagespeed/1.13.35.2-0)"
94.130.90.54 - - [12/Jan/2026:17:30:09 +0100] "GET /wp-content/uploads/img-8-1.jpg HTTP/1.1" 304 3411 "https://jockers3.inglory.de/" "Serf/1.3.9 (mod_pagespeed/1.13.35.2-0)"
94.130.90.54 - - [12/Jan/2026:17:30:09 +0100] "GET /wp-content/uploads/img-9-1.jpg HTTP/1.1" 304 3411 "https://jockers3.inglory.de/" "Serf/1.3.9 (mod_pagespeed/1.13.35.2-0)"
94.130.90.54 - - [12/Jan/2026:17:30:09 +0100] "GET /wp-content/uploads/img-10-1.jpg HTTP/1.1" 304 3411 "https://jockers3.inglory.de/" "Serf/1.3.9 (mod_pagespeed/1.13.35.2-0)"
152.39.222.236 - - [12/Jan/2026:17:30:09 +0100] "GET /wp-content/themes/hello-elementor/assets/css/reset.css?ver=3.4.5 HTTP/1.0" 200 6010 "https://jockers3.inglory.de/" "Mozilla/5.0 (iPhone; CPU iPhone OS 18_7_3 like Mac OS X) AppleWebKit/605.1.15 (KHTML, like Gecko) CriOS/143.0.7499.151 Mobile/15E148 Safari/604.1"
152.39.222.236 - - [12/Jan/2026:17:30:09 +0100] "GET /wp-content/themes/hello-elementor/assets/css/header-footer.css?ver=3.4.5 HTTP/1.0" 200 5610 "https://jockers3.inglory.de/" "Mozilla/5.0 (iPhone; CPU iPhone OS 18_7_3 like Mac OS X) AppleWebKit/605.1.15 (KHTML, like Gecko) CriOS/143.0.7499.151 Mobile/15E148 Safari/604.1"
152.39.222.236 - - [12/Jan/2026:17:30:09 +0100] "GET /wp-content/plugins/preloader-pro/assets/css/loftloader.min.css?ver=2024090401 HTTP/1.0" 200 11196 "https://jockers3.inglory.de/" "Mozilla/5.0 (iPhone; CPU iPhone OS 18_7_3 like Mac OS X) AppleWebKit/605.1.15 (KHTML, like Gecko) CriOS/143.0.7499.151 Mobile/15E148 Safari/604.1"
152.39.222.236 - - [12/Jan/2026:17:30:09 +0100] "GET /wp-content/plugins/elementor/assets/css/frontend.min.css?ver=3.34.1 HTTP/1.0" 200 11400 "https://jockers3.inglory.de/" "Mozilla/5.0 (iPhone; CPU iPhone OS 18_7_3 like Mac OS X) AppleWebKit/605.1.15 (KHTML, like Gecko) CriOS/143.0.7499.151 Mobile/15E148 Safari/604.1"
152.39.222.236 - - [12/Jan/2026:17:30:09 +0100] "GET /wp-content/themes/hello-elementor/assets/css/theme.css?ver=3.4.5 HTTP/1.0" 200 5467 "https://jockers3.inglory.de/" "Mozilla/5.0 (iPhone; CPU iPhone OS 18_7_3 like Mac OS X) AppleWebKit/605.1.15 (KHTML, like Gecko) CriOS/143.0.7499.151 Mobile/15E148 Safari/604.1"
152.39.222.236 - - [12/Jan/2026:17:30:09 +0100] "GET /wp-content/plugins/elementor/assets/css/widget-heading.min.css?ver=3.34.1 HTTP/1.0" 200 4353 "https://jockers3.inglory.de/" "Mozilla/5.0 (iPhone; CPU iPhone OS 18_7_3 like Mac OS X) AppleWebKit/605.1.15 (KHTML, like Gecko) CriOS/143.0.7499.151 Mobile/15E148 Safari/604.1"
152.39.222.236 - - [12/Jan/2026:17:30:09 +0100] "GET /wp-content/plugins/elementor/assets/css/widget-image.min.css?ver=3.34.1 HTTP/1.0" 200 4327 "https://jockers3.inglory.de/" "Mozilla/5.0 (iPhone; CPU iPhone OS 18_7_3 like Mac OS X) AppleWebKit/605.1.15 (KHTML, like Gecko) CriOS/143.0.7499.151 Mobile/15E148 Safari/604.1"
152.39.222.236 - - [12/Jan/2026:17:30:09 +0100] "GET /wp-content/plugins/elementor-pro/assets/css/widget-nav-menu.min.css?ver=3.34.0 HTTP/1.0" 200 7630 "https://jockers3.inglory.de/" "Mozilla/5.0 (iPhone; CPU iPhone OS 18_7_3 like Mac OS X) AppleWebKit/605.1.15 (KHTML, like Gecko) CriOS/143.0.7499.151 Mobile/15E148 Safari/604.1"
152.39.222.236 - - [12/Jan/2026:17:30:09 +0100] "GET /wp-content/plugins/elementor-pro/assets/css/modules/sticky.min.css?ver=3.34.0 HTTP/1.0" 200 4308 "https://jockers3.inglory.de/" "Mozilla/5.0 (iPhone; CPU iPhone OS 18_7_3 like Mac OS X) AppleWebKit/605.1.15 (KHTML, like Gecko) CriOS/143.0.7499.151 Mobile/15E148 Safari/604.1"
152.39.222.236 - - [12/Jan/2026:17:30:09 +0100] "GET /wp-content/plugins/elementor/assets/css/widget-icon-list.min.css?ver=3.34.1 HTTP/1.0" 200 5215 "https://jockers3.inglory.de/" "Mozilla/5.0 (iPhone; CPU iPhone OS 18_7_3 like Mac OS X) AppleWebKit/605.1.15 (KHTML, like Gecko) CriOS/143.0.7499.151 Mobile/15E148 Safari/604.1"
152.39.222.236 - - [12/Jan/2026:17:30:09 +0100] "GET /wp-content/plugins/elementor/assets/lib/animations/styles/fadeIn.min.css?ver=3.34.1 HTTP/1.0" 200 4269 "https://jockers3.inglory.de/" "Mozilla/5.0 (iPhone; CPU iPhone OS 18_7_3 like Mac OS X) AppleWebKit/605.1.15 (KHTML, like Gecko) CriOS/143.0.7499.151 Mobile/15E148 Safari/604.1"
152.39.222.236 - - [12/Jan/2026:17:30:09 +0100] "GET /wp-content/plugins/elementor/assets/css/widget-rating.min.css?ver=3.34.1 HTTP/1.0" 200 4591 "https://jockers3.inglory.de/" "Mozilla/5.0 (iPhone; CPU iPhone OS 18_7_3 like Mac OS X) AppleWebKit/605.1.15 (KHTML, like Gecko) CriOS/143.0.7499.151 Mobile/15E148 Safari/604.1"
152.39.222.236 - - [12/Jan/2026:17:30:09 +0100] "GET /wp-content/uploads/elementor/css/post-7.css?ver=1768233928 HTTP/1.0" 200 5229 "https://jockers3.inglory.de/" "Mozilla/5.0 (iPhone; CPU iPhone OS 18_7_3 like Mac OS X) AppleWebKit/605.1.15 (KHTML, like Gecko) CriOS/143.0.7499.151 Mobile/15E148 Safari/604.1"
152.39.222.236 - - [12/Jan/2026:17:30:09 +0100] "GET /wp-content/plugins/elementor/assets/lib/eicons/css/elementor-icons.min.css?ver=5.45.0 HTTP/1.0" 200 8517 "https://jockers3.inglory.de/" "Mozilla/5.0 (iPhone; CPU iPhone OS 18_7_3 like Mac OS X) AppleWebKit/605.1.15 (KHTML, like Gecko) CriOS/143.0.7499.151 Mobile/15E148 Safari/604.1"
152.39.222.236 - - [12/Jan/2026:17:30:09 +0100] "GET /wp-content/plugins/elementor/assets/css/conditionals/apple-webkit.min.css?ver=3.34.1 HTTP/1.0" 200 4740 "https://jockers3.inglory.de/" "Mozilla/5.0 (iPhone; CPU iPhone OS 18_7_3 like Mac OS X) AppleWebKit/605.1.15 (KHTML, like Gecko) CriOS/143.0.7499.151 Mobile/15E148 Safari/604.1"
152.39.222.236 - - [12/Jan/2026:17:30:09 +0100] "GET /wp-content/plugins/elementor/assets/css/widget-divider.min.css?ver=3.34.1 HTTP/1.0" 200 4927 "https://jockers3.inglory.de/" "Mozilla/5.0 (iPhone; CPU iPhone OS 18_7_3 like Mac OS X) AppleWebKit/605.1.15 (KHTML, like Gecko) CriOS/143.0.7499.151 Mobile/15E148 Safari/604.1"
152.39.222.236 - - [12/Jan/2026:17:30:09 +0100] "GET /wp-content/plugins/elementor/assets/css/widget-social-icons.min.css?ver=3.34.1 HTTP/1.0" 200 5326 "https://jockers3.inglory.de/" "Mozilla/5.0 (iPhone; CPU iPhone OS 18_7_3 like Mac OS X) AppleWebKit/605.1.15 (KHTML, like Gecko) CriOS/143.0.7499.151 Mobile/15E148 Safari/604.1"
152.39.222.236 - - [12/Jan/2026:17:30:09 +0100] "GET /wp-content/plugins/elementor-pro/assets/css/conditionals/popup.min.css?ver=3.34.0 HTTP/1.0" 200 4613 "https://jockers3.inglory.de/" "Mozilla/5.0 (iPhone; CPU iPhone OS 18_7_3 like Mac OS X) AppleWebKit/605.1.15 (KHTML, like Gecko) CriOS/143.0.7499.151 Mobile/15E148 Safari/604.1"
152.39.222.236 - - [12/Jan/2026:17:30:09 +0100] "GET /wp-content/plugins/elementor/assets/lib/swiper/v8/css/swiper.min.css?ver=8.4.5 HTTP/1.0" 200 8780 "https://jockers3.inglory.de/" "Mozilla/5.0 (iPhone; CPU iPhone OS 18_7_3 like Mac OS X) AppleWebKit/605.1.15 (KHTML, like Gecko) CriOS/143.0.7499.151 Mobile/15E148 Safari/604.1"
152.39.222.236 - - [12/Jan/2026:17:30:09 +0100] "GET /wp-content/plugins/elementor-pro/assets/css/widget-nested-carousel.min.css?ver=3.34.0 HTTP/1.0" 200 5639 "https://jockers3.inglory.de/" "Mozilla/5.0 (iPhone; CPU iPhone OS 18_7_3 like Mac OS X) AppleWebKit/605.1.15 (KHTML, like Gecko) CriOS/143.0.7499.151 Mobile/15E148 Safari/604.1"
152.39.222.236 - - [12/Jan/2026:17:30:09 +0100] "GET /wp-content/plugins/elementor/assets/css/conditionals/e-swiper.min.css?ver=3.34.1 HTTP/1.0" 200 4984 "https://jockers3.inglory.de/" "Mozilla/5.0 (iPhone; CPU iPhone OS 18_7_3 like Mac OS X) AppleWebKit/605.1.15 (KHTML, like Gecko) CriOS/143.0.7499.151 Mobile/15E148 Safari/604.1"
152.39.222.236 - - [12/Jan/2026:17:30:09 +0100] "GET /wp-content/plugins/elementor-pro/assets/css/widget-media-carousel.min.css?ver=3.34.0 HTTP/1.0" 200 4664 "https://jockers3.inglory.de/" "Mozilla/5.0 (iPhone; CPU iPhone OS 18_7_3 like Mac OS X) AppleWebKit/605.1.15 (KHTML, like Gecko) CriOS/143.0.7499.151 Mobile/15E148 Safari/604.1"
152.39.222.236 - - [12/Jan/2026:17:30:09 +0100] "GET /wp-content/plugins/elementor-pro/assets/css/widget-carousel-module-base.min.css?ver=3.34.0 HTTP/1.0" 200 4865 "https://jockers3.inglory.de/" "Mozilla/5.0 (iPhone; CPU iPhone OS 18_7_3 like Mac OS X) AppleWebKit/605.1.15 (KHTML, like Gecko) CriOS/143.0.7499.151 Mobile/15E148 Safari/604.1"
152.39.222.236 - - [12/Jan/2026:17:30:09 +0100] "GET /wp-content/uploads/elementor/css/post-110.css?ver=1768235189 HTTP/1.0" 200 6691 "https://jockers3.inglory.de/" "Mozilla/5.0 (iPhone; CPU iPhone OS 18_7_3 like Mac OS X) AppleWebKit/605.1.15 (KHTML, like Gecko) CriOS/143.0.7499.151 Mobile/15E148 Safari/604.1"
152.39.222.236 - - [12/Jan/2026:17:30:09 +0100] "GET /wp-content/uploads/elementor/css/post-18.css?ver=1768235076 HTTP/1.0" 200 11980 "https://jockers3.inglory.de/" "Mozilla/5.0 (iPhone; CPU iPhone OS 18_7_3 like Mac OS X) AppleWebKit/605.1.15 (KHTML, like Gecko) CriOS/143.0.7499.151 Mobile/15E148 Safari/604.1"
152.39.222.236 - - [12/Jan/2026:17:30:09 +0100] "GET /wp-content/uploads/elementor/css/post-133.css?ver=1768233930 HTTP/1.0" 200 7218 "https://jockers3.inglory.de/" "Mozilla/5.0 (iPhone; CPU iPhone OS 18_7_3 like Mac OS X) AppleWebKit/605.1.15 (KHTML, like Gecko) CriOS/143.0.7499.151 Mobile/15E148 Safari/604.1"
152.39.222.236 - - [12/Jan/2026:17:30:09 +0100] "GET /wp-content/uploads/elementor/css/post-136.css?ver=1768233930 HTTP/1.0" 200 5664 "https://jockers3.inglory.de/" "Mozilla/5.0 (iPhone; CPU iPhone OS 18_7_3 like Mac OS X) AppleWebKit/605.1.15 (KHTML, like Gecko) CriOS/143.0.7499.151 Mobile/15E148 Safari/604.1"
152.39.222.236 - - [12/Jan/2026:17:30:09 +0100] "GET /wp-content/plugins/elementor/assets/lib/font-awesome/css/fontawesome.min.css?ver=5.15.3 HTTP/1.0" 200 16677 "https://jockers3.inglory.de/" "Mozilla/5.0 (iPhone; CPU iPhone OS 18_7_3 like Mac OS X) AppleWebKit/605.1.15 (KHTML, like Gecko) CriOS/143.0.7499.151 Mobile/15E148 Safari/604.1"
152.39.222.236 - - [12/Jan/2026:17:30:09 +0100] "GET /wp-includes/js/jquery/jquery.min.js,qver=3.7.1.pagespeed.jm.PoWN7KAtLT.js HTTP/1.0" 200 34477 "https://jockers3.inglory.de/" "Mozilla/5.0 (iPhone; CPU iPhone OS 18_7_3 like Mac OS X) AppleWebKit/605.1.15 (KHTML, like Gecko) CriOS/143.0.7499.151 Mobile/15E148 Safari/604.1"
152.39.222.236 - - [12/Jan/2026:17:30:09 +0100] "GET /wp-content/plugins/elementor/assets/lib/font-awesome/css/solid.min.css?ver=5.15.3 HTTP/1.0" 200 4502 "https://jockers3.inglory.de/" "Mozilla/5.0 (iPhone; CPU iPhone OS 18_7_3 like Mac OS X) AppleWebKit/605.1.15 (KHTML, like Gecko) CriOS/143.0.7499.151 Mobile/15E148 Safari/604.1"
152.39.222.236 - - [12/Jan/2026:17:30:09 +0100] "GET /wp-content/plugins/elementor/assets/lib/font-awesome/css/brands.min.css?ver=5.15.3 HTTP/1.0" 200 4501 "https://jockers3.inglory.de/" "Mozilla/5.0 (iPhone; CPU iPhone OS 18_7_3 like Mac OS X) AppleWebKit/605.1.15 (KHTML, like Gecko) CriOS/143.0.7499.151 Mobile/15E148 Safari/604.1"
152.39.222.236 - - [12/Jan/2026:17:30:09 +0100] "GET /wp-content/uploads/logo.svg HTTP/1.0" 200 12856 "https://jockers3.inglory.de/" "Mozilla/5.0 (iPhone; CPU iPhone OS 18_7_3 like Mac OS X) AppleWebKit/605.1.15 (KHTML, like Gecko) CriOS/143.0.7499.151 Mobile/15E148 Safari/604.1"
152.39.222.236 - - [12/Jan/2026:17:30:09 +0100] "GET /wp-includes/js/jquery/jquery-migrate.min.js,qver=3.4.1.pagespeed.jm.bhhu-RahTI.js HTTP/1.0" 200 8989 "https://jockers3.inglory.de/" "Mozilla/5.0 (iPhone; CPU iPhone OS 18_7_3 like Mac OS X) AppleWebKit/605.1.15 (KHTML, like Gecko) CriOS/143.0.7499.151 Mobile/15E148 Safari/604.1"
152.39.222.236 - - [12/Jan/2026:17:30:09 +0100] "GET /wp-content/uploads/img-1-768x325.jpg.webp HTTP/1.0" 200 33707 "https://jockers3.inglory.de/" "Mozilla/5.0 (iPhone; CPU iPhone OS 18_7_3 like Mac OS X) AppleWebKit/605.1.15 (KHTML, like Gecko) CriOS/143.0.7499.151 Mobile/15E148 Safari/604.1"
152.39.222.236 - - [12/Jan/2026:17:30:09 +0100] "GET /wp-content/plugins/preloader-pro/assets/js/jquery.waitformedias.min.js,qver=2024090401.pagespeed.jm.Mo79GDpayV.js HTTP/1.0" 200 6011 "https://jockers3.inglory.de/" "Mozilla/5.0 (iPhone; CPU iPhone OS 18_7_3 like Mac OS X) AppleWebKit/605.1.15 (KHTML, like Gecko) CriOS/143.0.7499.151 Mobile/15E148 Safari/604.1"
152.39.222.236 - - [12/Jan/2026:17:30:09 +0100] "GET /wp-content/plugins/preloader-pro/assets/js/loftloader.min.js,qver=2024090401.pagespeed.jm.nSFyBDGXed.js HTTP/1.0" 200 8108 "https://jockers3.inglory.de/" "Mozilla/5.0 (iPhone; CPU iPhone OS 18_7_3 like Mac OS X) AppleWebKit/605.1.15 (KHTML, like Gecko) CriOS/143.0.7499.151 Mobile/15E148 Safari/604.1"
152.39.222.236 - - [12/Jan/2026:17:30:09 +0100] "GET /wp-content/plugins/elementor/assets/js/webpack.runtime.min.js?ver=3.34.1 HTTP/1.0" 200 6707 "https://jockers3.inglory.de/" "Mozilla/5.0 (iPhone; CPU iPhone OS 18_7_3 like Mac OS X) AppleWebKit/605.1.15 (KHTML, like Gecko) CriOS/143.0.7499.151 Mobile/15E148 Safari/604.1"
152.39.222.236 - - [12/Jan/2026:17:30:09 +0100] "GET /wp-includes/js/jquery/ui/core.min.js,qver=1.13.3.pagespeed.jm.cFaMSVPe38.js HTTP/1.0" 200 10665 "https://jockers3.inglory.de/" "Mozilla/5.0 (iPhone; CPU iPhone OS 18_7_3 like Mac OS X) AppleWebKit/605.1.15 (KHTML, like Gecko) CriOS/143.0.7499.151 Mobile/15E148 Safari/604.1"
152.39.222.236 - - [12/Jan/2026:17:30:09 +0100] "GET /wp-content/plugins/elementor/assets/js/frontend.min.js?ver=3.34.1 HTTP/1.0" 200 14541 "https://jockers3.inglory.de/" "Mozilla/5.0 (iPhone; CPU iPhone OS 18_7_3 like Mac OS X) AppleWebKit/605.1.15 (KHTML, like Gecko) CriOS/143.0.7499.151 Mobile/15E148 Safari/604.1"
152.39.222.236 - - [12/Jan/2026:17:30:09 +0100] "GET /wp-content/plugins/elementor-pro/assets/lib/smartmenus/jquery.smartmenus.min.js?ver=1.2.1 HTTP/1.0" 200 11287 "https://jockers3.inglory.de/" "Mozilla/5.0 (iPhone; CPU iPhone OS 18_7_3 like Mac OS X) AppleWebKit/605.1.15 (KHTML, like Gecko) CriOS/143.0.7499.151 Mobile/15E148 Safari/604.1"
152.39.222.236 - - [12/Jan/2026:17:30:09 +0100] "GET /wp-content/plugins/elementor-pro/assets/lib/sticky/jquery.sticky.min.js?ver=3.34.0 HTTP/1.0" 200 5751 "https://jockers3.inglory.de/" "Mozilla/5.0 (iPhone; CPU iPhone OS 18_7_3 like Mac OS X) AppleWebKit/605.1.15 (KHTML, like Gecko) CriOS/143.0.7499.151 Mobile/15E148 Safari/604.1"
152.39.222.236 - - [12/Jan/2026:17:30:09 +0100] "GET /wp-content/plugins/elementor-pro/assets/js/webpack-pro.runtime.min.js?ver=3.34.0 HTTP/1.0" 200 7086 "https://jockers3.inglory.de/" "Mozilla/5.0 (iPhone; CPU iPhone OS 18_7_3 like Mac OS X) AppleWebKit/605.1.15 (KHTML, like Gecko) CriOS/143.0.7499.151 Mobile/15E148 Safari/604.1"
152.39.222.236 - - [12/Jan/2026:17:30:09 +0100] "GET /wp-content/plugins/elementor/assets/lib/swiper/v8/swiper.min.js?ver=8.4.5 HTTP/1.0" 200 43918 "https://jockers3.inglory.de/" "Mozilla/5.0 (iPhone; CPU iPhone OS 18_7_3 like Mac OS X) AppleWebKit/605.1.15 (KHTML, like Gecko) CriOS/143.0.7499.151 Mobile/15E148 Safari/604.1"
152.39.222.236 - - [12/Jan/2026:17:30:09 +0100] "GET /wp-includes/js/dist/hooks.min.js?ver=dd5603f07f9220ed27f1 HTTP/1.0" 200 6173 "https://jockers3.inglory.de/" "Mozilla/5.0 (iPhone; CPU iPhone OS 18_7_3 like Mac OS X) AppleWebKit/605.1.15 (KHTML, like Gecko) CriOS/143.0.7499.151 Mobile/15E148 Safari/604.1"
152.39.222.236 - - [12/Jan/2026:17:30:09 +0100] "GET /wp-includes/js/dist/i18n.min.js?ver=c26c3dc7bed366793375 HTTP/1.0" 200 6460 "https://jockers3.inglory.de/" "Mozilla/5.0 (iPhone; CPU iPhone OS 18_7_3 like Mac OS X) AppleWebKit/605.1.15 (KHTML, like Gecko) CriOS/143.0.7499.151 Mobile/15E148 Safari/604.1"
152.39.222.236 - - [12/Jan/2026:17:30:09 +0100] "GET /wp-content/uploads/Google-logo.svg HTTP/1.0" 200 5154 "https://jockers3.inglory.de/" "Mozilla/5.0 (iPhone; CPU iPhone OS 18_7_3 like Mac OS X) AppleWebKit/605.1.15 (KHTML, like Gecko) CriOS/143.0.7499.151 Mobile/15E148 Safari/604.1"
152.39.222.236 - - [12/Jan/2026:17:30:09 +0100] "GET /wp-content/plugins/elementor/assets/js/frontend-modules.min.js,qver=3.34.1.pagespeed.ce.HWl8gw_afp.js HTTP/1.0" 200 29928 "https://jockers3.inglory.de/" "Mozilla/5.0 (iPhone; CPU iPhone OS 18_7_3 like Mac OS X) AppleWebKit/605.1.15 (KHTML, like Gecko) CriOS/143.0.7499.151 Mobile/15E148 Safari/604.1"
152.39.222.236 - - [12/Jan/2026:17:30:09 +0100] "GET /wp-content/plugins/elementor-pro/assets/js/frontend.min.js,qver=3.34.0.pagespeed.ce.ratKkDJje_.js HTTP/1.0" 200 10638 "https://jockers3.inglory.de/" "Mozilla/5.0 (iPhone; CPU iPhone OS 18_7_3 like Mac OS X) AppleWebKit/605.1.15 (KHTML, like Gecko) CriOS/143.0.7499.151 Mobile/15E148 Safari/604.1"
152.39.222.236 - - [12/Jan/2026:17:30:10 +0100] "GET /wp-content/uploads/img-1-1.jpg HTTP/1.0" 200 66826 "https://jockers3.inglory.de/wp-content/uploads/elementor/css/post-18.css?ver=1768235076" "Mozilla/5.0 (iPhone; CPU iPhone OS 18_7_3 like Mac OS X) AppleWebKit/605.1.15 (KHTML, like Gecko) CriOS/143.0.7499.151 Mobile/15E148 Safari/604.1"
152.39.222.236 - - [12/Jan/2026:17:30:10 +0100] "GET /wp-content/uploads/img-3-1-1.jpg HTTP/1.0" 200 55882 "https://jockers3.inglory.de/wp-content/uploads/elementor/css/post-18.css?ver=1768235076" "Mozilla/5.0 (iPhone; CPU iPhone OS 18_7_3 like Mac OS X) AppleWebKit/605.1.15 (KHTML, like Gecko) CriOS/143.0.7499.151 Mobile/15E148 Safari/604.1"
152.39.222.236 - - [12/Jan/2026:17:30:10 +0100] "GET /wp-content/uploads/img-2-1-1.jpg HTTP/1.0" 200 65606 "https://jockers3.inglory.de/wp-content/uploads/elementor/css/post-18.css?ver=1768235076" "Mozilla/5.0 (iPhone; CPU iPhone OS 18_7_3 like Mac OS X) AppleWebKit/605.1.15 (KHTML, like Gecko) CriOS/143.0.7499.151 Mobile/15E148 Safari/604.1"
152.39.222.236 - - [12/Jan/2026:17:30:10 +0100] "GET /wp-content/uploads/img-4-1-1.jpg HTTP/1.0" 200 28652 "https://jockers3.inglory.de/wp-content/uploads/elementor/css/post-18.css?ver=1768235076" "Mozilla/5.0 (iPhone; CPU iPhone OS 18_7_3 like Mac OS X) AppleWebKit/605.1.15 (KHTML, like Gecko) CriOS/143.0.7499.151 Mobile/15E148 Safari/604.1"
152.39.222.236 - - [12/Jan/2026:17:30:10 +0100] "GET /wp-content/uploads/img-1-8.jpg HTTP/1.0" 200 47235 "https://jockers3.inglory.de/wp-content/uploads/elementor/css/post-18.css?ver=1768235076" "Mozilla/5.0 (iPhone; CPU iPhone OS 18_7_3 like Mac OS X) AppleWebKit/605.1.15 (KHTML, like Gecko) CriOS/143.0.7499.151 Mobile/15E148 Safari/604.1"
152.39.222.236 - - [12/Jan/2026:17:30:10 +0100] "GET /wp-content/plugins/elementor/assets/lib/font-awesome/webfonts/fa-brands-400.woff2 HTTP/1.0" 200 85756 "https://jockers3.inglory.de/wp-content/plugins/elementor/assets/lib/font-awesome/css/brands.min.css?ver=5.15.3" "Mozilla/5.0 (iPhone; CPU iPhone OS 18_7_3 like Mac OS X) AppleWebKit/605.1.15 (KHTML, like Gecko) CriOS/143.0.7499.151 Mobile/15E148 Safari/604.1"
152.39.222.236 - - [12/Jan/2026:17:30:10 +0100] "GET /wp-content/uploads/image-27.svg HTTP/1.0" 200 68044 "https://jockers3.inglory.de/" "Mozilla/5.0 (iPhone; CPU iPhone OS 18_7_3 like Mac OS X) AppleWebKit/605.1.15 (KHTML, like Gecko) CriOS/143.0.7499.151 Mobile/15E148 Safari/604.1"
152.39.222.236 - - [12/Jan/2026:17:30:10 +0100] "GET /wp-content/uploads/img-2-1-768x394.jpg HTTP/1.0" 200 33053 "https://jockers3.inglory.de/" "Mozilla/5.0 (iPhone; CPU iPhone OS 18_7_3 like Mac OS X) AppleWebKit/605.1.15 (KHTML, like Gecko) CriOS/143.0.7499.151 Mobile/15E148 Safari/604.1"
152.39.222.236 - - [12/Jan/2026:17:30:10 +0100] "GET /wp-content/uploads/img-1-768x325.jpg HTTP/1.0" 200 38407 "https://jockers3.inglory.de/" "Mozilla/5.0 (iPhone; CPU iPhone OS 18_7_3 like Mac OS X) AppleWebKit/605.1.15 (KHTML, like Gecko) CriOS/143.0.7499.151 Mobile/15E148 Safari/604.1"
152.39.222.236 - - [12/Jan/2026:17:30:10 +0100] "GET /wp-content/uploads/img-4-1-768x437.jpg HTTP/1.0" 200 25909 "https://jockers3.inglory.de/" "Mozilla/5.0 (iPhone; CPU iPhone OS 18_7_3 like Mac OS X) AppleWebKit/605.1.15 (KHTML, like Gecko) CriOS/143.0.7499.151 Mobile/15E148 Safari/604.1"
152.39.222.236 - - [12/Jan/2026:17:30:10 +0100] "GET /wp-content/uploads/img-3-1-768x394.jpg HTTP/1.0" 200 36758 "https://jockers3.inglory.de/" "Mozilla/5.0 (iPhone; CPU iPhone OS 18_7_3 like Mac OS X) AppleWebKit/605.1.15 (KHTML, like Gecko) CriOS/143.0.7499.151 Mobile/15E148 Safari/604.1"
152.39.222.236 - - [12/Jan/2026:17:30:09 +0100] "GET /wp-content/plugins/elementor-pro/assets/js/elements-handlers.min.js,qver=3.34.0.pagespeed.ce.Pue7jP9wID.js HTTP/1.0" 200 14795 "https://jockers3.inglory.de/" "Mozilla/5.0 (iPhone; CPU iPhone OS 18_7_3 like Mac OS X) AppleWebKit/605.1.15 (KHTML, like Gecko) CriOS/143.0.7499.151 Mobile/15E148 Safari/604.1"
152.39.222.236 - - [12/Jan/2026:17:30:10 +0100] "GET /wp-content/plugins/elementor/assets/css/conditionals/dialog.min.css?ver=3.34.1 HTTP/1.0" 200 5660 "https://jockers3.inglory.de/" "Mozilla/5.0 (iPhone; CPU iPhone OS 18_7_3 like Mac OS X) AppleWebKit/605.1.15 (KHTML, like Gecko) CriOS/143.0.7499.151 Mobile/15E148 Safari/604.1"
152.39.222.236 - - [12/Jan/2026:17:30:10 +0100] "GET /wp-content/plugins/elementor/assets/lib/dialog/dialog.min.js?ver=4.9.3 HTTP/1.0" 200 7922 "https://jockers3.inglory.de/" "Mozilla/5.0 (iPhone; CPU iPhone OS 18_7_3 like Mac OS X) AppleWebKit/605.1.15 (KHTML, like Gecko) CriOS/143.0.7499.151 Mobile/15E148 Safari/604.1"
152.39.222.236 - - [12/Jan/2026:17:30:10 +0100] "GET /wp-content/plugins/elementor/assets/css/conditionals/lightbox.min.css?ver=3.34.1 HTTP/1.0" 200 6089 "https://jockers3.inglory.de/" "Mozilla/5.0 (iPhone; CPU iPhone OS 18_7_3 like Mac OS X) AppleWebKit/605.1.15 (KHTML, like Gecko) CriOS/143.0.7499.151 Mobile/15E148 Safari/604.1"
152.39.222.236 - - [12/Jan/2026:17:30:10 +0100] "GET /wp-content/plugins/elementor/assets/lib/share-link/share-link.min.js?ver=3.34.1 HTTP/1.0" 200 5264 "https://jockers3.inglory.de/" "Mozilla/5.0 (iPhone; CPU iPhone OS 18_7_3 like Mac OS X) AppleWebKit/605.1.15 (KHTML, like Gecko) CriOS/143.0.7499.151 Mobile/15E148 Safari/604.1"
152.39.222.236 - - [12/Jan/2026:17:30:10 +0100] "GET /wp-content/plugins/elementor/assets/js/lightbox.d1799e507b570f6b0496.bundle.min.js HTTP/1.0" 200 13639 "https://jockers3.inglory.de/" "Mozilla/5.0 (iPhone; CPU iPhone OS 18_7_3 like Mac OS X) AppleWebKit/605.1.15 (KHTML, like Gecko) CriOS/143.0.7499.151 Mobile/15E148 Safari/604.1"
152.39.222.236 - - [12/Jan/2026:17:30:10 +0100] "GET /wp-content/plugins/elementor/assets/js/shared-frontend-handlers.03caa53373b56d3bab67.bundle.min.js HTTP/1.0" 200 6784 "https://jockers3.inglory.de/" "Mozilla/5.0 (iPhone; CPU iPhone OS 18_7_3 like Mac OS X) AppleWebKit/605.1.15 (KHTML, like Gecko) CriOS/143.0.7499.151 Mobile/15E148 Safari/604.1"
152.39.222.236 - - [12/Jan/2026:17:30:10 +0100] "GET /wp-content/plugins/elementor-pro/assets/js/nav-menu.8521a0597c50611efdc6.bundle.min.js HTTP/1.0" 200 6012 "https://jockers3.inglory.de/" "Mozilla/5.0 (iPhone; CPU iPhone OS 18_7_3 like Mac OS X) AppleWebKit/605.1.15 (KHTML, like Gecko) CriOS/143.0.7499.151 Mobile/15E148 Safari/604.1"
91.10.111.70 - - [12/Jan/2026:17:30:09 +0100] "POST /wp-admin/admin-ajax.php HTTP/1.0" 200 4840 "https://jockers3.inglory.de/wp-admin/post.php?post=18&action=elementor" "Mozilla/5.0 (Macintosh; Intel Mac OS X 10_15_7) AppleWebKit/537.36 (KHTML, like Gecko) Chrome/143.0.0.0 Safari/537.36"
152.39.222.236 - - [12/Jan/2026:17:30:10 +0100] "GET /wp-content/plugins/elementor/assets/js/text-editor.45609661e409413f1cef.bundle.min.js HTTP/1.0" 200 4742 "https://jockers3.inglory.de/" "Mozilla/5.0 (iPhone; CPU iPhone OS 18_7_3 like Mac OS X) AppleWebKit/605.1.15 (KHTML, like Gecko) CriOS/143.0.7499.151 Mobile/15E148 Safari/604.1"
152.39.222.236 - - [12/Jan/2026:17:30:10 +0100] "GET /wp-content/plugins/elementor-pro/assets/js/nested-carousel.db797a097fdc5532ef4a.bundle.min.js HTTP/1.0" 200 5573 "https://jockers3.inglory.de/" "Mozilla/5.0 (iPhone; CPU iPhone OS 18_7_3 like Mac OS X) AppleWebKit/605.1.15 (KHTML, like Gecko) CriOS/143.0.7499.151 Mobile/15E148 Safari/604.1"
152.39.222.236 - - [12/Jan/2026:17:30:10 +0100] "GET /wp-content/plugins/elementor-pro/assets/js/media-carousel.8d26e5df1a1527329fde.bundle.min.js HTTP/1.0" 200 6214 "https://jockers3.inglory.de/" "Mozilla/5.0 (iPhone; CPU iPhone OS 18_7_3 like Mac OS X) AppleWebKit/605.1.15 (KHTML, like Gecko) CriOS/143.0.7499.151 Mobile/15E148 Safari/604.1"
152.39.222.236 - - [12/Jan/2026:17:30:10 +0100] "GET /wp-content/uploads/cropped-items-32x32.png HTTP/1.0" 200 4611 "https://jockers3.inglory.de/" "Mozilla/5.0 (iPhone; CPU iPhone OS 18_7_3 like Mac OS X) AppleWebKit/605.1.15 (KHTML, like Gecko) CriOS/143.0.7499.151 Mobile/15E148 Safari/604.1"
152.39.222.236 - - [12/Jan/2026:17:30:10 +0100] "GET /wp-includes/js/wp-emoji-release.min.js?ver=6.9 HTTP/1.0" 200 9515 "https://jockers3.inglory.de/" "Mozilla/5.0 (iPhone; CPU iPhone OS 18_7_3 like Mac OS X) AppleWebKit/605.1.15 (KHTML, like Gecko) CriOS/143.0.7499.151 Mobile/15E148 Safari/604.1"
152.39.222.236 - - [12/Jan/2026:17:30:10 +0100] "GET /wp-content/uploads/img-2-1.jpg HTTP/1.0" 200 84505 "https://jockers3.inglory.de/" "Mozilla/5.0 (iPhone; CPU iPhone OS 18_7_3 like Mac OS X) AppleWebKit/605.1.15 (KHTML, like Gecko) CriOS/143.0.7499.151 Mobile/15E148 Safari/604.1"
152.39.222.236 - - [12/Jan/2026:17:30:10 +0100] "GET /wp-content/uploads/img-4-1-4.jpg HTTP/1.0" 200 147009 "https://jockers3.inglory.de/" "Mozilla/5.0 (iPhone; CPU iPhone OS 18_7_3 like Mac OS X) AppleWebKit/605.1.15 (KHTML, like Gecko) CriOS/143.0.7499.151 Mobile/15E148 Safari/604.1"
152.39.222.236 - - [12/Jan/2026:17:30:10 +0100] "GET /wp-content/uploads/img-2-1-3.jpg HTTP/1.0" 200 49863 "https://jockers3.inglory.de/" "Mozilla/5.0 (iPhone; CPU iPhone OS 18_7_3 like Mac OS X) AppleWebKit/605.1.15 (KHTML, like Gecko) CriOS/143.0.7499.151 Mobile/15E148 Safari/604.1"
152.39.222.236 - - [12/Jan/2026:17:30:10 +0100] "GET /wp-content/uploads/img-1-3.jpg HTTP/1.0" 200 94276 "https://jockers3.inglory.de/" "Mozilla/5.0 (iPhone; CPU iPhone OS 18_7_3 like Mac OS X) AppleWebKit/605.1.15 (KHTML, like Gecko) CriOS/143.0.7499.151 Mobile/15E148 Safari/604.1"
152.39.222.236 - - [12/Jan/2026:17:30:10 +0100] "GET /wp-content/uploads/Villa_Magnolia_021.jpg HTTP/1.0" 200 257209 "https://jockers3.inglory.de/" "Mozilla/5.0 (iPhone; CPU iPhone OS 18_7_3 like Mac OS X) AppleWebKit/605.1.15 (KHTML, like Gecko) CriOS/143.0.7499.151 Mobile/15E148 Safari/604.1"
152.39.222.236 - - [12/Jan/2026:17:30:10 +0100] "GET /wp-content/uploads/Altlusheim_011-scaled-1.jpeg HTTP/1.0" 200 173251 "https://jockers3.inglory.de/" "Mozilla/5.0 (iPhone; CPU iPhone OS 18_7_3 like Mac OS X) AppleWebKit/605.1.15 (KHTML, like Gecko) CriOS/143.0.7499.151 Mobile/15E148 Safari/604.1"
152.39.222.236 - - [12/Jan/2026:17:30:10 +0100] "GET /wp-content/uploads/Anslinger_Deidesheim_002-Bearbeitet-scaled-1.jpeg HTTP/1.0" 200 262499 "https://jockers3.inglory.de/" "Mozilla/5.0 (iPhone; CPU iPhone OS 18_7_3 like Mac OS X) AppleWebKit/605.1.15 (KHTML, like Gecko) CriOS/143.0.7499.151 Mobile/15E148 Safari/604.1"
91.10.111.70 - - [12/Jan/2026:17:30:11 +0100] "POST /wp-admin/admin-ajax.php HTTP/1.0" 200 4843 "https://jockers3.inglory.de/wp-admin/post.php?post=18&action=elementor" "Mozilla/5.0 (Macintosh; Intel Mac OS X 10_15_7) AppleWebKit/537.36 (KHTML, like Gecko) Chrome/143.0.0.0 Safari/537.36"
91.10.111.70 - - [12/Jan/2026:17:30:12 +0100] "POST /wp-admin/admin-ajax.php HTTP/1.0" 200 4405 "https://jockers3.inglory.de/wp-admin/post.php?post=18&action=elementor" "Mozilla/5.0 (Macintosh; Intel Mac OS X 10_15_7) AppleWebKit/537.36 (KHTML, like Gecko) Chrome/143.0.0.0 Safari/537.36"
91.10.111.70 - - [12/Jan/2026:17:30:21 +0100] "GET /wp-content/uploads/img-4-1.jpg HTTP/1.0" 304 3898 "https://jockers3.inglory.de/?elementor-preview=18&ver=1768233947" "Mozilla/5.0 (Macintosh; Intel Mac OS X 10_15_7) AppleWebKit/537.36 (KHTML, like Gecko) Chrome/143.0.0.0 Safari/537.36"
91.10.111.70 - - [12/Jan/2026:17:30:22 +0100] "GET /wp-content/uploads/img-3-1.jpg HTTP/1.0" 304 3899 "https://jockers3.inglory.de/?elementor-preview=18&ver=1768233947" "Mozilla/5.0 (Macintosh; Intel Mac OS X 10_15_7) AppleWebKit/537.36 (KHTML, like Gecko) Chrome/143.0.0.0 Safari/537.36"
91.10.111.70 - - [12/Jan/2026:17:30:22 +0100] "GET /wp-content/uploads/img-2-1.jpg HTTP/1.0" 304 3899 "https://jockers3.inglory.de/?elementor-preview=18&ver=1768233947" "Mozilla/5.0 (Macintosh; Intel Mac OS X 10_15_7) AppleWebKit/537.36 (KHTML, like Gecko) Chrome/143.0.0.0 Safari/537.36"
91.10.111.70 - - [12/Jan/2026:17:30:24 +0100] "GET /wp-content/uploads/img-1.jpg HTTP/1.0" 304 3899 "https://jockers3.inglory.de/?elementor-preview=18&ver=1768233947" "Mozilla/5.0 (Macintosh; Intel Mac OS X 10_15_7) AppleWebKit/537.36 (KHTML, like Gecko) Chrome/143.0.0.0 Safari/537.36"
94.130.90.54 - - [12/Jan/2026:17:30:28 +0100] "POST /wp-cron.php?doing_wp_cron=1768235428.2251598834991455078125 HTTP/1.0" 200 4074 "-" "cmvZIOln8oEW"
91.10.111.70 - - [12/Jan/2026:17:30:27 +0100] "POST /wp-admin/admin-ajax.php HTTP/1.0" 200 4405 "https://jockers3.inglory.de/wp-admin/post.php?post=18&action=elementor" "Mozilla/5.0 (Macintosh; Intel Mac OS X 10_15_7) AppleWebKit/537.36 (KHTML, like Gecko) Chrome/143.0.0.0 Safari/537.36"
91.10.111.70 - - [12/Jan/2026:17:30:33 +0100] "GET /wp-json/elementor/v1/checklist/user-progress HTTP/1.0" 200 5011 "https://jockers3.inglory.de/wp-admin/post.php?post=18&action=elementor" "Mozilla/5.0 (Macintosh; Intel Mac OS X 10_15_7) AppleWebKit/537.36 (KHTML, like Gecko) Chrome/143.0.0.0 Safari/537.36"
91.10.111.70 - - [12/Jan/2026:17:30:34 +0100] "POST /wp-admin/admin-ajax.php HTTP/1.0" 200 5381 "https://jockers3.inglory.de/wp-admin/post.php?post=18&action=elementor" "Mozilla/5.0 (Macintosh; Intel Mac OS X 10_15_7) AppleWebKit/537.36 (KHTML, like Gecko) Chrome/143.0.0.0 Safari/537.36"
91.10.111.70 - - [12/Jan/2026:17:30:35 +0100] "GET /wp-json/elementor/v1/checklist/user-progress HTTP/1.0" 200 5011 "https://jockers3.inglory.de/wp-admin/post.php?post=18&action=elementor" "Mozilla/5.0 (Macintosh; Intel Mac OS X 10_15_7) AppleWebKit/537.36 (KHTML, like Gecko) Chrome/143.0.0.0 Safari/537.36"
91.10.111.70 - - [12/Jan/2026:17:30:36 +0100] "POST /wp-admin/admin-ajax.php HTTP/1.0" 200 4405 "https://jockers3.inglory.de/wp-admin/post.php?post=110&action=elementor" "Mozilla/5.0 (Macintosh; Intel Mac OS X 10_15_7) AppleWebKit/537.36 (KHTML, like Gecko) Chrome/143.0.0.0 Safari/537.36"
94.130.90.54 - - [12/Jan/2026:17:30:37 +0100] "GET /wp-includes/css/dashicons.min.css?ver=6.9 HTTP/1.1" 304 3411 "https://jockers3.inglory.de/?preview_id=18&preview_nonce=6389c009dc&preview=true" "Serf/1.3.9 (mod_pagespeed/1.13.35.2-0)"
94.130.90.54 - - [12/Jan/2026:17:30:37 +0100] "GET /wp-includes/css/admin-bar.min.css?ver=6.9 HTTP/1.1" 304 3411 "https://jockers3.inglory.de/?preview_id=18&preview_nonce=6389c009dc&preview=true" "Serf/1.3.9 (mod_pagespeed/1.13.35.2-0)"
94.130.90.54 - - [12/Jan/2026:17:30:37 +0100] "GET /wp-content/plugins/preloader-pro/assets/css/loftloader.min.css?ver=2024090401 HTTP/1.1" 304 3412 "https://jockers3.inglory.de/?preview_id=18&preview_nonce=6389c009dc&preview=true" "Serf/1.3.9 (mod_pagespeed/1.13.35.2-0)"
91.10.111.70 - - [12/Jan/2026:17:30:35 +0100] "GET /?preview_id=18&preview_nonce=6389c009dc&preview=true HTTP/1.0" 200 46241 "https://jockers3.inglory.de/wp-admin/post.php?post=18&action=elementor" "Mozilla/5.0 (Macintosh; Intel Mac OS X 10_15_7) AppleWebKit/537.36 (KHTML, like Gecko) Chrome/143.0.0.0 Safari/537.36"
94.130.90.54 - - [12/Jan/2026:17:30:37 +0100] "GET /wp-content/plugins/elementor/assets/css/common.min.css?ver=3.34.1 HTTP/1.1" 304 3411 "https://jockers3.inglory.de/?preview_id=18&preview_nonce=6389c009dc&preview=true" "Serf/1.3.9 (mod_pagespeed/1.13.35.2-0)"
94.130.90.54 - - [12/Jan/2026:17:30:37 +0100] "GET /wp-content/plugins/elementor/assets/css/theme-light.min.css?ver=3.34.1 HTTP/1.1" 304 3410 "https://jockers3.inglory.de/?preview_id=18&preview_nonce=6389c009dc&preview=true" "Serf/1.3.9 (mod_pagespeed/1.13.35.2-0)"
91.10.111.70 - - [12/Jan/2026:17:30:37 +0100] "GET /wp-content/uploads/img-2-1.jpg HTTP/1.0" 304 3899 "https://jockers3.inglory.de/?elementor-preview=18&ver=1768233947" "Mozilla/5.0 (Macintosh; Intel Mac OS X 10_15_7) AppleWebKit/537.36 (KHTML, like Gecko) Chrome/143.0.0.0 Safari/537.36"
94.130.90.54 - - [12/Jan/2026:17:30:37 +0100] "GET /wp-content/plugins/imagify/assets/css/admin-bar.min.css?ver=2.2.6 HTTP/1.1" 304 3411 "https://jockers3.inglory.de/?preview_id=18&preview_nonce=6389c009dc&preview=true" "Serf/1.3.9 (mod_pagespeed/1.13.35.2-0)"
94.130.90.54 - - [12/Jan/2026:17:30:37 +0100] "GET /wp-content/themes/hello-elementor/assets/css/reset.css?ver=3.4.5 HTTP/1.1" 304 3411 "https://jockers3.inglory.de/?preview_id=18&preview_nonce=6389c009dc&preview=true" "Serf/1.3.9 (mod_pagespeed/1.13.35.2-0)"
94.130.90.54 - - [12/Jan/2026:17:30:37 +0100] "GET /wp-content/themes/hello-elementor/assets/css/theme.css?ver=3.4.5 HTTP/1.1" 304 3411 "https://jockers3.inglory.de/?preview_id=18&preview_nonce=6389c009dc&preview=true" "Serf/1.3.9 (mod_pagespeed/1.13.35.2-0)"
94.130.90.54 - - [12/Jan/2026:17:30:37 +0100] "GET /wp-content/themes/hello-elementor/assets/css/header-footer.css?ver=3.4.5 HTTP/1.1" 304 3411 "https://jockers3.inglory.de/?preview_id=18&preview_nonce=6389c009dc&preview=true" "Serf/1.3.9 (mod_pagespeed/1.13.35.2-0)"
94.130.90.54 - - [12/Jan/2026:17:30:37 +0100] "GET /wp-content/plugins/elementor/assets/css/frontend.min.css?ver=3.34.1 HTTP/1.1" 304 3411 "https://jockers3.inglory.de/?preview_id=18&preview_nonce=6389c009dc&preview=true" "Serf/1.3.9 (mod_pagespeed/1.13.35.2-0)"
94.130.90.54 - - [12/Jan/2026:17:30:37 +0100] "GET /wp-content/plugins/elementor/assets/css/widget-heading.min.css?ver=3.34.1 HTTP/1.1" 304 3410 "https://jockers3.inglory.de/?preview_id=18&preview_nonce=6389c009dc&preview=true" "Serf/1.3.9 (mod_pagespeed/1.13.35.2-0)"
