94.130.90.54 - - [12/Jan/2026:18:27:29 +0100] "GET /wp-content/plugins/elementor-pro/assets/js/frontend.min.js?ver=3.34.0 HTTP/1.1" 200 27658 "https://jockers3.inglory.de/" "Serf/1.3.9 (mod_pagespeed/1.13.35.2-0)"
94.130.90.54 - - [12/Jan/2026:18:27:29 +0100] "GET /wp-content/plugins/elementor-pro/assets/js/elements-handlers.min.js?ver=3.34.0 HTTP/1.1" 200 47898 "https://jockers3.inglory.de/" "Serf/1.3.9 (mod_pagespeed/1.13.35.2-0)"
94.130.90.54 - - [12/Jan/2026:18:27:29 +0100] "GET /wp-content/uploads/elementor/css/post-18.css?ver=1768235689 HTTP/1.1" 200 132710 "https://jockers3.inglory.de/" "Serf/1.3.9 (mod_pagespeed/1.13.35.2-0)"
94.130.90.54 - - [12/Jan/2026:18:27:29 +0100] "GET /wp-content/uploads/logo.svg HTTP/1.1" 200 12376 "https://jockers3.inglory.de/" "Serf/1.3.9 (mod_pagespeed/1.13.35.2-0)"
94.130.90.54 - - [12/Jan/2026:18:27:29 +0100] "GET /wp-content/uploads/logo.svg HTTP/1.1" 200 12376 "https://jockers3.inglory.de/" "Serf/1.3.9 (mod_pagespeed/1.13.35.2-0)"
94.130.90.54 - - [12/Jan/2026:18:27:29 +0100] "GET /wp-content/uploads/Google-logo.svg HTTP/1.1" 200 4667 "https://jockers3.inglory.de/" "Serf/1.3.9 (mod_pagespeed/1.13.35.2-0)"
94.130.90.54 - - [12/Jan/2026:18:27:29 +0100] "GET /wp-content/uploads/image-27.svg HTTP/1.1" 200 67585 "https://jockers3.inglory.de/" "Serf/1.3.9 (mod_pagespeed/1.13.35.2-0)"
94.130.90.54 - - [12/Jan/2026:18:27:29 +0100] "GET /wp-content/uploads/logo.svg HTTP/1.1" 200 12376 "https://jockers3.inglory.de/" "Serf/1.3.9 (mod_pagespeed/1.13.35.2-0)"
94.130.90.54 - - [12/Jan/2026:18:27:29 +0100] "GET /wp-content/plugins/elementor/assets/js/frontend.min.js?ver=3.34.1 HTTP/1.1" 200 35491 "https://jockers3.inglory.de/" "Serf/1.3.9 (mod_pagespeed/1.13.35.2-0)"
94.130.90.54 - - [12/Jan/2026:18:27:29 +0100] "GET /wp-content/plugins/elementor/assets/lib/swiper/v8/swiper.min.js?ver=8.4.5 HTTP/1.1" 200 147525 "https://jockers3.inglory.de/" "Serf/1.3.9 (mod_pagespeed/1.13.35.2-0)"
94.130.90.54 - - [12/Jan/2026:18:27:29 +0100] "GET /wp-content/plugins/elementor-pro/assets/js/webpack-pro.runtime.min.js?ver=3.34.0 HTTP/1.1" 200 9829 "https://jockers3.inglory.de/" "Serf/1.3.9 (mod_pagespeed/1.13.35.2-0)"
94.130.90.54 - - [12/Jan/2026:18:27:29 +0100] "GET /wp-content/uploads/img-1-1.jpg HTTP/1.1" 200 66253 "https://jockers3.inglory.de/" "Serf/1.3.9 (mod_pagespeed/1.13.35.2-0)"
94.130.90.54 - - [12/Jan/2026:18:27:29 +0100] "GET /wp-content/uploads/img-2-1-1.jpg HTTP/1.1" 200 65033 "https://jockers3.inglory.de/" "Serf/1.3.9 (mod_pagespeed/1.13.35.2-0)"
94.130.90.54 - - [12/Jan/2026:18:27:29 +0100] "GET /wp-content/uploads/img-3-1-1.jpg HTTP/1.1" 200 55309 "https://jockers3.inglory.de/" "Serf/1.3.9 (mod_pagespeed/1.13.35.2-0)"
94.130.90.54 - - [12/Jan/2026:18:27:29 +0100] "GET /wp-content/uploads/img-4-1-1.jpg HTTP/1.1" 200 28065 "https://jockers3.inglory.de/" "Serf/1.3.9 (mod_pagespeed/1.13.35.2-0)"
94.130.90.54 - - [12/Jan/2026:18:27:29 +0100] "GET /wp-content/uploads/img-1-8.jpg HTTP/1.1" 200 46655 "https://jockers3.inglory.de/" "Serf/1.3.9 (mod_pagespeed/1.13.35.2-0)"
94.130.90.54 - - [12/Jan/2026:18:27:29 +0100] "GET /wp-content/uploads/img-5-1.jpg HTTP/1.1" 304 3411 "https://jockers3.inglory.de/" "Serf/1.3.9 (mod_pagespeed/1.13.35.2-0)"
94.130.90.54 - - [12/Jan/2026:18:27:29 +0100] "GET /wp-content/uploads/img-6-1.jpg HTTP/1.1" 304 3411 "https://jockers3.inglory.de/" "Serf/1.3.9 (mod_pagespeed/1.13.35.2-0)"
94.130.90.54 - - [12/Jan/2026:18:27:29 +0100] "GET /wp-content/uploads/img-7-1.jpg HTTP/1.1" 304 3411 "https://jockers3.inglory.de/" "Serf/1.3.9 (mod_pagespeed/1.13.35.2-0)"
94.130.90.54 - - [12/Jan/2026:18:27:29 +0100] "GET /wp-content/uploads/img-8-1.jpg HTTP/1.1" 304 3411 "https://jockers3.inglory.de/" "Serf/1.3.9 (mod_pagespeed/1.13.35.2-0)"
94.130.90.54 - - [12/Jan/2026:18:27:29 +0100] "GET /wp-content/uploads/img-9-1.jpg HTTP/1.1" 304 3411 "https://jockers3.inglory.de/" "Serf/1.3.9 (mod_pagespeed/1.13.35.2-0)"
94.130.90.54 - - [12/Jan/2026:18:27:29 +0100] "GET /wp-content/uploads/img-10-1.jpg HTTP/1.1" 304 3411 "https://jockers3.inglory.de/" "Serf/1.3.9 (mod_pagespeed/1.13.35.2-0)"
91.10.111.70 - - [12/Jan/2026:18:28:07 +0100] "POST /wp-admin/admin-ajax.php HTTP/1.0" 200 4354 "https://jockers3.inglory.de/wp-admin/post.php?post=18&action=elementor" "Mozilla/5.0 (Macintosh; Intel Mac OS X 10_15_7) AppleWebKit/537.36 (KHTML, like Gecko) Chrome/143.0.0.0 Safari/537.36"
94.130.90.54 - - [12/Jan/2026:18:28:24 +0100] "POST /wp-cron.php?doing_wp_cron=1768238904.2329690456390380859375 HTTP/1.0" 200 4074 "-" "pyIUdUuv8jk7"
91.10.111.70 - - [12/Jan/2026:18:28:23 +0100] "POST /wp-admin/admin-ajax.php HTTP/1.0" 200 4405 "https://jockers3.inglory.de/wp-admin/post.php?post=18&action=elementor" "Mozilla/5.0 (Macintosh; Intel Mac OS X 10_15_7) AppleWebKit/537.36 (KHTML, like Gecko) Chrome/143.0.0.0 Safari/537.36"
91.10.111.70 - - [12/Jan/2026:18:28:24 +0100] "POST /wp-admin/admin-ajax.php HTTP/1.0" 200 4405 "https://jockers3.inglory.de/wp-admin/post.php?post=110&action=elementor" "Mozilla/5.0 (Macintosh; Intel Mac OS X 10_15_7) AppleWebKit/537.36 (KHTML, like Gecko) Chrome/143.0.0.0 Safari/537.36"
94.130.90.54 - - [12/Jan/2026:18:29:26 +0100] "POST /wp-cron.php?doing_wp_cron=1768238966.2638471126556396484375 HTTP/1.0" 200 4074 "-" "2pefhAwZuEw6"
91.10.111.70 - - [12/Jan/2026:18:29:25 +0100] "POST /wp-admin/admin-ajax.php HTTP/1.0" 200 4405 "https://jockers3.inglory.de/wp-admin/post.php?post=18&action=elementor" "Mozilla/5.0 (Macintosh; Intel Mac OS X 10_15_7) AppleWebKit/537.36 (KHTML, like Gecko) Chrome/143.0.0.0 Safari/537.36"
91.10.111.70 - - [12/Jan/2026:18:30:08 +0100] "POST /wp-admin/admin-ajax.php HTTP/1.0" 200 4354 "https://jockers3.inglory.de/wp-admin/post.php?post=18&action=elementor" "Mozilla/5.0 (Macintosh; Intel Mac OS X 10_15_7) AppleWebKit/537.36 (KHTML, like Gecko) Chrome/143.0.0.0 Safari/537.36"
94.130.90.54 - - [12/Jan/2026:18:30:25 +0100] "POST /wp-cron.php?doing_wp_cron=1768239025.2292189598083496093750 HTTP/1.0" 200 4074 "-" "issQcVnXTzbM"
91.10.111.70 - - [12/Jan/2026:18:30:24 +0100] "POST /wp-admin/admin-ajax.php HTTP/1.0" 200 4405 "https://jockers3.inglory.de/wp-admin/post.php?post=18&action=elementor" "Mozilla/5.0 (Macintosh; Intel Mac OS X 10_15_7) AppleWebKit/537.36 (KHTML, like Gecko) Chrome/143.0.0.0 Safari/537.36"
91.10.111.70 - - [12/Jan/2026:18:30:25 +0100] "POST /wp-admin/admin-ajax.php HTTP/1.0" 200 4405 "https://jockers3.inglory.de/wp-admin/post.php?post=110&action=elementor" "Mozilla/5.0 (Macintosh; Intel Mac OS X 10_15_7) AppleWebKit/537.36 (KHTML, like Gecko) Chrome/143.0.0.0 Safari/537.36"
94.130.90.54 - - [12/Jan/2026:18:31:27 +0100] "POST /wp-cron.php?doing_wp_cron=1768239087.2329120635986328125000 HTTP/1.0" 200 4074 "-" "G6CA6zJeocog"
91.10.111.70 - - [12/Jan/2026:18:31:26 +0100] "POST /wp-admin/admin-ajax.php HTTP/1.0" 200 4405 "https://jockers3.inglory.de/wp-admin/post.php?post=18&action=elementor" "Mozilla/5.0 (Macintosh; Intel Mac OS X 10_15_7) AppleWebKit/537.36 (KHTML, like Gecko) Chrome/143.0.0.0 Safari/537.36"
91.10.111.70 - - [12/Jan/2026:18:32:09 +0100] "POST /wp-admin/admin-ajax.php HTTP/1.0" 200 4354 "https://jockers3.inglory.de/wp-admin/post.php?post=18&action=elementor" "Mozilla/5.0 (Macintosh; Intel Mac OS X 10_15_7) AppleWebKit/537.36 (KHTML, like Gecko) Chrome/143.0.0.0 Safari/537.36"
94.130.90.54 - - [12/Jan/2026:18:32:26 +0100] "POST /wp-cron.php?doing_wp_cron=1768239146.2402420043945312500000 HTTP/1.0" 200 4074 "-" "rwjjy6kWIXcE"
91.10.111.70 - - [12/Jan/2026:18:32:25 +0100] "POST /wp-admin/admin-ajax.php HTTP/1.0" 200 4405 "https://jockers3.inglory.de/wp-admin/post.php?post=18&action=elementor" "Mozilla/5.0 (Macintosh; Intel Mac OS X 10_15_7) AppleWebKit/537.36 (KHTML, like Gecko) Chrome/143.0.0.0 Safari/537.36"
91.10.111.70 - - [12/Jan/2026:18:32:26 +0100] "POST /wp-admin/admin-ajax.php HTTP/1.0" 200 4405 "https://jockers3.inglory.de/wp-admin/post.php?post=110&action=elementor" "Mozilla/5.0 (Macintosh; Intel Mac OS X 10_15_7) AppleWebKit/537.36 (KHTML, like Gecko) Chrome/143.0.0.0 Safari/537.36"
94.130.90.54 - - [12/Jan/2026:18:33:28 +0100] "POST /wp-cron.php?doing_wp_cron=1768239208.2671899795532226562500 HTTP/1.0" 200 4074 "-" "mlfzA4FKEO7S"
91.10.111.70 - - [12/Jan/2026:18:33:27 +0100] "POST /wp-admin/admin-ajax.php HTTP/1.0" 200 4405 "https://jockers3.inglory.de/wp-admin/post.php?post=18&action=elementor" "Mozilla/5.0 (Macintosh; Intel Mac OS X 10_15_7) AppleWebKit/537.36 (KHTML, like Gecko) Chrome/143.0.0.0 Safari/537.36"
91.10.111.70 - - [12/Jan/2026:18:34:10 +0100] "POST /wp-admin/admin-ajax.php HTTP/1.0" 200 4354 "https://jockers3.inglory.de/wp-admin/post.php?post=18&action=elementor" "Mozilla/5.0 (Macintosh; Intel Mac OS X 10_15_7) AppleWebKit/537.36 (KHTML, like Gecko) Chrome/143.0.0.0 Safari/537.36"
94.130.90.54 - - [12/Jan/2026:18:34:27 +0100] "POST /wp-cron.php?doing_wp_cron=1768239267.2328610420227050781250 HTTP/1.0" 200 4074 "-" "NQGA70nC3dJM"
91.10.111.70 - - [12/Jan/2026:18:34:26 +0100] "POST /wp-admin/admin-ajax.php HTTP/1.0" 200 4405 "https://jockers3.inglory.de/wp-admin/post.php?post=18&action=elementor" "Mozilla/5.0 (Macintosh; Intel Mac OS X 10_15_7) AppleWebKit/537.36 (KHTML, like Gecko) Chrome/143.0.0.0 Safari/537.36"
91.10.111.70 - - [12/Jan/2026:18:34:27 +0100] "POST /wp-admin/admin-ajax.php HTTP/1.0" 200 4405 "https://jockers3.inglory.de/wp-admin/post.php?post=110&action=elementor" "Mozilla/5.0 (Macintosh; Intel Mac OS X 10_15_7) AppleWebKit/537.36 (KHTML, like Gecko) Chrome/143.0.0.0 Safari/537.36"
94.130.90.54 - - [12/Jan/2026:18:35:29 +0100] "POST /wp-cron.php?doing_wp_cron=1768239329.2311379909515380859375 HTTP/1.0" 200 4074 "-" "r59Jw0YtS26S"
91.10.111.70 - - [12/Jan/2026:18:35:28 +0100] "POST /wp-admin/admin-ajax.php HTTP/1.0" 200 4405 "https://jockers3.inglory.de/wp-admin/post.php?post=18&action=elementor" "Mozilla/5.0 (Macintosh; Intel Mac OS X 10_15_7) AppleWebKit/537.36 (KHTML, like Gecko) Chrome/143.0.0.0 Safari/537.36"
91.10.111.70 - - [12/Jan/2026:18:36:11 +0100] "POST /wp-admin/admin-ajax.php HTTP/1.0" 200 4354 "https://jockers3.inglory.de/wp-admin/post.php?post=18&action=elementor" "Mozilla/5.0 (Macintosh; Intel Mac OS X 10_15_7) AppleWebKit/537.36 (KHTML, like Gecko) Chrome/143.0.0.0 Safari/537.36"
94.130.90.54 - - [12/Jan/2026:18:36:28 +0100] "POST /wp-cron.php?doing_wp_cron=1768239388.2336769104003906250000 HTTP/1.0" 200 4074 "-" "DxXOGxfhZvZV"
91.10.111.70 - - [12/Jan/2026:18:36:27 +0100] "POST /wp-admin/admin-ajax.php HTTP/1.0" 200 4405 "https://jockers3.inglory.de/wp-admin/post.php?post=18&action=elementor" "Mozilla/5.0 (Macintosh; Intel Mac OS X 10_15_7) AppleWebKit/537.36 (KHTML, like Gecko) Chrome/143.0.0.0 Safari/537.36"
91.10.111.70 - - [12/Jan/2026:18:36:28 +0100] "POST /wp-admin/admin-ajax.php HTTP/1.0" 200 4405 "https://jockers3.inglory.de/wp-admin/post.php?post=110&action=elementor" "Mozilla/5.0 (Macintosh; Intel Mac OS X 10_15_7) AppleWebKit/537.36 (KHTML, like Gecko) Chrome/143.0.0.0 Safari/537.36"
94.130.90.54 - - [12/Jan/2026:18:37:30 +0100] "POST /wp-cron.php?doing_wp_cron=1768239450.2995750904083251953125 HTTP/1.0" 200 4074 "-" "IOPt7FaJltyQ"
91.10.111.70 - - [12/Jan/2026:18:37:29 +0100] "POST /wp-admin/admin-ajax.php HTTP/1.0" 200 4405 "https://jockers3.inglory.de/wp-admin/post.php?post=18&action=elementor" "Mozilla/5.0 (Macintosh; Intel Mac OS X 10_15_7) AppleWebKit/537.36 (KHTML, like Gecko) Chrome/143.0.0.0 Safari/537.36"
91.10.111.70 - - [12/Jan/2026:18:38:12 +0100] "POST /wp-admin/admin-ajax.php HTTP/1.0" 200 4354 "https://jockers3.inglory.de/wp-admin/post.php?post=18&action=elementor" "Mozilla/5.0 (Macintosh; Intel Mac OS X 10_15_7) AppleWebKit/537.36 (KHTML, like Gecko) Chrome/143.0.0.0 Safari/537.36"
94.130.90.54 - - [12/Jan/2026:18:38:29 +0100] "POST /wp-cron.php?doing_wp_cron=1768239509.2655858993530273437500 HTTP/1.0" 200 4074 "-" "kPXhpV3YvAfn"
91.10.111.70 - - [12/Jan/2026:18:38:28 +0100] "POST /wp-admin/admin-ajax.php HTTP/1.0" 200 4405 "https://jockers3.inglory.de/wp-admin/post.php?post=18&action=elementor" "Mozilla/5.0 (Macintosh; Intel Mac OS X 10_15_7) AppleWebKit/537.36 (KHTML, like Gecko) Chrome/143.0.0.0 Safari/537.36"
91.10.111.70 - - [12/Jan/2026:18:38:29 +0100] "POST /wp-admin/admin-ajax.php HTTP/1.0" 200 4405 "https://jockers3.inglory.de/wp-admin/post.php?post=110&action=elementor" "Mozilla/5.0 (Macintosh; Intel Mac OS X 10_15_7) AppleWebKit/537.36 (KHTML, like Gecko) Chrome/143.0.0.0 Safari/537.36"
94.130.90.54 - - [12/Jan/2026:18:39:31 +0100] "POST /wp-cron.php?doing_wp_cron=1768239571.2716848850250244140625 HTTP/1.0" 200 4074 "-" "BRRKgV72FYhs"
91.10.111.70 - - [12/Jan/2026:18:39:30 +0100] "POST /wp-admin/admin-ajax.php HTTP/1.0" 200 4405 "https://jockers3.inglory.de/wp-admin/post.php?post=18&action=elementor" "Mozilla/5.0 (Macintosh; Intel Mac OS X 10_15_7) AppleWebKit/537.36 (KHTML, like Gecko) Chrome/143.0.0.0 Safari/537.36"
91.10.111.70 - - [12/Jan/2026:18:40:13 +0100] "POST /wp-admin/admin-ajax.php HTTP/1.0" 200 4354 "https://jockers3.inglory.de/wp-admin/post.php?post=18&action=elementor" "Mozilla/5.0 (Macintosh; Intel Mac OS X 10_15_7) AppleWebKit/537.36 (KHTML, like Gecko) Chrome/143.0.0.0 Safari/537.36"
94.130.90.54 - - [12/Jan/2026:18:40:30 +0100] "POST /wp-cron.php?doing_wp_cron=1768239630.2344110012054443359375 HTTP/1.0" 200 4074 "-" "qwLqJx5oKM5u"
91.10.111.70 - - [12/Jan/2026:18:40:29 +0100] "POST /wp-admin/admin-ajax.php HTTP/1.0" 200 4405 "https://jockers3.inglory.de/wp-admin/post.php?post=18&action=elementor" "Mozilla/5.0 (Macintosh; Intel Mac OS X 10_15_7) AppleWebKit/537.36 (KHTML, like Gecko) Chrome/143.0.0.0 Safari/537.36"
91.10.111.70 - - [12/Jan/2026:18:40:30 +0100] "POST /wp-admin/admin-ajax.php HTTP/1.0" 200 4405 "https://jockers3.inglory.de/wp-admin/post.php?post=110&action=elementor" "Mozilla/5.0 (Macintosh; Intel Mac OS X 10_15_7) AppleWebKit/537.36 (KHTML, like Gecko) Chrome/143.0.0.0 Safari/537.36"
94.130.90.54 - - [12/Jan/2026:18:41:32 +0100] "POST /wp-cron.php?doing_wp_cron=1768239692.2359340190887451171875 HTTP/1.0" 200 4074 "-" "befIWlbdRU0D"
91.10.111.70 - - [12/Jan/2026:18:41:31 +0100] "POST /wp-admin/admin-ajax.php HTTP/1.0" 200 4405 "https://jockers3.inglory.de/wp-admin/post.php?post=18&action=elementor" "Mozilla/5.0 (Macintosh; Intel Mac OS X 10_15_7) AppleWebKit/537.36 (KHTML, like Gecko) Chrome/143.0.0.0 Safari/537.36"
91.10.111.70 - - [12/Jan/2026:18:42:14 +0100] "POST /wp-admin/admin-ajax.php HTTP/1.0" 200 4354 "https://jockers3.inglory.de/wp-admin/post.php?post=18&action=elementor" "Mozilla/5.0 (Macintosh; Intel Mac OS X 10_15_7) AppleWebKit/537.36 (KHTML, like Gecko) Chrome/143.0.0.0 Safari/537.36"
94.130.90.54 - - [12/Jan/2026:18:42:31 +0100] "POST /wp-cron.php?doing_wp_cron=1768239751.2377660274505615234375 HTTP/1.0" 200 4074 "-" "2QWwit5FWfJk"
91.10.111.70 - - [12/Jan/2026:18:42:30 +0100] "POST /wp-admin/admin-ajax.php HTTP/1.0" 200 4405 "https://jockers3.inglory.de/wp-admin/post.php?post=18&action=elementor" "Mozilla/5.0 (Macintosh; Intel Mac OS X 10_15_7) AppleWebKit/537.36 (KHTML, like Gecko) Chrome/143.0.0.0 Safari/537.36"
91.10.111.70 - - [12/Jan/2026:18:42:31 +0100] "POST /wp-admin/admin-ajax.php HTTP/1.0" 200 4405 "https://jockers3.inglory.de/wp-admin/post.php?post=110&action=elementor" "Mozilla/5.0 (Macintosh; Intel Mac OS X 10_15_7) AppleWebKit/537.36 (KHTML, like Gecko) Chrome/143.0.0.0 Safari/537.36"
94.130.90.54 - - [12/Jan/2026:18:43:33 +0100] "POST /wp-cron.php?doing_wp_cron=1768239813.2496900558471679687500 HTTP/1.0" 200 4074 "-" "YW9LRfWkPpKF"
91.10.111.70 - - [12/Jan/2026:18:43:32 +0100] "POST /wp-admin/admin-ajax.php HTTP/1.0" 200 4405 "https://jockers3.inglory.de/wp-admin/post.php?post=18&action=elementor" "Mozilla/5.0 (Macintosh; Intel Mac OS X 10_15_7) AppleWebKit/537.36 (KHTML, like Gecko) Chrome/143.0.0.0 Safari/537.36"
94.130.90.54 - - [12/Jan/2026:18:44:16 +0100] "POST /wp-cron.php?doing_wp_cron=1768239856.2447609901428222656250 HTTP/1.0" 200 4074 "-" "hE1npljz0nMc"
91.10.111.70 - - [12/Jan/2026:18:44:15 +0100] "POST /wp-admin/admin-ajax.php HTTP/1.0" 200 4354 "https://jockers3.inglory.de/wp-admin/post.php?post=18&action=elementor" "Mozilla/5.0 (Macintosh; Intel Mac OS X 10_15_7) AppleWebKit/537.36 (KHTML, like Gecko) Chrome/143.0.0.0 Safari/537.36"
91.10.111.70 - - [12/Jan/2026:18:44:31 +0100] "POST /wp-admin/admin-ajax.php HTTP/1.0" 200 4405 "https://jockers3.inglory.de/wp-admin/post.php?post=18&action=elementor" "Mozilla/5.0 (Macintosh; Intel Mac OS X 10_15_7) AppleWebKit/537.36 (KHTML, like Gecko) Chrome/143.0.0.0 Safari/537.36"
91.10.111.70 - - [12/Jan/2026:18:44:32 +0100] "POST /wp-admin/admin-ajax.php HTTP/1.0" 200 4405 "https://jockers3.inglory.de/wp-admin/post.php?post=110&action=elementor" "Mozilla/5.0 (Macintosh; Intel Mac OS X 10_15_7) AppleWebKit/537.36 (KHTML, like Gecko) Chrome/143.0.0.0 Safari/537.36"
94.130.90.54 - - [12/Jan/2026:18:45:34 +0100] "POST /wp-cron.php?doing_wp_cron=1768239934.2566499710083007812500 HTTP/1.0" 200 4074 "-" "FUzYg7QDtrnT"
91.10.111.70 - - [12/Jan/2026:18:45:33 +0100] "POST /wp-admin/admin-ajax.php HTTP/1.0" 200 4405 "https://jockers3.inglory.de/wp-admin/post.php?post=18&action=elementor" "Mozilla/5.0 (Macintosh; Intel Mac OS X 10_15_7) AppleWebKit/537.36 (KHTML, like Gecko) Chrome/143.0.0.0 Safari/537.36"
94.130.90.54 - - [12/Jan/2026:18:46:17 +0100] "POST /wp-cron.php?doing_wp_cron=1768239977.2548270225524902343750 HTTP/1.0" 200 4074 "-" "kMOarZ8byzcH"
91.10.111.70 - - [12/Jan/2026:18:46:16 +0100] "POST /wp-admin/admin-ajax.php HTTP/1.0" 200 4354 "https://jockers3.inglory.de/wp-admin/post.php?post=18&action=elementor" "Mozilla/5.0 (Macintosh; Intel Mac OS X 10_15_7) AppleWebKit/537.36 (KHTML, like Gecko) Chrome/143.0.0.0 Safari/537.36"
91.10.111.70 - - [12/Jan/2026:18:46:32 +0100] "POST /wp-admin/admin-ajax.php HTTP/1.0" 200 4405 "https://jockers3.inglory.de/wp-admin/post.php?post=18&action=elementor" "Mozilla/5.0 (Macintosh; Intel Mac OS X 10_15_7) AppleWebKit/537.36 (KHTML, like Gecko) Chrome/143.0.0.0 Safari/537.36"
91.10.111.70 - - [12/Jan/2026:18:46:33 +0100] "POST /wp-admin/admin-ajax.php HTTP/1.0" 200 4405 "https://jockers3.inglory.de/wp-admin/post.php?post=110&action=elementor" "Mozilla/5.0 (Macintosh; Intel Mac OS X 10_15_7) AppleWebKit/537.36 (KHTML, like Gecko) Chrome/143.0.0.0 Safari/537.36"
94.130.90.54 - - [12/Jan/2026:18:47:35 +0100] "POST /wp-cron.php?doing_wp_cron=1768240055.2461359500885009765625 HTTP/1.0" 200 4074 "-" "tNPvi8W4Bnx6"
91.10.111.70 - - [12/Jan/2026:18:47:34 +0100] "POST /wp-admin/admin-ajax.php HTTP/1.0" 200 4405 "https://jockers3.inglory.de/wp-admin/post.php?post=18&action=elementor" "Mozilla/5.0 (Macintosh; Intel Mac OS X 10_15_7) AppleWebKit/537.36 (KHTML, like Gecko) Chrome/143.0.0.0 Safari/537.36"
94.130.90.54 - - [12/Jan/2026:18:48:18 +0100] "POST /wp-cron.php?doing_wp_cron=1768240098.2734470367431640625000 HTTP/1.0" 200 4074 "-" "KfwIdtXS9MBF"
91.10.111.70 - - [12/Jan/2026:18:48:17 +0100] "POST /wp-admin/admin-ajax.php HTTP/1.0" 200 4354 "https://jockers3.inglory.de/wp-admin/post.php?post=18&action=elementor" "Mozilla/5.0 (Macintosh; Intel Mac OS X 10_15_7) AppleWebKit/537.36 (KHTML, like Gecko) Chrome/143.0.0.0 Safari/537.36"
91.10.111.70 - - [12/Jan/2026:18:48:33 +0100] "POST /wp-admin/admin-ajax.php HTTP/1.0" 200 4405 "https://jockers3.inglory.de/wp-admin/post.php?post=18&action=elementor" "Mozilla/5.0 (Macintosh; Intel Mac OS X 10_15_7) AppleWebKit/537.36 (KHTML, like Gecko) Chrome/143.0.0.0 Safari/537.36"
91.10.111.70 - - [12/Jan/2026:18:48:34 +0100] "POST /wp-admin/admin-ajax.php HTTP/1.0" 200 4405 "https://jockers3.inglory.de/wp-admin/post.php?post=110&action=elementor" "Mozilla/5.0 (Macintosh; Intel Mac OS X 10_15_7) AppleWebKit/537.36 (KHTML, like Gecko) Chrome/143.0.0.0 Safari/537.36"
94.130.90.54 - - [12/Jan/2026:18:49:36 +0100] "POST /wp-cron.php?doing_wp_cron=1768240176.2411630153656005859375 HTTP/1.0" 200 4074 "-" "LzSED6JGSOTm"
91.10.111.70 - - [12/Jan/2026:18:49:35 +0100] "POST /wp-admin/admin-ajax.php HTTP/1.0" 200 4405 "https://jockers3.inglory.de/wp-admin/post.php?post=18&action=elementor" "Mozilla/5.0 (Macintosh; Intel Mac OS X 10_15_7) AppleWebKit/537.36 (KHTML, like Gecko) Chrome/143.0.0.0 Safari/537.36"
94.130.90.54 - - [12/Jan/2026:18:50:19 +0100] "POST /wp-cron.php?doing_wp_cron=1768240219.2395420074462890625000 HTTP/1.0" 200 4074 "-" "VdnhAiCGWrbM"
91.10.111.70 - - [12/Jan/2026:18:50:18 +0100] "POST /wp-admin/admin-ajax.php HTTP/1.0" 200 4354 "https://jockers3.inglory.de/wp-admin/post.php?post=18&action=elementor" "Mozilla/5.0 (Macintosh; Intel Mac OS X 10_15_7) AppleWebKit/537.36 (KHTML, like Gecko) Chrome/143.0.0.0 Safari/537.36"
91.10.111.70 - - [12/Jan/2026:18:50:34 +0100] "POST /wp-admin/admin-ajax.php HTTP/1.0" 200 4405 "https://jockers3.inglory.de/wp-admin/post.php?post=18&action=elementor" "Mozilla/5.0 (Macintosh; Intel Mac OS X 10_15_7) AppleWebKit/537.36 (KHTML, like Gecko) Chrome/143.0.0.0 Safari/537.36"
91.10.111.70 - - [12/Jan/2026:18:50:35 +0100] "POST /wp-admin/admin-ajax.php HTTP/1.0" 200 4405 "https://jockers3.inglory.de/wp-admin/post.php?post=110&action=elementor" "Mozilla/5.0 (Macintosh; Intel Mac OS X 10_15_7) AppleWebKit/537.36 (KHTML, like Gecko) Chrome/143.0.0.0 Safari/537.36"
94.130.90.54 - - [12/Jan/2026:18:51:37 +0100] "POST /wp-cron.php?doing_wp_cron=1768240297.2438910007476806640625 HTTP/1.0" 200 4074 "-" "j4iMQhYwC82P"
91.10.111.70 - - [12/Jan/2026:18:51:36 +0100] "POST /wp-admin/admin-ajax.php HTTP/1.0" 200 4405 "https://jockers3.inglory.de/wp-admin/post.php?post=18&action=elementor" "Mozilla/5.0 (Macintosh; Intel Mac OS X 10_15_7) AppleWebKit/537.36 (KHTML, like Gecko) Chrome/143.0.0.0 Safari/537.36"
94.130.90.54 - - [12/Jan/2026:18:52:20 +0100] "POST /wp-cron.php?doing_wp_cron=1768240340.2343769073486328125000 HTTP/1.0" 200 4074 "-" "nwQ2Q7XyYUX7"
91.10.111.70 - - [12/Jan/2026:18:52:19 +0100] "POST /wp-admin/admin-ajax.php HTTP/1.0" 200 4354 "https://jockers3.inglory.de/wp-admin/post.php?post=18&action=elementor" "Mozilla/5.0 (Macintosh; Intel Mac OS X 10_15_7) AppleWebKit/537.36 (KHTML, like Gecko) Chrome/143.0.0.0 Safari/537.36"
91.10.111.70 - - [12/Jan/2026:18:52:35 +0100] "POST /wp-admin/admin-ajax.php HTTP/1.0" 200 4405 "https://jockers3.inglory.de/wp-admin/post.php?post=18&action=elementor" "Mozilla/5.0 (Macintosh; Intel Mac OS X 10_15_7) AppleWebKit/537.36 (KHTML, like Gecko) Chrome/143.0.0.0 Safari/537.36"
91.10.111.70 - - [12/Jan/2026:18:52:36 +0100] "POST /wp-admin/admin-ajax.php HTTP/1.0" 200 4405 "https://jockers3.inglory.de/wp-admin/post.php?post=110&action=elementor" "Mozilla/5.0 (Macintosh; Intel Mac OS X 10_15_7) AppleWebKit/537.36 (KHTML, like Gecko) Chrome/143.0.0.0 Safari/537.36"
94.130.90.54 - - [12/Jan/2026:18:53:38 +0100] "POST /wp-cron.php?doing_wp_cron=1768240418.2384300231933593750000 HTTP/1.0" 200 4074 "-" "8Ofr3jyRvuJd"
91.10.111.70 - - [12/Jan/2026:18:53:37 +0100] "POST /wp-admin/admin-ajax.php HTTP/1.0" 200 4405 "https://jockers3.inglory.de/wp-admin/post.php?post=18&action=elementor" "Mozilla/5.0 (Macintosh; Intel Mac OS X 10_15_7) AppleWebKit/537.36 (KHTML, like Gecko) Chrome/143.0.0.0 Safari/537.36"
94.130.90.54 - - [12/Jan/2026:18:54:21 +0100] "POST /wp-cron.php?doing_wp_cron=1768240461.2445030212402343750000 HTTP/1.0" 200 4074 "-" "DLcN962WCgwN"
91.10.111.70 - - [12/Jan/2026:18:54:20 +0100] "POST /wp-admin/admin-ajax.php HTTP/1.0" 200 4354 "https://jockers3.inglory.de/wp-admin/post.php?post=18&action=elementor" "Mozilla/5.0 (Macintosh; Intel Mac OS X 10_15_7) AppleWebKit/537.36 (KHTML, like Gecko) Chrome/143.0.0.0 Safari/537.36"
91.10.111.70 - - [12/Jan/2026:18:54:36 +0100] "POST /wp-admin/admin-ajax.php HTTP/1.0" 200 4405 "https://jockers3.inglory.de/wp-admin/post.php?post=18&action=elementor" "Mozilla/5.0 (Macintosh; Intel Mac OS X 10_15_7) AppleWebKit/537.36 (KHTML, like Gecko) Chrome/143.0.0.0 Safari/537.36"
91.10.111.70 - - [12/Jan/2026:18:54:37 +0100] "POST /wp-admin/admin-ajax.php HTTP/1.0" 200 4405 "https://jockers3.inglory.de/wp-admin/post.php?post=110&action=elementor" "Mozilla/5.0 (Macintosh; Intel Mac OS X 10_15_7) AppleWebKit/537.36 (KHTML, like Gecko) Chrome/143.0.0.0 Safari/537.36"
94.130.90.54 - - [12/Jan/2026:18:55:39 +0100] "POST /wp-cron.php?doing_wp_cron=1768240539.2472031116485595703125 HTTP/1.0" 200 4074 "-" "AhqhvCsl2Nlt"
91.10.111.70 - - [12/Jan/2026:18:55:38 +0100] "POST /wp-admin/admin-ajax.php HTTP/1.0" 200 4405 "https://jockers3.inglory.de/wp-admin/post.php?post=18&action=elementor" "Mozilla/5.0 (Macintosh; Intel Mac OS X 10_15_7) AppleWebKit/537.36 (KHTML, like Gecko) Chrome/143.0.0.0 Safari/537.36"
94.130.90.54 - - [12/Jan/2026:18:56:22 +0100] "POST /wp-cron.php?doing_wp_cron=1768240582.2512969970703125000000 HTTP/1.0" 200 4074 "-" "TO4PkfkPEVuU"
91.10.111.70 - - [12/Jan/2026:18:56:21 +0100] "POST /wp-admin/admin-ajax.php HTTP/1.0" 200 4354 "https://jockers3.inglory.de/wp-admin/post.php?post=18&action=elementor" "Mozilla/5.0 (Macintosh; Intel Mac OS X 10_15_7) AppleWebKit/537.36 (KHTML, like Gecko) Chrome/143.0.0.0 Safari/537.36"
91.10.111.70 - - [12/Jan/2026:18:56:37 +0100] "POST /wp-admin/admin-ajax.php HTTP/1.0" 200 4405 "https://jockers3.inglory.de/wp-admin/post.php?post=18&action=elementor" "Mozilla/5.0 (Macintosh; Intel Mac OS X 10_15_7) AppleWebKit/537.36 (KHTML, like Gecko) Chrome/143.0.0.0 Safari/537.36"
91.10.111.70 - - [12/Jan/2026:18:56:38 +0100] "POST /wp-admin/admin-ajax.php HTTP/1.0" 200 4405 "https://jockers3.inglory.de/wp-admin/post.php?post=110&action=elementor" "Mozilla/5.0 (Macintosh; Intel Mac OS X 10_15_7) AppleWebKit/537.36 (KHTML, like Gecko) Chrome/143.0.0.0 Safari/537.36"
94.130.90.54 - - [12/Jan/2026:18:57:40 +0100] "POST /wp-cron.php?doing_wp_cron=1768240660.2531619071960449218750 HTTP/1.0" 200 4074 "-" "bwPqYilJoDx3"
91.10.111.70 - - [12/Jan/2026:18:57:39 +0100] "POST /wp-admin/admin-ajax.php HTTP/1.0" 200 4405 "https://jockers3.inglory.de/wp-admin/post.php?post=18&action=elementor" "Mozilla/5.0 (Macintosh; Intel Mac OS X 10_15_7) AppleWebKit/537.36 (KHTML, like Gecko) Chrome/143.0.0.0 Safari/537.36"
94.130.90.54 - - [12/Jan/2026:18:58:23 +0100] "POST /wp-cron.php?doing_wp_cron=1768240703.2872951030731201171875 HTTP/1.0" 200 4074 "-" "CNLyAvP1SFGF"
91.10.111.70 - - [12/Jan/2026:18:58:22 +0100] "POST /wp-admin/admin-ajax.php HTTP/1.0" 200 4354 "https://jockers3.inglory.de/wp-admin/post.php?post=18&action=elementor" "Mozilla/5.0 (Macintosh; Intel Mac OS X 10_15_7) AppleWebKit/537.36 (KHTML, like Gecko) Chrome/143.0.0.0 Safari/537.36"
91.10.111.70 - - [12/Jan/2026:18:58:38 +0100] "POST /wp-admin/admin-ajax.php HTTP/1.0" 200 4405 "https://jockers3.inglory.de/wp-admin/post.php?post=18&action=elementor" "Mozilla/5.0 (Macintosh; Intel Mac OS X 10_15_7) AppleWebKit/537.36 (KHTML, like Gecko) Chrome/143.0.0.0 Safari/537.36"
91.10.111.70 - - [12/Jan/2026:18:58:39 +0100] "POST /wp-admin/admin-ajax.php HTTP/1.0" 200 4405 "https://jockers3.inglory.de/wp-admin/post.php?post=110&action=elementor" "Mozilla/5.0 (Macintosh; Intel Mac OS X 10_15_7) AppleWebKit/537.36 (KHTML, like Gecko) Chrome/143.0.0.0 Safari/537.36"
94.130.90.54 - - [12/Jan/2026:18:59:41 +0100] "POST /wp-cron.php?doing_wp_cron=1768240781.2491099834442138671875 HTTP/1.0" 200 4074 "-" "d6GIUNu0QVQy"
91.10.111.70 - - [12/Jan/2026:18:59:40 +0100] "POST /wp-admin/admin-ajax.php HTTP/1.0" 200 4405 "https://jockers3.inglory.de/wp-admin/post.php?post=18&action=elementor" "Mozilla/5.0 (Macintosh; Intel Mac OS X 10_15_7) AppleWebKit/537.36 (KHTML, like Gecko) Chrome/143.0.0.0 Safari/537.36"
94.130.90.54 - - [12/Jan/2026:19:00:24 +0100] "POST /wp-cron.php?doing_wp_cron=1768240824.2570641040802001953125 HTTP/1.0" 200 4074 "-" "9euLrAveUaLy"
91.10.111.70 - - [12/Jan/2026:19:00:23 +0100] "POST /wp-admin/admin-ajax.php HTTP/1.0" 200 4354 "https://jockers3.inglory.de/wp-admin/post.php?post=18&action=elementor" "Mozilla/5.0 (Macintosh; Intel Mac OS X 10_15_7) AppleWebKit/537.36 (KHTML, like Gecko) Chrome/143.0.0.0 Safari/537.36"
91.10.111.70 - - [12/Jan/2026:19:00:39 +0100] "POST /wp-admin/admin-ajax.php HTTP/1.0" 200 4405 "https://jockers3.inglory.de/wp-admin/post.php?post=18&action=elementor" "Mozilla/5.0 (Macintosh; Intel Mac OS X 10_15_7) AppleWebKit/537.36 (KHTML, like Gecko) Chrome/143.0.0.0 Safari/537.36"
91.10.111.70 - - [12/Jan/2026:19:00:40 +0100] "POST /wp-admin/admin-ajax.php HTTP/1.0" 200 4405 "https://jockers3.inglory.de/wp-admin/post.php?post=110&action=elementor" "Mozilla/5.0 (Macintosh; Intel Mac OS X 10_15_7) AppleWebKit/537.36 (KHTML, like Gecko) Chrome/143.0.0.0 Safari/537.36"
94.130.90.54 - - [12/Jan/2026:19:01:42 +0100] "POST /wp-cron.php?doing_wp_cron=1768240902.2576301097869873046875 HTTP/1.0" 200 4074 "-" "e1wKitmeHwPb"
91.10.111.70 - - [12/Jan/2026:19:01:41 +0100] "POST /wp-admin/admin-ajax.php HTTP/1.0" 200 4405 "https://jockers3.inglory.de/wp-admin/post.php?post=18&action=elementor" "Mozilla/5.0 (Macintosh; Intel Mac OS X 10_15_7) AppleWebKit/537.36 (KHTML, like Gecko) Chrome/143.0.0.0 Safari/537.36"
94.130.90.54 - - [12/Jan/2026:19:02:25 +0100] "POST /wp-cron.php?doing_wp_cron=1768240945.2598299980163574218750 HTTP/1.0" 200 4074 "-" "yM2lTKEy1yZK"
91.10.111.70 - - [12/Jan/2026:19:02:24 +0100] "POST /wp-admin/admin-ajax.php HTTP/1.0" 200 4354 "https://jockers3.inglory.de/wp-admin/post.php?post=18&action=elementor" "Mozilla/5.0 (Macintosh; Intel Mac OS X 10_15_7) AppleWebKit/537.36 (KHTML, like Gecko) Chrome/143.0.0.0 Safari/537.36"
91.10.111.70 - - [12/Jan/2026:19:02:40 +0100] "POST /wp-admin/admin-ajax.php HTTP/1.0" 200 4405 "https://jockers3.inglory.de/wp-admin/post.php?post=18&action=elementor" "Mozilla/5.0 (Macintosh; Intel Mac OS X 10_15_7) AppleWebKit/537.36 (KHTML, like Gecko) Chrome/143.0.0.0 Safari/537.36"
91.10.111.70 - - [12/Jan/2026:19:02:41 +0100] "POST /wp-admin/admin-ajax.php HTTP/1.0" 200 4405 "https://jockers3.inglory.de/wp-admin/post.php?post=110&action=elementor" "Mozilla/5.0 (Macintosh; Intel Mac OS X 10_15_7) AppleWebKit/537.36 (KHTML, like Gecko) Chrome/143.0.0.0 Safari/537.36"
94.130.90.54 - - [12/Jan/2026:19:02:50 +0100] "GET /wp-content/plugins/preloader-pro/assets/css/loftloader.min.css?ver=2024090401 HTTP/1.1" 304 3412 "https://jockers3.inglory.de/" "Serf/1.3.9 (mod_pagespeed/1.13.35.2-0)"
18.236.166.239 - - [12/Jan/2026:19:02:49 +0100] "GET / HTTP/1.0" 200 35111 "http://jockers3.inglory.de" "Mozilla/5.0 (iPhone; CPU iPhone OS 14_4 like Mac OS X) AppleWebKit/605.1.15 (KHTML, like Gecko) Version/15.4 Mobile/15E148 Safari/604.1"
94.130.90.54 - - [12/Jan/2026:19:02:50 +0100] "GET /wp-content/themes/hello-elementor/assets/css/reset.css?ver=3.4.5 HTTP/1.1" 304 3411 "https://jockers3.inglory.de/" "Serf/1.3.9 (mod_pagespeed/1.13.35.2-0)"
94.130.90.54 - - [12/Jan/2026:19:02:50 +0100] "GET /wp-content/themes/hello-elementor/assets/css/theme.css?ver=3.4.5 HTTP/1.1" 304 3411 "https://jockers3.inglory.de/" "Serf/1.3.9 (mod_pagespeed/1.13.35.2-0)"
94.130.90.54 - - [12/Jan/2026:19:02:50 +0100] "GET /wp-content/themes/hello-elementor/assets/css/header-footer.css?ver=3.4.5 HTTP/1.1" 304 3411 "https://jockers3.inglory.de/" "Serf/1.3.9 (mod_pagespeed/1.13.35.2-0)"
94.130.90.54 - - [12/Jan/2026:19:02:50 +0100] "GET /wp-content/plugins/elementor/assets/css/frontend.min.css?ver=3.34.1 HTTP/1.1" 304 3411 "https://jockers3.inglory.de/" "Serf/1.3.9 (mod_pagespeed/1.13.35.2-0)"
94.130.90.54 - - [12/Jan/2026:19:02:50 +0100] "GET /wp-content/plugins/elementor/assets/css/widget-heading.min.css?ver=3.34.1 HTTP/1.1" 304 3410 "https://jockers3.inglory.de/" "Serf/1.3.9 (mod_pagespeed/1.13.35.2-0)"
94.130.90.54 - - [12/Jan/2026:19:02:50 +0100] "GET /wp-content/plugins/elementor/assets/css/widget-image.min.css?ver=3.34.1 HTTP/1.1" 304 3409 "https://jockers3.inglory.de/" "Serf/1.3.9 (mod_pagespeed/1.13.35.2-0)"
94.130.90.54 - - [12/Jan/2026:19:02:50 +0100] "GET /wp-content/plugins/elementor-pro/assets/css/widget-nav-menu.min.css?ver=3.34.0 HTTP/1.1" 304 3411 "https://jockers3.inglory.de/" "Serf/1.3.9 (mod_pagespeed/1.13.35.2-0)"
94.130.90.54 - - [12/Jan/2026:19:02:50 +0100] "GET /wp-content/plugins/elementor-pro/assets/css/modules/sticky.min.css?ver=3.34.0 HTTP/1.1" 304 3409 "https://jockers3.inglory.de/" "Serf/1.3.9 (mod_pagespeed/1.13.35.2-0)"
94.130.90.54 - - [12/Jan/2026:19:02:50 +0100] "GET /wp-content/plugins/elementor/assets/css/widget-rating.min.css?ver=3.34.1 HTTP/1.1" 304 3410 "https://jockers3.inglory.de/" "Serf/1.3.9 (mod_pagespeed/1.13.35.2-0)"
94.130.90.54 - - [12/Jan/2026:19:02:50 +0100] "GET /wp-content/plugins/elementor/assets/css/widget-social-icons.min.css?ver=3.34.1 HTTP/1.1" 304 3411 "https://jockers3.inglory.de/" "Serf/1.3.9 (mod_pagespeed/1.13.35.2-0)"
94.130.90.54 - - [12/Jan/2026:19:02:50 +0100] "GET /wp-content/plugins/elementor/assets/css/conditionals/apple-webkit.min.css?ver=3.34.1 HTTP/1.1" 304 3411 "https://jockers3.inglory.de/" "Serf/1.3.9 (mod_pagespeed/1.13.35.2-0)"
94.130.90.54 - - [12/Jan/2026:19:02:50 +0100] "GET /wp-content/plugins/elementor/assets/css/widget-icon-list.min.css?ver=3.34.1 HTTP/1.1" 304 3411 "https://jockers3.inglory.de/" "Serf/1.3.9 (mod_pagespeed/1.13.35.2-0)"
94.130.90.54 - - [12/Jan/2026:19:02:50 +0100] "GET /wp-content/plugins/elementor/assets/lib/animations/styles/fadeIn.min.css?ver=3.34.1 HTTP/1.1" 304 3409 "https://jockers3.inglory.de/" "Serf/1.3.9 (mod_pagespeed/1.13.35.2-0)"
94.130.90.54 - - [12/Jan/2026:19:02:50 +0100] "GET /wp-content/plugins/elementor-pro/assets/css/conditionals/popup.min.css?ver=3.34.0 HTTP/1.1" 304 3410 "https://jockers3.inglory.de/" "Serf/1.3.9 (mod_pagespeed/1.13.35.2-0)"
18.236.166.239 - - [12/Jan/2026:19:02:49 +0100] "GET / HTTP/1.0" 200 33265 "http://jockers3.inglory.de" "Mozilla/5.0 (Windows NT 10.0; Win64; x64) AppleWebKit/537.36 (KHTML, like Gecko) Chrome/70.0.3538.102 Safari/537.36 Edge/18.19582"
94.130.90.54 - - [12/Jan/2026:19:02:50 +0100] "GET /wp-content/plugins/elementor/assets/lib/eicons/css/elementor-icons.min.css?ver=5.45.0 HTTP/1.1" 304 3411 "https://jockers3.inglory.de/" "Serf/1.3.9 (mod_pagespeed/1.13.35.2-0)"
94.130.90.54 - - [12/Jan/2026:19:02:50 +0100] "GET /wp-content/plugins/elementor/assets/css/widget-divider.min.css?ver=3.34.1 HTTP/1.1" 304 3411 "https://jockers3.inglory.de/" "Serf/1.3.9 (mod_pagespeed/1.13.35.2-0)"
94.130.90.54 - - [12/Jan/2026:19:02:50 +0100] "GET /wp-content/plugins/elementor/assets/lib/swiper/v8/css/swiper.min.css?ver=8.4.5 HTTP/1.1" 304 3411 "https://jockers3.inglory.de/" "Serf/1.3.9 (mod_pagespeed/1.13.35.2-0)"
94.130.90.54 - - [12/Jan/2026:19:02:50 +0100] "GET /wp-content/plugins/elementor/assets/css/conditionals/e-swiper.min.css?ver=3.34.1 HTTP/1.1" 304 3411 "https://jockers3.inglory.de/" "Serf/1.3.9 (mod_pagespeed/1.13.35.2-0)"
94.130.90.54 - - [12/Jan/2026:19:02:50 +0100] "GET /wp-content/plugins/elementor-pro/assets/css/widget-nested-carousel.min.css?ver=3.34.0 HTTP/1.1" 304 3411 "https://jockers3.inglory.de/" "Serf/1.3.9 (mod_pagespeed/1.13.35.2-0)"
94.130.90.54 - - [12/Jan/2026:19:02:50 +0100] "GET /wp-content/plugins/elementor-pro/assets/css/widget-media-carousel.min.css?ver=3.34.0 HTTP/1.1" 304 3410 "https://jockers3.inglory.de/" "Serf/1.3.9 (mod_pagespeed/1.13.35.2-0)"
94.130.90.54 - - [12/Jan/2026:19:02:50 +0100] "GET /wp-content/plugins/elementor-pro/assets/css/widget-carousel-module-base.min.css?ver=3.34.0 HTTP/1.1" 304 3410 "https://jockers3.inglory.de/" "Serf/1.3.9 (mod_pagespeed/1.13.35.2-0)"
94.130.90.54 - - [12/Jan/2026:19:02:50 +0100] "GET /wp-content/plugins/elementor/assets/lib/font-awesome/css/fontawesome.min.css?ver=5.15.3 HTTP/1.1" 304 3411 "https://jockers3.inglory.de/" "Serf/1.3.9 (mod_pagespeed/1.13.35.2-0)"
94.130.90.54 - - [12/Jan/2026:19:02:50 +0100] "GET /wp-content/plugins/elementor/assets/lib/font-awesome/css/solid.min.css?ver=5.15.3 HTTP/1.1" 304 3410 "https://jockers3.inglory.de/" "Serf/1.3.9 (mod_pagespeed/1.13.35.2-0)"
94.130.90.54 - - [12/Jan/2026:19:02:50 +0100] "GET /wp-content/plugins/elementor/assets/lib/font-awesome/css/brands.min.css?ver=5.15.3 HTTP/1.1" 304 3410 "https://jockers3.inglory.de/" "Serf/1.3.9 (mod_pagespeed/1.13.35.2-0)"
94.130.90.54 - - [12/Jan/2026:19:02:50 +0100] "GET /wp-content/plugins/elementor-pro/assets/lib/smartmenus/jquery.smartmenus.min.js?ver=1.2.1 HTTP/1.1" 304 3411 "https://jockers3.inglory.de/" "Serf/1.3.9 (mod_pagespeed/1.13.35.2-0)"
94.130.90.54 - - [12/Jan/2026:19:02:50 +0100] "GET /wp-content/plugins/elementor-pro/assets/lib/sticky/jquery.sticky.min.js?ver=3.34.0 HTTP/1.1" 304 3410 "https://jockers3.inglory.de/" "Serf/1.3.9 (mod_pagespeed/1.13.35.2-0)"
94.130.90.54 - - [12/Jan/2026:19:02:50 +0100] "GET /wp-includes/js/dist/hooks.min.js?ver=dd5603f07f9220ed27f1 HTTP/1.1" 304 3411 "https://jockers3.inglory.de/" "Serf/1.3.9 (mod_pagespeed/1.13.35.2-0)"
94.130.90.54 - - [12/Jan/2026:19:02:50 +0100] "GET /wp-includes/js/dist/i18n.min.js?ver=c26c3dc7bed366793375 HTTP/1.1" 304 3411 "https://jockers3.inglory.de/" "Serf/1.3.9 (mod_pagespeed/1.13.35.2-0)"
94.130.90.54 - - [12/Jan/2026:19:02:50 +0100] "GET /wp-content/uploads/cropped-items-32x32.png HTTP/1.1" 304 3410 "https://jockers3.inglory.de/" "Serf/1.3.9 (mod_pagespeed/1.13.35.2-0)"
94.130.90.54 - - [12/Jan/2026:19:02:50 +0100] "GET /wp-content/uploads/cropped-items-192x192.png HTTP/1.1" 304 3410 "https://jockers3.inglory.de/" "Serf/1.3.9 (mod_pagespeed/1.13.35.2-0)"
94.130.90.54 - - [12/Jan/2026:19:02:50 +0100] "GET /wp-content/uploads/cropped-items-180x180.png HTTP/1.1" 304 3410 "https://jockers3.inglory.de/" "Serf/1.3.9 (mod_pagespeed/1.13.35.2-0)"
94.130.90.54 - - [12/Jan/2026:19:02:50 +0100] "GET /wp-content/uploads/img-1.jpg HTTP/1.1" 304 3412 "https://jockers3.inglory.de/" "Serf/1.3.9 (mod_pagespeed/1.13.35.2-0)"
94.130.90.54 - - [12/Jan/2026:19:02:50 +0100] "GET /wp-content/uploads/img-1.jpg HTTP/1.1" 304 3412 "https://jockers3.inglory.de/" "Serf/1.3.9 (mod_pagespeed/1.13.35.2-0)"
94.130.90.54 - - [12/Jan/2026:19:02:50 +0100] "GET /wp-content/uploads/img-1-300x127.jpg HTTP/1.1" 304 3411 "https://jockers3.inglory.de/" "Serf/1.3.9 (mod_pagespeed/1.13.35.2-0)"
94.130.90.54 - - [12/Jan/2026:19:02:50 +0100] "GET /wp-content/uploads/img-1-1024x434.jpg HTTP/1.1" 304 3411 "https://jockers3.inglory.de/" "Serf/1.3.9 (mod_pagespeed/1.13.35.2-0)"
94.130.90.54 - - [12/Jan/2026:19:02:50 +0100] "GET /wp-content/uploads/img-1-768x325.jpg HTTP/1.1" 304 3411 "https://jockers3.inglory.de/" "Serf/1.3.9 (mod_pagespeed/1.13.35.2-0)"
94.130.90.54 - - [12/Jan/2026:19:02:50 +0100] "GET /wp-includes/js/jquery/jquery.min.js?ver=3.7.1 HTTP/1.1" 304 3412 "https://jockers3.inglory.de/" "Serf/1.3.9 (mod_pagespeed/1.13.35.2-0)"
94.130.90.54 - - [12/Jan/2026:19:02:50 +0100] "GET /wp-includes/js/jquery/jquery-migrate.min.js?ver=3.4.1 HTTP/1.1" 304 3411 "https://jockers3.inglory.de/" "Serf/1.3.9 (mod_pagespeed/1.13.35.2-0)"
94.130.90.54 - - [12/Jan/2026:19:02:50 +0100] "GET /wp-content/plugins/preloader-pro/assets/js/jquery.waitformedias.min.js?ver=2024090401 HTTP/1.1" 304 3411 "https://jockers3.inglory.de/" "Serf/1.3.9 (mod_pagespeed/1.13.35.2-0)"
94.130.90.54 - - [12/Jan/2026:19:02:50 +0100] "GET /wp-content/plugins/preloader-pro/assets/js/loftloader.min.js?ver=2024090401 HTTP/1.1" 304 3411 "https://jockers3.inglory.de/" "Serf/1.3.9 (mod_pagespeed/1.13.35.2-0)"
94.130.90.54 - - [12/Jan/2026:19:02:50 +0100] "GET /wp-content/plugins/elementor/assets/js/webpack.runtime.min.js?ver=3.34.1 HTTP/1.1" 304 3411 "https://jockers3.inglory.de/" "Serf/1.3.9 (mod_pagespeed/1.13.35.2-0)"
94.130.90.54 - - [12/Jan/2026:19:02:50 +0100] "GET /wp-content/plugins/elementor/assets/js/frontend-modules.min.js?ver=3.34.1 HTTP/1.1" 304 3412 "https://jockers3.inglory.de/" "Serf/1.3.9 (mod_pagespeed/1.13.35.2-0)"
94.130.90.54 - - [12/Jan/2026:19:02:50 +0100] "GET /wp-includes/js/jquery/ui/core.min.js?ver=1.13.3 HTTP/1.1" 304 3411 "https://jockers3.inglory.de/" "Serf/1.3.9 (mod_pagespeed/1.13.35.2-0)"
94.130.90.54 - - [12/Jan/2026:19:02:50 +0100] "GET /wp-content/plugins/elementor-pro/assets/js/frontend.min.js?ver=3.34.0 HTTP/1.1" 304 3411 "https://jockers3.inglory.de/" "Serf/1.3.9 (mod_pagespeed/1.13.35.2-0)"
94.130.90.54 - - [12/Jan/2026:19:02:50 +0100] "GET /wp-content/plugins/elementor-pro/assets/js/elements-handlers.min.js?ver=3.34.0 HTTP/1.1" 304 3411 "https://jockers3.inglory.de/" "Serf/1.3.9 (mod_pagespeed/1.13.35.2-0)"
94.130.90.54 - - [12/Jan/2026:19:02:50 +0100] "GET /wp-content/uploads/elementor/css/post-7.css?ver=1768233928 HTTP/1.1" 304 3411 "https://jockers3.inglory.de/" "Serf/1.3.9 (mod_pagespeed/1.13.35.2-0)"
94.130.90.54 - - [12/Jan/2026:19:02:50 +0100] "GET /wp-content/uploads/elementor/css/post-18.css?ver=1768235689 HTTP/1.1" 304 3412 "https://jockers3.inglory.de/" "Serf/1.3.9 (mod_pagespeed/1.13.35.2-0)"
94.130.90.54 - - [12/Jan/2026:19:02:50 +0100] "GET /wp-content/uploads/elementor/css/post-110.css?ver=1768235189 HTTP/1.1" 304 3411 "https://jockers3.inglory.de/" "Serf/1.3.9 (mod_pagespeed/1.13.35.2-0)"
94.130.90.54 - - [12/Jan/2026:19:02:50 +0100] "GET /wp-content/uploads/elementor/css/post-133.css?ver=1768233930 HTTP/1.1" 304 3411 "https://jockers3.inglory.de/" "Serf/1.3.9 (mod_pagespeed/1.13.35.2-0)"
94.130.90.54 - - [12/Jan/2026:19:02:50 +0100] "GET /wp-content/uploads/elementor/css/post-136.css?ver=1768233930 HTTP/1.1" 304 3411 "https://jockers3.inglory.de/" "Serf/1.3.9 (mod_pagespeed/1.13.35.2-0)"
94.130.90.54 - - [12/Jan/2026:19:02:50 +0100] "GET /wp-content/uploads/logo.svg HTTP/1.1" 200 12376 "https://jockers3.inglory.de/" "Serf/1.3.9 (mod_pagespeed/1.13.35.2-0)"
94.130.90.54 - - [12/Jan/2026:19:02:50 +0100] "GET /wp-content/uploads/logo.svg HTTP/1.1" 200 12376 "https://jockers3.inglory.de/" "Serf/1.3.9 (mod_pagespeed/1.13.35.2-0)"
94.130.90.54 - - [12/Jan/2026:19:02:50 +0100] "GET /wp-content/uploads/Google-logo.svg HTTP/1.1" 200 4667 "https://jockers3.inglory.de/" "Serf/1.3.9 (mod_pagespeed/1.13.35.2-0)"
94.130.90.54 - - [12/Jan/2026:19:02:50 +0100] "GET /wp-content/uploads/img-1-1536x651.jpg HTTP/1.1" 304 3412 "https://jockers3.inglory.de/" "Serf/1.3.9 (mod_pagespeed/1.13.35.2-0)"
94.130.90.54 - - [12/Jan/2026:19:02:50 +0100] "GET /wp-content/uploads/image-27.svg HTTP/1.1" 200 67585 "https://jockers3.inglory.de/" "Serf/1.3.9 (mod_pagespeed/1.13.35.2-0)"
94.130.90.54 - - [12/Jan/2026:19:02:50 +0100] "GET /wp-content/uploads/img-2-1.jpg HTTP/1.1" 304 3412 "https://jockers3.inglory.de/" "Serf/1.3.9 (mod_pagespeed/1.13.35.2-0)"
94.130.90.54 - - [12/Jan/2026:19:02:50 +0100] "GET /wp-content/uploads/img-2-1.jpg HTTP/1.1" 304 3412 "https://jockers3.inglory.de/" "Serf/1.3.9 (mod_pagespeed/1.13.35.2-0)"
94.130.90.54 - - [12/Jan/2026:19:02:50 +0100] "GET /wp-content/uploads/img-2-1-300x154.jpg HTTP/1.1" 304 3411 "https://jockers3.inglory.de/" "Serf/1.3.9 (mod_pagespeed/1.13.35.2-0)"
94.130.90.54 - - [12/Jan/2026:19:02:50 +0100] "GET /wp-content/uploads/img-2-1-1024x525.jpg HTTP/1.1" 304 3411 "https://jockers3.inglory.de/" "Serf/1.3.9 (mod_pagespeed/1.13.35.2-0)"
94.130.90.54 - - [12/Jan/2026:19:02:50 +0100] "GET /wp-content/uploads/img-2-1-768x394.jpg HTTP/1.1" 304 3411 "https://jockers3.inglory.de/" "Serf/1.3.9 (mod_pagespeed/1.13.35.2-0)"
94.130.90.54 - - [12/Jan/2026:19:02:50 +0100] "GET /wp-content/uploads/img-3-1.jpg HTTP/1.1" 304 3412 "https://jockers3.inglory.de/" "Serf/1.3.9 (mod_pagespeed/1.13.35.2-0)"
94.130.90.54 - - [12/Jan/2026:19:02:50 +0100] "GET /wp-content/uploads/img-3-1.jpg HTTP/1.1" 304 3412 "https://jockers3.inglory.de/" "Serf/1.3.9 (mod_pagespeed/1.13.35.2-0)"
94.130.90.54 - - [12/Jan/2026:19:02:50 +0100] "GET /wp-content/uploads/img-3-1-300x154.jpg HTTP/1.1" 304 3411 "https://jockers3.inglory.de/" "Serf/1.3.9 (mod_pagespeed/1.13.35.2-0)"
94.130.90.54 - - [12/Jan/2026:19:02:50 +0100] "GET /wp-content/uploads/img-3-1-1024x525.jpg HTTP/1.1" 304 3411 "https://jockers3.inglory.de/" "Serf/1.3.9 (mod_pagespeed/1.13.35.2-0)"
94.130.90.54 - - [12/Jan/2026:19:02:50 +0100] "GET /wp-content/uploads/img-3-1-768x394.jpg HTTP/1.1" 304 3411 "https://jockers3.inglory.de/" "Serf/1.3.9 (mod_pagespeed/1.13.35.2-0)"
94.130.90.54 - - [12/Jan/2026:19:02:50 +0100] "GET /wp-content/uploads/img-4-1.jpg HTTP/1.1" 304 3411 "https://jockers3.inglory.de/" "Serf/1.3.9 (mod_pagespeed/1.13.35.2-0)"
94.130.90.54 - - [12/Jan/2026:19:02:50 +0100] "GET /wp-content/uploads/img-4-1.jpg HTTP/1.1" 304 3411 "https://jockers3.inglory.de/" "Serf/1.3.9 (mod_pagespeed/1.13.35.2-0)"
94.130.90.54 - - [12/Jan/2026:19:02:50 +0100] "GET /wp-content/uploads/img-4-1-300x171.jpg HTTP/1.1" 304 3411 "https://jockers3.inglory.de/" "Serf/1.3.9 (mod_pagespeed/1.13.35.2-0)"
94.130.90.54 - - [12/Jan/2026:19:02:50 +0100] "GET /wp-content/uploads/img-4-1-1024x582.jpg HTTP/1.1" 304 3411 "https://jockers3.inglory.de/" "Serf/1.3.9 (mod_pagespeed/1.13.35.2-0)"
94.130.90.54 - - [12/Jan/2026:19:02:50 +0100] "GET /wp-content/uploads/img-4-1-768x437.jpg HTTP/1.1" 304 3411 "https://jockers3.inglory.de/" "Serf/1.3.9 (mod_pagespeed/1.13.35.2-0)"
94.130.90.54 - - [12/Jan/2026:19:02:50 +0100] "GET /wp-content/uploads/logo.svg HTTP/1.1" 200 12376 "https://jockers3.inglory.de/" "Serf/1.3.9 (mod_pagespeed/1.13.35.2-0)"
94.130.90.54 - - [12/Jan/2026:19:02:50 +0100] "GET /wp-content/plugins/elementor-pro/assets/css/modules/sticky.min.css?ver=3.34.0 HTTP/1.1" 304 3409 "https://jockers3.inglory.de/" "Serf/1.3.9 (mod_pagespeed/1.13.35.2-0)"
94.130.90.54 - - [12/Jan/2026:19:02:50 +0100] "GET /wp-content/plugins/elementor/assets/css/widget-rating.min.css?ver=3.34.1 HTTP/1.1" 304 3410 "https://jockers3.inglory.de/" "Serf/1.3.9 (mod_pagespeed/1.13.35.2-0)"
94.130.90.54 - - [12/Jan/2026:19:02:50 +0100] "GET /wp-content/plugins/elementor/assets/css/widget-social-icons.min.css?ver=3.34.1 HTTP/1.1" 304 3411 "https://jockers3.inglory.de/" "Serf/1.3.9 (mod_pagespeed/1.13.35.2-0)"
94.130.90.54 - - [12/Jan/2026:19:02:50 +0100] "GET /wp-content/plugins/elementor/assets/css/conditionals/apple-webkit.min.css?ver=3.34.1 HTTP/1.1" 304 3411 "https://jockers3.inglory.de/" "Serf/1.3.9 (mod_pagespeed/1.13.35.2-0)"
94.130.90.54 - - [12/Jan/2026:19:02:50 +0100] "GET /wp-content/plugins/elementor/assets/css/widget-icon-list.min.css?ver=3.34.1 HTTP/1.1" 304 3411 "https://jockers3.inglory.de/" "Serf/1.3.9 (mod_pagespeed/1.13.35.2-0)"
94.130.90.54 - - [12/Jan/2026:19:02:50 +0100] "GET /wp-content/plugins/elementor/assets/lib/animations/styles/fadeIn.min.css?ver=3.34.1 HTTP/1.1" 304 3409 "https://jockers3.inglory.de/" "Serf/1.3.9 (mod_pagespeed/1.13.35.2-0)"
94.130.90.54 - - [12/Jan/2026:19:02:50 +0100] "GET /wp-content/plugins/elementor-pro/assets/css/conditionals/popup.min.css?ver=3.34.0 HTTP/1.1" 304 3410 "https://jockers3.inglory.de/" "Serf/1.3.9 (mod_pagespeed/1.13.35.2-0)"
94.130.90.54 - - [12/Jan/2026:19:02:50 +0100] "GET /wp-content/plugins/elementor/assets/lib/eicons/css/elementor-icons.min.css?ver=5.45.0 HTTP/1.1" 304 3411 "https://jockers3.inglory.de/" "Serf/1.3.9 (mod_pagespeed/1.13.35.2-0)"
94.130.90.54 - - [12/Jan/2026:19:02:50 +0100] "GET /wp-content/uploads/elementor/css/post-7.css?ver=1768233928 HTTP/1.1" 304 3411 "https://jockers3.inglory.de/" "Serf/1.3.9 (mod_pagespeed/1.13.35.2-0)"
94.130.90.54 - - [12/Jan/2026:19:02:50 +0100] "GET /wp-content/plugins/elementor/assets/css/widget-divider.min.css?ver=3.34.1 HTTP/1.1" 304 3411 "https://jockers3.inglory.de/" "Serf/1.3.9 (mod_pagespeed/1.13.35.2-0)"
94.130.90.54 - - [12/Jan/2026:19:02:50 +0100] "GET /wp-content/plugins/elementor/assets/lib/swiper/v8/css/swiper.min.css?ver=8.4.5 HTTP/1.1" 304 3411 "https://jockers3.inglory.de/" "Serf/1.3.9 (mod_pagespeed/1.13.35.2-0)"
94.130.90.54 - - [12/Jan/2026:19:02:50 +0100] "GET /wp-content/plugins/elementor/assets/css/conditionals/e-swiper.min.css?ver=3.34.1 HTTP/1.1" 304 3411 "https://jockers3.inglory.de/" "Serf/1.3.9 (mod_pagespeed/1.13.35.2-0)"
94.130.90.54 - - [12/Jan/2026:19:02:50 +0100] "GET /wp-content/plugins/elementor-pro/assets/css/widget-nested-carousel.min.css?ver=3.34.0 HTTP/1.1" 304 3411 "https://jockers3.inglory.de/" "Serf/1.3.9 (mod_pagespeed/1.13.35.2-0)"
94.130.90.54 - - [12/Jan/2026:19:02:50 +0100] "GET /wp-content/plugins/elementor-pro/assets/css/widget-media-carousel.min.css?ver=3.34.0 HTTP/1.1" 304 3410 "https://jockers3.inglory.de/" "Serf/1.3.9 (mod_pagespeed/1.13.35.2-0)"
94.130.90.54 - - [12/Jan/2026:19:02:50 +0100] "GET /wp-content/plugins/elementor-pro/assets/css/widget-carousel-module-base.min.css?ver=3.34.0 HTTP/1.1" 304 3410 "https://jockers3.inglory.de/" "Serf/1.3.9 (mod_pagespeed/1.13.35.2-0)"
94.130.90.54 - - [12/Jan/2026:19:02:50 +0100] "GET /wp-content/uploads/elementor/css/post-110.css?ver=1768235189 HTTP/1.1" 304 3411 "https://jockers3.inglory.de/" "Serf/1.3.9 (mod_pagespeed/1.13.35.2-0)"
94.130.90.54 - - [12/Jan/2026:19:02:50 +0100] "GET /wp-content/uploads/elementor/css/post-133.css?ver=1768233930 HTTP/1.1" 304 3411 "https://jockers3.inglory.de/" "Serf/1.3.9 (mod_pagespeed/1.13.35.2-0)"
94.130.90.54 - - [12/Jan/2026:19:02:50 +0100] "GET /wp-content/uploads/elementor/css/post-136.css?ver=1768233930 HTTP/1.1" 304 3411 "https://jockers3.inglory.de/" "Serf/1.3.9 (mod_pagespeed/1.13.35.2-0)"
94.130.90.54 - - [12/Jan/2026:19:02:50 +0100] "GET /wp-content/plugins/elementor/assets/lib/font-awesome/css/fontawesome.min.css?ver=5.15.3 HTTP/1.1" 304 3411 "https://jockers3.inglory.de/" "Serf/1.3.9 (mod_pagespeed/1.13.35.2-0)"
94.130.90.54 - - [12/Jan/2026:19:02:50 +0100] "GET /wp-content/plugins/elementor/assets/lib/font-awesome/css/solid.min.css?ver=5.15.3 HTTP/1.1" 304 3410 "https://jockers3.inglory.de/" "Serf/1.3.9 (mod_pagespeed/1.13.35.2-0)"
94.130.90.54 - - [12/Jan/2026:19:02:50 +0100] "GET /wp-content/plugins/elementor/assets/lib/font-awesome/css/brands.min.css?ver=5.15.3 HTTP/1.1" 304 3410 "https://jockers3.inglory.de/" "Serf/1.3.9 (mod_pagespeed/1.13.35.2-0)"
94.130.90.54 - - [12/Jan/2026:19:02:50 +0100] "GET /wp-content/plugins/elementor-pro/assets/lib/smartmenus/jquery.smartmenus.min.js?ver=1.2.1 HTTP/1.1" 304 3411 "https://jockers3.inglory.de/" "Serf/1.3.9 (mod_pagespeed/1.13.35.2-0)"
94.130.90.54 - - [12/Jan/2026:19:02:50 +0100] "GET /wp-content/plugins/elementor-pro/assets/lib/sticky/jquery.sticky.min.js?ver=3.34.0 HTTP/1.1" 304 3410 "https://jockers3.inglory.de/" "Serf/1.3.9 (mod_pagespeed/1.13.35.2-0)"
