74.7.242.55 - - [12/Jan/2026:17:17:56 +0100] "GET /wp-content/uploads/img-4-1-2.jpg HTTP/1.0" 200 261199 "-" "Mozilla/5.0 AppleWebKit/537.36 (KHTML, like Gecko; compatible; GPTBot/1.3; +https://openai.com/gptbot)"
74.7.242.55 - - [12/Jan/2026:17:17:56 +0100] "GET /wp-content/uploads/img-5-1-4.jpg HTTP/1.0" 200 71665 "-" "Mozilla/5.0 AppleWebKit/537.36 (KHTML, like Gecko; compatible; GPTBot/1.3; +https://openai.com/gptbot)"
74.7.242.55 - - [12/Jan/2026:17:17:57 +0100] "GET /wp-content/uploads/img-3-1-5.jpg HTTP/1.0" 200 88311 "-" "Mozilla/5.0 AppleWebKit/537.36 (KHTML, like Gecko; compatible; GPTBot/1.3; +https://openai.com/gptbot)"
74.7.242.55 - - [12/Jan/2026:17:17:57 +0100] "GET /wp-content/uploads/img-2-1-3.jpg HTTP/1.0" 200 49949 "-" "Mozilla/5.0 AppleWebKit/537.36 (KHTML, like Gecko; compatible; GPTBot/1.3; +https://openai.com/gptbot)"
74.7.242.55 - - [12/Jan/2026:17:17:58 +0100] "GET /wp-content/uploads/img-3-1-6.jpg HTTP/1.0" 200 127530 "-" "Mozilla/5.0 AppleWebKit/537.36 (KHTML, like Gecko; compatible; GPTBot/1.3; +https://openai.com/gptbot)"
74.7.242.55 - - [12/Jan/2026:17:17:58 +0100] "GET /wp-content/uploads/img-4-1-5.jpg HTTP/1.0" 200 65316 "-" "Mozilla/5.0 AppleWebKit/537.36 (KHTML, like Gecko; compatible; GPTBot/1.3; +https://openai.com/gptbot)"
74.7.242.55 - - [12/Jan/2026:17:17:59 +0100] "GET /wp-content/uploads/img-4-1-3.jpg HTTP/1.0" 200 71545 "-" "Mozilla/5.0 AppleWebKit/537.36 (KHTML, like Gecko; compatible; GPTBot/1.3; +https://openai.com/gptbot)"
74.7.242.55 - - [12/Jan/2026:17:17:59 +0100] "GET /wp-content/uploads/img-5-1-3.jpg HTTP/1.0" 200 113741 "-" "Mozilla/5.0 AppleWebKit/537.36 (KHTML, like Gecko; compatible; GPTBot/1.3; +https://openai.com/gptbot)"
74.7.242.55 - - [12/Jan/2026:17:18:00 +0100] "GET /wp-content/uploads/img-7-1-4.jpg HTTP/1.0" 200 65021 "-" "Mozilla/5.0 AppleWebKit/537.36 (KHTML, like Gecko; compatible; GPTBot/1.3; +https://openai.com/gptbot)"
74.7.242.55 - - [12/Jan/2026:17:18:00 +0100] "GET /wp-content/uploads/img-4-1-7.jpg HTTP/1.0" 200 62420 "-" "Mozilla/5.0 AppleWebKit/537.36 (KHTML, like Gecko; compatible; GPTBot/1.3; +https://openai.com/gptbot)"
74.7.242.55 - - [12/Jan/2026:17:18:01 +0100] "GET /wp-content/uploads/img-2-1-4.jpg HTTP/1.0" 200 72148 "-" "Mozilla/5.0 AppleWebKit/537.36 (KHTML, like Gecko; compatible; GPTBot/1.3; +https://openai.com/gptbot)"
74.7.242.55 - - [12/Jan/2026:17:18:01 +0100] "GET /wp-content/uploads/img-7-1-2.jpg HTTP/1.0" 200 64555 "-" "Mozilla/5.0 AppleWebKit/537.36 (KHTML, like Gecko; compatible; GPTBot/1.3; +https://openai.com/gptbot)"
74.7.242.55 - - [12/Jan/2026:17:18:02 +0100] "GET /wp-content/uploads/img-2-1-6.jpg HTTP/1.0" 200 59324 "-" "Mozilla/5.0 AppleWebKit/537.36 (KHTML, like Gecko; compatible; GPTBot/1.3; +https://openai.com/gptbot)"
74.7.242.55 - - [12/Jan/2026:17:18:02 +0100] "GET /wp-content/uploads/img-3-1-2.jpg HTTP/1.0" 200 57503 "-" "Mozilla/5.0 AppleWebKit/537.36 (KHTML, like Gecko; compatible; GPTBot/1.3; +https://openai.com/gptbot)"
74.7.242.55 - - [12/Jan/2026:17:18:03 +0100] "GET /wp-content/uploads/img-7-1-3.jpg HTTP/1.0" 200 57847 "-" "Mozilla/5.0 AppleWebKit/537.36 (KHTML, like Gecko; compatible; GPTBot/1.3; +https://openai.com/gptbot)"
74.7.242.55 - - [12/Jan/2026:17:18:03 +0100] "GET /wp-content/uploads/img-6-1-3.jpg HTTP/1.0" 200 88737 "-" "Mozilla/5.0 AppleWebKit/537.36 (KHTML, like Gecko; compatible; GPTBot/1.3; +https://openai.com/gptbot)"
74.7.242.55 - - [12/Jan/2026:17:18:04 +0100] "GET /wp-content/uploads/img-4-1-6.jpg HTTP/1.0" 200 121488 "-" "Mozilla/5.0 AppleWebKit/537.36 (KHTML, like Gecko; compatible; GPTBot/1.3; +https://openai.com/gptbot)"
94.130.90.54 - - [12/Jan/2026:17:18:04 +0100] "GET /wp-content/uploads/img-4-1-6.jpg HTTP/1.1" 304 3412 "https://jockers3.inglory.de/wp-content/uploads/img-4-1-6.jpg" "Serf/1.3.9 (mod_pagespeed/1.13.35.2-0)"
74.7.242.55 - - [12/Jan/2026:17:18:05 +0100] "GET /wp-content/uploads/img-6-1-5.jpg HTTP/1.0" 200 30432 "-" "Mozilla/5.0 AppleWebKit/537.36 (KHTML, like Gecko; compatible; GPTBot/1.3; +https://openai.com/gptbot)"
74.7.242.55 - - [12/Jan/2026:17:18:05 +0100] "GET /wp-content/uploads/img-6-1-4.jpg HTTP/1.0" 200 69667 "-" "Mozilla/5.0 AppleWebKit/537.36 (KHTML, like Gecko; compatible; GPTBot/1.3; +https://openai.com/gptbot)"
74.7.242.55 - - [12/Jan/2026:17:18:06 +0100] "GET /wp-content/uploads/img-1-1-1.jpg HTTP/1.0" 200 41941 "-" "Mozilla/5.0 AppleWebKit/537.36 (KHTML, like Gecko; compatible; GPTBot/1.3; +https://openai.com/gptbot)"
74.7.242.55 - - [12/Jan/2026:17:18:06 +0100] "GET /wp-content/plugins/preloader-pro/assets/js/jquery.waitformedias.min.js,qver=2024090401.pagespeed.jm.Mo79GDpayV.js HTTP/1.0" 200 6011 "-" "Mozilla/5.0 AppleWebKit/537.36 (KHTML, like Gecko; compatible; GPTBot/1.3; +https://openai.com/gptbot)"
74.7.242.55 - - [12/Jan/2026:17:18:07 +0100] "GET /jockers HTTP/1.0" 301 4062 "-" "Mozilla/5.0 AppleWebKit/537.36 (KHTML, like Gecko; compatible; GPTBot/1.3; +https://openai.com/gptbot)"
94.130.90.54 - - [12/Jan/2026:17:18:08 +0100] "GET /wp-content/plugins/elementor/assets/lib/eicons/css/elementor-icons.min.css?ver=5.45.0 HTTP/1.1" 304 3411 "https://jockers3.inglory.de/jockers/" "Serf/1.3.9 (mod_pagespeed/1.13.35.2-0)"
74.7.242.55 - - [12/Jan/2026:17:18:07 +0100] "GET /jockers/ HTTP/1.0" 200 24783 "-" "Mozilla/5.0 AppleWebKit/537.36 (KHTML, like Gecko; compatible; GPTBot/1.3; +https://openai.com/gptbot)"
94.130.90.54 - - [12/Jan/2026:17:18:08 +0100] "GET /wp-content/uploads/elementor/css/post-7.css?ver=1768233928 HTTP/1.1" 304 3411 "https://jockers3.inglory.de/jockers/" "Serf/1.3.9 (mod_pagespeed/1.13.35.2-0)"
94.130.90.54 - - [12/Jan/2026:17:18:08 +0100] "GET /wp-content/uploads/elementor/css/post-133.css?ver=1768233930 HTTP/1.1" 304 3411 "https://jockers3.inglory.de/jockers/" "Serf/1.3.9 (mod_pagespeed/1.13.35.2-0)"
94.130.90.54 - - [12/Jan/2026:17:18:08 +0100] "GET /wp-content/uploads/elementor/css/post-136.css?ver=1768233930 HTTP/1.1" 304 3411 "https://jockers3.inglory.de/jockers/" "Serf/1.3.9 (mod_pagespeed/1.13.35.2-0)"
94.130.90.54 - - [12/Jan/2026:17:18:08 +0100] "GET /wp-content/plugins/elementor-pro/assets/lib/smartmenus/jquery.smartmenus.min.js?ver=1.2.1 HTTP/1.1" 304 3411 "https://jockers3.inglory.de/jockers/" "Serf/1.3.9 (mod_pagespeed/1.13.35.2-0)"
94.130.90.54 - - [12/Jan/2026:17:18:08 +0100] "GET /wp-content/plugins/elementor-pro/assets/lib/sticky/jquery.sticky.min.js?ver=3.34.0 HTTP/1.1" 304 3410 "https://jockers3.inglory.de/jockers/" "Serf/1.3.9 (mod_pagespeed/1.13.35.2-0)"
94.130.90.54 - - [12/Jan/2026:17:18:08 +0100] "GET /wp-includes/js/dist/hooks.min.js?ver=dd5603f07f9220ed27f1 HTTP/1.1" 304 3411 "https://jockers3.inglory.de/jockers/" "Serf/1.3.9 (mod_pagespeed/1.13.35.2-0)"
94.130.90.54 - - [12/Jan/2026:17:18:08 +0100] "GET /wp-includes/js/dist/i18n.min.js?ver=c26c3dc7bed366793375 HTTP/1.1" 304 3411 "https://jockers3.inglory.de/jockers/" "Serf/1.3.9 (mod_pagespeed/1.13.35.2-0)"
94.130.90.54 - - [12/Jan/2026:17:18:08 +0100] "GET /wp-includes/js/jquery/jquery.min.js?ver=3.7.1 HTTP/1.1" 304 3412 "https://jockers3.inglory.de/jockers/" "Serf/1.3.9 (mod_pagespeed/1.13.35.2-0)"
94.130.90.54 - - [12/Jan/2026:17:18:08 +0100] "GET /wp-includes/js/jquery/jquery-migrate.min.js?ver=3.4.1 HTTP/1.1" 304 3411 "https://jockers3.inglory.de/jockers/" "Serf/1.3.9 (mod_pagespeed/1.13.35.2-0)"
94.130.90.54 - - [12/Jan/2026:17:18:08 +0100] "GET /wp-content/plugins/elementor/assets/js/frontend-modules.min.js?ver=3.34.1 HTTP/1.1" 304 3412 "https://jockers3.inglory.de/jockers/" "Serf/1.3.9 (mod_pagespeed/1.13.35.2-0)"
94.130.90.54 - - [12/Jan/2026:17:18:08 +0100] "GET /wp-includes/js/jquery/ui/core.min.js?ver=1.13.3 HTTP/1.1" 304 3411 "https://jockers3.inglory.de/jockers/" "Serf/1.3.9 (mod_pagespeed/1.13.35.2-0)"
94.130.90.54 - - [12/Jan/2026:17:18:08 +0100] "GET /wp-content/plugins/elementor/assets/js/frontend.min.js?ver=3.34.1 HTTP/1.1" 304 3411 "https://jockers3.inglory.de/jockers/" "Serf/1.3.9 (mod_pagespeed/1.13.35.2-0)"
74.7.242.55 - - [12/Jan/2026:17:18:08 +0100] "GET /angebot HTTP/1.0" 301 4175 "-" "Mozilla/5.0 AppleWebKit/537.36 (KHTML, like Gecko; compatible; GPTBot/1.3; +https://openai.com/gptbot)"
94.130.90.54 - - [12/Jan/2026:17:18:10 +0100] "GET /wp-content/uploads/img-1-7-284x300.jpg HTTP/1.1" 304 3411 "https://jockers3.inglory.de/angebote/" "Serf/1.3.9 (mod_pagespeed/1.13.35.2-0)"
74.7.242.55 - - [12/Jan/2026:17:18:09 +0100] "GET /angebote/ HTTP/1.0" 200 28751 "-" "Mozilla/5.0 AppleWebKit/537.36 (KHTML, like Gecko; compatible; GPTBot/1.3; +https://openai.com/gptbot)"
94.130.90.54 - - [12/Jan/2026:17:18:10 +0100] "GET /wp-content/uploads/img-1-7-970x1024.jpg HTTP/1.1" 304 3411 "https://jockers3.inglory.de/angebote/" "Serf/1.3.9 (mod_pagespeed/1.13.35.2-0)"
94.130.90.54 - - [12/Jan/2026:17:18:10 +0100] "GET /wp-content/uploads/img-1-7-768x810.jpg HTTP/1.1" 304 3411 "https://jockers3.inglory.de/angebote/" "Serf/1.3.9 (mod_pagespeed/1.13.35.2-0)"
94.130.90.54 - - [12/Jan/2026:17:18:10 +0100] "GET /wp-content/uploads/img-3-1-6-259x300.jpg HTTP/1.1" 304 3411 "https://jockers3.inglory.de/angebote/" "Serf/1.3.9 (mod_pagespeed/1.13.35.2-0)"
94.130.90.54 - - [12/Jan/2026:17:18:10 +0100] "GET /wp-content/uploads/img-3-1-6-884x1024.jpg HTTP/1.1" 304 3412 "https://jockers3.inglory.de/angebote/" "Serf/1.3.9 (mod_pagespeed/1.13.35.2-0)"
94.130.90.54 - - [12/Jan/2026:17:18:10 +0100] "GET /wp-content/uploads/img-3-1-6-768x890.jpg HTTP/1.1" 304 3411 "https://jockers3.inglory.de/angebote/" "Serf/1.3.9 (mod_pagespeed/1.13.35.2-0)"
94.130.90.54 - - [12/Jan/2026:17:18:10 +0100] "GET /wp-content/uploads/img-3-1-6-1326x1536.jpg HTTP/1.1" 304 3412 "https://jockers3.inglory.de/angebote/" "Serf/1.3.9 (mod_pagespeed/1.13.35.2-0)"
94.130.90.54 - - [12/Jan/2026:17:18:10 +0100] "GET /wp-content/uploads/img-4-1-6-226x300.jpg HTTP/1.1" 304 3411 "https://jockers3.inglory.de/angebote/" "Serf/1.3.9 (mod_pagespeed/1.13.35.2-0)"
94.130.90.54 - - [12/Jan/2026:17:18:10 +0100] "GET /wp-content/uploads/img-4-1-6-772x1024.jpg HTTP/1.1" 304 3411 "https://jockers3.inglory.de/angebote/" "Serf/1.3.9 (mod_pagespeed/1.13.35.2-0)"
94.130.90.54 - - [12/Jan/2026:17:18:10 +0100] "GET /wp-content/uploads/img-4-1-6-768x1018.jpg HTTP/1.1" 304 3411 "https://jockers3.inglory.de/angebote/" "Serf/1.3.9 (mod_pagespeed/1.13.35.2-0)"
94.130.90.54 - - [12/Jan/2026:17:18:10 +0100] "GET /wp-content/uploads/img-5-1-4.jpg HTTP/1.1" 304 3412 "https://jockers3.inglory.de/angebote/" "Serf/1.3.9 (mod_pagespeed/1.13.35.2-0)"
94.130.90.54 - - [12/Jan/2026:17:18:10 +0100] "GET /wp-content/uploads/img-6-1-4.jpg HTTP/1.1" 304 3411 "https://jockers3.inglory.de/angebote/" "Serf/1.3.9 (mod_pagespeed/1.13.35.2-0)"
94.130.90.54 - - [12/Jan/2026:17:18:10 +0100] "GET /wp-content/uploads/elementor/css/post-182.css?ver=1768234387 HTTP/1.1" 304 3412 "https://jockers3.inglory.de/angebote/" "Serf/1.3.9 (mod_pagespeed/1.13.35.2-0)"
94.130.90.54 - - [12/Jan/2026:17:18:10 +0100] "GET /wp-content/plugins/elementor/assets/lib/swiper/v8/swiper.min.js?ver=8.4.5 HTTP/1.1" 304 3412 "https://jockers3.inglory.de/angebote/" "Serf/1.3.9 (mod_pagespeed/1.13.35.2-0)"
94.130.90.54 - - [12/Jan/2026:17:18:10 +0100] "GET /wp-content/uploads/img-4-1-6-1158x1536.jpg HTTP/1.1" 304 3412 "https://jockers3.inglory.de/angebote/" "Serf/1.3.9 (mod_pagespeed/1.13.35.2-0)"
94.130.90.54 - - [12/Jan/2026:17:18:10 +0100] "GET /wp-content/uploads/img-5-1-4.jpg HTTP/1.1" 304 3412 "https://jockers3.inglory.de/angebote/" "Serf/1.3.9 (mod_pagespeed/1.13.35.2-0)"
94.130.90.54 - - [12/Jan/2026:17:18:10 +0100] "GET /wp-content/uploads/img-5-1-4-281x300.jpg HTTP/1.1" 304 3411 "https://jockers3.inglory.de/angebote/" "Serf/1.3.9 (mod_pagespeed/1.13.35.2-0)"
94.130.90.54 - - [12/Jan/2026:17:18:10 +0100] "GET /wp-content/uploads/img-5-1-4-959x1024.jpg HTTP/1.1" 304 3411 "https://jockers3.inglory.de/angebote/" "Serf/1.3.9 (mod_pagespeed/1.13.35.2-0)"
94.130.90.54 - - [12/Jan/2026:17:18:10 +0100] "GET /wp-content/uploads/img-5-1-4-768x820.jpg HTTP/1.1" 304 3411 "https://jockers3.inglory.de/angebote/" "Serf/1.3.9 (mod_pagespeed/1.13.35.2-0)"
94.130.90.54 - - [12/Jan/2026:17:18:10 +0100] "GET /wp-content/uploads/img-6-1-4.jpg HTTP/1.1" 304 3411 "https://jockers3.inglory.de/angebote/" "Serf/1.3.9 (mod_pagespeed/1.13.35.2-0)"
94.130.90.54 - - [12/Jan/2026:17:18:10 +0100] "GET /wp-content/uploads/img-6-1-4-273x300.jpg HTTP/1.1" 304 3411 "https://jockers3.inglory.de/angebote/" "Serf/1.3.9 (mod_pagespeed/1.13.35.2-0)"
94.130.90.54 - - [12/Jan/2026:17:18:10 +0100] "GET /wp-content/uploads/img-6-1-4-932x1024.jpg HTTP/1.1" 304 3411 "https://jockers3.inglory.de/angebote/" "Serf/1.3.9 (mod_pagespeed/1.13.35.2-0)"
94.130.90.54 - - [12/Jan/2026:17:18:10 +0100] "GET /wp-content/uploads/img-6-1-4-768x843.jpg HTTP/1.1" 304 3411 "https://jockers3.inglory.de/angebote/" "Serf/1.3.9 (mod_pagespeed/1.13.35.2-0)"
74.7.242.55 - - [12/Jan/2026:17:18:10 +0100] "GET /wp-content/uploads/cropped-items-32x32.png.pagespeed.ce.tgh2jGrH-Q.png HTTP/1.0" 200 4685 "-" "Mozilla/5.0 AppleWebKit/537.36 (KHTML, like Gecko; compatible; GPTBot/1.3; +https://openai.com/gptbot)"
74.7.242.55 - - [12/Jan/2026:17:18:10 +0100] "GET /wp-content/uploads/HW0624_Kompaktes-Schwitzvergnugen.pdf HTTP/1.0" 200 1612836 "-" "Mozilla/5.0 AppleWebKit/537.36 (KHTML, like Gecko; compatible; GPTBot/1.3; +https://openai.com/gptbot)"
74.7.242.55 - - [12/Jan/2026:17:18:11 +0100] "GET /angebote HTTP/1.0" 301 4063 "-" "Mozilla/5.0 AppleWebKit/537.36 (KHTML, like Gecko; compatible; GPTBot/1.3; +https://openai.com/gptbot)"
74.7.242.55 - - [12/Jan/2026:17:18:12 +0100] "GET /angebote/ HTTP/1.0" 200 29173 "-" "Mozilla/5.0 AppleWebKit/537.36 (KHTML, like Gecko; compatible; GPTBot/1.3; +https://openai.com/gptbot)"
74.7.242.55 - - [12/Jan/2026:17:18:13 +0100] "GET /dampfbad HTTP/1.0" 301 4063 "-" "Mozilla/5.0 AppleWebKit/537.36 (KHTML, like Gecko; compatible; GPTBot/1.3; +https://openai.com/gptbot)"
94.130.90.54 - - [12/Jan/2026:17:18:14 +0100] "GET /wp-content/plugins/elementor-pro/assets/css/widget-nested-carousel.min.css?ver=3.34.0 HTTP/1.1" 304 3411 "https://jockers3.inglory.de/dampfbad/" "Serf/1.3.9 (mod_pagespeed/1.13.35.2-0)"
74.7.242.55 - - [12/Jan/2026:17:18:13 +0100] "GET /dampfbad/ HTTP/1.0" 200 25707 "-" "Mozilla/5.0 AppleWebKit/537.36 (KHTML, like Gecko; compatible; GPTBot/1.3; +https://openai.com/gptbot)"
74.7.242.55 - - [12/Jan/2026:17:18:14 +0100] "GET /referenzen-ausensauna HTTP/1.0" 301 4076 "-" "Mozilla/5.0 AppleWebKit/537.36 (KHTML, like Gecko; compatible; GPTBot/1.3; +https://openai.com/gptbot)"
94.130.90.54 - - [12/Jan/2026:17:18:16 +0100] "POST /wp-cron.php?doing_wp_cron=1768234696.1482141017913818359375 HTTP/1.0" 200 4074 "-" "8niHBjUMEPch"
74.7.242.55 - - [12/Jan/2026:17:18:15 +0100] "GET /referenzen-ausensauna/ HTTP/1.0" 200 29900 "-" "Mozilla/5.0 AppleWebKit/537.36 (KHTML, like Gecko; compatible; GPTBot/1.3; +https://openai.com/gptbot)"
74.7.242.55 - - [12/Jan/2026:17:18:16 +0100] "GET /ausensauna HTTP/1.0" 301 4065 "-" "Mozilla/5.0 AppleWebKit/537.36 (KHTML, like Gecko; compatible; GPTBot/1.3; +https://openai.com/gptbot)"
94.130.90.54 - - [12/Jan/2026:17:18:17 +0100] "GET /wp-content/plugins/elementor-pro/assets/css/widget-media-carousel.min.css?ver=3.34.0 HTTP/1.1" 304 3410 "https://jockers3.inglory.de/ausensauna/" "Serf/1.3.9 (mod_pagespeed/1.13.35.2-0)"
74.7.242.55 - - [12/Jan/2026:17:18:16 +0100] "GET /ausensauna/ HTTP/1.0" 200 27326 "-" "Mozilla/5.0 AppleWebKit/537.36 (KHTML, like Gecko; compatible; GPTBot/1.3; +https://openai.com/gptbot)"
94.130.90.54 - - [12/Jan/2026:17:18:17 +0100] "GET /wp-content/plugins/elementor-pro/assets/css/widget-carousel-module-base.min.css?ver=3.34.0 HTTP/1.1" 304 3410 "https://jockers3.inglory.de/ausensauna/" "Serf/1.3.9 (mod_pagespeed/1.13.35.2-0)"
74.7.242.55 - - [12/Jan/2026:17:18:18 +0100] "GET /innensauna HTTP/1.0" 301 4065 "-" "Mozilla/5.0 AppleWebKit/537.36 (KHTML, like Gecko; compatible; GPTBot/1.3; +https://openai.com/gptbot)"
74.7.242.55 - - [12/Jan/2026:17:18:18 +0100] "GET /innensauna/ HTTP/1.0" 200 36003 "-" "Mozilla/5.0 AppleWebKit/537.36 (KHTML, like Gecko; compatible; GPTBot/1.3; +https://openai.com/gptbot)"
74.7.242.55 - - [12/Jan/2026:17:18:19 +0100] "GET /produktion HTTP/1.0" 301 4065 "-" "Mozilla/5.0 AppleWebKit/537.36 (KHTML, like Gecko; compatible; GPTBot/1.3; +https://openai.com/gptbot)"
74.7.242.55 - - [12/Jan/2026:17:18:20 +0100] "GET /produktion/ HTTP/1.0" 200 29541 "-" "Mozilla/5.0 AppleWebKit/537.36 (KHTML, like Gecko; compatible; GPTBot/1.3; +https://openai.com/gptbot)"
74.7.242.55 - - [12/Jan/2026:17:18:21 +0100] "GET /ausstellung HTTP/1.0" 301 4066 "-" "Mozilla/5.0 AppleWebKit/537.36 (KHTML, like Gecko; compatible; GPTBot/1.3; +https://openai.com/gptbot)"
74.7.242.55 - - [12/Jan/2026:17:18:21 +0100] "GET /ausstellung/ HTTP/1.0" 200 24832 "-" "Mozilla/5.0 AppleWebKit/537.36 (KHTML, like Gecko; compatible; GPTBot/1.3; +https://openai.com/gptbot)"
74.7.242.55 - - [12/Jan/2026:17:18:22 +0100] "GET /kontakt HTTP/1.0" 301 4062 "-" "Mozilla/5.0 AppleWebKit/537.36 (KHTML, like Gecko; compatible; GPTBot/1.3; +https://openai.com/gptbot)"
74.7.242.55 - - [12/Jan/2026:17:18:23 +0100] "GET /kontakt/ HTTP/1.0" 200 25515 "-" "Mozilla/5.0 AppleWebKit/537.36 (KHTML, like Gecko; compatible; GPTBot/1.3; +https://openai.com/gptbot)"
74.7.242.55 - - [12/Jan/2026:17:18:24 +0100] "GET /datenschutz HTTP/1.0" 301 4066 "-" "Mozilla/5.0 AppleWebKit/537.36 (KHTML, like Gecko; compatible; GPTBot/1.3; +https://openai.com/gptbot)"
91.10.111.70 - - [12/Jan/2026:17:18:24 +0100] "POST /wp-admin/admin-ajax.php HTTP/1.0" 200 4405 "https://jockers3.inglory.de/wp-admin/post.php?post=110&action=elementor" "Mozilla/5.0 (Macintosh; Intel Mac OS X 10_15_7) AppleWebKit/537.36 (KHTML, like Gecko) Chrome/143.0.0.0 Safari/537.36"
94.130.90.54 - - [12/Jan/2026:17:18:25 +0100] "GET /wp-content/uploads/elementor/css/post-2373.css?ver=1768234705 HTTP/1.1" 200 9366 "https://jockers3.inglory.de/datenschutz/" "Serf/1.3.9 (mod_pagespeed/1.13.35.2-0)"
74.7.242.55 - - [12/Jan/2026:17:18:24 +0100] "GET /datenschutz/ HTTP/1.0" 200 30392 "-" "Mozilla/5.0 AppleWebKit/537.36 (KHTML, like Gecko; compatible; GPTBot/1.3; +https://openai.com/gptbot)"
74.7.242.55 - - [12/Jan/2026:17:18:25 +0100] "GET /wp-content/uploads/img-4-1-6.jpg.pagespeed.ce.cEUVpfEWIZ.jpg HTTP/1.0" 200 121553 "-" "Mozilla/5.0 AppleWebKit/537.36 (KHTML, like Gecko; compatible; GPTBot/1.3; +https://openai.com/gptbot)"
74.7.242.55 - - [12/Jan/2026:17:18:26 +0100] "GET /presse HTTP/1.0" 301 4061 "-" "Mozilla/5.0 AppleWebKit/537.36 (KHTML, like Gecko; compatible; GPTBot/1.3; +https://openai.com/gptbot)"
74.7.242.55 - - [12/Jan/2026:17:18:26 +0100] "GET /presse/ HTTP/1.0" 200 25397 "-" "Mozilla/5.0 AppleWebKit/537.36 (KHTML, like Gecko; compatible; GPTBot/1.3; +https://openai.com/gptbot)"
74.7.242.55 - - [12/Jan/2026:17:18:27 +0100] "GET /wp-content/uploads/img-6-1-4.jpg.pagespeed.ce.qBNZjZn3px.jpg HTTP/1.0" 200 69732 "-" "Mozilla/5.0 AppleWebKit/537.36 (KHTML, like Gecko; compatible; GPTBot/1.3; +https://openai.com/gptbot)"
74.7.242.55 - - [12/Jan/2026:17:18:28 +0100] "GET /wp-content/uploads/img-5-1-4.jpg.pagespeed.ce.XTFMWOQwz4.jpg HTTP/1.0" 200 71729 "-" "Mozilla/5.0 AppleWebKit/537.36 (KHTML, like Gecko; compatible; GPTBot/1.3; +https://openai.com/gptbot)"
74.7.242.55 - - [12/Jan/2026:17:18:28 +0100] "GET /wp-content/uploads/Maikammer_006-scaled-1.jpeg HTTP/1.0" 200 133946 "-" "Mozilla/5.0 AppleWebKit/537.36 (KHTML, like Gecko; compatible; GPTBot/1.3; +https://openai.com/gptbot)"
94.130.90.54 - - [12/Jan/2026:17:18:30 +0100] "GET /wp-content/uploads/elementor/css/post-52.css?ver=1768234710 HTTP/1.1" 200 35709 "https://jockers3.inglory.de/infrarotkabine/" "Serf/1.3.9 (mod_pagespeed/1.13.35.2-0)"
94.130.90.54 - - [12/Jan/2026:17:18:30 +0100] "GET /wp-content/uploads/img-1-3.jpg HTTP/1.1" 304 3412 "https://jockers3.inglory.de/infrarotkabine/" "Serf/1.3.9 (mod_pagespeed/1.13.35.2-0)"
74.7.242.55 - - [12/Jan/2026:17:18:29 +0100] "GET /infrarotkabine/ HTTP/1.0" 200 26008 "-" "Mozilla/5.0 AppleWebKit/537.36 (KHTML, like Gecko; compatible; GPTBot/1.3; +https://openai.com/gptbot)"
94.130.90.54 - - [12/Jan/2026:17:18:30 +0100] "GET /wp-content/uploads/img-1-3.jpg HTTP/1.1" 304 3412 "https://jockers3.inglory.de/infrarotkabine/" "Serf/1.3.9 (mod_pagespeed/1.13.35.2-0)"
94.130.90.54 - - [12/Jan/2026:17:18:30 +0100] "GET /wp-content/uploads/img-1-3-281x300.jpg HTTP/1.1" 200 14689 "https://jockers3.inglory.de/infrarotkabine/" "Serf/1.3.9 (mod_pagespeed/1.13.35.2-0)"
94.130.90.54 - - [12/Jan/2026:17:18:30 +0100] "GET /wp-content/uploads/img-1-3-958x1024.jpg HTTP/1.1" 200 90486 "https://jockers3.inglory.de/infrarotkabine/" "Serf/1.3.9 (mod_pagespeed/1.13.35.2-0)"
94.130.90.54 - - [12/Jan/2026:17:18:30 +0100] "GET /wp-content/uploads/img-1-3-768x821.jpg HTTP/1.1" 200 64489 "https://jockers3.inglory.de/infrarotkabine/" "Serf/1.3.9 (mod_pagespeed/1.13.35.2-0)"
94.130.90.54 - - [12/Jan/2026:17:18:30 +0100] "GET /wp-content/uploads/img-1-1.jpg HTTP/1.1" 304 3411 "https://jockers3.inglory.de/infrarotkabine/" "Serf/1.3.9 (mod_pagespeed/1.13.35.2-0)"
94.130.90.54 - - [12/Jan/2026:17:18:30 +0100] "GET /wp-content/uploads/img-2-1-1.jpg HTTP/1.1" 304 3411 "https://jockers3.inglory.de/infrarotkabine/" "Serf/1.3.9 (mod_pagespeed/1.13.35.2-0)"
94.130.90.54 - - [12/Jan/2026:17:18:30 +0100] "GET /wp-content/uploads/img-4-1-1.jpg HTTP/1.1" 304 3411 "https://jockers3.inglory.de/infrarotkabine/" "Serf/1.3.9 (mod_pagespeed/1.13.35.2-0)"
94.130.90.54 - - [12/Jan/2026:17:18:30 +0100] "GET /wp-content/uploads/img-1-8.jpg HTTP/1.1" 304 3411 "https://jockers3.inglory.de/infrarotkabine/" "Serf/1.3.9 (mod_pagespeed/1.13.35.2-0)"
74.7.242.55 - - [12/Jan/2026:17:18:30 +0100] "GET /infrarotkabine HTTP/1.0" 301 4069 "-" "Mozilla/5.0 AppleWebKit/537.36 (KHTML, like Gecko; compatible; GPTBot/1.3; +https://openai.com/gptbot)"
74.7.242.55 - - [12/Jan/2026:17:18:31 +0100] "GET /infrarotkabine/ HTTP/1.0" 200 26059 "-" "Mozilla/5.0 AppleWebKit/537.36 (KHTML, like Gecko; compatible; GPTBot/1.3; +https://openai.com/gptbot)"
74.7.242.55 - - [12/Jan/2026:17:18:32 +0100] "GET /feed/ HTTP/1.0" 200 4741 "-" "Mozilla/5.0 AppleWebKit/537.36 (KHTML, like Gecko; compatible; GPTBot/1.3; +https://openai.com/gptbot)"
74.7.242.55 - - [12/Jan/2026:17:18:32 +0100] "GET /wp-content/uploads/img-1-3.jpg.pagespeed.ce.kUEgxjZ1gB.jpg HTTP/1.0" 200 94424 "-" "Mozilla/5.0 AppleWebKit/537.36 (KHTML, like Gecko; compatible; GPTBot/1.3; +https://openai.com/gptbot)"
74.7.242.55 - - [12/Jan/2026:17:18:33 +0100] "GET /wp-content/uploads/elementor/css/A.post-52.css,qver=1768234710.pagespeed.cf.kYmqZNLAtv.css HTTP/1.0" 200 6942 "-" "Mozilla/5.0 AppleWebKit/537.36 (KHTML, like Gecko; compatible; GPTBot/1.3; +https://openai.com/gptbot)"
74.7.242.55 - - [12/Jan/2026:17:18:33 +0100] "GET /xmlrpc.php?rsd HTTP/1.0" 200 4330 "-" "Mozilla/5.0 AppleWebKit/537.36 (KHTML, like Gecko; compatible; GPTBot/1.3; +https://openai.com/gptbot)"
74.7.242.55 - - [12/Jan/2026:17:18:34 +0100] "GET /wp-content/plugins/elementor/assets/lib/font-awesome/webfonts/fa-brands-400.ttf HTTP/1.0" 200 155621 "-" "Mozilla/5.0 AppleWebKit/537.36 (KHTML, like Gecko; compatible; GPTBot/1.3; +https://openai.com/gptbot)"
74.7.242.55 - - [12/Jan/2026:17:18:35 +0100] "GET /?p=2373 HTTP/1.0" 301 4178 "-" "Mozilla/5.0 AppleWebKit/537.36 (KHTML, like Gecko; compatible; GPTBot/1.3; +https://openai.com/gptbot)"
74.7.242.55 - - [12/Jan/2026:17:18:35 +0100] "GET /datenschutz/ HTTP/1.0" 200 30379 "-" "Mozilla/5.0 AppleWebKit/537.36 (KHTML, like Gecko; compatible; GPTBot/1.3; +https://openai.com/gptbot)"
74.7.242.55 - - [12/Jan/2026:17:18:36 +0100] "GET /wp-json/oembed/1.0/embed?url=https%3A%2F%2Fjockers3.inglory.de%2Fdatenschutz%2F HTTP/1.0" 200 6533 "-" "Mozilla/5.0 AppleWebKit/537.36 (KHTML, like Gecko; compatible; GPTBot/1.3; +https://openai.com/gptbot)"
74.7.242.55 - - [12/Jan/2026:17:18:37 +0100] "GET /datenschutz/ HTTP/1.0" 200 30379 "-" "Mozilla/5.0 AppleWebKit/537.36 (KHTML, like Gecko; compatible; GPTBot/1.3; +https://openai.com/gptbot)"
74.7.242.55 - - [12/Jan/2026:17:18:38 +0100] "GET /wp-content/plugins/elementor/assets/lib/font-awesome/webfonts/fa-brands-400.eot HTTP/1.0" 200 155830 "-" "Mozilla/5.0 AppleWebKit/537.36 (KHTML, like Gecko; compatible; GPTBot/1.3; +https://openai.com/gptbot)"
74.7.242.55 - - [12/Jan/2026:17:18:38 +0100] "GET /wp-content/plugins/elementor/assets/lib/font-awesome/webfonts/fa-brands-400.svg HTTP/1.0" 200 754273 "-" "Mozilla/5.0 AppleWebKit/537.36 (KHTML, like Gecko; compatible; GPTBot/1.3; +https://openai.com/gptbot)"
74.7.242.55 - - [12/Jan/2026:17:18:39 +0100] "GET /wp-content/plugins/elementor/assets/lib/font-awesome/webfonts/fa-solid-900.woff HTTP/1.0" 200 105840 "-" "Mozilla/5.0 AppleWebKit/537.36 (KHTML, like Gecko; compatible; GPTBot/1.3; +https://openai.com/gptbot)"
74.7.242.55 - - [12/Jan/2026:17:18:39 +0100] "GET /?p=52 HTTP/1.0" 301 4181 "-" "Mozilla/5.0 AppleWebKit/537.36 (KHTML, like Gecko; compatible; GPTBot/1.3; +https://openai.com/gptbot)"
74.7.242.55 - - [12/Jan/2026:17:18:40 +0100] "GET /infrarotkabine/ HTTP/1.0" 200 26059 "-" "Mozilla/5.0 AppleWebKit/537.36 (KHTML, like Gecko; compatible; GPTBot/1.3; +https://openai.com/gptbot)"
74.7.242.55 - - [12/Jan/2026:17:18:41 +0100] "GET /wp-content/uploads/img-1-3.jpg HTTP/1.0" 200 94362 "-" "Mozilla/5.0 AppleWebKit/537.36 (KHTML, like Gecko; compatible; GPTBot/1.3; +https://openai.com/gptbot)"
74.7.242.55 - - [12/Jan/2026:17:18:41 +0100] "GET /wp-content/uploads/img-4-1-1.jpg.pagespeed.ce.LggYLr3nTh.jpg HTTP/1.0" 200 28717 "-" "Mozilla/5.0 AppleWebKit/537.36 (KHTML, like Gecko; compatible; GPTBot/1.3; +https://openai.com/gptbot)"
74.7.242.55 - - [12/Jan/2026:17:18:42 +0100] "GET /wp-content/uploads/img-1-3.jpg.pagespeed.ce.kUEgxjZ1gB.jpg HTTP/1.0" 200 94424 "-" "Mozilla/5.0 AppleWebKit/537.36 (KHTML, like Gecko; compatible; GPTBot/1.3; +https://openai.com/gptbot)"
74.7.242.55 - - [12/Jan/2026:17:18:42 +0100] "GET /wp-content/uploads/img-1-1.jpg.pagespeed.ce.IQ98GVD3_z.jpg HTTP/1.0" 200 66889 "-" "Mozilla/5.0 AppleWebKit/537.36 (KHTML, like Gecko; compatible; GPTBot/1.3; +https://openai.com/gptbot)"
74.7.242.55 - - [12/Jan/2026:17:18:43 +0100] "GET /wp-content/uploads/img-1-8.jpg.pagespeed.ce.OQhQgwOrgm.jpg HTTP/1.0" 200 47298 "-" "Mozilla/5.0 AppleWebKit/537.36 (KHTML, like Gecko; compatible; GPTBot/1.3; +https://openai.com/gptbot)"
74.7.242.55 - - [12/Jan/2026:17:18:43 +0100] "GET /wp-content/uploads/img-2-1-1.jpg.pagespeed.ce.QQaPiOwf-_.jpg HTTP/1.0" 200 65671 "-" "Mozilla/5.0 AppleWebKit/537.36 (KHTML, like Gecko; compatible; GPTBot/1.3; +https://openai.com/gptbot)"
74.7.242.55 - - [12/Jan/2026:17:18:44 +0100] "GET /wp-content/uploads/Ludwigshafen_002-scaled-1.jpeg HTTP/1.0" 200 282194 "-" "Mozilla/5.0 AppleWebKit/537.36 (KHTML, like Gecko; compatible; GPTBot/1.3; +https://openai.com/gptbot)"
74.7.242.55 - - [12/Jan/2026:17:18:44 +0100] "GET /wp-content/plugins/elementor/assets/lib/font-awesome/webfonts/fa-solid-900.svg HTTP/1.0" 200 924283 "-" "Mozilla/5.0 AppleWebKit/537.36 (KHTML, like Gecko; compatible; GPTBot/1.3; +https://openai.com/gptbot)"
74.7.242.55 - - [12/Jan/2026:17:18:45 +0100] "GET /wp-content/plugins/elementor/assets/lib/font-awesome/webfonts/fa-solid-900.ttf HTTP/1.0" 200 207063 "-" "Mozilla/5.0 AppleWebKit/537.36 (KHTML, like Gecko; compatible; GPTBot/1.3; +https://openai.com/gptbot)"
74.7.242.55 - - [12/Jan/2026:17:18:45 +0100] "GET /wp-content/uploads/cropped-items-32x32.png HTTP/1.0" 200 4611 "-" "Mozilla/5.0 AppleWebKit/537.36 (KHTML, like Gecko; compatible; GPTBot/1.3; +https://openai.com/gptbot)"
74.7.242.55 - - [12/Jan/2026:17:18:46 +0100] "GET /wp-content/uploads/3-2-scaled-1.jpeg HTTP/1.0" 200 684229 "-" "Mozilla/5.0 AppleWebKit/537.36 (KHTML, like Gecko; compatible; GPTBot/1.3; +https://openai.com/gptbot)"
74.7.242.55 - - [12/Jan/2026:17:18:46 +0100] "GET /wp-content/uploads/2-2-scaled-1.jpeg HTTP/1.0" 200 138619 "-" "Mozilla/5.0 AppleWebKit/537.36 (KHTML, like Gecko; compatible; GPTBot/1.3; +https://openai.com/gptbot)"
74.7.242.55 - - [12/Jan/2026:17:18:47 +0100] "GET /wp-content/uploads/3-1-scaled-1.jpeg HTTP/1.0" 200 311793 "-" "Mozilla/5.0 AppleWebKit/537.36 (KHTML, like Gecko; compatible; GPTBot/1.3; +https://openai.com/gptbot)"
74.7.242.55 - - [12/Jan/2026:17:18:47 +0100] "GET /wp-content/uploads/2-2-scaled-2.jpeg HTTP/1.0" 200 138619 "-" "Mozilla/5.0 AppleWebKit/537.36 (KHTML, like Gecko; compatible; GPTBot/1.3; +https://openai.com/gptbot)"
74.7.242.55 - - [12/Jan/2026:17:18:48 +0100] "GET /wp-content/uploads/4-2-scaled-2.jpeg HTTP/1.0" 200 491923 "-" "Mozilla/5.0 AppleWebKit/537.36 (KHTML, like Gecko; compatible; GPTBot/1.3; +https://openai.com/gptbot)"
74.7.242.55 - - [12/Jan/2026:17:18:48 +0100] "GET /wp-content/uploads/4-2-scaled-1.jpeg HTTP/1.0" 200 491923 "-" "Mozilla/5.0 AppleWebKit/537.36 (KHTML, like Gecko; compatible; GPTBot/1.3; +https://openai.com/gptbot)"
74.7.242.55 - - [12/Jan/2026:17:18:49 +0100] "GET /wp-content/uploads/4-1-scaled-2.jpeg HTTP/1.0" 200 231790 "-" "Mozilla/5.0 AppleWebKit/537.36 (KHTML, like Gecko; compatible; GPTBot/1.3; +https://openai.com/gptbot)"
74.7.242.55 - - [12/Jan/2026:17:18:49 +0100] "GET /wp-content/uploads/3-1-scaled-2.jpeg HTTP/1.0" 200 311793 "-" "Mozilla/5.0 AppleWebKit/537.36 (KHTML, like Gecko; compatible; GPTBot/1.3; +https://openai.com/gptbot)"
74.7.242.55 - - [12/Jan/2026:17:18:50 +0100] "GET /wp-content/uploads/1-3-scaled-1.jpeg HTTP/1.0" 200 720208 "-" "Mozilla/5.0 AppleWebKit/537.36 (KHTML, like Gecko; compatible; GPTBot/1.3; +https://openai.com/gptbot)"
74.7.242.55 - - [12/Jan/2026:17:18:51 +0100] "GET /wp-content/uploads/3-2-scaled-2.jpeg HTTP/1.0" 200 684229 "-" "Mozilla/5.0 AppleWebKit/537.36 (KHTML, like Gecko; compatible; GPTBot/1.3; +https://openai.com/gptbot)"
74.7.242.55 - - [12/Jan/2026:17:18:51 +0100] "GET /wp-content/uploads/4-1-scaled-1.jpeg HTTP/1.0" 200 231790 "-" "Mozilla/5.0 AppleWebKit/537.36 (KHTML, like Gecko; compatible; GPTBot/1.3; +https://openai.com/gptbot)"
74.7.242.55 - - [12/Jan/2026:17:18:52 +0100] "GET /wp-content/uploads/2-3-scaled-1.jpeg HTTP/1.0" 200 466847 "-" "Mozilla/5.0 AppleWebKit/537.36 (KHTML, like Gecko; compatible; GPTBot/1.3; +https://openai.com/gptbot)"
74.7.242.55 - - [12/Jan/2026:17:18:52 +0100] "GET /wp-content/uploads/Projekt-Ritter_008-scaled-1.jpeg HTTP/1.0" 200 151059 "-" "Mozilla/5.0 AppleWebKit/537.36 (KHTML, like Gecko; compatible; GPTBot/1.3; +https://openai.com/gptbot)"
74.7.242.55 - - [12/Jan/2026:17:18:53 +0100] "GET /wp-content/uploads/Projekt-Ritter_007-scaled-1.jpeg HTTP/1.0" 200 176951 "-" "Mozilla/5.0 AppleWebKit/537.36 (KHTML, like Gecko; compatible; GPTBot/1.3; +https://openai.com/gptbot)"
74.7.242.55 - - [12/Jan/2026:17:18:53 +0100] "GET /wp-content/uploads/Projekt-Ritter_009-scaled-1.jpeg HTTP/1.0" 200 161914 "-" "Mozilla/5.0 AppleWebKit/537.36 (KHTML, like Gecko; compatible; GPTBot/1.3; +https://openai.com/gptbot)"
74.7.242.55 - - [12/Jan/2026:17:18:54 +0100] "GET /wp-content/uploads/image-27.svg HTTP/1.0" 200 68044 "-" "Mozilla/5.0 AppleWebKit/537.36 (KHTML, like Gecko; compatible; GPTBot/1.3; +https://openai.com/gptbot)"
74.7.242.55 - - [12/Jan/2026:17:18:54 +0100] "GET /wp-content/plugins/elementor/assets/lib/font-awesome/webfonts/fa-solid-900.woff2 HTTP/1.0" 200 82340 "-" "Mozilla/5.0 AppleWebKit/537.36 (KHTML, like Gecko; compatible; GPTBot/1.3; +https://openai.com/gptbot)"
74.7.242.55 - - [12/Jan/2026:17:18:55 +0100] "GET /wp-content/plugins/elementor/assets/lib/font-awesome/webfonts/fa-brands-400.woff2 HTTP/1.0" 200 85756 "-" "Mozilla/5.0 AppleWebKit/537.36 (KHTML, like Gecko; compatible; GPTBot/1.3; +https://openai.com/gptbot)"
74.7.242.55 - - [12/Jan/2026:17:18:55 +0100] "GET /wp-content/uploads/4-scaled-1.jpeg HTTP/1.0" 200 378006 "-" "Mozilla/5.0 AppleWebKit/537.36 (KHTML, like Gecko; compatible; GPTBot/1.3; +https://openai.com/gptbot)"
74.7.242.55 - - [12/Jan/2026:17:18:56 +0100] "GET /wp-content/uploads/2-scaled-1.jpeg HTTP/1.0" 200 237114 "-" "Mozilla/5.0 AppleWebKit/537.36 (KHTML, like Gecko; compatible; GPTBot/1.3; +https://openai.com/gptbot)"
74.7.242.55 - - [12/Jan/2026:17:18:56 +0100] "GET /wp-content/uploads/1-scaled-1.jpeg HTTP/1.0" 200 165967 "-" "Mozilla/5.0 AppleWebKit/537.36 (KHTML, like Gecko; compatible; GPTBot/1.3; +https://openai.com/gptbot)"
74.7.242.55 - - [12/Jan/2026:17:18:57 +0100] "GET /wp-content/uploads/saunaindenbergen3.jpeg HTTP/1.0" 200 279222 "-" "Mozilla/5.0 AppleWebKit/537.36 (KHTML, like Gecko; compatible; GPTBot/1.3; +https://openai.com/gptbot)"
74.7.242.55 - - [12/Jan/2026:17:18:57 +0100] "GET /wp-content/uploads/saunaindenbergen4.jpeg HTTP/1.0" 200 442273 "-" "Mozilla/5.0 AppleWebKit/537.36 (KHTML, like Gecko; compatible; GPTBot/1.3; +https://openai.com/gptbot)"
74.7.242.55 - - [12/Jan/2026:17:18:58 +0100] "GET /wp-content/uploads/Limburgerhof-01.jpeg HTTP/1.0" 200 141276 "-" "Mozilla/5.0 AppleWebKit/537.36 (KHTML, like Gecko; compatible; GPTBot/1.3; +https://openai.com/gptbot)"
74.7.242.55 - - [12/Jan/2026:17:18:58 +0100] "GET /wp-content/uploads/Bellheim-Wuenschel_003.jpeg HTTP/1.0" 200 204536 "-" "Mozilla/5.0 AppleWebKit/537.36 (KHTML, like Gecko; compatible; GPTBot/1.3; +https://openai.com/gptbot)"
74.7.242.55 - - [12/Jan/2026:17:18:59 +0100] "GET /wp-content/uploads/Jockers-AGB-aktuell.pdf HTTP/1.0" 200 55073 "-" "Mozilla/5.0 AppleWebKit/537.36 (KHTML, like Gecko; compatible; GPTBot/1.3; +https://openai.com/gptbot)"
74.7.242.55 - - [12/Jan/2026:17:18:59 +0100] "GET /wp-content/uploads/Burrweiler_019.jpeg HTTP/1.0" 200 199591 "-" "Mozilla/5.0 AppleWebKit/537.36 (KHTML, like Gecko; compatible; GPTBot/1.3; +https://openai.com/gptbot)"
74.7.242.55 - - [12/Jan/2026:17:19:00 +0100] "GET /wp-content/uploads/Schwetzingen_002.jpeg HTTP/1.0" 200 161627 "-" "Mozilla/5.0 AppleWebKit/537.36 (KHTML, like Gecko; compatible; GPTBot/1.3; +https://openai.com/gptbot)"
74.7.242.55 - - [12/Jan/2026:17:19:01 +0100] "GET /wp-content/uploads/Schwetzingen_005.jpeg HTTP/1.0" 200 137818 "-" "Mozilla/5.0 AppleWebKit/537.36 (KHTML, like Gecko; compatible; GPTBot/1.3; +https://openai.com/gptbot)"
74.7.242.55 - - [12/Jan/2026:17:19:01 +0100] "GET /wp-content/uploads/Schwetzingen_001.jpeg HTTP/1.0" 200 168583 "-" "Mozilla/5.0 AppleWebKit/537.36 (KHTML, like Gecko; compatible; GPTBot/1.3; +https://openai.com/gptbot)"
74.7.242.55 - - [12/Jan/2026:17:19:02 +0100] "GET /wp-content/uploads/Kirrweiler_001.jpeg HTTP/1.0" 200 144347 "-" "Mozilla/5.0 AppleWebKit/537.36 (KHTML, like Gecko; compatible; GPTBot/1.3; +https://openai.com/gptbot)"
94.130.90.54 - - [12/Jan/2026:17:19:03 +0100] "GET /wp-includes/css/dist/block-library/style.min.css?ver=6.9 HTTP/1.1" 200 123468 "https://jockers3.inglory.de/author/farhad/" "Serf/1.3.9 (mod_pagespeed/1.13.35.2-0)"
74.7.242.55 - - [12/Jan/2026:17:19:02 +0100] "GET /author/farhad/ HTTP/1.0" 200 22667 "-" "Mozilla/5.0 AppleWebKit/537.36 (KHTML, like Gecko; compatible; GPTBot/1.3; +https://openai.com/gptbot)"
74.7.242.55 - - [12/Jan/2026:17:19:03 +0100] "GET /wp-sitemap.xml HTTP/1.0" 200 4236 "-" "Mozilla/5.0 AppleWebKit/537.36 (KHTML, like Gecko; compatible; GPTBot/1.3; +https://openai.com/gptbot)"
74.7.242.55 - - [12/Jan/2026:17:19:04 +0100] "GET /wp-content/uploads/54773.pdf HTTP/1.0" 200 3402898 "-" "Mozilla/5.0 AppleWebKit/537.36 (KHTML, like Gecko; compatible; GPTBot/1.3; +https://openai.com/gptbot)"
74.7.242.55 - - [12/Jan/2026:17:19:05 +0100] "GET /wp-content/uploads/61523.pdf HTTP/1.0" 200 1952063 "-" "Mozilla/5.0 AppleWebKit/537.36 (KHTML, like Gecko; compatible; GPTBot/1.3; +https://openai.com/gptbot)"
74.7.242.55 - - [12/Jan/2026:17:19:05 +0100] "GET /wp-content/uploads/51848.pdf HTTP/1.0" 200 1620844 "-" "Mozilla/5.0 AppleWebKit/537.36 (KHTML, like Gecko; compatible; GPTBot/1.3; +https://openai.com/gptbot)"
74.7.242.55 - - [12/Jan/2026:17:19:06 +0100] "GET /wp-content/uploads/46019.pdf HTTP/1.0" 200 1387274 "-" "Mozilla/5.0 AppleWebKit/537.36 (KHTML, like Gecko; compatible; GPTBot/1.3; +https://openai.com/gptbot)"
74.7.242.55 - - [12/Jan/2026:17:19:06 +0100] "GET /wp-content/uploads/47580.pdf HTTP/1.0" 200 991307 "-" "Mozilla/5.0 AppleWebKit/537.36 (KHTML, like Gecko; compatible; GPTBot/1.3; +https://openai.com/gptbot)"
74.7.242.55 - - [12/Jan/2026:17:19:07 +0100] "GET /wp-content/uploads/58381.pdf HTTP/1.0" 200 980427 "-" "Mozilla/5.0 AppleWebKit/537.36 (KHTML, like Gecko; compatible; GPTBot/1.3; +https://openai.com/gptbot)"
74.7.242.55 - - [12/Jan/2026:17:19:07 +0100] "GET /wp-content/uploads/60033.pdf HTTP/1.0" 200 1451656 "-" "Mozilla/5.0 AppleWebKit/537.36 (KHTML, like Gecko; compatible; GPTBot/1.3; +https://openai.com/gptbot)"
74.7.242.55 - - [12/Jan/2026:17:19:08 +0100] "GET /wp-content/uploads/59090.pdf HTTP/1.0" 200 3078049 "-" "Mozilla/5.0 AppleWebKit/537.36 (KHTML, like Gecko; compatible; GPTBot/1.3; +https://openai.com/gptbot)"
74.7.242.55 - - [12/Jan/2026:17:19:08 +0100] "GET /wp-content/uploads/63061.pdf HTTP/1.0" 200 1939528 "-" "Mozilla/5.0 AppleWebKit/537.36 (KHTML, like Gecko; compatible; GPTBot/1.3; +https://openai.com/gptbot)"
74.7.242.55 - - [12/Jan/2026:17:19:09 +0100] "GET /wp-content/uploads/56119.pdf HTTP/1.0" 200 607346 "-" "Mozilla/5.0 AppleWebKit/537.36 (KHTML, like Gecko; compatible; GPTBot/1.3; +https://openai.com/gptbot)"
74.7.242.55 - - [12/Jan/2026:17:19:09 +0100] "GET /wp-includes/js/jquery/jquery.min.js,qver=3.7.1.pagespeed.jm.PoWN7KAtLT.js HTTP/1.0" 200 34477 "-" "Mozilla/5.0 AppleWebKit/537.36 (KHTML, like Gecko; compatible; GPTBot/1.3; +https://openai.com/gptbot)"
74.7.242.55 - - [12/Jan/2026:17:19:10 +0100] "GET /wp-content/plugins/preloader-pro/assets/js/loftloader.min.js,qver=2024090401.pagespeed.jm.nSFyBDGXed.js HTTP/1.0" 200 8108 "-" "Mozilla/5.0 AppleWebKit/537.36 (KHTML, like Gecko; compatible; GPTBot/1.3; +https://openai.com/gptbot)"
74.7.242.55 - - [12/Jan/2026:17:19:10 +0100] "GET /wp-content/plugins/elementor-pro/assets/js/frontend.min.js,qver=3.34.0.pagespeed.ce.ratKkDJje_.js HTTP/1.0" 200 10638 "-" "Mozilla/5.0 AppleWebKit/537.36 (KHTML, like Gecko; compatible; GPTBot/1.3; +https://openai.com/gptbot)"
74.7.242.55 - - [12/Jan/2026:17:19:11 +0100] "GET /wp-content/plugins/elementor/assets/lib/swiper/v8/swiper.min.js,qver=8.4.5.pagespeed.ce.g-mynwCGu6.js HTTP/1.0" 200 43989 "-" "Mozilla/5.0 AppleWebKit/537.36 (KHTML, like Gecko; compatible; GPTBot/1.3; +https://openai.com/gptbot)"
74.7.242.55 - - [12/Jan/2026:17:19:11 +0100] "GET /wp-includes/js/jquery/ui/core.min.js,qver=1.13.3.pagespeed.jm.cFaMSVPe38.js HTTP/1.0" 200 10665 "-" "Mozilla/5.0 AppleWebKit/537.36 (KHTML, like Gecko; compatible; GPTBot/1.3; +https://openai.com/gptbot)"
74.7.242.55 - - [12/Jan/2026:17:19:12 +0100] "GET /wp-content/plugins/elementor/assets/js/frontend-modules.min.js,qver=3.34.1.pagespeed.ce.HWl8gw_afp.js HTTP/1.0" 200 29928 "-" "Mozilla/5.0 AppleWebKit/537.36 (KHTML, like Gecko; compatible; GPTBot/1.3; +https://openai.com/gptbot)"
74.7.242.55 - - [12/Jan/2026:17:19:12 +0100] "GET /wp-content/plugins/elementor-pro/assets/lib/smartmenus,_jquery.smartmenus.min.js,qver==1.2.1+sticky,_jquery.sticky.min.js,qver==3.34.0.pagespeed.jc.-qjzYgy1Ui.js HTTP/1.0" 200 12573 "-" "Mozilla/5.0 AppleWebKit/537.36 (KHTML, like Gecko; compatible; GPTBot/1.3; +https://openai.com/gptbot)"
74.7.242.55 - - [12/Jan/2026:17:19:13 +0100] "GET /wp-content/plugins/elementor/assets/css/widget-icon-list.min.css?ver=3.34.1 HTTP/1.0" 200 5215 "-" "Mozilla/5.0 AppleWebKit/537.36 (KHTML, like Gecko; compatible; GPTBot/1.3; +https://openai.com/gptbot)"
74.7.242.55 - - [12/Jan/2026:17:19:13 +0100] "GET /wp-content/plugins/elementor-pro/assets/js/elements-handlers.min.js,qver=3.34.0.pagespeed.ce.Pue7jP9wID.js HTTP/1.0" 200 14795 "-" "Mozilla/5.0 AppleWebKit/537.36 (KHTML, like Gecko; compatible; GPTBot/1.3; +https://openai.com/gptbot)"
74.7.242.55 - - [12/Jan/2026:17:19:14 +0100] "GET /wp-includes/js/jquery/jquery-migrate.min.js,qver=3.4.1.pagespeed.jm.bhhu-RahTI.js HTTP/1.0" 200 8989 "-" "Mozilla/5.0 AppleWebKit/537.36 (KHTML, like Gecko; compatible; GPTBot/1.3; +https://openai.com/gptbot)"
74.7.242.55 - - [12/Jan/2026:17:19:14 +0100] "GET /author/farhad/feed/ HTTP/1.0" 200 4880 "-" "Mozilla/5.0 AppleWebKit/537.36 (KHTML, like Gecko; compatible; GPTBot/1.3; +https://openai.com/gptbot)"
74.7.242.55 - - [12/Jan/2026:17:19:15 +0100] "GET /wp-content/uploads/logo.svg HTTP/1.0" 200 12856 "-" "Mozilla/5.0 AppleWebKit/537.36 (KHTML, like Gecko; compatible; GPTBot/1.3; +https://openai.com/gptbot)"
74.7.242.55 - - [12/Jan/2026:17:19:16 +0100] "GET /wp-content/plugins/elementor/assets/js/frontend.min.js,qver=3.34.1.pagespeed.ce.zrGDsTjqwx.js HTTP/1.0" 200 14552 "-" "Mozilla/5.0 AppleWebKit/537.36 (KHTML, like Gecko; compatible; GPTBot/1.3; +https://openai.com/gptbot)"
94.130.90.54 - - [12/Jan/2026:17:19:16 +0100] "POST /wp-cron.php?doing_wp_cron=1768234756.1578381061553955078125 HTTP/1.0" 200 4074 "-" "Df2pQNLtqWcP"
91.10.111.70 - - [12/Jan/2026:17:19:15 +0100] "POST /wp-admin/admin-ajax.php HTTP/1.0" 200 4405 "https://jockers3.inglory.de/wp-admin/post.php?post=18&action=elementor" "Mozilla/5.0 (Macintosh; Intel Mac OS X 10_15_7) AppleWebKit/537.36 (KHTML, like Gecko) Chrome/143.0.0.0 Safari/537.36"
74.7.242.55 - - [12/Jan/2026:17:19:16 +0100] "GET /wp-content/plugins/elementor/assets/lib/e-gallery/js/e-gallery.min.js,qver=1.2.0.pagespeed.jm.9uqt_BOspZ.js HTTP/1.0" 200 8747 "-" "Mozilla/5.0 AppleWebKit/537.36 (KHTML, like Gecko; compatible; GPTBot/1.3; +https://openai.com/gptbot)"
74.7.242.55 - - [12/Jan/2026:17:19:17 +0100] "GET /wp-content/plugins/elementor/assets/lib/swiper/v8/swiper-bundle.min.js.map HTTP/1.0" 404 103607 "-" "Mozilla/5.0 AppleWebKit/537.36 (KHTML, like Gecko; compatible; GPTBot/1.3; +https://openai.com/gptbot)"
74.7.242.55 - - [12/Jan/2026:17:19:18 +0100] "GET /comments/feed/ HTTP/1.0" 200 4639 "-" "Mozilla/5.0 AppleWebKit/537.36 (KHTML, like Gecko; compatible; GPTBot/1.3; +https://openai.com/gptbot)"
74.7.242.55 - - [12/Jan/2026:17:19:18 +0100] "GET /wp-json/oembed/1.0/embed?url=https%3A%2F%2Fjockers3.inglory.de%2Freferenzen-gewerbliche-projekte%2F HTTP/1.0" 200 6639 "-" "Mozilla/5.0 AppleWebKit/537.36 (KHTML, like Gecko; compatible; GPTBot/1.3; +https://openai.com/gptbot)"
74.7.242.55 - - [12/Jan/2026:17:19:19 +0100] "GET /wp-json/wp/v2/pages/2373 HTTP/1.0" 200 31513 "-" "Mozilla/5.0 AppleWebKit/537.36 (KHTML, like Gecko; compatible; GPTBot/1.3; +https://openai.com/gptbot)"
74.7.242.55 - - [12/Jan/2026:17:19:20 +0100] "GET /wp-json/wp/v2/pages/182 HTTP/1.0" 200 93077 "-" "Mozilla/5.0 AppleWebKit/537.36 (KHTML, like Gecko; compatible; GPTBot/1.3; +https://openai.com/gptbot)"
74.7.242.55 - - [12/Jan/2026:17:19:20 +0100] "GET /wp-json/wp/v2/pages/2356 HTTP/1.0" 200 34897 "-" "Mozilla/5.0 AppleWebKit/537.36 (KHTML, like Gecko; compatible; GPTBot/1.3; +https://openai.com/gptbot)"
74.7.242.55 - - [12/Jan/2026:17:19:21 +0100] "GET /wp-json/wp/v2/pages/158 HTTP/1.0" 200 19400 "-" "Mozilla/5.0 AppleWebKit/537.36 (KHTML, like Gecko; compatible; GPTBot/1.3; +https://openai.com/gptbot)"
74.7.242.55 - - [12/Jan/2026:17:19:22 +0100] "GET /wp-json/wp/v2/pages/170 HTTP/1.0" 200 71331 "-" "Mozilla/5.0 AppleWebKit/537.36 (KHTML, like Gecko; compatible; GPTBot/1.3; +https://openai.com/gptbot)"
74.7.242.55 - - [12/Jan/2026:17:19:23 +0100] "GET /wp-json/wp/v2/pages/159 HTTP/1.0" 200 50518 "-" "Mozilla/5.0 AppleWebKit/537.36 (KHTML, like Gecko; compatible; GPTBot/1.3; +https://openai.com/gptbot)"
74.7.242.55 - - [12/Jan/2026:17:19:24 +0100] "GET /wp-json/wp/v2/pages/160 HTTP/1.0" 200 24527 "-" "Mozilla/5.0 AppleWebKit/537.36 (KHTML, like Gecko; compatible; GPTBot/1.3; +https://openai.com/gptbot)"
74.7.242.55 - - [12/Jan/2026:17:19:24 +0100] "GET /wp-json/wp/v2/pages/168 HTTP/1.0" 200 76488 "-" "Mozilla/5.0 AppleWebKit/537.36 (KHTML, like Gecko; compatible; GPTBot/1.3; +https://openai.com/gptbot)"
74.7.242.55 - - [12/Jan/2026:17:19:25 +0100] "GET /wp-json/oembed/1.0/embed?url=https%3A%2F%2Fjockers3.inglory.de%2Fkontakt%2F HTTP/1.0" 200 6519 "-" "Mozilla/5.0 AppleWebKit/537.36 (KHTML, like Gecko; compatible; GPTBot/1.3; +https://openai.com/gptbot)"
74.7.242.55 - - [12/Jan/2026:17:19:26 +0100] "GET /wp-json/oembed/1.0/embed?url=https%3A%2F%2Fjockers3.inglory.de%2F HTTP/1.0" 200 6492 "-" "Mozilla/5.0 AppleWebKit/537.36 (KHTML, like Gecko; compatible; GPTBot/1.3; +https://openai.com/gptbot)"
74.7.242.55 - - [12/Jan/2026:17:19:26 +0100] "GET /wp-json/wp/v2/users/2 HTTP/1.0" 200 4715 "-" "Mozilla/5.0 AppleWebKit/537.36 (KHTML, like Gecko; compatible; GPTBot/1.3; +https://openai.com/gptbot)"
74.7.242.55 - - [12/Jan/2026:17:19:27 +0100] "GET /wp-json/oembed/1.0/embed?url=https%3A%2F%2Fjockers3.inglory.de%2Fpresse%2F HTTP/1.0" 200 6508 "-" "Mozilla/5.0 AppleWebKit/537.36 (KHTML, like Gecko; compatible; GPTBot/1.3; +https://openai.com/gptbot)"
74.7.242.55 - - [12/Jan/2026:17:19:27 +0100] "GET /wp-json/oembed/1.0/embed?url=https%3A%2F%2Fjockers3.inglory.de%2Freferenzen-innensauna%2F HTTP/1.0" 200 6589 "-" "Mozilla/5.0 AppleWebKit/537.36 (KHTML, like Gecko; compatible; GPTBot/1.3; +https://openai.com/gptbot)"
74.7.242.55 - - [12/Jan/2026:17:19:28 +0100] "GET /wp-json/oembed/1.0/embed?url=https%3A%2F%2Fjockers3.inglory.de%2Fangebote%2F HTTP/1.0" 200 6524 "-" "Mozilla/5.0 AppleWebKit/537.36 (KHTML, like Gecko; compatible; GPTBot/1.3; +https://openai.com/gptbot)"
74.7.242.55 - - [12/Jan/2026:17:19:29 +0100] "GET /wp-json/oembed/1.0/embed?url=https%3A%2F%2Fjockers3.inglory.de%2Fdampfbad%2F HTTP/1.0" 200 6524 "-" "Mozilla/5.0 AppleWebKit/537.36 (KHTML, like Gecko; compatible; GPTBot/1.3; +https://openai.com/gptbot)"
74.7.242.55 - - [12/Jan/2026:17:19:29 +0100] "GET /wp-json/oembed/1.0/embed?url=https%3A%2F%2Fjockers3.inglory.de%2Finfrarotkabine%2F HTTP/1.0" 200 6554 "-" "Mozilla/5.0 AppleWebKit/537.36 (KHTML, like Gecko; compatible; GPTBot/1.3; +https://openai.com/gptbot)"
74.7.242.55 - - [12/Jan/2026:17:19:30 +0100] "GET /wp-json/oembed/1.0/embed?url=https%3A%2F%2Fjockers3.inglory.de%2Fausensauna%2F HTTP/1.0" 200 6549 "-" "Mozilla/5.0 AppleWebKit/537.36 (KHTML, like Gecko; compatible; GPTBot/1.3; +https://openai.com/gptbot)"
74.7.242.55 - - [12/Jan/2026:17:19:30 +0100] "GET /wp-json/oembed/1.0/embed?url=https%3A%2F%2Fjockers3.inglory.de%2Finnensauna%2F HTTP/1.0" 200 6534 "-" "Mozilla/5.0 AppleWebKit/537.36 (KHTML, like Gecko; compatible; GPTBot/1.3; +https://openai.com/gptbot)"
74.7.242.55 - - [12/Jan/2026:17:19:31 +0100] "GET /wp-json/oembed/1.0/embed?url=https%3A%2F%2Fjockers3.inglory.de%2Fausstellung%2F HTTP/1.0" 200 6539 "-" "Mozilla/5.0 AppleWebKit/537.36 (KHTML, like Gecko; compatible; GPTBot/1.3; +https://openai.com/gptbot)"
74.7.242.55 - - [12/Jan/2026:17:19:32 +0100] "GET /wp-json/oembed/1.0/embed?url=https%3A%2F%2Fjockers3.inglory.de%2Fproduktion%2F HTTP/1.0" 200 6534 "-" "Mozilla/5.0 AppleWebKit/537.36 (KHTML, like Gecko; compatible; GPTBot/1.3; +https://openai.com/gptbot)"
74.7.242.55 - - [12/Jan/2026:17:19:32 +0100] "GET /wp-json/oembed/1.0/embed?url=https%3A%2F%2Fjockers3.inglory.de%2Fimpressum%2F HTTP/1.0" 200 6529 "-" "Mozilla/5.0 AppleWebKit/537.36 (KHTML, like Gecko; compatible; GPTBot/1.3; +https://openai.com/gptbot)"
74.7.242.55 - - [12/Jan/2026:17:19:33 +0100] "GET /wp-json/wp/v2/pages/51 HTTP/1.0" 200 44387 "-" "Mozilla/5.0 AppleWebKit/537.36 (KHTML, like Gecko; compatible; GPTBot/1.3; +https://openai.com/gptbot)"
74.7.242.55 - - [12/Jan/2026:17:19:34 +0100] "GET /wp-json/wp/v2/pages/18 HTTP/1.0" 200 112728 "-" "Mozilla/5.0 AppleWebKit/537.36 (KHTML, like Gecko; compatible; GPTBot/1.3; +https://openai.com/gptbot)"
74.7.242.55 - - [12/Jan/2026:17:19:35 +0100] "GET /wp-json/wp/v2/pages/50 HTTP/1.0" 200 112988 "-" "Mozilla/5.0 AppleWebKit/537.36 (KHTML, like Gecko; compatible; GPTBot/1.3; +https://openai.com/gptbot)"
74.7.242.55 - - [12/Jan/2026:17:19:35 +0100] "GET /wp-json/wp/v2/pages/41 HTTP/1.0" 200 11940 "-" "Mozilla/5.0 AppleWebKit/537.36 (KHTML, like Gecko; compatible; GPTBot/1.3; +https://openai.com/gptbot)"
74.7.242.55 - - [12/Jan/2026:17:19:36 +0100] "GET /wp-json/wp/v2/pages/52 HTTP/1.0" 200 28890 "-" "Mozilla/5.0 AppleWebKit/537.36 (KHTML, like Gecko; compatible; GPTBot/1.3; +https://openai.com/gptbot)"
74.7.242.55 - - [12/Jan/2026:17:19:37 +0100] "GET /wp-json/wp/v2/pages/53 HTTP/1.0" 200 28424 "-" "Mozilla/5.0 AppleWebKit/537.36 (KHTML, like Gecko; compatible; GPTBot/1.3; +https://openai.com/gptbot)"
74.7.242.55 - - [12/Jan/2026:17:19:38 +0100] "GET /wp-json/wp/v2/pages/42 HTTP/1.0" 200 27303 "-" "Mozilla/5.0 AppleWebKit/537.36 (KHTML, like Gecko; compatible; GPTBot/1.3; +https://openai.com/gptbot)"
74.7.242.55 - - [12/Jan/2026:17:19:38 +0100] "GET /wp-json/oembed/1.0/embed?url=https%3A%2F%2Fjockers3.inglory.de%2Fjockers%2F HTTP/1.0" 200 6519 "-" "Mozilla/5.0 AppleWebKit/537.36 (KHTML, like Gecko; compatible; GPTBot/1.3; +https://openai.com/gptbot)"
74.7.242.55 - - [12/Jan/2026:17:19:39 +0100] "GET /wp-includes/js/jquery/jquery.min.js?ver=3.7.1 HTTP/1.0" 200 34599 "-" "Mozilla/5.0 AppleWebKit/537.36 (KHTML, like Gecko; compatible; GPTBot/1.3; +https://openai.com/gptbot)"
74.7.242.55 - - [12/Jan/2026:17:19:39 +0100] "GET /wp-content/plugins/elementor/assets/lib/swiper/v8/swiper.min.js?ver=8.4.5 HTTP/1.0" 200 43918 "-" "Mozilla/5.0 AppleWebKit/537.36 (KHTML, like Gecko; compatible; GPTBot/1.3; +https://openai.com/gptbot)"
74.7.242.55 - - [12/Jan/2026:17:19:40 +0100] "GET /wp-includes/js/jquery/jquery-migrate.min.js?ver=3.4.1 HTTP/1.0" 200 9102 "-" "Mozilla/5.0 AppleWebKit/537.36 (KHTML, like Gecko; compatible; GPTBot/1.3; +https://openai.com/gptbot)"
74.7.242.55 - - [12/Jan/2026:17:19:41 +0100] "GET /wp-includes/js/dist/hooks.min.js?ver=dd5603f07f9220ed27f1 HTTP/1.0" 200 6173 "-" "Mozilla/5.0 AppleWebKit/537.36 (KHTML, like Gecko; compatible; GPTBot/1.3; +https://openai.com/gptbot)"
74.7.242.55 - - [12/Jan/2026:17:19:41 +0100] "GET /wp-json/oembed/1.0/embed?format=xml&url=https%3A%2F%2Fjockers3.inglory.de%2Fpresse%2F HTTP/1.0" 200 5460 "-" "Mozilla/5.0 AppleWebKit/537.36 (KHTML, like Gecko; compatible; GPTBot/1.3; +https://openai.com/gptbot)"
