91.10.111.70 - - [12/Jan/2026:16:59:59 +0100] "GET /wp-content/plugins/elementor/assets/js/gutenberg.min.js?ver=3.34.1 HTTP/1.0" 200 5500 "https://jockers3.inglory.de/wp-admin/post.php?post=50&action=edit" "Mozilla/5.0 (Macintosh; Intel Mac OS X 10_15_7) AppleWebKit/537.36 (KHTML, like Gecko) Chrome/143.0.0.0 Safari/537.36"
91.10.111.70 - - [12/Jan/2026:16:59:59 +0100] "GET /wp-includes/js/dist/block-directory.min.js?ver=55bdef7bd3137eee623d HTTP/1.0" 200 11170 "https://jockers3.inglory.de/wp-admin/post.php?post=50&action=edit" "Mozilla/5.0 (Macintosh; Intel Mac OS X 10_15_7) AppleWebKit/537.36 (KHTML, like Gecko) Chrome/143.0.0.0 Safari/537.36"
91.10.111.70 - - [12/Jan/2026:16:59:59 +0100] "GET /wp-includes/js/dist/format-library.min.js?ver=f2a1e4312beef67b86e7 HTTP/1.0" 200 13670 "https://jockers3.inglory.de/wp-admin/post.php?post=50&action=edit" "Mozilla/5.0 (Macintosh; Intel Mac OS X 10_15_7) AppleWebKit/537.36 (KHTML, like Gecko) Chrome/143.0.0.0 Safari/537.36"
91.10.111.70 - - [12/Jan/2026:16:59:59 +0100] "GET /wp-includes/js/dist/edit-post.min.js?ver=f011f5ec0075a555ea9c HTTP/1.0" 200 17977 "https://jockers3.inglory.de/wp-admin/post.php?post=50&action=edit" "Mozilla/5.0 (Macintosh; Intel Mac OS X 10_15_7) AppleWebKit/537.36 (KHTML, like Gecko) Chrome/143.0.0.0 Safari/537.36"
91.10.111.70 - - [12/Jan/2026:16:59:59 +0100] "GET /wp-includes/js/dist/editor.min.js?ver=2239c699a89c6b9bc64f HTTP/1.0" 200 126564 "https://jockers3.inglory.de/wp-admin/post.php?post=50&action=edit" "Mozilla/5.0 (Macintosh; Intel Mac OS X 10_15_7) AppleWebKit/537.36 (KHTML, like Gecko) Chrome/143.0.0.0 Safari/537.36"
91.10.111.70 - - [12/Jan/2026:16:59:59 +0100] "GET /wp-content/plugins/elementor/assets/js/ai-gutenberg.min.js?ver=3.34.1 HTTP/1.0" 200 180237 "https://jockers3.inglory.de/wp-admin/post.php?post=50&action=edit" "Mozilla/5.0 (Macintosh; Intel Mac OS X 10_15_7) AppleWebKit/537.36 (KHTML, like Gecko) Chrome/143.0.0.0 Safari/537.36"
91.10.111.70 - - [12/Jan/2026:16:59:59 +0100] "GET /wp-includes/js/dist/block-library.min.js?ver=226f2f0a9402f47ba8bc HTTP/1.0" 200 254733 "https://jockers3.inglory.de/wp-admin/post.php?post=50&action=edit" "Mozilla/5.0 (Macintosh; Intel Mac OS X 10_15_7) AppleWebKit/537.36 (KHTML, like Gecko) Chrome/143.0.0.0 Safari/537.36"
91.10.111.70 - - [12/Jan/2026:16:59:59 +0100] "GET /wp-includes/js/tinymce/themes/modern/theme.min.js?wp-mce-49110-20250317 HTTP/1.0" 200 45871 "https://jockers3.inglory.de/wp-admin/post.php?post=50&action=edit" "Mozilla/5.0 (Macintosh; Intel Mac OS X 10_15_7) AppleWebKit/537.36 (KHTML, like Gecko) Chrome/143.0.0.0 Safari/537.36"
91.10.111.70 - - [12/Jan/2026:16:59:59 +0100] "GET /wp-content/uploads/cropped-items.png HTTP/1.0" 200 6726 "https://jockers3.inglory.de/wp-admin/post.php?post=50&action=edit" "Mozilla/5.0 (Macintosh; Intel Mac OS X 10_15_7) AppleWebKit/537.36 (KHTML, like Gecko) Chrome/143.0.0.0 Safari/537.36"
91.10.111.70 - - [12/Jan/2026:16:59:59 +0100] "GET /wp-json/wp/v2/ HTTP/1.0" 200 236095 "https://jockers3.inglory.de/wp-admin/post.php?post=50&action=edit" "Mozilla/5.0 (Macintosh; Intel Mac OS X 10_15_7) AppleWebKit/537.36 (KHTML, like Gecko) Chrome/143.0.0.0 Safari/537.36"
91.10.111.70 - - [12/Jan/2026:16:59:59 +0100] "GET /wp-includes/js/tinymce/plugins/lists/plugin.min.js?wp-mce-49110-20250317 HTTP/1.0" 200 13227 "https://jockers3.inglory.de/wp-admin/post.php?post=50&action=edit" "Mozilla/5.0 (Macintosh; Intel Mac OS X 10_15_7) AppleWebKit/537.36 (KHTML, like Gecko) Chrome/143.0.0.0 Safari/537.36"
91.10.111.70 - - [12/Jan/2026:16:59:59 +0100] "GET /wp-content/plugins/erecht24/Inc/admin/js/wl-erecht24-tinymce.js?wp-mce-49110-20250317 HTTP/1.0" 200 4600 "https://jockers3.inglory.de/wp-admin/post.php?post=50&action=edit" "Mozilla/5.0 (Macintosh; Intel Mac OS X 10_15_7) AppleWebKit/537.36 (KHTML, like Gecko) Chrome/143.0.0.0 Safari/537.36"
91.10.111.70 - - [12/Jan/2026:16:59:59 +0100] "GET /wp-includes/js/tinymce/plugins/colorpicker/plugin.min.js?wp-mce-49110-20250317 HTTP/1.0" 200 4722 "https://jockers3.inglory.de/wp-admin/post.php?post=50&action=edit" "Mozilla/5.0 (Macintosh; Intel Mac OS X 10_15_7) AppleWebKit/537.36 (KHTML, like Gecko) Chrome/143.0.0.0 Safari/537.36"
91.10.111.70 - - [12/Jan/2026:16:59:59 +0100] "GET /wp-includes/js/tinymce/plugins/charmap/plugin.min.js?wp-mce-49110-20250317 HTTP/1.0" 200 7356 "https://jockers3.inglory.de/wp-admin/post.php?post=50&action=edit" "Mozilla/5.0 (Macintosh; Intel Mac OS X 10_15_7) AppleWebKit/537.36 (KHTML, like Gecko) Chrome/143.0.0.0 Safari/537.36"
91.10.111.70 - - [12/Jan/2026:16:59:59 +0100] "GET /wp-includes/js/tinymce/plugins/hr/plugin.min.js?wp-mce-49110-20250317 HTTP/1.0" 200 4312 "https://jockers3.inglory.de/wp-admin/post.php?post=50&action=edit" "Mozilla/5.0 (Macintosh; Intel Mac OS X 10_15_7) AppleWebKit/537.36 (KHTML, like Gecko) Chrome/143.0.0.0 Safari/537.36"
91.10.111.70 - - [12/Jan/2026:16:59:59 +0100] "GET /wp-includes/js/tinymce/plugins/media/plugin.min.js?wp-mce-49110-20250317 HTTP/1.0" 200 10026 "https://jockers3.inglory.de/wp-admin/post.php?post=50&action=edit" "Mozilla/5.0 (Macintosh; Intel Mac OS X 10_15_7) AppleWebKit/537.36 (KHTML, like Gecko) Chrome/143.0.0.0 Safari/537.36"
91.10.111.70 - - [12/Jan/2026:16:59:59 +0100] "GET /wp-includes/js/tinymce/plugins/paste/plugin.min.js?wp-mce-49110-20250317 HTTP/1.0" 200 15483 "https://jockers3.inglory.de/wp-admin/post.php?post=50&action=edit" "Mozilla/5.0 (Macintosh; Intel Mac OS X 10_15_7) AppleWebKit/537.36 (KHTML, like Gecko) Chrome/143.0.0.0 Safari/537.36"
91.10.111.70 - - [12/Jan/2026:16:59:59 +0100] "GET /wp-includes/js/tinymce/plugins/wptextpattern/plugin.min.js?wp-mce-49110-20250317 HTTP/1.0" 200 5452 "https://jockers3.inglory.de/wp-admin/post.php?post=50&action=edit" "Mozilla/5.0 (Macintosh; Intel Mac OS X 10_15_7) AppleWebKit/537.36 (KHTML, like Gecko) Chrome/143.0.0.0 Safari/537.36"
91.10.111.70 - - [12/Jan/2026:16:59:59 +0100] "GET /wp-includes/js/tinymce/plugins/tabfocus/plugin.min.js?wp-mce-49110-20250317 HTTP/1.0" 200 4860 "https://jockers3.inglory.de/wp-admin/post.php?post=50&action=edit" "Mozilla/5.0 (Macintosh; Intel Mac OS X 10_15_7) AppleWebKit/537.36 (KHTML, like Gecko) Chrome/143.0.0.0 Safari/537.36"
91.10.111.70 - - [12/Jan/2026:16:59:59 +0100] "GET /wp-includes/js/tinymce/plugins/textcolor/plugin.min.js?wp-mce-49110-20250317 HTTP/1.0" 200 6054 "https://jockers3.inglory.de/wp-admin/post.php?post=50&action=edit" "Mozilla/5.0 (Macintosh; Intel Mac OS X 10_15_7) AppleWebKit/537.36 (KHTML, like Gecko) Chrome/143.0.0.0 Safari/537.36"
91.10.111.70 - - [12/Jan/2026:16:59:59 +0100] "GET /wp-includes/js/tinymce/plugins/fullscreen/plugin.min.js?wp-mce-49110-20250317 HTTP/1.0" 200 4956 "https://jockers3.inglory.de/wp-admin/post.php?post=50&action=edit" "Mozilla/5.0 (Macintosh; Intel Mac OS X 10_15_7) AppleWebKit/537.36 (KHTML, like Gecko) Chrome/143.0.0.0 Safari/537.36"
91.10.111.70 - - [12/Jan/2026:16:59:59 +0100] "GET /wp-includes/js/tinymce/plugins/wpautoresize/plugin.min.js?wp-mce-49110-20250317 HTTP/1.0" 200 4962 "https://jockers3.inglory.de/wp-admin/post.php?post=50&action=edit" "Mozilla/5.0 (Macintosh; Intel Mac OS X 10_15_7) AppleWebKit/537.36 (KHTML, like Gecko) Chrome/143.0.0.0 Safari/537.36"
91.10.111.70 - - [12/Jan/2026:16:59:59 +0100] "GET /wp-includes/js/tinymce/plugins/wordpress/plugin.min.js?wp-mce-49110-20250317 HTTP/1.0" 200 10246 "https://jockers3.inglory.de/wp-admin/post.php?post=50&action=edit" "Mozilla/5.0 (Macintosh; Intel Mac OS X 10_15_7) AppleWebKit/537.36 (KHTML, like Gecko) Chrome/143.0.0.0 Safari/537.36"
91.10.111.70 - - [12/Jan/2026:16:59:59 +0100] "GET /wp-includes/js/tinymce/plugins/wpeditimage/plugin.min.js?wp-mce-49110-20250317 HTTP/1.0" 200 8504 "https://jockers3.inglory.de/wp-admin/post.php?post=50&action=edit" "Mozilla/5.0 (Macintosh; Intel Mac OS X 10_15_7) AppleWebKit/537.36 (KHTML, like Gecko) Chrome/143.0.0.0 Safari/537.36"
91.10.111.70 - - [12/Jan/2026:16:59:59 +0100] "GET /wp-includes/js/tinymce/plugins/wpemoji/plugin.min.js?wp-mce-49110-20250317 HTTP/1.0" 200 4797 "https://jockers3.inglory.de/wp-admin/post.php?post=50&action=edit" "Mozilla/5.0 (Macintosh; Intel Mac OS X 10_15_7) AppleWebKit/537.36 (KHTML, like Gecko) Chrome/143.0.0.0 Safari/537.36"
91.10.111.70 - - [12/Jan/2026:16:59:59 +0100] "GET /wp-includes/js/tinymce/plugins/wpgallery/plugin.min.js?wp-mce-49110-20250317 HTTP/1.0" 200 4801 "https://jockers3.inglory.de/wp-admin/post.php?post=50&action=edit" "Mozilla/5.0 (Macintosh; Intel Mac OS X 10_15_7) AppleWebKit/537.36 (KHTML, like Gecko) Chrome/143.0.0.0 Safari/537.36"
91.10.111.70 - - [12/Jan/2026:16:59:59 +0100] "GET /wp-includes/js/tinymce/plugins/wplink/plugin.min.js?wp-mce-49110-20250317 HTTP/1.0" 200 7506 "https://jockers3.inglory.de/wp-admin/post.php?post=50&action=edit" "Mozilla/5.0 (Macintosh; Intel Mac OS X 10_15_7) AppleWebKit/537.36 (KHTML, like Gecko) Chrome/143.0.0.0 Safari/537.36"
91.10.111.70 - - [12/Jan/2026:16:59:59 +0100] "GET /wp-includes/js/tinymce/plugins/wpdialogs/plugin.min.js?wp-mce-49110-20250317 HTTP/1.0" 200 4701 "https://jockers3.inglory.de/wp-admin/post.php?post=50&action=edit" "Mozilla/5.0 (Macintosh; Intel Mac OS X 10_15_7) AppleWebKit/537.36 (KHTML, like Gecko) Chrome/143.0.0.0 Safari/537.36"
91.10.111.70 - - [12/Jan/2026:16:59:59 +0100] "GET /wp-includes/js/tinymce/plugins/wpview/plugin.min.js?wp-mce-49110-20250317 HTTP/1.0" 200 5297 "https://jockers3.inglory.de/wp-admin/post.php?post=50&action=edit" "Mozilla/5.0 (Macintosh; Intel Mac OS X 10_15_7) AppleWebKit/537.36 (KHTML, like Gecko) Chrome/143.0.0.0 Safari/537.36"
91.10.111.70 - - [12/Jan/2026:16:59:59 +0100] "GET /wp-includes/js/tinymce/skins/lightgray/skin.min.css?wp-mce-49110-20250317 HTTP/1.0" 200 12527 "https://jockers3.inglory.de/wp-admin/post.php?post=50&action=edit" "Mozilla/5.0 (Macintosh; Intel Mac OS X 10_15_7) AppleWebKit/537.36 (KHTML, like Gecko) Chrome/143.0.0.0 Safari/537.36"
91.10.111.70 - - [12/Jan/2026:16:59:59 +0100] "GET /wp-includes/js/tinymce/skins/lightgray/content.inline.min.css?wp-mce-49110-20250317 HTTP/1.0" 200 5265 "https://jockers3.inglory.de/wp-admin/post.php?post=50&action=edit" "Mozilla/5.0 (Macintosh; Intel Mac OS X 10_15_7) AppleWebKit/537.36 (KHTML, like Gecko) Chrome/143.0.0.0 Safari/537.36"
91.10.111.70 - - [12/Jan/2026:16:59:59 +0100] "OPTIONS /wp-json/wp/v2/settings?_locale=user HTTP/1.0" 200 11017 "https://jockers3.inglory.de/wp-admin/post.php?post=50&action=edit" "Mozilla/5.0 (Macintosh; Intel Mac OS X 10_15_7) AppleWebKit/537.36 (KHTML, like Gecko) Chrome/143.0.0.0 Safari/537.36"
91.10.111.70 - - [12/Jan/2026:16:59:59 +0100] "GET /wp-json/wp/v2/taxonomies?context=edit&per_page=100&_locale=user HTTP/1.0" 200 12748 "https://jockers3.inglory.de/wp-admin/post.php?post=50&action=edit" "Mozilla/5.0 (Macintosh; Intel Mac OS X 10_15_7) AppleWebKit/537.36 (KHTML, like Gecko) Chrome/143.0.0.0 Safari/537.36"
91.10.111.70 - - [12/Jan/2026:16:59:59 +0100] "GET /wp-json/wp/v2/comments?context=edit&post=50&type=note&status=all&per_page=100&_locale=user HTTP/1.0" 200 4445 "https://jockers3.inglory.de/wp-admin/post.php?post=50&action=edit" "Mozilla/5.0 (Macintosh; Intel Mac OS X 10_15_7) AppleWebKit/537.36 (KHTML, like Gecko) Chrome/143.0.0.0 Safari/537.36"
91.10.111.70 - - [12/Jan/2026:16:59:59 +0100] "GET /wp-json/wp/v2/users/2?context=view&_fields=id%2Cname&_locale=user HTTP/1.0" 200 4464 "https://jockers3.inglory.de/wp-admin/post.php?post=50&action=edit" "Mozilla/5.0 (Macintosh; Intel Mac OS X 10_15_7) AppleWebKit/537.36 (KHTML, like Gecko) Chrome/143.0.0.0 Safari/537.36"
91.10.111.70 - - [12/Jan/2026:16:59:59 +0100] "GET /wp-json/wp/v2/wp_pattern_category?context=view&per_page=100&_fields=id%2Cname%2Cdescription%2Cslug&_locale=user HTTP/1.0" 200 4451 "https://jockers3.inglory.de/wp-admin/post.php?post=50&action=edit" "Mozilla/5.0 (Macintosh; Intel Mac OS X 10_15_7) AppleWebKit/537.36 (KHTML, like Gecko) Chrome/143.0.0.0 Safari/537.36"
91.10.111.70 - - [12/Jan/2026:17:00:00 +0100] "GET /wp-json/wp/v2/templates/lookup?slug=front-page&_locale=user HTTP/1.0" 200 4410 "https://jockers3.inglory.de/wp-admin/post.php?post=50&action=edit" "Mozilla/5.0 (Macintosh; Intel Mac OS X 10_15_7) AppleWebKit/537.36 (KHTML, like Gecko) Chrome/143.0.0.0 Safari/537.36"
91.10.111.70 - - [12/Jan/2026:17:00:00 +0100] "POST /wp-admin/admin-ajax.php HTTP/1.0" 200 4409 "https://jockers3.inglory.de/wp-admin/post.php?post=50&action=edit" "Mozilla/5.0 (Macintosh; Intel Mac OS X 10_15_7) AppleWebKit/537.36 (KHTML, like Gecko) Chrome/143.0.0.0 Safari/537.36"
91.10.111.70 - - [12/Jan/2026:17:00:00 +0100] "GET /wp-admin/edit.php?post_type=page HTTP/1.0" 200 29624 "https://jockers3.inglory.de/wp-admin/post.php?post=50&action=edit" "Mozilla/5.0 (Macintosh; Intel Mac OS X 10_15_7) AppleWebKit/537.36 (KHTML, like Gecko) Chrome/143.0.0.0 Safari/537.36"
91.10.111.70 - - [12/Jan/2026:17:00:01 +0100] "GET /wp-admin/js/tags-suggest.min.js?ver=6.9 HTTP/1.0" 200 5152 "https://jockers3.inglory.de/wp-admin/edit.php?post_type=page" "Mozilla/5.0 (Macintosh; Intel Mac OS X 10_15_7) AppleWebKit/537.36 (KHTML, like Gecko) Chrome/143.0.0.0 Safari/537.36"
91.10.111.70 - - [12/Jan/2026:17:00:01 +0100] "GET /wp-admin/js/inline-edit-post.min.js?ver=6.9 HTTP/1.0" 200 7420 "https://jockers3.inglory.de/wp-admin/edit.php?post_type=page" "Mozilla/5.0 (Macintosh; Intel Mac OS X 10_15_7) AppleWebKit/537.36 (KHTML, like Gecko) Chrome/143.0.0.0 Safari/537.36"
91.10.111.70 - - [12/Jan/2026:17:00:01 +0100] "GET /wp-admin/load-styles.php?c=0&dir=ltr&load%5Bchunk_0%5D=dashicons,admin-bar,common,forms,admin-menu,dashboard,list-tables,edit,revisions,media,themes,about,nav-menus,wp-pointer,widgets&load%5Bchunk_1%5D=,site-icon,l10n,buttons,wp-auth-check,wp-components,wp-commands&ver=6.9 HTTP/1.0" 200 123235 "https://jockers3.inglory.de/wp-admin/edit.php?post_type=page" "Mozilla/5.0 (Macintosh; Intel Mac OS X 10_15_7) AppleWebKit/537.36 (KHTML, like Gecko) Chrome/143.0.0.0 Safari/537.36"
91.10.111.70 - - [12/Jan/2026:17:00:01 +0100] "POST /wp-admin/admin-ajax.php HTTP/1.0" 200 4375 "https://jockers3.inglory.de/wp-admin/edit.php?post_type=page" "Mozilla/5.0 (Macintosh; Intel Mac OS X 10_15_7) AppleWebKit/537.36 (KHTML, like Gecko) Chrome/143.0.0.0 Safari/537.36"
91.10.111.70 - - [12/Jan/2026:17:00:02 +0100] "GET / HTTP/1.0" 200 43972 "https://jockers3.inglory.de/wp-admin/edit.php?post_type=page" "Mozilla/5.0 (Macintosh; Intel Mac OS X 10_15_7) AppleWebKit/537.36 (KHTML, like Gecko) Chrome/143.0.0.0 Safari/537.36"
91.10.111.70 - - [12/Jan/2026:17:00:03 +0100] "GET /wp-content/uploads/elementor/css/A.post-18.css,qver=1768233483.pagespeed.cf.5X2QOC0oI4.css HTTP/1.0" 200 11856 "https://jockers3.inglory.de/" "Mozilla/5.0 (Macintosh; Intel Mac OS X 10_15_7) AppleWebKit/537.36 (KHTML, like Gecko) Chrome/143.0.0.0 Safari/537.36"
91.10.111.70 - - [12/Jan/2026:17:00:03 +0100] "GET /wp-content/uploads/elementor/css/A.post-110.css,qver=1768233589.pagespeed.cf.LOvZMydB8W.css HTTP/1.0" 200 6415 "https://jockers3.inglory.de/" "Mozilla/5.0 (Macintosh; Intel Mac OS X 10_15_7) AppleWebKit/537.36 (KHTML, like Gecko) Chrome/143.0.0.0 Safari/537.36"
91.10.111.70 - - [12/Jan/2026:17:00:03 +0100] "GET /wp-content/uploads/ximg-1-1.jpg.pagespeed.ic.d33betDMen.webp HTTP/1.0" 200 42238 "https://jockers3.inglory.de/wp-content/uploads/elementor/css/A.post-18.css,qver=1768233483.pagespeed.cf.5X2QOC0oI4.css" "Mozilla/5.0 (Macintosh; Intel Mac OS X 10_15_7) AppleWebKit/537.36 (KHTML, like Gecko) Chrome/143.0.0.0 Safari/537.36"
91.10.111.70 - - [12/Jan/2026:17:00:03 +0100] "GET /wp-content/uploads/ximg-2-1-1.jpg.pagespeed.ic.8GmKjFRaL2.webp HTTP/1.0" 200 51402 "https://jockers3.inglory.de/wp-content/uploads/elementor/css/A.post-18.css,qver=1768233483.pagespeed.cf.5X2QOC0oI4.css" "Mozilla/5.0 (Macintosh; Intel Mac OS X 10_15_7) AppleWebKit/537.36 (KHTML, like Gecko) Chrome/143.0.0.0 Safari/537.36"
91.10.111.70 - - [12/Jan/2026:17:00:03 +0100] "GET /wp-content/uploads/ximg-3-1-1.jpg.pagespeed.ic.tublX1mchy.webp HTTP/1.0" 200 36238 "https://jockers3.inglory.de/wp-content/uploads/elementor/css/A.post-18.css,qver=1768233483.pagespeed.cf.5X2QOC0oI4.css" "Mozilla/5.0 (Macintosh; Intel Mac OS X 10_15_7) AppleWebKit/537.36 (KHTML, like Gecko) Chrome/143.0.0.0 Safari/537.36"
91.10.111.70 - - [12/Jan/2026:17:00:03 +0100] "GET /wp-content/uploads/ximg-4-1-1.jpg.pagespeed.ic.PT9XCwt7am.webp HTTP/1.0" 200 16132 "https://jockers3.inglory.de/wp-content/uploads/elementor/css/A.post-18.css,qver=1768233483.pagespeed.cf.5X2QOC0oI4.css" "Mozilla/5.0 (Macintosh; Intel Mac OS X 10_15_7) AppleWebKit/537.36 (KHTML, like Gecko) Chrome/143.0.0.0 Safari/537.36"
91.10.111.70 - - [12/Jan/2026:17:00:03 +0100] "GET /wp-content/uploads/ximg-1-8.jpg.pagespeed.ic.82NVwgyatv.webp HTTP/1.0" 200 32714 "https://jockers3.inglory.de/wp-content/uploads/elementor/css/A.post-18.css,qver=1768233483.pagespeed.cf.5X2QOC0oI4.css" "Mozilla/5.0 (Macintosh; Intel Mac OS X 10_15_7) AppleWebKit/537.36 (KHTML, like Gecko) Chrome/143.0.0.0 Safari/537.36"
91.10.111.70 - - [12/Jan/2026:17:00:03 +0100] "GET /wp-content/uploads/ximg-4-1.jpg.pagespeed.ic.6qL8k4RX3o.webp HTTP/1.0" 200 23696 "https://jockers3.inglory.de/" "Mozilla/5.0 (Macintosh; Intel Mac OS X 10_15_7) AppleWebKit/537.36 (KHTML, like Gecko) Chrome/143.0.0.0 Safari/537.36"
91.10.111.70 - - [12/Jan/2026:17:00:04 +0100] "POST /wp-admin/admin-ajax.php HTTP/1.0" 200 4405 "https://jockers3.inglory.de/wp-admin/post.php?post=110&action=elementor" "Mozilla/5.0 (Macintosh; Intel Mac OS X 10_15_7) AppleWebKit/537.36 (KHTML, like Gecko) Chrome/143.0.0.0 Safari/537.36"
91.10.111.70 - - [12/Jan/2026:17:00:05 +0100] "GET / HTTP/1.0" 200 43972 "https://jockers3.inglory.de/wp-admin/edit.php?post_type=page" "Mozilla/5.0 (Macintosh; Intel Mac OS X 10_15_7) AppleWebKit/537.36 (KHTML, like Gecko) Chrome/143.0.0.0 Safari/537.36"
91.10.111.70 - - [12/Jan/2026:17:00:08 +0100] "GET /wp-json/elementor/v1/checklist/user-progress HTTP/1.0" 200 5011 "https://jockers3.inglory.de/wp-admin/post.php?post=18&action=elementor" "Mozilla/5.0 (Macintosh; Intel Mac OS X 10_15_7) AppleWebKit/537.36 (KHTML, like Gecko) Chrome/143.0.0.0 Safari/537.36"
91.10.111.70 - - [12/Jan/2026:17:00:08 +0100] "POST /wp-admin/admin-ajax.php HTTP/1.0" 200 4405 "https://jockers3.inglory.de/wp-admin/post.php?post=18&action=elementor" "Mozilla/5.0 (Macintosh; Intel Mac OS X 10_15_7) AppleWebKit/537.36 (KHTML, like Gecko) Chrome/143.0.0.0 Safari/537.36"
91.10.111.70 - - [12/Jan/2026:17:00:08 +0100] "POST /wp-admin/admin-ajax.php HTTP/1.0" 200 4354 "https://jockers3.inglory.de/wp-admin/post.php?post=18&action=elementor" "Mozilla/5.0 (Macintosh; Intel Mac OS X 10_15_7) AppleWebKit/537.36 (KHTML, like Gecko) Chrome/143.0.0.0 Safari/537.36"
91.10.111.70 - - [12/Jan/2026:17:00:20 +0100] "GET /wp-json/elementor/v1/checklist/user-progress HTTP/1.0" 200 5011 "https://jockers3.inglory.de/wp-admin/post.php?post=110&action=elementor" "Mozilla/5.0 (Macintosh; Intel Mac OS X 10_15_7) AppleWebKit/537.36 (KHTML, like Gecko) Chrome/143.0.0.0 Safari/537.36"
94.130.90.54 - - [12/Jan/2026:17:00:21 +0100] "POST /wp-cron.php?doing_wp_cron=1768233621.3649749755859375000000 HTTP/1.0" 200 4074 "-" "zkR4NzhQiaeK"
91.10.111.70 - - [12/Jan/2026:17:00:20 +0100] "POST /wp-admin/admin-ajax.php HTTP/1.0" 200 4405 "https://jockers3.inglory.de/wp-admin/post.php?post=110&action=elementor" "Mozilla/5.0 (Macintosh; Intel Mac OS X 10_15_7) AppleWebKit/537.36 (KHTML, like Gecko) Chrome/143.0.0.0 Safari/537.36"
91.10.111.70 - - [12/Jan/2026:17:00:24 +0100] "POST /wp-admin/admin-ajax.php HTTP/1.0" 200 4405 "https://jockers3.inglory.de/wp-admin/post.php?post=18&action=elementor" "Mozilla/5.0 (Macintosh; Intel Mac OS X 10_15_7) AppleWebKit/537.36 (KHTML, like Gecko) Chrome/143.0.0.0 Safari/537.36"
91.10.111.70 - - [12/Jan/2026:17:00:34 +0100] "POST /wp-admin/admin-ajax.php HTTP/1.0" 200 4354 "https://jockers3.inglory.de/wp-admin/post.php?post=110&action=elementor" "Mozilla/5.0 (Macintosh; Intel Mac OS X 10_15_7) AppleWebKit/537.36 (KHTML, like Gecko) Chrome/143.0.0.0 Safari/537.36"
91.10.111.70 - - [12/Jan/2026:17:00:36 +0100] "POST /wp-admin/admin-ajax.php HTTP/1.0" 200 4405 "https://jockers3.inglory.de/wp-admin/post.php?post=110&action=elementor" "Mozilla/5.0 (Macintosh; Intel Mac OS X 10_15_7) AppleWebKit/537.36 (KHTML, like Gecko) Chrome/143.0.0.0 Safari/537.36"
94.130.90.54 - - [12/Jan/2026:17:00:38 +0100] "GET /wp-includes/css/dashicons.min.css?ver=6.9 HTTP/1.1" 304 3411 "https://jockers3.inglory.de/" "Serf/1.3.9 (mod_pagespeed/1.13.35.2-0)"
91.10.111.70 - - [12/Jan/2026:17:00:37 +0100] "GET / HTTP/1.0" 200 43972 "https://jockers3.inglory.de/wp-admin/edit.php?post_type=page" "Mozilla/5.0 (Macintosh; Intel Mac OS X 10_15_7) AppleWebKit/537.36 (KHTML, like Gecko) Chrome/143.0.0.0 Safari/537.36"
94.130.90.54 - - [12/Jan/2026:17:00:38 +0100] "GET /wp-includes/js/underscore.min.js?ver=1.13.7 HTTP/1.1" 304 3411 "https://jockers3.inglory.de/" "Serf/1.3.9 (mod_pagespeed/1.13.35.2-0)"
91.10.111.70 - - [12/Jan/2026:17:00:39 +0100] "GET /wp-json/elementor/v1/checklist/user-progress HTTP/1.0" 200 5011 "https://jockers3.inglory.de/wp-admin/post.php?post=18&action=elementor" "Mozilla/5.0 (Macintosh; Intel Mac OS X 10_15_7) AppleWebKit/537.36 (KHTML, like Gecko) Chrome/143.0.0.0 Safari/537.36"
91.10.111.70 - - [12/Jan/2026:17:00:39 +0100] "POST /wp-admin/admin-ajax.php HTTP/1.0" 200 4405 "https://jockers3.inglory.de/wp-admin/post.php?post=18&action=elementor" "Mozilla/5.0 (Macintosh; Intel Mac OS X 10_15_7) AppleWebKit/537.36 (KHTML, like Gecko) Chrome/143.0.0.0 Safari/537.36"
91.10.111.70 - - [12/Jan/2026:17:00:40 +0100] "GET /wp-content/plugins/elementor/assets/images/information.svg HTTP/1.0" 200 9869 "https://jockers3.inglory.de/wp-admin/post.php?post=18&action=elementor" "Mozilla/5.0 (Macintosh; Intel Mac OS X 10_15_7) AppleWebKit/537.36 (KHTML, like Gecko) Chrome/143.0.0.0 Safari/537.36"
91.10.111.70 - - [12/Jan/2026:17:00:39 +0100] "GET /wp-admin/post.php?post=18&action=elementor HTTP/1.0" 200 331396 "https://jockers3.inglory.de/" "Mozilla/5.0 (Macintosh; Intel Mac OS X 10_15_7) AppleWebKit/537.36 (KHTML, like Gecko) Chrome/143.0.0.0 Safari/537.36"
91.10.111.70 - - [12/Jan/2026:17:00:41 +0100] "GET /wp-json/elementor/v1/site-navigation/recent-posts?posts_per_page=6&_locale=user HTTP/1.0" 200 5811 "https://jockers3.inglory.de/wp-admin/post.php?post=18&action=elementor" "Mozilla/5.0 (Macintosh; Intel Mac OS X 10_15_7) AppleWebKit/537.36 (KHTML, like Gecko) Chrome/143.0.0.0 Safari/537.36"
91.10.111.70 - - [12/Jan/2026:17:00:41 +0100] "GET /wp-json/elementor/v1/global-widget/templates HTTP/1.0" 200 4382 "https://jockers3.inglory.de/wp-admin/post.php?post=18&action=elementor" "Mozilla/5.0 (Macintosh; Intel Mac OS X 10_15_7) AppleWebKit/537.36 (KHTML, like Gecko) Chrome/143.0.0.0 Safari/537.36"
91.10.111.70 - - [12/Jan/2026:17:00:41 +0100] "GET /wp-json/elementor/v1/kit-elements-defaults HTTP/1.0" 200 4382 "https://jockers3.inglory.de/wp-admin/post.php?post=18&action=elementor" "Mozilla/5.0 (Macintosh; Intel Mac OS X 10_15_7) AppleWebKit/537.36 (KHTML, like Gecko) Chrome/143.0.0.0 Safari/537.36"
91.10.111.70 - - [12/Jan/2026:17:00:41 +0100] "POST /wp-admin/admin-ajax.php HTTP/1.0" 200 4405 "https://jockers3.inglory.de/wp-admin/post.php?post=18&action=elementor" "Mozilla/5.0 (Macintosh; Intel Mac OS X 10_15_7) AppleWebKit/537.36 (KHTML, like Gecko) Chrome/143.0.0.0 Safari/537.36"
91.10.111.70 - - [12/Jan/2026:17:00:41 +0100] "GET /wp-json/elementor/v1/checklist/user-progress HTTP/1.0" 200 5011 "https://jockers3.inglory.de/wp-admin/post.php?post=18&action=elementor" "Mozilla/5.0 (Macintosh; Intel Mac OS X 10_15_7) AppleWebKit/537.36 (KHTML, like Gecko) Chrome/143.0.0.0 Safari/537.36"
94.130.90.54 - - [12/Jan/2026:17:00:42 +0100] "GET /wp-content/plugins/elementor/assets/css/theme-light.min.css?ver=3.34.1 HTTP/1.1" 200 5809 "https://jockers3.inglory.de/?elementor-preview=18&ver=1768233640" "Serf/1.3.9 (mod_pagespeed/1.13.35.2-0)"
91.10.111.70 - - [12/Jan/2026:17:00:41 +0100] "GET /?elementor-preview=18&ver=1768233640 HTTP/1.0" 200 35804 "https://jockers3.inglory.de/wp-admin/post.php?post=18&action=elementor" "Mozilla/5.0 (Macintosh; Intel Mac OS X 10_15_7) AppleWebKit/537.36 (KHTML, like Gecko) Chrome/143.0.0.0 Safari/537.36"
94.130.90.54 - - [12/Jan/2026:17:00:42 +0100] "GET /wp-includes/js/hoverintent-js.min.js?ver=2.2.1 HTTP/1.1" 200 5269 "https://jockers3.inglory.de/?elementor-preview=18&ver=1768233640" "Serf/1.3.9 (mod_pagespeed/1.13.35.2-0)"
94.130.90.54 - - [12/Jan/2026:17:00:42 +0100] "GET /wp-includes/js/admin-bar.min.js?ver=6.9 HTTP/1.1" 200 7067 "https://jockers3.inglory.de/?elementor-preview=18&ver=1768233640" "Serf/1.3.9 (mod_pagespeed/1.13.35.2-0)"
94.130.90.54 - - [12/Jan/2026:17:00:42 +0100] "GET /wp-includes/js/dist/vendor/react.min.js?ver=18.3.1.1 HTTP/1.1" 200 14210 "https://jockers3.inglory.de/?elementor-preview=18&ver=1768233640" "Serf/1.3.9 (mod_pagespeed/1.13.35.2-0)"
94.130.90.54 - - [12/Jan/2026:17:00:42 +0100] "GET /wp-includes/js/dist/vendor/react-dom.min.js?ver=18.3.1.1 HTTP/1.1" 200 132733 "https://jockers3.inglory.de/?elementor-preview=18&ver=1768233640" "Serf/1.3.9 (mod_pagespeed/1.13.35.2-0)"
91.10.111.70 - - [12/Jan/2026:17:00:42 +0100] "POST /mod_pagespeed_beacon?url=https%3A%2F%2Fjockers3.inglory.de%2F%3Felementor-preview%3D18%26ver%3D1768233640 HTTP/1.0" 204 3904 "https://jockers3.inglory.de/?elementor-preview=18&ver=1768233640" "Mozilla/5.0 (Macintosh; Intel Mac OS X 10_15_7) AppleWebKit/537.36 (KHTML, like Gecko) Chrome/143.0.0.0 Safari/537.36"
91.10.111.70 - - [12/Jan/2026:17:00:41 +0100] "POST /wp-admin/admin-ajax.php HTTP/1.0" 200 10051773 "https://jockers3.inglory.de/wp-admin/post.php?post=18&action=elementor" "Mozilla/5.0 (Macintosh; Intel Mac OS X 10_15_7) AppleWebKit/537.36 (KHTML, like Gecko) Chrome/143.0.0.0 Safari/537.36"
91.10.111.70 - - [12/Jan/2026:17:00:42 +0100] "GET /wp-json/elementor/v1/globals HTTP/1.0" 200 9349 "https://jockers3.inglory.de/wp-admin/post.php?post=18&action=elementor" "Mozilla/5.0 (Macintosh; Intel Mac OS X 10_15_7) AppleWebKit/537.36 (KHTML, like Gecko) Chrome/143.0.0.0 Safari/537.36"
91.10.111.70 - - [12/Jan/2026:17:00:42 +0100] "GET /favicon.ico HTTP/1.0" 302 4268 "https://jockers3.inglory.de/wp-admin/post.php?post=18&action=elementor" "Mozilla/5.0 (Macintosh; Intel Mac OS X 10_15_7) AppleWebKit/537.36 (KHTML, like Gecko) Chrome/143.0.0.0 Safari/537.36"
91.10.111.70 - - [12/Jan/2026:17:00:44 +0100] "GET /wp-json/elementor/v1/user-data/current-user?context=edit HTTP/1.0" 200 5697 "https://jockers3.inglory.de/wp-admin/post.php?post=18&action=elementor" "Mozilla/5.0 (Macintosh; Intel Mac OS X 10_15_7) AppleWebKit/537.36 (KHTML, like Gecko) Chrome/143.0.0.0 Safari/537.36"
91.10.111.70 - - [12/Jan/2026:17:00:45 +0100] "POST /wp-admin/admin-ajax.php HTTP/1.0" 200 7808 "https://jockers3.inglory.de/wp-admin/post.php?post=18&action=elementor" "Mozilla/5.0 (Macintosh; Intel Mac OS X 10_15_7) AppleWebKit/537.36 (KHTML, like Gecko) Chrome/143.0.0.0 Safari/537.36"
91.10.111.70 - - [12/Jan/2026:17:00:50 +0100] "GET /wp-json/elementor/v1/checklist/user-progress HTTP/1.0" 200 5011 "https://jockers3.inglory.de/wp-admin/post.php?post=18&action=elementor" "Mozilla/5.0 (Macintosh; Intel Mac OS X 10_15_7) AppleWebKit/537.36 (KHTML, like Gecko) Chrome/143.0.0.0 Safari/537.36"
91.10.111.70 - - [12/Jan/2026:17:00:56 +0100] "POST /wp-admin/admin-ajax.php HTTP/1.0" 200 4405 "https://jockers3.inglory.de/wp-admin/post.php?post=18&action=elementor" "Mozilla/5.0 (Macintosh; Intel Mac OS X 10_15_7) AppleWebKit/537.36 (KHTML, like Gecko) Chrome/143.0.0.0 Safari/537.36"
91.10.111.70 - - [12/Jan/2026:17:01:01 +0100] "GET /wp-content/uploads/svg_logo_J.svg HTTP/1.0" 200 4530 "https://jockers3.inglory.de/wp-admin/post.php?post=18&action=elementor" "Mozilla/5.0 (Macintosh; Intel Mac OS X 10_15_7) AppleWebKit/537.36 (KHTML, like Gecko) Chrome/143.0.0.0 Safari/537.36"
94.130.90.54 - - [12/Jan/2026:17:01:04 +0100] "GET /wp-content/uploads/img-1-1.jpg HTTP/1.1" 304 3411 "https://jockers3.inglory.de/" "Serf/1.3.9 (mod_pagespeed/1.13.35.2-0)"
128.192.12.101 - - [12/Jan/2026:17:01:03 +0100] "GET / HTTP/1.0" 200 34681 "-" "Mozilla/5.0 (compatible; UGAResearchAgent/1.0; Please visit: NISLabUGA.github.io)"
94.130.90.54 - - [12/Jan/2026:17:01:04 +0100] "GET /wp-content/uploads/img-2-1-1.jpg HTTP/1.1" 304 3411 "https://jockers3.inglory.de/" "Serf/1.3.9 (mod_pagespeed/1.13.35.2-0)"
94.130.90.54 - - [12/Jan/2026:17:01:04 +0100] "GET /wp-content/uploads/img-3-1-1.jpg HTTP/1.1" 304 3411 "https://jockers3.inglory.de/" "Serf/1.3.9 (mod_pagespeed/1.13.35.2-0)"
94.130.90.54 - - [12/Jan/2026:17:01:04 +0100] "GET /wp-content/uploads/img-4-1-1.jpg HTTP/1.1" 304 3411 "https://jockers3.inglory.de/" "Serf/1.3.9 (mod_pagespeed/1.13.35.2-0)"
94.130.90.54 - - [12/Jan/2026:17:01:04 +0100] "GET /wp-content/uploads/img-1-8.jpg HTTP/1.1" 304 3411 "https://jockers3.inglory.de/" "Serf/1.3.9 (mod_pagespeed/1.13.35.2-0)"
94.130.90.54 - - [12/Jan/2026:17:01:04 +0100] "GET /wp-content/uploads/img-5-1.jpg HTTP/1.1" 304 3411 "https://jockers3.inglory.de/" "Serf/1.3.9 (mod_pagespeed/1.13.35.2-0)"
94.130.90.54 - - [12/Jan/2026:17:01:04 +0100] "GET /wp-content/uploads/img-6-1.jpg HTTP/1.1" 304 3411 "https://jockers3.inglory.de/" "Serf/1.3.9 (mod_pagespeed/1.13.35.2-0)"
94.130.90.54 - - [12/Jan/2026:17:01:04 +0100] "GET /wp-content/uploads/img-7-1.jpg HTTP/1.1" 304 3411 "https://jockers3.inglory.de/" "Serf/1.3.9 (mod_pagespeed/1.13.35.2-0)"
94.130.90.54 - - [12/Jan/2026:17:01:04 +0100] "GET /wp-content/uploads/img-8-1.jpg HTTP/1.1" 304 3411 "https://jockers3.inglory.de/" "Serf/1.3.9 (mod_pagespeed/1.13.35.2-0)"
94.130.90.54 - - [12/Jan/2026:17:01:04 +0100] "GET /wp-content/uploads/img-9-1.jpg HTTP/1.1" 304 3411 "https://jockers3.inglory.de/" "Serf/1.3.9 (mod_pagespeed/1.13.35.2-0)"
94.130.90.54 - - [12/Jan/2026:17:01:04 +0100] "GET /wp-content/uploads/img-10-1.jpg HTTP/1.1" 304 3411 "https://jockers3.inglory.de/" "Serf/1.3.9 (mod_pagespeed/1.13.35.2-0)"
91.10.111.70 - - [12/Jan/2026:17:01:10 +0100] "POST /wp-admin/admin-ajax.php HTTP/1.0" 200 5257 "https://jockers3.inglory.de/wp-admin/post.php?post=18&action=elementor" "Mozilla/5.0 (Macintosh; Intel Mac OS X 10_15_7) AppleWebKit/537.36 (KHTML, like Gecko) Chrome/143.0.0.0 Safari/537.36"
91.10.111.70 - - [12/Jan/2026:17:01:11 +0100] "POST /wp-admin/admin-ajax.php HTTP/1.0" 200 4405 "https://jockers3.inglory.de/wp-admin/post.php?post=18&action=elementor" "Mozilla/5.0 (Macintosh; Intel Mac OS X 10_15_7) AppleWebKit/537.36 (KHTML, like Gecko) Chrome/143.0.0.0 Safari/537.36"
91.10.111.70 - - [12/Jan/2026:17:01:19 +0100] "GET /wp-includes/js/tinymce/skins/lightgray/content.min.css?wp-mce-49110-20250317 HTTP/1.0" 200 5386 "https://jockers3.inglory.de/wp-admin/post.php?post=18&action=elementor" "Mozilla/5.0 (Macintosh; Intel Mac OS X 10_15_7) AppleWebKit/537.36 (KHTML, like Gecko) Chrome/143.0.0.0 Safari/537.36"
91.10.111.70 - - [12/Jan/2026:17:01:19 +0100] "GET /wp-content/themes/hello-elementor/assets/css/editor-styles.css?wp-mce-49110-20250317 HTTP/1.0" 200 4366 "https://jockers3.inglory.de/wp-admin/post.php?post=18&action=elementor" "Mozilla/5.0 (Macintosh; Intel Mac OS X 10_15_7) AppleWebKit/537.36 (KHTML, like Gecko) Chrome/143.0.0.0 Safari/537.36"
91.10.111.70 - - [12/Jan/2026:17:01:19 +0100] "GET /wp-includes/js/tinymce/skins/wordpress/wp-content.css?ver=6.9&wp-mce-49110-20250317 HTTP/1.0" 200 6740 "https://jockers3.inglory.de/wp-admin/post.php?post=18&action=elementor" "Mozilla/5.0 (Macintosh; Intel Mac OS X 10_15_7) AppleWebKit/537.36 (KHTML, like Gecko) Chrome/143.0.0.0 Safari/537.36"
91.10.111.70 - - [12/Jan/2026:17:01:19 +0100] "GET /wp-includes/css/dashicons.min.css?ver=6.9&wp-mce-49110-20250317 HTTP/1.0" 200 39936 "https://jockers3.inglory.de/wp-admin/post.php?post=18&action=elementor" "Mozilla/5.0 (Macintosh; Intel Mac OS X 10_15_7) AppleWebKit/537.36 (KHTML, like Gecko) Chrome/143.0.0.0 Safari/537.36"
91.10.111.70 - - [12/Jan/2026:17:01:19 +0100] "GET /wp-includes/js/tinymce/skins/lightgray/fonts/tinymce.woff HTTP/1.0" 200 22872 "https://jockers3.inglory.de/wp-includes/js/tinymce/skins/lightgray/skin.min.css?wp-mce-49110-20250317" "Mozilla/5.0 (Macintosh; Intel Mac OS X 10_15_7) AppleWebKit/537.36 (KHTML, like Gecko) Chrome/143.0.0.0 Safari/537.36"
94.130.90.54 - - [12/Jan/2026:17:01:20 +0100] "POST /wp-cron.php?doing_wp_cron=1768233680.0402998924255371093750 HTTP/1.0" 200 4074 "-" "GMGCMO5VCnrM"
91.10.111.70 - - [12/Jan/2026:17:01:19 +0100] "POST /wp-admin/admin-ajax.php HTTP/1.0" 200 5014 "https://jockers3.inglory.de/wp-admin/post.php?post=18&action=elementor" "Mozilla/5.0 (Macintosh; Intel Mac OS X 10_15_7) AppleWebKit/537.36 (KHTML, like Gecko) Chrome/143.0.0.0 Safari/537.36"
91.10.111.70 - - [12/Jan/2026:17:01:21 +0100] "POST /wp-admin/admin-ajax.php HTTP/1.0" 200 5017 "https://jockers3.inglory.de/wp-admin/post.php?post=18&action=elementor" "Mozilla/5.0 (Macintosh; Intel Mac OS X 10_15_7) AppleWebKit/537.36 (KHTML, like Gecko) Chrome/143.0.0.0 Safari/537.36"
91.10.111.70 - - [12/Jan/2026:17:01:26 +0100] "POST /wp-admin/admin-ajax.php HTTP/1.0" 200 4405 "https://jockers3.inglory.de/wp-admin/post.php?post=18&action=elementor" "Mozilla/5.0 (Macintosh; Intel Mac OS X 10_15_7) AppleWebKit/537.36 (KHTML, like Gecko) Chrome/143.0.0.0 Safari/537.36"
91.10.111.70 - - [12/Jan/2026:17:01:41 +0100] "POST /wp-admin/admin-ajax.php HTTP/1.0" 200 4354 "https://jockers3.inglory.de/wp-admin/post.php?post=18&action=elementor" "Mozilla/5.0 (Macintosh; Intel Mac OS X 10_15_7) AppleWebKit/537.36 (KHTML, like Gecko) Chrome/143.0.0.0 Safari/537.36"
91.10.111.70 - - [12/Jan/2026:17:01:41 +0100] "POST /wp-admin/admin-ajax.php HTTP/1.0" 200 4405 "https://jockers3.inglory.de/wp-admin/post.php?post=18&action=elementor" "Mozilla/5.0 (Macintosh; Intel Mac OS X 10_15_7) AppleWebKit/537.36 (KHTML, like Gecko) Chrome/143.0.0.0 Safari/537.36"
94.130.90.54 - - [12/Jan/2026:17:01:48 +0100] "GET /wp-includes/css/admin-bar.min.css?ver=6.9 HTTP/1.1" 304 3411 "https://jockers3.inglory.de/" "Serf/1.3.9 (mod_pagespeed/1.13.35.2-0)"
94.130.90.54 - - [12/Jan/2026:17:01:48 +0100] "GET /wp-content/plugins/elementor/assets/css/common.min.css?ver=3.34.1 HTTP/1.1" 200 28736 "https://jockers3.inglory.de/" "Serf/1.3.9 (mod_pagespeed/1.13.35.2-0)"
91.10.111.70 - - [12/Jan/2026:17:01:47 +0100] "GET / HTTP/1.0" 200 42380 "https://jockers3.inglory.de/?elementor-preview=18&ver=1768233640" "Mozilla/5.0 (Macintosh; Intel Mac OS X 10_15_7) AppleWebKit/537.36 (KHTML, like Gecko) Chrome/143.0.0.0 Safari/537.36"
94.130.90.54 - - [12/Jan/2026:17:01:48 +0100] "GET /wp-content/plugins/imagify/assets/css/admin-bar.min.css?ver=2.2.6 HTTP/1.1" 200 8034 "https://jockers3.inglory.de/" "Serf/1.3.9 (mod_pagespeed/1.13.35.2-0)"
94.130.90.54 - - [12/Jan/2026:17:01:48 +0100] "GET /wp-content/plugins/elementor-pro/assets/css/modules/notes.min.css?ver=3.34.0 HTTP/1.1" 304 3410 "https://jockers3.inglory.de/" "Serf/1.3.9 (mod_pagespeed/1.13.35.2-0)"
94.130.90.54 - - [12/Jan/2026:17:01:48 +0100] "GET /wp-content/plugins/elementor/assets/css/admin-bar.min.css?ver=3.34.1 HTTP/1.1" 304 3410 "https://jockers3.inglory.de/" "Serf/1.3.9 (mod_pagespeed/1.13.35.2-0)"
94.130.90.54 - - [12/Jan/2026:17:01:48 +0100] "GET /wp-content/plugins/elementor/assets/js/elementor-admin-bar.min.js?ver=3.34.1 HTTP/1.1" 304 3411 "https://jockers3.inglory.de/" "Serf/1.3.9 (mod_pagespeed/1.13.35.2-0)"
94.130.90.54 - - [12/Jan/2026:17:01:48 +0100] "GET /wp-content/plugins/elementor-pro/assets/js/notes/notes.min.js?ver=3.34.0 HTTP/1.1" 304 3411 "https://jockers3.inglory.de/" "Serf/1.3.9 (mod_pagespeed/1.13.35.2-0)"
94.130.90.54 - - [12/Jan/2026:17:01:48 +0100] "GET /wp-content/plugins/elementor-pro/assets/js/notes/notes-app-initiator.min.js?ver=3.34.0 HTTP/1.1" 304 3410 "https://jockers3.inglory.de/" "Serf/1.3.9 (mod_pagespeed/1.13.35.2-0)"
94.130.90.54 - - [12/Jan/2026:17:01:48 +0100] "GET /wp-includes/js/jquery/ui/mouse.min.js?ver=1.13.3 HTTP/1.1" 200 7008 "https://jockers3.inglory.de/" "Serf/1.3.9 (mod_pagespeed/1.13.35.2-0)"
94.130.90.54 - - [12/Jan/2026:17:01:48 +0100] "GET /wp-includes/js/jquery/ui/draggable.min.js?ver=1.13.3 HTTP/1.1" 200 22031 "https://jockers3.inglory.de/" "Serf/1.3.9 (mod_pagespeed/1.13.35.2-0)"
94.130.90.54 - - [12/Jan/2026:17:01:48 +0100] "GET /wp-includes/js/backbone.min.js?ver=1.6.0 HTTP/1.1" 200 27912 "https://jockers3.inglory.de/" "Serf/1.3.9 (mod_pagespeed/1.13.35.2-0)"
94.130.90.54 - - [12/Jan/2026:17:01:48 +0100] "GET /wp-content/plugins/elementor/assets/lib/backbone/backbone.marionette.min.js?ver=2.4.5.e1 HTTP/1.1" 200 48796 "https://jockers3.inglory.de/" "Serf/1.3.9 (mod_pagespeed/1.13.35.2-0)"
94.130.90.54 - - [12/Jan/2026:17:01:48 +0100] "GET /wp-content/plugins/elementor/assets/lib/backbone/backbone.radio.min.js?ver=1.0.4 HTTP/1.1" 200 7333 "https://jockers3.inglory.de/" "Serf/1.3.9 (mod_pagespeed/1.13.35.2-0)"
94.130.90.54 - - [12/Jan/2026:17:01:48 +0100] "GET /wp-content/plugins/elementor/assets/js/common-modules.min.js?ver=3.34.1 HTTP/1.1" 200 161613 "https://jockers3.inglory.de/" "Serf/1.3.9 (mod_pagespeed/1.13.35.2-0)"
94.130.90.54 - - [12/Jan/2026:17:01:48 +0100] "GET /wp-content/plugins/elementor/assets/lib/dialog/dialog.min.js?ver=4.9.4 HTTP/1.1" 304 3411 "https://jockers3.inglory.de/" "Serf/1.3.9 (mod_pagespeed/1.13.35.2-0)"
94.130.90.54 - - [12/Jan/2026:17:01:48 +0100] "GET /wp-includes/js/api-request.min.js?ver=6.9 HTTP/1.1" 200 4574 "https://jockers3.inglory.de/" "Serf/1.3.9 (mod_pagespeed/1.13.35.2-0)"
94.130.90.54 - - [12/Jan/2026:17:01:48 +0100] "GET /wp-content/plugins/elementor/assets/js/dev-tools.min.js?ver=3.34.1 HTTP/1.1" 200 11158 "https://jockers3.inglory.de/" "Serf/1.3.9 (mod_pagespeed/1.13.35.2-0)"
94.130.90.54 - - [12/Jan/2026:17:01:48 +0100] "GET /wp-content/plugins/elementor/assets/js/common.min.js?ver=3.34.1 HTTP/1.1" 200 522996 "https://jockers3.inglory.de/" "Serf/1.3.9 (mod_pagespeed/1.13.35.2-0)"
94.130.90.54 - - [12/Jan/2026:17:01:48 +0100] "GET /wp-content/plugins/elementor/assets/js/app-loader.min.js?ver=3.34.1 HTTP/1.1" 200 93958 "https://jockers3.inglory.de/" "Serf/1.3.9 (mod_pagespeed/1.13.35.2-0)"
94.130.90.54 - - [12/Jan/2026:17:01:48 +0100] "GET /wp-content/plugins/imagify/assets/js/admin-bar.min.js?ver=2.2.6 HTTP/1.1" 200 4168 "https://jockers3.inglory.de/" "Serf/1.3.9 (mod_pagespeed/1.13.35.2-0)"
94.130.90.54 - - [12/Jan/2026:17:01:48 +0100] "GET /wp-content/plugins/elementor/assets/js/web-cli.min.js?ver=3.34.1 HTTP/1.1" 200 174288 "https://jockers3.inglory.de/" "Serf/1.3.9 (mod_pagespeed/1.13.35.2-0)"
91.10.111.70 - - [12/Jan/2026:17:01:51 +0100] "POST /wp-admin/admin-ajax.php HTTP/1.0" 200 5257 "https://jockers3.inglory.de/wp-admin/post.php?post=18&action=elementor" "Mozilla/5.0 (Macintosh; Intel Mac OS X 10_15_7) AppleWebKit/537.36 (KHTML, like Gecko) Chrome/143.0.0.0 Safari/537.36"
91.10.111.70 - - [12/Jan/2026:17:01:56 +0100] "POST /wp-admin/admin-ajax.php HTTP/1.0" 200 4405 "https://jockers3.inglory.de/wp-admin/post.php?post=18&action=elementor" "Mozilla/5.0 (Macintosh; Intel Mac OS X 10_15_7) AppleWebKit/537.36 (KHTML, like Gecko) Chrome/143.0.0.0 Safari/537.36"
146.190.206.67 - - [12/Jan/2026:17:02:03 +0100] "GET /wp-content/uploads/logo.svg HTTP/1.0" 200 12856 "-" "Mozilla/5.0 (Linux; Android 10; K) AppleWebKit/537.36 (KHTML, like Gecko) Chrome/140.0.0.0 Mobile Safari/537.36"
146.190.206.67 - - [12/Jan/2026:17:02:03 +0100] "GET /wp-content/uploads/cropped-items-180x180.png HTTP/1.0" 200 6744 "-" "Mozilla/5.0 (Linux; Android 10; K) AppleWebKit/537.36 (KHTML, like Gecko) Chrome/140.0.0.0 Mobile Safari/537.36"
94.130.90.54 - - [12/Jan/2026:17:02:03 +0100] "GET /wp-content/uploads/cropped-items-180x180.png HTTP/1.1" 304 3410 "https://jockers3.inglory.de/wp-content/uploads/cropped-items-180x180.png" "Serf/1.3.9 (mod_pagespeed/1.13.35.2-0)"
146.190.206.67 - - [12/Jan/2026:17:02:03 +0100] "GET /wp-content/uploads/cropped-items-32x32.png HTTP/1.0" 200 4611 "-" "Mozilla/5.0 (Linux; Android 10; K) AppleWebKit/537.36 (KHTML, like Gecko) Chrome/140.0.0.0 Mobile Safari/537.36"
94.130.90.54 - - [12/Jan/2026:17:02:03 +0100] "GET /wp-content/uploads/cropped-items-32x32.png HTTP/1.1" 304 3410 "https://jockers3.inglory.de/wp-content/uploads/cropped-items-32x32.png" "Serf/1.3.9 (mod_pagespeed/1.13.35.2-0)"
146.190.206.67 - - [12/Jan/2026:17:02:03 +0100] "GET /wp-content/uploads/cropped-items-192x192.png HTTP/1.0" 200 6930 "-" "Mozilla/5.0 (Linux; Android 10; K) AppleWebKit/537.36 (KHTML, like Gecko) Chrome/140.0.0.0 Mobile Safari/537.36"
94.130.90.54 - - [12/Jan/2026:17:02:03 +0100] "GET /wp-content/uploads/cropped-items-192x192.png HTTP/1.1" 304 3410 "https://jockers3.inglory.de/wp-content/uploads/cropped-items-192x192.png" "Serf/1.3.9 (mod_pagespeed/1.13.35.2-0)"
146.190.206.67 - - [12/Jan/2026:17:02:04 +0100] "GET /wp-content/uploads/Google-logo.svg HTTP/1.0" 200 5154 "-" "Mozilla/5.0 (Linux; Android 10; K) AppleWebKit/537.36 (KHTML, like Gecko) Chrome/140.0.0.0 Mobile Safari/537.36"
91.10.111.70 - - [12/Jan/2026:17:02:11 +0100] "POST /wp-admin/admin-ajax.php HTTP/1.0" 200 4405 "https://jockers3.inglory.de/wp-admin/post.php?post=18&action=elementor" "Mozilla/5.0 (Macintosh; Intel Mac OS X 10_15_7) AppleWebKit/537.36 (KHTML, like Gecko) Chrome/143.0.0.0 Safari/537.36"
94.130.90.54 - - [12/Jan/2026:17:02:18 +0100] "POST /wp-cron.php?doing_wp_cron=1768233738.2701940536499023437500 HTTP/1.0" 200 4074 "-" "1lE12ojkrz13"
91.10.111.70 - - [12/Jan/2026:17:02:17 +0100] "POST /wp-admin/admin-ajax.php HTTP/1.0" 200 5257 "https://jockers3.inglory.de/wp-admin/post.php?post=18&action=elementor" "Mozilla/5.0 (Macintosh; Intel Mac OS X 10_15_7) AppleWebKit/537.36 (KHTML, like Gecko) Chrome/143.0.0.0 Safari/537.36"
91.10.111.70 - - [12/Jan/2026:17:02:25 +0100] "POST /wp-admin/admin-ajax.php HTTP/1.0" 200 5257 "https://jockers3.inglory.de/wp-admin/post.php?post=18&action=elementor" "Mozilla/5.0 (Macintosh; Intel Mac OS X 10_15_7) AppleWebKit/537.36 (KHTML, like Gecko) Chrome/143.0.0.0 Safari/537.36"
91.10.111.70 - - [12/Jan/2026:17:02:26 +0100] "POST /wp-admin/admin-ajax.php HTTP/1.0" 200 4405 "https://jockers3.inglory.de/wp-admin/post.php?post=18&action=elementor" "Mozilla/5.0 (Macintosh; Intel Mac OS X 10_15_7) AppleWebKit/537.36 (KHTML, like Gecko) Chrome/143.0.0.0 Safari/537.36"
91.10.111.70 - - [12/Jan/2026:17:02:27 +0100] "POST /wp-admin/admin-ajax.php HTTP/1.0" 200 5017 "https://jockers3.inglory.de/wp-admin/post.php?post=18&action=elementor" "Mozilla/5.0 (Macintosh; Intel Mac OS X 10_15_7) AppleWebKit/537.36 (KHTML, like Gecko) Chrome/143.0.0.0 Safari/537.36"
91.10.111.70 - - [12/Jan/2026:17:02:30 +0100] "POST /wp-admin/admin-ajax.php HTTP/1.0" 200 5017 "https://jockers3.inglory.de/wp-admin/post.php?post=18&action=elementor" "Mozilla/5.0 (Macintosh; Intel Mac OS X 10_15_7) AppleWebKit/537.36 (KHTML, like Gecko) Chrome/143.0.0.0 Safari/537.36"
91.10.111.70 - - [12/Jan/2026:17:02:31 +0100] "POST /wp-admin/admin-ajax.php HTTP/1.0" 200 5017 "https://jockers3.inglory.de/wp-admin/post.php?post=18&action=elementor" "Mozilla/5.0 (Macintosh; Intel Mac OS X 10_15_7) AppleWebKit/537.36 (KHTML, like Gecko) Chrome/143.0.0.0 Safari/537.36"
91.10.111.70 - - [12/Jan/2026:17:02:34 +0100] "POST /wp-admin/admin-ajax.php HTTP/1.0" 200 4354 "https://jockers3.inglory.de/wp-admin/post.php?post=110&action=elementor" "Mozilla/5.0 (Macintosh; Intel Mac OS X 10_15_7) AppleWebKit/537.36 (KHTML, like Gecko) Chrome/143.0.0.0 Safari/537.36"
91.10.111.70 - - [12/Jan/2026:17:02:35 +0100] "POST /wp-admin/admin-ajax.php HTTP/1.0" 200 5257 "https://jockers3.inglory.de/wp-admin/post.php?post=18&action=elementor" "Mozilla/5.0 (Macintosh; Intel Mac OS X 10_15_7) AppleWebKit/537.36 (KHTML, like Gecko) Chrome/143.0.0.0 Safari/537.36"
91.10.111.70 - - [12/Jan/2026:17:02:37 +0100] "POST /wp-admin/admin-ajax.php HTTP/1.0" 200 4405 "https://jockers3.inglory.de/wp-admin/post.php?post=110&action=elementor" "Mozilla/5.0 (Macintosh; Intel Mac OS X 10_15_7) AppleWebKit/537.36 (KHTML, like Gecko) Chrome/143.0.0.0 Safari/537.36"
91.10.111.70 - - [12/Jan/2026:17:02:41 +0100] "POST /wp-admin/admin-ajax.php HTTP/1.0" 200 4354 "https://jockers3.inglory.de/wp-admin/post.php?post=18&action=elementor" "Mozilla/5.0 (Macintosh; Intel Mac OS X 10_15_7) AppleWebKit/537.36 (KHTML, like Gecko) Chrome/143.0.0.0 Safari/537.36"
91.10.111.70 - - [12/Jan/2026:17:02:41 +0100] "POST /wp-admin/admin-ajax.php HTTP/1.0" 200 4405 "https://jockers3.inglory.de/wp-admin/post.php?post=18&action=elementor" "Mozilla/5.0 (Macintosh; Intel Mac OS X 10_15_7) AppleWebKit/537.36 (KHTML, like Gecko) Chrome/143.0.0.0 Safari/537.36"
91.10.111.70 - - [12/Jan/2026:17:02:53 +0100] "GET /wp-content/uploads/img-1.jpg HTTP/1.0" 304 3927 "https://jockers3.inglory.de/?elementor-preview=18&ver=1768233640" "Mozilla/5.0 (Macintosh; Intel Mac OS X 10_15_7) AppleWebKit/537.36 (KHTML, like Gecko) Chrome/143.0.0.0 Safari/537.36"
91.10.111.70 - - [12/Jan/2026:17:02:56 +0100] "POST /wp-admin/admin-ajax.php HTTP/1.0" 200 4405 "https://jockers3.inglory.de/wp-admin/post.php?post=18&action=elementor" "Mozilla/5.0 (Macintosh; Intel Mac OS X 10_15_7) AppleWebKit/537.36 (KHTML, like Gecko) Chrome/143.0.0.0 Safari/537.36"
91.10.111.70 - - [12/Jan/2026:17:03:06 +0100] "GET /wp-content/uploads/img-1.jpg HTTP/1.0" 304 3899 "https://jockers3.inglory.de/?elementor-preview=18&ver=1768233640" "Mozilla/5.0 (Macintosh; Intel Mac OS X 10_15_7) AppleWebKit/537.36 (KHTML, like Gecko) Chrome/143.0.0.0 Safari/537.36"
91.10.111.70 - - [12/Jan/2026:17:03:08 +0100] "GET /angebote HTTP/1.0" 301 4147 "https://jockers3.inglory.de/?elementor-preview=18&ver=1768233640" "Mozilla/5.0 (Macintosh; Intel Mac OS X 10_15_7) AppleWebKit/537.36 (KHTML, like Gecko) Chrome/143.0.0.0 Safari/537.36"
91.10.111.70 - - [12/Jan/2026:17:03:09 +0100] "GET /wp-json/elementor/v1/checklist/user-progress HTTP/1.0" 200 5039 "https://jockers3.inglory.de/wp-admin/post.php?post=18&action=elementor" "Mozilla/5.0 (Macintosh; Intel Mac OS X 10_15_7) AppleWebKit/537.36 (KHTML, like Gecko) Chrome/143.0.0.0 Safari/537.36"
94.130.90.54 - - [12/Jan/2026:17:03:10 +0100] "GET /wp-content/plugins/preloader-pro/assets/css/loftloader.min.css?ver=2024090401 HTTP/1.1" 304 3412 "https://jockers3.inglory.de/angebote/" "Serf/1.3.9 (mod_pagespeed/1.13.35.2-0)"
94.130.90.54 - - [12/Jan/2026:17:03:10 +0100] "GET /wp-content/plugins/elementor/assets/lib/eicons/css/elementor-icons.min.css?ver=5.45.0 HTTP/1.1" 304 3411 "https://jockers3.inglory.de/angebote/" "Serf/1.3.9 (mod_pagespeed/1.13.35.2-0)"
94.130.90.54 - - [12/Jan/2026:17:03:10 +0100] "GET /wp-content/themes/hello-elementor/assets/css/reset.css?ver=3.4.5 HTTP/1.1" 304 3411 "https://jockers3.inglory.de/angebote/" "Serf/1.3.9 (mod_pagespeed/1.13.35.2-0)"
91.10.111.70 - - [12/Jan/2026:17:03:09 +0100] "GET /angebote/ HTTP/1.0" 200 38645 "https://jockers3.inglory.de/?elementor-preview=18&ver=1768233640" "Mozilla/5.0 (Macintosh; Intel Mac OS X 10_15_7) AppleWebKit/537.36 (KHTML, like Gecko) Chrome/143.0.0.0 Safari/537.36"
94.130.90.54 - - [12/Jan/2026:17:03:10 +0100] "GET /wp-content/themes/hello-elementor/assets/css/theme.css?ver=3.4.5 HTTP/1.1" 304 3411 "https://jockers3.inglory.de/angebote/" "Serf/1.3.9 (mod_pagespeed/1.13.35.2-0)"
94.130.90.54 - - [12/Jan/2026:17:03:10 +0100] "GET /wp-content/themes/hello-elementor/assets/css/header-footer.css?ver=3.4.5 HTTP/1.1" 304 3411 "https://jockers3.inglory.de/angebote/" "Serf/1.3.9 (mod_pagespeed/1.13.35.2-0)"
94.130.90.54 - - [12/Jan/2026:17:03:10 +0100] "GET /wp-content/plugins/elementor/assets/css/frontend.min.css?ver=3.34.1 HTTP/1.1" 304 3411 "https://jockers3.inglory.de/angebote/" "Serf/1.3.9 (mod_pagespeed/1.13.35.2-0)"
94.130.90.54 - - [12/Jan/2026:17:03:10 +0100] "GET /wp-content/plugins/elementor/assets/css/widget-heading.min.css?ver=3.34.1 HTTP/1.1" 304 3410 "https://jockers3.inglory.de/angebote/" "Serf/1.3.9 (mod_pagespeed/1.13.35.2-0)"
94.130.90.54 - - [12/Jan/2026:17:03:10 +0100] "GET /wp-content/plugins/elementor/assets/css/widget-image.min.css?ver=3.34.1 HTTP/1.1" 304 3409 "https://jockers3.inglory.de/angebote/" "Serf/1.3.9 (mod_pagespeed/1.13.35.2-0)"
94.130.90.54 - - [12/Jan/2026:17:03:10 +0100] "GET /wp-content/plugins/elementor-pro/assets/css/widget-nav-menu.min.css?ver=3.34.0 HTTP/1.1" 304 3411 "https://jockers3.inglory.de/angebote/" "Serf/1.3.9 (mod_pagespeed/1.13.35.2-0)"
94.130.90.54 - - [12/Jan/2026:17:03:10 +0100] "GET /wp-content/plugins/elementor-pro/assets/css/modules/sticky.min.css?ver=3.34.0 HTTP/1.1" 304 3409 "https://jockers3.inglory.de/angebote/" "Serf/1.3.9 (mod_pagespeed/1.13.35.2-0)"
94.130.90.54 - - [12/Jan/2026:17:03:10 +0100] "GET /wp-content/plugins/elementor/assets/css/widget-rating.min.css?ver=3.34.1 HTTP/1.1" 304 3410 "https://jockers3.inglory.de/angebote/" "Serf/1.3.9 (mod_pagespeed/1.13.35.2-0)"
94.130.90.54 - - [12/Jan/2026:17:03:10 +0100] "GET /wp-content/plugins/elementor/assets/css/widget-social-icons.min.css?ver=3.34.1 HTTP/1.1" 304 3411 "https://jockers3.inglory.de/angebote/" "Serf/1.3.9 (mod_pagespeed/1.13.35.2-0)"
94.130.90.54 - - [12/Jan/2026:17:03:10 +0100] "GET /wp-content/plugins/elementor/assets/css/conditionals/apple-webkit.min.css?ver=3.34.1 HTTP/1.1" 304 3411 "https://jockers3.inglory.de/angebote/" "Serf/1.3.9 (mod_pagespeed/1.13.35.2-0)"
94.130.90.54 - - [12/Jan/2026:17:03:10 +0100] "GET /wp-content/plugins/elementor/assets/css/widget-icon-list.min.css?ver=3.34.1 HTTP/1.1" 304 3411 "https://jockers3.inglory.de/angebote/" "Serf/1.3.9 (mod_pagespeed/1.13.35.2-0)"
94.130.90.54 - - [12/Jan/2026:17:03:10 +0100] "GET /wp-content/plugins/elementor/assets/lib/animations/styles/fadeIn.min.css?ver=3.34.1 HTTP/1.1" 304 3409 "https://jockers3.inglory.de/angebote/" "Serf/1.3.9 (mod_pagespeed/1.13.35.2-0)"
94.130.90.54 - - [12/Jan/2026:17:03:10 +0100] "GET /wp-content/plugins/elementor-pro/assets/css/conditionals/popup.min.css?ver=3.34.0 HTTP/1.1" 304 3410 "https://jockers3.inglory.de/angebote/" "Serf/1.3.9 (mod_pagespeed/1.13.35.2-0)"
