91.10.111.70 - - [12/Jan/2026:17:36:44 +0100] "GET /wp-content/plugins/elementor-pro/assets/js/notes/notes.min.js?ver=3.34.0 HTTP/1.0" 304 3926 "https://jockers3.inglory.de/wp-admin/post.php?post=18&action=elementor" "Mozilla/5.0 (Macintosh; Intel Mac OS X 10_15_7) AppleWebKit/537.36 (KHTML, like Gecko) Chrome/143.0.0.0 Safari/537.36"
91.10.111.70 - - [12/Jan/2026:17:36:44 +0100] "GET /wp-json/elementor/v1/global-widget/templates HTTP/1.0" 200 4410 "https://jockers3.inglory.de/wp-admin/post.php?post=18&action=elementor" "Mozilla/5.0 (Macintosh; Intel Mac OS X 10_15_7) AppleWebKit/537.36 (KHTML, like Gecko) Chrome/143.0.0.0 Safari/537.36"
91.10.111.70 - - [12/Jan/2026:17:36:44 +0100] "GET /wp-json/elementor/v1/kit-elements-defaults HTTP/1.0" 200 4410 "https://jockers3.inglory.de/wp-admin/post.php?post=18&action=elementor" "Mozilla/5.0 (Macintosh; Intel Mac OS X 10_15_7) AppleWebKit/537.36 (KHTML, like Gecko) Chrome/143.0.0.0 Safari/537.36"
91.10.111.70 - - [12/Jan/2026:17:36:44 +0100] "GET /wp-json/elementor/v1/checklist/user-progress HTTP/1.0" 200 5011 "https://jockers3.inglory.de/wp-admin/post.php?post=18&action=elementor" "Mozilla/5.0 (Macintosh; Intel Mac OS X 10_15_7) AppleWebKit/537.36 (KHTML, like Gecko) Chrome/143.0.0.0 Safari/537.36"
91.10.111.70 - - [12/Jan/2026:17:36:44 +0100] "POST /wp-admin/admin-ajax.php HTTP/1.0" 200 4405 "https://jockers3.inglory.de/wp-admin/post.php?post=18&action=elementor" "Mozilla/5.0 (Macintosh; Intel Mac OS X 10_15_7) AppleWebKit/537.36 (KHTML, like Gecko) Chrome/143.0.0.0 Safari/537.36"
91.10.111.70 - - [12/Jan/2026:17:36:44 +0100] "GET /wp-json/elementor/v1/site-navigation/recent-posts?posts_per_page=6&_locale=user HTTP/1.0" 200 5861 "https://jockers3.inglory.de/wp-admin/post.php?post=18&action=elementor" "Mozilla/5.0 (Macintosh; Intel Mac OS X 10_15_7) AppleWebKit/537.36 (KHTML, like Gecko) Chrome/143.0.0.0 Safari/537.36"
94.130.90.54 - - [12/Jan/2026:17:36:45 +0100] "GET /wp-content/plugins/elementor/assets/css/widget-nested-tabs.min.css?ver=3.34.1 HTTP/1.1" 200 18386 "https://jockers3.inglory.de/?elementor-preview=18&ver=1768235803" "Serf/1.3.9 (mod_pagespeed/1.13.35.2-0)"
94.130.90.54 - - [12/Jan/2026:17:36:45 +0100] "GET /wp-content/plugins/elementor/assets/css/widget-nested-accordion.min.css?ver=3.34.1 HTTP/1.1" 200 8691 "https://jockers3.inglory.de/?elementor-preview=18&ver=1768235803" "Serf/1.3.9 (mod_pagespeed/1.13.35.2-0)"
94.130.90.54 - - [12/Jan/2026:17:36:45 +0100] "GET /wp-content/plugins/elementor/assets/css/widget-text-editor.min.css?ver=3.34.1 HTTP/1.1" 200 4216 "https://jockers3.inglory.de/?elementor-preview=18&ver=1768235803" "Serf/1.3.9 (mod_pagespeed/1.13.35.2-0)"
91.10.111.70 - - [12/Jan/2026:17:36:44 +0100] "GET /?elementor-preview=18&ver=1768235803 HTTP/1.0" 200 26023 "https://jockers3.inglory.de/wp-admin/post.php?post=18&action=elementor" "Mozilla/5.0 (Macintosh; Intel Mac OS X 10_15_7) AppleWebKit/537.36 (KHTML, like Gecko) Chrome/143.0.0.0 Safari/537.36"
94.130.90.54 - - [12/Jan/2026:17:36:45 +0100] "GET /wp-content/plugins/elementor/assets/css/widget-video.min.css?ver=3.34.1 HTTP/1.1" 200 4780 "https://jockers3.inglory.de/?elementor-preview=18&ver=1768235803" "Serf/1.3.9 (mod_pagespeed/1.13.35.2-0)"
94.130.90.54 - - [12/Jan/2026:17:36:45 +0100] "GET /wp-content/plugins/elementor/assets/css/widget-spacer.min.css?ver=3.34.1 HTTP/1.1" 200 5330 "https://jockers3.inglory.de/?elementor-preview=18&ver=1768235803" "Serf/1.3.9 (mod_pagespeed/1.13.35.2-0)"
94.130.90.54 - - [12/Jan/2026:17:36:45 +0100] "GET /wp-content/plugins/elementor/assets/css/widget-image-box.min.css?ver=3.34.1 HTTP/1.1" 200 5194 "https://jockers3.inglory.de/?elementor-preview=18&ver=1768235803" "Serf/1.3.9 (mod_pagespeed/1.13.35.2-0)"
94.130.90.54 - - [12/Jan/2026:17:36:45 +0100] "GET /wp-content/plugins/elementor/assets/css/widget-google_maps.min.css?ver=3.34.1 HTTP/1.1" 304 3410 "https://jockers3.inglory.de/?elementor-preview=18&ver=1768235803" "Serf/1.3.9 (mod_pagespeed/1.13.35.2-0)"
94.130.90.54 - - [12/Jan/2026:17:36:45 +0100] "GET /wp-content/plugins/elementor/assets/css/widget-icon-box.min.css?ver=3.34.1 HTTP/1.1" 200 8293 "https://jockers3.inglory.de/?elementor-preview=18&ver=1768235803" "Serf/1.3.9 (mod_pagespeed/1.13.35.2-0)"
94.130.90.54 - - [12/Jan/2026:17:36:45 +0100] "GET /wp-content/plugins/elementor/assets/css/widget-star-rating.min.css?ver=3.34.1 HTTP/1.1" 200 8369 "https://jockers3.inglory.de/?elementor-preview=18&ver=1768235803" "Serf/1.3.9 (mod_pagespeed/1.13.35.2-0)"
94.130.90.54 - - [12/Jan/2026:17:36:45 +0100] "GET /wp-content/plugins/elementor/assets/css/widget-image-carousel.min.css?ver=3.34.1 HTTP/1.1" 200 3878 "https://jockers3.inglory.de/?elementor-preview=18&ver=1768235803" "Serf/1.3.9 (mod_pagespeed/1.13.35.2-0)"
94.130.90.54 - - [12/Jan/2026:17:36:45 +0100] "GET /wp-content/plugins/elementor/assets/css/widget-image-gallery.min.css?ver=3.34.1 HTTP/1.1" 200 5985 "https://jockers3.inglory.de/?elementor-preview=18&ver=1768235803" "Serf/1.3.9 (mod_pagespeed/1.13.35.2-0)"
94.130.90.54 - - [12/Jan/2026:17:36:45 +0100] "GET /wp-content/plugins/elementor/assets/css/widget-counter.min.css?ver=3.34.1 HTTP/1.1" 200 4289 "https://jockers3.inglory.de/?elementor-preview=18&ver=1768235803" "Serf/1.3.9 (mod_pagespeed/1.13.35.2-0)"
94.130.90.54 - - [12/Jan/2026:17:36:45 +0100] "GET /wp-content/plugins/elementor/assets/css/widget-progress.min.css?ver=3.34.1 HTTP/1.1" 200 4726 "https://jockers3.inglory.de/?elementor-preview=18&ver=1768235803" "Serf/1.3.9 (mod_pagespeed/1.13.35.2-0)"
94.130.90.54 - - [12/Jan/2026:17:36:45 +0100] "GET /wp-content/plugins/elementor/assets/css/widget-testimonial.min.css?ver=3.34.1 HTTP/1.1" 200 5183 "https://jockers3.inglory.de/?elementor-preview=18&ver=1768235803" "Serf/1.3.9 (mod_pagespeed/1.13.35.2-0)"
94.130.90.54 - - [12/Jan/2026:17:36:45 +0100] "GET /wp-content/plugins/elementor/assets/css/widget-tabs.min.css?ver=3.34.1 HTTP/1.1" 200 7856 "https://jockers3.inglory.de/?elementor-preview=18&ver=1768235803" "Serf/1.3.9 (mod_pagespeed/1.13.35.2-0)"
94.130.90.54 - - [12/Jan/2026:17:36:45 +0100] "GET /wp-content/plugins/elementor/assets/css/widget-accordion.min.css?ver=3.34.1 HTTP/1.1" 200 5281 "https://jockers3.inglory.de/?elementor-preview=18&ver=1768235803" "Serf/1.3.9 (mod_pagespeed/1.13.35.2-0)"
91.10.111.70 - - [12/Jan/2026:17:36:45 +0100] "GET /wp-includes/css/dashicons.min.css?ver=6.9 HTTP/1.0" 304 3898 "https://jockers3.inglory.de/?elementor-preview=18&ver=1768235803" "Mozilla/5.0 (Macintosh; Intel Mac OS X 10_15_7) AppleWebKit/537.36 (KHTML, like Gecko) Chrome/143.0.0.0 Safari/537.36"
94.130.90.54 - - [12/Jan/2026:17:36:45 +0100] "GET /wp-content/plugins/elementor/assets/css/widget-toggle.min.css?ver=3.34.1 HTTP/1.1" 200 5084 "https://jockers3.inglory.de/?elementor-preview=18&ver=1768235803" "Serf/1.3.9 (mod_pagespeed/1.13.35.2-0)"
94.130.90.54 - - [12/Jan/2026:17:36:45 +0100] "GET /wp-content/plugins/elementor/assets/css/widget-alert.min.css?ver=3.34.1 HTTP/1.1" 200 5202 "https://jockers3.inglory.de/?elementor-preview=18&ver=1768235803" "Serf/1.3.9 (mod_pagespeed/1.13.35.2-0)"
94.130.90.54 - - [12/Jan/2026:17:36:45 +0100] "GET /wp-content/plugins/elementor/assets/css/widget-menu-anchor.min.css?ver=3.34.1 HTTP/1.1" 200 3603 "https://jockers3.inglory.de/?elementor-preview=18&ver=1768235803" "Serf/1.3.9 (mod_pagespeed/1.13.35.2-0)"
94.130.90.54 - - [12/Jan/2026:17:36:45 +0100] "GET /wp-content/plugins/elementor/assets/css/widget-text-path.min.css?ver=3.34.1 HTTP/1.1" 200 4581 "https://jockers3.inglory.de/?elementor-preview=18&ver=1768235803" "Serf/1.3.9 (mod_pagespeed/1.13.35.2-0)"
91.10.111.70 - - [12/Jan/2026:17:36:45 +0100] "GET /wp-content/themes/hello-elementor/assets/css/header-footer.css?ver=3.4.5 HTTP/1.0" 200 5597 "https://jockers3.inglory.de/?elementor-preview=18&ver=1768235803" "Mozilla/5.0 (Macintosh; Intel Mac OS X 10_15_7) AppleWebKit/537.36 (KHTML, like Gecko) Chrome/143.0.0.0 Safari/537.36"
94.130.90.54 - - [12/Jan/2026:17:36:45 +0100] "GET /wp-content/plugins/elementor/assets/lib/font-awesome/css/regular.min.css?ver=5.15.3 HTTP/1.1" 200 4213 "https://jockers3.inglory.de/?elementor-preview=18&ver=1768235803" "Serf/1.3.9 (mod_pagespeed/1.13.35.2-0)"
91.10.111.70 - - [12/Jan/2026:17:36:45 +0100] "GET /wp-content/plugins/elementor/assets/css/widget-heading.min.css?ver=3.34.1 HTTP/1.0" 200 4340 "https://jockers3.inglory.de/?elementor-preview=18&ver=1768235803" "Mozilla/5.0 (Macintosh; Intel Mac OS X 10_15_7) AppleWebKit/537.36 (KHTML, like Gecko) Chrome/143.0.0.0 Safari/537.36"
91.10.111.70 - - [12/Jan/2026:17:36:45 +0100] "GET /wp-content/plugins/elementor-pro/assets/css/widget-nav-menu.min.css?ver=3.34.0 HTTP/1.0" 304 3906 "https://jockers3.inglory.de/?elementor-preview=18&ver=1768235803" "Mozilla/5.0 (Macintosh; Intel Mac OS X 10_15_7) AppleWebKit/537.36 (KHTML, like Gecko) Chrome/143.0.0.0 Safari/537.36"
91.10.111.70 - - [12/Jan/2026:17:36:45 +0100] "GET /wp-content/plugins/elementor-pro/assets/css/modules/sticky.min.css?ver=3.34.0 HTTP/1.0" 200 4295 "https://jockers3.inglory.de/?elementor-preview=18&ver=1768235803" "Mozilla/5.0 (Macintosh; Intel Mac OS X 10_15_7) AppleWebKit/537.36 (KHTML, like Gecko) Chrome/143.0.0.0 Safari/537.36"
94.130.90.54 - - [12/Jan/2026:17:36:45 +0100] "GET /wp-content/plugins/elementor/assets/css/widget-link-in-bio-base.min.css?ver=3.34.1 HTTP/1.1" 200 15967 "https://jockers3.inglory.de/?elementor-preview=18&ver=1768235803" "Serf/1.3.9 (mod_pagespeed/1.13.35.2-0)"
91.10.111.70 - - [12/Jan/2026:17:36:45 +0100] "GET /wp-content/plugins/elementor/assets/css/widget-rating.min.css?ver=3.34.1 HTTP/1.0" 304 3906 "https://jockers3.inglory.de/?elementor-preview=18&ver=1768235803" "Mozilla/5.0 (Macintosh; Intel Mac OS X 10_15_7) AppleWebKit/537.36 (KHTML, like Gecko) Chrome/143.0.0.0 Safari/537.36"
91.10.111.70 - - [12/Jan/2026:17:36:45 +0100] "GET /wp-includes/css/admin-bar.min.css?ver=6.9 HTTP/1.0" 304 3926 "https://jockers3.inglory.de/?elementor-preview=18&ver=1768235803" "Mozilla/5.0 (Macintosh; Intel Mac OS X 10_15_7) AppleWebKit/537.36 (KHTML, like Gecko) Chrome/143.0.0.0 Safari/537.36"
91.10.111.70 - - [12/Jan/2026:17:36:45 +0100] "GET /wp-content/themes/hello-elementor/assets/css/reset.css?ver=3.4.5 HTTP/1.0" 200 5997 "https://jockers3.inglory.de/?elementor-preview=18&ver=1768235803" "Mozilla/5.0 (Macintosh; Intel Mac OS X 10_15_7) AppleWebKit/537.36 (KHTML, like Gecko) Chrome/143.0.0.0 Safari/537.36"
94.130.90.54 - - [12/Jan/2026:17:36:45 +0100] "GET /wp-content/plugins/elementor/assets/css/widget-contact-buttons-base.min.css?ver=3.34.1 HTTP/1.1" 200 23747 "https://jockers3.inglory.de/?elementor-preview=18&ver=1768235803" "Serf/1.3.9 (mod_pagespeed/1.13.35.2-0)"
91.10.111.70 - - [12/Jan/2026:17:36:45 +0100] "GET /wp-content/plugins/elementor/assets/css/widget-video.min.css?ver=3.34.1 HTTP/1.0" 304 3925 "https://jockers3.inglory.de/?elementor-preview=18&ver=1768235803" "Mozilla/5.0 (Macintosh; Intel Mac OS X 10_15_7) AppleWebKit/537.36 (KHTML, like Gecko) Chrome/143.0.0.0 Safari/537.36"
91.10.111.70 - - [12/Jan/2026:17:36:45 +0100] "GET /wp-content/themes/hello-elementor/assets/css/theme.css?ver=3.4.5 HTTP/1.0" 200 5454 "https://jockers3.inglory.de/?elementor-preview=18&ver=1768235803" "Mozilla/5.0 (Macintosh; Intel Mac OS X 10_15_7) AppleWebKit/537.36 (KHTML, like Gecko) Chrome/143.0.0.0 Safari/537.36"
94.130.90.54 - - [12/Jan/2026:17:36:45 +0100] "GET /wp-content/plugins/elementor/assets/css/widget-floating-bars-base.min.css?ver=3.34.1 HTTP/1.1" 200 13089 "https://jockers3.inglory.de/?elementor-preview=18&ver=1768235803" "Serf/1.3.9 (mod_pagespeed/1.13.35.2-0)"
91.10.111.70 - - [12/Jan/2026:17:36:45 +0100] "GET /wp-content/plugins/elementor/assets/css/frontend.min.css?ver=3.34.1 HTTP/1.0" 200 11387 "https://jockers3.inglory.de/?elementor-preview=18&ver=1768235803" "Mozilla/5.0 (Macintosh; Intel Mac OS X 10_15_7) AppleWebKit/537.36 (KHTML, like Gecko) Chrome/143.0.0.0 Safari/537.36"
91.10.111.70 - - [12/Jan/2026:17:36:45 +0100] "GET /wp-content/plugins/elementor/assets/css/widget-image.min.css?ver=3.34.1 HTTP/1.0" 200 4314 "https://jockers3.inglory.de/?elementor-preview=18&ver=1768235803" "Mozilla/5.0 (Macintosh; Intel Mac OS X 10_15_7) AppleWebKit/537.36 (KHTML, like Gecko) Chrome/143.0.0.0 Safari/537.36"
91.10.111.70 - - [12/Jan/2026:17:36:45 +0100] "GET /wp-content/plugins/elementor/assets/css/widget-social-icons.min.css?ver=3.34.1 HTTP/1.0" 200 5313 "https://jockers3.inglory.de/?elementor-preview=18&ver=1768235803" "Mozilla/5.0 (Macintosh; Intel Mac OS X 10_15_7) AppleWebKit/537.36 (KHTML, like Gecko) Chrome/143.0.0.0 Safari/537.36"
91.10.111.70 - - [12/Jan/2026:17:36:45 +0100] "GET /wp-content/plugins/elementor/assets/css/conditionals/apple-webkit.min.css?ver=3.34.1 HTTP/1.0" 200 4727 "https://jockers3.inglory.de/?elementor-preview=18&ver=1768235803" "Mozilla/5.0 (Macintosh; Intel Mac OS X 10_15_7) AppleWebKit/537.36 (KHTML, like Gecko) Chrome/143.0.0.0 Safari/537.36"
94.130.90.54 - - [12/Jan/2026:17:36:45 +0100] "GET /wp-content/plugins/elementor-pro/assets/css/widget-posts.min.css?ver=3.34.0 HTTP/1.1" 200 20548 "https://jockers3.inglory.de/?elementor-preview=18&ver=1768235803" "Serf/1.3.9 (mod_pagespeed/1.13.35.2-0)"
91.10.111.70 - - [12/Jan/2026:17:36:45 +0100] "GET /wp-content/plugins/elementor-pro/assets/css/widget-media-carousel.min.css?ver=3.34.0 HTTP/1.0" 200 4578 "https://jockers3.inglory.de/?elementor-preview=18&ver=1768235803" "Mozilla/5.0 (Macintosh; Intel Mac OS X 10_15_7) AppleWebKit/537.36 (KHTML, like Gecko) Chrome/143.0.0.0 Safari/537.36"
94.130.90.54 - - [12/Jan/2026:17:36:45 +0100] "GET /wp-content/plugins/elementor-pro/assets/css/widget-loop-common.min.css?ver=3.34.0 HTTP/1.1" 200 3743 "https://jockers3.inglory.de/?elementor-preview=18&ver=1768235803" "Serf/1.3.9 (mod_pagespeed/1.13.35.2-0)"
91.10.111.70 - - [12/Jan/2026:17:36:45 +0100] "GET /wp-content/plugins/elementor/assets/css/widget-icon-list.min.css?ver=3.34.1 HTTP/1.0" 200 5202 "https://jockers3.inglory.de/?elementor-preview=18&ver=1768235803" "Mozilla/5.0 (Macintosh; Intel Mac OS X 10_15_7) AppleWebKit/537.36 (KHTML, like Gecko) Chrome/143.0.0.0 Safari/537.36"
91.10.111.70 - - [12/Jan/2026:17:36:45 +0100] "GET /wp-content/plugins/elementor/assets/lib/animations/styles/fadeIn.min.css?ver=3.34.1 HTTP/1.0" 200 4256 "https://jockers3.inglory.de/?elementor-preview=18&ver=1768235803" "Mozilla/5.0 (Macintosh; Intel Mac OS X 10_15_7) AppleWebKit/537.36 (KHTML, like Gecko) Chrome/143.0.0.0 Safari/537.36"
91.10.111.70 - - [12/Jan/2026:17:36:45 +0100] "GET /wp-content/plugins/elementor-pro/assets/css/conditionals/popup.min.css?ver=3.34.0 HTTP/1.0" 200 4600 "https://jockers3.inglory.de/?elementor-preview=18&ver=1768235803" "Mozilla/5.0 (Macintosh; Intel Mac OS X 10_15_7) AppleWebKit/537.36 (KHTML, like Gecko) Chrome/143.0.0.0 Safari/537.36"
91.10.111.70 - - [12/Jan/2026:17:36:45 +0100] "GET /wp-content/plugins/elementor/assets/lib/eicons/css/elementor-icons.min.css?ver=5.45.0 HTTP/1.0" 304 3906 "https://jockers3.inglory.de/?elementor-preview=18&ver=1768235803" "Mozilla/5.0 (Macintosh; Intel Mac OS X 10_15_7) AppleWebKit/537.36 (KHTML, like Gecko) Chrome/143.0.0.0 Safari/537.36"
91.10.111.70 - - [12/Jan/2026:17:36:45 +0100] "GET /wp-content/uploads/elementor/css/post-7.css?ver=1768233928 HTTP/1.0" 304 3906 "https://jockers3.inglory.de/?elementor-preview=18&ver=1768235803" "Mozilla/5.0 (Macintosh; Intel Mac OS X 10_15_7) AppleWebKit/537.36 (KHTML, like Gecko) Chrome/143.0.0.0 Safari/537.36"
94.130.90.54 - - [12/Jan/2026:17:36:45 +0100] "GET /wp-content/plugins/elementor-pro/assets/css/widget-loop-grid.min.css?ver=3.34.0 HTTP/1.1" 200 16787 "https://jockers3.inglory.de/?elementor-preview=18&ver=1768235803" "Serf/1.3.9 (mod_pagespeed/1.13.35.2-0)"
91.10.111.70 - - [12/Jan/2026:17:36:45 +0100] "GET /wp-content/uploads/elementor/css/post-133.css?ver=1768233930 HTTP/1.0" 304 3906 "https://jockers3.inglory.de/?elementor-preview=18&ver=1768235803" "Mozilla/5.0 (Macintosh; Intel Mac OS X 10_15_7) AppleWebKit/537.36 (KHTML, like Gecko) Chrome/143.0.0.0 Safari/537.36"
91.10.111.70 - - [12/Jan/2026:17:36:45 +0100] "GET /wp-content/uploads/elementor/css/post-110.css?ver=1768235189 HTTP/1.0" 200 6402 "https://jockers3.inglory.de/?elementor-preview=18&ver=1768235803" "Mozilla/5.0 (Macintosh; Intel Mac OS X 10_15_7) AppleWebKit/537.36 (KHTML, like Gecko) Chrome/143.0.0.0 Safari/537.36"
91.10.111.70 - - [12/Jan/2026:17:36:45 +0100] "GET /wp-content/uploads/elementor/css/post-136.css?ver=1768233930 HTTP/1.0" 304 3906 "https://jockers3.inglory.de/?elementor-preview=18&ver=1768235803" "Mozilla/5.0 (Macintosh; Intel Mac OS X 10_15_7) AppleWebKit/537.36 (KHTML, like Gecko) Chrome/143.0.0.0 Safari/537.36"
91.10.111.70 - - [12/Jan/2026:17:36:45 +0100] "GET /wp-content/plugins/elementor/assets/css/widget-nested-tabs.min.css?ver=3.34.1 HTTP/1.0" 304 3926 "https://jockers3.inglory.de/?elementor-preview=18&ver=1768235803" "Mozilla/5.0 (Macintosh; Intel Mac OS X 10_15_7) AppleWebKit/537.36 (KHTML, like Gecko) Chrome/143.0.0.0 Safari/537.36"
91.10.111.70 - - [12/Jan/2026:17:36:45 +0100] "GET /wp-content/plugins/elementor/assets/css/widget-text-editor.min.css?ver=3.34.1 HTTP/1.0" 304 3925 "https://jockers3.inglory.de/?elementor-preview=18&ver=1768235803" "Mozilla/5.0 (Macintosh; Intel Mac OS X 10_15_7) AppleWebKit/537.36 (KHTML, like Gecko) Chrome/143.0.0.0 Safari/537.36"
91.10.111.70 - - [12/Jan/2026:17:36:45 +0100] "GET /wp-content/plugins/elementor/assets/css/widget-divider.min.css?ver=3.34.1 HTTP/1.0" 304 3906 "https://jockers3.inglory.de/?elementor-preview=18&ver=1768235803" "Mozilla/5.0 (Macintosh; Intel Mac OS X 10_15_7) AppleWebKit/537.36 (KHTML, like Gecko) Chrome/143.0.0.0 Safari/537.36"
94.130.90.54 - - [12/Jan/2026:17:36:45 +0100] "GET /wp-content/plugins/elementor-pro/assets/css/widget-loop-carousel.min.css?ver=3.34.0 HTTP/1.1" 200 11940 "https://jockers3.inglory.de/?elementor-preview=18&ver=1768235803" "Serf/1.3.9 (mod_pagespeed/1.13.35.2-0)"
91.10.111.70 - - [12/Jan/2026:17:36:45 +0100] "GET /wp-content/plugins/elementor/assets/css/widget-spacer.min.css?ver=3.34.1 HTTP/1.0" 304 3925 "https://jockers3.inglory.de/?elementor-preview=18&ver=1768235803" "Mozilla/5.0 (Macintosh; Intel Mac OS X 10_15_7) AppleWebKit/537.36 (KHTML, like Gecko) Chrome/143.0.0.0 Safari/537.36"
91.10.111.70 - - [12/Jan/2026:17:36:45 +0100] "GET /wp-content/plugins/elementor/assets/css/widget-google_maps.min.css?ver=3.34.1 HTTP/1.0" 304 3925 "https://jockers3.inglory.de/?elementor-preview=18&ver=1768235803" "Mozilla/5.0 (Macintosh; Intel Mac OS X 10_15_7) AppleWebKit/537.36 (KHTML, like Gecko) Chrome/143.0.0.0 Safari/537.36"
91.10.111.70 - - [12/Jan/2026:17:36:45 +0100] "GET /wp-content/plugins/elementor/assets/lib/swiper/v8/css/swiper.min.css?ver=8.4.5 HTTP/1.0" 304 3906 "https://jockers3.inglory.de/?elementor-preview=18&ver=1768235803" "Mozilla/5.0 (Macintosh; Intel Mac OS X 10_15_7) AppleWebKit/537.36 (KHTML, like Gecko) Chrome/143.0.0.0 Safari/537.36"
91.10.111.70 - - [12/Jan/2026:17:36:45 +0100] "GET /wp-content/plugins/elementor/assets/css/conditionals/e-swiper.min.css?ver=3.34.1 HTTP/1.0" 200 4971 "https://jockers3.inglory.de/?elementor-preview=18&ver=1768235803" "Mozilla/5.0 (Macintosh; Intel Mac OS X 10_15_7) AppleWebKit/537.36 (KHTML, like Gecko) Chrome/143.0.0.0 Safari/537.36"
91.10.111.70 - - [12/Jan/2026:17:36:45 +0100] "GET /wp-content/plugins/elementor/assets/css/widget-star-rating.min.css?ver=3.34.1 HTTP/1.0" 304 3926 "https://jockers3.inglory.de/?elementor-preview=18&ver=1768235803" "Mozilla/5.0 (Macintosh; Intel Mac OS X 10_15_7) AppleWebKit/537.36 (KHTML, like Gecko) Chrome/143.0.0.0 Safari/537.36"
94.130.90.54 - - [12/Jan/2026:17:36:45 +0100] "GET /wp-content/plugins/elementor-pro/assets/css/widget-off-canvas.min.css?ver=3.34.0 HTTP/1.1" 200 6720 "https://jockers3.inglory.de/?elementor-preview=18&ver=1768235803" "Serf/1.3.9 (mod_pagespeed/1.13.35.2-0)"
91.10.111.70 - - [12/Jan/2026:17:36:45 +0100] "GET /wp-content/plugins/elementor/assets/css/widget-image-carousel.min.css?ver=3.34.1 HTTP/1.0" 304 3925 "https://jockers3.inglory.de/?elementor-preview=18&ver=1768235803" "Mozilla/5.0 (Macintosh; Intel Mac OS X 10_15_7) AppleWebKit/537.36 (KHTML, like Gecko) Chrome/143.0.0.0 Safari/537.36"
91.10.111.70 - - [12/Jan/2026:17:36:45 +0100] "GET /wp-content/plugins/elementor/assets/css/widget-image-box.min.css?ver=3.34.1 HTTP/1.0" 304 3925 "https://jockers3.inglory.de/?elementor-preview=18&ver=1768235803" "Mozilla/5.0 (Macintosh; Intel Mac OS X 10_15_7) AppleWebKit/537.36 (KHTML, like Gecko) Chrome/143.0.0.0 Safari/537.36"
91.10.111.70 - - [12/Jan/2026:17:36:45 +0100] "GET /wp-content/plugins/elementor/assets/css/widget-progress.min.css?ver=3.34.1 HTTP/1.0" 304 3925 "https://jockers3.inglory.de/?elementor-preview=18&ver=1768235803" "Mozilla/5.0 (Macintosh; Intel Mac OS X 10_15_7) AppleWebKit/537.36 (KHTML, like Gecko) Chrome/143.0.0.0 Safari/537.36"
91.10.111.70 - - [12/Jan/2026:17:36:45 +0100] "GET /wp-content/plugins/elementor/assets/css/widget-icon-box.min.css?ver=3.34.1 HTTP/1.0" 304 3926 "https://jockers3.inglory.de/?elementor-preview=18&ver=1768235803" "Mozilla/5.0 (Macintosh; Intel Mac OS X 10_15_7) AppleWebKit/537.36 (KHTML, like Gecko) Chrome/143.0.0.0 Safari/537.36"
91.10.111.70 - - [12/Jan/2026:17:36:45 +0100] "GET /wp-content/plugins/elementor/assets/css/widget-counter.min.css?ver=3.34.1 HTTP/1.0" 304 3925 "https://jockers3.inglory.de/?elementor-preview=18&ver=1768235803" "Mozilla/5.0 (Macintosh; Intel Mac OS X 10_15_7) AppleWebKit/537.36 (KHTML, like Gecko) Chrome/143.0.0.0 Safari/537.36"
91.10.111.70 - - [12/Jan/2026:17:36:45 +0100] "GET /wp-content/plugins/elementor/assets/css/widget-image-gallery.min.css?ver=3.34.1 HTTP/1.0" 304 3925 "https://jockers3.inglory.de/?elementor-preview=18&ver=1768235803" "Mozilla/5.0 (Macintosh; Intel Mac OS X 10_15_7) AppleWebKit/537.36 (KHTML, like Gecko) Chrome/143.0.0.0 Safari/537.36"
94.130.90.54 - - [12/Jan/2026:17:36:45 +0100] "GET /wp-content/plugins/elementor-pro/assets/css/widget-gallery.min.css?ver=3.34.0 HTTP/1.1" 304 3411 "https://jockers3.inglory.de/?elementor-preview=18&ver=1768235803" "Serf/1.3.9 (mod_pagespeed/1.13.35.2-0)"
91.10.111.70 - - [12/Jan/2026:17:36:45 +0100] "GET /wp-content/plugins/elementor/assets/lib/font-awesome/css/fontawesome.min.css?ver=5.15.3 HTTP/1.0" 304 3906 "https://jockers3.inglory.de/?elementor-preview=18&ver=1768235803" "Mozilla/5.0 (Macintosh; Intel Mac OS X 10_15_7) AppleWebKit/537.36 (KHTML, like Gecko) Chrome/143.0.0.0 Safari/537.36"
91.10.111.70 - - [12/Jan/2026:17:36:45 +0100] "GET /wp-content/plugins/elementor/assets/lib/font-awesome/css/brands.min.css?ver=5.15.3 HTTP/1.0" 304 3906 "https://jockers3.inglory.de/?elementor-preview=18&ver=1768235803" "Mozilla/5.0 (Macintosh; Intel Mac OS X 10_15_7) AppleWebKit/537.36 (KHTML, like Gecko) Chrome/143.0.0.0 Safari/537.36"
91.10.111.70 - - [12/Jan/2026:17:36:45 +0100] "GET /wp-content/plugins/elementor/assets/lib/font-awesome/css/solid.min.css?ver=5.15.3 HTTP/1.0" 304 3906 "https://jockers3.inglory.de/?elementor-preview=18&ver=1768235803" "Mozilla/5.0 (Macintosh; Intel Mac OS X 10_15_7) AppleWebKit/537.36 (KHTML, like Gecko) Chrome/143.0.0.0 Safari/537.36"
91.10.111.70 - - [12/Jan/2026:17:36:45 +0100] "GET /wp-content/plugins/elementor-pro/assets/css/widget-carousel-module-base.min.css?ver=3.34.0 HTTP/1.0" 200 4778 "https://jockers3.inglory.de/?elementor-preview=18&ver=1768235803" "Mozilla/5.0 (Macintosh; Intel Mac OS X 10_15_7) AppleWebKit/537.36 (KHTML, like Gecko) Chrome/143.0.0.0 Safari/537.36"
94.130.90.54 - - [12/Jan/2026:17:36:45 +0100] "GET /wp-content/plugins/elementor/assets/lib/e-gallery/css/e-gallery.min.css?ver=1.2.0 HTTP/1.1" 304 3410 "https://jockers3.inglory.de/?elementor-preview=18&ver=1768235803" "Serf/1.3.9 (mod_pagespeed/1.13.35.2-0)"
91.10.111.70 - - [12/Jan/2026:17:36:45 +0100] "GET /wp-content/plugins/elementor-pro/assets/css/widget-nested-carousel.min.css?ver=3.34.0 HTTP/1.0" 200 5550 "https://jockers3.inglory.de/?elementor-preview=18&ver=1768235803" "Mozilla/5.0 (Macintosh; Intel Mac OS X 10_15_7) AppleWebKit/537.36 (KHTML, like Gecko) Chrome/143.0.0.0 Safari/537.36"
94.130.90.54 - - [12/Jan/2026:17:36:45 +0100] "GET /wp-content/plugins/elementor-pro/assets/css/conditionals/transitions.min.css?ver=3.34.0 HTTP/1.1" 304 3411 "https://jockers3.inglory.de/?elementor-preview=18&ver=1768235803" "Serf/1.3.9 (mod_pagespeed/1.13.35.2-0)"
91.10.111.70 - - [12/Jan/2026:17:36:45 +0100] "GET /wp-content/plugins/elementor-pro/assets/js/page-transitions.min.js?ver=3.34.0 HTTP/1.0" 304 3926 "https://jockers3.inglory.de/?elementor-preview=18&ver=1768235803" "Mozilla/5.0 (Macintosh; Intel Mac OS X 10_15_7) AppleWebKit/537.36 (KHTML, like Gecko) Chrome/143.0.0.0 Safari/537.36"
91.10.111.70 - - [12/Jan/2026:17:36:45 +0100] "GET /wp-includes/js/jquery/jquery.min.js?ver=3.7.1 HTTP/1.0" 304 3927 "https://jockers3.inglory.de/?elementor-preview=18&ver=1768235803" "Mozilla/5.0 (Macintosh; Intel Mac OS X 10_15_7) AppleWebKit/537.36 (KHTML, like Gecko) Chrome/143.0.0.0 Safari/537.36"
91.10.111.70 - - [12/Jan/2026:17:36:45 +0100] "GET /wp-includes/js/jquery/jquery-migrate.min.js?ver=3.4.1 HTTP/1.0" 304 3926 "https://jockers3.inglory.de/?elementor-preview=18&ver=1768235803" "Mozilla/5.0 (Macintosh; Intel Mac OS X 10_15_7) AppleWebKit/537.36 (KHTML, like Gecko) Chrome/143.0.0.0 Safari/537.36"
94.130.90.54 - - [12/Jan/2026:17:36:45 +0100] "GET /wp-content/plugins/elementor-pro/assets/css/widget-form.min.css?ver=3.34.0 HTTP/1.1" 304 3411 "https://jockers3.inglory.de/?elementor-preview=18&ver=1768235803" "Serf/1.3.9 (mod_pagespeed/1.13.35.2-0)"
94.130.90.54 - - [12/Jan/2026:17:36:45 +0100] "GET /wp-content/plugins/elementor-pro/assets/css/widget-login.min.css?ver=3.34.0 HTTP/1.1" 200 3677 "https://jockers3.inglory.de/?elementor-preview=18&ver=1768235803" "Serf/1.3.9 (mod_pagespeed/1.13.35.2-0)"
94.130.90.54 - - [12/Jan/2026:17:36:45 +0100] "GET /wp-content/plugins/elementor-pro/assets/css/widget-slides.min.css?ver=3.34.0 HTTP/1.1" 200 5908 "https://jockers3.inglory.de/?elementor-preview=18&ver=1768235803" "Serf/1.3.9 (mod_pagespeed/1.13.35.2-0)"
94.130.90.54 - - [12/Jan/2026:17:36:45 +0100] "GET /wp-content/plugins/elementor-pro/assets/css/widget-animated-headline.min.css?ver=3.34.0 HTTP/1.1" 200 15430 "https://jockers3.inglory.de/?elementor-preview=18&ver=1768235803" "Serf/1.3.9 (mod_pagespeed/1.13.35.2-0)"
94.130.90.54 - - [12/Jan/2026:17:36:45 +0100] "GET /wp-content/plugins/elementor-pro/assets/css/widget-hotspot.min.css?ver=3.34.0 HTTP/1.1" 200 9122 "https://jockers3.inglory.de/?elementor-preview=18&ver=1768235803" "Serf/1.3.9 (mod_pagespeed/1.13.35.2-0)"
91.10.111.70 - - [12/Jan/2026:17:36:45 +0100] "GET /wp-includes/js/dist/hooks.min.js?ver=dd5603f07f9220ed27f1 HTTP/1.0" 304 3926 "https://jockers3.inglory.de/?elementor-preview=18&ver=1768235803" "Mozilla/5.0 (Macintosh; Intel Mac OS X 10_15_7) AppleWebKit/537.36 (KHTML, like Gecko) Chrome/143.0.0.0 Safari/537.36"
94.130.90.54 - - [12/Jan/2026:17:36:45 +0100] "GET /wp-content/plugins/elementor-pro/assets/css/widget-price-list.min.css?ver=3.34.0 HTTP/1.1" 200 5153 "https://jockers3.inglory.de/?elementor-preview=18&ver=1768235803" "Serf/1.3.9 (mod_pagespeed/1.13.35.2-0)"
91.10.111.70 - - [12/Jan/2026:17:36:45 +0100] "GET /wp-includes/js/dist/i18n.min.js?ver=c26c3dc7bed366793375 HTTP/1.0" 304 3898 "https://jockers3.inglory.de/?elementor-preview=18&ver=1768235803" "Mozilla/5.0 (Macintosh; Intel Mac OS X 10_15_7) AppleWebKit/537.36 (KHTML, like Gecko) Chrome/143.0.0.0 Safari/537.36"
94.130.90.54 - - [12/Jan/2026:17:36:45 +0100] "GET /wp-content/plugins/elementor-pro/assets/css/widget-price-table.min.css?ver=3.34.0 HTTP/1.1" 200 6514 "https://jockers3.inglory.de/?elementor-preview=18&ver=1768235803" "Serf/1.3.9 (mod_pagespeed/1.13.35.2-0)"
94.130.90.54 - - [12/Jan/2026:17:36:45 +0100] "GET /wp-content/plugins/elementor-pro/assets/css/widget-flip-box.min.css?ver=3.34.0 HTTP/1.1" 200 13452 "https://jockers3.inglory.de/?elementor-preview=18&ver=1768235803" "Serf/1.3.9 (mod_pagespeed/1.13.35.2-0)"
94.130.90.54 - - [12/Jan/2026:17:36:45 +0100] "GET /wp-content/plugins/elementor-pro/assets/css/widget-call-to-action.min.css?ver=3.34.0 HTTP/1.1" 200 14596 "https://jockers3.inglory.de/?elementor-preview=18&ver=1768235803" "Serf/1.3.9 (mod_pagespeed/1.13.35.2-0)"
94.130.90.54 - - [12/Jan/2026:17:36:45 +0100] "GET /wp-content/plugins/elementor-pro/assets/css/widget-testimonial-carousel.min.css?ver=3.34.0 HTTP/1.1" 200 23289 "https://jockers3.inglory.de/?elementor-preview=18&ver=1768235803" "Serf/1.3.9 (mod_pagespeed/1.13.35.2-0)"
94.130.90.54 - - [12/Jan/2026:17:36:45 +0100] "GET /wp-content/plugins/elementor-pro/assets/css/widget-reviews.min.css?ver=3.34.0 HTTP/1.1" 200 11451 "https://jockers3.inglory.de/?elementor-preview=18&ver=1768235803" "Serf/1.3.9 (mod_pagespeed/1.13.35.2-0)"
94.130.90.54 - - [12/Jan/2026:17:36:45 +0100] "GET /wp-content/plugins/elementor-pro/assets/css/widget-table-of-contents.min.css?ver=3.34.0 HTTP/1.1" 200 7706 "https://jockers3.inglory.de/?elementor-preview=18&ver=1768235803" "Serf/1.3.9 (mod_pagespeed/1.13.35.2-0)"
94.130.90.54 - - [12/Jan/2026:17:36:45 +0100] "GET /wp-content/plugins/elementor-pro/assets/css/widget-countdown.min.css?ver=3.34.0 HTTP/1.1" 200 4802 "https://jockers3.inglory.de/?elementor-preview=18&ver=1768235803" "Serf/1.3.9 (mod_pagespeed/1.13.35.2-0)"
91.10.111.70 - - [12/Jan/2026:17:36:45 +0100] "GET /wp-content/plugins/elementor/assets/js/styleguide-app-initiator.min.js?ver=3.34.1 HTTP/1.0" 304 3926 "https://jockers3.inglory.de/?elementor-preview=18&ver=1768235803" "Mozilla/5.0 (Macintosh; Intel Mac OS X 10_15_7) AppleWebKit/537.36 (KHTML, like Gecko) Chrome/143.0.0.0 Safari/537.36"
91.10.111.70 - - [12/Jan/2026:17:36:45 +0100] "GET /wp-content/plugins/elementor-pro/assets//lib/instant-page/instant-page.min.js?ver=3.34.0 HTTP/1.0" 304 3925 "https://jockers3.inglory.de/?elementor-preview=18&ver=1768235803" "Mozilla/5.0 (Macintosh; Intel Mac OS X 10_15_7) AppleWebKit/537.36 (KHTML, like Gecko) Chrome/143.0.0.0 Safari/537.36"
91.10.111.70 - - [12/Jan/2026:17:36:45 +0100] "GET /wp-content/plugins/elementor-pro/assets/js/notes/notes-app-initiator.min.js?ver=3.34.0 HTTP/1.0" 304 3925 "https://jockers3.inglory.de/?elementor-preview=18&ver=1768235803" "Mozilla/5.0 (Macintosh; Intel Mac OS X 10_15_7) AppleWebKit/537.36 (KHTML, like Gecko) Chrome/143.0.0.0 Safari/537.36"
94.130.90.54 - - [12/Jan/2026:17:36:45 +0100] "GET /wp-content/plugins/elementor-pro/assets/css/widget-share-buttons.min.css?ver=3.34.0 HTTP/1.1" 200 36318 "https://jockers3.inglory.de/?elementor-preview=18&ver=1768235803" "Serf/1.3.9 (mod_pagespeed/1.13.35.2-0)"
91.10.111.70 - - [12/Jan/2026:17:36:45 +0100] "GET /wp-content/plugins/elementor/assets/lib/e-gallery/js/e-gallery.min.js?ver=1.2.0 HTTP/1.0" 304 3926 "https://jockers3.inglory.de/?elementor-preview=18&ver=1768235803" "Mozilla/5.0 (Macintosh; Intel Mac OS X 10_15_7) AppleWebKit/537.36 (KHTML, like Gecko) Chrome/143.0.0.0 Safari/537.36"
91.10.111.70 - - [12/Jan/2026:17:36:45 +0100] "GET /wp-content/plugins/elementor/assets/js/webpack.runtime.min.js?ver=3.34.1 HTTP/1.0" 200 6694 "https://jockers3.inglory.de/?elementor-preview=18&ver=1768235803" "Mozilla/5.0 (Macintosh; Intel Mac OS X 10_15_7) AppleWebKit/537.36 (KHTML, like Gecko) Chrome/143.0.0.0 Safari/537.36"
91.10.111.70 - - [12/Jan/2026:17:36:45 +0100] "GET /wp-content/plugins/elementor-pro/assets/lib/smartmenus/jquery.smartmenus.min.js?ver=1.2.1 HTTP/1.0" 304 3926 "https://jockers3.inglory.de/?elementor-preview=18&ver=1768235803" "Mozilla/5.0 (Macintosh; Intel Mac OS X 10_15_7) AppleWebKit/537.36 (KHTML, like Gecko) Chrome/143.0.0.0 Safari/537.36"
91.10.111.70 - - [12/Jan/2026:17:36:45 +0100] "GET /wp-content/plugins/elementor/assets/js/frontend-modules.min.js?ver=3.34.1 HTTP/1.0" 200 29804 "https://jockers3.inglory.de/?elementor-preview=18&ver=1768235803" "Mozilla/5.0 (Macintosh; Intel Mac OS X 10_15_7) AppleWebKit/537.36 (KHTML, like Gecko) Chrome/143.0.0.0 Safari/537.36"
91.10.111.70 - - [12/Jan/2026:17:36:45 +0100] "GET /wp-content/plugins/elementor/assets/js/frontend.min.js?ver=3.34.1 HTTP/1.0" 200 14528 "https://jockers3.inglory.de/?elementor-preview=18&ver=1768235803" "Mozilla/5.0 (Macintosh; Intel Mac OS X 10_15_7) AppleWebKit/537.36 (KHTML, like Gecko) Chrome/143.0.0.0 Safari/537.36"
94.130.90.54 - - [12/Jan/2026:17:36:45 +0100] "GET /wp-content/plugins/elementor-pro/assets/css/widget-search-form.min.css?ver=3.34.0 HTTP/1.1" 200 8372 "https://jockers3.inglory.de/?elementor-preview=18&ver=1768235803" "Serf/1.3.9 (mod_pagespeed/1.13.35.2-0)"
91.10.111.70 - - [12/Jan/2026:17:36:45 +0100] "GET /wp-content/plugins/elementor/assets/lib/jquery-numerator/jquery-numerator.min.js?ver=0.2.1 HTTP/1.0" 304 3925 "https://jockers3.inglory.de/?elementor-preview=18&ver=1768235803" "Mozilla/5.0 (Macintosh; Intel Mac OS X 10_15_7) AppleWebKit/537.36 (KHTML, like Gecko) Chrome/143.0.0.0 Safari/537.36"
91.10.111.70 - - [12/Jan/2026:17:36:45 +0100] "GET /wp-content/plugins/elementor-pro/assets/lib/sticky/jquery.sticky.min.js?ver=3.34.0 HTTP/1.0" 304 3925 "https://jockers3.inglory.de/?elementor-preview=18&ver=1768235803" "Mozilla/5.0 (Macintosh; Intel Mac OS X 10_15_7) AppleWebKit/537.36 (KHTML, like Gecko) Chrome/143.0.0.0 Safari/537.36"
91.10.111.70 - - [12/Jan/2026:17:36:45 +0100] "GET /wp-content/plugins/elementor/assets/lib/swiper/v8/swiper.min.js?ver=8.4.5 HTTP/1.0" 200 43905 "https://jockers3.inglory.de/?elementor-preview=18&ver=1768235803" "Mozilla/5.0 (Macintosh; Intel Mac OS X 10_15_7) AppleWebKit/537.36 (KHTML, like Gecko) Chrome/143.0.0.0 Safari/537.36"
94.130.90.54 - - [12/Jan/2026:17:36:45 +0100] "GET /wp-content/plugins/elementor-pro/assets/css/widget-author-box.min.css?ver=3.34.0 HTTP/1.1" 200 5812 "https://jockers3.inglory.de/?elementor-preview=18&ver=1768235803" "Serf/1.3.9 (mod_pagespeed/1.13.35.2-0)"
91.10.111.70 - - [12/Jan/2026:17:36:45 +0100] "GET /wp-includes/js/jquery/ui/core.min.js?ver=1.13.3 HTTP/1.0" 304 3926 "https://jockers3.inglory.de/?elementor-preview=18&ver=1768235803" "Mozilla/5.0 (Macintosh; Intel Mac OS X 10_15_7) AppleWebKit/537.36 (KHTML, like Gecko) Chrome/143.0.0.0 Safari/537.36"
91.10.111.70 - - [12/Jan/2026:17:36:45 +0100] "GET /wp-content/plugins/elementor-pro/assets/lib/lottie/lottie.min.js?ver=5.6.6 HTTP/1.0" 304 3927 "https://jockers3.inglory.de/?elementor-preview=18&ver=1768235803" "Mozilla/5.0 (Macintosh; Intel Mac OS X 10_15_7) AppleWebKit/537.36 (KHTML, like Gecko) Chrome/143.0.0.0 Safari/537.36"
91.10.111.70 - - [12/Jan/2026:17:36:45 +0100] "GET /wp-content/plugins/elementor-pro/assets/js/preview.min.js?ver=3.34.0 HTTP/1.0" 304 3926 "https://jockers3.inglory.de/?elementor-preview=18&ver=1768235803" "Mozilla/5.0 (Macintosh; Intel Mac OS X 10_15_7) AppleWebKit/537.36 (KHTML, like Gecko) Chrome/143.0.0.0 Safari/537.36"
91.10.111.70 - - [12/Jan/2026:17:36:45 +0100] "GET /wp-content/plugins/elementor/assets/lib/inline-editor/js/inline-editor.min.js?ver=3.34.1 HTTP/1.0" 304 3926 "https://jockers3.inglory.de/?elementor-preview=18&ver=1768235803" "Mozilla/5.0 (Macintosh; Intel Mac OS X 10_15_7) AppleWebKit/537.36 (KHTML, like Gecko) Chrome/143.0.0.0 Safari/537.36"
94.130.90.54 - - [12/Jan/2026:17:36:45 +0100] "GET /wp-content/plugins/elementor-pro/assets/css/widget-post-navigation.min.css?ver=3.34.0 HTTP/1.1" 200 6078 "https://jockers3.inglory.de/?elementor-preview=18&ver=1768235803" "Serf/1.3.9 (mod_pagespeed/1.13.35.2-0)"
91.10.111.70 - - [12/Jan/2026:17:36:45 +0100] "GET /wp-content/plugins/elementor/assets/js/elementor-admin-bar.min.js?ver=3.34.1 HTTP/1.0" 304 3926 "https://jockers3.inglory.de/?elementor-preview=18&ver=1768235803" "Mozilla/5.0 (Macintosh; Intel Mac OS X 10_15_7) AppleWebKit/537.36 (KHTML, like Gecko) Chrome/143.0.0.0 Safari/537.36"
91.10.111.70 - - [12/Jan/2026:17:36:45 +0100] "GET /wp-content/plugins/elementor-pro/assets/js/webpack-pro.runtime.min.js?ver=3.34.0 HTTP/1.0" 200 7073 "https://jockers3.inglory.de/?elementor-preview=18&ver=1768235803" "Mozilla/5.0 (Macintosh; Intel Mac OS X 10_15_7) AppleWebKit/537.36 (KHTML, like Gecko) Chrome/143.0.0.0 Safari/537.36"
94.130.90.54 - - [12/Jan/2026:17:36:45 +0100] "GET /wp-content/plugins/elementor-pro/assets/css/widget-post-info.min.css?ver=3.34.0 HTTP/1.1" 200 4096 "https://jockers3.inglory.de/?elementor-preview=18&ver=1768235803" "Serf/1.3.9 (mod_pagespeed/1.13.35.2-0)"
94.130.90.54 - - [12/Jan/2026:17:36:45 +0100] "GET /wp-content/plugins/elementor-pro/assets/css/widget-sitemap.min.css?ver=3.34.0 HTTP/1.1" 200 3635 "https://jockers3.inglory.de/?elementor-preview=18&ver=1768235803" "Serf/1.3.9 (mod_pagespeed/1.13.35.2-0)"
94.130.90.54 - - [12/Jan/2026:17:36:45 +0100] "GET /wp-content/plugins/elementor-pro/assets/css/widget-blockquote.min.css?ver=3.34.0 HTTP/1.1" 200 8804 "https://jockers3.inglory.de/?elementor-preview=18&ver=1768235803" "Serf/1.3.9 (mod_pagespeed/1.13.35.2-0)"
94.130.90.54 - - [12/Jan/2026:17:36:45 +0100] "GET /wp-content/plugins/elementor-pro/assets/css/widget-social.min.css?ver=3.34.0 HTTP/1.1" 200 3894 "https://jockers3.inglory.de/?elementor-preview=18&ver=1768235803" "Serf/1.3.9 (mod_pagespeed/1.13.35.2-0)"
94.130.90.54 - - [12/Jan/2026:17:36:45 +0100] "GET /wp-content/plugins/elementor-pro/assets/css/widget-lottie.min.css?ver=3.34.0 HTTP/1.1" 200 4083 "https://jockers3.inglory.de/?elementor-preview=18&ver=1768235803" "Serf/1.3.9 (mod_pagespeed/1.13.35.2-0)"
94.130.90.54 - - [12/Jan/2026:17:36:45 +0100] "GET /wp-content/plugins/elementor-pro/assets/css/widget-code-highlight.min.css?ver=3.34.0 HTTP/1.1" 200 22530 "https://jockers3.inglory.de/?elementor-preview=18&ver=1768235803" "Serf/1.3.9 (mod_pagespeed/1.13.35.2-0)"
94.130.90.54 - - [12/Jan/2026:17:36:45 +0100] "GET /wp-content/plugins/elementor-pro/assets/css/widget-video-playlist.min.css?ver=3.34.0 HTTP/1.1" 200 14002 "https://jockers3.inglory.de/?elementor-preview=18&ver=1768235803" "Serf/1.3.9 (mod_pagespeed/1.13.35.2-0)"
94.130.90.54 - - [12/Jan/2026:17:36:45 +0100] "GET /wp-content/plugins/elementor-pro/assets/css/widget-progress-tracker.min.css?ver=3.34.0 HTTP/1.1" 200 6363 "https://jockers3.inglory.de/?elementor-preview=18&ver=1768235803" "Serf/1.3.9 (mod_pagespeed/1.13.35.2-0)"
94.130.90.54 - - [12/Jan/2026:17:36:45 +0100] "GET /wp-content/plugins/elementor-pro/assets/css/widget-loop-filter.min.css?ver=3.34.0 HTTP/1.1" 200 6557 "https://jockers3.inglory.de/?elementor-preview=18&ver=1768235803" "Serf/1.3.9 (mod_pagespeed/1.13.35.2-0)"
94.130.90.54 - - [12/Jan/2026:17:36:45 +0100] "GET /wp-content/plugins/elementor/assets/css/widget-link-in-bio-var-2.min.css?ver=3.34.1 HTTP/1.1" 200 4357 "https://jockers3.inglory.de/?elementor-preview=18&ver=1768235803" "Serf/1.3.9 (mod_pagespeed/1.13.35.2-0)"
94.130.90.54 - - [12/Jan/2026:17:36:45 +0100] "GET /wp-content/plugins/elementor/assets/css/widget-link-in-bio-var-3.min.css?ver=3.34.1 HTTP/1.1" 200 4240 "https://jockers3.inglory.de/?elementor-preview=18&ver=1768235803" "Serf/1.3.9 (mod_pagespeed/1.13.35.2-0)"
94.130.90.54 - - [12/Jan/2026:17:36:45 +0100] "GET /wp-content/plugins/elementor/assets/css/widget-link-in-bio-var-4.min.css?ver=3.34.1 HTTP/1.1" 200 4324 "https://jockers3.inglory.de/?elementor-preview=18&ver=1768235803" "Serf/1.3.9 (mod_pagespeed/1.13.35.2-0)"
94.130.90.54 - - [12/Jan/2026:17:36:45 +0100] "GET /wp-content/plugins/elementor/assets/css/widget-link-in-bio-var-5.min.css?ver=3.34.1 HTTP/1.1" 200 5165 "https://jockers3.inglory.de/?elementor-preview=18&ver=1768235803" "Serf/1.3.9 (mod_pagespeed/1.13.35.2-0)"
94.130.90.54 - - [12/Jan/2026:17:36:45 +0100] "GET /wp-content/plugins/elementor/assets/css/widget-link-in-bio-var-7.min.css?ver=3.34.1 HTTP/1.1" 200 5220 "https://jockers3.inglory.de/?elementor-preview=18&ver=1768235803" "Serf/1.3.9 (mod_pagespeed/1.13.35.2-0)"
94.130.90.54 - - [12/Jan/2026:17:36:45 +0100] "GET /wp-content/plugins/elementor/assets/css/widget-contact-buttons-var-1.min.css?ver=3.34.1 HTTP/1.1" 200 7071 "https://jockers3.inglory.de/?elementor-preview=18&ver=1768235803" "Serf/1.3.9 (mod_pagespeed/1.13.35.2-0)"
94.130.90.54 - - [12/Jan/2026:17:36:45 +0100] "GET /wp-content/plugins/elementor/assets/css/widget-contact-buttons-var-3.min.css?ver=3.34.1 HTTP/1.1" 200 15456 "https://jockers3.inglory.de/?elementor-preview=18&ver=1768235803" "Serf/1.3.9 (mod_pagespeed/1.13.35.2-0)"
94.130.90.54 - - [12/Jan/2026:17:36:45 +0100] "GET /wp-content/plugins/elementor/assets/css/widget-contact-buttons-var-4.min.css?ver=3.34.1 HTTP/1.1" 200 11556 "https://jockers3.inglory.de/?elementor-preview=18&ver=1768235803" "Serf/1.3.9 (mod_pagespeed/1.13.35.2-0)"
94.130.90.54 - - [12/Jan/2026:17:36:45 +0100] "GET /wp-content/plugins/elementor/assets/css/widget-contact-buttons-var-6.min.css?ver=3.34.1 HTTP/1.1" 200 6794 "https://jockers3.inglory.de/?elementor-preview=18&ver=1768235803" "Serf/1.3.9 (mod_pagespeed/1.13.35.2-0)"
94.130.90.54 - - [12/Jan/2026:17:36:45 +0100] "GET /wp-content/plugins/elementor/assets/css/widget-contact-buttons-var-7.min.css?ver=3.34.1 HTTP/1.1" 200 5943 "https://jockers3.inglory.de/?elementor-preview=18&ver=1768235803" "Serf/1.3.9 (mod_pagespeed/1.13.35.2-0)"
94.130.90.54 - - [12/Jan/2026:17:36:45 +0100] "GET /wp-content/plugins/elementor/assets/css/widget-contact-buttons-var-8.min.css?ver=3.34.1 HTTP/1.1" 200 9072 "https://jockers3.inglory.de/?elementor-preview=18&ver=1768235803" "Serf/1.3.9 (mod_pagespeed/1.13.35.2-0)"
94.130.90.54 - - [12/Jan/2026:17:36:45 +0100] "GET /wp-content/plugins/elementor/assets/css/widget-contact-buttons-var-9.min.css?ver=3.34.1 HTTP/1.1" 200 13041 "https://jockers3.inglory.de/?elementor-preview=18&ver=1768235803" "Serf/1.3.9 (mod_pagespeed/1.13.35.2-0)"
94.130.90.54 - - [12/Jan/2026:17:36:45 +0100] "GET /wp-content/plugins/elementor/assets/css/widget-contact-buttons-var-10.min.css?ver=3.34.1 HTTP/1.1" 200 13150 "https://jockers3.inglory.de/?elementor-preview=18&ver=1768235803" "Serf/1.3.9 (mod_pagespeed/1.13.35.2-0)"
94.130.90.54 - - [12/Jan/2026:17:36:45 +0100] "GET /wp-content/plugins/elementor/assets/css/widget-floating-bars-var-2.min.css?ver=3.34.1 HTTP/1.1" 200 8801 "https://jockers3.inglory.de/?elementor-preview=18&ver=1768235803" "Serf/1.3.9 (mod_pagespeed/1.13.35.2-0)"
94.130.90.54 - - [12/Jan/2026:17:36:45 +0100] "GET /wp-content/plugins/elementor/assets/css/widget-floating-bars-var-3.min.css?ver=3.34.1 HTTP/1.1" 200 8498 "https://jockers3.inglory.de/?elementor-preview=18&ver=1768235803" "Serf/1.3.9 (mod_pagespeed/1.13.35.2-0)"
94.130.90.54 - - [12/Jan/2026:17:36:45 +0100] "GET /wp-content/plugins/elementor-pro/assets/css/widget-search.min.css?ver=3.34.0 HTTP/1.1" 200 17015 "https://jockers3.inglory.de/?elementor-preview=18&ver=1768235803" "Serf/1.3.9 (mod_pagespeed/1.13.35.2-0)"
94.130.90.54 - - [12/Jan/2026:17:36:45 +0100] "GET /wp-content/plugins/elementor/assets/lib/e-select2/css/e-select2.min.css?ver=4.0.6-rc.1 HTTP/1.1" 200 18341 "https://jockers3.inglory.de/?elementor-preview=18&ver=1768235803" "Serf/1.3.9 (mod_pagespeed/1.13.35.2-0)"
91.10.111.70 - - [12/Jan/2026:17:36:45 +0100] "POST /mod_pagespeed_beacon?url=https%3A%2F%2Fjockers3.inglory.de%2F%3Felementor-preview%3D18%26ver%3D1768235803 HTTP/1.0" 204 3904 "https://jockers3.inglory.de/?elementor-preview=18&ver=1768235803" "Mozilla/5.0 (Macintosh; Intel Mac OS X 10_15_7) AppleWebKit/537.36 (KHTML, like Gecko) Chrome/143.0.0.0 Safari/537.36"
94.130.90.54 - - [12/Jan/2026:17:36:45 +0100] "GET /wp-includes/js/mediaelement/wp-mediaelement.min.css?ver=6.9 HTTP/1.1" 200 7753 "https://jockers3.inglory.de/?elementor-preview=18&ver=1768235803" "Serf/1.3.9 (mod_pagespeed/1.13.35.2-0)"
94.130.90.54 - - [12/Jan/2026:17:36:45 +0100] "GET /wp-content/plugins/elementor-pro/assets/css/preview.min.css?ver=3.34.0 HTTP/1.1" 200 12683 "https://jockers3.inglory.de/?elementor-preview=18&ver=1768235803" "Serf/1.3.9 (mod_pagespeed/1.13.35.2-0)"
94.130.90.54 - - [12/Jan/2026:17:36:45 +0100] "GET /wp-content/plugins/elementor/assets/css/modules/ai/layout-preview.min.css?ver=3.34.1 HTTP/1.1" 200 7701 "https://jockers3.inglory.de/?elementor-preview=18&ver=1768235803" "Serf/1.3.9 (mod_pagespeed/1.13.35.2-0)"
94.130.90.54 - - [12/Jan/2026:17:36:45 +0100] "GET /wp-content/plugins/elementor/assets/css/modules/styleguide/editor.min.css?ver=3.34.1 HTTP/1.1" 200 4252 "https://jockers3.inglory.de/?elementor-preview=18&ver=1768235803" "Serf/1.3.9 (mod_pagespeed/1.13.35.2-0)"
94.130.90.54 - - [12/Jan/2026:17:36:45 +0100] "GET /wp-content/plugins/elementor-pro/assets/css/modules/motion-fx.min.css?ver=3.34.0 HTTP/1.1" 200 4314 "https://jockers3.inglory.de/?elementor-preview=18&ver=1768235803" "Serf/1.3.9 (mod_pagespeed/1.13.35.2-0)"
94.130.90.54 - - [12/Jan/2026:17:36:45 +0100] "GET /wp-content/plugins/elementor-pro/assets/css/conditionals/ribbon.min.css?ver=3.34.0 HTTP/1.1" 200 4249 "https://jockers3.inglory.de/?elementor-preview=18&ver=1768235803" "Serf/1.3.9 (mod_pagespeed/1.13.35.2-0)"
94.130.90.54 - - [12/Jan/2026:17:36:45 +0100] "GET /wp-content/plugins/elementor/assets/lib/flatpickr/flatpickr.min.css?ver=4.6.13 HTTP/1.1" 200 19156 "https://jockers3.inglory.de/?elementor-preview=18&ver=1768235803" "Serf/1.3.9 (mod_pagespeed/1.13.35.2-0)"
94.130.90.54 - - [12/Jan/2026:17:36:45 +0100] "GET /wp-content/plugins/elementor/assets/css/conditionals/shapes.min.css?ver=3.34.1 HTTP/1.1" 200 4181 "https://jockers3.inglory.de/?elementor-preview=18&ver=1768235803" "Serf/1.3.9 (mod_pagespeed/1.13.35.2-0)"
94.130.90.54 - - [12/Jan/2026:17:36:45 +0100] "GET /wp-content/plugins/elementor/assets/lib/animations/styles/fadeInDown.min.css?ver=3.34.1 HTTP/1.1" 200 3672 "https://jockers3.inglory.de/?elementor-preview=18&ver=1768235803" "Serf/1.3.9 (mod_pagespeed/1.13.35.2-0)"
94.130.90.54 - - [12/Jan/2026:17:36:45 +0100] "GET /wp-content/plugins/elementor/assets/lib/animations/styles/fadeInLeft.min.css?ver=3.34.1 HTTP/1.1" 200 3672 "https://jockers3.inglory.de/?elementor-preview=18&ver=1768235803" "Serf/1.3.9 (mod_pagespeed/1.13.35.2-0)"
94.130.90.54 - - [12/Jan/2026:17:36:45 +0100] "GET /wp-content/plugins/elementor/assets/lib/animations/styles/fadeInRight.min.css?ver=3.34.1 HTTP/1.1" 200 3674 "https://jockers3.inglory.de/?elementor-preview=18&ver=1768235803" "Serf/1.3.9 (mod_pagespeed/1.13.35.2-0)"
94.130.90.54 - - [12/Jan/2026:17:36:45 +0100] "GET /wp-content/plugins/elementor/assets/lib/animations/styles/fadeInUp.min.css?ver=3.34.1 HTTP/1.1" 200 3665 "https://jockers3.inglory.de/?elementor-preview=18&ver=1768235803" "Serf/1.3.9 (mod_pagespeed/1.13.35.2-0)"
94.130.90.54 - - [12/Jan/2026:17:36:45 +0100] "GET /wp-content/plugins/elementor/assets/lib/animations/styles/zoomIn.min.css?ver=3.34.1 HTTP/1.1" 200 3641 "https://jockers3.inglory.de/?elementor-preview=18&ver=1768235803" "Serf/1.3.9 (mod_pagespeed/1.13.35.2-0)"
94.130.90.54 - - [12/Jan/2026:17:36:45 +0100] "GET /wp-content/plugins/elementor/assets/lib/animations/styles/zoomInDown.min.css?ver=3.34.1 HTTP/1.1" 200 3856 "https://jockers3.inglory.de/?elementor-preview=18&ver=1768235803" "Serf/1.3.9 (mod_pagespeed/1.13.35.2-0)"
94.130.90.54 - - [12/Jan/2026:17:36:45 +0100] "GET /wp-content/plugins/elementor/assets/lib/animations/styles/zoomInLeft.min.css?ver=3.34.1 HTTP/1.1" 200 3856 "https://jockers3.inglory.de/?elementor-preview=18&ver=1768235803" "Serf/1.3.9 (mod_pagespeed/1.13.35.2-0)"
94.130.90.54 - - [12/Jan/2026:17:36:45 +0100] "GET /wp-content/plugins/elementor/assets/lib/animations/styles/zoomInRight.min.css?ver=3.34.1 HTTP/1.1" 200 3859 "https://jockers3.inglory.de/?elementor-preview=18&ver=1768235803" "Serf/1.3.9 (mod_pagespeed/1.13.35.2-0)"
94.130.90.54 - - [12/Jan/2026:17:36:45 +0100] "GET /wp-content/plugins/elementor/assets/lib/animations/styles/zoomInUp.min.css?ver=3.34.1 HTTP/1.1" 200 3850 "https://jockers3.inglory.de/?elementor-preview=18&ver=1768235803" "Serf/1.3.9 (mod_pagespeed/1.13.35.2-0)"
94.130.90.54 - - [12/Jan/2026:17:36:45 +0100] "GET /wp-content/plugins/elementor/assets/lib/animations/styles/bounceIn.min.css?ver=3.34.1 HTTP/1.1" 200 3903 "https://jockers3.inglory.de/?elementor-preview=18&ver=1768235803" "Serf/1.3.9 (mod_pagespeed/1.13.35.2-0)"
94.130.90.54 - - [12/Jan/2026:17:36:45 +0100] "GET /wp-content/plugins/elementor/assets/lib/animations/styles/bounceInDown.min.css?ver=3.34.1 HTTP/1.1" 200 3866 "https://jockers3.inglory.de/?elementor-preview=18&ver=1768235803" "Serf/1.3.9 (mod_pagespeed/1.13.35.2-0)"
94.130.90.54 - - [12/Jan/2026:17:36:45 +0100] "GET /wp-content/plugins/elementor/assets/lib/animations/styles/bounceInLeft.min.css?ver=3.34.1 HTTP/1.1" 200 3866 "https://jockers3.inglory.de/?elementor-preview=18&ver=1768235803" "Serf/1.3.9 (mod_pagespeed/1.13.35.2-0)"
94.130.90.54 - - [12/Jan/2026:17:36:45 +0100] "GET /wp-content/plugins/elementor/assets/lib/animations/styles/bounceInRight.min.css?ver=3.34.1 HTTP/1.1" 200 3871 "https://jockers3.inglory.de/?elementor-preview=18&ver=1768235803" "Serf/1.3.9 (mod_pagespeed/1.13.35.2-0)"
94.130.90.54 - - [12/Jan/2026:17:36:45 +0100] "GET /wp-content/plugins/elementor/assets/lib/animations/styles/bounceInUp.min.css?ver=3.34.1 HTTP/1.1" 200 3876 "https://jockers3.inglory.de/?elementor-preview=18&ver=1768235803" "Serf/1.3.9 (mod_pagespeed/1.13.35.2-0)"
94.130.90.54 - - [12/Jan/2026:17:36:45 +0100] "GET /wp-content/plugins/elementor/assets/lib/animations/styles/slideInDown.min.css?ver=3.34.1 HTTP/1.1" 200 3688 "https://jockers3.inglory.de/?elementor-preview=18&ver=1768235803" "Serf/1.3.9 (mod_pagespeed/1.13.35.2-0)"
94.130.90.54 - - [12/Jan/2026:17:36:45 +0100] "GET /wp-content/plugins/elementor/assets/lib/animations/styles/slideInLeft.min.css?ver=3.34.1 HTTP/1.1" 200 3688 "https://jockers3.inglory.de/?elementor-preview=18&ver=1768235803" "Serf/1.3.9 (mod_pagespeed/1.13.35.2-0)"
94.130.90.54 - - [12/Jan/2026:17:36:45 +0100] "GET /wp-content/plugins/elementor/assets/lib/animations/styles/slideInRight.min.css?ver=3.34.1 HTTP/1.1" 200 3690 "https://jockers3.inglory.de/?elementor-preview=18&ver=1768235803" "Serf/1.3.9 (mod_pagespeed/1.13.35.2-0)"
