94.130.90.54 - - [12/Jan/2026:16:56:49 +0100] "GET /wp-content/plugins/elementor-pro/assets/css/widget-post-navigation.min.css?ver=3.34.0 HTTP/1.1" 200 6078 "https://jockers3.inglory.de/?elementor-preview=18&ver=1768233407" "Serf/1.3.9 (mod_pagespeed/1.13.35.2-0)"
91.10.111.70 - - [12/Jan/2026:16:56:49 +0100] "GET /wp-content/plugins/elementor/assets/lib/animations/styles/slideInLeft.min.css?ver=3.34.1 HTTP/1.0" 200 4202 "https://jockers3.inglory.de/?elementor-preview=18&ver=1768233407" "Mozilla/5.0 (Macintosh; Intel Mac OS X 10_15_7) AppleWebKit/537.36 (KHTML, like Gecko) Chrome/143.0.0.0 Safari/537.36"
94.130.90.54 - - [12/Jan/2026:16:56:49 +0100] "GET /wp-content/plugins/elementor-pro/assets/css/widget-post-info.min.css?ver=3.34.0 HTTP/1.1" 200 4096 "https://jockers3.inglory.de/?elementor-preview=18&ver=1768233407" "Serf/1.3.9 (mod_pagespeed/1.13.35.2-0)"
91.10.111.70 - - [12/Jan/2026:16:56:49 +0100] "GET /wp-content/plugins/elementor/assets/lib/animations/styles/slideInRight.min.css?ver=3.34.1 HTTP/1.0" 200 4202 "https://jockers3.inglory.de/?elementor-preview=18&ver=1768233407" "Mozilla/5.0 (Macintosh; Intel Mac OS X 10_15_7) AppleWebKit/537.36 (KHTML, like Gecko) Chrome/143.0.0.0 Safari/537.36"
91.10.111.70 - - [12/Jan/2026:16:56:49 +0100] "GET /wp-content/plugins/elementor/assets/lib/animations/styles/rotateInUpRight.min.css?ver=3.34.1 HTTP/1.0" 200 4219 "https://jockers3.inglory.de/?elementor-preview=18&ver=1768233407" "Mozilla/5.0 (Macintosh; Intel Mac OS X 10_15_7) AppleWebKit/537.36 (KHTML, like Gecko) Chrome/143.0.0.0 Safari/537.36"
91.10.111.70 - - [12/Jan/2026:16:56:49 +0100] "GET /wp-content/plugins/elementor/assets/lib/animations/styles/rotateInDownRight.min.css?ver=3.34.1 HTTP/1.0" 200 4222 "https://jockers3.inglory.de/?elementor-preview=18&ver=1768233407" "Mozilla/5.0 (Macintosh; Intel Mac OS X 10_15_7) AppleWebKit/537.36 (KHTML, like Gecko) Chrome/143.0.0.0 Safari/537.36"
91.10.111.70 - - [12/Jan/2026:16:56:49 +0100] "GET /wp-content/plugins/elementor/assets/lib/animations/styles/slideInUp.min.css?ver=3.34.1 HTTP/1.0" 200 4198 "https://jockers3.inglory.de/?elementor-preview=18&ver=1768233407" "Mozilla/5.0 (Macintosh; Intel Mac OS X 10_15_7) AppleWebKit/537.36 (KHTML, like Gecko) Chrome/143.0.0.0 Safari/537.36"
94.130.90.54 - - [12/Jan/2026:16:56:49 +0100] "GET /wp-content/plugins/elementor-pro/assets/css/widget-sitemap.min.css?ver=3.34.0 HTTP/1.1" 200 3635 "https://jockers3.inglory.de/?elementor-preview=18&ver=1768233407" "Serf/1.3.9 (mod_pagespeed/1.13.35.2-0)"
91.10.111.70 - - [12/Jan/2026:16:56:49 +0100] "GET /wp-content/plugins/elementor/assets/lib/animations/styles/rotateIn.min.css?ver=3.34.1 HTTP/1.0" 200 4209 "https://jockers3.inglory.de/?elementor-preview=18&ver=1768233407" "Mozilla/5.0 (Macintosh; Intel Mac OS X 10_15_7) AppleWebKit/537.36 (KHTML, like Gecko) Chrome/143.0.0.0 Safari/537.36"
91.10.111.70 - - [12/Jan/2026:16:56:49 +0100] "GET /wp-content/plugins/elementor/assets/lib/animations/styles/rotateInUpLeft.min.css?ver=3.34.1 HTTP/1.0" 200 4218 "https://jockers3.inglory.de/?elementor-preview=18&ver=1768233407" "Mozilla/5.0 (Macintosh; Intel Mac OS X 10_15_7) AppleWebKit/537.36 (KHTML, like Gecko) Chrome/143.0.0.0 Safari/537.36"
91.10.111.70 - - [12/Jan/2026:16:56:49 +0100] "GET /wp-content/plugins/elementor/assets/lib/animations/styles/rotateInDownLeft.min.css?ver=3.34.1 HTTP/1.0" 200 4221 "https://jockers3.inglory.de/?elementor-preview=18&ver=1768233407" "Mozilla/5.0 (Macintosh; Intel Mac OS X 10_15_7) AppleWebKit/537.36 (KHTML, like Gecko) Chrome/143.0.0.0 Safari/537.36"
91.10.111.70 - - [12/Jan/2026:16:56:49 +0100] "GET /wp-content/plugins/elementor/assets/lib/animations/styles/bounce.min.css?ver=3.34.1 HTTP/1.0" 200 4283 "https://jockers3.inglory.de/?elementor-preview=18&ver=1768233407" "Mozilla/5.0 (Macintosh; Intel Mac OS X 10_15_7) AppleWebKit/537.36 (KHTML, like Gecko) Chrome/143.0.0.0 Safari/537.36"
91.10.111.70 - - [12/Jan/2026:16:56:49 +0100] "GET /wp-content/plugins/elementor/assets/lib/animations/styles/flash.min.css?ver=3.34.1 HTTP/1.0" 200 4169 "https://jockers3.inglory.de/?elementor-preview=18&ver=1768233407" "Mozilla/5.0 (Macintosh; Intel Mac OS X 10_15_7) AppleWebKit/537.36 (KHTML, like Gecko) Chrome/143.0.0.0 Safari/537.36"
91.10.111.70 - - [12/Jan/2026:16:56:49 +0100] "GET /wp-content/plugins/elementor/assets/lib/animations/styles/rubberBand.min.css?ver=3.34.1 HTTP/1.0" 200 4227 "https://jockers3.inglory.de/?elementor-preview=18&ver=1768233407" "Mozilla/5.0 (Macintosh; Intel Mac OS X 10_15_7) AppleWebKit/537.36 (KHTML, like Gecko) Chrome/143.0.0.0 Safari/537.36"
91.10.111.70 - - [12/Jan/2026:16:56:49 +0100] "GET /wp-content/plugins/elementor/assets/lib/animations/styles/e-animation-pulse.min.css?ver=3.34.1 HTTP/1.0" 200 4244 "https://jockers3.inglory.de/?elementor-preview=18&ver=1768233407" "Mozilla/5.0 (Macintosh; Intel Mac OS X 10_15_7) AppleWebKit/537.36 (KHTML, like Gecko) Chrome/143.0.0.0 Safari/537.36"
91.10.111.70 - - [12/Jan/2026:16:56:49 +0100] "GET /wp-content/plugins/elementor/assets/lib/animations/styles/headShake.min.css?ver=3.34.1 HTTP/1.0" 200 4251 "https://jockers3.inglory.de/?elementor-preview=18&ver=1768233407" "Mozilla/5.0 (Macintosh; Intel Mac OS X 10_15_7) AppleWebKit/537.36 (KHTML, like Gecko) Chrome/143.0.0.0 Safari/537.36"
94.130.90.54 - - [12/Jan/2026:16:56:49 +0100] "GET /wp-content/plugins/elementor-pro/assets/css/widget-blockquote.min.css?ver=3.34.0 HTTP/1.1" 200 8804 "https://jockers3.inglory.de/?elementor-preview=18&ver=1768233407" "Serf/1.3.9 (mod_pagespeed/1.13.35.2-0)"
91.10.111.70 - - [12/Jan/2026:16:56:49 +0100] "GET /wp-content/plugins/elementor/assets/lib/animations/styles/shake.min.css?ver=3.34.1 HTTP/1.0" 200 4206 "https://jockers3.inglory.de/?elementor-preview=18&ver=1768233407" "Mozilla/5.0 (Macintosh; Intel Mac OS X 10_15_7) AppleWebKit/537.36 (KHTML, like Gecko) Chrome/143.0.0.0 Safari/537.36"
91.10.111.70 - - [12/Jan/2026:16:56:49 +0100] "GET /wp-content/plugins/elementor/assets/lib/animations/styles/tada.min.css?ver=3.34.1 HTTP/1.0" 200 4235 "https://jockers3.inglory.de/?elementor-preview=18&ver=1768233407" "Mozilla/5.0 (Macintosh; Intel Mac OS X 10_15_7) AppleWebKit/537.36 (KHTML, like Gecko) Chrome/143.0.0.0 Safari/537.36"
91.10.111.70 - - [12/Jan/2026:16:56:49 +0100] "GET /wp-content/plugins/elementor/assets/lib/animations/styles/lightSpeedIn.min.css?ver=3.34.1 HTTP/1.0" 200 4250 "https://jockers3.inglory.de/?elementor-preview=18&ver=1768233407" "Mozilla/5.0 (Macintosh; Intel Mac OS X 10_15_7) AppleWebKit/537.36 (KHTML, like Gecko) Chrome/143.0.0.0 Safari/537.36"
91.10.111.70 - - [12/Jan/2026:16:56:49 +0100] "GET /wp-content/plugins/elementor/assets/lib/animations/styles/e-animation-shrink.min.css?ver=3.34.1 HTTP/1.0" 200 4197 "https://jockers3.inglory.de/?elementor-preview=18&ver=1768233407" "Mozilla/5.0 (Macintosh; Intel Mac OS X 10_15_7) AppleWebKit/537.36 (KHTML, like Gecko) Chrome/143.0.0.0 Safari/537.36"
91.10.111.70 - - [12/Jan/2026:16:56:49 +0100] "GET /wp-content/plugins/elementor/assets/lib/animations/styles/wobble.min.css?ver=3.34.1 HTTP/1.0" 200 4236 "https://jockers3.inglory.de/?elementor-preview=18&ver=1768233407" "Mozilla/5.0 (Macintosh; Intel Mac OS X 10_15_7) AppleWebKit/537.36 (KHTML, like Gecko) Chrome/143.0.0.0 Safari/537.36"
91.10.111.70 - - [12/Jan/2026:16:56:49 +0100] "GET /wp-content/plugins/elementor/assets/lib/animations/styles/e-animation-pulse-grow.min.css?ver=3.34.1 HTTP/1.0" 200 4249 "https://jockers3.inglory.de/?elementor-preview=18&ver=1768233407" "Mozilla/5.0 (Macintosh; Intel Mac OS X 10_15_7) AppleWebKit/537.36 (KHTML, like Gecko) Chrome/143.0.0.0 Safari/537.36"
94.130.90.54 - - [12/Jan/2026:16:56:49 +0100] "GET /wp-content/plugins/elementor-pro/assets/css/widget-social.min.css?ver=3.34.0 HTTP/1.1" 200 3894 "https://jockers3.inglory.de/?elementor-preview=18&ver=1768233407" "Serf/1.3.9 (mod_pagespeed/1.13.35.2-0)"
91.10.111.70 - - [12/Jan/2026:16:56:49 +0100] "GET /wp-content/plugins/elementor/assets/lib/animations/styles/e-animation-pulse-shrink.min.css?ver=3.34.1 HTTP/1.0" 200 4249 "https://jockers3.inglory.de/?elementor-preview=18&ver=1768233407" "Mozilla/5.0 (Macintosh; Intel Mac OS X 10_15_7) AppleWebKit/537.36 (KHTML, like Gecko) Chrome/143.0.0.0 Safari/537.36"
91.10.111.70 - - [12/Jan/2026:16:56:49 +0100] "GET /wp-content/plugins/elementor/assets/lib/animations/styles/e-animation-grow.min.css?ver=3.34.1 HTTP/1.0" 200 4197 "https://jockers3.inglory.de/?elementor-preview=18&ver=1768233407" "Mozilla/5.0 (Macintosh; Intel Mac OS X 10_15_7) AppleWebKit/537.36 (KHTML, like Gecko) Chrome/143.0.0.0 Safari/537.36"
91.10.111.70 - - [12/Jan/2026:16:56:49 +0100] "GET /wp-content/plugins/elementor/assets/lib/animations/styles/e-animation-push.min.css?ver=3.34.1 HTTP/1.0" 200 4241 "https://jockers3.inglory.de/?elementor-preview=18&ver=1768233407" "Mozilla/5.0 (Macintosh; Intel Mac OS X 10_15_7) AppleWebKit/537.36 (KHTML, like Gecko) Chrome/143.0.0.0 Safari/537.36"
91.10.111.70 - - [12/Jan/2026:16:56:49 +0100] "GET /wp-content/plugins/elementor/assets/lib/animations/styles/jello.min.css?ver=3.34.1 HTTP/1.0" 200 4283 "https://jockers3.inglory.de/?elementor-preview=18&ver=1768233407" "Mozilla/5.0 (Macintosh; Intel Mac OS X 10_15_7) AppleWebKit/537.36 (KHTML, like Gecko) Chrome/143.0.0.0 Safari/537.36"
91.10.111.70 - - [12/Jan/2026:16:56:49 +0100] "GET /wp-content/plugins/elementor/assets/lib/animations/styles/e-animation-pop.min.css?ver=3.34.1 HTTP/1.0" 200 4234 "https://jockers3.inglory.de/?elementor-preview=18&ver=1768233407" "Mozilla/5.0 (Macintosh; Intel Mac OS X 10_15_7) AppleWebKit/537.36 (KHTML, like Gecko) Chrome/143.0.0.0 Safari/537.36"
91.10.111.70 - - [12/Jan/2026:16:56:49 +0100] "GET /wp-content/plugins/elementor/assets/lib/animations/styles/rollIn.min.css?ver=3.34.1 HTTP/1.0" 200 4212 "https://jockers3.inglory.de/?elementor-preview=18&ver=1768233407" "Mozilla/5.0 (Macintosh; Intel Mac OS X 10_15_7) AppleWebKit/537.36 (KHTML, like Gecko) Chrome/143.0.0.0 Safari/537.36"
91.10.111.70 - - [12/Jan/2026:16:56:49 +0100] "GET /wp-content/plugins/elementor/assets/lib/animations/styles/e-animation-bounce-in.min.css?ver=3.34.1 HTTP/1.0" 200 4228 "https://jockers3.inglory.de/?elementor-preview=18&ver=1768233407" "Mozilla/5.0 (Macintosh; Intel Mac OS X 10_15_7) AppleWebKit/537.36 (KHTML, like Gecko) Chrome/143.0.0.0 Safari/537.36"
94.130.90.54 - - [12/Jan/2026:16:56:49 +0100] "GET /wp-content/plugins/elementor-pro/assets/css/widget-lottie.min.css?ver=3.34.0 HTTP/1.1" 200 4083 "https://jockers3.inglory.de/?elementor-preview=18&ver=1768233407" "Serf/1.3.9 (mod_pagespeed/1.13.35.2-0)"
91.10.111.70 - - [12/Jan/2026:16:56:49 +0100] "GET /wp-content/plugins/elementor/assets/lib/animations/styles/e-animation-rotate.min.css?ver=3.34.1 HTTP/1.0" 200 4196 "https://jockers3.inglory.de/?elementor-preview=18&ver=1768233407" "Mozilla/5.0 (Macintosh; Intel Mac OS X 10_15_7) AppleWebKit/537.36 (KHTML, like Gecko) Chrome/143.0.0.0 Safari/537.36"
91.10.111.70 - - [12/Jan/2026:16:56:49 +0100] "GET /wp-content/plugins/elementor/assets/lib/animations/styles/e-animation-float.min.css?ver=3.34.1 HTTP/1.0" 200 4218 "https://jockers3.inglory.de/?elementor-preview=18&ver=1768233407" "Mozilla/5.0 (Macintosh; Intel Mac OS X 10_15_7) AppleWebKit/537.36 (KHTML, like Gecko) Chrome/143.0.0.0 Safari/537.36"
91.10.111.70 - - [12/Jan/2026:16:56:49 +0100] "GET /wp-content/plugins/elementor/assets/lib/animations/styles/e-animation-grow-rotate.min.css?ver=3.34.1 HTTP/1.0" 200 4210 "https://jockers3.inglory.de/?elementor-preview=18&ver=1768233407" "Mozilla/5.0 (Macintosh; Intel Mac OS X 10_15_7) AppleWebKit/537.36 (KHTML, like Gecko) Chrome/143.0.0.0 Safari/537.36"
91.10.111.70 - - [12/Jan/2026:16:56:49 +0100] "GET /wp-content/plugins/elementor/assets/lib/animations/styles/e-animation-hang.min.css?ver=3.34.1 HTTP/1.0" 200 4314 "https://jockers3.inglory.de/?elementor-preview=18&ver=1768233407" "Mozilla/5.0 (Macintosh; Intel Mac OS X 10_15_7) AppleWebKit/537.36 (KHTML, like Gecko) Chrome/143.0.0.0 Safari/537.36"
91.10.111.70 - - [12/Jan/2026:16:56:49 +0100] "GET /wp-content/plugins/elementor/assets/lib/animations/styles/e-animation-wobble-vertical.min.css?ver=3.34.1 HTTP/1.0" 200 4290 "https://jockers3.inglory.de/?elementor-preview=18&ver=1768233407" "Mozilla/5.0 (Macintosh; Intel Mac OS X 10_15_7) AppleWebKit/537.36 (KHTML, like Gecko) Chrome/143.0.0.0 Safari/537.36"
91.10.111.70 - - [12/Jan/2026:16:56:49 +0100] "GET /wp-content/plugins/elementor/assets/lib/animations/styles/e-animation-skew.min.css?ver=3.34.1 HTTP/1.0" 200 4198 "https://jockers3.inglory.de/?elementor-preview=18&ver=1768233407" "Mozilla/5.0 (Macintosh; Intel Mac OS X 10_15_7) AppleWebKit/537.36 (KHTML, like Gecko) Chrome/143.0.0.0 Safari/537.36"
91.10.111.70 - - [12/Jan/2026:16:56:49 +0100] "GET /wp-content/plugins/elementor/assets/lib/animations/styles/e-animation-skew-backward.min.css?ver=3.34.1 HTTP/1.0" 200 4222 "https://jockers3.inglory.de/?elementor-preview=18&ver=1768233407" "Mozilla/5.0 (Macintosh; Intel Mac OS X 10_15_7) AppleWebKit/537.36 (KHTML, like Gecko) Chrome/143.0.0.0 Safari/537.36"
91.10.111.70 - - [12/Jan/2026:16:56:49 +0100] "GET /wp-content/plugins/elementor/assets/lib/animations/styles/e-animation-skew-forward.min.css?ver=3.34.1 HTTP/1.0" 200 4222 "https://jockers3.inglory.de/?elementor-preview=18&ver=1768233407" "Mozilla/5.0 (Macintosh; Intel Mac OS X 10_15_7) AppleWebKit/537.36 (KHTML, like Gecko) Chrome/143.0.0.0 Safari/537.36"
94.130.90.54 - - [12/Jan/2026:16:56:49 +0100] "GET /wp-content/plugins/elementor-pro/assets/css/widget-code-highlight.min.css?ver=3.34.0 HTTP/1.1" 200 22530 "https://jockers3.inglory.de/?elementor-preview=18&ver=1768233407" "Serf/1.3.9 (mod_pagespeed/1.13.35.2-0)"
91.10.111.70 - - [12/Jan/2026:16:56:49 +0100] "GET /wp-content/plugins/elementor/assets/lib/animations/styles/e-animation-wobble-to-top-right.min.css?ver=3.34.1 HTTP/1.0" 200 4308 "https://jockers3.inglory.de/?elementor-preview=18&ver=1768233407" "Mozilla/5.0 (Macintosh; Intel Mac OS X 10_15_7) AppleWebKit/537.36 (KHTML, like Gecko) Chrome/143.0.0.0 Safari/537.36"
91.10.111.70 - - [12/Jan/2026:16:56:49 +0100] "GET /wp-content/plugins/elementor/assets/lib/animations/styles/e-animation-wobble-horizontal.min.css?ver=3.34.1 HTTP/1.0" 200 4293 "https://jockers3.inglory.de/?elementor-preview=18&ver=1768233407" "Mozilla/5.0 (Macintosh; Intel Mac OS X 10_15_7) AppleWebKit/537.36 (KHTML, like Gecko) Chrome/143.0.0.0 Safari/537.36"
91.10.111.70 - - [12/Jan/2026:16:56:49 +0100] "GET /wp-content/plugins/elementor/assets/lib/animations/styles/e-animation-buzz.min.css?ver=3.34.1 HTTP/1.0" 200 4260 "https://jockers3.inglory.de/?elementor-preview=18&ver=1768233407" "Mozilla/5.0 (Macintosh; Intel Mac OS X 10_15_7) AppleWebKit/537.36 (KHTML, like Gecko) Chrome/143.0.0.0 Safari/537.36"
91.10.111.70 - - [12/Jan/2026:16:56:49 +0100] "GET /wp-content/plugins/elementor/assets/lib/animations/styles/e-animation-wobble-to-bottom-right.min.css?ver=3.34.1 HTTP/1.0" 200 4311 "https://jockers3.inglory.de/?elementor-preview=18&ver=1768233407" "Mozilla/5.0 (Macintosh; Intel Mac OS X 10_15_7) AppleWebKit/537.36 (KHTML, like Gecko) Chrome/143.0.0.0 Safari/537.36"
91.10.111.70 - - [12/Jan/2026:16:56:49 +0100] "GET /wp-content/plugins/elementor/assets/lib/animations/styles/e-animation-bob.min.css?ver=3.34.1 HTTP/1.0" 200 4316 "https://jockers3.inglory.de/?elementor-preview=18&ver=1768233407" "Mozilla/5.0 (Macintosh; Intel Mac OS X 10_15_7) AppleWebKit/537.36 (KHTML, like Gecko) Chrome/143.0.0.0 Safari/537.36"
91.10.111.70 - - [12/Jan/2026:16:56:49 +0100] "GET /wp-content/plugins/elementor/assets/lib/animations/styles/e-animation-wobble-bottom.min.css?ver=3.34.1 HTTP/1.0" 200 4300 "https://jockers3.inglory.de/?elementor-preview=18&ver=1768233407" "Mozilla/5.0 (Macintosh; Intel Mac OS X 10_15_7) AppleWebKit/537.36 (KHTML, like Gecko) Chrome/143.0.0.0 Safari/537.36"
91.10.111.70 - - [12/Jan/2026:16:56:49 +0100] "GET /wp-content/plugins/elementor/assets/lib/animations/styles/e-animation-wobble-skew.min.css?ver=3.34.1 HTTP/1.0" 200 4283 "https://jockers3.inglory.de/?elementor-preview=18&ver=1768233407" "Mozilla/5.0 (Macintosh; Intel Mac OS X 10_15_7) AppleWebKit/537.36 (KHTML, like Gecko) Chrome/143.0.0.0 Safari/537.36"
94.130.90.54 - - [12/Jan/2026:16:56:49 +0100] "GET /wp-content/plugins/elementor-pro/assets/css/widget-video-playlist.min.css?ver=3.34.0 HTTP/1.1" 200 14002 "https://jockers3.inglory.de/?elementor-preview=18&ver=1768233407" "Serf/1.3.9 (mod_pagespeed/1.13.35.2-0)"
91.10.111.70 - - [12/Jan/2026:16:56:49 +0100] "GET /wp-content/plugins/elementor/assets/lib/animations/styles/e-animation-buzz-out.min.css?ver=3.34.1 HTTP/1.0" 200 4302 "https://jockers3.inglory.de/?elementor-preview=18&ver=1768233407" "Mozilla/5.0 (Macintosh; Intel Mac OS X 10_15_7) AppleWebKit/537.36 (KHTML, like Gecko) Chrome/143.0.0.0 Safari/537.36"
91.10.111.70 - - [12/Jan/2026:16:56:49 +0100] "GET /wp-content/plugins/elementor/assets/lib/animations/styles/e-animation-wobble-top.min.css?ver=3.34.1 HTTP/1.0" 200 4298 "https://jockers3.inglory.de/?elementor-preview=18&ver=1768233407" "Mozilla/5.0 (Macintosh; Intel Mac OS X 10_15_7) AppleWebKit/537.36 (KHTML, like Gecko) Chrome/143.0.0.0 Safari/537.36"
91.10.111.70 - - [12/Jan/2026:16:56:49 +0100] "GET /wp-content/plugins/elementor/assets/lib/jquery-numerator/jquery-numerator.min.js?ver=0.2.1 HTTP/1.0" 200 4948 "https://jockers3.inglory.de/?elementor-preview=18&ver=1768233407" "Mozilla/5.0 (Macintosh; Intel Mac OS X 10_15_7) AppleWebKit/537.36 (KHTML, like Gecko) Chrome/143.0.0.0 Safari/537.36"
91.10.111.70 - - [12/Jan/2026:16:56:49 +0100] "GET /wp-content/plugins/elementor/assets/lib/animations/styles/e-animation-sink.min.css?ver=3.34.1 HTTP/1.0" 200 4217 "https://jockers3.inglory.de/?elementor-preview=18&ver=1768233407" "Mozilla/5.0 (Macintosh; Intel Mac OS X 10_15_7) AppleWebKit/537.36 (KHTML, like Gecko) Chrome/143.0.0.0 Safari/537.36"
91.10.111.70 - - [12/Jan/2026:16:56:49 +0100] "GET /wp-content/plugins/elementor-pro/assets//lib/instant-page/instant-page.min.js?ver=3.34.0 HTTP/1.0" 200 5385 "https://jockers3.inglory.de/?elementor-preview=18&ver=1768233407" "Mozilla/5.0 (Macintosh; Intel Mac OS X 10_15_7) AppleWebKit/537.36 (KHTML, like Gecko) Chrome/143.0.0.0 Safari/537.36"
94.130.90.54 - - [12/Jan/2026:16:56:49 +0100] "GET /wp-content/plugins/elementor-pro/assets/css/widget-progress-tracker.min.css?ver=3.34.0 HTTP/1.1" 200 6363 "https://jockers3.inglory.de/?elementor-preview=18&ver=1768233407" "Serf/1.3.9 (mod_pagespeed/1.13.35.2-0)"
91.10.111.70 - - [12/Jan/2026:16:56:49 +0100] "GET /wp-content/plugins/elementor/assets/lib/inline-editor/js/inline-editor.min.js?ver=3.34.1 HTTP/1.0" 200 10476 "https://jockers3.inglory.de/?elementor-preview=18&ver=1768233407" "Mozilla/5.0 (Macintosh; Intel Mac OS X 10_15_7) AppleWebKit/537.36 (KHTML, like Gecko) Chrome/143.0.0.0 Safari/537.36"
91.10.111.70 - - [12/Jan/2026:16:56:49 +0100] "GET /wp-content/plugins/elementor-pro/assets/js/preview.min.js?ver=3.34.0 HTTP/1.0" 200 10616 "https://jockers3.inglory.de/?elementor-preview=18&ver=1768233407" "Mozilla/5.0 (Macintosh; Intel Mac OS X 10_15_7) AppleWebKit/537.36 (KHTML, like Gecko) Chrome/143.0.0.0 Safari/537.36"
91.10.111.70 - - [12/Jan/2026:16:56:49 +0100] "GET /wp-content,_plugins,_elementor,_assets,_js,_elementor-admin-bar.min.js,qver==3.34.1+wp-includes,_js,_hoverintent-js.min.js,qver==2.2.1+wp-includes,_js,_admin-bar.min.js,qver==6.9.pagespeed.jc.mTGsYzcrXP.js HTTP/1.0" 200 8231 "https://jockers3.inglory.de/?elementor-preview=18&ver=1768233407" "Mozilla/5.0 (Macintosh; Intel Mac OS X 10_15_7) AppleWebKit/537.36 (KHTML, like Gecko) Chrome/143.0.0.0 Safari/537.36"
91.10.111.70 - - [12/Jan/2026:16:56:49 +0100] "GET /wp-content/plugins/elementor/assets/lib/e-gallery/js/e-gallery.min.js?ver=1.2.0 HTTP/1.0" 200 8831 "https://jockers3.inglory.de/?elementor-preview=18&ver=1768233407" "Mozilla/5.0 (Macintosh; Intel Mac OS X 10_15_7) AppleWebKit/537.36 (KHTML, like Gecko) Chrome/143.0.0.0 Safari/537.36"
91.10.111.70 - - [12/Jan/2026:16:56:49 +0100] "GET /wp-content/plugins/elementor-pro/assets/lib/lottie/lottie.min.js?ver=5.6.6 HTTP/1.0" 200 67522 "https://jockers3.inglory.de/?elementor-preview=18&ver=1768233407" "Mozilla/5.0 (Macintosh; Intel Mac OS X 10_15_7) AppleWebKit/537.36 (KHTML, like Gecko) Chrome/143.0.0.0 Safari/537.36"
91.10.111.70 - - [12/Jan/2026:16:56:49 +0100] "GET /wp-content/plugins/elementor/assets/js/styleguide-app-initiator.min.js?ver=3.34.1 HTTP/1.0" 200 8955 "https://jockers3.inglory.de/?elementor-preview=18&ver=1768233407" "Mozilla/5.0 (Macintosh; Intel Mac OS X 10_15_7) AppleWebKit/537.36 (KHTML, like Gecko) Chrome/143.0.0.0 Safari/537.36"
94.130.90.54 - - [12/Jan/2026:16:56:49 +0100] "GET /wp-content/plugins/elementor-pro/assets/css/widget-loop-filter.min.css?ver=3.34.0 HTTP/1.1" 200 6557 "https://jockers3.inglory.de/?elementor-preview=18&ver=1768233407" "Serf/1.3.9 (mod_pagespeed/1.13.35.2-0)"
94.130.90.54 - - [12/Jan/2026:16:56:49 +0100] "GET /wp-content/plugins/elementor/assets/css/widget-link-in-bio-var-2.min.css?ver=3.34.1 HTTP/1.1" 200 4357 "https://jockers3.inglory.de/?elementor-preview=18&ver=1768233407" "Serf/1.3.9 (mod_pagespeed/1.13.35.2-0)"
94.130.90.54 - - [12/Jan/2026:16:56:49 +0100] "GET /wp-content/plugins/elementor/assets/css/widget-link-in-bio-var-3.min.css?ver=3.34.1 HTTP/1.1" 200 4240 "https://jockers3.inglory.de/?elementor-preview=18&ver=1768233407" "Serf/1.3.9 (mod_pagespeed/1.13.35.2-0)"
94.130.90.54 - - [12/Jan/2026:16:56:49 +0100] "GET /wp-content/plugins/elementor/assets/css/widget-link-in-bio-var-4.min.css?ver=3.34.1 HTTP/1.1" 200 4324 "https://jockers3.inglory.de/?elementor-preview=18&ver=1768233407" "Serf/1.3.9 (mod_pagespeed/1.13.35.2-0)"
94.130.90.54 - - [12/Jan/2026:16:56:49 +0100] "GET /wp-content/plugins/elementor/assets/css/widget-link-in-bio-var-5.min.css?ver=3.34.1 HTTP/1.1" 200 5165 "https://jockers3.inglory.de/?elementor-preview=18&ver=1768233407" "Serf/1.3.9 (mod_pagespeed/1.13.35.2-0)"
94.130.90.54 - - [12/Jan/2026:16:56:49 +0100] "GET /wp-content/plugins/elementor/assets/css/widget-link-in-bio-var-7.min.css?ver=3.34.1 HTTP/1.1" 200 5220 "https://jockers3.inglory.de/?elementor-preview=18&ver=1768233407" "Serf/1.3.9 (mod_pagespeed/1.13.35.2-0)"
94.130.90.54 - - [12/Jan/2026:16:56:49 +0100] "GET /wp-content/plugins/elementor/assets/css/widget-contact-buttons-var-1.min.css?ver=3.34.1 HTTP/1.1" 200 7071 "https://jockers3.inglory.de/?elementor-preview=18&ver=1768233407" "Serf/1.3.9 (mod_pagespeed/1.13.35.2-0)"
94.130.90.54 - - [12/Jan/2026:16:56:49 +0100] "GET /wp-content/plugins/elementor/assets/css/widget-contact-buttons-var-3.min.css?ver=3.34.1 HTTP/1.1" 200 15456 "https://jockers3.inglory.de/?elementor-preview=18&ver=1768233407" "Serf/1.3.9 (mod_pagespeed/1.13.35.2-0)"
94.130.90.54 - - [12/Jan/2026:16:56:49 +0100] "GET /wp-content/plugins/elementor/assets/css/widget-contact-buttons-var-4.min.css?ver=3.34.1 HTTP/1.1" 200 11556 "https://jockers3.inglory.de/?elementor-preview=18&ver=1768233407" "Serf/1.3.9 (mod_pagespeed/1.13.35.2-0)"
94.130.90.54 - - [12/Jan/2026:16:56:49 +0100] "GET /wp-content/plugins/elementor/assets/css/widget-contact-buttons-var-6.min.css?ver=3.34.1 HTTP/1.1" 200 6794 "https://jockers3.inglory.de/?elementor-preview=18&ver=1768233407" "Serf/1.3.9 (mod_pagespeed/1.13.35.2-0)"
94.130.90.54 - - [12/Jan/2026:16:56:49 +0100] "GET /wp-content/plugins/elementor/assets/css/widget-contact-buttons-var-7.min.css?ver=3.34.1 HTTP/1.1" 200 5943 "https://jockers3.inglory.de/?elementor-preview=18&ver=1768233407" "Serf/1.3.9 (mod_pagespeed/1.13.35.2-0)"
94.130.90.54 - - [12/Jan/2026:16:56:49 +0100] "GET /wp-content/plugins/elementor/assets/css/widget-contact-buttons-var-8.min.css?ver=3.34.1 HTTP/1.1" 200 9072 "https://jockers3.inglory.de/?elementor-preview=18&ver=1768233407" "Serf/1.3.9 (mod_pagespeed/1.13.35.2-0)"
94.130.90.54 - - [12/Jan/2026:16:56:49 +0100] "GET /wp-content/plugins/elementor/assets/css/widget-contact-buttons-var-9.min.css?ver=3.34.1 HTTP/1.1" 200 13041 "https://jockers3.inglory.de/?elementor-preview=18&ver=1768233407" "Serf/1.3.9 (mod_pagespeed/1.13.35.2-0)"
94.130.90.54 - - [12/Jan/2026:16:56:49 +0100] "GET /wp-content/plugins/elementor/assets/css/widget-contact-buttons-var-10.min.css?ver=3.34.1 HTTP/1.1" 200 13150 "https://jockers3.inglory.de/?elementor-preview=18&ver=1768233407" "Serf/1.3.9 (mod_pagespeed/1.13.35.2-0)"
94.130.90.54 - - [12/Jan/2026:16:56:49 +0100] "GET /wp-content/plugins/elementor/assets/css/widget-floating-bars-var-2.min.css?ver=3.34.1 HTTP/1.1" 200 8801 "https://jockers3.inglory.de/?elementor-preview=18&ver=1768233407" "Serf/1.3.9 (mod_pagespeed/1.13.35.2-0)"
94.130.90.54 - - [12/Jan/2026:16:56:49 +0100] "GET /wp-content/plugins/elementor/assets/css/widget-floating-bars-var-3.min.css?ver=3.34.1 HTTP/1.1" 200 8498 "https://jockers3.inglory.de/?elementor-preview=18&ver=1768233407" "Serf/1.3.9 (mod_pagespeed/1.13.35.2-0)"
94.130.90.54 - - [12/Jan/2026:16:56:49 +0100] "GET /wp-content/plugins/elementor-pro/assets/css/widget-search.min.css?ver=3.34.0 HTTP/1.1" 200 17015 "https://jockers3.inglory.de/?elementor-preview=18&ver=1768233407" "Serf/1.3.9 (mod_pagespeed/1.13.35.2-0)"
94.130.90.54 - - [12/Jan/2026:16:56:49 +0100] "GET /wp-content/plugins/elementor/assets/css/editor-preview.min.css?ver=3.34.1 HTTP/1.1" 200 123746 "https://jockers3.inglory.de/?elementor-preview=18&ver=1768233407" "Serf/1.3.9 (mod_pagespeed/1.13.35.2-0)"
94.130.90.54 - - [12/Jan/2026:16:56:49 +0100] "GET /wp-content/plugins/elementor-pro/assets/css/preview.min.css?ver=3.34.0 HTTP/1.1" 200 12683 "https://jockers3.inglory.de/?elementor-preview=18&ver=1768233407" "Serf/1.3.9 (mod_pagespeed/1.13.35.2-0)"
94.130.90.54 - - [12/Jan/2026:16:56:49 +0100] "GET /wp-content/plugins/elementor/assets/css/modules/ai/layout-preview.min.css?ver=3.34.1 HTTP/1.1" 200 7701 "https://jockers3.inglory.de/?elementor-preview=18&ver=1768233407" "Serf/1.3.9 (mod_pagespeed/1.13.35.2-0)"
94.130.90.54 - - [12/Jan/2026:16:56:49 +0100] "GET /wp-content/plugins/elementor/assets/css/modules/styleguide/editor.min.css?ver=3.34.1 HTTP/1.1" 200 4252 "https://jockers3.inglory.de/?elementor-preview=18&ver=1768233407" "Serf/1.3.9 (mod_pagespeed/1.13.35.2-0)"
94.130.90.54 - - [12/Jan/2026:16:56:49 +0100] "GET /wp-content/plugins/elementor-pro/assets/css/modules/motion-fx.min.css?ver=3.34.0 HTTP/1.1" 200 4314 "https://jockers3.inglory.de/?elementor-preview=18&ver=1768233407" "Serf/1.3.9 (mod_pagespeed/1.13.35.2-0)"
94.130.90.54 - - [12/Jan/2026:16:56:49 +0100] "GET /wp-content/plugins/elementor-pro/assets/css/conditionals/ribbon.min.css?ver=3.34.0 HTTP/1.1" 200 4249 "https://jockers3.inglory.de/?elementor-preview=18&ver=1768233407" "Serf/1.3.9 (mod_pagespeed/1.13.35.2-0)"
94.130.90.54 - - [12/Jan/2026:16:56:49 +0100] "GET /wp-content/plugins/elementor/assets/css/conditionals/shapes.min.css?ver=3.34.1 HTTP/1.1" 200 4181 "https://jockers3.inglory.de/?elementor-preview=18&ver=1768233407" "Serf/1.3.9 (mod_pagespeed/1.13.35.2-0)"
94.130.90.54 - - [12/Jan/2026:16:56:49 +0100] "GET /wp-content/plugins/elementor/assets/lib/animations/styles/fadeInDown.min.css?ver=3.34.1 HTTP/1.1" 200 3672 "https://jockers3.inglory.de/?elementor-preview=18&ver=1768233407" "Serf/1.3.9 (mod_pagespeed/1.13.35.2-0)"
94.130.90.54 - - [12/Jan/2026:16:56:49 +0100] "GET /wp-content/plugins/elementor/assets/lib/animations/styles/fadeInLeft.min.css?ver=3.34.1 HTTP/1.1" 200 3672 "https://jockers3.inglory.de/?elementor-preview=18&ver=1768233407" "Serf/1.3.9 (mod_pagespeed/1.13.35.2-0)"
94.130.90.54 - - [12/Jan/2026:16:56:49 +0100] "GET /wp-content/plugins/elementor/assets/lib/animations/styles/fadeInRight.min.css?ver=3.34.1 HTTP/1.1" 200 3674 "https://jockers3.inglory.de/?elementor-preview=18&ver=1768233407" "Serf/1.3.9 (mod_pagespeed/1.13.35.2-0)"
91.10.111.70 - - [12/Jan/2026:16:56:49 +0100] "GET /wp-content/plugins/elementor-pro/assets/js/d241154d3774d66da9eb.bundle.min.js HTTP/1.0" 200 5418 "https://jockers3.inglory.de/wp-admin/post.php?post=18&action=elementor&active-document=7" "Mozilla/5.0 (Macintosh; Intel Mac OS X 10_15_7) AppleWebKit/537.36 (KHTML, like Gecko) Chrome/143.0.0.0 Safari/537.36"
94.130.90.54 - - [12/Jan/2026:16:56:49 +0100] "GET /wp-content/plugins/elementor/assets/lib/animations/styles/fadeInUp.min.css?ver=3.34.1 HTTP/1.1" 200 3665 "https://jockers3.inglory.de/?elementor-preview=18&ver=1768233407" "Serf/1.3.9 (mod_pagespeed/1.13.35.2-0)"
94.130.90.54 - - [12/Jan/2026:16:56:49 +0100] "GET /wp-content/plugins/elementor/assets/lib/animations/styles/zoomIn.min.css?ver=3.34.1 HTTP/1.1" 200 3641 "https://jockers3.inglory.de/?elementor-preview=18&ver=1768233407" "Serf/1.3.9 (mod_pagespeed/1.13.35.2-0)"
94.130.90.54 - - [12/Jan/2026:16:56:49 +0100] "GET /wp-content/plugins/elementor/assets/lib/animations/styles/zoomInDown.min.css?ver=3.34.1 HTTP/1.1" 200 3856 "https://jockers3.inglory.de/?elementor-preview=18&ver=1768233407" "Serf/1.3.9 (mod_pagespeed/1.13.35.2-0)"
94.130.90.54 - - [12/Jan/2026:16:56:49 +0100] "GET /wp-content/plugins/elementor/assets/lib/animations/styles/zoomInLeft.min.css?ver=3.34.1 HTTP/1.1" 200 3856 "https://jockers3.inglory.de/?elementor-preview=18&ver=1768233407" "Serf/1.3.9 (mod_pagespeed/1.13.35.2-0)"
94.130.90.54 - - [12/Jan/2026:16:56:49 +0100] "GET /wp-content/plugins/elementor/assets/lib/animations/styles/zoomInRight.min.css?ver=3.34.1 HTTP/1.1" 200 3859 "https://jockers3.inglory.de/?elementor-preview=18&ver=1768233407" "Serf/1.3.9 (mod_pagespeed/1.13.35.2-0)"
94.130.90.54 - - [12/Jan/2026:16:56:49 +0100] "GET /wp-content/plugins/elementor/assets/lib/animations/styles/zoomInUp.min.css?ver=3.34.1 HTTP/1.1" 200 3850 "https://jockers3.inglory.de/?elementor-preview=18&ver=1768233407" "Serf/1.3.9 (mod_pagespeed/1.13.35.2-0)"
94.130.90.54 - - [12/Jan/2026:16:56:49 +0100] "GET /wp-content/plugins/elementor/assets/lib/animations/styles/bounceIn.min.css?ver=3.34.1 HTTP/1.1" 200 3903 "https://jockers3.inglory.de/?elementor-preview=18&ver=1768233407" "Serf/1.3.9 (mod_pagespeed/1.13.35.2-0)"
94.130.90.54 - - [12/Jan/2026:16:56:49 +0100] "GET /wp-content/plugins/elementor/assets/lib/animations/styles/bounceInDown.min.css?ver=3.34.1 HTTP/1.1" 200 3866 "https://jockers3.inglory.de/?elementor-preview=18&ver=1768233407" "Serf/1.3.9 (mod_pagespeed/1.13.35.2-0)"
91.10.111.70 - - [12/Jan/2026:16:56:49 +0100] "POST /mod_pagespeed_beacon?url=https%3A%2F%2Fjockers3.inglory.de%2F%3Felementor-preview%3D18%26ver%3D1768233407 HTTP/1.0" 204 3904 "https://jockers3.inglory.de/?elementor-preview=18&ver=1768233407" "Mozilla/5.0 (Macintosh; Intel Mac OS X 10_15_7) AppleWebKit/537.36 (KHTML, like Gecko) Chrome/143.0.0.0 Safari/537.36"
94.130.90.54 - - [12/Jan/2026:16:56:49 +0100] "GET /wp-content/plugins/elementor/assets/lib/animations/styles/bounceInLeft.min.css?ver=3.34.1 HTTP/1.1" 200 3866 "https://jockers3.inglory.de/?elementor-preview=18&ver=1768233407" "Serf/1.3.9 (mod_pagespeed/1.13.35.2-0)"
94.130.90.54 - - [12/Jan/2026:16:56:49 +0100] "GET /wp-content/plugins/elementor/assets/lib/animations/styles/bounceInRight.min.css?ver=3.34.1 HTTP/1.1" 200 3871 "https://jockers3.inglory.de/?elementor-preview=18&ver=1768233407" "Serf/1.3.9 (mod_pagespeed/1.13.35.2-0)"
94.130.90.54 - - [12/Jan/2026:16:56:49 +0100] "GET /wp-content/plugins/elementor/assets/lib/animations/styles/bounceInUp.min.css?ver=3.34.1 HTTP/1.1" 200 3876 "https://jockers3.inglory.de/?elementor-preview=18&ver=1768233407" "Serf/1.3.9 (mod_pagespeed/1.13.35.2-0)"
94.130.90.54 - - [12/Jan/2026:16:56:49 +0100] "GET /wp-content/plugins/elementor/assets/lib/animations/styles/slideInDown.min.css?ver=3.34.1 HTTP/1.1" 200 3688 "https://jockers3.inglory.de/?elementor-preview=18&ver=1768233407" "Serf/1.3.9 (mod_pagespeed/1.13.35.2-0)"
94.130.90.54 - - [12/Jan/2026:16:56:49 +0100] "GET /wp-content/plugins/elementor/assets/lib/animations/styles/slideInLeft.min.css?ver=3.34.1 HTTP/1.1" 200 3688 "https://jockers3.inglory.de/?elementor-preview=18&ver=1768233407" "Serf/1.3.9 (mod_pagespeed/1.13.35.2-0)"
94.130.90.54 - - [12/Jan/2026:16:56:49 +0100] "GET /wp-content/plugins/elementor/assets/lib/animations/styles/slideInRight.min.css?ver=3.34.1 HTTP/1.1" 200 3690 "https://jockers3.inglory.de/?elementor-preview=18&ver=1768233407" "Serf/1.3.9 (mod_pagespeed/1.13.35.2-0)"
94.130.90.54 - - [12/Jan/2026:16:56:49 +0100] "GET /wp-content/plugins/elementor/assets/lib/animations/styles/slideInUp.min.css?ver=3.34.1 HTTP/1.1" 200 3681 "https://jockers3.inglory.de/?elementor-preview=18&ver=1768233407" "Serf/1.3.9 (mod_pagespeed/1.13.35.2-0)"
94.130.90.54 - - [12/Jan/2026:16:56:49 +0100] "GET /wp-content/plugins/elementor/assets/lib/animations/styles/rotateIn.min.css?ver=3.34.1 HTTP/1.1" 200 3715 "https://jockers3.inglory.de/?elementor-preview=18&ver=1768233407" "Serf/1.3.9 (mod_pagespeed/1.13.35.2-0)"
94.130.90.54 - - [12/Jan/2026:16:56:49 +0100] "GET /wp-content/plugins/elementor/assets/lib/animations/styles/rotateInDownLeft.min.css?ver=3.34.1 HTTP/1.1" 200 3748 "https://jockers3.inglory.de/?elementor-preview=18&ver=1768233407" "Serf/1.3.9 (mod_pagespeed/1.13.35.2-0)"
94.130.90.54 - - [12/Jan/2026:16:56:49 +0100] "GET /wp-content/plugins/elementor/assets/lib/animations/styles/rotateInDownRight.min.css?ver=3.34.1 HTTP/1.1" 200 3752 "https://jockers3.inglory.de/?elementor-preview=18&ver=1768233407" "Serf/1.3.9 (mod_pagespeed/1.13.35.2-0)"
94.130.90.54 - - [12/Jan/2026:16:56:49 +0100] "GET /wp-content/plugins/elementor/assets/lib/animations/styles/rotateInUpRight.min.css?ver=3.34.1 HTTP/1.1" 200 3747 "https://jockers3.inglory.de/?elementor-preview=18&ver=1768233407" "Serf/1.3.9 (mod_pagespeed/1.13.35.2-0)"
94.130.90.54 - - [12/Jan/2026:16:56:49 +0100] "GET /wp-content/plugins/elementor/assets/lib/animations/styles/rotateInUpLeft.min.css?ver=3.34.1 HTTP/1.1" 200 3741 "https://jockers3.inglory.de/?elementor-preview=18&ver=1768233407" "Serf/1.3.9 (mod_pagespeed/1.13.35.2-0)"
94.130.90.54 - - [12/Jan/2026:16:56:49 +0100] "GET /wp-content/plugins/elementor/assets/lib/animations/styles/bounce.min.css?ver=3.34.1 HTTP/1.1" 200 3962 "https://jockers3.inglory.de/?elementor-preview=18&ver=1768233407" "Serf/1.3.9 (mod_pagespeed/1.13.35.2-0)"
94.130.90.54 - - [12/Jan/2026:16:56:49 +0100] "GET /wp-content/plugins/elementor/assets/lib/animations/styles/flash.min.css?ver=3.34.1 HTTP/1.1" 200 3620 "https://jockers3.inglory.de/?elementor-preview=18&ver=1768233407" "Serf/1.3.9 (mod_pagespeed/1.13.35.2-0)"
94.130.90.54 - - [12/Jan/2026:16:56:49 +0100] "GET /wp-content/plugins/elementor/assets/lib/animations/styles/e-animation-pulse.min.css?ver=3.34.1 HTTP/1.1" 200 3854 "https://jockers3.inglory.de/?elementor-preview=18&ver=1768233407" "Serf/1.3.9 (mod_pagespeed/1.13.35.2-0)"
94.130.90.54 - - [12/Jan/2026:16:56:49 +0100] "GET /wp-content/plugins/elementor/assets/lib/animations/styles/rubberBand.min.css?ver=3.34.1 HTTP/1.1" 200 3800 "https://jockers3.inglory.de/?elementor-preview=18&ver=1768233407" "Serf/1.3.9 (mod_pagespeed/1.13.35.2-0)"
94.130.90.54 - - [12/Jan/2026:16:56:49 +0100] "GET /wp-content/plugins/elementor/assets/lib/animations/styles/shake.min.css?ver=3.34.1 HTTP/1.1" 200 3719 "https://jockers3.inglory.de/?elementor-preview=18&ver=1768233407" "Serf/1.3.9 (mod_pagespeed/1.13.35.2-0)"
94.130.90.54 - - [12/Jan/2026:16:56:49 +0100] "GET /wp-content/plugins/elementor/assets/lib/animations/styles/headShake.min.css?ver=3.34.1 HTTP/1.1" 200 3874 "https://jockers3.inglory.de/?elementor-preview=18&ver=1768233407" "Serf/1.3.9 (mod_pagespeed/1.13.35.2-0)"
94.130.90.54 - - [12/Jan/2026:16:56:49 +0100] "GET /wp-content/plugins/elementor/assets/lib/animations/styles/swing.min.css?ver=3.34.1 HTTP/1.1" 200 3787 "https://jockers3.inglory.de/?elementor-preview=18&ver=1768233407" "Serf/1.3.9 (mod_pagespeed/1.13.35.2-0)"
94.130.90.54 - - [12/Jan/2026:16:56:49 +0100] "GET /wp-content/plugins/elementor/assets/lib/animations/styles/tada.min.css?ver=3.34.1 HTTP/1.1" 200 3803 "https://jockers3.inglory.de/?elementor-preview=18&ver=1768233407" "Serf/1.3.9 (mod_pagespeed/1.13.35.2-0)"
94.130.90.54 - - [12/Jan/2026:16:56:49 +0100] "GET /wp-content/plugins/elementor/assets/lib/animations/styles/wobble.min.css?ver=3.34.1 HTTP/1.1" 200 3893 "https://jockers3.inglory.de/?elementor-preview=18&ver=1768233407" "Serf/1.3.9 (mod_pagespeed/1.13.35.2-0)"
94.130.90.54 - - [12/Jan/2026:16:56:49 +0100] "GET /wp-content/plugins/elementor/assets/lib/animations/styles/jello.min.css?ver=3.34.1 HTTP/1.1" 200 3989 "https://jockers3.inglory.de/?elementor-preview=18&ver=1768233407" "Serf/1.3.9 (mod_pagespeed/1.13.35.2-0)"
94.130.90.54 - - [12/Jan/2026:16:56:49 +0100] "GET /wp-content/plugins/elementor/assets/lib/animations/styles/lightSpeedIn.min.css?ver=3.34.1 HTTP/1.1" 200 3801 "https://jockers3.inglory.de/?elementor-preview=18&ver=1768233407" "Serf/1.3.9 (mod_pagespeed/1.13.35.2-0)"
94.130.90.54 - - [12/Jan/2026:16:56:49 +0100] "GET /wp-content/plugins/elementor/assets/lib/animations/styles/rollIn.min.css?ver=3.34.1 HTTP/1.1" 200 3684 "https://jockers3.inglory.de/?elementor-preview=18&ver=1768233407" "Serf/1.3.9 (mod_pagespeed/1.13.35.2-0)"
94.130.90.54 - - [12/Jan/2026:16:56:49 +0100] "GET /wp-content/plugins/elementor/assets/lib/animations/styles/e-animation-grow.min.css?ver=3.34.1 HTTP/1.1" 200 3733 "https://jockers3.inglory.de/?elementor-preview=18&ver=1768233407" "Serf/1.3.9 (mod_pagespeed/1.13.35.2-0)"
94.130.90.54 - - [12/Jan/2026:16:56:49 +0100] "GET /wp-content/plugins/elementor/assets/lib/animations/styles/e-animation-shrink.min.css?ver=3.34.1 HTTP/1.1" 200 3740 "https://jockers3.inglory.de/?elementor-preview=18&ver=1768233407" "Serf/1.3.9 (mod_pagespeed/1.13.35.2-0)"
94.130.90.54 - - [12/Jan/2026:16:56:49 +0100] "GET /wp-content/plugins/elementor/assets/lib/animations/styles/e-animation-pulse-grow.min.css?ver=3.34.1 HTTP/1.1" 200 3885 "https://jockers3.inglory.de/?elementor-preview=18&ver=1768233407" "Serf/1.3.9 (mod_pagespeed/1.13.35.2-0)"
94.130.90.54 - - [12/Jan/2026:16:56:49 +0100] "GET /wp-content/plugins/elementor/assets/lib/animations/styles/e-animation-pulse-shrink.min.css?ver=3.34.1 HTTP/1.1" 200 3894 "https://jockers3.inglory.de/?elementor-preview=18&ver=1768233407" "Serf/1.3.9 (mod_pagespeed/1.13.35.2-0)"
94.130.90.54 - - [12/Jan/2026:16:56:49 +0100] "GET /wp-content/plugins/elementor/assets/lib/animations/styles/e-animation-push.min.css?ver=3.34.1 HTTP/1.1" 200 3842 "https://jockers3.inglory.de/?elementor-preview=18&ver=1768233407" "Serf/1.3.9 (mod_pagespeed/1.13.35.2-0)"
94.130.90.54 - - [12/Jan/2026:16:56:49 +0100] "GET /wp-content/plugins/elementor/assets/lib/animations/styles/e-animation-pop.min.css?ver=3.34.1 HTTP/1.1" 200 3814 "https://jockers3.inglory.de/?elementor-preview=18&ver=1768233407" "Serf/1.3.9 (mod_pagespeed/1.13.35.2-0)"
94.130.90.54 - - [12/Jan/2026:16:56:49 +0100] "GET /wp-content/plugins/elementor/assets/lib/animations/styles/e-animation-bounce-in.min.css?ver=3.34.1 HTTP/1.1" 200 3785 "https://jockers3.inglory.de/?elementor-preview=18&ver=1768233407" "Serf/1.3.9 (mod_pagespeed/1.13.35.2-0)"
94.130.90.54 - - [12/Jan/2026:16:56:49 +0100] "GET /wp-content/plugins/elementor/assets/lib/animations/styles/e-animation-bounce-out.min.css?ver=3.34.1 HTTP/1.1" 200 3788 "https://jockers3.inglory.de/?elementor-preview=18&ver=1768233407" "Serf/1.3.9 (mod_pagespeed/1.13.35.2-0)"
94.130.90.54 - - [12/Jan/2026:16:56:49 +0100] "GET /wp-content/plugins/elementor/assets/lib/animations/styles/e-animation-rotate.min.css?ver=3.34.1 HTTP/1.1" 200 3743 "https://jockers3.inglory.de/?elementor-preview=18&ver=1768233407" "Serf/1.3.9 (mod_pagespeed/1.13.35.2-0)"
94.130.90.54 - - [12/Jan/2026:16:56:49 +0100] "GET /wp-content/plugins/elementor/assets/lib/animations/styles/e-animation-grow-rotate.min.css?ver=3.34.1 HTTP/1.1" 200 3774 "https://jockers3.inglory.de/?elementor-preview=18&ver=1768233407" "Serf/1.3.9 (mod_pagespeed/1.13.35.2-0)"
94.130.90.54 - - [12/Jan/2026:16:56:49 +0100] "GET /wp-content/plugins/elementor/assets/lib/animations/styles/e-animation-float.min.css?ver=3.34.1 HTTP/1.1" 200 3779 "https://jockers3.inglory.de/?elementor-preview=18&ver=1768233407" "Serf/1.3.9 (mod_pagespeed/1.13.35.2-0)"
94.130.90.54 - - [12/Jan/2026:16:56:49 +0100] "GET /wp-content/plugins/elementor/assets/lib/animations/styles/e-animation-sink.min.css?ver=3.34.1 HTTP/1.1" 200 3774 "https://jockers3.inglory.de/?elementor-preview=18&ver=1768233407" "Serf/1.3.9 (mod_pagespeed/1.13.35.2-0)"
94.130.90.54 - - [12/Jan/2026:16:56:49 +0100] "GET /wp-content/plugins/elementor/assets/lib/animations/styles/e-animation-bob.min.css?ver=3.34.1 HTTP/1.1" 200 4103 "https://jockers3.inglory.de/?elementor-preview=18&ver=1768233407" "Serf/1.3.9 (mod_pagespeed/1.13.35.2-0)"
94.130.90.54 - - [12/Jan/2026:16:56:49 +0100] "GET /wp-content/plugins/elementor/assets/lib/animations/styles/e-animation-hang.min.css?ver=3.34.1 HTTP/1.1" 200 4104 "https://jockers3.inglory.de/?elementor-preview=18&ver=1768233407" "Serf/1.3.9 (mod_pagespeed/1.13.35.2-0)"
94.130.90.54 - - [12/Jan/2026:16:56:49 +0100] "GET /wp-content/plugins/elementor/assets/lib/animations/styles/e-animation-skew.min.css?ver=3.34.1 HTTP/1.1" 200 3735 "https://jockers3.inglory.de/?elementor-preview=18&ver=1768233407" "Serf/1.3.9 (mod_pagespeed/1.13.35.2-0)"
94.130.90.54 - - [12/Jan/2026:16:56:49 +0100] "GET /wp-content/plugins/elementor/assets/lib/animations/styles/e-animation-skew-forward.min.css?ver=3.34.1 HTTP/1.1" 200 3792 "https://jockers3.inglory.de/?elementor-preview=18&ver=1768233407" "Serf/1.3.9 (mod_pagespeed/1.13.35.2-0)"
94.130.90.54 - - [12/Jan/2026:16:56:49 +0100] "GET /wp-content/plugins/elementor/assets/lib/animations/styles/e-animation-skew-backward.min.css?ver=3.34.1 HTTP/1.1" 200 3795 "https://jockers3.inglory.de/?elementor-preview=18&ver=1768233407" "Serf/1.3.9 (mod_pagespeed/1.13.35.2-0)"
94.130.90.54 - - [12/Jan/2026:16:56:49 +0100] "GET /wp-content/plugins/elementor/assets/lib/animations/styles/e-animation-wobble-vertical.min.css?ver=3.34.1 HTTP/1.1" 200 4047 "https://jockers3.inglory.de/?elementor-preview=18&ver=1768233407" "Serf/1.3.9 (mod_pagespeed/1.13.35.2-0)"
94.130.90.54 - - [12/Jan/2026:16:56:49 +0100] "GET /wp-content/plugins/elementor/assets/lib/animations/styles/e-animation-wobble-horizontal.min.css?ver=3.34.1 HTTP/1.1" 200 4057 "https://jockers3.inglory.de/?elementor-preview=18&ver=1768233407" "Serf/1.3.9 (mod_pagespeed/1.13.35.2-0)"
94.130.90.54 - - [12/Jan/2026:16:56:49 +0100] "GET /wp-content/plugins/elementor/assets/lib/animations/styles/e-animation-wobble-to-bottom-right.min.css?ver=3.34.1 HTTP/1.1" 200 4100 "https://jockers3.inglory.de/?elementor-preview=18&ver=1768233407" "Serf/1.3.9 (mod_pagespeed/1.13.35.2-0)"
94.130.90.54 - - [12/Jan/2026:16:56:49 +0100] "GET /wp-content/plugins/elementor/assets/lib/animations/styles/e-animation-wobble-to-top-right.min.css?ver=3.34.1 HTTP/1.1" 200 4086 "https://jockers3.inglory.de/?elementor-preview=18&ver=1768233407" "Serf/1.3.9 (mod_pagespeed/1.13.35.2-0)"
94.130.90.54 - - [12/Jan/2026:16:56:49 +0100] "GET /wp-content/plugins/elementor/assets/lib/animations/styles/e-animation-wobble-top.min.css?ver=3.34.1 HTTP/1.1" 200 4050 "https://jockers3.inglory.de/?elementor-preview=18&ver=1768233407" "Serf/1.3.9 (mod_pagespeed/1.13.35.2-0)"
94.130.90.54 - - [12/Jan/2026:16:56:49 +0100] "GET /wp-content/plugins/elementor/assets/lib/animations/styles/e-animation-wobble-bottom.min.css?ver=3.34.1 HTTP/1.1" 200 4068 "https://jockers3.inglory.de/?elementor-preview=18&ver=1768233407" "Serf/1.3.9 (mod_pagespeed/1.13.35.2-0)"
94.130.90.54 - - [12/Jan/2026:16:56:49 +0100] "GET /wp-content/plugins/elementor/assets/lib/animations/styles/e-animation-wobble-skew.min.css?ver=3.34.1 HTTP/1.1" 200 3999 "https://jockers3.inglory.de/?elementor-preview=18&ver=1768233407" "Serf/1.3.9 (mod_pagespeed/1.13.35.2-0)"
94.130.90.54 - - [12/Jan/2026:16:56:49 +0100] "GET /wp-content/plugins/elementor/assets/lib/animations/styles/e-animation-buzz.min.css?ver=3.34.1 HTTP/1.1" 200 3891 "https://jockers3.inglory.de/?elementor-preview=18&ver=1768233407" "Serf/1.3.9 (mod_pagespeed/1.13.35.2-0)"
94.130.90.54 - - [12/Jan/2026:16:56:49 +0100] "GET /wp-content/plugins/elementor/assets/lib/animations/styles/e-animation-buzz-out.min.css?ver=3.34.1 HTTP/1.1" 200 4249 "https://jockers3.inglory.de/?elementor-preview=18&ver=1768233407" "Serf/1.3.9 (mod_pagespeed/1.13.35.2-0)"
94.130.90.54 - - [12/Jan/2026:16:56:49 +0100] "GET /wp-includes/js/mediaelement/mejs-controls.svg HTTP/1.1" 200 8147 "https://jockers3.inglory.de/?elementor-preview=18&ver=1768233407" "Serf/1.3.9 (mod_pagespeed/1.13.35.2-0)"
94.130.90.54 - - [12/Jan/2026:16:56:49 +0100] "GET /wp-content/plugins/elementor/assets/images/blur.png HTTP/1.1" 200 15143 "https://jockers3.inglory.de/?elementor-preview=18&ver=1768233407" "Serf/1.3.9 (mod_pagespeed/1.13.35.2-0)"
94.130.90.54 - - [12/Jan/2026:16:56:49 +0100] "GET /wp-content/plugins/elementor/assets/images/contrast.png HTTP/1.1" 200 4733 "https://jockers3.inglory.de/?elementor-preview=18&ver=1768233407" "Serf/1.3.9 (mod_pagespeed/1.13.35.2-0)"
94.130.90.54 - - [12/Jan/2026:16:56:49 +0100] "GET /wp-content/plugins/elementor/assets/images/eyedropper.svg HTTP/1.1" 200 5322 "https://jockers3.inglory.de/?elementor-preview=18&ver=1768233407" "Serf/1.3.9 (mod_pagespeed/1.13.35.2-0)"
91.10.111.70 - - [12/Jan/2026:16:56:48 +0100] "POST /wp-admin/admin-ajax.php HTTP/1.0" 200 10051773 "https://jockers3.inglory.de/wp-admin/post.php?post=18&action=elementor&active-document=7" "Mozilla/5.0 (Macintosh; Intel Mac OS X 10_15_7) AppleWebKit/537.36 (KHTML, like Gecko) Chrome/143.0.0.0 Safari/537.36"
91.10.111.70 - - [12/Jan/2026:16:56:49 +0100] "GET /favicon.ico HTTP/1.0" 302 4240 "https://jockers3.inglory.de/wp-admin/post.php?post=18&action=elementor&active-document=7" "Mozilla/5.0 (Macintosh; Intel Mac OS X 10_15_7) AppleWebKit/537.36 (KHTML, like Gecko) Chrome/143.0.0.0 Safari/537.36"
91.10.111.70 - - [12/Jan/2026:16:56:49 +0100] "GET /wp-json/elementor/v1/globals HTTP/1.0" 200 9377 "https://jockers3.inglory.de/wp-admin/post.php?post=18&action=elementor&active-document=7" "Mozilla/5.0 (Macintosh; Intel Mac OS X 10_15_7) AppleWebKit/537.36 (KHTML, like Gecko) Chrome/143.0.0.0 Safari/537.36"
91.10.111.70 - - [12/Jan/2026:16:56:51 +0100] "GET /wp-content/uploads/arrow.svg HTTP/1.0" 200 4393 "https://jockers3.inglory.de/wp-admin/post.php?post=18&action=elementor&active-document=7" "Mozilla/5.0 (Macintosh; Intel Mac OS X 10_15_7) AppleWebKit/537.36 (KHTML, like Gecko) Chrome/143.0.0.0 Safari/537.36"
91.10.111.70 - - [12/Jan/2026:16:56:51 +0100] "GET /wp-content/uploads/arrow-1.svg HTTP/1.0" 200 4389 "https://jockers3.inglory.de/wp-admin/post.php?post=18&action=elementor&active-document=7" "Mozilla/5.0 (Macintosh; Intel Mac OS X 10_15_7) AppleWebKit/537.36 (KHTML, like Gecko) Chrome/143.0.0.0 Safari/537.36"
91.10.111.70 - - [12/Jan/2026:16:56:52 +0100] "GET /wp-content/uploads/icon.svg HTTP/1.0" 200 5676 "https://jockers3.inglory.de/wp-admin/post.php?post=18&action=elementor&active-document=7" "Mozilla/5.0 (Macintosh; Intel Mac OS X 10_15_7) AppleWebKit/537.36 (KHTML, like Gecko) Chrome/143.0.0.0 Safari/537.36"
91.10.111.70 - - [12/Jan/2026:16:56:52 +0100] "GET /wp-content/uploads/icon-1.svg HTTP/1.0" 200 6597 "https://jockers3.inglory.de/wp-admin/post.php?post=18&action=elementor&active-document=7" "Mozilla/5.0 (Macintosh; Intel Mac OS X 10_15_7) AppleWebKit/537.36 (KHTML, like Gecko) Chrome/143.0.0.0 Safari/537.36"
91.10.111.70 - - [12/Jan/2026:16:56:52 +0100] "GET /wp-content/uploads/icon-2.svg HTTP/1.0" 200 5100 "https://jockers3.inglory.de/wp-admin/post.php?post=18&action=elementor&active-document=7" "Mozilla/5.0 (Macintosh; Intel Mac OS X 10_15_7) AppleWebKit/537.36 (KHTML, like Gecko) Chrome/143.0.0.0 Safari/537.36"
91.10.111.70 - - [12/Jan/2026:16:56:52 +0100] "GET /wp-content/uploads/icon-3.svg HTTP/1.0" 200 5197 "https://jockers3.inglory.de/wp-admin/post.php?post=18&action=elementor&active-document=7" "Mozilla/5.0 (Macintosh; Intel Mac OS X 10_15_7) AppleWebKit/537.36 (KHTML, like Gecko) Chrome/143.0.0.0 Safari/537.36"
91.10.111.70 - - [12/Jan/2026:16:56:52 +0100] "GET /wp-content/uploads/icon-4.svg HTTP/1.0" 200 5333 "https://jockers3.inglory.de/wp-admin/post.php?post=18&action=elementor&active-document=7" "Mozilla/5.0 (Macintosh; Intel Mac OS X 10_15_7) AppleWebKit/537.36 (KHTML, like Gecko) Chrome/143.0.0.0 Safari/537.36"
91.10.111.70 - - [12/Jan/2026:16:56:53 +0100] "GET /wp-content/plugins/elementor/assets/images/logo-panel.svg HTTP/1.0" 200 7511 "https://jockers3.inglory.de/wp-admin/post.php?post=18&action=elementor&active-document=7" "Mozilla/5.0 (Macintosh; Intel Mac OS X 10_15_7) AppleWebKit/537.36 (KHTML, like Gecko) Chrome/143.0.0.0 Safari/537.36"
91.10.111.70 - - [12/Jan/2026:16:56:53 +0100] "GET /wp-content/plugins/elementor/assets/images/go-pro.svg HTTP/1.0" 200 24666 "https://jockers3.inglory.de/wp-admin/post.php?post=18&action=elementor&active-document=7" "Mozilla/5.0 (Macintosh; Intel Mac OS X 10_15_7) AppleWebKit/537.36 (KHTML, like Gecko) Chrome/143.0.0.0 Safari/537.36"
91.10.111.70 - - [12/Jan/2026:16:56:54 +0100] "GET /wp-content/uploads/img-1-1.jpg HTTP/1.0" 200 66740 "https://jockers3.inglory.de/?elementor-preview=18&ver=1768233407" "Mozilla/5.0 (Macintosh; Intel Mac OS X 10_15_7) AppleWebKit/537.36 (KHTML, like Gecko) Chrome/143.0.0.0 Safari/537.36"
91.10.111.70 - - [12/Jan/2026:16:56:54 +0100] "GET /wp-content/uploads/img-2-1-1.jpg HTTP/1.0" 200 65520 "https://jockers3.inglory.de/?elementor-preview=18&ver=1768233407" "Mozilla/5.0 (Macintosh; Intel Mac OS X 10_15_7) AppleWebKit/537.36 (KHTML, like Gecko) Chrome/143.0.0.0 Safari/537.36"
91.10.111.70 - - [12/Jan/2026:16:56:54 +0100] "GET /wp-content/uploads/img-4-1-1.jpg HTTP/1.0" 200 28566 "https://jockers3.inglory.de/?elementor-preview=18&ver=1768233407" "Mozilla/5.0 (Macintosh; Intel Mac OS X 10_15_7) AppleWebKit/537.36 (KHTML, like Gecko) Chrome/143.0.0.0 Safari/537.36"
