94.130.90.54 - - [12/Jan/2026:17:16:52 +0100] "GET /wp-content/uploads/img-5-1-6.jpg HTTP/1.1" 200 44625 "https://jockers3.inglory.de/presse/" "Serf/1.3.9 (mod_pagespeed/1.13.35.2-0)"
94.130.90.54 - - [12/Jan/2026:17:16:52 +0100] "GET /wp-content/uploads/img-6-1-6.jpg HTTP/1.1" 200 67273 "https://jockers3.inglory.de/presse/" "Serf/1.3.9 (mod_pagespeed/1.13.35.2-0)"
94.130.90.54 - - [12/Jan/2026:17:16:52 +0100] "GET /wp-content/uploads/img-7-1-5.jpg HTTP/1.1" 200 58508 "https://jockers3.inglory.de/presse/" "Serf/1.3.9 (mod_pagespeed/1.13.35.2-0)"
94.130.90.54 - - [12/Jan/2026:17:16:52 +0100] "GET /wp-content/uploads/img-8-1-2.jpg HTTP/1.1" 200 45541 "https://jockers3.inglory.de/presse/" "Serf/1.3.9 (mod_pagespeed/1.13.35.2-0)"
74.7.242.55 - - [12/Jan/2026:17:16:52 +0100] "GET /wp-content/plugins/elementor-pro/modules/lottie/assets/animations/default.json HTTP/1.0" 200 117006 "-" "Mozilla/5.0 AppleWebKit/537.36 (KHTML, like Gecko; compatible; GPTBot/1.3; +https://openai.com/gptbot)"
94.130.90.54 - - [12/Jan/2026:17:16:54 +0100] "GET /wp-content/uploads/img-1-2.jpg HTTP/1.1" 304 3411 "https://jockers3.inglory.de/innensauna/" "Serf/1.3.9 (mod_pagespeed/1.13.35.2-0)"
74.7.242.55 - - [12/Jan/2026:17:16:52 +0100] "GET /innensauna/ HTTP/1.0" 200 36099 "-" "Mozilla/5.0 AppleWebKit/537.36 (KHTML, like Gecko; compatible; GPTBot/1.3; +https://openai.com/gptbot)"
94.130.90.54 - - [12/Jan/2026:17:16:54 +0100] "GET /wp-content/uploads/img-2-1-2.jpg HTTP/1.1" 304 3412 "https://jockers3.inglory.de/innensauna/" "Serf/1.3.9 (mod_pagespeed/1.13.35.2-0)"
94.130.90.54 - - [12/Jan/2026:17:16:54 +0100] "GET /wp-content/uploads/img-3-1-2.jpg HTTP/1.1" 304 3411 "https://jockers3.inglory.de/innensauna/" "Serf/1.3.9 (mod_pagespeed/1.13.35.2-0)"
94.130.90.54 - - [12/Jan/2026:17:16:54 +0100] "GET /wp-content/uploads/elementor/css/post-50.css?ver=1768234613 HTTP/1.1" 200 67046 "https://jockers3.inglory.de/innensauna/" "Serf/1.3.9 (mod_pagespeed/1.13.35.2-0)"
94.130.90.54 - - [12/Jan/2026:17:16:54 +0100] "GET /wp-content/uploads/img-1-2.jpg HTTP/1.1" 304 3411 "https://jockers3.inglory.de/innensauna/" "Serf/1.3.9 (mod_pagespeed/1.13.35.2-0)"
94.130.90.54 - - [12/Jan/2026:17:16:54 +0100] "GET /wp-content/uploads/img-1-2-300x280.jpg HTTP/1.1" 304 3411 "https://jockers3.inglory.de/innensauna/" "Serf/1.3.9 (mod_pagespeed/1.13.35.2-0)"
94.130.90.54 - - [12/Jan/2026:17:16:54 +0100] "GET /wp-content/uploads/img-1-2-1024x956.jpg HTTP/1.1" 304 3411 "https://jockers3.inglory.de/innensauna/" "Serf/1.3.9 (mod_pagespeed/1.13.35.2-0)"
94.130.90.54 - - [12/Jan/2026:17:16:54 +0100] "GET /wp-content/uploads/img-1-2-768x717.jpg HTTP/1.1" 304 3411 "https://jockers3.inglory.de/innensauna/" "Serf/1.3.9 (mod_pagespeed/1.13.35.2-0)"
94.130.90.54 - - [12/Jan/2026:17:16:54 +0100] "GET /wp-content/uploads/img-2-1-2.jpg HTTP/1.1" 304 3412 "https://jockers3.inglory.de/innensauna/" "Serf/1.3.9 (mod_pagespeed/1.13.35.2-0)"
94.130.90.54 - - [12/Jan/2026:17:16:54 +0100] "GET /wp-content/uploads/img-2-1-2-300x271.jpg HTTP/1.1" 304 3411 "https://jockers3.inglory.de/innensauna/" "Serf/1.3.9 (mod_pagespeed/1.13.35.2-0)"
94.130.90.54 - - [12/Jan/2026:17:16:54 +0100] "GET /wp-content/uploads/img-2-1-2-1024x925.jpg HTTP/1.1" 304 3411 "https://jockers3.inglory.de/innensauna/" "Serf/1.3.9 (mod_pagespeed/1.13.35.2-0)"
94.130.90.54 - - [12/Jan/2026:17:16:54 +0100] "GET /wp-content/uploads/img-2-1-2-768x694.jpg HTTP/1.1" 304 3411 "https://jockers3.inglory.de/innensauna/" "Serf/1.3.9 (mod_pagespeed/1.13.35.2-0)"
94.130.90.54 - - [12/Jan/2026:17:16:54 +0100] "GET /wp-content/uploads/img-3-1-2.jpg HTTP/1.1" 304 3411 "https://jockers3.inglory.de/innensauna/" "Serf/1.3.9 (mod_pagespeed/1.13.35.2-0)"
94.130.90.54 - - [12/Jan/2026:17:16:54 +0100] "GET /wp-content/uploads/img-3-1-2-293x300.jpg HTTP/1.1" 304 3411 "https://jockers3.inglory.de/innensauna/" "Serf/1.3.9 (mod_pagespeed/1.13.35.2-0)"
94.130.90.54 - - [12/Jan/2026:17:16:54 +0100] "GET /wp-content/uploads/img-3-1-2-1000x1024.jpg HTTP/1.1" 304 3411 "https://jockers3.inglory.de/innensauna/" "Serf/1.3.9 (mod_pagespeed/1.13.35.2-0)"
94.130.90.54 - - [12/Jan/2026:17:16:54 +0100] "GET /wp-content/uploads/img-3-1-2-768x786.jpg HTTP/1.1" 304 3411 "https://jockers3.inglory.de/innensauna/" "Serf/1.3.9 (mod_pagespeed/1.13.35.2-0)"
74.7.242.55 - - [12/Jan/2026:17:16:54 +0100] "GET /?p=53 HTTP/1.0" 301 4175 "-" "Mozilla/5.0 AppleWebKit/537.36 (KHTML, like Gecko; compatible; GPTBot/1.3; +https://openai.com/gptbot)"
74.7.242.55 - - [12/Jan/2026:17:16:54 +0100] "GET /dampfbad/ HTTP/1.0" 200 25707 "-" "Mozilla/5.0 AppleWebKit/537.36 (KHTML, like Gecko; compatible; GPTBot/1.3; +https://openai.com/gptbot)"
74.7.242.55 - - [12/Jan/2026:17:16:56 +0100] "GET /?p=182 HTTP/1.0" 301 4175 "-" "Mozilla/5.0 AppleWebKit/537.36 (KHTML, like Gecko; compatible; GPTBot/1.3; +https://openai.com/gptbot)"
74.7.242.55 - - [12/Jan/2026:17:16:56 +0100] "GET /angebote/ HTTP/1.0" 200 28931 "-" "Mozilla/5.0 AppleWebKit/537.36 (KHTML, like Gecko; compatible; GPTBot/1.3; +https://openai.com/gptbot)"
74.7.242.55 - - [12/Jan/2026:17:16:57 +0100] "GET /?p=42 HTTP/1.0" 301 4174 "-" "Mozilla/5.0 AppleWebKit/537.36 (KHTML, like Gecko; compatible; GPTBot/1.3; +https://openai.com/gptbot)"
74.7.242.55 - - [12/Jan/2026:17:16:58 +0100] "GET /kontakt/ HTTP/1.0" 200 25515 "-" "Mozilla/5.0 AppleWebKit/537.36 (KHTML, like Gecko; compatible; GPTBot/1.3; +https://openai.com/gptbot)"
74.7.242.55 - - [12/Jan/2026:17:16:59 +0100] "GET /?p=158 HTTP/1.0" 301 4174 "-" "Mozilla/5.0 AppleWebKit/537.36 (KHTML, like Gecko; compatible; GPTBot/1.3; +https://openai.com/gptbot)"
74.7.242.55 - - [12/Jan/2026:17:16:59 +0100] "GET /jockers/ HTTP/1.0" 200 24763 "-" "Mozilla/5.0 AppleWebKit/537.36 (KHTML, like Gecko; compatible; GPTBot/1.3; +https://openai.com/gptbot)"
74.7.242.55 - - [12/Jan/2026:17:17:00 +0100] "GET /wp-content/uploads/img-1-7.jpg HTTP/1.0" 200 67008 "-" "Mozilla/5.0 AppleWebKit/537.36 (KHTML, like Gecko; compatible; GPTBot/1.3; +https://openai.com/gptbot)"
94.130.90.54 - - [12/Jan/2026:17:17:02 +0100] "GET /wp-content/uploads/elementor/css/post-51.css?ver=1768234622 HTTP/1.1" 200 42471 "https://jockers3.inglory.de/ausensauna/" "Serf/1.3.9 (mod_pagespeed/1.13.35.2-0)"
94.130.90.54 - - [12/Jan/2026:17:17:02 +0100] "GET /wp-content/uploads/img-4-1-2.jpg HTTP/1.1" 200 260710 "https://jockers3.inglory.de/ausensauna/" "Serf/1.3.9 (mod_pagespeed/1.13.35.2-0)"
94.130.90.54 - - [12/Jan/2026:17:17:02 +0100] "GET /wp-content/uploads/img-4-1-2.jpg HTTP/1.1" 200 260710 "https://jockers3.inglory.de/ausensauna/" "Serf/1.3.9 (mod_pagespeed/1.13.35.2-0)"
74.7.242.55 - - [12/Jan/2026:17:17:01 +0100] "GET /ausensauna/ HTTP/1.0" 200 27282 "-" "Mozilla/5.0 AppleWebKit/537.36 (KHTML, like Gecko; compatible; GPTBot/1.3; +https://openai.com/gptbot)"
94.130.90.54 - - [12/Jan/2026:17:17:02 +0100] "GET /wp-content/uploads/img-4-1-2-300x239.jpg HTTP/1.1" 200 21256 "https://jockers3.inglory.de/ausensauna/" "Serf/1.3.9 (mod_pagespeed/1.13.35.2-0)"
94.130.90.54 - - [12/Jan/2026:17:17:02 +0100] "GET /wp-content/uploads/img-4-1-2-1024x817.jpg HTTP/1.1" 200 193585 "https://jockers3.inglory.de/ausensauna/" "Serf/1.3.9 (mod_pagespeed/1.13.35.2-0)"
94.130.90.54 - - [12/Jan/2026:17:17:02 +0100] "GET /wp-content/uploads/img-4-1-2-768x613.jpg HTTP/1.1" 200 115196 "https://jockers3.inglory.de/ausensauna/" "Serf/1.3.9 (mod_pagespeed/1.13.35.2-0)"
94.130.90.54 - - [12/Jan/2026:17:17:03 +0100] "GET /wp-content/uploads/elementor/css/post-160.css?ver=1768234623 HTTP/1.1" 200 27607 "https://jockers3.inglory.de/ausstellung/" "Serf/1.3.9 (mod_pagespeed/1.13.35.2-0)"
94.130.90.54 - - [12/Jan/2026:17:17:03 +0100] "GET /wp-content/uploads/img-4-1-7.jpg HTTP/1.1" 200 61847 "https://jockers3.inglory.de/ausstellung/" "Serf/1.3.9 (mod_pagespeed/1.13.35.2-0)"
94.130.90.54 - - [12/Jan/2026:17:17:03 +0100] "GET /wp-content/uploads/img-4-1-7.jpg HTTP/1.1" 200 61847 "https://jockers3.inglory.de/ausstellung/" "Serf/1.3.9 (mod_pagespeed/1.13.35.2-0)"
74.7.242.55 - - [12/Jan/2026:17:17:02 +0100] "GET /ausstellung/ HTTP/1.0" 200 24832 "-" "Mozilla/5.0 AppleWebKit/537.36 (KHTML, like Gecko; compatible; GPTBot/1.3; +https://openai.com/gptbot)"
94.130.90.54 - - [12/Jan/2026:17:17:03 +0100] "GET /wp-content/uploads/img-4-1-7-233x300.jpg HTTP/1.1" 200 10745 "https://jockers3.inglory.de/ausstellung/" "Serf/1.3.9 (mod_pagespeed/1.13.35.2-0)"
94.130.90.54 - - [12/Jan/2026:17:17:03 +0100] "GET /wp-content/uploads/img-4-1-7-797x1024.jpg HTTP/1.1" 200 62830 "https://jockers3.inglory.de/ausstellung/" "Serf/1.3.9 (mod_pagespeed/1.13.35.2-0)"
94.130.90.54 - - [12/Jan/2026:17:17:03 +0100] "GET /wp-content/uploads/img-4-1-7-768x987.jpg HTTP/1.1" 200 60263 "https://jockers3.inglory.de/ausstellung/" "Serf/1.3.9 (mod_pagespeed/1.13.35.2-0)"
94.130.90.54 - - [12/Jan/2026:17:17:03 +0100] "GET /wp-content/uploads/img-5-1-5.jpg HTTP/1.1" 200 46207 "https://jockers3.inglory.de/ausstellung/" "Serf/1.3.9 (mod_pagespeed/1.13.35.2-0)"
94.130.90.54 - - [12/Jan/2026:17:17:03 +0100] "GET /wp-content/uploads/img-5-1-5.jpg HTTP/1.1" 200 46207 "https://jockers3.inglory.de/ausstellung/" "Serf/1.3.9 (mod_pagespeed/1.13.35.2-0)"
94.130.90.54 - - [12/Jan/2026:17:17:03 +0100] "GET /wp-content/uploads/img-5-1-5-269x300.jpg HTTP/1.1" 200 12765 "https://jockers3.inglory.de/ausstellung/" "Serf/1.3.9 (mod_pagespeed/1.13.35.2-0)"
94.130.90.54 - - [12/Jan/2026:17:17:03 +0100] "GET /wp-content/uploads/img-5-1-5-768x856.jpg HTTP/1.1" 200 46026 "https://jockers3.inglory.de/ausstellung/" "Serf/1.3.9 (mod_pagespeed/1.13.35.2-0)"
74.7.242.55 - - [12/Jan/2026:17:17:04 +0100] "GET /?p=159 HTTP/1.0" 301 4177 "-" "Mozilla/5.0 AppleWebKit/537.36 (KHTML, like Gecko; compatible; GPTBot/1.3; +https://openai.com/gptbot)"
74.7.242.55 - - [12/Jan/2026:17:17:04 +0100] "GET /produktion/ HTTP/1.0" 200 29541 "-" "Mozilla/5.0 AppleWebKit/537.36 (KHTML, like Gecko; compatible; GPTBot/1.3; +https://openai.com/gptbot)"
74.7.242.55 - - [12/Jan/2026:17:17:05 +0100] "GET /wp-content/uploads/imgi_5_jockers-sauna-produktion-Sauna_Jockers_048_large-1-scaled-1.jpg HTTP/1.0" 200 128628 "-" "Mozilla/5.0 AppleWebKit/537.36 (KHTML, like Gecko; compatible; GPTBot/1.3; +https://openai.com/gptbot)"
74.7.242.55 - - [12/Jan/2026:17:17:06 +0100] "GET /wp-content/uploads/img-6-1-5.jpg.pagespeed.ce.eSQTIJvfTx.jpg HTTP/1.0" 200 30497 "-" "Mozilla/5.0 AppleWebKit/537.36 (KHTML, like Gecko; compatible; GPTBot/1.3; +https://openai.com/gptbot)"
74.7.242.55 - - [12/Jan/2026:17:17:06 +0100] "GET /wp-content/uploads/img-7-1-4.jpg.pagespeed.ce.2vbQLCVEvo.jpg HTTP/1.0" 200 65086 "-" "Mozilla/5.0 AppleWebKit/537.36 (KHTML, like Gecko; compatible; GPTBot/1.3; +https://openai.com/gptbot)"
74.7.242.55 - - [12/Jan/2026:17:17:07 +0100] "GET /?p=2356 HTTP/1.0" 301 4173 "-" "Mozilla/5.0 AppleWebKit/537.36 (KHTML, like Gecko; compatible; GPTBot/1.3; +https://openai.com/gptbot)"
94.130.90.54 - - [12/Jan/2026:17:17:08 +0100] "GET /wp-content/plugins/preloader-pro/assets/css/loftloader.min.css?ver=2024090401 HTTP/1.1" 304 3412 "https://jockers3.inglory.de/presse/" "Serf/1.3.9 (mod_pagespeed/1.13.35.2-0)"
74.7.242.55 - - [12/Jan/2026:17:17:07 +0100] "GET /presse/ HTTP/1.0" 200 25397 "-" "Mozilla/5.0 AppleWebKit/537.36 (KHTML, like Gecko; compatible; GPTBot/1.3; +https://openai.com/gptbot)"
94.130.90.54 - - [12/Jan/2026:17:17:08 +0100] "GET /wp-content/themes/hello-elementor/assets/css/reset.css?ver=3.4.5 HTTP/1.1" 304 3411 "https://jockers3.inglory.de/presse/" "Serf/1.3.9 (mod_pagespeed/1.13.35.2-0)"
94.130.90.54 - - [12/Jan/2026:17:17:08 +0100] "GET /wp-content/themes/hello-elementor/assets/css/theme.css?ver=3.4.5 HTTP/1.1" 304 3411 "https://jockers3.inglory.de/presse/" "Serf/1.3.9 (mod_pagespeed/1.13.35.2-0)"
94.130.90.54 - - [12/Jan/2026:17:17:08 +0100] "GET /wp-content/themes/hello-elementor/assets/css/header-footer.css?ver=3.4.5 HTTP/1.1" 304 3411 "https://jockers3.inglory.de/presse/" "Serf/1.3.9 (mod_pagespeed/1.13.35.2-0)"
94.130.90.54 - - [12/Jan/2026:17:17:08 +0100] "GET /wp-content/plugins/elementor/assets/css/frontend.min.css?ver=3.34.1 HTTP/1.1" 304 3411 "https://jockers3.inglory.de/presse/" "Serf/1.3.9 (mod_pagespeed/1.13.35.2-0)"
94.130.90.54 - - [12/Jan/2026:17:17:08 +0100] "GET /wp-content/plugins/elementor/assets/css/widget-heading.min.css?ver=3.34.1 HTTP/1.1" 304 3410 "https://jockers3.inglory.de/presse/" "Serf/1.3.9 (mod_pagespeed/1.13.35.2-0)"
94.130.90.54 - - [12/Jan/2026:17:17:08 +0100] "GET /wp-content/plugins/elementor/assets/css/widget-image.min.css?ver=3.34.1 HTTP/1.1" 304 3409 "https://jockers3.inglory.de/presse/" "Serf/1.3.9 (mod_pagespeed/1.13.35.2-0)"
94.130.90.54 - - [12/Jan/2026:17:17:08 +0100] "GET /wp-content/plugins/elementor-pro/assets/css/widget-nav-menu.min.css?ver=3.34.0 HTTP/1.1" 304 3411 "https://jockers3.inglory.de/presse/" "Serf/1.3.9 (mod_pagespeed/1.13.35.2-0)"
94.130.90.54 - - [12/Jan/2026:17:17:08 +0100] "GET /wp-content/plugins/elementor-pro/assets/css/modules/sticky.min.css?ver=3.34.0 HTTP/1.1" 304 3409 "https://jockers3.inglory.de/presse/" "Serf/1.3.9 (mod_pagespeed/1.13.35.2-0)"
94.130.90.54 - - [12/Jan/2026:17:17:08 +0100] "GET /wp-content/plugins/elementor/assets/css/widget-rating.min.css?ver=3.34.1 HTTP/1.1" 304 3410 "https://jockers3.inglory.de/presse/" "Serf/1.3.9 (mod_pagespeed/1.13.35.2-0)"
94.130.90.54 - - [12/Jan/2026:17:17:08 +0100] "GET /wp-content/plugins/elementor/assets/css/widget-social-icons.min.css?ver=3.34.1 HTTP/1.1" 304 3411 "https://jockers3.inglory.de/presse/" "Serf/1.3.9 (mod_pagespeed/1.13.35.2-0)"
94.130.90.54 - - [12/Jan/2026:17:17:08 +0100] "GET /wp-content/plugins/elementor/assets/css/conditionals/apple-webkit.min.css?ver=3.34.1 HTTP/1.1" 304 3411 "https://jockers3.inglory.de/presse/" "Serf/1.3.9 (mod_pagespeed/1.13.35.2-0)"
94.130.90.54 - - [12/Jan/2026:17:17:08 +0100] "GET /wp-content/plugins/elementor/assets/css/widget-icon-list.min.css?ver=3.34.1 HTTP/1.1" 304 3411 "https://jockers3.inglory.de/presse/" "Serf/1.3.9 (mod_pagespeed/1.13.35.2-0)"
94.130.90.54 - - [12/Jan/2026:17:17:08 +0100] "GET /wp-content/plugins/elementor/assets/lib/animations/styles/fadeIn.min.css?ver=3.34.1 HTTP/1.1" 304 3409 "https://jockers3.inglory.de/presse/" "Serf/1.3.9 (mod_pagespeed/1.13.35.2-0)"
94.130.90.54 - - [12/Jan/2026:17:17:08 +0100] "GET /wp-content/plugins/elementor-pro/assets/css/conditionals/popup.min.css?ver=3.34.0 HTTP/1.1" 304 3410 "https://jockers3.inglory.de/presse/" "Serf/1.3.9 (mod_pagespeed/1.13.35.2-0)"
94.130.90.54 - - [12/Jan/2026:17:17:08 +0100] "GET /wp-content/plugins/elementor/assets/css/widget-divider.min.css?ver=3.34.1 HTTP/1.1" 304 3411 "https://jockers3.inglory.de/presse/" "Serf/1.3.9 (mod_pagespeed/1.13.35.2-0)"
94.130.90.54 - - [12/Jan/2026:17:17:08 +0100] "GET /wp-content/plugins/elementor/assets/lib/font-awesome/css/fontawesome.min.css?ver=5.15.3 HTTP/1.1" 304 3411 "https://jockers3.inglory.de/presse/" "Serf/1.3.9 (mod_pagespeed/1.13.35.2-0)"
94.130.90.54 - - [12/Jan/2026:17:17:08 +0100] "GET /wp-content/plugins/elementor/assets/lib/font-awesome/css/solid.min.css?ver=5.15.3 HTTP/1.1" 304 3410 "https://jockers3.inglory.de/presse/" "Serf/1.3.9 (mod_pagespeed/1.13.35.2-0)"
94.130.90.54 - - [12/Jan/2026:17:17:08 +0100] "GET /wp-content/plugins/elementor/assets/lib/font-awesome/css/brands.min.css?ver=5.15.3 HTTP/1.1" 304 3410 "https://jockers3.inglory.de/presse/" "Serf/1.3.9 (mod_pagespeed/1.13.35.2-0)"
94.130.90.54 - - [12/Jan/2026:17:17:08 +0100] "GET /wp-content/uploads/cropped-items-32x32.png HTTP/1.1" 304 3410 "https://jockers3.inglory.de/presse/" "Serf/1.3.9 (mod_pagespeed/1.13.35.2-0)"
94.130.90.54 - - [12/Jan/2026:17:17:08 +0100] "GET /wp-content/plugins/preloader-pro/assets/js/jquery.waitformedias.min.js?ver=2024090401 HTTP/1.1" 304 3411 "https://jockers3.inglory.de/presse/" "Serf/1.3.9 (mod_pagespeed/1.13.35.2-0)"
94.130.90.54 - - [12/Jan/2026:17:17:08 +0100] "GET /wp-content/plugins/preloader-pro/assets/js/loftloader.min.js?ver=2024090401 HTTP/1.1" 304 3411 "https://jockers3.inglory.de/presse/" "Serf/1.3.9 (mod_pagespeed/1.13.35.2-0)"
94.130.90.54 - - [12/Jan/2026:17:17:08 +0100] "GET /wp-content/plugins/elementor/assets/js/webpack.runtime.min.js?ver=3.34.1 HTTP/1.1" 304 3411 "https://jockers3.inglory.de/presse/" "Serf/1.3.9 (mod_pagespeed/1.13.35.2-0)"
94.130.90.54 - - [12/Jan/2026:17:17:08 +0100] "GET /wp-content/plugins/elementor-pro/assets/js/webpack-pro.runtime.min.js?ver=3.34.0 HTTP/1.1" 304 3411 "https://jockers3.inglory.de/presse/" "Serf/1.3.9 (mod_pagespeed/1.13.35.2-0)"
94.130.90.54 - - [12/Jan/2026:17:17:08 +0100] "GET /wp-content/plugins/elementor-pro/assets/js/frontend.min.js?ver=3.34.0 HTTP/1.1" 304 3411 "https://jockers3.inglory.de/presse/" "Serf/1.3.9 (mod_pagespeed/1.13.35.2-0)"
94.130.90.54 - - [12/Jan/2026:17:17:08 +0100] "GET /wp-content/plugins/elementor-pro/assets/js/elements-handlers.min.js?ver=3.34.0 HTTP/1.1" 304 3411 "https://jockers3.inglory.de/presse/" "Serf/1.3.9 (mod_pagespeed/1.13.35.2-0)"
74.7.242.55 - - [12/Jan/2026:17:17:08 +0100] "GET /?p=50 HTTP/1.0" 301 4177 "-" "Mozilla/5.0 AppleWebKit/537.36 (KHTML, like Gecko; compatible; GPTBot/1.3; +https://openai.com/gptbot)"
94.130.90.54 - - [12/Jan/2026:17:17:10 +0100] "GET /wp-content/plugins/elementor/assets/lib/swiper/v8/css/swiper.min.css?ver=8.4.5 HTTP/1.1" 304 3411 "https://jockers3.inglory.de/innensauna/" "Serf/1.3.9 (mod_pagespeed/1.13.35.2-0)"
74.7.242.55 - - [12/Jan/2026:17:17:09 +0100] "GET /innensauna/ HTTP/1.0" 200 35170 "-" "Mozilla/5.0 AppleWebKit/537.36 (KHTML, like Gecko; compatible; GPTBot/1.3; +https://openai.com/gptbot)"
94.130.90.54 - - [12/Jan/2026:17:17:10 +0100] "GET /wp-content/plugins/elementor/assets/css/conditionals/e-swiper.min.css?ver=3.34.1 HTTP/1.1" 304 3411 "https://jockers3.inglory.de/innensauna/" "Serf/1.3.9 (mod_pagespeed/1.13.35.2-0)"
74.7.242.55 - - [12/Jan/2026:17:17:10 +0100] "GET /wp-content/uploads/img-1-2.jpg HTTP/1.0" 200 62343 "-" "Mozilla/5.0 AppleWebKit/537.36 (KHTML, like Gecko; compatible; GPTBot/1.3; +https://openai.com/gptbot)"
74.7.242.55 - - [12/Jan/2026:17:17:10 +0100] "GET /wp-content/uploads/imgi_11_jockers-sauna-produktion-Sauna_Jockers_058_large-3.jpg HTTP/1.0" 200 59741 "-" "Mozilla/5.0 AppleWebKit/537.36 (KHTML, like Gecko; compatible; GPTBot/1.3; +https://openai.com/gptbot)"
74.7.242.55 - - [12/Jan/2026:17:17:11 +0100] "GET /wp-content/uploads/imgi_9_jockers-sauna-produktion-Sauna_Jockers_018_large-1.jpg HTTP/1.0" 200 82639 "-" "Mozilla/5.0 AppleWebKit/537.36 (KHTML, like Gecko; compatible; GPTBot/1.3; +https://openai.com/gptbot)"
74.7.242.55 - - [12/Jan/2026:17:17:11 +0100] "GET /wp-content/uploads/img-7-1-3.jpg.pagespeed.ce.I6z4h88WjX.jpg HTTP/1.0" 200 57912 "-" "Mozilla/5.0 AppleWebKit/537.36 (KHTML, like Gecko; compatible; GPTBot/1.3; +https://openai.com/gptbot)"
74.7.242.55 - - [12/Jan/2026:17:17:12 +0100] "GET /wp-content/uploads/imgi_8_jockers-sauna-produktion-Sauna_Jockers_065_large-1.jpg HTTP/1.0" 200 320152 "-" "Mozilla/5.0 AppleWebKit/537.36 (KHTML, like Gecko; compatible; GPTBot/1.3; +https://openai.com/gptbot)"
74.7.242.55 - - [12/Jan/2026:17:17:12 +0100] "GET /?p=51 HTTP/1.0" 301 4177 "-" "Mozilla/5.0 AppleWebKit/537.36 (KHTML, like Gecko; compatible; GPTBot/1.3; +https://openai.com/gptbot)"
74.7.242.55 - - [12/Jan/2026:17:17:13 +0100] "GET /ausensauna/ HTTP/1.0" 200 27326 "-" "Mozilla/5.0 AppleWebKit/537.36 (KHTML, like Gecko; compatible; GPTBot/1.3; +https://openai.com/gptbot)"
91.10.111.70 - - [12/Jan/2026:17:17:14 +0100] "POST /wp-admin/admin-ajax.php HTTP/1.0" 200 4405 "https://jockers3.inglory.de/wp-admin/post.php?post=18&action=elementor" "Mozilla/5.0 (Macintosh; Intel Mac OS X 10_15_7) AppleWebKit/537.36 (KHTML, like Gecko) Chrome/143.0.0.0 Safari/537.36"
74.7.242.55 - - [12/Jan/2026:17:17:14 +0100] "GET /?p=160 HTTP/1.0" 301 4178 "-" "Mozilla/5.0 AppleWebKit/537.36 (KHTML, like Gecko; compatible; GPTBot/1.3; +https://openai.com/gptbot)"
94.130.90.54 - - [12/Jan/2026:17:17:16 +0100] "POST /wp-cron.php?doing_wp_cron=1768234636.1492509841918945312500 HTTP/1.0" 200 4074 "-" "Hf7mxdRj0owY"
74.7.242.55 - - [12/Jan/2026:17:17:15 +0100] "GET /ausstellung/ HTTP/1.0" 200 24930 "-" "Mozilla/5.0 AppleWebKit/537.36 (KHTML, like Gecko; compatible; GPTBot/1.3; +https://openai.com/gptbot)"
74.7.242.55 - - [12/Jan/2026:17:17:16 +0100] "GET /wp-content/uploads/jockers-sauna-aussensauna-Limburgerhof_004_large-2.jpg HTTP/1.0" 200 481984 "-" "Mozilla/5.0 AppleWebKit/537.36 (KHTML, like Gecko; compatible; GPTBot/1.3; +https://openai.com/gptbot)"
74.7.242.55 - - [12/Jan/2026:17:17:17 +0100] "GET /wp-content/uploads/2-2-scaled-1.jpg HTTP/1.0" 200 626698 "-" "Mozilla/5.0 AppleWebKit/537.36 (KHTML, like Gecko; compatible; GPTBot/1.3; +https://openai.com/gptbot)"
74.7.242.55 - - [12/Jan/2026:17:17:17 +0100] "GET /wp-content/uploads/imgi_6_jockers-sauna-produktion-Sauna_Jockers_035_large-1.jpg HTTP/1.0" 200 80206 "-" "Mozilla/5.0 AppleWebKit/537.36 (KHTML, like Gecko; compatible; GPTBot/1.3; +https://openai.com/gptbot)"
74.7.242.55 - - [12/Jan/2026:17:17:18 +0100] "GET /wp-content/uploads/imgi_7_jockers-sauna-produktion-Sauna_Jockers_062_large-1.jpg HTTP/1.0" 200 161304 "-" "Mozilla/5.0 AppleWebKit/537.36 (KHTML, like Gecko; compatible; GPTBot/1.3; +https://openai.com/gptbot)"
74.7.242.55 - - [12/Jan/2026:17:17:18 +0100] "GET /wp-content/uploads/img-1-2.jpg.pagespeed.ce.Nf2-E2LLDd.jpg HTTP/1.0" 200 62406 "-" "Mozilla/5.0 AppleWebKit/537.36 (KHTML, like Gecko; compatible; GPTBot/1.3; +https://openai.com/gptbot)"
74.7.242.55 - - [12/Jan/2026:17:17:19 +0100] "GET /wp-content/uploads/imgi_10_jockers-sauna-produktion-Sauna_Jockers_034_large-1-scaled-1.jpg HTTP/1.0" 200 113185 "-" "Mozilla/5.0 AppleWebKit/537.36 (KHTML, like Gecko; compatible; GPTBot/1.3; +https://openai.com/gptbot)"
74.7.242.55 - - [12/Jan/2026:17:17:19 +0100] "GET /wp-content/uploads/img-2-1-3.jpg.pagespeed.ce.VD_8sHO6hf.jpg HTTP/1.0" 200 50014 "-" "Mozilla/5.0 AppleWebKit/537.36 (KHTML, like Gecko; compatible; GPTBot/1.3; +https://openai.com/gptbot)"
74.7.242.55 - - [12/Jan/2026:17:17:20 +0100] "GET /wp-content/uploads/img-1-7.jpg.pagespeed.ce.x3guoXz_0F.jpg HTTP/1.0" 200 67071 "-" "Mozilla/5.0 AppleWebKit/537.36 (KHTML, like Gecko; compatible; GPTBot/1.3; +https://openai.com/gptbot)"
94.130.90.54 - - [12/Jan/2026:17:17:20 +0100] "GET /wp-content/uploads/img-1-7.jpg HTTP/1.1" 304 3411 "https://jockers3.inglory.de/wp-content/uploads/img-1-7.jpg.pagespeed.ce.x3guoXz_0F.jpg" "Serf/1.3.9 (mod_pagespeed/1.13.35.2-0)"
74.7.242.55 - - [12/Jan/2026:17:17:20 +0100] "GET /wp-content/uploads/img-3-1-6.jpg.pagespeed.ce.hyj5UVAxIw.jpg HTTP/1.0" 200 127595 "-" "Mozilla/5.0 AppleWebKit/537.36 (KHTML, like Gecko; compatible; GPTBot/1.3; +https://openai.com/gptbot)"
94.130.90.54 - - [12/Jan/2026:17:17:20 +0100] "GET /wp-content/uploads/img-3-1-6.jpg HTTP/1.1" 304 3412 "https://jockers3.inglory.de/wp-content/uploads/img-3-1-6.jpg.pagespeed.ce.hyj5UVAxIw.jpg" "Serf/1.3.9 (mod_pagespeed/1.13.35.2-0)"
74.7.242.55 - - [12/Jan/2026:17:17:21 +0100] "GET /wp-content/uploads/img-4-1-2.jpg.pagespeed.ce.OeI_EDr9E0.jpg HTTP/1.0" 200 261264 "-" "Mozilla/5.0 AppleWebKit/537.36 (KHTML, like Gecko; compatible; GPTBot/1.3; +https://openai.com/gptbot)"
74.7.242.55 - - [12/Jan/2026:17:17:21 +0100] "GET /wp-content/uploads/img-4-1-7.jpg.pagespeed.ce.vg8UsvYC5f.jpg HTTP/1.0" 200 62485 "-" "Mozilla/5.0 AppleWebKit/537.36 (KHTML, like Gecko; compatible; GPTBot/1.3; +https://openai.com/gptbot)"
74.7.242.55 - - [12/Jan/2026:17:17:22 +0100] "GET /wp-content/uploads/img-5-1-5.jpg.pagespeed.ce.SO8GOsvsV4.jpg HTTP/1.0" 200 46852 "-" "Mozilla/5.0 AppleWebKit/537.36 (KHTML, like Gecko; compatible; GPTBot/1.3; +https://openai.com/gptbot)"
74.7.242.55 - - [12/Jan/2026:17:17:22 +0100] "GET /wp-content/uploads/img-8-1-1.jpg.pagespeed.ce.nh4PIQDkdR.jpg HTTP/1.0" 200 103245 "-" "Mozilla/5.0 AppleWebKit/537.36 (KHTML, like Gecko; compatible; GPTBot/1.3; +https://openai.com/gptbot)"
74.7.242.55 - - [12/Jan/2026:17:17:23 +0100] "GET /wp-content/uploads/img-3-1-2.jpg.pagespeed.ce.mXcFxra98n.jpg HTTP/1.0" 200 57568 "-" "Mozilla/5.0 AppleWebKit/537.36 (KHTML, like Gecko; compatible; GPTBot/1.3; +https://openai.com/gptbot)"
74.7.242.55 - - [12/Jan/2026:17:17:23 +0100] "GET /wp-content/uploads/jockers-sauna-aussensauna-3-Bearbeitet_large-2.jpg HTTP/1.0" 200 780740 "-" "Mozilla/5.0 AppleWebKit/537.36 (KHTML, like Gecko; compatible; GPTBot/1.3; +https://openai.com/gptbot)"
74.7.242.55 - - [12/Jan/2026:17:17:24 +0100] "GET /wp-content/uploads/jockers-sauna-aussensauna-1-Bearbeitet_large-2.jpg HTTP/1.0" 200 469650 "-" "Mozilla/5.0 AppleWebKit/537.36 (KHTML, like Gecko; compatible; GPTBot/1.3; +https://openai.com/gptbot)"
74.7.242.55 - - [12/Jan/2026:17:17:24 +0100] "GET /wp-content/uploads/jockers-sauna-aussensauna-4-Bearbeitet_large-2.jpg HTTP/1.0" 200 303731 "-" "Mozilla/5.0 AppleWebKit/537.36 (KHTML, like Gecko; compatible; GPTBot/1.3; +https://openai.com/gptbot)"
74.7.242.55 - - [12/Jan/2026:17:17:25 +0100] "GET /wp-content/uploads/img-2-1-2.jpg.pagespeed.ce.OYYbRRPjvz.jpg HTTP/1.0" 200 83668 "-" "Mozilla/5.0 AppleWebKit/537.36 (KHTML, like Gecko; compatible; GPTBot/1.3; +https://openai.com/gptbot)"
74.7.242.55 - - [12/Jan/2026:17:17:25 +0100] "GET /wp-content/uploads/1-scaled-1.jpg HTTP/1.0" 200 313252 "-" "Mozilla/5.0 AppleWebKit/537.36 (KHTML, like Gecko; compatible; GPTBot/1.3; +https://openai.com/gptbot)"
74.7.242.55 - - [12/Jan/2026:17:17:26 +0100] "GET /wp-content/uploads/ausen224.06-scaled-1.jpeg HTTP/1.0" 200 807967 "-" "Mozilla/5.0 AppleWebKit/537.36 (KHTML, like Gecko; compatible; GPTBot/1.3; +https://openai.com/gptbot)"
74.7.242.55 - - [12/Jan/2026:17:17:26 +0100] "GET /wp-content/uploads/Ausenpool-Referenz.jpg HTTP/1.0" 200 732025 "-" "Mozilla/5.0 AppleWebKit/537.36 (KHTML, like Gecko; compatible; GPTBot/1.3; +https://openai.com/gptbot)"
74.7.242.55 - - [12/Jan/2026:17:17:27 +0100] "GET /wp-content/uploads/jockers-sauna-Deidesheim_02_large.jpg HTTP/1.0" 200 691907 "-" "Mozilla/5.0 AppleWebKit/537.36 (KHTML, like Gecko; compatible; GPTBot/1.3; +https://openai.com/gptbot)"
74.7.242.55 - - [12/Jan/2026:17:17:28 +0100] "GET /wp-content/uploads/jockers-sauna-Deidesheim_03_large.jpg HTTP/1.0" 200 128013 "-" "Mozilla/5.0 AppleWebKit/537.36 (KHTML, like Gecko; compatible; GPTBot/1.3; +https://openai.com/gptbot)"
74.7.242.55 - - [12/Jan/2026:17:17:28 +0100] "GET /wp-content/uploads/jockers-sauna-Deidesheim_01-Bearbeitet_large.jpg HTTP/1.0" 200 710340 "-" "Mozilla/5.0 AppleWebKit/537.36 (KHTML, like Gecko; compatible; GPTBot/1.3; +https://openai.com/gptbot)"
94.130.90.54 - - [12/Jan/2026:17:17:30 +0100] "GET /wp-content/uploads/elementor/css/post-169.css?ver=1768234649 HTTP/1.1" 200 49120 "https://jockers3.inglory.de/referenzen-ausensauna/" "Serf/1.3.9 (mod_pagespeed/1.13.35.2-0)"
94.130.90.54 - - [12/Jan/2026:17:17:30 +0100] "GET /wp-content/uploads/img-1-5.jpg HTTP/1.1" 200 163572 "https://jockers3.inglory.de/referenzen-ausensauna/" "Serf/1.3.9 (mod_pagespeed/1.13.35.2-0)"
94.130.90.54 - - [12/Jan/2026:17:17:30 +0100] "GET /wp-content/uploads/img-1-5.jpg HTTP/1.1" 200 163572 "https://jockers3.inglory.de/referenzen-ausensauna/" "Serf/1.3.9 (mod_pagespeed/1.13.35.2-0)"
74.7.242.55 - - [12/Jan/2026:17:17:29 +0100] "GET /referenzen-ausensauna/ HTTP/1.0" 200 29569 "-" "Mozilla/5.0 AppleWebKit/537.36 (KHTML, like Gecko; compatible; GPTBot/1.3; +https://openai.com/gptbot)"
94.130.90.54 - - [12/Jan/2026:17:17:30 +0100] "GET /wp-content/uploads/img-1-5-300x275.jpg HTTP/1.1" 200 18734 "https://jockers3.inglory.de/referenzen-ausensauna/" "Serf/1.3.9 (mod_pagespeed/1.13.35.2-0)"
94.130.90.54 - - [12/Jan/2026:17:17:30 +0100] "GET /wp-content/uploads/img-1-5-1024x938.jpg HTTP/1.1" 200 129305 "https://jockers3.inglory.de/referenzen-ausensauna/" "Serf/1.3.9 (mod_pagespeed/1.13.35.2-0)"
94.130.90.54 - - [12/Jan/2026:17:17:30 +0100] "GET /wp-content/uploads/img-1-5-768x704.jpg HTTP/1.1" 200 87183 "https://jockers3.inglory.de/referenzen-ausensauna/" "Serf/1.3.9 (mod_pagespeed/1.13.35.2-0)"
94.130.90.54 - - [12/Jan/2026:17:17:30 +0100] "GET /wp-content/uploads/img-2-1-5.jpg HTTP/1.1" 200 135782 "https://jockers3.inglory.de/referenzen-ausensauna/" "Serf/1.3.9 (mod_pagespeed/1.13.35.2-0)"
94.130.90.54 - - [12/Jan/2026:17:17:30 +0100] "GET /wp-content/uploads/img-2-1-5.jpg HTTP/1.1" 200 135782 "https://jockers3.inglory.de/referenzen-ausensauna/" "Serf/1.3.9 (mod_pagespeed/1.13.35.2-0)"
94.130.90.54 - - [12/Jan/2026:17:17:30 +0100] "GET /wp-content/uploads/img-2-1-5-300x230.jpg HTTP/1.1" 200 15674 "https://jockers3.inglory.de/referenzen-ausensauna/" "Serf/1.3.9 (mod_pagespeed/1.13.35.2-0)"
94.130.90.54 - - [12/Jan/2026:17:17:30 +0100] "GET /wp-content/uploads/img-2-1-5-1024x784.jpg HTTP/1.1" 200 95038 "https://jockers3.inglory.de/referenzen-ausensauna/" "Serf/1.3.9 (mod_pagespeed/1.13.35.2-0)"
94.130.90.54 - - [12/Jan/2026:17:17:30 +0100] "GET /wp-content/uploads/img-2-1-5-768x588.jpg HTTP/1.1" 200 59164 "https://jockers3.inglory.de/referenzen-ausensauna/" "Serf/1.3.9 (mod_pagespeed/1.13.35.2-0)"
94.130.90.54 - - [12/Jan/2026:17:17:30 +0100] "GET /wp-content/uploads/img-3-1-4.jpg HTTP/1.1" 200 84097 "https://jockers3.inglory.de/referenzen-ausensauna/" "Serf/1.3.9 (mod_pagespeed/1.13.35.2-0)"
94.130.90.54 - - [12/Jan/2026:17:17:30 +0100] "GET /wp-content/uploads/img-3-1-4.jpg HTTP/1.1" 200 84097 "https://jockers3.inglory.de/referenzen-ausensauna/" "Serf/1.3.9 (mod_pagespeed/1.13.35.2-0)"
94.130.90.54 - - [12/Jan/2026:17:17:30 +0100] "GET /wp-content/uploads/img-3-1-4-297x300.jpg HTTP/1.1" 200 15351 "https://jockers3.inglory.de/referenzen-ausensauna/" "Serf/1.3.9 (mod_pagespeed/1.13.35.2-0)"
94.130.90.54 - - [12/Jan/2026:17:17:30 +0100] "GET /wp-content/uploads/img-3-1-4-1015x1024.jpg HTTP/1.1" 200 86231 "https://jockers3.inglory.de/referenzen-ausensauna/" "Serf/1.3.9 (mod_pagespeed/1.13.35.2-0)"
94.130.90.54 - - [12/Jan/2026:17:17:30 +0100] "GET /wp-content/uploads/img-3-1-4-150x150.jpg HTTP/1.1" 200 7989 "https://jockers3.inglory.de/referenzen-ausensauna/" "Serf/1.3.9 (mod_pagespeed/1.13.35.2-0)"
94.130.90.54 - - [12/Jan/2026:17:17:30 +0100] "GET /wp-content/uploads/img-3-1-4-768x775.jpg HTTP/1.1" 200 63268 "https://jockers3.inglory.de/referenzen-ausensauna/" "Serf/1.3.9 (mod_pagespeed/1.13.35.2-0)"
94.130.90.54 - - [12/Jan/2026:17:17:30 +0100] "GET /wp-content/uploads/img-4-1-4.jpg HTTP/1.1" 304 3412 "https://jockers3.inglory.de/referenzen-ausensauna/" "Serf/1.3.9 (mod_pagespeed/1.13.35.2-0)"
94.130.90.54 - - [12/Jan/2026:17:17:30 +0100] "GET /wp-content/uploads/img-4-1-4.jpg HTTP/1.1" 304 3412 "https://jockers3.inglory.de/referenzen-ausensauna/" "Serf/1.3.9 (mod_pagespeed/1.13.35.2-0)"
94.130.90.54 - - [12/Jan/2026:17:17:30 +0100] "GET /wp-content/uploads/img-4-1-4-300x248.jpg HTTP/1.1" 200 16820 "https://jockers3.inglory.de/referenzen-ausensauna/" "Serf/1.3.9 (mod_pagespeed/1.13.35.2-0)"
94.130.90.54 - - [12/Jan/2026:17:17:30 +0100] "GET /wp-content/uploads/img-4-1-4-1024x846.jpg HTTP/1.1" 200 108389 "https://jockers3.inglory.de/referenzen-ausensauna/" "Serf/1.3.9 (mod_pagespeed/1.13.35.2-0)"
94.130.90.54 - - [12/Jan/2026:17:17:30 +0100] "GET /wp-content/uploads/img-4-1-4-768x634.jpg HTTP/1.1" 200 70910 "https://jockers3.inglory.de/referenzen-ausensauna/" "Serf/1.3.9 (mod_pagespeed/1.13.35.2-0)"
94.130.90.54 - - [12/Jan/2026:17:17:30 +0100] "GET /wp-content/uploads/img-5-1-2.jpg HTTP/1.1" 200 145058 "https://jockers3.inglory.de/referenzen-ausensauna/" "Serf/1.3.9 (mod_pagespeed/1.13.35.2-0)"
94.130.90.54 - - [12/Jan/2026:17:17:30 +0100] "GET /wp-content/uploads/img-5-1-2.jpg HTTP/1.1" 200 145058 "https://jockers3.inglory.de/referenzen-ausensauna/" "Serf/1.3.9 (mod_pagespeed/1.13.35.2-0)"
94.130.90.54 - - [12/Jan/2026:17:17:30 +0100] "GET /wp-content/uploads/img-5-1-2-300x275.jpg HTTP/1.1" 200 18239 "https://jockers3.inglory.de/referenzen-ausensauna/" "Serf/1.3.9 (mod_pagespeed/1.13.35.2-0)"
94.130.90.54 - - [12/Jan/2026:17:17:30 +0100] "GET /wp-content/uploads/img-5-1-2-1024x938.jpg HTTP/1.1" 200 118702 "https://jockers3.inglory.de/referenzen-ausensauna/" "Serf/1.3.9 (mod_pagespeed/1.13.35.2-0)"
94.130.90.54 - - [12/Jan/2026:17:17:30 +0100] "GET /wp-content/uploads/img-5-1-2-768x704.jpg HTTP/1.1" 200 73977 "https://jockers3.inglory.de/referenzen-ausensauna/" "Serf/1.3.9 (mod_pagespeed/1.13.35.2-0)"
94.130.90.54 - - [12/Jan/2026:17:17:30 +0100] "GET /wp-content/uploads/img-6-1-2.jpg HTTP/1.1" 200 152635 "https://jockers3.inglory.de/referenzen-ausensauna/" "Serf/1.3.9 (mod_pagespeed/1.13.35.2-0)"
94.130.90.54 - - [12/Jan/2026:17:17:30 +0100] "GET /wp-content/uploads/img-6-1-2.jpg HTTP/1.1" 200 152635 "https://jockers3.inglory.de/referenzen-ausensauna/" "Serf/1.3.9 (mod_pagespeed/1.13.35.2-0)"
94.130.90.54 - - [12/Jan/2026:17:17:30 +0100] "GET /wp-content/uploads/img-6-1-2-300x248.jpg HTTP/1.1" 200 16165 "https://jockers3.inglory.de/referenzen-ausensauna/" "Serf/1.3.9 (mod_pagespeed/1.13.35.2-0)"
94.130.90.54 - - [12/Jan/2026:17:17:30 +0100] "GET /wp-content/uploads/img-6-1-2-1024x846.jpg HTTP/1.1" 200 112488 "https://jockers3.inglory.de/referenzen-ausensauna/" "Serf/1.3.9 (mod_pagespeed/1.13.35.2-0)"
94.130.90.54 - - [12/Jan/2026:17:17:30 +0100] "GET /wp-content/uploads/img-6-1-2-768x634.jpg HTTP/1.1" 200 75485 "https://jockers3.inglory.de/referenzen-ausensauna/" "Serf/1.3.9 (mod_pagespeed/1.13.35.2-0)"
94.130.90.54 - - [12/Jan/2026:17:17:31 +0100] "GET /wp-content/uploads/img-1-1-1.jpg HTTP/1.1" 304 3411 "https://jockers3.inglory.de/referenzen-innensauna/" "Serf/1.3.9 (mod_pagespeed/1.13.35.2-0)"
94.130.90.54 - - [12/Jan/2026:17:17:31 +0100] "GET /wp-content/uploads/img-1-1-1-300x285.jpg HTTP/1.1" 304 3411 "https://jockers3.inglory.de/referenzen-innensauna/" "Serf/1.3.9 (mod_pagespeed/1.13.35.2-0)"
94.130.90.54 - - [12/Jan/2026:17:17:31 +0100] "GET /wp-content/uploads/img-1-1-1-1024x971.jpg HTTP/1.1" 304 3411 "https://jockers3.inglory.de/referenzen-innensauna/" "Serf/1.3.9 (mod_pagespeed/1.13.35.2-0)"
74.7.242.55 - - [12/Jan/2026:17:17:30 +0100] "GET /referenzen-innensauna/ HTTP/1.0" 200 29813 "-" "Mozilla/5.0 AppleWebKit/537.36 (KHTML, like Gecko; compatible; GPTBot/1.3; +https://openai.com/gptbot)"
94.130.90.54 - - [12/Jan/2026:17:17:31 +0100] "GET /wp-content/uploads/img-1-1-1-768x728.jpg HTTP/1.1" 304 3411 "https://jockers3.inglory.de/referenzen-innensauna/" "Serf/1.3.9 (mod_pagespeed/1.13.35.2-0)"
94.130.90.54 - - [12/Jan/2026:17:17:31 +0100] "GET /wp-content/uploads/img-2-1-4.jpg HTTP/1.1" 304 3412 "https://jockers3.inglory.de/referenzen-innensauna/" "Serf/1.3.9 (mod_pagespeed/1.13.35.2-0)"
94.130.90.54 - - [12/Jan/2026:17:17:31 +0100] "GET /wp-content/uploads/img-2-1-4-300x239.jpg HTTP/1.1" 304 3411 "https://jockers3.inglory.de/referenzen-innensauna/" "Serf/1.3.9 (mod_pagespeed/1.13.35.2-0)"
94.130.90.54 - - [12/Jan/2026:17:17:31 +0100] "GET /wp-content/uploads/img-2-1-4-1024x815.jpg HTTP/1.1" 304 3411 "https://jockers3.inglory.de/referenzen-innensauna/" "Serf/1.3.9 (mod_pagespeed/1.13.35.2-0)"
94.130.90.54 - - [12/Jan/2026:17:17:31 +0100] "GET /wp-content/uploads/img-2-1-4-768x611.jpg HTTP/1.1" 304 3411 "https://jockers3.inglory.de/referenzen-innensauna/" "Serf/1.3.9 (mod_pagespeed/1.13.35.2-0)"
94.130.90.54 - - [12/Jan/2026:17:17:31 +0100] "GET /wp-content/uploads/img-3-1-3.jpg HTTP/1.1" 304 3411 "https://jockers3.inglory.de/referenzen-innensauna/" "Serf/1.3.9 (mod_pagespeed/1.13.35.2-0)"
94.130.90.54 - - [12/Jan/2026:17:17:31 +0100] "GET /wp-content/uploads/img-3-1-3-300x221.jpg HTTP/1.1" 304 3411 "https://jockers3.inglory.de/referenzen-innensauna/" "Serf/1.3.9 (mod_pagespeed/1.13.35.2-0)"
94.130.90.54 - - [12/Jan/2026:17:17:31 +0100] "GET /wp-content/uploads/img-3-1-3-1024x755.jpg HTTP/1.1" 304 3411 "https://jockers3.inglory.de/referenzen-innensauna/" "Serf/1.3.9 (mod_pagespeed/1.13.35.2-0)"
94.130.90.54 - - [12/Jan/2026:17:17:31 +0100] "GET /wp-content/uploads/img-3-1-3-768x567.jpg HTTP/1.1" 304 3411 "https://jockers3.inglory.de/referenzen-innensauna/" "Serf/1.3.9 (mod_pagespeed/1.13.35.2-0)"
94.130.90.54 - - [12/Jan/2026:17:17:31 +0100] "GET /wp-content/uploads/img-4-1-3.jpg HTTP/1.1" 304 3412 "https://jockers3.inglory.de/referenzen-innensauna/" "Serf/1.3.9 (mod_pagespeed/1.13.35.2-0)"
94.130.90.54 - - [12/Jan/2026:17:17:31 +0100] "GET /wp-content/uploads/img-7-1-1.jpg HTTP/1.1" 304 3412 "https://jockers3.inglory.de/referenzen-innensauna/" "Serf/1.3.9 (mod_pagespeed/1.13.35.2-0)"
94.130.90.54 - - [12/Jan/2026:17:17:31 +0100] "GET /wp-content/uploads/img-7-1-1-300x212.jpg HTTP/1.1" 304 3411 "https://jockers3.inglory.de/referenzen-innensauna/" "Serf/1.3.9 (mod_pagespeed/1.13.35.2-0)"
94.130.90.54 - - [12/Jan/2026:17:17:31 +0100] "GET /wp-content/uploads/img-7-1-1-1024x722.jpg HTTP/1.1" 304 3411 "https://jockers3.inglory.de/referenzen-innensauna/" "Serf/1.3.9 (mod_pagespeed/1.13.35.2-0)"
94.130.90.54 - - [12/Jan/2026:17:17:31 +0100] "GET /wp-content/uploads/img-7-1-1-768x542.jpg HTTP/1.1" 304 3411 "https://jockers3.inglory.de/referenzen-innensauna/" "Serf/1.3.9 (mod_pagespeed/1.13.35.2-0)"
94.130.90.54 - - [12/Jan/2026:17:17:31 +0100] "GET /wp-content/uploads/elementor/css/post-168.css?ver=1768234401 HTTP/1.1" 304 3411 "https://jockers3.inglory.de/referenzen-innensauna/" "Serf/1.3.9 (mod_pagespeed/1.13.35.2-0)"
94.130.90.54 - - [12/Jan/2026:17:17:31 +0100] "GET /wp-content/uploads/img-4-1-3-300x239.jpg HTTP/1.1" 304 3411 "https://jockers3.inglory.de/referenzen-innensauna/" "Serf/1.3.9 (mod_pagespeed/1.13.35.2-0)"
94.130.90.54 - - [12/Jan/2026:17:17:31 +0100] "GET /wp-content/uploads/img-4-1-3-1024x815.jpg HTTP/1.1" 304 3411 "https://jockers3.inglory.de/referenzen-innensauna/" "Serf/1.3.9 (mod_pagespeed/1.13.35.2-0)"
94.130.90.54 - - [12/Jan/2026:17:17:31 +0100] "GET /wp-content/uploads/img-4-1-3-768x611.jpg HTTP/1.1" 304 3411 "https://jockers3.inglory.de/referenzen-innensauna/" "Serf/1.3.9 (mod_pagespeed/1.13.35.2-0)"
94.130.90.54 - - [12/Jan/2026:17:17:31 +0100] "GET /wp-content/uploads/img-5-1-1.jpg HTTP/1.1" 304 3412 "https://jockers3.inglory.de/referenzen-innensauna/" "Serf/1.3.9 (mod_pagespeed/1.13.35.2-0)"
94.130.90.54 - - [12/Jan/2026:17:17:31 +0100] "GET /wp-content/uploads/img-5-1-1-300x212.jpg HTTP/1.1" 304 3411 "https://jockers3.inglory.de/referenzen-innensauna/" "Serf/1.3.9 (mod_pagespeed/1.13.35.2-0)"
94.130.90.54 - - [12/Jan/2026:17:17:31 +0100] "GET /wp-content/uploads/img-5-1-1-1024x722.jpg HTTP/1.1" 304 3412 "https://jockers3.inglory.de/referenzen-innensauna/" "Serf/1.3.9 (mod_pagespeed/1.13.35.2-0)"
94.130.90.54 - - [12/Jan/2026:17:17:31 +0100] "GET /wp-content/uploads/img-5-1-1-768x542.jpg HTTP/1.1" 304 3411 "https://jockers3.inglory.de/referenzen-innensauna/" "Serf/1.3.9 (mod_pagespeed/1.13.35.2-0)"
94.130.90.54 - - [12/Jan/2026:17:17:31 +0100] "GET /wp-content/uploads/img-6-1-1.jpg HTTP/1.1" 304 3411 "https://jockers3.inglory.de/referenzen-innensauna/" "Serf/1.3.9 (mod_pagespeed/1.13.35.2-0)"
94.130.90.54 - - [12/Jan/2026:17:17:31 +0100] "GET /wp-content/uploads/img-6-1-1-300x212.jpg HTTP/1.1" 304 3411 "https://jockers3.inglory.de/referenzen-innensauna/" "Serf/1.3.9 (mod_pagespeed/1.13.35.2-0)"
94.130.90.54 - - [12/Jan/2026:17:17:31 +0100] "GET /wp-content/uploads/img-6-1-1-1024x722.jpg HTTP/1.1" 304 3411 "https://jockers3.inglory.de/referenzen-innensauna/" "Serf/1.3.9 (mod_pagespeed/1.13.35.2-0)"
94.130.90.54 - - [12/Jan/2026:17:17:31 +0100] "GET /wp-content/uploads/img-6-1-1-768x542.jpg HTTP/1.1" 304 3411 "https://jockers3.inglory.de/referenzen-innensauna/" "Serf/1.3.9 (mod_pagespeed/1.13.35.2-0)"
74.7.242.55 - - [12/Jan/2026:17:17:31 +0100] "GET /wp-content/uploads/img-2-1-5.jpg HTTP/1.0" 200 136320 "-" "Mozilla/5.0 AppleWebKit/537.36 (KHTML, like Gecko; compatible; GPTBot/1.3; +https://openai.com/gptbot)"
74.7.242.55 - - [12/Jan/2026:17:17:32 +0100] "GET /wp-content/uploads/elementor/css/post-169.css?ver=1768234649 HTTP/1.0" 200 7130 "-" "Mozilla/5.0 AppleWebKit/537.36 (KHTML, like Gecko; compatible; GPTBot/1.3; +https://openai.com/gptbot)"
74.7.242.55 - - [12/Jan/2026:17:17:32 +0100] "GET /wp-content/uploads/img-5-1-2.jpg HTTP/1.0" 200 145596 "-" "Mozilla/5.0 AppleWebKit/537.36 (KHTML, like Gecko; compatible; GPTBot/1.3; +https://openai.com/gptbot)"
74.7.242.55 - - [12/Jan/2026:17:17:33 +0100] "GET /wp-content/uploads/img-3-1-4.jpg HTTP/1.0" 200 84663 "-" "Mozilla/5.0 AppleWebKit/537.36 (KHTML, like Gecko; compatible; GPTBot/1.3; +https://openai.com/gptbot)"
74.7.242.55 - - [12/Jan/2026:17:17:33 +0100] "GET /?p=169 HTTP/1.0" 301 4188 "-" "Mozilla/5.0 AppleWebKit/537.36 (KHTML, like Gecko; compatible; GPTBot/1.3; +https://openai.com/gptbot)"
74.7.242.55 - - [12/Jan/2026:17:17:34 +0100] "GET /referenzen-ausensauna/ HTTP/1.0" 200 29779 "-" "Mozilla/5.0 AppleWebKit/537.36 (KHTML, like Gecko; compatible; GPTBot/1.3; +https://openai.com/gptbot)"
74.7.242.55 - - [12/Jan/2026:17:17:35 +0100] "GET /wp-content/uploads/img-6-1-2.jpg HTTP/1.0" 200 153166 "-" "Mozilla/5.0 AppleWebKit/537.36 (KHTML, like Gecko; compatible; GPTBot/1.3; +https://openai.com/gptbot)"
74.7.242.55 - - [12/Jan/2026:17:17:35 +0100] "GET /wp-json/oembed/1.0/embed?url=https%3A%2F%2Fjockers3.inglory.de%2Freferenzen-ausensauna%2F HTTP/1.0" 200 6604 "-" "Mozilla/5.0 AppleWebKit/537.36 (KHTML, like Gecko; compatible; GPTBot/1.3; +https://openai.com/gptbot)"
74.7.242.55 - - [12/Jan/2026:17:17:36 +0100] "GET /wp-content/uploads/img-4-1-4.jpg HTTP/1.0" 200 147095 "-" "Mozilla/5.0 AppleWebKit/537.36 (KHTML, like Gecko; compatible; GPTBot/1.3; +https://openai.com/gptbot)"
74.7.242.55 - - [12/Jan/2026:17:17:36 +0100] "GET /wp-content/uploads/img-1-5.jpg HTTP/1.0" 200 164103 "-" "Mozilla/5.0 AppleWebKit/537.36 (KHTML, like Gecko; compatible; GPTBot/1.3; +https://openai.com/gptbot)"
74.7.242.55 - - [12/Jan/2026:17:17:37 +0100] "GET /wp-json/wp/v2/pages/169 HTTP/1.0" 200 68885 "-" "Mozilla/5.0 AppleWebKit/537.36 (KHTML, like Gecko; compatible; GPTBot/1.3; +https://openai.com/gptbot)"
74.7.242.55 - - [12/Jan/2026:17:17:38 +0100] "GET /wp-content/uploads/innensauna-gross2.jpg HTTP/1.0" 200 284509 "-" "Mozilla/5.0 AppleWebKit/537.36 (KHTML, like Gecko; compatible; GPTBot/1.3; +https://openai.com/gptbot)"
74.7.242.55 - - [12/Jan/2026:17:17:38 +0100] "GET /wp-content/uploads/img-5-1-5.jpg HTTP/1.0" 200 46787 "-" "Mozilla/5.0 AppleWebKit/537.36 (KHTML, like Gecko; compatible; GPTBot/1.3; +https://openai.com/gptbot)"
74.7.242.55 - - [12/Jan/2026:17:17:39 +0100] "GET /wp-content/uploads/img-7-1-1.jpg HTTP/1.0" 200 90990 "-" "Mozilla/5.0 AppleWebKit/537.36 (KHTML, like Gecko; compatible; GPTBot/1.3; +https://openai.com/gptbot)"
74.7.242.55 - - [12/Jan/2026:17:17:39 +0100] "GET /wp-content/uploads/img-3-1-3.jpg HTTP/1.0" 200 47784 "-" "Mozilla/5.0 AppleWebKit/537.36 (KHTML, like Gecko; compatible; GPTBot/1.3; +https://openai.com/gptbot)"
74.7.242.55 - - [12/Jan/2026:17:17:40 +0100] "GET /wp-json/oembed/1.0/embed?format=xml&url=https%3A%2F%2Fjockers3.inglory.de%2Freferenzen-ausensauna%2F HTTP/1.0" 200 5487 "-" "Mozilla/5.0 AppleWebKit/537.36 (KHTML, like Gecko; compatible; GPTBot/1.3; +https://openai.com/gptbot)"
74.7.242.55 - - [12/Jan/2026:17:17:40 +0100] "GET /wp-content/uploads/img-4-1-3.jpg.pagespeed.ce.PT4tIjXu5s.jpg HTTP/1.0" 200 71609 "-" "Mozilla/5.0 AppleWebKit/537.36 (KHTML, like Gecko; compatible; GPTBot/1.3; +https://openai.com/gptbot)"
74.7.242.55 - - [12/Jan/2026:17:17:41 +0100] "GET /wp-content/uploads/img-3-1-3.jpg.pagespeed.ce.1YKDB3PVmG.jpg HTTP/1.0" 200 47849 "-" "Mozilla/5.0 AppleWebKit/537.36 (KHTML, like Gecko; compatible; GPTBot/1.3; +https://openai.com/gptbot)"
74.7.242.55 - - [12/Jan/2026:17:17:41 +0100] "GET /wp-content/uploads/img-6-1-1.jpg HTTP/1.0" 200 46302 "-" "Mozilla/5.0 AppleWebKit/537.36 (KHTML, like Gecko; compatible; GPTBot/1.3; +https://openai.com/gptbot)"
74.7.242.55 - - [12/Jan/2026:17:17:42 +0100] "GET /wp-content/uploads/img-2-1-2.jpg HTTP/1.0" 200 83604 "-" "Mozilla/5.0 AppleWebKit/537.36 (KHTML, like Gecko; compatible; GPTBot/1.3; +https://openai.com/gptbot)"
74.7.242.55 - - [12/Jan/2026:17:17:42 +0100] "GET /wp-content/uploads/img-8-1-1.jpg HTTP/1.0" 200 103181 "-" "Mozilla/5.0 AppleWebKit/537.36 (KHTML, like Gecko; compatible; GPTBot/1.3; +https://openai.com/gptbot)"
74.7.242.55 - - [12/Jan/2026:17:17:43 +0100] "GET /wp-content/uploads/img-5-1-1.jpg HTTP/1.0" 200 83657 "-" "Mozilla/5.0 AppleWebKit/537.36 (KHTML, like Gecko; compatible; GPTBot/1.3; +https://openai.com/gptbot)"
74.7.242.55 - - [12/Jan/2026:17:17:43 +0100] "GET /wp-content/uploads/saunaindenbergen4-1-scaled-1.jpeg HTTP/1.0" 200 227203 "-" "Mozilla/5.0 AppleWebKit/537.36 (KHTML, like Gecko; compatible; GPTBot/1.3; +https://openai.com/gptbot)"
74.7.242.55 - - [12/Jan/2026:17:17:44 +0100] "GET /?p=169 HTTP/1.0" 301 4160 "-" "Mozilla/5.0 AppleWebKit/537.36 (KHTML, like Gecko; compatible; GPTBot/1.3; +https://openai.com/gptbot)"
74.7.242.55 - - [12/Jan/2026:17:17:44 +0100] "GET /referenzen-ausensauna/ HTTP/1.0" 200 29876 "-" "Mozilla/5.0 AppleWebKit/537.36 (KHTML, like Gecko; compatible; GPTBot/1.3; +https://openai.com/gptbot)"
74.7.242.55 - - [12/Jan/2026:17:17:46 +0100] "GET /wp-content/uploads/jockers-sauna-aussensauna-Limburgerhof_005_large-2.jpg HTTP/1.0" 200 470768 "-" "Mozilla/5.0 AppleWebKit/537.36 (KHTML, like Gecko; compatible; GPTBot/1.3; +https://openai.com/gptbot)"
74.7.242.55 - - [12/Jan/2026:17:17:46 +0100] "GET /wp-content/uploads/img-1-5.jpg HTTP/1.0" 200 164090 "-" "Mozilla/5.0 AppleWebKit/537.36 (KHTML, like Gecko; compatible; GPTBot/1.3; +https://openai.com/gptbot)"
74.7.242.55 - - [12/Jan/2026:17:17:47 +0100] "GET /wp-content/uploads/3-1-scaled-1.jpg HTTP/1.0" 200 303189 "-" "Mozilla/5.0 AppleWebKit/537.36 (KHTML, like Gecko; compatible; GPTBot/1.3; +https://openai.com/gptbot)"
74.7.242.55 - - [12/Jan/2026:17:17:47 +0100] "GET /wp-content/uploads/2-2-scaled-2.jpg HTTP/1.0" 200 626698 "-" "Mozilla/5.0 AppleWebKit/537.36 (KHTML, like Gecko; compatible; GPTBot/1.3; +https://openai.com/gptbot)"
74.7.242.55 - - [12/Jan/2026:17:17:48 +0100] "GET /wp-content/uploads/img-2-1-5.jpg.pagespeed.ce.1b-9z0ZJin.jpg HTTP/1.0" 200 136385 "-" "Mozilla/5.0 AppleWebKit/537.36 (KHTML, like Gecko; compatible; GPTBot/1.3; +https://openai.com/gptbot)"
74.7.242.55 - - [12/Jan/2026:17:17:48 +0100] "GET /wp-content/uploads/2-1-scaled-1.jpg HTTP/1.0" 200 412175 "-" "Mozilla/5.0 AppleWebKit/537.36 (KHTML, like Gecko; compatible; GPTBot/1.3; +https://openai.com/gptbot)"
74.7.242.55 - - [12/Jan/2026:17:17:49 +0100] "GET /wp-content/uploads/jockers-sauna-aussensauna-Limburgerhof_009_large.jpg HTTP/1.0" 200 290473 "-" "Mozilla/5.0 AppleWebKit/537.36 (KHTML, like Gecko; compatible; GPTBot/1.3; +https://openai.com/gptbot)"
74.7.242.55 - - [12/Jan/2026:17:17:49 +0100] "GET /wp-content/uploads/img-6-1-2.jpg.pagespeed.ce.E2jxQ4wjdc.jpg HTTP/1.0" 200 153231 "-" "Mozilla/5.0 AppleWebKit/537.36 (KHTML, like Gecko; compatible; GPTBot/1.3; +https://openai.com/gptbot)"
74.7.242.55 - - [12/Jan/2026:17:17:50 +0100] "GET /wp-content/uploads/Aussensauna-Bild-gross-1.jpg HTTP/1.0" 200 485848 "-" "Mozilla/5.0 AppleWebKit/537.36 (KHTML, like Gecko; compatible; GPTBot/1.3; +https://openai.com/gptbot)"
74.7.242.55 - - [12/Jan/2026:17:17:50 +0100] "GET /wp-content/uploads/Aussensauna-Bild-gross-2.jpg HTTP/1.0" 200 988347 "-" "Mozilla/5.0 AppleWebKit/537.36 (KHTML, like Gecko; compatible; GPTBot/1.3; +https://openai.com/gptbot)"
91.10.111.70 - - [12/Jan/2026:17:17:50 +0100] "POST /wp-admin/admin-ajax.php HTTP/1.0" 200 4354 "https://jockers3.inglory.de/wp-admin/post.php?post=18&action=elementor" "Mozilla/5.0 (Macintosh; Intel Mac OS X 10_15_7) AppleWebKit/537.36 (KHTML, like Gecko) Chrome/143.0.0.0 Safari/537.36"
74.7.242.55 - - [12/Jan/2026:17:17:51 +0100] "GET /wp-content/uploads/Aussensauna-Bild-gross-3.jpg HTTP/1.0" 200 991031 "-" "Mozilla/5.0 AppleWebKit/537.36 (KHTML, like Gecko; compatible; GPTBot/1.3; +https://openai.com/gptbot)"
74.7.242.55 - - [12/Jan/2026:17:17:51 +0100] "GET /wp-content/uploads/img-1-5.jpg.pagespeed.ce.LpJ4ugZc5-.jpg HTTP/1.0" 200 164166 "-" "Mozilla/5.0 AppleWebKit/537.36 (KHTML, like Gecko; compatible; GPTBot/1.3; +https://openai.com/gptbot)"
74.7.242.55 - - [12/Jan/2026:17:17:52 +0100] "GET /wp-content/uploads/img-5-1-2.jpg.pagespeed.ce.1eHL-w_Qu4.jpg HTTP/1.0" 200 145661 "-" "Mozilla/5.0 AppleWebKit/537.36 (KHTML, like Gecko; compatible; GPTBot/1.3; +https://openai.com/gptbot)"
74.7.242.55 - - [12/Jan/2026:17:17:52 +0100] "GET /wp-content/uploads/jockers-sauna-aussensauna-Limburgerhof_016_large.jpg HTTP/1.0" 200 157147 "-" "Mozilla/5.0 AppleWebKit/537.36 (KHTML, like Gecko; compatible; GPTBot/1.3; +https://openai.com/gptbot)"
91.10.111.70 - - [12/Jan/2026:17:17:52 +0100] "POST /wp-admin/admin-ajax.php HTTP/1.0" 200 4405 "https://jockers3.inglory.de/wp-admin/post.php?post=18&action=elementor" "Mozilla/5.0 (Macintosh; Intel Mac OS X 10_15_7) AppleWebKit/537.36 (KHTML, like Gecko) Chrome/143.0.0.0 Safari/537.36"
74.7.242.55 - - [12/Jan/2026:17:17:53 +0100] "GET /wp-content/uploads/img-4-1-4.jpg.pagespeed.ce.dTIM-c-x98.jpg HTTP/1.0" 200 147160 "-" "Mozilla/5.0 AppleWebKit/537.36 (KHTML, like Gecko; compatible; GPTBot/1.3; +https://openai.com/gptbot)"
74.7.242.55 - - [12/Jan/2026:17:17:53 +0100] "GET /wp-content/uploads/img-3-1-4.jpg.pagespeed.ce.0xyu_s-8hY.jpg HTTP/1.0" 200 84727 "-" "Mozilla/5.0 AppleWebKit/537.36 (KHTML, like Gecko; compatible; GPTBot/1.3; +https://openai.com/gptbot)"
74.7.242.55 - - [12/Jan/2026:17:17:54 +0100] "GET /wp-content/uploads/4-scaled-1.jpg HTTP/1.0" 200 384939 "-" "Mozilla/5.0 AppleWebKit/537.36 (KHTML, like Gecko; compatible; GPTBot/1.3; +https://openai.com/gptbot)"
74.7.242.55 - - [12/Jan/2026:17:17:55 +0100] "GET /wp-content/uploads/3-scaled-1.jpg HTTP/1.0" 200 198652 "-" "Mozilla/5.0 AppleWebKit/537.36 (KHTML, like Gecko; compatible; GPTBot/1.3; +https://openai.com/gptbot)"
74.7.242.55 - - [12/Jan/2026:17:17:55 +0100] "GET /wp-content/uploads/2-scaled-1.jpg HTTP/1.0" 200 211999 "-" "Mozilla/5.0 AppleWebKit/537.36 (KHTML, like Gecko; compatible; GPTBot/1.3; +https://openai.com/gptbot)"
