91.10.111.70 - - [12/Jan/2026:17:13:58 +0100] "POST /wp-admin/admin-ajax.php HTTP/1.0" 200 4405 "https://jockers3.inglory.de/wp-admin/post.php?post=18&action=elementor" "Mozilla/5.0 (Macintosh; Intel Mac OS X 10_15_7) AppleWebKit/537.36 (KHTML, like Gecko) Chrome/143.0.0.0 Safari/537.36"
94.130.90.54 - - [12/Jan/2026:17:14:01 +0100] "GET /wp-content/plugins/elementor/assets/lib/eicons/css/elementor-icons.min.css?ver=5.45.0 HTTP/1.1" 304 3411 "https://jockers3.inglory.de/" "Serf/1.3.9 (mod_pagespeed/1.13.35.2-0)"
103.4.251.97 - - [12/Jan/2026:17:13:59 +0100] "GET / HTTP/1.0" 200 34419 "-" "Mozilla/5.0 (X11; Linux x86_64) AppleWebKit/537.36 (KHTML, like Gecko) Chrome/117.0.0.0 Safari/537.36"
94.130.90.54 - - [12/Jan/2026:17:14:01 +0100] "GET /wp-content/uploads/elementor/css/post-7.css?ver=1768233928 HTTP/1.1" 304 3411 "https://jockers3.inglory.de/" "Serf/1.3.9 (mod_pagespeed/1.13.35.2-0)"
94.130.90.54 - - [12/Jan/2026:17:14:01 +0100] "GET /wp-content/plugins/elementor-pro/assets/css/widget-nested-carousel.min.css?ver=3.34.0 HTTP/1.1" 304 3411 "https://jockers3.inglory.de/" "Serf/1.3.9 (mod_pagespeed/1.13.35.2-0)"
94.130.90.54 - - [12/Jan/2026:17:14:01 +0100] "GET /wp-content/plugins/elementor-pro/assets/css/widget-media-carousel.min.css?ver=3.34.0 HTTP/1.1" 304 3410 "https://jockers3.inglory.de/" "Serf/1.3.9 (mod_pagespeed/1.13.35.2-0)"
94.130.90.54 - - [12/Jan/2026:17:14:01 +0100] "GET /wp-content/plugins/elementor-pro/assets/css/widget-carousel-module-base.min.css?ver=3.34.0 HTTP/1.1" 304 3410 "https://jockers3.inglory.de/" "Serf/1.3.9 (mod_pagespeed/1.13.35.2-0)"
94.130.90.54 - - [12/Jan/2026:17:14:01 +0100] "GET /wp-content/uploads/elementor/css/post-133.css?ver=1768233930 HTTP/1.1" 304 3411 "https://jockers3.inglory.de/" "Serf/1.3.9 (mod_pagespeed/1.13.35.2-0)"
94.130.90.54 - - [12/Jan/2026:17:14:01 +0100] "GET /wp-content/uploads/elementor/css/post-136.css?ver=1768233930 HTTP/1.1" 304 3411 "https://jockers3.inglory.de/" "Serf/1.3.9 (mod_pagespeed/1.13.35.2-0)"
94.130.90.54 - - [12/Jan/2026:17:14:01 +0100] "GET /wp-content/uploads/img-1-300x127.jpg HTTP/1.1" 304 3411 "https://jockers3.inglory.de/" "Serf/1.3.9 (mod_pagespeed/1.13.35.2-0)"
94.130.90.54 - - [12/Jan/2026:17:14:01 +0100] "GET /wp-content/uploads/img-1-1024x434.jpg HTTP/1.1" 304 3411 "https://jockers3.inglory.de/" "Serf/1.3.9 (mod_pagespeed/1.13.35.2-0)"
94.130.90.54 - - [12/Jan/2026:17:14:01 +0100] "GET /wp-content/uploads/img-1-768x325.jpg HTTP/1.1" 304 3411 "https://jockers3.inglory.de/" "Serf/1.3.9 (mod_pagespeed/1.13.35.2-0)"
94.130.90.54 - - [12/Jan/2026:17:14:01 +0100] "GET /wp-content/uploads/img-1-1536x651.jpg HTTP/1.1" 304 3412 "https://jockers3.inglory.de/" "Serf/1.3.9 (mod_pagespeed/1.13.35.2-0)"
94.130.90.54 - - [12/Jan/2026:17:14:01 +0100] "GET /wp-content/uploads/img-2-1-300x154.jpg HTTP/1.1" 304 3411 "https://jockers3.inglory.de/" "Serf/1.3.9 (mod_pagespeed/1.13.35.2-0)"
94.130.90.54 - - [12/Jan/2026:17:14:01 +0100] "GET /wp-content/uploads/img-2-1-1024x525.jpg HTTP/1.1" 304 3411 "https://jockers3.inglory.de/" "Serf/1.3.9 (mod_pagespeed/1.13.35.2-0)"
94.130.90.54 - - [12/Jan/2026:17:14:01 +0100] "GET /wp-content/uploads/img-2-1-768x394.jpg HTTP/1.1" 304 3411 "https://jockers3.inglory.de/" "Serf/1.3.9 (mod_pagespeed/1.13.35.2-0)"
94.130.90.54 - - [12/Jan/2026:17:14:01 +0100] "GET /wp-content/uploads/img-3-1-300x154.jpg HTTP/1.1" 304 3411 "https://jockers3.inglory.de/" "Serf/1.3.9 (mod_pagespeed/1.13.35.2-0)"
94.130.90.54 - - [12/Jan/2026:17:14:01 +0100] "GET /wp-content/uploads/img-3-1-1024x525.jpg HTTP/1.1" 304 3411 "https://jockers3.inglory.de/" "Serf/1.3.9 (mod_pagespeed/1.13.35.2-0)"
94.130.90.54 - - [12/Jan/2026:17:14:01 +0100] "GET /wp-content/uploads/img-3-1-768x394.jpg HTTP/1.1" 304 3411 "https://jockers3.inglory.de/" "Serf/1.3.9 (mod_pagespeed/1.13.35.2-0)"
94.130.90.54 - - [12/Jan/2026:17:14:01 +0100] "GET /wp-content/uploads/img-4-1-300x171.jpg HTTP/1.1" 304 3411 "https://jockers3.inglory.de/" "Serf/1.3.9 (mod_pagespeed/1.13.35.2-0)"
94.130.90.54 - - [12/Jan/2026:17:14:01 +0100] "GET /wp-content/uploads/img-4-1-1024x582.jpg HTTP/1.1" 304 3411 "https://jockers3.inglory.de/" "Serf/1.3.9 (mod_pagespeed/1.13.35.2-0)"
94.130.90.54 - - [12/Jan/2026:17:14:01 +0100] "GET /wp-content/uploads/img-4-1-768x437.jpg HTTP/1.1" 304 3411 "https://jockers3.inglory.de/" "Serf/1.3.9 (mod_pagespeed/1.13.35.2-0)"
94.130.90.54 - - [12/Jan/2026:17:14:01 +0100] "GET /wp-content/plugins/elementor/assets/js/frontend-modules.min.js?ver=3.34.1 HTTP/1.1" 304 3412 "https://jockers3.inglory.de/" "Serf/1.3.9 (mod_pagespeed/1.13.35.2-0)"
94.130.90.54 - - [12/Jan/2026:17:14:01 +0100] "GET /wp-includes/js/jquery/ui/core.min.js?ver=1.13.3 HTTP/1.1" 304 3411 "https://jockers3.inglory.de/" "Serf/1.3.9 (mod_pagespeed/1.13.35.2-0)"
94.130.90.54 - - [12/Jan/2026:17:14:01 +0100] "GET /wp-content/plugins/elementor/assets/js/frontend.min.js?ver=3.34.1 HTTP/1.1" 304 3411 "https://jockers3.inglory.de/" "Serf/1.3.9 (mod_pagespeed/1.13.35.2-0)"
94.130.90.54 - - [12/Jan/2026:17:14:01 +0100] "GET /wp-content/plugins/elementor-pro/assets/lib/smartmenus/jquery.smartmenus.min.js?ver=1.2.1 HTTP/1.1" 304 3411 "https://jockers3.inglory.de/" "Serf/1.3.9 (mod_pagespeed/1.13.35.2-0)"
94.130.90.54 - - [12/Jan/2026:17:14:01 +0100] "GET /wp-content/plugins/elementor-pro/assets/lib/sticky/jquery.sticky.min.js?ver=3.34.0 HTTP/1.1" 304 3410 "https://jockers3.inglory.de/" "Serf/1.3.9 (mod_pagespeed/1.13.35.2-0)"
94.130.90.54 - - [12/Jan/2026:17:14:01 +0100] "GET /wp-content/plugins/elementor/assets/lib/swiper/v8/swiper.min.js?ver=8.4.5 HTTP/1.1" 304 3412 "https://jockers3.inglory.de/" "Serf/1.3.9 (mod_pagespeed/1.13.35.2-0)"
94.130.90.54 - - [12/Jan/2026:17:14:01 +0100] "GET /wp-includes/js/dist/hooks.min.js?ver=dd5603f07f9220ed27f1 HTTP/1.1" 304 3411 "https://jockers3.inglory.de/" "Serf/1.3.9 (mod_pagespeed/1.13.35.2-0)"
94.130.90.54 - - [12/Jan/2026:17:14:01 +0100] "GET /wp-includes/js/dist/i18n.min.js?ver=c26c3dc7bed366793375 HTTP/1.1" 304 3411 "https://jockers3.inglory.de/" "Serf/1.3.9 (mod_pagespeed/1.13.35.2-0)"
94.130.90.54 - - [12/Jan/2026:17:14:01 +0100] "GET /wp-content/uploads/elementor/css/post-18.css?ver=1768234441 HTTP/1.1" 200 128132 "https://jockers3.inglory.de/" "Serf/1.3.9 (mod_pagespeed/1.13.35.2-0)"
94.130.90.54 - - [12/Jan/2026:17:14:01 +0100] "GET /wp-includes/js/jquery/jquery.min.js?ver=3.7.1 HTTP/1.1" 304 3412 "https://jockers3.inglory.de/" "Serf/1.3.9 (mod_pagespeed/1.13.35.2-0)"
94.130.90.54 - - [12/Jan/2026:17:14:01 +0100] "GET /wp-includes/js/jquery/jquery-migrate.min.js?ver=3.4.1 HTTP/1.1" 304 3411 "https://jockers3.inglory.de/" "Serf/1.3.9 (mod_pagespeed/1.13.35.2-0)"
94.130.90.54 - - [12/Jan/2026:17:14:01 +0100] "GET /wp-content/uploads/img-1.jpg HTTP/1.1" 200 116145 "https://jockers3.inglory.de/" "Serf/1.3.9 (mod_pagespeed/1.13.35.2-0)"
94.130.90.54 - - [12/Jan/2026:17:14:01 +0100] "GET /wp-content/uploads/img-1.jpg HTTP/1.1" 200 116145 "https://jockers3.inglory.de/" "Serf/1.3.9 (mod_pagespeed/1.13.35.2-0)"
94.130.90.54 - - [12/Jan/2026:17:14:01 +0100] "GET /wp-content/uploads/image-27.svg HTTP/1.1" 200 67585 "https://jockers3.inglory.de/" "Serf/1.3.9 (mod_pagespeed/1.13.35.2-0)"
94.130.90.54 - - [12/Jan/2026:17:14:01 +0100] "GET /wp-content/uploads/img-1-1.jpg HTTP/1.1" 304 3411 "https://jockers3.inglory.de/" "Serf/1.3.9 (mod_pagespeed/1.13.35.2-0)"
94.130.90.54 - - [12/Jan/2026:17:14:01 +0100] "GET /wp-content/uploads/img-2-1-1.jpg HTTP/1.1" 304 3411 "https://jockers3.inglory.de/" "Serf/1.3.9 (mod_pagespeed/1.13.35.2-0)"
94.130.90.54 - - [12/Jan/2026:17:14:01 +0100] "GET /wp-content/uploads/img-3-1-1.jpg HTTP/1.1" 304 3411 "https://jockers3.inglory.de/" "Serf/1.3.9 (mod_pagespeed/1.13.35.2-0)"
94.130.90.54 - - [12/Jan/2026:17:14:01 +0100] "GET /wp-content/uploads/img-4-1-1.jpg HTTP/1.1" 304 3411 "https://jockers3.inglory.de/" "Serf/1.3.9 (mod_pagespeed/1.13.35.2-0)"
94.130.90.54 - - [12/Jan/2026:17:14:01 +0100] "GET /wp-content/uploads/img-1-8.jpg HTTP/1.1" 304 3411 "https://jockers3.inglory.de/" "Serf/1.3.9 (mod_pagespeed/1.13.35.2-0)"
94.130.90.54 - - [12/Jan/2026:17:14:01 +0100] "GET /wp-content/uploads/img-5-1.jpg HTTP/1.1" 304 3411 "https://jockers3.inglory.de/" "Serf/1.3.9 (mod_pagespeed/1.13.35.2-0)"
94.130.90.54 - - [12/Jan/2026:17:14:01 +0100] "GET /wp-content/uploads/img-6-1.jpg HTTP/1.1" 304 3411 "https://jockers3.inglory.de/" "Serf/1.3.9 (mod_pagespeed/1.13.35.2-0)"
94.130.90.54 - - [12/Jan/2026:17:14:01 +0100] "GET /wp-content/uploads/img-7-1.jpg HTTP/1.1" 304 3411 "https://jockers3.inglory.de/" "Serf/1.3.9 (mod_pagespeed/1.13.35.2-0)"
94.130.90.54 - - [12/Jan/2026:17:14:01 +0100] "GET /wp-content/uploads/img-8-1.jpg HTTP/1.1" 304 3411 "https://jockers3.inglory.de/" "Serf/1.3.9 (mod_pagespeed/1.13.35.2-0)"
94.130.90.54 - - [12/Jan/2026:17:14:01 +0100] "GET /wp-content/uploads/img-9-1.jpg HTTP/1.1" 304 3411 "https://jockers3.inglory.de/" "Serf/1.3.9 (mod_pagespeed/1.13.35.2-0)"
94.130.90.54 - - [12/Jan/2026:17:14:01 +0100] "GET /wp-content/uploads/img-10-1.jpg HTTP/1.1" 304 3411 "https://jockers3.inglory.de/" "Serf/1.3.9 (mod_pagespeed/1.13.35.2-0)"
94.130.90.54 - - [12/Jan/2026:17:14:02 +0100] "GET /wp-content/uploads/elementor/css/post-18.css?ver=1768234442 HTTP/1.1" 200 128132 "https://jockers3.inglory.de/" "Serf/1.3.9 (mod_pagespeed/1.13.35.2-0)"
154.28.229.11 - - [12/Jan/2026:17:14:00 +0100] "GET / HTTP/1.0" 200 34982 "-" "Mozilla/5.0 (X11; Linux x86_64) AppleWebKit/537.36 (KHTML, like Gecko) Chrome/117.0.0.0 Safari/537.36"
91.10.111.70 - - [12/Jan/2026:17:14:13 +0100] "POST /wp-admin/admin-ajax.php HTTP/1.0" 200 4405 "https://jockers3.inglory.de/wp-admin/post.php?post=18&action=elementor" "Mozilla/5.0 (Macintosh; Intel Mac OS X 10_15_7) AppleWebKit/537.36 (KHTML, like Gecko) Chrome/143.0.0.0 Safari/537.36"
94.130.90.54 - - [12/Jan/2026:17:14:21 +0100] "POST /wp-cron.php?doing_wp_cron=1768234461.2641029357910156250000 HTTP/1.0" 200 4074 "-" "lGZhwKxSgJ0w"
154.28.229.11 - - [12/Jan/2026:17:14:20 +0100] "GET / HTTP/1.0" 200 35048 "-" "Mozilla/5.0 (Macintosh; Intel Mac OS X 10_15_7) AppleWebKit/537.36 (KHTML, like Gecko) Chrome/116.0.0.0 Safari/537.36"
91.10.111.70 - - [12/Jan/2026:17:14:22 +0100] "POST /wp-admin/admin-ajax.php HTTP/1.0" 200 4405 "https://jockers3.inglory.de/wp-admin/post.php?post=110&action=elementor" "Mozilla/5.0 (Macintosh; Intel Mac OS X 10_15_7) AppleWebKit/537.36 (KHTML, like Gecko) Chrome/143.0.0.0 Safari/537.36"
91.10.111.70 - - [12/Jan/2026:17:14:26 +0100] "GET /wp-json/elementor/v1/checklist/user-progress HTTP/1.0" 200 5039 "https://jockers3.inglory.de/wp-admin/post.php?post=18&action=elementor" "Mozilla/5.0 (Macintosh; Intel Mac OS X 10_15_7) AppleWebKit/537.36 (KHTML, like Gecko) Chrome/143.0.0.0 Safari/537.36"
91.10.111.70 - - [12/Jan/2026:17:14:27 +0100] "POST /wp-admin/admin-ajax.php HTTP/1.0" 200 5378 "https://jockers3.inglory.de/wp-admin/post.php?post=18&action=elementor" "Mozilla/5.0 (Macintosh; Intel Mac OS X 10_15_7) AppleWebKit/537.36 (KHTML, like Gecko) Chrome/143.0.0.0 Safari/537.36"
91.10.111.70 - - [12/Jan/2026:17:14:28 +0100] "GET /wp-json/elementor/v1/checklist/user-progress HTTP/1.0" 200 5011 "https://jockers3.inglory.de/wp-admin/post.php?post=18&action=elementor" "Mozilla/5.0 (Macintosh; Intel Mac OS X 10_15_7) AppleWebKit/537.36 (KHTML, like Gecko) Chrome/143.0.0.0 Safari/537.36"
91.10.111.70 - - [12/Jan/2026:17:14:28 +0100] "POST /wp-admin/admin-ajax.php HTTP/1.0" 200 4405 "https://jockers3.inglory.de/wp-admin/post.php?post=18&action=elementor" "Mozilla/5.0 (Macintosh; Intel Mac OS X 10_15_7) AppleWebKit/537.36 (KHTML, like Gecko) Chrome/143.0.0.0 Safari/537.36"
91.10.111.70 - - [12/Jan/2026:17:14:43 +0100] "POST /wp-admin/admin-ajax.php HTTP/1.0" 200 4405 "https://jockers3.inglory.de/wp-admin/post.php?post=18&action=elementor" "Mozilla/5.0 (Macintosh; Intel Mac OS X 10_15_7) AppleWebKit/537.36 (KHTML, like Gecko) Chrome/143.0.0.0 Safari/537.36"
91.10.111.70 - - [12/Jan/2026:17:14:48 +0100] "POST /wp-admin/admin-ajax.php HTTP/1.0" 200 4354 "https://jockers3.inglory.de/wp-admin/post.php?post=18&action=elementor" "Mozilla/5.0 (Macintosh; Intel Mac OS X 10_15_7) AppleWebKit/537.36 (KHTML, like Gecko) Chrome/143.0.0.0 Safari/537.36"
91.10.111.70 - - [12/Jan/2026:17:14:52 +0100] "POST /wp-admin/admin-ajax.php HTTP/1.0" 200 4354 "https://jockers3.inglory.de/wp-admin/post.php?post=110&action=elementor" "Mozilla/5.0 (Macintosh; Intel Mac OS X 10_15_7) AppleWebKit/537.36 (KHTML, like Gecko) Chrome/143.0.0.0 Safari/537.36"
91.10.111.70 - - [12/Jan/2026:17:14:58 +0100] "POST /wp-admin/admin-ajax.php HTTP/1.0" 200 4405 "https://jockers3.inglory.de/wp-admin/post.php?post=18&action=elementor" "Mozilla/5.0 (Macintosh; Intel Mac OS X 10_15_7) AppleWebKit/537.36 (KHTML, like Gecko) Chrome/143.0.0.0 Safari/537.36"
91.10.111.70 - - [12/Jan/2026:17:15:05 +0100] "GET /wp-content/uploads/img-4-1.jpg HTTP/1.0" 304 3926 "https://jockers3.inglory.de/?elementor-preview=18&ver=1768233947" "Mozilla/5.0 (Macintosh; Intel Mac OS X 10_15_7) AppleWebKit/537.36 (KHTML, like Gecko) Chrome/143.0.0.0 Safari/537.36"
91.10.111.70 - - [12/Jan/2026:17:15:13 +0100] "POST /wp-admin/admin-ajax.php HTTP/1.0" 200 4405 "https://jockers3.inglory.de/wp-admin/post.php?post=18&action=elementor" "Mozilla/5.0 (Macintosh; Intel Mac OS X 10_15_7) AppleWebKit/537.36 (KHTML, like Gecko) Chrome/143.0.0.0 Safari/537.36"
94.130.90.54 - - [12/Jan/2026:17:15:39 +0100] "POST /wp-cron.php?doing_wp_cron=1768234539.4840290546417236328125 HTTP/1.0" 200 4074 "-" "vkohiPUCPUTn"
74.7.244.23 - - [12/Jan/2026:17:15:39 +0100] "GET /robots.txt HTTP/1.0" 200 4211 "-" "Mozilla/5.0 (Macintosh; Intel Mac OS X 10_15_7) AppleWebKit/537.36 (KHTML, like Gecko) Chrome/131.0.0.0 Safari/537.36; compatible; OAI-SearchBot/1.3; robots.txt; +https://openai.com/searchbot"
94.130.90.54 - - [12/Jan/2026:17:15:46 +0100] "GET /wp-content/uploads/elementor/css/post-110.css?ver=1768233976 HTTP/1.1" 304 3411 "https://jockers3.inglory.de/" "Serf/1.3.9 (mod_pagespeed/1.13.35.2-0)"
94.130.90.54 - - [12/Jan/2026:17:15:46 +0100] "GET /wp-content/uploads/cropped-items-192x192.png HTTP/1.1" 304 3410 "https://jockers3.inglory.de/" "Serf/1.3.9 (mod_pagespeed/1.13.35.2-0)"
94.130.90.54 - - [12/Jan/2026:17:15:46 +0100] "GET /wp-content/uploads/cropped-items-180x180.png HTTP/1.1" 304 3410 "https://jockers3.inglory.de/" "Serf/1.3.9 (mod_pagespeed/1.13.35.2-0)"
94.130.90.54 - - [12/Jan/2026:17:15:46 +0100] "GET /wp-content/uploads/img-3-1.jpg HTTP/1.1" 200 92584 "https://jockers3.inglory.de/" "Serf/1.3.9 (mod_pagespeed/1.13.35.2-0)"
74.7.242.55 - - [12/Jan/2026:17:15:45 +0100] "GET / HTTP/1.0" 200 34772 "-" "Mozilla/5.0 AppleWebKit/537.36 (KHTML, like Gecko; compatible; GPTBot/1.3; +https://openai.com/gptbot)"
94.130.90.54 - - [12/Jan/2026:17:15:46 +0100] "GET /wp-content/uploads/img-3-1.jpg HTTP/1.1" 200 92584 "https://jockers3.inglory.de/" "Serf/1.3.9 (mod_pagespeed/1.13.35.2-0)"
94.130.90.54 - - [12/Jan/2026:17:15:46 +0100] "GET /wp-content/uploads/elementor/css/post-18.css?ver=1768234546 HTTP/1.1" 200 128132 "https://jockers3.inglory.de/" "Serf/1.3.9 (mod_pagespeed/1.13.35.2-0)"
94.130.90.54 - - [12/Jan/2026:17:15:46 +0100] "GET /wp-content/uploads/logo.svg HTTP/1.1" 200 12376 "https://jockers3.inglory.de/" "Serf/1.3.9 (mod_pagespeed/1.13.35.2-0)"
94.130.90.54 - - [12/Jan/2026:17:15:46 +0100] "GET /wp-content/uploads/logo.svg HTTP/1.1" 200 12376 "https://jockers3.inglory.de/" "Serf/1.3.9 (mod_pagespeed/1.13.35.2-0)"
94.130.90.54 - - [12/Jan/2026:17:15:46 +0100] "GET /wp-content/uploads/Google-logo.svg HTTP/1.1" 200 4667 "https://jockers3.inglory.de/" "Serf/1.3.9 (mod_pagespeed/1.13.35.2-0)"
94.130.90.54 - - [12/Jan/2026:17:15:46 +0100] "GET /wp-content/uploads/logo.svg HTTP/1.1" 200 12376 "https://jockers3.inglory.de/" "Serf/1.3.9 (mod_pagespeed/1.13.35.2-0)"
91.10.111.70 - - [12/Jan/2026:17:15:49 +0100] "POST /wp-admin/admin-ajax.php HTTP/1.0" 200 4354 "https://jockers3.inglory.de/wp-admin/post.php?post=18&action=elementor" "Mozilla/5.0 (Macintosh; Intel Mac OS X 10_15_7) AppleWebKit/537.36 (KHTML, like Gecko) Chrome/143.0.0.0 Safari/537.36"
91.10.111.70 - - [12/Jan/2026:17:15:51 +0100] "POST /wp-admin/admin-ajax.php HTTP/1.0" 200 4405 "https://jockers3.inglory.de/wp-admin/post.php?post=18&action=elementor" "Mozilla/5.0 (Macintosh; Intel Mac OS X 10_15_7) AppleWebKit/537.36 (KHTML, like Gecko) Chrome/143.0.0.0 Safari/537.36"
74.7.242.55 - - [12/Jan/2026:17:15:52 +0100] "GET /wp-content/uploads/Altlusheim_011-scaled-1.jpeg HTTP/1.0" 200 173251 "-" "Mozilla/5.0 AppleWebKit/537.36 (KHTML, like Gecko; compatible; GPTBot/1.3; +https://openai.com/gptbot)"
74.7.242.55 - - [12/Jan/2026:17:15:55 +0100] "GET /wp-includes/js/dist/hooks.min.js,qver==dd5603f07f9220ed27f1+i18n.min.js,qver==c26c3dc7bed366793375.pagespeed.jc.VMWi_xVnTa.js HTTP/1.0" 200 8126 "-" "Mozilla/5.0 AppleWebKit/537.36 (KHTML, like Gecko; compatible; GPTBot/1.3; +https://openai.com/gptbot)"
74.7.242.55 - - [12/Jan/2026:17:15:57 +0100] "GET /wp-content/uploads/Anslinger_Deidesheim_002-Bearbeitet-scaled-1.jpeg HTTP/1.0" 200 262499 "-" "Mozilla/5.0 AppleWebKit/537.36 (KHTML, like Gecko; compatible; GPTBot/1.3; +https://openai.com/gptbot)"
74.7.242.55 - - [12/Jan/2026:17:15:58 +0100] "GET /wp-content/plugins/elementor/assets/lib/font-awesome/css/A.fontawesome.min.css,qver=5.15.3.pagespeed.cf.OnyloIe9DI.css HTTP/1.0" 200 16483 "-" "Mozilla/5.0 AppleWebKit/537.36 (KHTML, like Gecko; compatible; GPTBot/1.3; +https://openai.com/gptbot)"
74.7.242.55 - - [12/Jan/2026:17:16:00 +0100] "GET /referenzen-innensauna HTTP/1.0" 301 4048 "-" "Mozilla/5.0 AppleWebKit/537.36 (KHTML, like Gecko; compatible; GPTBot/1.3; +https://openai.com/gptbot)"
94.130.90.54 - - [12/Jan/2026:17:16:01 +0100] "GET /wp-content/plugins/elementor/assets/lib/e-gallery/js/e-gallery.min.js?ver=1.2.0 HTTP/1.1" 304 3411 "https://jockers3.inglory.de/referenzen-innensauna/" "Serf/1.3.9 (mod_pagespeed/1.13.35.2-0)"
74.7.242.55 - - [12/Jan/2026:17:16:01 +0100] "GET /referenzen-innensauna/ HTTP/1.0" 200 29412 "-" "Mozilla/5.0 AppleWebKit/537.36 (KHTML, like Gecko; compatible; GPTBot/1.3; +https://openai.com/gptbot)"
94.130.90.54 - - [12/Jan/2026:17:16:01 +0100] "GET /wp-content/plugins/elementor-pro/assets/css/widget-gallery.min.css?ver=3.34.0 HTTP/1.1" 304 3411 "https://jockers3.inglory.de/referenzen-innensauna/" "Serf/1.3.9 (mod_pagespeed/1.13.35.2-0)"
94.130.90.54 - - [12/Jan/2026:17:16:01 +0100] "GET /wp-content/plugins/elementor/assets/lib/e-gallery/css/e-gallery.min.css?ver=1.2.0 HTTP/1.1" 304 3410 "https://jockers3.inglory.de/referenzen-innensauna/" "Serf/1.3.9 (mod_pagespeed/1.13.35.2-0)"
94.130.90.54 - - [12/Jan/2026:17:16:01 +0100] "GET /wp-content/plugins/elementor-pro/assets/css/conditionals/transitions.min.css?ver=3.34.0 HTTP/1.1" 304 3411 "https://jockers3.inglory.de/referenzen-innensauna/" "Serf/1.3.9 (mod_pagespeed/1.13.35.2-0)"
74.7.242.55 - - [12/Jan/2026:17:16:03 +0100] "GET /wp-content/uploads/img-2-1.jpg HTTP/1.0" 200 84505 "-" "Mozilla/5.0 AppleWebKit/537.36 (KHTML, like Gecko; compatible; GPTBot/1.3; +https://openai.com/gptbot)"
74.7.242.55 - - [12/Jan/2026:17:16:05 +0100] "GET /impressum HTTP/1.0" 301 4064 "-" "Mozilla/5.0 AppleWebKit/537.36 (KHTML, like Gecko; compatible; GPTBot/1.3; +https://openai.com/gptbot)"
94.130.90.54 - - [12/Jan/2026:17:16:06 +0100] "GET /wp-content/uploads/elementor/css/post-41.css?ver=1768234566 HTTP/1.1" 200 11156 "https://jockers3.inglory.de/impressum/" "Serf/1.3.9 (mod_pagespeed/1.13.35.2-0)"
74.7.242.55 - - [12/Jan/2026:17:16:05 +0100] "GET /impressum/ HTTP/1.0" 200 24054 "-" "Mozilla/5.0 AppleWebKit/537.36 (KHTML, like Gecko; compatible; GPTBot/1.3; +https://openai.com/gptbot)"
74.7.242.55 - - [12/Jan/2026:17:16:07 +0100] "GET /wp-content/plugins/elementor/assets/lib/font-awesome/webfonts/fa-brands-400.woff HTTP/1.0" 200 101969 "-" "Mozilla/5.0 AppleWebKit/537.36 (KHTML, like Gecko; compatible; GPTBot/1.3; +https://openai.com/gptbot)"
74.7.242.55 - - [12/Jan/2026:17:16:08 +0100] "GET /wp-content/plugins/elementor/assets/lib/font-awesome/webfonts/fa-solid-900.eot HTTP/1.0" 200 207370 "-" "Mozilla/5.0 AppleWebKit/537.36 (KHTML, like Gecko; compatible; GPTBot/1.3; +https://openai.com/gptbot)"
74.7.242.55 - - [12/Jan/2026:17:16:09 +0100] "GET /wp-content/uploads/Projekt-Ritter_002-scaled-1.jpeg HTTP/1.0" 200 99067 "-" "Mozilla/5.0 AppleWebKit/537.36 (KHTML, like Gecko; compatible; GPTBot/1.3; +https://openai.com/gptbot)"
74.7.242.55 - - [12/Jan/2026:17:16:10 +0100] "GET /wp-content/uploads/Google-logo.svg HTTP/1.0" 200 5154 "-" "Mozilla/5.0 AppleWebKit/537.36 (KHTML, like Gecko; compatible; GPTBot/1.3; +https://openai.com/gptbot)"
74.7.242.55 - - [12/Jan/2026:17:16:11 +0100] "GET /wp-content/uploads/jockers-sauna-Sauna_Haus-Wohlfart_001_large-1.jpg HTTP/1.0" 200 197354 "-" "Mozilla/5.0 AppleWebKit/537.36 (KHTML, like Gecko; compatible; GPTBot/1.3; +https://openai.com/gptbot)"
74.7.242.55 - - [12/Jan/2026:17:16:12 +0100] "GET /wp-content/uploads/img-4-1.jpg HTTP/1.0" 200 43177 "-" "Mozilla/5.0 AppleWebKit/537.36 (KHTML, like Gecko; compatible; GPTBot/1.3; +https://openai.com/gptbot)"
74.7.242.55 - - [12/Jan/2026:17:16:13 +0100] "GET /wp-content/uploads/img-3-1.jpg HTTP/1.0" 200 93143 "-" "Mozilla/5.0 AppleWebKit/537.36 (KHTML, like Gecko; compatible; GPTBot/1.3; +https://openai.com/gptbot)"
94.130.90.54 - - [12/Jan/2026:17:16:14 +0100] "GET /wp-content/uploads/elementor/css/post-170.css?ver=1768234194 HTTP/1.1" 304 3411 "https://jockers3.inglory.de/referenzen-gewerbliche-projekte/" "Serf/1.3.9 (mod_pagespeed/1.13.35.2-0)"
94.130.90.54 - - [12/Jan/2026:17:16:14 +0100] "GET /wp-content/uploads/img-1-6.jpg HTTP/1.1" 304 3412 "https://jockers3.inglory.de/referenzen-gewerbliche-projekte/" "Serf/1.3.9 (mod_pagespeed/1.13.35.2-0)"
74.7.242.55 - - [12/Jan/2026:17:16:13 +0100] "GET /referenzen-gewerbliche-projekte/ HTTP/1.0" 200 29453 "-" "Mozilla/5.0 AppleWebKit/537.36 (KHTML, like Gecko; compatible; GPTBot/1.3; +https://openai.com/gptbot)"
94.130.90.54 - - [12/Jan/2026:17:16:14 +0100] "GET /wp-content/uploads/img-1-6.jpg HTTP/1.1" 304 3412 "https://jockers3.inglory.de/referenzen-gewerbliche-projekte/" "Serf/1.3.9 (mod_pagespeed/1.13.35.2-0)"
94.130.90.54 - - [12/Jan/2026:17:16:14 +0100] "GET /wp-content/uploads/img-1-6-300x248.jpg HTTP/1.1" 304 3411 "https://jockers3.inglory.de/referenzen-gewerbliche-projekte/" "Serf/1.3.9 (mod_pagespeed/1.13.35.2-0)"
94.130.90.54 - - [12/Jan/2026:17:16:14 +0100] "GET /wp-content/uploads/img-1-6-1024x848.jpg HTTP/1.1" 304 3412 "https://jockers3.inglory.de/referenzen-gewerbliche-projekte/" "Serf/1.3.9 (mod_pagespeed/1.13.35.2-0)"
94.130.90.54 - - [12/Jan/2026:17:16:14 +0100] "GET /wp-content/uploads/img-1-6-768x636.jpg HTTP/1.1" 304 3412 "https://jockers3.inglory.de/referenzen-gewerbliche-projekte/" "Serf/1.3.9 (mod_pagespeed/1.13.35.2-0)"
94.130.90.54 - - [12/Jan/2026:17:16:14 +0100] "GET /wp-content/uploads/img-2-1-6.jpg HTTP/1.1" 304 3411 "https://jockers3.inglory.de/referenzen-gewerbliche-projekte/" "Serf/1.3.9 (mod_pagespeed/1.13.35.2-0)"
94.130.90.54 - - [12/Jan/2026:17:16:14 +0100] "GET /wp-content/uploads/img-2-1-6.jpg HTTP/1.1" 304 3411 "https://jockers3.inglory.de/referenzen-gewerbliche-projekte/" "Serf/1.3.9 (mod_pagespeed/1.13.35.2-0)"
94.130.90.54 - - [12/Jan/2026:17:16:14 +0100] "GET /wp-content/uploads/img-2-1-6-300x221.jpg HTTP/1.1" 304 3411 "https://jockers3.inglory.de/referenzen-gewerbliche-projekte/" "Serf/1.3.9 (mod_pagespeed/1.13.35.2-0)"
94.130.90.54 - - [12/Jan/2026:17:16:14 +0100] "GET /wp-content/uploads/img-2-1-6-1024x753.jpg HTTP/1.1" 304 3411 "https://jockers3.inglory.de/referenzen-gewerbliche-projekte/" "Serf/1.3.9 (mod_pagespeed/1.13.35.2-0)"
94.130.90.54 - - [12/Jan/2026:17:16:14 +0100] "GET /wp-content/uploads/img-2-1-6-768x565.jpg HTTP/1.1" 304 3411 "https://jockers3.inglory.de/referenzen-gewerbliche-projekte/" "Serf/1.3.9 (mod_pagespeed/1.13.35.2-0)"
94.130.90.54 - - [12/Jan/2026:17:16:14 +0100] "GET /wp-content/uploads/img-3-1-5.jpg HTTP/1.1" 304 3412 "https://jockers3.inglory.de/referenzen-gewerbliche-projekte/" "Serf/1.3.9 (mod_pagespeed/1.13.35.2-0)"
94.130.90.54 - - [12/Jan/2026:17:16:14 +0100] "GET /wp-content/uploads/img-3-1-5.jpg HTTP/1.1" 304 3412 "https://jockers3.inglory.de/referenzen-gewerbliche-projekte/" "Serf/1.3.9 (mod_pagespeed/1.13.35.2-0)"
94.130.90.54 - - [12/Jan/2026:17:16:14 +0100] "GET /wp-content/uploads/img-3-1-5-300x248.jpg HTTP/1.1" 304 3411 "https://jockers3.inglory.de/referenzen-gewerbliche-projekte/" "Serf/1.3.9 (mod_pagespeed/1.13.35.2-0)"
94.130.90.54 - - [12/Jan/2026:17:16:14 +0100] "GET /wp-content/uploads/img-3-1-5-1024x848.jpg HTTP/1.1" 304 3412 "https://jockers3.inglory.de/referenzen-gewerbliche-projekte/" "Serf/1.3.9 (mod_pagespeed/1.13.35.2-0)"
94.130.90.54 - - [12/Jan/2026:17:16:14 +0100] "GET /wp-content/uploads/img-3-1-5-768x636.jpg HTTP/1.1" 304 3411 "https://jockers3.inglory.de/referenzen-gewerbliche-projekte/" "Serf/1.3.9 (mod_pagespeed/1.13.35.2-0)"
94.130.90.54 - - [12/Jan/2026:17:16:14 +0100] "GET /wp-content/uploads/img-4-1-5.jpg HTTP/1.1" 304 3411 "https://jockers3.inglory.de/referenzen-gewerbliche-projekte/" "Serf/1.3.9 (mod_pagespeed/1.13.35.2-0)"
94.130.90.54 - - [12/Jan/2026:17:16:14 +0100] "GET /wp-content/uploads/img-4-1-5.jpg HTTP/1.1" 304 3411 "https://jockers3.inglory.de/referenzen-gewerbliche-projekte/" "Serf/1.3.9 (mod_pagespeed/1.13.35.2-0)"
94.130.90.54 - - [12/Jan/2026:17:16:14 +0100] "GET /wp-content/uploads/img-4-1-5-300x230.jpg HTTP/1.1" 304 3411 "https://jockers3.inglory.de/referenzen-gewerbliche-projekte/" "Serf/1.3.9 (mod_pagespeed/1.13.35.2-0)"
94.130.90.54 - - [12/Jan/2026:17:16:14 +0100] "GET /wp-content/uploads/img-4-1-5-1024x786.jpg HTTP/1.1" 304 3411 "https://jockers3.inglory.de/referenzen-gewerbliche-projekte/" "Serf/1.3.9 (mod_pagespeed/1.13.35.2-0)"
94.130.90.54 - - [12/Jan/2026:17:16:14 +0100] "GET /wp-content/uploads/img-4-1-5-768x590.jpg HTTP/1.1" 304 3411 "https://jockers3.inglory.de/referenzen-gewerbliche-projekte/" "Serf/1.3.9 (mod_pagespeed/1.13.35.2-0)"
94.130.90.54 - - [12/Jan/2026:17:16:14 +0100] "GET /wp-content/uploads/img-5-1-3.jpg HTTP/1.1" 304 3412 "https://jockers3.inglory.de/referenzen-gewerbliche-projekte/" "Serf/1.3.9 (mod_pagespeed/1.13.35.2-0)"
94.130.90.54 - - [12/Jan/2026:17:16:14 +0100] "GET /wp-content/uploads/img-5-1-3.jpg HTTP/1.1" 304 3412 "https://jockers3.inglory.de/referenzen-gewerbliche-projekte/" "Serf/1.3.9 (mod_pagespeed/1.13.35.2-0)"
94.130.90.54 - - [12/Jan/2026:17:16:14 +0100] "GET /wp-content/uploads/img-5-1-3-300x230.jpg HTTP/1.1" 304 3411 "https://jockers3.inglory.de/referenzen-gewerbliche-projekte/" "Serf/1.3.9 (mod_pagespeed/1.13.35.2-0)"
94.130.90.54 - - [12/Jan/2026:17:16:14 +0100] "GET /wp-content/uploads/img-5-1-3-1024x786.jpg HTTP/1.1" 304 3412 "https://jockers3.inglory.de/referenzen-gewerbliche-projekte/" "Serf/1.3.9 (mod_pagespeed/1.13.35.2-0)"
94.130.90.54 - - [12/Jan/2026:17:16:14 +0100] "GET /wp-content/uploads/img-5-1-3-768x590.jpg HTTP/1.1" 304 3411 "https://jockers3.inglory.de/referenzen-gewerbliche-projekte/" "Serf/1.3.9 (mod_pagespeed/1.13.35.2-0)"
94.130.90.54 - - [12/Jan/2026:17:16:14 +0100] "GET /wp-content/uploads/img-6-1-3.jpg HTTP/1.1" 304 3412 "https://jockers3.inglory.de/referenzen-gewerbliche-projekte/" "Serf/1.3.9 (mod_pagespeed/1.13.35.2-0)"
94.130.90.54 - - [12/Jan/2026:17:16:14 +0100] "GET /wp-content/uploads/img-6-1-3.jpg HTTP/1.1" 304 3412 "https://jockers3.inglory.de/referenzen-gewerbliche-projekte/" "Serf/1.3.9 (mod_pagespeed/1.13.35.2-0)"
94.130.90.54 - - [12/Jan/2026:17:16:14 +0100] "GET /wp-content/uploads/img-6-1-3-300x257.jpg HTTP/1.1" 304 3411 "https://jockers3.inglory.de/referenzen-gewerbliche-projekte/" "Serf/1.3.9 (mod_pagespeed/1.13.35.2-0)"
94.130.90.54 - - [12/Jan/2026:17:16:14 +0100] "GET /wp-content/uploads/img-6-1-3-1024x879.jpg HTTP/1.1" 304 3411 "https://jockers3.inglory.de/referenzen-gewerbliche-projekte/" "Serf/1.3.9 (mod_pagespeed/1.13.35.2-0)"
94.130.90.54 - - [12/Jan/2026:17:16:14 +0100] "GET /wp-content/uploads/img-6-1-3-768x659.jpg HTTP/1.1" 304 3411 "https://jockers3.inglory.de/referenzen-gewerbliche-projekte/" "Serf/1.3.9 (mod_pagespeed/1.13.35.2-0)"
94.130.90.54 - - [12/Jan/2026:17:16:14 +0100] "GET /wp-content/uploads/img-7-1-2.jpg HTTP/1.1" 304 3411 "https://jockers3.inglory.de/referenzen-gewerbliche-projekte/" "Serf/1.3.9 (mod_pagespeed/1.13.35.2-0)"
94.130.90.54 - - [12/Jan/2026:17:16:14 +0100] "GET /wp-content/uploads/img-7-1-2.jpg HTTP/1.1" 304 3411 "https://jockers3.inglory.de/referenzen-gewerbliche-projekte/" "Serf/1.3.9 (mod_pagespeed/1.13.35.2-0)"
94.130.90.54 - - [12/Jan/2026:17:16:14 +0100] "GET /wp-content/uploads/img-7-1-2-300x203.jpg HTTP/1.1" 304 3411 "https://jockers3.inglory.de/referenzen-gewerbliche-projekte/" "Serf/1.3.9 (mod_pagespeed/1.13.35.2-0)"
94.130.90.54 - - [12/Jan/2026:17:16:14 +0100] "GET /wp-content/uploads/img-7-1-2-1024x694.jpg HTTP/1.1" 304 3411 "https://jockers3.inglory.de/referenzen-gewerbliche-projekte/" "Serf/1.3.9 (mod_pagespeed/1.13.35.2-0)"
94.130.90.54 - - [12/Jan/2026:17:16:14 +0100] "GET /wp-content/uploads/img-7-1-2-768x520.jpg HTTP/1.1" 304 3411 "https://jockers3.inglory.de/referenzen-gewerbliche-projekte/" "Serf/1.3.9 (mod_pagespeed/1.13.35.2-0)"
94.130.90.54 - - [12/Jan/2026:17:16:14 +0100] "GET /wp-content/uploads/Villa_Magnolia_021.jpg HTTP/1.1" 304 3412 "https://jockers3.inglory.de/referenzen-gewerbliche-projekte/" "Serf/1.3.9 (mod_pagespeed/1.13.35.2-0)"
74.7.242.55 - - [12/Jan/2026:17:16:15 +0100] "GET /?p=168 HTTP/1.0" 301 4188 "-" "Mozilla/5.0 AppleWebKit/537.36 (KHTML, like Gecko; compatible; GPTBot/1.3; +https://openai.com/gptbot)"
94.130.90.54 - - [12/Jan/2026:17:16:16 +0100] "POST /wp-cron.php?doing_wp_cron=1768234576.2758989334106445312500 HTTP/1.0" 200 4074 "-" "Em6TrsTCfCtm"
74.7.242.55 - - [12/Jan/2026:17:16:15 +0100] "GET /referenzen-innensauna/ HTTP/1.0" 200 29725 "-" "Mozilla/5.0 AppleWebKit/537.36 (KHTML, like Gecko; compatible; GPTBot/1.3; +https://openai.com/gptbot)"
74.7.242.55 - - [12/Jan/2026:17:16:16 +0100] "GET /wp-content/uploads/jockers-sauna-frontal_large-1-1-scaled-1.jpg HTTP/1.0" 200 122000 "-" "Mozilla/5.0 AppleWebKit/537.36 (KHTML, like Gecko; compatible; GPTBot/1.3; +https://openai.com/gptbot)"
74.7.242.55 - - [12/Jan/2026:17:16:17 +0100] "GET /?p=41 HTTP/1.0" 301 4176 "-" "Mozilla/5.0 AppleWebKit/537.36 (KHTML, like Gecko; compatible; GPTBot/1.3; +https://openai.com/gptbot)"
74.7.242.55 - - [12/Jan/2026:17:16:17 +0100] "GET /impressum/ HTTP/1.0" 200 24146 "-" "Mozilla/5.0 AppleWebKit/537.36 (KHTML, like Gecko; compatible; GPTBot/1.3; +https://openai.com/gptbot)"
74.7.242.55 - - [12/Jan/2026:17:16:19 +0100] "GET /wp-content/uploads/3-2-scaled-1.jpg HTTP/1.0" 200 104214 "-" "Mozilla/5.0 AppleWebKit/537.36 (KHTML, like Gecko; compatible; GPTBot/1.3; +https://openai.com/gptbot)"
74.7.242.55 - - [12/Jan/2026:17:16:19 +0100] "GET /wp-content/uploads/jockers-sauna-referenzen-innensauna2_large.jpg HTTP/1.0" 200 177390 "-" "Mozilla/5.0 AppleWebKit/537.36 (KHTML, like Gecko; compatible; GPTBot/1.3; +https://openai.com/gptbot)"
74.7.242.55 - - [12/Jan/2026:17:16:20 +0100] "GET /wp-content/uploads/jockers-sauna-referenzen-innensauna3_large.jpg HTTP/1.0" 200 95366 "-" "Mozilla/5.0 AppleWebKit/537.36 (KHTML, like Gecko; compatible; GPTBot/1.3; +https://openai.com/gptbot)"
74.7.242.55 - - [12/Jan/2026:17:16:20 +0100] "GET /wp-content/uploads/jockers-sauna-referenzen-innensauna4_large.jpg HTTP/1.0" 200 201557 "-" "Mozilla/5.0 AppleWebKit/537.36 (KHTML, like Gecko; compatible; GPTBot/1.3; +https://openai.com/gptbot)"
74.7.242.55 - - [12/Jan/2026:17:16:21 +0100] "GET /wp-content/uploads/4-2-scaled-1.jpg HTTP/1.0" 200 234362 "-" "Mozilla/5.0 AppleWebKit/537.36 (KHTML, like Gecko; compatible; GPTBot/1.3; +https://openai.com/gptbot)"
74.7.242.55 - - [12/Jan/2026:17:16:21 +0100] "GET /wp-content/uploads/2-3-scaled-1.jpg HTTP/1.0" 200 136495 "-" "Mozilla/5.0 AppleWebKit/537.36 (KHTML, like Gecko; compatible; GPTBot/1.3; +https://openai.com/gptbot)"
74.7.242.55 - - [12/Jan/2026:17:16:22 +0100] "GET /wp-content/uploads/jockers-sauna-innensauna-galerie4_large.jpg HTTP/1.0" 200 78951 "-" "Mozilla/5.0 AppleWebKit/537.36 (KHTML, like Gecko; compatible; GPTBot/1.3; +https://openai.com/gptbot)"
74.7.242.55 - - [12/Jan/2026:17:16:22 +0100] "GET /?p=170 HTTP/1.0" 301 4198 "-" "Mozilla/5.0 AppleWebKit/537.36 (KHTML, like Gecko; compatible; GPTBot/1.3; +https://openai.com/gptbot)"
74.7.242.55 - - [12/Jan/2026:17:16:23 +0100] "GET /referenzen-gewerbliche-projekte/ HTTP/1.0" 200 29581 "-" "Mozilla/5.0 AppleWebKit/537.36 (KHTML, like Gecko; compatible; GPTBot/1.3; +https://openai.com/gptbot)"
91.10.111.70 - - [12/Jan/2026:17:16:23 +0100] "POST /wp-admin/admin-ajax.php HTTP/1.0" 200 4405 "https://jockers3.inglory.de/wp-admin/post.php?post=110&action=elementor" "Mozilla/5.0 (Macintosh; Intel Mac OS X 10_15_7) AppleWebKit/537.36 (KHTML, like Gecko) Chrome/143.0.0.0 Safari/537.36"
74.7.242.55 - - [12/Jan/2026:17:16:24 +0100] "GET /wp-content/uploads/jockers-sauna-Fritz-Walter-Weinhotel_002_large-1.jpg HTTP/1.0" 200 89144 "-" "Mozilla/5.0 AppleWebKit/537.36 (KHTML, like Gecko; compatible; GPTBot/1.3; +https://openai.com/gptbot)"
74.7.242.55 - - [12/Jan/2026:17:16:24 +0100] "GET /wp-content/uploads/jockers-sauna-Fritz-Walter-Weinhotel_001_large-1-scaled-1.jpg HTTP/1.0" 200 85921 "-" "Mozilla/5.0 AppleWebKit/537.36 (KHTML, like Gecko; compatible; GPTBot/1.3; +https://openai.com/gptbot)"
74.7.242.55 - - [12/Jan/2026:17:16:25 +0100] "GET /wp-content/uploads/jockers-sauna-infrarotkabine_large-1.jpg HTTP/1.0" 200 104090 "-" "Mozilla/5.0 AppleWebKit/537.36 (KHTML, like Gecko; compatible; GPTBot/1.3; +https://openai.com/gptbot)"
74.7.242.55 - - [12/Jan/2026:17:16:25 +0100] "GET /wp-content/uploads/jockers-sauna-Fritz-Walter-Weinhotel_003Griff_large-1.jpg HTTP/1.0" 200 153917 "-" "Mozilla/5.0 AppleWebKit/537.36 (KHTML, like Gecko; compatible; GPTBot/1.3; +https://openai.com/gptbot)"
74.7.242.55 - - [12/Jan/2026:17:16:26 +0100] "GET /wp-content/uploads/img-1-6.jpg HTTP/1.0" 200 184271 "-" "Mozilla/5.0 AppleWebKit/537.36 (KHTML, like Gecko; compatible; GPTBot/1.3; +https://openai.com/gptbot)"
74.7.242.55 - - [12/Jan/2026:17:16:26 +0100] "GET /wp-content/uploads/jockers-sauna-innensauna-galerie6_large.jpg HTTP/1.0" 200 165852 "-" "Mozilla/5.0 AppleWebKit/537.36 (KHTML, like Gecko; compatible; GPTBot/1.3; +https://openai.com/gptbot)"
74.7.242.55 - - [12/Jan/2026:17:16:27 +0100] "GET /wp-content/uploads/jockers-sauna-innensauna-galerie5_large.jpg HTTP/1.0" 200 118039 "-" "Mozilla/5.0 AppleWebKit/537.36 (KHTML, like Gecko; compatible; GPTBot/1.3; +https://openai.com/gptbot)"
74.7.242.55 - - [12/Jan/2026:17:16:27 +0100] "GET /wp-content/uploads/jockers-sauna-innensauna-galerie9_large.jpg HTTP/1.0" 200 190208 "-" "Mozilla/5.0 AppleWebKit/537.36 (KHTML, like Gecko; compatible; GPTBot/1.3; +https://openai.com/gptbot)"
74.7.242.55 - - [12/Jan/2026:17:16:28 +0100] "GET /wp-content/uploads/jockers-sauna-Gemenetzi_Woerth_001b_large.jpg HTTP/1.0" 200 89456 "-" "Mozilla/5.0 AppleWebKit/537.36 (KHTML, like Gecko; compatible; GPTBot/1.3; +https://openai.com/gptbot)"
74.7.242.55 - - [12/Jan/2026:17:16:29 +0100] "GET /wp-content/uploads/jockers-sauna-6_large.jpg HTTP/1.0" 200 294505 "-" "Mozilla/5.0 AppleWebKit/537.36 (KHTML, like Gecko; compatible; GPTBot/1.3; +https://openai.com/gptbot)"
74.7.242.55 - - [12/Jan/2026:17:16:29 +0100] "GET /referenzen-gewerbliche-projekte HTTP/1.0" 301 4086 "-" "Mozilla/5.0 AppleWebKit/537.36 (KHTML, like Gecko; compatible; GPTBot/1.3; +https://openai.com/gptbot)"
74.7.242.55 - - [12/Jan/2026:17:16:30 +0100] "GET /referenzen-gewerbliche-projekte/ HTTP/1.0" 200 29720 "-" "Mozilla/5.0 AppleWebKit/537.36 (KHTML, like Gecko; compatible; GPTBot/1.3; +https://openai.com/gptbot)"
74.7.242.55 - - [12/Jan/2026:17:16:31 +0100] "GET /wp-content/uploads/img-1-1-1.jpg.pagespeed.ce.wfkPWd1XmY.jpg HTTP/1.0" 200 42006 "-" "Mozilla/5.0 AppleWebKit/537.36 (KHTML, like Gecko; compatible; GPTBot/1.3; +https://openai.com/gptbot)"
74.7.242.55 - - [12/Jan/2026:17:16:31 +0100] "GET /wp-content/uploads/img-7-1-2.jpg.pagespeed.ce.VGRmnrJQjA.jpg HTTP/1.0" 200 64620 "-" "Mozilla/5.0 AppleWebKit/537.36 (KHTML, like Gecko; compatible; GPTBot/1.3; +https://openai.com/gptbot)"
74.7.242.55 - - [12/Jan/2026:17:16:32 +0100] "GET /wp-content/uploads/img-3-1-5.jpg.pagespeed.ce.f19ph_j3xx.jpg HTTP/1.0" 200 88375 "-" "Mozilla/5.0 AppleWebKit/537.36 (KHTML, like Gecko; compatible; GPTBot/1.3; +https://openai.com/gptbot)"
74.7.242.55 - - [12/Jan/2026:17:16:32 +0100] "GET /wp-content/uploads/img-4-1-5.jpg.pagespeed.ce.j0IEe5dOyY.jpg HTTP/1.0" 200 65381 "-" "Mozilla/5.0 AppleWebKit/537.36 (KHTML, like Gecko; compatible; GPTBot/1.3; +https://openai.com/gptbot)"
74.7.242.55 - - [12/Jan/2026:17:16:33 +0100] "GET /wp-content/uploads/xcropped-items-192x192.png.pagespeed.ic.IizVOQ67e3.png HTTP/1.0" 200 6877 "-" "Mozilla/5.0 AppleWebKit/537.36 (KHTML, like Gecko; compatible; GPTBot/1.3; +https://openai.com/gptbot)"
74.7.242.55 - - [12/Jan/2026:17:16:33 +0100] "GET /wp-content/uploads/Villa_Magnolia_021.jpg HTTP/1.0" 200 257295 "-" "Mozilla/5.0 AppleWebKit/537.36 (KHTML, like Gecko; compatible; GPTBot/1.3; +https://openai.com/gptbot)"
74.7.242.55 - - [12/Jan/2026:17:16:34 +0100] "GET /wp-content/uploads/Villa_Magnolia_017.jpg HTTP/1.0" 200 178221 "-" "Mozilla/5.0 AppleWebKit/537.36 (KHTML, like Gecko; compatible; GPTBot/1.3; +https://openai.com/gptbot)"
74.7.242.55 - - [12/Jan/2026:17:16:34 +0100] "GET /wp-content/uploads/Villa_Magnolia_007.jpg HTTP/1.0" 200 97878 "-" "Mozilla/5.0 AppleWebKit/537.36 (KHTML, like Gecko; compatible; GPTBot/1.3; +https://openai.com/gptbot)"
74.7.242.55 - - [12/Jan/2026:17:16:35 +0100] "GET /wp-content/uploads/jockers-sauna-Totale1_large-1.jpg HTTP/1.0" 200 162177 "-" "Mozilla/5.0 AppleWebKit/537.36 (KHTML, like Gecko; compatible; GPTBot/1.3; +https://openai.com/gptbot)"
74.7.242.55 - - [12/Jan/2026:17:16:35 +0100] "GET /wp-content/uploads/img-2-1-4.jpg.pagespeed.ce.fQ6wCuGwGI.jpg HTTP/1.0" 200 72212 "-" "Mozilla/5.0 AppleWebKit/537.36 (KHTML, like Gecko; compatible; GPTBot/1.3; +https://openai.com/gptbot)"
74.7.242.55 - - [12/Jan/2026:17:16:36 +0100] "GET /wp-content/uploads/jockers-sauna-Ausblick1_large-1.jpg HTTP/1.0" 200 217821 "-" "Mozilla/5.0 AppleWebKit/537.36 (KHTML, like Gecko; compatible; GPTBot/1.3; +https://openai.com/gptbot)"
74.7.242.55 - - [12/Jan/2026:17:16:36 +0100] "GET /wp-content/uploads/Edenkoben_008.jpg HTTP/1.0" 200 273122 "-" "Mozilla/5.0 AppleWebKit/537.36 (KHTML, like Gecko; compatible; GPTBot/1.3; +https://openai.com/gptbot)"
74.7.242.55 - - [12/Jan/2026:17:16:37 +0100] "GET /wp-content/uploads/Edenkoben_001.jpg HTTP/1.0" 200 135438 "-" "Mozilla/5.0 AppleWebKit/537.36 (KHTML, like Gecko; compatible; GPTBot/1.3; +https://openai.com/gptbot)"
74.7.242.55 - - [12/Jan/2026:17:16:37 +0100] "GET /wp-content/uploads/Edenkoben_017.jpg HTTP/1.0" 200 241451 "-" "Mozilla/5.0 AppleWebKit/537.36 (KHTML, like Gecko; compatible; GPTBot/1.3; +https://openai.com/gptbot)"
74.7.242.55 - - [12/Jan/2026:17:16:38 +0100] "GET /wp-content/uploads/img-3-1-5.jpg.pagespeed.ce.f19ph_j3xx.jpg HTTP/1.0" 200 88375 "-" "Mozilla/5.0 AppleWebKit/537.36 (KHTML, like Gecko; compatible; GPTBot/1.3; +https://openai.com/gptbot)"
74.7.242.55 - - [12/Jan/2026:17:16:38 +0100] "GET /wp-content/uploads/img-4-1-5.jpg.pagespeed.ce.j0IEe5dOyY.jpg HTTP/1.0" 200 65381 "-" "Mozilla/5.0 AppleWebKit/537.36 (KHTML, like Gecko; compatible; GPTBot/1.3; +https://openai.com/gptbot)"
74.7.242.55 - - [12/Jan/2026:17:16:39 +0100] "GET /wp-content/uploads/jockers-sauna-11_large.jpg HTTP/1.0" 200 228729 "-" "Mozilla/5.0 AppleWebKit/537.36 (KHTML, like Gecko; compatible; GPTBot/1.3; +https://openai.com/gptbot)"
74.7.242.55 - - [12/Jan/2026:17:16:39 +0100] "GET /wp-content/uploads/img-1-6.jpg.pagespeed.ce.iDSX8a_AFe.jpg HTTP/1.0" 200 184334 "-" "Mozilla/5.0 AppleWebKit/537.36 (KHTML, like Gecko; compatible; GPTBot/1.3; +https://openai.com/gptbot)"
74.7.242.55 - - [12/Jan/2026:17:16:40 +0100] "GET /wp-content/uploads/jockers-sauna-innensauna-galerie10_large.jpg HTTP/1.0" 200 191769 "-" "Mozilla/5.0 AppleWebKit/537.36 (KHTML, like Gecko; compatible; GPTBot/1.3; +https://openai.com/gptbot)"
74.7.242.55 - - [12/Jan/2026:17:16:41 +0100] "GET /wp-content/uploads/jockers-sauna-innensauna-galerie12_large.jpg HTTP/1.0" 200 96572 "-" "Mozilla/5.0 AppleWebKit/537.36 (KHTML, like Gecko; compatible; GPTBot/1.3; +https://openai.com/gptbot)"
74.7.242.55 - - [12/Jan/2026:17:16:41 +0100] "GET /wp-content/uploads/img-2-1-6.jpg.pagespeed.ce.o-Il1-JiWq.jpg HTTP/1.0" 200 59389 "-" "Mozilla/5.0 AppleWebKit/537.36 (KHTML, like Gecko; compatible; GPTBot/1.3; +https://openai.com/gptbot)"
74.7.242.55 - - [12/Jan/2026:17:16:42 +0100] "GET /wp-content/uploads/xcropped-items-180x180.png.pagespeed.ic.V1sCUSYnpo.png HTTP/1.0" 200 6645 "-" "Mozilla/5.0 AppleWebKit/537.36 (KHTML, like Gecko; compatible; GPTBot/1.3; +https://openai.com/gptbot)"
74.7.242.55 - - [12/Jan/2026:17:16:42 +0100] "GET /impressum/ HTTP/1.0" 200 24146 "-" "Mozilla/5.0 AppleWebKit/537.36 (KHTML, like Gecko; compatible; GPTBot/1.3; +https://openai.com/gptbot)"
94.130.90.54 - - [12/Jan/2026:17:16:44 +0100] "GET /wp-content/uploads/elementor/css/post-53.css?ver=1768234604 HTTP/1.1" 200 36661 "https://jockers3.inglory.de/dampfbad/" "Serf/1.3.9 (mod_pagespeed/1.13.35.2-0)"
94.130.90.54 - - [12/Jan/2026:17:16:44 +0100] "GET /wp-content/uploads/img-2-1-3.jpg HTTP/1.1" 304 3411 "https://jockers3.inglory.de/dampfbad/" "Serf/1.3.9 (mod_pagespeed/1.13.35.2-0)"
94.130.90.54 - - [12/Jan/2026:17:16:44 +0100] "GET /wp-content/uploads/img-2-1-3.jpg HTTP/1.1" 304 3411 "https://jockers3.inglory.de/dampfbad/" "Serf/1.3.9 (mod_pagespeed/1.13.35.2-0)"
94.130.90.54 - - [12/Jan/2026:17:16:44 +0100] "GET /wp-content/uploads/img-2-1-3-300x248.jpg HTTP/1.1" 200 8520 "https://jockers3.inglory.de/dampfbad/" "Serf/1.3.9 (mod_pagespeed/1.13.35.2-0)"
74.7.242.55 - - [12/Jan/2026:17:16:43 +0100] "GET /dampfbad/ HTTP/1.0" 200 25648 "-" "Mozilla/5.0 AppleWebKit/537.36 (KHTML, like Gecko; compatible; GPTBot/1.3; +https://openai.com/gptbot)"
94.130.90.54 - - [12/Jan/2026:17:16:44 +0100] "GET /wp-content/uploads/img-2-1-3-1024x846.jpg HTTP/1.1" 200 37393 "https://jockers3.inglory.de/dampfbad/" "Serf/1.3.9 (mod_pagespeed/1.13.35.2-0)"
94.130.90.54 - - [12/Jan/2026:17:16:44 +0100] "GET /wp-content/uploads/img-2-1-3-768x634.jpg HTTP/1.1" 200 24236 "https://jockers3.inglory.de/dampfbad/" "Serf/1.3.9 (mod_pagespeed/1.13.35.2-0)"
94.130.90.54 - - [12/Jan/2026:17:16:44 +0100] "GET /wp-content/uploads/bg-2-1.jpg HTTP/1.1" 200 54361 "https://jockers3.inglory.de/dampfbad/" "Serf/1.3.9 (mod_pagespeed/1.13.35.2-0)"
74.7.242.55 - - [12/Jan/2026:17:16:44 +0100] "GET /angebote/ HTTP/1.0" 200 28829 "-" "Mozilla/5.0 AppleWebKit/537.36 (KHTML, like Gecko; compatible; GPTBot/1.3; +https://openai.com/gptbot)"
94.130.90.54 - - [12/Jan/2026:17:16:46 +0100] "GET /wp-content/plugins/elementor/assets/css/widget-google_maps.min.css?ver=3.34.1 HTTP/1.1" 200 3797 "https://jockers3.inglory.de/kontakt/" "Serf/1.3.9 (mod_pagespeed/1.13.35.2-0)"
74.7.242.55 - - [12/Jan/2026:17:16:46 +0100] "GET /kontakt/ HTTP/1.0" 200 25463 "-" "Mozilla/5.0 AppleWebKit/537.36 (KHTML, like Gecko; compatible; GPTBot/1.3; +https://openai.com/gptbot)"
94.130.90.54 - - [12/Jan/2026:17:16:46 +0100] "GET /wp-content/plugins/elementor-pro/assets/css/widget-form.min.css?ver=3.34.0 HTTP/1.1" 304 3411 "https://jockers3.inglory.de/kontakt/" "Serf/1.3.9 (mod_pagespeed/1.13.35.2-0)"
94.130.90.54 - - [12/Jan/2026:17:16:46 +0100] "GET /wp-content/uploads/elementor/css/post-42.css?ver=1768234606 HTTP/1.1" 200 25432 "https://jockers3.inglory.de/kontakt/" "Serf/1.3.9 (mod_pagespeed/1.13.35.2-0)"
94.130.90.54 - - [12/Jan/2026:17:16:46 +0100] "GET /wp-content/uploads/bg-3-1.jpg HTTP/1.1" 200 66986 "https://jockers3.inglory.de/kontakt/" "Serf/1.3.9 (mod_pagespeed/1.13.35.2-0)"
94.130.90.54 - - [12/Jan/2026:17:16:47 +0100] "GET /wp-content/uploads/elementor/css/post-158.css?ver=1768234229 HTTP/1.1" 304 3411 "https://jockers3.inglory.de/jockers/" "Serf/1.3.9 (mod_pagespeed/1.13.35.2-0)"
94.130.90.54 - - [12/Jan/2026:17:16:47 +0100] "GET /wp-content/uploads/img-7-1-3.jpg HTTP/1.1" 304 3411 "https://jockers3.inglory.de/jockers/" "Serf/1.3.9 (mod_pagespeed/1.13.35.2-0)"
94.130.90.54 - - [12/Jan/2026:17:16:47 +0100] "GET /wp-content/uploads/img-7-1-3.jpg HTTP/1.1" 304 3411 "https://jockers3.inglory.de/jockers/" "Serf/1.3.9 (mod_pagespeed/1.13.35.2-0)"
94.130.90.54 - - [12/Jan/2026:17:16:47 +0100] "GET /wp-content/uploads/img-7-1-3-300x200.jpg HTTP/1.1" 304 3411 "https://jockers3.inglory.de/jockers/" "Serf/1.3.9 (mod_pagespeed/1.13.35.2-0)"
94.130.90.54 - - [12/Jan/2026:17:16:47 +0100] "GET /wp-content/uploads/img-7-1-3-1024x683.jpg HTTP/1.1" 304 3411 "https://jockers3.inglory.de/jockers/" "Serf/1.3.9 (mod_pagespeed/1.13.35.2-0)"
74.7.242.55 - - [12/Jan/2026:17:16:47 +0100] "GET /jockers/ HTTP/1.0" 200 24670 "-" "Mozilla/5.0 AppleWebKit/537.36 (KHTML, like Gecko; compatible; GPTBot/1.3; +https://openai.com/gptbot)"
94.130.90.54 - - [12/Jan/2026:17:16:47 +0100] "GET /wp-content/uploads/img-7-1-3-768x512.jpg HTTP/1.1" 304 3411 "https://jockers3.inglory.de/jockers/" "Serf/1.3.9 (mod_pagespeed/1.13.35.2-0)"
94.130.90.54 - - [12/Jan/2026:17:16:47 +0100] "GET /wp-content/uploads/img-8-1-1.jpg HTTP/1.1" 304 3412 "https://jockers3.inglory.de/jockers/" "Serf/1.3.9 (mod_pagespeed/1.13.35.2-0)"
94.130.90.54 - - [12/Jan/2026:17:16:47 +0100] "GET /wp-content/uploads/img-8-1-1.jpg HTTP/1.1" 304 3412 "https://jockers3.inglory.de/jockers/" "Serf/1.3.9 (mod_pagespeed/1.13.35.2-0)"
94.130.90.54 - - [12/Jan/2026:17:16:47 +0100] "GET /wp-content/uploads/img-8-1-1-300x221.jpg HTTP/1.1" 304 3411 "https://jockers3.inglory.de/jockers/" "Serf/1.3.9 (mod_pagespeed/1.13.35.2-0)"
94.130.90.54 - - [12/Jan/2026:17:16:47 +0100] "GET /wp-content/uploads/img-8-1-1-1024x755.jpg HTTP/1.1" 304 3412 "https://jockers3.inglory.de/jockers/" "Serf/1.3.9 (mod_pagespeed/1.13.35.2-0)"
94.130.90.54 - - [12/Jan/2026:17:16:47 +0100] "GET /wp-content/uploads/img-8-1-1-768x567.jpg HTTP/1.1" 304 3411 "https://jockers3.inglory.de/jockers/" "Serf/1.3.9 (mod_pagespeed/1.13.35.2-0)"
94.130.90.54 - - [12/Jan/2026:17:16:47 +0100] "GET /wp-content/uploads/teamjockers.jpg HTTP/1.1" 304 3412 "https://jockers3.inglory.de/jockers/" "Serf/1.3.9 (mod_pagespeed/1.13.35.2-0)"
74.7.242.55 - - [12/Jan/2026:17:16:48 +0100] "GET /wp-content/uploads/infrarotkabine-gross.jpg HTTP/1.0" 200 500222 "-" "Mozilla/5.0 AppleWebKit/537.36 (KHTML, like Gecko; compatible; GPTBot/1.3; +https://openai.com/gptbot)"
74.7.242.55 - - [12/Jan/2026:17:16:48 +0100] "GET /wp-content/uploads/innensaunadach-gross.jpg HTTP/1.0" 200 194848 "-" "Mozilla/5.0 AppleWebKit/537.36 (KHTML, like Gecko; compatible; GPTBot/1.3; +https://openai.com/gptbot)"
74.7.242.55 - - [12/Jan/2026:17:16:49 +0100] "GET /wp-content/uploads/img-1.jpg HTTP/1.0" 200 116697 "-" "Mozilla/5.0 AppleWebKit/537.36 (KHTML, like Gecko; compatible; GPTBot/1.3; +https://openai.com/gptbot)"
94.130.90.54 - - [12/Jan/2026:17:16:50 +0100] "GET /wp-content/uploads/elementor/css/post-159.css?ver=1768234610 HTTP/1.1" 200 55313 "https://jockers3.inglory.de/produktion/" "Serf/1.3.9 (mod_pagespeed/1.13.35.2-0)"
94.130.90.54 - - [12/Jan/2026:17:16:50 +0100] "GET /wp-content/uploads/img-6-1-5.jpg HTTP/1.1" 200 29845 "https://jockers3.inglory.de/produktion/" "Serf/1.3.9 (mod_pagespeed/1.13.35.2-0)"
94.130.90.54 - - [12/Jan/2026:17:16:50 +0100] "GET /wp-content/uploads/img-6-1-5.jpg HTTP/1.1" 200 29845 "https://jockers3.inglory.de/produktion/" "Serf/1.3.9 (mod_pagespeed/1.13.35.2-0)"
94.130.90.54 - - [12/Jan/2026:17:16:50 +0100] "GET /wp-content/uploads/img-6-1-5-269x300.jpg HTTP/1.1" 200 12490 "https://jockers3.inglory.de/produktion/" "Serf/1.3.9 (mod_pagespeed/1.13.35.2-0)"
94.130.90.54 - - [12/Jan/2026:17:16:50 +0100] "GET /wp-content/uploads/img-6-1-5-768x856.jpg HTTP/1.1" 200 35020 "https://jockers3.inglory.de/produktion/" "Serf/1.3.9 (mod_pagespeed/1.13.35.2-0)"
74.7.242.55 - - [12/Jan/2026:17:16:49 +0100] "GET /produktion/ HTTP/1.0" 200 29461 "-" "Mozilla/5.0 AppleWebKit/537.36 (KHTML, like Gecko; compatible; GPTBot/1.3; +https://openai.com/gptbot)"
94.130.90.54 - - [12/Jan/2026:17:16:50 +0100] "GET /wp-content/uploads/img-7-1-4.jpg HTTP/1.1" 200 64448 "https://jockers3.inglory.de/produktion/" "Serf/1.3.9 (mod_pagespeed/1.13.35.2-0)"
94.130.90.54 - - [12/Jan/2026:17:16:50 +0100] "GET /wp-content/uploads/img-7-1-4.jpg HTTP/1.1" 200 64448 "https://jockers3.inglory.de/produktion/" "Serf/1.3.9 (mod_pagespeed/1.13.35.2-0)"
94.130.90.54 - - [12/Jan/2026:17:16:50 +0100] "GET /wp-content/uploads/img-7-1-4-261x300.jpg HTTP/1.1" 200 10289 "https://jockers3.inglory.de/produktion/" "Serf/1.3.9 (mod_pagespeed/1.13.35.2-0)"
94.130.90.54 - - [12/Jan/2026:17:16:50 +0100] "GET /wp-content/uploads/img-7-1-4-768x883.jpg HTTP/1.1" 200 38084 "https://jockers3.inglory.de/produktion/" "Serf/1.3.9 (mod_pagespeed/1.13.35.2-0)"
94.130.90.54 - - [12/Jan/2026:17:16:52 +0100] "GET /wp-content/uploads/elementor/css/post-2356.css?ver=1768234611 HTTP/1.1" 200 75469 "https://jockers3.inglory.de/presse/" "Serf/1.3.9 (mod_pagespeed/1.13.35.2-0)"
94.130.90.54 - - [12/Jan/2026:17:16:52 +0100] "GET /wp-content/uploads/img-1-9.jpg HTTP/1.1" 200 50327 "https://jockers3.inglory.de/presse/" "Serf/1.3.9 (mod_pagespeed/1.13.35.2-0)"
94.130.90.54 - - [12/Jan/2026:17:16:52 +0100] "GET /wp-content/uploads/img-3-1-7.jpg HTTP/1.1" 200 39229 "https://jockers3.inglory.de/presse/" "Serf/1.3.9 (mod_pagespeed/1.13.35.2-0)"
74.7.242.55 - - [12/Jan/2026:17:16:51 +0100] "GET /presse/ HTTP/1.0" 200 25402 "-" "Mozilla/5.0 AppleWebKit/537.36 (KHTML, like Gecko; compatible; GPTBot/1.3; +https://openai.com/gptbot)"
94.130.90.54 - - [12/Jan/2026:17:16:52 +0100] "GET /wp-content/uploads/img-4-1-8.jpg HTTP/1.1" 200 38843 "https://jockers3.inglory.de/presse/" "Serf/1.3.9 (mod_pagespeed/1.13.35.2-0)"
