94.130.90.54 - - [12/Jan/2026:17:03:10 +0100] "GET /wp-content/uploads/elementor/css/post-7.css?ver=1768233482 HTTP/1.1" 304 3411 "https://jockers3.inglory.de/angebote/" "Serf/1.3.9 (mod_pagespeed/1.13.35.2-0)"
94.130.90.54 - - [12/Jan/2026:17:03:10 +0100] "GET /wp-content/plugins/elementor/assets/css/widget-divider.min.css?ver=3.34.1 HTTP/1.1" 304 3411 "https://jockers3.inglory.de/angebote/" "Serf/1.3.9 (mod_pagespeed/1.13.35.2-0)"
94.130.90.54 - - [12/Jan/2026:17:03:10 +0100] "GET /wp-content/plugins/elementor/assets/lib/swiper/v8/css/swiper.min.css?ver=8.4.5 HTTP/1.1" 304 3411 "https://jockers3.inglory.de/angebote/" "Serf/1.3.9 (mod_pagespeed/1.13.35.2-0)"
94.130.90.54 - - [12/Jan/2026:17:03:10 +0100] "GET /wp-content/plugins/elementor/assets/css/conditionals/e-swiper.min.css?ver=3.34.1 HTTP/1.1" 304 3411 "https://jockers3.inglory.de/angebote/" "Serf/1.3.9 (mod_pagespeed/1.13.35.2-0)"
94.130.90.54 - - [12/Jan/2026:17:03:10 +0100] "GET /wp-content/uploads/elementor/css/post-133.css?ver=1768233483 HTTP/1.1" 304 3411 "https://jockers3.inglory.de/angebote/" "Serf/1.3.9 (mod_pagespeed/1.13.35.2-0)"
94.130.90.54 - - [12/Jan/2026:17:03:10 +0100] "GET /wp-content/uploads/elementor/css/post-136.css?ver=1768233483 HTTP/1.1" 304 3411 "https://jockers3.inglory.de/angebote/" "Serf/1.3.9 (mod_pagespeed/1.13.35.2-0)"
94.130.90.54 - - [12/Jan/2026:17:03:10 +0100] "GET /wp-content/plugins/elementor/assets/lib/font-awesome/css/fontawesome.min.css?ver=5.15.3 HTTP/1.1" 304 3411 "https://jockers3.inglory.de/angebote/" "Serf/1.3.9 (mod_pagespeed/1.13.35.2-0)"
94.130.90.54 - - [12/Jan/2026:17:03:10 +0100] "GET /wp-content/plugins/elementor/assets/lib/font-awesome/css/solid.min.css?ver=5.15.3 HTTP/1.1" 304 3410 "https://jockers3.inglory.de/angebote/" "Serf/1.3.9 (mod_pagespeed/1.13.35.2-0)"
94.130.90.54 - - [12/Jan/2026:17:03:10 +0100] "GET /wp-content/plugins/elementor/assets/lib/font-awesome/css/brands.min.css?ver=5.15.3 HTTP/1.1" 304 3410 "https://jockers3.inglory.de/angebote/" "Serf/1.3.9 (mod_pagespeed/1.13.35.2-0)"
94.130.90.54 - - [12/Jan/2026:17:03:10 +0100] "GET /wp-includes/js/dist/hooks.min.js?ver=dd5603f07f9220ed27f1 HTTP/1.1" 304 3411 "https://jockers3.inglory.de/angebote/" "Serf/1.3.9 (mod_pagespeed/1.13.35.2-0)"
94.130.90.54 - - [12/Jan/2026:17:03:10 +0100] "GET /wp-includes/js/dist/i18n.min.js?ver=c26c3dc7bed366793375 HTTP/1.1" 304 3411 "https://jockers3.inglory.de/angebote/" "Serf/1.3.9 (mod_pagespeed/1.13.35.2-0)"
94.130.90.54 - - [12/Jan/2026:17:03:10 +0100] "GET /wp-includes/js/jquery/ui/core.min.js?ver=1.13.3 HTTP/1.1" 304 3411 "https://jockers3.inglory.de/angebote/" "Serf/1.3.9 (mod_pagespeed/1.13.35.2-0)"
94.130.90.54 - - [12/Jan/2026:17:03:10 +0100] "GET /wp-content/plugins/elementor-pro/assets/lib/smartmenus/jquery.smartmenus.min.js?ver=1.2.1 HTTP/1.1" 304 3411 "https://jockers3.inglory.de/angebote/" "Serf/1.3.9 (mod_pagespeed/1.13.35.2-0)"
94.130.90.54 - - [12/Jan/2026:17:03:10 +0100] "GET /wp-content/plugins/elementor-pro/assets/lib/sticky/jquery.sticky.min.js?ver=3.34.0 HTTP/1.1" 304 3410 "https://jockers3.inglory.de/angebote/" "Serf/1.3.9 (mod_pagespeed/1.13.35.2-0)"
94.130.90.54 - - [12/Jan/2026:17:03:10 +0100] "GET /wp-includes/js/jquery/jquery.min.js?ver=3.7.1 HTTP/1.1" 304 3412 "https://jockers3.inglory.de/angebote/" "Serf/1.3.9 (mod_pagespeed/1.13.35.2-0)"
94.130.90.54 - - [12/Jan/2026:17:03:10 +0100] "GET /wp-includes/js/jquery/jquery-migrate.min.js?ver=3.4.1 HTTP/1.1" 304 3411 "https://jockers3.inglory.de/angebote/" "Serf/1.3.9 (mod_pagespeed/1.13.35.2-0)"
94.130.90.54 - - [12/Jan/2026:17:03:10 +0100] "GET /wp-content/plugins/preloader-pro/assets/js/jquery.waitformedias.min.js?ver=2024090401 HTTP/1.1" 304 3411 "https://jockers3.inglory.de/angebote/" "Serf/1.3.9 (mod_pagespeed/1.13.35.2-0)"
94.130.90.54 - - [12/Jan/2026:17:03:10 +0100] "GET /wp-content/plugins/preloader-pro/assets/js/loftloader.min.js?ver=2024090401 HTTP/1.1" 304 3411 "https://jockers3.inglory.de/angebote/" "Serf/1.3.9 (mod_pagespeed/1.13.35.2-0)"
94.130.90.54 - - [12/Jan/2026:17:03:10 +0100] "GET /wp-content/plugins/elementor/assets/js/webpack.runtime.min.js?ver=3.34.1 HTTP/1.1" 304 3411 "https://jockers3.inglory.de/angebote/" "Serf/1.3.9 (mod_pagespeed/1.13.35.2-0)"
94.130.90.54 - - [12/Jan/2026:17:03:10 +0100] "GET /wp-content/plugins/elementor/assets/js/frontend-modules.min.js?ver=3.34.1 HTTP/1.1" 304 3412 "https://jockers3.inglory.de/angebote/" "Serf/1.3.9 (mod_pagespeed/1.13.35.2-0)"
94.130.90.54 - - [12/Jan/2026:17:03:10 +0100] "GET /wp-content/plugins/elementor-pro/assets/js/frontend.min.js?ver=3.34.0 HTTP/1.1" 304 3411 "https://jockers3.inglory.de/angebote/" "Serf/1.3.9 (mod_pagespeed/1.13.35.2-0)"
94.130.90.54 - - [12/Jan/2026:17:03:10 +0100] "GET /wp-content/plugins/elementor-pro/assets/js/elements-handlers.min.js?ver=3.34.0 HTTP/1.1" 304 3411 "https://jockers3.inglory.de/angebote/" "Serf/1.3.9 (mod_pagespeed/1.13.35.2-0)"
94.130.90.54 - - [12/Jan/2026:17:03:10 +0100] "GET /wp-content/plugins/elementor/assets/js/frontend.min.js?ver=3.34.1 HTTP/1.1" 304 3411 "https://jockers3.inglory.de/angebote/" "Serf/1.3.9 (mod_pagespeed/1.13.35.2-0)"
94.130.90.54 - - [12/Jan/2026:17:03:10 +0100] "GET /wp-content/plugins/elementor/assets/lib/swiper/v8/swiper.min.js?ver=8.4.5 HTTP/1.1" 304 3412 "https://jockers3.inglory.de/angebote/" "Serf/1.3.9 (mod_pagespeed/1.13.35.2-0)"
94.130.90.54 - - [12/Jan/2026:17:03:10 +0100] "GET /wp-content/plugins/elementor-pro/assets/js/webpack-pro.runtime.min.js?ver=3.34.0 HTTP/1.1" 304 3411 "https://jockers3.inglory.de/angebote/" "Serf/1.3.9 (mod_pagespeed/1.13.35.2-0)"
91.10.111.70 - - [12/Jan/2026:17:03:09 +0100] "POST /wp-admin/admin-ajax.php HTTP/1.0" 200 5381 "https://jockers3.inglory.de/wp-admin/post.php?post=18&action=elementor" "Mozilla/5.0 (Macintosh; Intel Mac OS X 10_15_7) AppleWebKit/537.36 (KHTML, like Gecko) Chrome/143.0.0.0 Safari/537.36"
91.10.111.70 - - [12/Jan/2026:17:03:11 +0100] "GET /wp-json/elementor/v1/checklist/user-progress HTTP/1.0" 200 5011 "https://jockers3.inglory.de/wp-admin/post.php?post=18&action=elementor" "Mozilla/5.0 (Macintosh; Intel Mac OS X 10_15_7) AppleWebKit/537.36 (KHTML, like Gecko) Chrome/143.0.0.0 Safari/537.36"
91.10.111.70 - - [12/Jan/2026:17:03:11 +0100] "POST /wp-admin/admin-ajax.php HTTP/1.0" 200 4405 "https://jockers3.inglory.de/wp-admin/post.php?post=18&action=elementor" "Mozilla/5.0 (Macintosh; Intel Mac OS X 10_15_7) AppleWebKit/537.36 (KHTML, like Gecko) Chrome/143.0.0.0 Safari/537.36"
91.10.111.70 - - [12/Jan/2026:17:03:12 +0100] "POST /wp-admin/admin-ajax.php HTTP/1.0" 200 13371 "https://jockers3.inglory.de/wp-admin/post.php?post=18&action=elementor" "Mozilla/5.0 (Macintosh; Intel Mac OS X 10_15_7) AppleWebKit/537.36 (KHTML, like Gecko) Chrome/143.0.0.0 Safari/537.36"
94.130.90.54 - - [12/Jan/2026:17:03:13 +0100] "GET /wp-content/plugins/elementor-pro/assets/css/widget-nested-carousel.min.css?ver=3.34.0 HTTP/1.1" 304 3411 "https://jockers3.inglory.de/" "Serf/1.3.9 (mod_pagespeed/1.13.35.2-0)"
94.130.90.54 - - [12/Jan/2026:17:03:13 +0100] "GET /wp-content/plugins/elementor-pro/assets/css/widget-media-carousel.min.css?ver=3.34.0 HTTP/1.1" 304 3410 "https://jockers3.inglory.de/" "Serf/1.3.9 (mod_pagespeed/1.13.35.2-0)"
94.130.90.54 - - [12/Jan/2026:17:03:13 +0100] "GET /wp-content/plugins/elementor-pro/assets/css/widget-carousel-module-base.min.css?ver=3.34.0 HTTP/1.1" 304 3410 "https://jockers3.inglory.de/" "Serf/1.3.9 (mod_pagespeed/1.13.35.2-0)"
94.130.90.54 - - [12/Jan/2026:17:03:13 +0100] "GET /wp-content/uploads/img-1-300x127.jpg HTTP/1.1" 304 3411 "https://jockers3.inglory.de/" "Serf/1.3.9 (mod_pagespeed/1.13.35.2-0)"
94.130.90.54 - - [12/Jan/2026:17:03:13 +0100] "GET /wp-content/uploads/img-1-1024x434.jpg HTTP/1.1" 304 3411 "https://jockers3.inglory.de/" "Serf/1.3.9 (mod_pagespeed/1.13.35.2-0)"
91.10.111.70 - - [12/Jan/2026:17:03:12 +0100] "GET / HTTP/1.0" 200 43477 "https://jockers3.inglory.de/wp-admin/edit.php?post_type=page" "Mozilla/5.0 (Macintosh; Intel Mac OS X 10_15_7) AppleWebKit/537.36 (KHTML, like Gecko) Chrome/143.0.0.0 Safari/537.36"
94.130.90.54 - - [12/Jan/2026:17:03:13 +0100] "GET /wp-content/uploads/img-1-768x325.jpg HTTP/1.1" 304 3411 "https://jockers3.inglory.de/" "Serf/1.3.9 (mod_pagespeed/1.13.35.2-0)"
94.130.90.54 - - [12/Jan/2026:17:03:13 +0100] "GET /wp-content/uploads/img-1-1536x651.jpg HTTP/1.1" 304 3412 "https://jockers3.inglory.de/" "Serf/1.3.9 (mod_pagespeed/1.13.35.2-0)"
94.130.90.54 - - [12/Jan/2026:17:03:14 +0100] "GET /wp-content/uploads/img-2-1.jpg HTTP/1.1" 304 3412 "https://jockers3.inglory.de/" "Serf/1.3.9 (mod_pagespeed/1.13.35.2-0)"
94.130.90.54 - - [12/Jan/2026:17:03:14 +0100] "GET /wp-content/uploads/img-2-1.jpg HTTP/1.1" 304 3412 "https://jockers3.inglory.de/" "Serf/1.3.9 (mod_pagespeed/1.13.35.2-0)"
94.130.90.54 - - [12/Jan/2026:17:03:14 +0100] "GET /wp-content/uploads/img-2-1-300x154.jpg HTTP/1.1" 304 3411 "https://jockers3.inglory.de/" "Serf/1.3.9 (mod_pagespeed/1.13.35.2-0)"
94.130.90.54 - - [12/Jan/2026:17:03:14 +0100] "GET /wp-content/uploads/img-2-1-1024x525.jpg HTTP/1.1" 304 3411 "https://jockers3.inglory.de/" "Serf/1.3.9 (mod_pagespeed/1.13.35.2-0)"
94.130.90.54 - - [12/Jan/2026:17:03:14 +0100] "GET /wp-content/uploads/img-2-1-768x394.jpg HTTP/1.1" 304 3411 "https://jockers3.inglory.de/" "Serf/1.3.9 (mod_pagespeed/1.13.35.2-0)"
94.130.90.54 - - [12/Jan/2026:17:03:14 +0100] "GET /wp-content/uploads/img-3-1.jpg HTTP/1.1" 304 3412 "https://jockers3.inglory.de/" "Serf/1.3.9 (mod_pagespeed/1.13.35.2-0)"
94.130.90.54 - - [12/Jan/2026:17:03:14 +0100] "GET /wp-content/uploads/img-3-1.jpg HTTP/1.1" 304 3412 "https://jockers3.inglory.de/" "Serf/1.3.9 (mod_pagespeed/1.13.35.2-0)"
94.130.90.54 - - [12/Jan/2026:17:03:14 +0100] "GET /wp-content/uploads/img-3-1-300x154.jpg HTTP/1.1" 304 3411 "https://jockers3.inglory.de/" "Serf/1.3.9 (mod_pagespeed/1.13.35.2-0)"
94.130.90.54 - - [12/Jan/2026:17:03:14 +0100] "GET /wp-content/uploads/img-3-1-1024x525.jpg HTTP/1.1" 304 3411 "https://jockers3.inglory.de/" "Serf/1.3.9 (mod_pagespeed/1.13.35.2-0)"
94.130.90.54 - - [12/Jan/2026:17:03:14 +0100] "GET /wp-content/uploads/img-3-1-768x394.jpg HTTP/1.1" 304 3411 "https://jockers3.inglory.de/" "Serf/1.3.9 (mod_pagespeed/1.13.35.2-0)"
94.130.90.54 - - [12/Jan/2026:17:03:14 +0100] "GET /wp-content/uploads/img-4-1.jpg HTTP/1.1" 304 3411 "https://jockers3.inglory.de/" "Serf/1.3.9 (mod_pagespeed/1.13.35.2-0)"
94.130.90.54 - - [12/Jan/2026:17:03:14 +0100] "GET /wp-content/uploads/img-4-1.jpg HTTP/1.1" 304 3411 "https://jockers3.inglory.de/" "Serf/1.3.9 (mod_pagespeed/1.13.35.2-0)"
94.130.90.54 - - [12/Jan/2026:17:03:14 +0100] "GET /wp-content/uploads/img-4-1-300x171.jpg HTTP/1.1" 304 3411 "https://jockers3.inglory.de/" "Serf/1.3.9 (mod_pagespeed/1.13.35.2-0)"
94.130.90.54 - - [12/Jan/2026:17:03:14 +0100] "GET /wp-content/uploads/img-4-1-1024x582.jpg HTTP/1.1" 304 3411 "https://jockers3.inglory.de/" "Serf/1.3.9 (mod_pagespeed/1.13.35.2-0)"
94.130.90.54 - - [12/Jan/2026:17:03:14 +0100] "GET /wp-content/uploads/img-4-1-768x437.jpg HTTP/1.1" 304 3411 "https://jockers3.inglory.de/" "Serf/1.3.9 (mod_pagespeed/1.13.35.2-0)"
94.130.90.54 - - [12/Jan/2026:17:03:14 +0100] "GET /wp-content/uploads/elementor/css/post-18.css?ver=1768233793 HTTP/1.1" 200 127182 "https://jockers3.inglory.de/" "Serf/1.3.9 (mod_pagespeed/1.13.35.2-0)"
91.10.111.70 - - [12/Jan/2026:17:03:14 +0100] "GET /wp-content/uploads/elementor/css/post-18.css?ver=1768233793 HTTP/1.0" 200 11929 "https://jockers3.inglory.de/" "Mozilla/5.0 (Macintosh; Intel Mac OS X 10_15_7) AppleWebKit/537.36 (KHTML, like Gecko) Chrome/143.0.0.0 Safari/537.36"
91.10.111.70 - - [12/Jan/2026:17:03:14 +0100] "GET /wp-content/plugins/elementor-pro/assets/css/widget-carousel-module-base.min.css?ver=3.34.0 HTTP/1.0" 304 3925 "https://jockers3.inglory.de/" "Mozilla/5.0 (Macintosh; Intel Mac OS X 10_15_7) AppleWebKit/537.36 (KHTML, like Gecko) Chrome/143.0.0.0 Safari/537.36"
91.10.111.70 - - [12/Jan/2026:17:03:14 +0100] "GET /wp-content/plugins/elementor-pro/assets/css/widget-media-carousel.min.css?ver=3.34.0 HTTP/1.0" 304 3925 "https://jockers3.inglory.de/" "Mozilla/5.0 (Macintosh; Intel Mac OS X 10_15_7) AppleWebKit/537.36 (KHTML, like Gecko) Chrome/143.0.0.0 Safari/537.36"
91.10.111.70 - - [12/Jan/2026:17:03:14 +0100] "GET /wp-content/plugins/elementor-pro/assets/js/notes/notes-app-initiator.min.js?ver=3.34.0 HTTP/1.0" 304 3925 "https://jockers3.inglory.de/" "Mozilla/5.0 (Macintosh; Intel Mac OS X 10_15_7) AppleWebKit/537.36 (KHTML, like Gecko) Chrome/143.0.0.0 Safari/537.36"
91.10.111.70 - - [12/Jan/2026:17:03:14 +0100] "GET /wp-content/plugins/elementor-pro/assets/js/webpack-pro.runtime.min.js?ver=3.34.0 HTTP/1.0" 304 3926 "https://jockers3.inglory.de/" "Mozilla/5.0 (Macintosh; Intel Mac OS X 10_15_7) AppleWebKit/537.36 (KHTML, like Gecko) Chrome/143.0.0.0 Safari/537.36"
91.10.111.70 - - [12/Jan/2026:17:03:14 +0100] "GET /wp-content/plugins/elementor/assets/js/webpack.runtime.min.js?ver=3.34.1 HTTP/1.0" 304 3926 "https://jockers3.inglory.de/" "Mozilla/5.0 (Macintosh; Intel Mac OS X 10_15_7) AppleWebKit/537.36 (KHTML, like Gecko) Chrome/143.0.0.0 Safari/537.36"
91.10.111.70 - - [12/Jan/2026:17:03:14 +0100] "GET /wp-content/uploads/img-1.jpg HTTP/1.0" 304 3899 "https://jockers3.inglory.de/" "Mozilla/5.0 (Macintosh; Intel Mac OS X 10_15_7) AppleWebKit/537.36 (KHTML, like Gecko) Chrome/143.0.0.0 Safari/537.36"
91.10.111.70 - - [12/Jan/2026:17:03:14 +0100] "GET /wp-content/uploads/img-3-1.jpg HTTP/1.0" 304 3927 "https://jockers3.inglory.de/" "Mozilla/5.0 (Macintosh; Intel Mac OS X 10_15_7) AppleWebKit/537.36 (KHTML, like Gecko) Chrome/143.0.0.0 Safari/537.36"
91.10.111.70 - - [12/Jan/2026:17:03:14 +0100] "GET /wp-content/uploads/img-4-1.jpg HTTP/1.0" 304 3926 "https://jockers3.inglory.de/" "Mozilla/5.0 (Macintosh; Intel Mac OS X 10_15_7) AppleWebKit/537.36 (KHTML, like Gecko) Chrome/143.0.0.0 Safari/537.36"
91.10.111.70 - - [12/Jan/2026:17:03:14 +0100] "GET /wp-content/uploads/img-2-1.jpg HTTP/1.0" 304 3927 "https://jockers3.inglory.de/" "Mozilla/5.0 (Macintosh; Intel Mac OS X 10_15_7) AppleWebKit/537.36 (KHTML, like Gecko) Chrome/143.0.0.0 Safari/537.36"
91.10.111.70 - - [12/Jan/2026:17:03:14 +0100] "GET /wp-content/plugins/elementor/assets/lib/swiper/v8/css/swiper.min.css?ver=8.4.5 HTTP/1.0" 304 3926 "https://jockers3.inglory.de/" "Mozilla/5.0 (Macintosh; Intel Mac OS X 10_15_7) AppleWebKit/537.36 (KHTML, like Gecko) Chrome/143.0.0.0 Safari/537.36"
91.10.111.70 - - [12/Jan/2026:17:03:39 +0100] "GET /wp-content/uploads/jockers-sauna-innensauna-galerie9_large.jpg HTTP/1.0" 200 190208 "https://jockers3.inglory.de/" "Mozilla/5.0 (Macintosh; Intel Mac OS X 10_15_7) AppleWebKit/537.36 (KHTML, like Gecko) Chrome/143.0.0.0 Safari/537.36"
94.130.90.54 - - [12/Jan/2026:17:03:42 +0100] "POST /wp-cron.php?doing_wp_cron=1768233822.1618800163269042968750 HTTP/1.0" 200 4074 "-" "Jjpvr5tWA2sl"
91.10.111.70 - - [12/Jan/2026:17:03:41 +0100] "POST /wp-admin/admin-ajax.php HTTP/1.0" 200 4354 "https://jockers3.inglory.de/wp-admin/post.php?post=18&action=elementor" "Mozilla/5.0 (Macintosh; Intel Mac OS X 10_15_7) AppleWebKit/537.36 (KHTML, like Gecko) Chrome/143.0.0.0 Safari/537.36"
91.10.111.70 - - [12/Jan/2026:17:03:58 +0100] "GET /wp-content/uploads/jockers-sauna-innensauna-galerie10_large.jpg HTTP/1.0" 200 191769 "https://jockers3.inglory.de/" "Mozilla/5.0 (Macintosh; Intel Mac OS X 10_15_7) AppleWebKit/537.36 (KHTML, like Gecko) Chrome/143.0.0.0 Safari/537.36"
91.10.111.70 - - [12/Jan/2026:17:04:03 +0100] "GET /wp-content/uploads/jockers-sauna-innensauna-galerie12_large.jpg HTTP/1.0" 200 96572 "https://jockers3.inglory.de/" "Mozilla/5.0 (Macintosh; Intel Mac OS X 10_15_7) AppleWebKit/537.36 (KHTML, like Gecko) Chrome/143.0.0.0 Safari/537.36"
91.10.111.70 - - [12/Jan/2026:17:04:09 +0100] "GET /wp-content/uploads/jockers-sauna-Sauna_Haus-Wohlfart_001_large-1.jpg HTTP/1.0" 200 197354 "https://jockers3.inglory.de/" "Mozilla/5.0 (Macintosh; Intel Mac OS X 10_15_7) AppleWebKit/537.36 (KHTML, like Gecko) Chrome/143.0.0.0 Safari/537.36"
91.10.111.70 - - [12/Jan/2026:17:04:14 +0100] "GET /wp-content/uploads/Kirrweiler_001.jpeg HTTP/1.0" 200 144347 "https://jockers3.inglory.de/" "Mozilla/5.0 (Macintosh; Intel Mac OS X 10_15_7) AppleWebKit/537.36 (KHTML, like Gecko) Chrome/143.0.0.0 Safari/537.36"
94.130.90.54 - - [12/Jan/2026:17:04:35 +0100] "POST /wp-cron.php?doing_wp_cron=1768233875.1614449024200439453125 HTTP/1.0" 200 4074 "-" "zTs0hFDc7XIM"
91.10.111.70 - - [12/Jan/2026:17:04:34 +0100] "POST /wp-admin/admin-ajax.php HTTP/1.0" 200 4354 "https://jockers3.inglory.de/wp-admin/post.php?post=110&action=elementor" "Mozilla/5.0 (Macintosh; Intel Mac OS X 10_15_7) AppleWebKit/537.36 (KHTML, like Gecko) Chrome/143.0.0.0 Safari/537.36"
91.10.111.70 - - [12/Jan/2026:17:04:35 +0100] "GET /wp-admin/admin.php?page=elementor-app&ver=3.34.1 HTTP/1.0" 200 25469 "https://jockers3.inglory.de/" "Mozilla/5.0 (Macintosh; Intel Mac OS X 10_15_7) AppleWebKit/537.36 (KHTML, like Gecko) Chrome/143.0.0.0 Safari/537.36"
91.10.111.70 - - [12/Jan/2026:17:04:35 +0100] "GET /wp-includes/js/dist/a11y.min.js?ver=cb460b4676c94bd228ed HTTP/1.0" 304 3925 "https://jockers3.inglory.de/wp-admin/admin.php?page=elementor-app&ver=3.34.1" "Mozilla/5.0 (Macintosh; Intel Mac OS X 10_15_7) AppleWebKit/537.36 (KHTML, like Gecko) Chrome/143.0.0.0 Safari/537.36"
91.10.111.70 - - [12/Jan/2026:17:04:35 +0100] "GET /wp-includes/js/underscore.min.js?ver=1.13.7 HTTP/1.0" 304 3926 "https://jockers3.inglory.de/wp-admin/admin.php?page=elementor-app&ver=3.34.1" "Mozilla/5.0 (Macintosh; Intel Mac OS X 10_15_7) AppleWebKit/537.36 (KHTML, like Gecko) Chrome/143.0.0.0 Safari/537.36"
91.10.111.70 - - [12/Jan/2026:17:04:35 +0100] "GET /wp-includes/js/dist/i18n.min.js?ver=c26c3dc7bed366793375 HTTP/1.0" 304 3926 "https://jockers3.inglory.de/wp-admin/admin.php?page=elementor-app&ver=3.34.1" "Mozilla/5.0 (Macintosh; Intel Mac OS X 10_15_7) AppleWebKit/537.36 (KHTML, like Gecko) Chrome/143.0.0.0 Safari/537.36"
91.10.111.70 - - [12/Jan/2026:17:04:36 +0100] "GET /wp-includes/js/jquery/ui/core.min.js?ver=1.13.3 HTTP/1.0" 304 3926 "https://jockers3.inglory.de/wp-admin/admin.php?page=elementor-app&ver=3.34.1" "Mozilla/5.0 (Macintosh; Intel Mac OS X 10_15_7) AppleWebKit/537.36 (KHTML, like Gecko) Chrome/143.0.0.0 Safari/537.36"
91.10.111.70 - - [12/Jan/2026:17:04:35 +0100] "GET /wp-includes/css/buttons.min.css?ver=6.9 HTTP/1.0" 304 3926 "https://jockers3.inglory.de/wp-admin/admin.php?page=elementor-app&ver=3.34.1" "Mozilla/5.0 (Macintosh; Intel Mac OS X 10_15_7) AppleWebKit/537.36 (KHTML, like Gecko) Chrome/143.0.0.0 Safari/537.36"
91.10.111.70 - - [12/Jan/2026:17:04:35 +0100] "GET /wp-includes/css/dashicons.min.css?ver=6.9 HTTP/1.0" 304 3926 "https://jockers3.inglory.de/wp-admin/admin.php?page=elementor-app&ver=3.34.1" "Mozilla/5.0 (Macintosh; Intel Mac OS X 10_15_7) AppleWebKit/537.36 (KHTML, like Gecko) Chrome/143.0.0.0 Safari/537.36"
91.10.111.70 - - [12/Jan/2026:17:04:35 +0100] "GET /wp-includes/js/wp-util.min.js?ver=6.9 HTTP/1.0" 304 3925 "https://jockers3.inglory.de/wp-admin/admin.php?page=elementor-app&ver=3.34.1" "Mozilla/5.0 (Macintosh; Intel Mac OS X 10_15_7) AppleWebKit/537.36 (KHTML, like Gecko) Chrome/143.0.0.0 Safari/537.36"
91.10.111.70 - - [12/Jan/2026:17:04:35 +0100] "GET /wp-content/plugins/elementor/assets/lib/eicons/css/elementor-icons.min.css?ver=5.45.0 HTTP/1.0" 304 3926 "https://jockers3.inglory.de/wp-admin/admin.php?page=elementor-app&ver=3.34.1" "Mozilla/5.0 (Macintosh; Intel Mac OS X 10_15_7) AppleWebKit/537.36 (KHTML, like Gecko) Chrome/143.0.0.0 Safari/537.36"
91.10.111.70 - - [12/Jan/2026:17:04:35 +0100] "GET /wp-includes/js/clipboard.min.js?ver=2.0.11 HTTP/1.0" 304 3926 "https://jockers3.inglory.de/wp-admin/admin.php?page=elementor-app&ver=3.34.1" "Mozilla/5.0 (Macintosh; Intel Mac OS X 10_15_7) AppleWebKit/537.36 (KHTML, like Gecko) Chrome/143.0.0.0 Safari/537.36"
91.10.111.70 - - [12/Jan/2026:17:04:37 +0100] "GET /wp-includes/css/dashicons.min.css?ver=6.9 HTTP/1.0" 304 3898 "https://jockers3.inglory.de/wp-admin/post.php?post=18&action=elementor&active-document=7" "Mozilla/5.0 (Macintosh; Intel Mac OS X 10_15_7) AppleWebKit/537.36 (KHTML, like Gecko) Chrome/143.0.0.0 Safari/537.36"
91.10.111.70 - - [12/Jan/2026:17:04:37 +0100] "GET /wp-includes/css/buttons.min.css?ver=6.9 HTTP/1.0" 304 3898 "https://jockers3.inglory.de/wp-admin/post.php?post=18&action=elementor&active-document=7" "Mozilla/5.0 (Macintosh; Intel Mac OS X 10_15_7) AppleWebKit/537.36 (KHTML, like Gecko) Chrome/143.0.0.0 Safari/537.36"
91.10.111.70 - - [12/Jan/2026:17:04:37 +0100] "GET /wp-content/plugins/elementor/assets/lib/eicons/css/elementor-icons.min.css?ver=5.45.0 HTTP/1.0" 304 3898 "https://jockers3.inglory.de/wp-admin/post.php?post=18&action=elementor&active-document=7" "Mozilla/5.0 (Macintosh; Intel Mac OS X 10_15_7) AppleWebKit/537.36 (KHTML, like Gecko) Chrome/143.0.0.0 Safari/537.36"
91.10.111.70 - - [12/Jan/2026:17:04:37 +0100] "GET /wp-includes/js/dist/i18n.min.js?ver=c26c3dc7bed366793375 HTTP/1.0" 304 3898 "https://jockers3.inglory.de/wp-admin/post.php?post=18&action=elementor&active-document=7" "Mozilla/5.0 (Macintosh; Intel Mac OS X 10_15_7) AppleWebKit/537.36 (KHTML, like Gecko) Chrome/143.0.0.0 Safari/537.36"
91.10.111.70 - - [12/Jan/2026:17:04:37 +0100] "GET /wp-includes/js/wp-util.min.js?ver=6.9 HTTP/1.0" 304 3897 "https://jockers3.inglory.de/wp-admin/post.php?post=18&action=elementor&active-document=7" "Mozilla/5.0 (Macintosh; Intel Mac OS X 10_15_7) AppleWebKit/537.36 (KHTML, like Gecko) Chrome/143.0.0.0 Safari/537.36"
91.10.111.70 - - [12/Jan/2026:17:04:37 +0100] "GET /wp-includes/js/dist/a11y.min.js?ver=cb460b4676c94bd228ed HTTP/1.0" 304 3897 "https://jockers3.inglory.de/wp-admin/post.php?post=18&action=elementor&active-document=7" "Mozilla/5.0 (Macintosh; Intel Mac OS X 10_15_7) AppleWebKit/537.36 (KHTML, like Gecko) Chrome/143.0.0.0 Safari/537.36"
91.10.111.70 - - [12/Jan/2026:17:04:37 +0100] "GET /wp-includes/js/clipboard.min.js?ver=2.0.11 HTTP/1.0" 304 3898 "https://jockers3.inglory.de/wp-admin/post.php?post=18&action=elementor&active-document=7" "Mozilla/5.0 (Macintosh; Intel Mac OS X 10_15_7) AppleWebKit/537.36 (KHTML, like Gecko) Chrome/143.0.0.0 Safari/537.36"
91.10.111.70 - - [12/Jan/2026:17:04:37 +0100] "GET /wp-includes/js/dist/dom-ready.min.js?ver=f77871ff7694fffea381 HTTP/1.0" 304 3925 "https://jockers3.inglory.de/wp-admin/post.php?post=18&action=elementor&active-document=7" "Mozilla/5.0 (Macintosh; Intel Mac OS X 10_15_7) AppleWebKit/537.36 (KHTML, like Gecko) Chrome/143.0.0.0 Safari/537.36"
91.10.111.70 - - [12/Jan/2026:17:04:35 +0100] "GET /wp-admin/post.php?post=18&action=elementor&active-document=7 HTTP/1.0" 200 331444 "https://jockers3.inglory.de/" "Mozilla/5.0 (Macintosh; Intel Mac OS X 10_15_7) AppleWebKit/537.36 (KHTML, like Gecko) Chrome/143.0.0.0 Safari/537.36"
91.10.111.70 - - [12/Jan/2026:17:04:37 +0100] "GET /wp-content/plugins/elementor-pro/assets/js/notes/notes.min.js?ver=3.34.0 HTTP/1.0" 304 3926 "https://jockers3.inglory.de/wp-admin/post.php?post=18&action=elementor&active-document=7" "Mozilla/5.0 (Macintosh; Intel Mac OS X 10_15_7) AppleWebKit/537.36 (KHTML, like Gecko) Chrome/143.0.0.0 Safari/537.36"
91.10.111.70 - - [12/Jan/2026:17:04:36 +0100] "POST /wp-admin/admin-ajax.php HTTP/1.0" 200 12064 "https://jockers3.inglory.de/wp-admin/admin.php?page=elementor-app&ver=3.34.1" "Mozilla/5.0 (Macintosh; Intel Mac OS X 10_15_7) AppleWebKit/537.36 (KHTML, like Gecko) Chrome/143.0.0.0 Safari/537.36"
91.10.111.70 - - [12/Jan/2026:17:04:37 +0100] "GET /wp-json/elementor/v1/global-widget/templates HTTP/1.0" 200 4410 "https://jockers3.inglory.de/wp-admin/post.php?post=18&action=elementor&active-document=7" "Mozilla/5.0 (Macintosh; Intel Mac OS X 10_15_7) AppleWebKit/537.36 (KHTML, like Gecko) Chrome/143.0.0.0 Safari/537.36"
91.10.111.70 - - [12/Jan/2026:17:04:37 +0100] "GET /wp-json/elementor/v1/kit-elements-defaults HTTP/1.0" 200 4410 "https://jockers3.inglory.de/wp-admin/post.php?post=18&action=elementor&active-document=7" "Mozilla/5.0 (Macintosh; Intel Mac OS X 10_15_7) AppleWebKit/537.36 (KHTML, like Gecko) Chrome/143.0.0.0 Safari/537.36"
91.10.111.70 - - [12/Jan/2026:17:04:37 +0100] "GET /wp-json/elementor/v1/site-navigation/recent-posts?posts_per_page=6&_locale=user HTTP/1.0" 200 5861 "https://jockers3.inglory.de/wp-admin/post.php?post=18&action=elementor&active-document=7" "Mozilla/5.0 (Macintosh; Intel Mac OS X 10_15_7) AppleWebKit/537.36 (KHTML, like Gecko) Chrome/143.0.0.0 Safari/537.36"
91.10.111.70 - - [12/Jan/2026:17:04:37 +0100] "GET /wp-json/elementor/v1/checklist/user-progress HTTP/1.0" 200 5011 "https://jockers3.inglory.de/wp-admin/post.php?post=18&action=elementor&active-document=7" "Mozilla/5.0 (Macintosh; Intel Mac OS X 10_15_7) AppleWebKit/537.36 (KHTML, like Gecko) Chrome/143.0.0.0 Safari/537.36"
91.10.111.70 - - [12/Jan/2026:17:04:37 +0100] "POST /wp-admin/admin-ajax.php HTTP/1.0" 200 4405 "https://jockers3.inglory.de/wp-admin/post.php?post=18&action=elementor&active-document=7" "Mozilla/5.0 (Macintosh; Intel Mac OS X 10_15_7) AppleWebKit/537.36 (KHTML, like Gecko) Chrome/143.0.0.0 Safari/537.36"
94.130.90.54 - - [12/Jan/2026:17:04:38 +0100] "GET /wp-content/uploads/elementor/css/post-110.css?ver=1768233589 HTTP/1.1" 304 3411 "https://jockers3.inglory.de/?elementor-preview=18&ver=1768233876" "Serf/1.3.9 (mod_pagespeed/1.13.35.2-0)"
94.130.90.54 - - [12/Jan/2026:17:04:38 +0100] "GET /wp-content/plugins/elementor/assets/css/widget-nested-tabs.min.css?ver=3.34.1 HTTP/1.1" 304 3411 "https://jockers3.inglory.de/?elementor-preview=18&ver=1768233876" "Serf/1.3.9 (mod_pagespeed/1.13.35.2-0)"
94.130.90.54 - - [12/Jan/2026:17:04:38 +0100] "GET /wp-content/plugins/elementor/assets/css/widget-nested-accordion.min.css?ver=3.34.1 HTTP/1.1" 304 3411 "https://jockers3.inglory.de/?elementor-preview=18&ver=1768233876" "Serf/1.3.9 (mod_pagespeed/1.13.35.2-0)"
94.130.90.54 - - [12/Jan/2026:17:04:38 +0100] "GET /wp-content/plugins/elementor/assets/css/widget-text-editor.min.css?ver=3.34.1 HTTP/1.1" 304 3410 "https://jockers3.inglory.de/?elementor-preview=18&ver=1768233876" "Serf/1.3.9 (mod_pagespeed/1.13.35.2-0)"
94.130.90.54 - - [12/Jan/2026:17:04:38 +0100] "GET /wp-content/plugins/elementor/assets/css/widget-video.min.css?ver=3.34.1 HTTP/1.1" 304 3410 "https://jockers3.inglory.de/?elementor-preview=18&ver=1768233876" "Serf/1.3.9 (mod_pagespeed/1.13.35.2-0)"
94.130.90.54 - - [12/Jan/2026:17:04:38 +0100] "GET /wp-content/plugins/elementor/assets/css/widget-spacer.min.css?ver=3.34.1 HTTP/1.1" 304 3410 "https://jockers3.inglory.de/?elementor-preview=18&ver=1768233876" "Serf/1.3.9 (mod_pagespeed/1.13.35.2-0)"
94.130.90.54 - - [12/Jan/2026:17:04:38 +0100] "GET /wp-content/plugins/elementor/assets/css/widget-image-box.min.css?ver=3.34.1 HTTP/1.1" 304 3410 "https://jockers3.inglory.de/?elementor-preview=18&ver=1768233876" "Serf/1.3.9 (mod_pagespeed/1.13.35.2-0)"
91.10.111.70 - - [12/Jan/2026:17:04:37 +0100] "GET /?elementor-preview=18&ver=1768233876 HTTP/1.0" 200 27738 "https://jockers3.inglory.de/wp-admin/post.php?post=18&action=elementor&active-document=7" "Mozilla/5.0 (Macintosh; Intel Mac OS X 10_15_7) AppleWebKit/537.36 (KHTML, like Gecko) Chrome/143.0.0.0 Safari/537.36"
94.130.90.54 - - [12/Jan/2026:17:04:38 +0100] "GET /wp-content/plugins/elementor/assets/css/widget-google_maps.min.css?ver=3.34.1 HTTP/1.1" 304 3410 "https://jockers3.inglory.de/?elementor-preview=18&ver=1768233876" "Serf/1.3.9 (mod_pagespeed/1.13.35.2-0)"
94.130.90.54 - - [12/Jan/2026:17:04:38 +0100] "GET /wp-content/plugins/elementor/assets/css/widget-icon-box.min.css?ver=3.34.1 HTTP/1.1" 304 3411 "https://jockers3.inglory.de/?elementor-preview=18&ver=1768233876" "Serf/1.3.9 (mod_pagespeed/1.13.35.2-0)"
94.130.90.54 - - [12/Jan/2026:17:04:38 +0100] "GET /wp-content/plugins/elementor/assets/css/widget-star-rating.min.css?ver=3.34.1 HTTP/1.1" 304 3411 "https://jockers3.inglory.de/?elementor-preview=18&ver=1768233876" "Serf/1.3.9 (mod_pagespeed/1.13.35.2-0)"
94.130.90.54 - - [12/Jan/2026:17:04:38 +0100] "GET /wp-content/plugins/elementor/assets/css/widget-image-carousel.min.css?ver=3.34.1 HTTP/1.1" 304 3410 "https://jockers3.inglory.de/?elementor-preview=18&ver=1768233876" "Serf/1.3.9 (mod_pagespeed/1.13.35.2-0)"
94.130.90.54 - - [12/Jan/2026:17:04:38 +0100] "GET /wp-content/plugins/elementor/assets/css/widget-image-gallery.min.css?ver=3.34.1 HTTP/1.1" 304 3410 "https://jockers3.inglory.de/?elementor-preview=18&ver=1768233876" "Serf/1.3.9 (mod_pagespeed/1.13.35.2-0)"
94.130.90.54 - - [12/Jan/2026:17:04:38 +0100] "GET /wp-content/plugins/elementor/assets/css/widget-counter.min.css?ver=3.34.1 HTTP/1.1" 304 3410 "https://jockers3.inglory.de/?elementor-preview=18&ver=1768233876" "Serf/1.3.9 (mod_pagespeed/1.13.35.2-0)"
94.130.90.54 - - [12/Jan/2026:17:04:38 +0100] "GET /wp-content/plugins/elementor/assets/css/widget-progress.min.css?ver=3.34.1 HTTP/1.1" 304 3410 "https://jockers3.inglory.de/?elementor-preview=18&ver=1768233876" "Serf/1.3.9 (mod_pagespeed/1.13.35.2-0)"
94.130.90.54 - - [12/Jan/2026:17:04:38 +0100] "GET /wp-content/plugins/elementor/assets/css/widget-testimonial.min.css?ver=3.34.1 HTTP/1.1" 304 3410 "https://jockers3.inglory.de/?elementor-preview=18&ver=1768233876" "Serf/1.3.9 (mod_pagespeed/1.13.35.2-0)"
94.130.90.54 - - [12/Jan/2026:17:04:38 +0100] "GET /wp-content/plugins/elementor/assets/css/widget-tabs.min.css?ver=3.34.1 HTTP/1.1" 304 3411 "https://jockers3.inglory.de/?elementor-preview=18&ver=1768233876" "Serf/1.3.9 (mod_pagespeed/1.13.35.2-0)"
94.130.90.54 - - [12/Jan/2026:17:04:38 +0100] "GET /wp-content/plugins/elementor/assets/css/widget-accordion.min.css?ver=3.34.1 HTTP/1.1" 304 3410 "https://jockers3.inglory.de/?elementor-preview=18&ver=1768233876" "Serf/1.3.9 (mod_pagespeed/1.13.35.2-0)"
94.130.90.54 - - [12/Jan/2026:17:04:38 +0100] "GET /wp-content/plugins/elementor/assets/css/widget-toggle.min.css?ver=3.34.1 HTTP/1.1" 304 3410 "https://jockers3.inglory.de/?elementor-preview=18&ver=1768233876" "Serf/1.3.9 (mod_pagespeed/1.13.35.2-0)"
94.130.90.54 - - [12/Jan/2026:17:04:38 +0100] "GET /wp-content/plugins/elementor/assets/css/widget-alert.min.css?ver=3.34.1 HTTP/1.1" 304 3410 "https://jockers3.inglory.de/?elementor-preview=18&ver=1768233876" "Serf/1.3.9 (mod_pagespeed/1.13.35.2-0)"
94.130.90.54 - - [12/Jan/2026:17:04:38 +0100] "GET /wp-content/plugins/elementor/assets/css/widget-menu-anchor.min.css?ver=3.34.1 HTTP/1.1" 304 3409 "https://jockers3.inglory.de/?elementor-preview=18&ver=1768233876" "Serf/1.3.9 (mod_pagespeed/1.13.35.2-0)"
94.130.90.54 - - [12/Jan/2026:17:04:38 +0100] "GET /wp-content/plugins/elementor/assets/css/widget-text-path.min.css?ver=3.34.1 HTTP/1.1" 304 3410 "https://jockers3.inglory.de/?elementor-preview=18&ver=1768233876" "Serf/1.3.9 (mod_pagespeed/1.13.35.2-0)"
94.130.90.54 - - [12/Jan/2026:17:04:38 +0100] "GET /wp-content/plugins/elementor/assets/lib/font-awesome/css/regular.min.css?ver=5.15.3 HTTP/1.1" 304 3410 "https://jockers3.inglory.de/?elementor-preview=18&ver=1768233876" "Serf/1.3.9 (mod_pagespeed/1.13.35.2-0)"
91.10.111.70 - - [12/Jan/2026:17:04:38 +0100] "GET /wp-content/plugins/elementor/assets/css/A.widget-video.min.css,qver=3.34.1.pagespeed.cf.5mXK-SXGby.css HTTP/1.0" 200 4536 "https://jockers3.inglory.de/?elementor-preview=18&ver=1768233876" "Mozilla/5.0 (Macintosh; Intel Mac OS X 10_15_7) AppleWebKit/537.36 (KHTML, like Gecko) Chrome/143.0.0.0 Safari/537.36"
94.130.90.54 - - [12/Jan/2026:17:04:38 +0100] "GET /wp-content/plugins/elementor/assets/css/widget-link-in-bio-base.min.css?ver=3.34.1 HTTP/1.1" 304 3411 "https://jockers3.inglory.de/?elementor-preview=18&ver=1768233876" "Serf/1.3.9 (mod_pagespeed/1.13.35.2-0)"
91.10.111.70 - - [12/Jan/2026:17:04:38 +0100] "GET /wp-content/plugins/elementor/assets/css/widget-nested-tabs.min.css?ver=3.34.1 HTTP/1.0" 304 3926 "https://jockers3.inglory.de/?elementor-preview=18&ver=1768233876" "Mozilla/5.0 (Macintosh; Intel Mac OS X 10_15_7) AppleWebKit/537.36 (KHTML, like Gecko) Chrome/143.0.0.0 Safari/537.36"
91.10.111.70 - - [12/Jan/2026:17:04:38 +0100] "GET /wp-content/plugins/elementor/assets/css/widget-spacer.min.css?ver=3.34.1 HTTP/1.0" 304 3925 "https://jockers3.inglory.de/?elementor-preview=18&ver=1768233876" "Mozilla/5.0 (Macintosh; Intel Mac OS X 10_15_7) AppleWebKit/537.36 (KHTML, like Gecko) Chrome/143.0.0.0 Safari/537.36"
91.10.111.70 - - [12/Jan/2026:17:04:38 +0100] "GET /wp-content/plugins/elementor/assets/css/widget-image-box.min.css?ver=3.34.1 HTTP/1.0" 304 3925 "https://jockers3.inglory.de/?elementor-preview=18&ver=1768233876" "Mozilla/5.0 (Macintosh; Intel Mac OS X 10_15_7) AppleWebKit/537.36 (KHTML, like Gecko) Chrome/143.0.0.0 Safari/537.36"
91.10.111.70 - - [12/Jan/2026:17:04:38 +0100] "GET /wp-content/plugins/elementor/assets/css/widget-google_maps.min.css?ver=3.34.1 HTTP/1.0" 304 3925 "https://jockers3.inglory.de/?elementor-preview=18&ver=1768233876" "Mozilla/5.0 (Macintosh; Intel Mac OS X 10_15_7) AppleWebKit/537.36 (KHTML, like Gecko) Chrome/143.0.0.0 Safari/537.36"
91.10.111.70 - - [12/Jan/2026:17:04:38 +0100] "GET /wp-content/plugins/elementor/assets/css/widget-image-carousel.min.css?ver=3.34.1 HTTP/1.0" 304 3925 "https://jockers3.inglory.de/?elementor-preview=18&ver=1768233876" "Mozilla/5.0 (Macintosh; Intel Mac OS X 10_15_7) AppleWebKit/537.36 (KHTML, like Gecko) Chrome/143.0.0.0 Safari/537.36"
94.130.90.54 - - [12/Jan/2026:17:04:38 +0100] "GET /wp-content/plugins/elementor/assets/css/widget-contact-buttons-base.min.css?ver=3.34.1 HTTP/1.1" 304 3411 "https://jockers3.inglory.de/?elementor-preview=18&ver=1768233876" "Serf/1.3.9 (mod_pagespeed/1.13.35.2-0)"
91.10.111.70 - - [12/Jan/2026:17:04:38 +0100] "GET /wp-content/plugins/elementor/assets/css/widget-progress.min.css?ver=3.34.1 HTTP/1.0" 304 3925 "https://jockers3.inglory.de/?elementor-preview=18&ver=1768233876" "Mozilla/5.0 (Macintosh; Intel Mac OS X 10_15_7) AppleWebKit/537.36 (KHTML, like Gecko) Chrome/143.0.0.0 Safari/537.36"
91.10.111.70 - - [12/Jan/2026:17:04:38 +0100] "GET /wp-content/plugins/elementor/assets/css/widget-image-gallery.min.css?ver=3.34.1 HTTP/1.0" 304 3925 "https://jockers3.inglory.de/?elementor-preview=18&ver=1768233876" "Mozilla/5.0 (Macintosh; Intel Mac OS X 10_15_7) AppleWebKit/537.36 (KHTML, like Gecko) Chrome/143.0.0.0 Safari/537.36"
91.10.111.70 - - [12/Jan/2026:17:04:38 +0100] "GET /wp-content/plugins/elementor/assets/css/widget-star-rating.min.css?ver=3.34.1 HTTP/1.0" 304 3926 "https://jockers3.inglory.de/?elementor-preview=18&ver=1768233876" "Mozilla/5.0 (Macintosh; Intel Mac OS X 10_15_7) AppleWebKit/537.36 (KHTML, like Gecko) Chrome/143.0.0.0 Safari/537.36"
91.10.111.70 - - [12/Jan/2026:17:04:38 +0100] "GET /wp-content/plugins/elementor/assets/css/widget-counter.min.css?ver=3.34.1 HTTP/1.0" 304 3925 "https://jockers3.inglory.de/?elementor-preview=18&ver=1768233876" "Mozilla/5.0 (Macintosh; Intel Mac OS X 10_15_7) AppleWebKit/537.36 (KHTML, like Gecko) Chrome/143.0.0.0 Safari/537.36"
91.10.111.70 - - [12/Jan/2026:17:04:38 +0100] "GET /wp-content/plugins/elementor/assets/css/widget-icon-box.min.css?ver=3.34.1 HTTP/1.0" 304 3926 "https://jockers3.inglory.de/?elementor-preview=18&ver=1768233876" "Mozilla/5.0 (Macintosh; Intel Mac OS X 10_15_7) AppleWebKit/537.36 (KHTML, like Gecko) Chrome/143.0.0.0 Safari/537.36"
94.130.90.54 - - [12/Jan/2026:17:04:38 +0100] "GET /wp-content/plugins/elementor/assets/css/widget-floating-bars-base.min.css?ver=3.34.1 HTTP/1.1" 304 3411 "https://jockers3.inglory.de/?elementor-preview=18&ver=1768233876" "Serf/1.3.9 (mod_pagespeed/1.13.35.2-0)"
91.10.111.70 - - [12/Jan/2026:17:04:38 +0100] "GET /wp-content/plugins/elementor-pro/assets/js/page-transitions.min.js?ver=3.34.0 HTTP/1.0" 304 3926 "https://jockers3.inglory.de/?elementor-preview=18&ver=1768233876" "Mozilla/5.0 (Macintosh; Intel Mac OS X 10_15_7) AppleWebKit/537.36 (KHTML, like Gecko) Chrome/143.0.0.0 Safari/537.36"
94.130.90.54 - - [12/Jan/2026:17:04:38 +0100] "GET /wp-content/plugins/elementor-pro/assets/css/widget-posts.min.css?ver=3.34.0 HTTP/1.1" 304 3411 "https://jockers3.inglory.de/?elementor-preview=18&ver=1768233876" "Serf/1.3.9 (mod_pagespeed/1.13.35.2-0)"
91.10.111.70 - - [12/Jan/2026:17:04:38 +0100] "GET /wp-includes/js/jquery/jquery.min.js?ver=3.7.1 HTTP/1.0" 304 3927 "https://jockers3.inglory.de/?elementor-preview=18&ver=1768233876" "Mozilla/5.0 (Macintosh; Intel Mac OS X 10_15_7) AppleWebKit/537.36 (KHTML, like Gecko) Chrome/143.0.0.0 Safari/537.36"
91.10.111.70 - - [12/Jan/2026:17:04:38 +0100] "GET /wp-includes/js/jquery/jquery-migrate.min.js?ver=3.4.1 HTTP/1.0" 304 3926 "https://jockers3.inglory.de/?elementor-preview=18&ver=1768233876" "Mozilla/5.0 (Macintosh; Intel Mac OS X 10_15_7) AppleWebKit/537.36 (KHTML, like Gecko) Chrome/143.0.0.0 Safari/537.36"
94.130.90.54 - - [12/Jan/2026:17:04:38 +0100] "GET /wp-content/plugins/elementor-pro/assets/css/widget-loop-common.min.css?ver=3.34.0 HTTP/1.1" 304 3409 "https://jockers3.inglory.de/?elementor-preview=18&ver=1768233876" "Serf/1.3.9 (mod_pagespeed/1.13.35.2-0)"
94.130.90.54 - - [12/Jan/2026:17:04:38 +0100] "GET /wp-content/plugins/elementor-pro/assets/css/widget-loop-grid.min.css?ver=3.34.0 HTTP/1.1" 304 3411 "https://jockers3.inglory.de/?elementor-preview=18&ver=1768233876" "Serf/1.3.9 (mod_pagespeed/1.13.35.2-0)"
94.130.90.54 - - [12/Jan/2026:17:04:38 +0100] "GET /wp-content/plugins/elementor-pro/assets/css/widget-loop-carousel.min.css?ver=3.34.0 HTTP/1.1" 304 3411 "https://jockers3.inglory.de/?elementor-preview=18&ver=1768233876" "Serf/1.3.9 (mod_pagespeed/1.13.35.2-0)"
94.130.90.54 - - [12/Jan/2026:17:04:38 +0100] "GET /wp-content/plugins/elementor-pro/assets/css/widget-off-canvas.min.css?ver=3.34.0 HTTP/1.1" 304 3410 "https://jockers3.inglory.de/?elementor-preview=18&ver=1768233876" "Serf/1.3.9 (mod_pagespeed/1.13.35.2-0)"
94.130.90.54 - - [12/Jan/2026:17:04:38 +0100] "GET /wp-content/plugins/elementor-pro/assets/css/widget-gallery.min.css?ver=3.34.0 HTTP/1.1" 304 3411 "https://jockers3.inglory.de/?elementor-preview=18&ver=1768233876" "Serf/1.3.9 (mod_pagespeed/1.13.35.2-0)"
94.130.90.54 - - [12/Jan/2026:17:04:38 +0100] "GET /wp-content/plugins/elementor/assets/lib/e-gallery/css/e-gallery.min.css?ver=1.2.0 HTTP/1.1" 304 3410 "https://jockers3.inglory.de/?elementor-preview=18&ver=1768233876" "Serf/1.3.9 (mod_pagespeed/1.13.35.2-0)"
94.130.90.54 - - [12/Jan/2026:17:04:38 +0100] "GET /wp-content/plugins/elementor-pro/assets/css/conditionals/transitions.min.css?ver=3.34.0 HTTP/1.1" 304 3411 "https://jockers3.inglory.de/?elementor-preview=18&ver=1768233876" "Serf/1.3.9 (mod_pagespeed/1.13.35.2-0)"
94.130.90.54 - - [12/Jan/2026:17:04:38 +0100] "GET /wp-content/plugins/elementor-pro/assets/css/widget-form.min.css?ver=3.34.0 HTTP/1.1" 304 3411 "https://jockers3.inglory.de/?elementor-preview=18&ver=1768233876" "Serf/1.3.9 (mod_pagespeed/1.13.35.2-0)"
94.130.90.54 - - [12/Jan/2026:17:04:38 +0100] "GET /wp-content/plugins/elementor-pro/assets/css/widget-login.min.css?ver=3.34.0 HTTP/1.1" 304 3409 "https://jockers3.inglory.de/?elementor-preview=18&ver=1768233876" "Serf/1.3.9 (mod_pagespeed/1.13.35.2-0)"
94.130.90.54 - - [12/Jan/2026:17:04:38 +0100] "GET /wp-content/plugins/elementor-pro/assets/css/widget-slides.min.css?ver=3.34.0 HTTP/1.1" 304 3410 "https://jockers3.inglory.de/?elementor-preview=18&ver=1768233876" "Serf/1.3.9 (mod_pagespeed/1.13.35.2-0)"
94.130.90.54 - - [12/Jan/2026:17:04:38 +0100] "GET /wp-content/plugins/elementor-pro/assets/css/widget-animated-headline.min.css?ver=3.34.0 HTTP/1.1" 304 3411 "https://jockers3.inglory.de/?elementor-preview=18&ver=1768233876" "Serf/1.3.9 (mod_pagespeed/1.13.35.2-0)"
94.130.90.54 - - [12/Jan/2026:17:04:38 +0100] "GET /wp-content/plugins/elementor-pro/assets/css/widget-hotspot.min.css?ver=3.34.0 HTTP/1.1" 304 3411 "https://jockers3.inglory.de/?elementor-preview=18&ver=1768233876" "Serf/1.3.9 (mod_pagespeed/1.13.35.2-0)"
94.130.90.54 - - [12/Jan/2026:17:04:38 +0100] "GET /wp-content/plugins/elementor-pro/assets/css/widget-price-list.min.css?ver=3.34.0 HTTP/1.1" 304 3410 "https://jockers3.inglory.de/?elementor-preview=18&ver=1768233876" "Serf/1.3.9 (mod_pagespeed/1.13.35.2-0)"
94.130.90.54 - - [12/Jan/2026:17:04:38 +0100] "GET /wp-content/plugins/elementor-pro/assets/css/widget-price-table.min.css?ver=3.34.0 HTTP/1.1" 304 3410 "https://jockers3.inglory.de/?elementor-preview=18&ver=1768233876" "Serf/1.3.9 (mod_pagespeed/1.13.35.2-0)"
91.10.111.70 - - [12/Jan/2026:17:04:38 +0100] "GET /wp-includes/js/dist/i18n.min.js?ver=c26c3dc7bed366793375 HTTP/1.0" 304 3898 "https://jockers3.inglory.de/?elementor-preview=18&ver=1768233876" "Mozilla/5.0 (Macintosh; Intel Mac OS X 10_15_7) AppleWebKit/537.36 (KHTML, like Gecko) Chrome/143.0.0.0 Safari/537.36"
91.10.111.70 - - [12/Jan/2026:17:04:38 +0100] "GET /wp-includes/js/dist/hooks.min.js?ver=dd5603f07f9220ed27f1 HTTP/1.0" 304 3926 "https://jockers3.inglory.de/?elementor-preview=18&ver=1768233876" "Mozilla/5.0 (Macintosh; Intel Mac OS X 10_15_7) AppleWebKit/537.36 (KHTML, like Gecko) Chrome/143.0.0.0 Safari/537.36"
94.130.90.54 - - [12/Jan/2026:17:04:38 +0100] "GET /wp-content/plugins/elementor-pro/assets/css/widget-flip-box.min.css?ver=3.34.0 HTTP/1.1" 304 3411 "https://jockers3.inglory.de/?elementor-preview=18&ver=1768233876" "Serf/1.3.9 (mod_pagespeed/1.13.35.2-0)"
91.10.111.70 - - [12/Jan/2026:17:04:38 +0100] "GET /wp-content/plugins/elementor-pro/assets/js/notes/notes-app-initiator.min.js?ver=3.34.0 HTTP/1.0" 304 3897 "https://jockers3.inglory.de/?elementor-preview=18&ver=1768233876" "Mozilla/5.0 (Macintosh; Intel Mac OS X 10_15_7) AppleWebKit/537.36 (KHTML, like Gecko) Chrome/143.0.0.0 Safari/537.36"
91.10.111.70 - - [12/Jan/2026:17:04:38 +0100] "GET /wp-content/plugins/elementor/assets/js/styleguide-app-initiator.min.js?ver=3.34.1 HTTP/1.0" 304 3926 "https://jockers3.inglory.de/?elementor-preview=18&ver=1768233876" "Mozilla/5.0 (Macintosh; Intel Mac OS X 10_15_7) AppleWebKit/537.36 (KHTML, like Gecko) Chrome/143.0.0.0 Safari/537.36"
91.10.111.70 - - [12/Jan/2026:17:04:38 +0100] "GET /wp-includes/js/jquery/ui/core.min.js?ver=1.13.3 HTTP/1.0" 304 3898 "https://jockers3.inglory.de/?elementor-preview=18&ver=1768233876" "Mozilla/5.0 (Macintosh; Intel Mac OS X 10_15_7) AppleWebKit/537.36 (KHTML, like Gecko) Chrome/143.0.0.0 Safari/537.36"
94.130.90.54 - - [12/Jan/2026:17:04:38 +0100] "GET /wp-content/plugins/elementor-pro/assets/css/widget-call-to-action.min.css?ver=3.34.0 HTTP/1.1" 304 3411 "https://jockers3.inglory.de/?elementor-preview=18&ver=1768233876" "Serf/1.3.9 (mod_pagespeed/1.13.35.2-0)"
91.10.111.70 - - [12/Jan/2026:17:04:38 +0100] "GET /wp-content/plugins/elementor/assets/js/webpack.runtime.min.js?ver=3.34.1 HTTP/1.0" 304 3898 "https://jockers3.inglory.de/?elementor-preview=18&ver=1768233876" "Mozilla/5.0 (Macintosh; Intel Mac OS X 10_15_7) AppleWebKit/537.36 (KHTML, like Gecko) Chrome/143.0.0.0 Safari/537.36"
91.10.111.70 - - [12/Jan/2026:17:04:38 +0100] "GET /wp-content/plugins/elementor-pro/assets//lib/instant-page/instant-page.min.js?ver=3.34.0 HTTP/1.0" 304 3925 "https://jockers3.inglory.de/?elementor-preview=18&ver=1768233876" "Mozilla/5.0 (Macintosh; Intel Mac OS X 10_15_7) AppleWebKit/537.36 (KHTML, like Gecko) Chrome/143.0.0.0 Safari/537.36"
91.10.111.70 - - [12/Jan/2026:17:04:38 +0100] "GET /wp-content/plugins/elementor/assets/js/frontend-modules.min.js?ver=3.34.1 HTTP/1.0" 304 3927 "https://jockers3.inglory.de/?elementor-preview=18&ver=1768233876" "Mozilla/5.0 (Macintosh; Intel Mac OS X 10_15_7) AppleWebKit/537.36 (KHTML, like Gecko) Chrome/143.0.0.0 Safari/537.36"
91.10.111.70 - - [12/Jan/2026:17:04:38 +0100] "GET /wp-content/plugins/elementor-pro/assets/lib/sticky/jquery.sticky.min.js?ver=3.34.0 HTTP/1.0" 304 3925 "https://jockers3.inglory.de/?elementor-preview=18&ver=1768233876" "Mozilla/5.0 (Macintosh; Intel Mac OS X 10_15_7) AppleWebKit/537.36 (KHTML, like Gecko) Chrome/143.0.0.0 Safari/537.36"
91.10.111.70 - - [12/Jan/2026:17:04:38 +0100] "GET /wp-content/plugins/elementor/assets/lib/swiper/v8/swiper.min.js?ver=8.4.5 HTTP/1.0" 304 3927 "https://jockers3.inglory.de/?elementor-preview=18&ver=1768233876" "Mozilla/5.0 (Macintosh; Intel Mac OS X 10_15_7) AppleWebKit/537.36 (KHTML, like Gecko) Chrome/143.0.0.0 Safari/537.36"
91.10.111.70 - - [12/Jan/2026:17:04:38 +0100] "GET /wp-content/plugins/elementor/assets/js/frontend.min.js?ver=3.34.1 HTTP/1.0" 304 3926 "https://jockers3.inglory.de/?elementor-preview=18&ver=1768233876" "Mozilla/5.0 (Macintosh; Intel Mac OS X 10_15_7) AppleWebKit/537.36 (KHTML, like Gecko) Chrome/143.0.0.0 Safari/537.36"
91.10.111.70 - - [12/Jan/2026:17:04:38 +0100] "GET /wp-content/plugins/elementor-pro/assets/lib/lottie/lottie.min.js?ver=5.6.6 HTTP/1.0" 304 3927 "https://jockers3.inglory.de/?elementor-preview=18&ver=1768233876" "Mozilla/5.0 (Macintosh; Intel Mac OS X 10_15_7) AppleWebKit/537.36 (KHTML, like Gecko) Chrome/143.0.0.0 Safari/537.36"
91.10.111.70 - - [12/Jan/2026:17:04:38 +0100] "GET /wp-content/plugins/elementor/assets/lib/e-gallery/js/e-gallery.min.js?ver=1.2.0 HTTP/1.0" 304 3926 "https://jockers3.inglory.de/?elementor-preview=18&ver=1768233876" "Mozilla/5.0 (Macintosh; Intel Mac OS X 10_15_7) AppleWebKit/537.36 (KHTML, like Gecko) Chrome/143.0.0.0 Safari/537.36"
94.130.90.54 - - [12/Jan/2026:17:04:38 +0100] "GET /wp-content/plugins/elementor-pro/assets/css/widget-testimonial-carousel.min.css?ver=3.34.0 HTTP/1.1" 304 3411 "https://jockers3.inglory.de/?elementor-preview=18&ver=1768233876" "Serf/1.3.9 (mod_pagespeed/1.13.35.2-0)"
91.10.111.70 - - [12/Jan/2026:17:04:38 +0100] "GET /wp-content/plugins/elementor/assets/lib/jquery-numerator/jquery-numerator.min.js?ver=0.2.1 HTTP/1.0" 304 3925 "https://jockers3.inglory.de/?elementor-preview=18&ver=1768233876" "Mozilla/5.0 (Macintosh; Intel Mac OS X 10_15_7) AppleWebKit/537.36 (KHTML, like Gecko) Chrome/143.0.0.0 Safari/537.36"
91.10.111.70 - - [12/Jan/2026:17:04:38 +0100] "GET /wp-content/plugins/elementor/assets/lib/inline-editor/js/inline-editor.min.js?ver=3.34.1 HTTP/1.0" 304 3926 "https://jockers3.inglory.de/?elementor-preview=18&ver=1768233876" "Mozilla/5.0 (Macintosh; Intel Mac OS X 10_15_7) AppleWebKit/537.36 (KHTML, like Gecko) Chrome/143.0.0.0 Safari/537.36"
91.10.111.70 - - [12/Jan/2026:17:04:38 +0100] "GET /wp-content/plugins/elementor-pro/assets/js/webpack-pro.runtime.min.js?ver=3.34.0 HTTP/1.0" 304 3898 "https://jockers3.inglory.de/?elementor-preview=18&ver=1768233876" "Mozilla/5.0 (Macintosh; Intel Mac OS X 10_15_7) AppleWebKit/537.36 (KHTML, like Gecko) Chrome/143.0.0.0 Safari/537.36"
91.10.111.70 - - [12/Jan/2026:17:04:38 +0100] "GET /wp-content/plugins/elementor-pro/assets/js/preview.min.js?ver=3.34.0 HTTP/1.0" 304 3926 "https://jockers3.inglory.de/?elementor-preview=18&ver=1768233876" "Mozilla/5.0 (Macintosh; Intel Mac OS X 10_15_7) AppleWebKit/537.36 (KHTML, like Gecko) Chrome/143.0.0.0 Safari/537.36"
91.10.111.70 - - [12/Jan/2026:17:04:38 +0100] "GET /wp-content/plugins/elementor-pro/assets/lib/smartmenus/jquery.smartmenus.min.js?ver=1.2.1 HTTP/1.0" 304 3926 "https://jockers3.inglory.de/?elementor-preview=18&ver=1768233876" "Mozilla/5.0 (Macintosh; Intel Mac OS X 10_15_7) AppleWebKit/537.36 (KHTML, like Gecko) Chrome/143.0.0.0 Safari/537.36"
94.130.90.54 - - [12/Jan/2026:17:04:38 +0100] "GET /wp-content/plugins/elementor-pro/assets/css/widget-reviews.min.css?ver=3.34.0 HTTP/1.1" 304 3411 "https://jockers3.inglory.de/?elementor-preview=18&ver=1768233876" "Serf/1.3.9 (mod_pagespeed/1.13.35.2-0)"
94.130.90.54 - - [12/Jan/2026:17:04:38 +0100] "GET /wp-content/plugins/elementor-pro/assets/css/widget-table-of-contents.min.css?ver=3.34.0 HTTP/1.1" 304 3411 "https://jockers3.inglory.de/?elementor-preview=18&ver=1768233876" "Serf/1.3.9 (mod_pagespeed/1.13.35.2-0)"
94.130.90.54 - - [12/Jan/2026:17:04:38 +0100] "GET /wp-content/plugins/elementor-pro/assets/css/widget-countdown.min.css?ver=3.34.0 HTTP/1.1" 304 3410 "https://jockers3.inglory.de/?elementor-preview=18&ver=1768233876" "Serf/1.3.9 (mod_pagespeed/1.13.35.2-0)"
94.130.90.54 - - [12/Jan/2026:17:04:38 +0100] "GET /wp-content/plugins/elementor-pro/assets/css/widget-share-buttons.min.css?ver=3.34.0 HTTP/1.1" 304 3411 "https://jockers3.inglory.de/?elementor-preview=18&ver=1768233876" "Serf/1.3.9 (mod_pagespeed/1.13.35.2-0)"
94.130.90.54 - - [12/Jan/2026:17:04:38 +0100] "GET /wp-content/plugins/elementor-pro/assets/css/widget-search-form.min.css?ver=3.34.0 HTTP/1.1" 304 3411 "https://jockers3.inglory.de/?elementor-preview=18&ver=1768233876" "Serf/1.3.9 (mod_pagespeed/1.13.35.2-0)"
94.130.90.54 - - [12/Jan/2026:17:04:38 +0100] "GET /wp-content/plugins/elementor-pro/assets/css/widget-author-box.min.css?ver=3.34.0 HTTP/1.1" 304 3410 "https://jockers3.inglory.de/?elementor-preview=18&ver=1768233876" "Serf/1.3.9 (mod_pagespeed/1.13.35.2-0)"
94.130.90.54 - - [12/Jan/2026:17:04:38 +0100] "GET /wp-content/plugins/elementor-pro/assets/css/widget-post-navigation.min.css?ver=3.34.0 HTTP/1.1" 304 3410 "https://jockers3.inglory.de/?elementor-preview=18&ver=1768233876" "Serf/1.3.9 (mod_pagespeed/1.13.35.2-0)"
94.130.90.54 - - [12/Jan/2026:17:04:38 +0100] "GET /wp-content/plugins/elementor-pro/assets/css/widget-post-info.min.css?ver=3.34.0 HTTP/1.1" 304 3410 "https://jockers3.inglory.de/?elementor-preview=18&ver=1768233876" "Serf/1.3.9 (mod_pagespeed/1.13.35.2-0)"
94.130.90.54 - - [12/Jan/2026:17:04:38 +0100] "GET /wp-content/plugins/elementor-pro/assets/css/widget-sitemap.min.css?ver=3.34.0 HTTP/1.1" 304 3409 "https://jockers3.inglory.de/?elementor-preview=18&ver=1768233876" "Serf/1.3.9 (mod_pagespeed/1.13.35.2-0)"
94.130.90.54 - - [12/Jan/2026:17:04:38 +0100] "GET /wp-content/plugins/elementor-pro/assets/css/widget-blockquote.min.css?ver=3.34.0 HTTP/1.1" 304 3411 "https://jockers3.inglory.de/?elementor-preview=18&ver=1768233876" "Serf/1.3.9 (mod_pagespeed/1.13.35.2-0)"
