94.130.90.54 - - [13/Jan/2026:01:20:59 +0100] "GET /wp-content/uploads/img-6-1-5.jpg HTTP/1.1" 304 3411 "https://jockers3.inglory.de/produktion/" "Serf/1.3.9 (mod_pagespeed/1.13.35.2-0)"
94.130.90.54 - - [13/Jan/2026:01:20:59 +0100] "GET /wp-content/uploads/img-6-1-5.jpg HTTP/1.1" 304 3411 "https://jockers3.inglory.de/produktion/" "Serf/1.3.9 (mod_pagespeed/1.13.35.2-0)"
94.130.90.54 - - [13/Jan/2026:01:20:59 +0100] "GET /wp-content/uploads/img-5-1-5.jpg HTTP/1.1" 304 3411 "https://jockers3.inglory.de/ausstellung/" "Serf/1.3.9 (mod_pagespeed/1.13.35.2-0)"
216.73.216.146 - - [13/Jan/2026:01:20:58 +0100] "GET /produktion/ HTTP/1.0" 200 29461 "https://jockers3.inglory.de/?p=159" "Mozilla/5.0 AppleWebKit/537.36 (KHTML, like Gecko; compatible; ClaudeBot/1.0; +claudebot@anthropic.com)"
94.130.90.54 - - [13/Jan/2026:01:20:59 +0100] "GET /wp-content/uploads/img-6-1-5-269x300.jpg HTTP/1.1" 304 3411 "https://jockers3.inglory.de/produktion/" "Serf/1.3.9 (mod_pagespeed/1.13.35.2-0)"
94.130.90.54 - - [13/Jan/2026:01:20:59 +0100] "GET /wp-content/uploads/img-5-1-5.jpg HTTP/1.1" 304 3411 "https://jockers3.inglory.de/ausstellung/" "Serf/1.3.9 (mod_pagespeed/1.13.35.2-0)"
94.130.90.54 - - [13/Jan/2026:01:20:59 +0100] "GET /wp-content/uploads/img-6-1-5-768x856.jpg HTTP/1.1" 304 3411 "https://jockers3.inglory.de/produktion/" "Serf/1.3.9 (mod_pagespeed/1.13.35.2-0)"
94.130.90.54 - - [13/Jan/2026:01:20:59 +0100] "GET /wp-content/uploads/img-5-1-5-269x300.jpg HTTP/1.1" 304 3411 "https://jockers3.inglory.de/ausstellung/" "Serf/1.3.9 (mod_pagespeed/1.13.35.2-0)"
94.130.90.54 - - [13/Jan/2026:01:20:59 +0100] "GET /wp-content/uploads/img-7-1-4.jpg HTTP/1.1" 304 3411 "https://jockers3.inglory.de/produktion/" "Serf/1.3.9 (mod_pagespeed/1.13.35.2-0)"
94.130.90.54 - - [13/Jan/2026:01:20:59 +0100] "GET /wp-content/uploads/img-5-1-5-768x856.jpg HTTP/1.1" 304 3411 "https://jockers3.inglory.de/ausstellung/" "Serf/1.3.9 (mod_pagespeed/1.13.35.2-0)"
94.130.90.54 - - [13/Jan/2026:01:20:59 +0100] "GET /wp-content/uploads/img-7-1-4.jpg HTTP/1.1" 304 3411 "https://jockers3.inglory.de/produktion/" "Serf/1.3.9 (mod_pagespeed/1.13.35.2-0)"
94.130.90.54 - - [13/Jan/2026:01:20:59 +0100] "GET /wp-content/uploads/elementor/css/post-160.css?ver=1768234623 HTTP/1.1" 304 3411 "https://jockers3.inglory.de/ausstellung/" "Serf/1.3.9 (mod_pagespeed/1.13.35.2-0)"
94.130.90.54 - - [13/Jan/2026:01:20:59 +0100] "GET /wp-content/uploads/img-7-1-4-261x300.jpg HTTP/1.1" 304 3411 "https://jockers3.inglory.de/produktion/" "Serf/1.3.9 (mod_pagespeed/1.13.35.2-0)"
94.130.90.54 - - [13/Jan/2026:01:20:59 +0100] "GET /wp-content/uploads/img-7-1-4-768x883.jpg HTTP/1.1" 304 3411 "https://jockers3.inglory.de/produktion/" "Serf/1.3.9 (mod_pagespeed/1.13.35.2-0)"
94.130.90.54 - - [13/Jan/2026:01:20:59 +0100] "GET /wp-content/uploads/img-4-1-2.jpg HTTP/1.1" 304 3412 "https://jockers3.inglory.de/ausensauna/" "Serf/1.3.9 (mod_pagespeed/1.13.35.2-0)"
94.130.90.54 - - [13/Jan/2026:01:20:59 +0100] "GET /wp-content/uploads/img-4-1-2.jpg HTTP/1.1" 304 3412 "https://jockers3.inglory.de/ausensauna/" "Serf/1.3.9 (mod_pagespeed/1.13.35.2-0)"
94.130.90.54 - - [13/Jan/2026:01:20:59 +0100] "GET /wp-content/uploads/img-4-1-2-300x239.jpg HTTP/1.1" 304 3411 "https://jockers3.inglory.de/ausensauna/" "Serf/1.3.9 (mod_pagespeed/1.13.35.2-0)"
216.73.216.146 - - [13/Jan/2026:01:20:58 +0100] "GET /ausensauna/ HTTP/1.0" 200 27297 "https://jockers3.inglory.de/?p=51" "Mozilla/5.0 AppleWebKit/537.36 (KHTML, like Gecko; compatible; ClaudeBot/1.0; +claudebot@anthropic.com)"
94.130.90.54 - - [13/Jan/2026:01:20:59 +0100] "GET /wp-content/uploads/img-4-1-2-1024x817.jpg HTTP/1.1" 304 3412 "https://jockers3.inglory.de/ausensauna/" "Serf/1.3.9 (mod_pagespeed/1.13.35.2-0)"
94.130.90.54 - - [13/Jan/2026:01:20:59 +0100] "GET /wp-content/uploads/img-4-1-2-768x613.jpg HTTP/1.1" 304 3412 "https://jockers3.inglory.de/ausensauna/" "Serf/1.3.9 (mod_pagespeed/1.13.35.2-0)"
94.130.90.54 - - [13/Jan/2026:01:20:59 +0100] "GET /wp-content/uploads/elementor/css/post-51.css?ver=1768234622 HTTP/1.1" 304 3411 "https://jockers3.inglory.de/ausensauna/" "Serf/1.3.9 (mod_pagespeed/1.13.35.2-0)"
216.73.216.146 - - [13/Jan/2026:01:20:59 +0100] "GET /wp-content/themes/hello-elementor/assets/css/reset.css HTTP/1.0" 200 5918 "-" "Mozilla/5.0 AppleWebKit/537.36 (KHTML, like Gecko; compatible; ClaudeBot/1.0; +claudebot@anthropic.com)"
216.73.216.146 - - [13/Jan/2026:01:20:59 +0100] "GET /wp-content/plugins/preloader-pro/assets/js/loftloader.min.js HTTP/1.0" 200 8083 "-" "Mozilla/5.0 AppleWebKit/537.36 (KHTML, like Gecko; compatible; ClaudeBot/1.0; +claudebot@anthropic.com)"
216.73.216.146 - - [13/Jan/2026:01:20:59 +0100] "GET /?p=168 HTTP/1.0" 301 4188 "-" "Mozilla/5.0 AppleWebKit/537.36 (KHTML, like Gecko; compatible; ClaudeBot/1.0; +claudebot@anthropic.com)"
216.73.216.146 - - [13/Jan/2026:01:20:59 +0100] "GET /wp-content/plugins/elementor/assets/css/widget-icon-list.min.css HTTP/1.0" 200 5105 "-" "Mozilla/5.0 AppleWebKit/537.36 (KHTML, like Gecko; compatible; ClaudeBot/1.0; +claudebot@anthropic.com)"
94.130.90.54 - - [13/Jan/2026:01:20:59 +0100] "GET /wp-content/uploads/img-7-1-3.jpg HTTP/1.1" 304 3411 "https://jockers3.inglory.de/jockers/" "Serf/1.3.9 (mod_pagespeed/1.13.35.2-0)"
216.73.216.146 - - [13/Jan/2026:01:20:59 +0100] "GET /jockers/ HTTP/1.0" 200 24671 "https://jockers3.inglory.de/?p=158" "Mozilla/5.0 AppleWebKit/537.36 (KHTML, like Gecko; compatible; ClaudeBot/1.0; +claudebot@anthropic.com)"
94.130.90.54 - - [13/Jan/2026:01:20:59 +0100] "GET /wp-content/uploads/img-7-1-3.jpg HTTP/1.1" 304 3411 "https://jockers3.inglory.de/jockers/" "Serf/1.3.9 (mod_pagespeed/1.13.35.2-0)"
94.130.90.54 - - [13/Jan/2026:01:20:59 +0100] "GET /wp-content/uploads/img-7-1-3-300x200.jpg HTTP/1.1" 304 3411 "https://jockers3.inglory.de/jockers/" "Serf/1.3.9 (mod_pagespeed/1.13.35.2-0)"
94.130.90.54 - - [13/Jan/2026:01:20:59 +0100] "GET /wp-content/uploads/img-7-1-3-1024x683.jpg HTTP/1.1" 304 3411 "https://jockers3.inglory.de/jockers/" "Serf/1.3.9 (mod_pagespeed/1.13.35.2-0)"
94.130.90.54 - - [13/Jan/2026:01:20:59 +0100] "GET /wp-content/uploads/img-7-1-3-768x512.jpg HTTP/1.1" 304 3411 "https://jockers3.inglory.de/jockers/" "Serf/1.3.9 (mod_pagespeed/1.13.35.2-0)"
94.130.90.54 - - [13/Jan/2026:01:20:59 +0100] "GET /wp-content/uploads/img-8-1-1.jpg HTTP/1.1" 304 3412 "https://jockers3.inglory.de/jockers/" "Serf/1.3.9 (mod_pagespeed/1.13.35.2-0)"
94.130.90.54 - - [13/Jan/2026:01:20:59 +0100] "GET /wp-content/uploads/img-8-1-1.jpg HTTP/1.1" 304 3412 "https://jockers3.inglory.de/jockers/" "Serf/1.3.9 (mod_pagespeed/1.13.35.2-0)"
94.130.90.54 - - [13/Jan/2026:01:20:59 +0100] "GET /wp-content/uploads/img-8-1-1-300x221.jpg HTTP/1.1" 304 3411 "https://jockers3.inglory.de/jockers/" "Serf/1.3.9 (mod_pagespeed/1.13.35.2-0)"
94.130.90.54 - - [13/Jan/2026:01:20:59 +0100] "GET /wp-content/uploads/img-8-1-1-1024x755.jpg HTTP/1.1" 304 3412 "https://jockers3.inglory.de/jockers/" "Serf/1.3.9 (mod_pagespeed/1.13.35.2-0)"
94.130.90.54 - - [13/Jan/2026:01:20:59 +0100] "GET /wp-content/uploads/img-8-1-1-768x567.jpg HTTP/1.1" 304 3411 "https://jockers3.inglory.de/jockers/" "Serf/1.3.9 (mod_pagespeed/1.13.35.2-0)"
94.130.90.54 - - [13/Jan/2026:01:20:59 +0100] "GET /wp-content/uploads/elementor/css/post-158.css?ver=1768234229 HTTP/1.1" 304 3411 "https://jockers3.inglory.de/jockers/" "Serf/1.3.9 (mod_pagespeed/1.13.35.2-0)"
94.130.90.54 - - [13/Jan/2026:01:20:59 +0100] "GET /wp-content/uploads/teamjockers.jpg HTTP/1.1" 304 3412 "https://jockers3.inglory.de/jockers/" "Serf/1.3.9 (mod_pagespeed/1.13.35.2-0)"
94.130.90.54 - - [13/Jan/2026:01:21:00 +0100] "GET /wp-content/uploads/img-1-1-1.jpg HTTP/1.1" 304 3411 "https://jockers3.inglory.de/referenzen-innensauna/" "Serf/1.3.9 (mod_pagespeed/1.13.35.2-0)"
94.130.90.54 - - [13/Jan/2026:01:21:00 +0100] "GET /wp-content/uploads/img-1-1-1.jpg HTTP/1.1" 304 3411 "https://jockers3.inglory.de/referenzen-innensauna/" "Serf/1.3.9 (mod_pagespeed/1.13.35.2-0)"
94.130.90.54 - - [13/Jan/2026:01:21:00 +0100] "GET /wp-content/uploads/img-1-1-1-300x285.jpg HTTP/1.1" 304 3411 "https://jockers3.inglory.de/referenzen-innensauna/" "Serf/1.3.9 (mod_pagespeed/1.13.35.2-0)"
94.130.90.54 - - [13/Jan/2026:01:21:00 +0100] "GET /wp-content/uploads/img-1-1-1-1024x971.jpg HTTP/1.1" 304 3411 "https://jockers3.inglory.de/referenzen-innensauna/" "Serf/1.3.9 (mod_pagespeed/1.13.35.2-0)"
216.73.216.146 - - [13/Jan/2026:01:20:59 +0100] "GET /referenzen-innensauna/ HTTP/1.0" 200 29594 "https://jockers3.inglory.de/?p=168" "Mozilla/5.0 AppleWebKit/537.36 (KHTML, like Gecko; compatible; ClaudeBot/1.0; +claudebot@anthropic.com)"
94.130.90.54 - - [13/Jan/2026:01:21:00 +0100] "GET /wp-content/uploads/img-1-1-1-768x728.jpg HTTP/1.1" 304 3411 "https://jockers3.inglory.de/referenzen-innensauna/" "Serf/1.3.9 (mod_pagespeed/1.13.35.2-0)"
94.130.90.54 - - [13/Jan/2026:01:21:00 +0100] "GET /wp-content/uploads/img-2-1-4.jpg HTTP/1.1" 304 3412 "https://jockers3.inglory.de/referenzen-innensauna/" "Serf/1.3.9 (mod_pagespeed/1.13.35.2-0)"
94.130.90.54 - - [13/Jan/2026:01:21:00 +0100] "GET /wp-content/uploads/img-2-1-4.jpg HTTP/1.1" 304 3412 "https://jockers3.inglory.de/referenzen-innensauna/" "Serf/1.3.9 (mod_pagespeed/1.13.35.2-0)"
94.130.90.54 - - [13/Jan/2026:01:21:00 +0100] "GET /wp-content/uploads/img-2-1-4-300x239.jpg HTTP/1.1" 304 3411 "https://jockers3.inglory.de/referenzen-innensauna/" "Serf/1.3.9 (mod_pagespeed/1.13.35.2-0)"
94.130.90.54 - - [13/Jan/2026:01:21:00 +0100] "GET /wp-content/uploads/img-2-1-4-1024x815.jpg HTTP/1.1" 304 3411 "https://jockers3.inglory.de/referenzen-innensauna/" "Serf/1.3.9 (mod_pagespeed/1.13.35.2-0)"
94.130.90.54 - - [13/Jan/2026:01:21:00 +0100] "GET /wp-content/uploads/img-2-1-4-768x611.jpg HTTP/1.1" 304 3411 "https://jockers3.inglory.de/referenzen-innensauna/" "Serf/1.3.9 (mod_pagespeed/1.13.35.2-0)"
94.130.90.54 - - [13/Jan/2026:01:21:00 +0100] "GET /wp-content/uploads/img-3-1-3.jpg HTTP/1.1" 304 3411 "https://jockers3.inglory.de/referenzen-innensauna/" "Serf/1.3.9 (mod_pagespeed/1.13.35.2-0)"
94.130.90.54 - - [13/Jan/2026:01:21:00 +0100] "GET /wp-content/uploads/img-3-1-3.jpg HTTP/1.1" 304 3411 "https://jockers3.inglory.de/referenzen-innensauna/" "Serf/1.3.9 (mod_pagespeed/1.13.35.2-0)"
94.130.90.54 - - [13/Jan/2026:01:21:00 +0100] "GET /wp-content/uploads/img-3-1-3-300x221.jpg HTTP/1.1" 304 3411 "https://jockers3.inglory.de/referenzen-innensauna/" "Serf/1.3.9 (mod_pagespeed/1.13.35.2-0)"
94.130.90.54 - - [13/Jan/2026:01:21:00 +0100] "GET /wp-content/uploads/img-3-1-3-1024x755.jpg HTTP/1.1" 304 3411 "https://jockers3.inglory.de/referenzen-innensauna/" "Serf/1.3.9 (mod_pagespeed/1.13.35.2-0)"
94.130.90.54 - - [13/Jan/2026:01:21:00 +0100] "GET /wp-content/uploads/img-3-1-3-768x567.jpg HTTP/1.1" 304 3411 "https://jockers3.inglory.de/referenzen-innensauna/" "Serf/1.3.9 (mod_pagespeed/1.13.35.2-0)"
94.130.90.54 - - [13/Jan/2026:01:21:00 +0100] "GET /wp-content/uploads/img-4-1-3.jpg HTTP/1.1" 304 3412 "https://jockers3.inglory.de/referenzen-innensauna/" "Serf/1.3.9 (mod_pagespeed/1.13.35.2-0)"
94.130.90.54 - - [13/Jan/2026:01:21:00 +0100] "GET /wp-content/uploads/img-4-1-3.jpg HTTP/1.1" 304 3412 "https://jockers3.inglory.de/referenzen-innensauna/" "Serf/1.3.9 (mod_pagespeed/1.13.35.2-0)"
94.130.90.54 - - [13/Jan/2026:01:21:00 +0100] "GET /wp-content/uploads/img-4-1-3-300x239.jpg HTTP/1.1" 304 3411 "https://jockers3.inglory.de/referenzen-innensauna/" "Serf/1.3.9 (mod_pagespeed/1.13.35.2-0)"
94.130.90.54 - - [13/Jan/2026:01:21:00 +0100] "GET /wp-content/uploads/img-4-1-3-1024x815.jpg HTTP/1.1" 304 3411 "https://jockers3.inglory.de/referenzen-innensauna/" "Serf/1.3.9 (mod_pagespeed/1.13.35.2-0)"
94.130.90.54 - - [13/Jan/2026:01:21:00 +0100] "GET /wp-content/uploads/img-4-1-3-768x611.jpg HTTP/1.1" 304 3411 "https://jockers3.inglory.de/referenzen-innensauna/" "Serf/1.3.9 (mod_pagespeed/1.13.35.2-0)"
94.130.90.54 - - [13/Jan/2026:01:21:00 +0100] "GET /wp-content/uploads/img-5-1-1.jpg HTTP/1.1" 304 3412 "https://jockers3.inglory.de/referenzen-innensauna/" "Serf/1.3.9 (mod_pagespeed/1.13.35.2-0)"
94.130.90.54 - - [13/Jan/2026:01:21:00 +0100] "GET /wp-content/uploads/img-5-1-1.jpg HTTP/1.1" 304 3412 "https://jockers3.inglory.de/referenzen-innensauna/" "Serf/1.3.9 (mod_pagespeed/1.13.35.2-0)"
94.130.90.54 - - [13/Jan/2026:01:21:00 +0100] "GET /wp-content/uploads/img-5-1-1-300x212.jpg HTTP/1.1" 304 3411 "https://jockers3.inglory.de/referenzen-innensauna/" "Serf/1.3.9 (mod_pagespeed/1.13.35.2-0)"
94.130.90.54 - - [13/Jan/2026:01:21:00 +0100] "GET /wp-content/uploads/img-5-1-1-1024x722.jpg HTTP/1.1" 304 3412 "https://jockers3.inglory.de/referenzen-innensauna/" "Serf/1.3.9 (mod_pagespeed/1.13.35.2-0)"
94.130.90.54 - - [13/Jan/2026:01:21:00 +0100] "GET /wp-content/uploads/img-6-1-1.jpg HTTP/1.1" 304 3411 "https://jockers3.inglory.de/referenzen-innensauna/" "Serf/1.3.9 (mod_pagespeed/1.13.35.2-0)"
94.130.90.54 - - [13/Jan/2026:01:21:00 +0100] "GET /wp-content/uploads/img-7-1-1.jpg HTTP/1.1" 304 3412 "https://jockers3.inglory.de/referenzen-innensauna/" "Serf/1.3.9 (mod_pagespeed/1.13.35.2-0)"
94.130.90.54 - - [13/Jan/2026:01:21:00 +0100] "GET /wp-content/uploads/img-7-1-1-300x212.jpg HTTP/1.1" 304 3411 "https://jockers3.inglory.de/referenzen-innensauna/" "Serf/1.3.9 (mod_pagespeed/1.13.35.2-0)"
94.130.90.54 - - [13/Jan/2026:01:21:00 +0100] "GET /wp-content/uploads/img-7-1-1-1024x722.jpg HTTP/1.1" 304 3411 "https://jockers3.inglory.de/referenzen-innensauna/" "Serf/1.3.9 (mod_pagespeed/1.13.35.2-0)"
94.130.90.54 - - [13/Jan/2026:01:21:00 +0100] "GET /wp-content/uploads/img-7-1-1-768x542.jpg HTTP/1.1" 304 3411 "https://jockers3.inglory.de/referenzen-innensauna/" "Serf/1.3.9 (mod_pagespeed/1.13.35.2-0)"
94.130.90.54 - - [13/Jan/2026:01:21:00 +0100] "GET /wp-content/uploads/elementor/css/post-168.css?ver=1768234401 HTTP/1.1" 304 3411 "https://jockers3.inglory.de/referenzen-innensauna/" "Serf/1.3.9 (mod_pagespeed/1.13.35.2-0)"
94.130.90.54 - - [13/Jan/2026:01:21:00 +0100] "GET /wp-content/uploads/img-5-1-1-768x542.jpg HTTP/1.1" 304 3411 "https://jockers3.inglory.de/referenzen-innensauna/" "Serf/1.3.9 (mod_pagespeed/1.13.35.2-0)"
94.130.90.54 - - [13/Jan/2026:01:21:00 +0100] "GET /wp-content/uploads/img-6-1-1.jpg HTTP/1.1" 304 3411 "https://jockers3.inglory.de/referenzen-innensauna/" "Serf/1.3.9 (mod_pagespeed/1.13.35.2-0)"
94.130.90.54 - - [13/Jan/2026:01:21:00 +0100] "GET /wp-content/uploads/img-6-1-1-300x212.jpg HTTP/1.1" 304 3411 "https://jockers3.inglory.de/referenzen-innensauna/" "Serf/1.3.9 (mod_pagespeed/1.13.35.2-0)"
94.130.90.54 - - [13/Jan/2026:01:21:00 +0100] "GET /wp-content/uploads/img-6-1-1-1024x722.jpg HTTP/1.1" 304 3411 "https://jockers3.inglory.de/referenzen-innensauna/" "Serf/1.3.9 (mod_pagespeed/1.13.35.2-0)"
94.130.90.54 - - [13/Jan/2026:01:21:00 +0100] "GET /wp-content/uploads/img-6-1-1-768x542.jpg HTTP/1.1" 304 3411 "https://jockers3.inglory.de/referenzen-innensauna/" "Serf/1.3.9 (mod_pagespeed/1.13.35.2-0)"
94.130.90.54 - - [13/Jan/2026:01:21:00 +0100] "GET /wp-content/uploads/img-7-1-1.jpg HTTP/1.1" 304 3412 "https://jockers3.inglory.de/referenzen-innensauna/" "Serf/1.3.9 (mod_pagespeed/1.13.35.2-0)"
216.73.216.146 - - [13/Jan/2026:01:21:43 +0100] "GET /wp-content/plugins/elementor/assets/lib/e-gallery/css/e-gallery.min.css HTTP/1.0" 200 4924 "-" "Mozilla/5.0 AppleWebKit/537.36 (KHTML, like Gecko; compatible; ClaudeBot/1.0; +claudebot@anthropic.com)"
216.73.216.146 - - [13/Jan/2026:01:21:43 +0100] "GET /wp-content/uploads/2-scaled-1.jpeg HTTP/1.0" 200 237114 "-" "Mozilla/5.0 AppleWebKit/537.36 (KHTML, like Gecko; compatible; ClaudeBot/1.0; +claudebot@anthropic.com)"
216.73.216.146 - - [13/Jan/2026:01:21:43 +0100] "GET /wp-content/plugins/elementor/assets/js/frontend.min.js HTTP/1.0" 200 14488 "-" "Mozilla/5.0 AppleWebKit/537.36 (KHTML, like Gecko; compatible; ClaudeBot/1.0; +claudebot@anthropic.com)"
216.73.216.146 - - [13/Jan/2026:01:21:44 +0100] "GET /wp-content/plugins/elementor/assets/lib/font-awesome/css/solid.min.css HTTP/1.0" 200 4389 "-" "Mozilla/5.0 AppleWebKit/537.36 (KHTML, like Gecko; compatible; ClaudeBot/1.0; +claudebot@anthropic.com)"
216.73.216.146 - - [13/Jan/2026:01:21:44 +0100] "GET /wp-content/plugins/elementor-pro/assets/css/conditionals/popup.min.css HTTP/1.0" 200 4500 "-" "Mozilla/5.0 AppleWebKit/537.36 (KHTML, like Gecko; compatible; ClaudeBot/1.0; +claudebot@anthropic.com)"
94.130.90.54 - - [13/Jan/2026:01:21:44 +0100] "POST /wp-cron.php?doing_wp_cron=1768263704.2649788856506347656250 HTTP/1.0" 200 4074 "-" "ppFg4CRqYGl3"
216.73.216.146 - - [13/Jan/2026:01:21:43 +0100] "GET /?p=2356 HTTP/1.0" 301 4173 "-" "Mozilla/5.0 AppleWebKit/537.36 (KHTML, like Gecko; compatible; ClaudeBot/1.0; +claudebot@anthropic.com)"
216.73.216.146 - - [13/Jan/2026:01:21:44 +0100] "GET /wp-content/plugins/elementor/assets/css/conditionals/e-swiper.min.css HTTP/1.0" 200 4880 "-" "Mozilla/5.0 AppleWebKit/537.36 (KHTML, like Gecko; compatible; ClaudeBot/1.0; +claudebot@anthropic.com)"
216.73.216.146 - - [13/Jan/2026:01:21:44 +0100] "GET /wp-content/uploads/Projekt-Ritter_007-scaled-1.jpeg HTTP/1.0" 200 176951 "-" "Mozilla/5.0 AppleWebKit/537.36 (KHTML, like Gecko; compatible; ClaudeBot/1.0; +claudebot@anthropic.com)"
216.73.216.146 - - [13/Jan/2026:01:21:44 +0100] "GET /wp-content/uploads/Projekt-Ritter_008-scaled-1.jpeg HTTP/1.0" 200 151059 "-" "Mozilla/5.0 AppleWebKit/537.36 (KHTML, like Gecko; compatible; ClaudeBot/1.0; +claudebot@anthropic.com)"
216.73.216.146 - - [13/Jan/2026:01:21:44 +0100] "GET /wp-content/plugins/elementor/assets/lib/animations/styles/fadeIn.min.css HTTP/1.0" 200 4157 "-" "Mozilla/5.0 AppleWebKit/537.36 (KHTML, like Gecko; compatible; ClaudeBot/1.0; +claudebot@anthropic.com)"
94.130.90.54 - - [13/Jan/2026:01:21:45 +0100] "GET /wp-content/uploads/elementor/css/post-2356.css?ver=1768234611 HTTP/1.1" 304 3412 "https://jockers3.inglory.de/presse/" "Serf/1.3.9 (mod_pagespeed/1.13.35.2-0)"
216.73.216.146 - - [13/Jan/2026:01:21:44 +0100] "GET /presse/ HTTP/1.0" 200 25402 "https://jockers3.inglory.de/?p=2356" "Mozilla/5.0 AppleWebKit/537.36 (KHTML, like Gecko; compatible; ClaudeBot/1.0; +claudebot@anthropic.com)"
94.130.90.54 - - [13/Jan/2026:01:21:45 +0100] "GET /wp-content/uploads/img-5-1.jpg HTTP/1.1" 304 3411 "https://jockers3.inglory.de/presse/" "Serf/1.3.9 (mod_pagespeed/1.13.35.2-0)"
94.130.90.54 - - [13/Jan/2026:01:21:45 +0100] "GET /wp-content/uploads/img-6-1.jpg HTTP/1.1" 304 3411 "https://jockers3.inglory.de/presse/" "Serf/1.3.9 (mod_pagespeed/1.13.35.2-0)"
94.130.90.54 - - [13/Jan/2026:01:21:45 +0100] "GET /wp-content/uploads/img-7-1.jpg HTTP/1.1" 304 3411 "https://jockers3.inglory.de/presse/" "Serf/1.3.9 (mod_pagespeed/1.13.35.2-0)"
94.130.90.54 - - [13/Jan/2026:01:21:45 +0100] "GET /wp-content/uploads/img-8-1.jpg HTTP/1.1" 304 3411 "https://jockers3.inglory.de/presse/" "Serf/1.3.9 (mod_pagespeed/1.13.35.2-0)"
94.130.90.54 - - [13/Jan/2026:01:21:45 +0100] "GET /wp-content/uploads/img-9-1.jpg HTTP/1.1" 304 3411 "https://jockers3.inglory.de/presse/" "Serf/1.3.9 (mod_pagespeed/1.13.35.2-0)"
94.130.90.54 - - [13/Jan/2026:01:21:45 +0100] "GET /wp-content/uploads/img-10-1.jpg HTTP/1.1" 304 3411 "https://jockers3.inglory.de/presse/" "Serf/1.3.9 (mod_pagespeed/1.13.35.2-0)"
94.130.90.54 - - [13/Jan/2026:01:21:45 +0100] "GET /wp-content/uploads/img-1-9.jpg HTTP/1.1" 304 3411 "https://jockers3.inglory.de/presse/" "Serf/1.3.9 (mod_pagespeed/1.13.35.2-0)"
94.130.90.54 - - [13/Jan/2026:01:21:45 +0100] "GET /wp-content/uploads/img-3-1-7.jpg HTTP/1.1" 304 3411 "https://jockers3.inglory.de/presse/" "Serf/1.3.9 (mod_pagespeed/1.13.35.2-0)"
94.130.90.54 - - [13/Jan/2026:01:21:45 +0100] "GET /wp-content/uploads/img-4-1-8.jpg HTTP/1.1" 304 3411 "https://jockers3.inglory.de/presse/" "Serf/1.3.9 (mod_pagespeed/1.13.35.2-0)"
94.130.90.54 - - [13/Jan/2026:01:21:45 +0100] "GET /wp-content/uploads/img-5-1-6.jpg HTTP/1.1" 304 3411 "https://jockers3.inglory.de/presse/" "Serf/1.3.9 (mod_pagespeed/1.13.35.2-0)"
94.130.90.54 - - [13/Jan/2026:01:21:45 +0100] "GET /wp-content/uploads/img-6-1-6.jpg HTTP/1.1" 304 3411 "https://jockers3.inglory.de/presse/" "Serf/1.3.9 (mod_pagespeed/1.13.35.2-0)"
94.130.90.54 - - [13/Jan/2026:01:21:45 +0100] "GET /wp-content/uploads/img-7-1-5.jpg HTTP/1.1" 304 3411 "https://jockers3.inglory.de/presse/" "Serf/1.3.9 (mod_pagespeed/1.13.35.2-0)"
94.130.90.54 - - [13/Jan/2026:01:21:45 +0100] "GET /wp-content/uploads/img-8-1-2.jpg HTTP/1.1" 304 3411 "https://jockers3.inglory.de/presse/" "Serf/1.3.9 (mod_pagespeed/1.13.35.2-0)"
216.73.216.146 - - [13/Jan/2026:01:21:45 +0100] "GET /?p=2373 HTTP/1.0" 301 4178 "-" "Mozilla/5.0 AppleWebKit/537.36 (KHTML, like Gecko; compatible; ClaudeBot/1.0; +claudebot@anthropic.com)"
94.130.90.54 - - [13/Jan/2026:01:21:46 +0100] "GET /wp-content/uploads/elementor/css/post-2373.css?ver=1768234705 HTTP/1.1" 304 3411 "https://jockers3.inglory.de/datenschutz/" "Serf/1.3.9 (mod_pagespeed/1.13.35.2-0)"
216.73.216.146 - - [13/Jan/2026:01:21:45 +0100] "GET /datenschutz/ HTTP/1.0" 200 30386 "https://jockers3.inglory.de/?p=2373" "Mozilla/5.0 AppleWebKit/537.36 (KHTML, like Gecko; compatible; ClaudeBot/1.0; +claudebot@anthropic.com)"
216.73.216.146 - - [13/Jan/2026:01:21:50 +0100] "GET /wp-content/uploads/4-1-scaled-1.jpeg HTTP/1.0" 200 231790 "-" "Mozilla/5.0 AppleWebKit/537.36 (KHTML, like Gecko; compatible; ClaudeBot/1.0; +claudebot@anthropic.com)"
216.73.216.146 - - [13/Jan/2026:01:21:50 +0100] "GET /wp-content/plugins/elementor-pro/assets/lib/smartmenus/jquery.smartmenus.min.js HTTP/1.0" 200 11227 "-" "Mozilla/5.0 AppleWebKit/537.36 (KHTML, like Gecko; compatible; ClaudeBot/1.0; +claudebot@anthropic.com)"
216.73.216.146 - - [13/Jan/2026:01:21:50 +0100] "GET /wp-content/uploads/3-1-scaled-2.jpeg HTTP/1.0" 200 311793 "-" "Mozilla/5.0 AppleWebKit/537.36 (KHTML, like Gecko; compatible; ClaudeBot/1.0; +claudebot@anthropic.com)"
216.73.216.146 - - [13/Jan/2026:01:21:50 +0100] "GET /wp-content/uploads/3-2-scaled-1.jpeg HTTP/1.0" 200 684229 "-" "Mozilla/5.0 AppleWebKit/537.36 (KHTML, like Gecko; compatible; ClaudeBot/1.0; +claudebot@anthropic.com)"
216.73.216.146 - - [13/Jan/2026:01:21:50 +0100] "GET /wp-content/uploads/2-3-scaled-1.jpeg HTTP/1.0" 200 466847 "-" "Mozilla/5.0 AppleWebKit/537.36 (KHTML, like Gecko; compatible; ClaudeBot/1.0; +claudebot@anthropic.com)"
216.73.216.146 - - [13/Jan/2026:01:21:50 +0100] "GET /wp-content/uploads/4-1-scaled-2.jpeg HTTP/1.0" 200 231790 "-" "Mozilla/5.0 AppleWebKit/537.36 (KHTML, like Gecko; compatible; ClaudeBot/1.0; +claudebot@anthropic.com)"
216.73.216.146 - - [13/Jan/2026:01:21:50 +0100] "GET /wp-content/uploads/4-2-scaled-1.jpeg HTTP/1.0" 200 491923 "-" "Mozilla/5.0 AppleWebKit/537.36 (KHTML, like Gecko; compatible; ClaudeBot/1.0; +claudebot@anthropic.com)"
216.73.216.146 - - [13/Jan/2026:01:21:51 +0100] "GET /wp-content/plugins/elementor/assets/lib/font-awesome/css/brands.min.css HTTP/1.0" 200 4388 "-" "Mozilla/5.0 AppleWebKit/537.36 (KHTML, like Gecko; compatible; ClaudeBot/1.0; +claudebot@anthropic.com)"
216.73.216.146 - - [13/Jan/2026:01:21:51 +0100] "GET /wp-content/plugins/preloader-pro/assets/js/jquery.waitformedias.min.js HTTP/1.0" 200 5980 "-" "Mozilla/5.0 AppleWebKit/537.36 (KHTML, like Gecko; compatible; ClaudeBot/1.0; +claudebot@anthropic.com)"
216.73.216.146 - - [13/Jan/2026:01:21:51 +0100] "GET /wp-content/themes/hello-elementor/assets/css/header-footer.css HTTP/1.0" 200 5505 "-" "Mozilla/5.0 AppleWebKit/537.36 (KHTML, like Gecko; compatible; ClaudeBot/1.0; +claudebot@anthropic.com)"
216.73.216.146 - - [13/Jan/2026:01:21:51 +0100] "GET /wp-includes/js/dist/i18n.min.js HTTP/1.0" 200 6369 "-" "Mozilla/5.0 AppleWebKit/537.36 (KHTML, like Gecko; compatible; ClaudeBot/1.0; +claudebot@anthropic.com)"
216.73.216.146 - - [13/Jan/2026:01:22:11 +0100] "GET /wp-content/uploads/2-2-scaled-1.jpeg HTTP/1.0" 200 138619 "-" "Mozilla/5.0 AppleWebKit/537.36 (KHTML, like Gecko; compatible; ClaudeBot/1.0; +claudebot@anthropic.com)"
216.73.216.146 - - [13/Jan/2026:01:22:11 +0100] "GET /wp-content/plugins/elementor/assets/css/widget-social-icons.min.css HTTP/1.0" 200 5224 "-" "Mozilla/5.0 AppleWebKit/537.36 (KHTML, like Gecko; compatible; ClaudeBot/1.0; +claudebot@anthropic.com)"
216.73.216.146 - - [13/Jan/2026:01:22:11 +0100] "GET /wp-content/uploads/1-scaled-1.jpeg HTTP/1.0" 200 165967 "-" "Mozilla/5.0 AppleWebKit/537.36 (KHTML, like Gecko; compatible; ClaudeBot/1.0; +claudebot@anthropic.com)"
216.73.216.146 - - [13/Jan/2026:01:22:11 +0100] "GET /wp-content/plugins/elementor/assets/lib/eicons/css/elementor-icons.min.css HTTP/1.0" 200 8510 "-" "Mozilla/5.0 AppleWebKit/537.36 (KHTML, like Gecko; compatible; ClaudeBot/1.0; +claudebot@anthropic.com)"
216.73.216.146 - - [13/Jan/2026:01:22:11 +0100] "GET /wp-content/plugins/elementor/assets/lib/swiper/v8/css/swiper.min.css HTTP/1.0" 200 8709 "-" "Mozilla/5.0 AppleWebKit/537.36 (KHTML, like Gecko; compatible; ClaudeBot/1.0; +claudebot@anthropic.com)"
216.73.216.146 - - [13/Jan/2026:01:22:11 +0100] "GET /wp-content/uploads/3-2-scaled-2.jpeg HTTP/1.0" 200 684229 "-" "Mozilla/5.0 AppleWebKit/537.36 (KHTML, like Gecko; compatible; ClaudeBot/1.0; +claudebot@anthropic.com)"
216.73.216.146 - - [13/Jan/2026:01:22:11 +0100] "GET /wp-content/uploads/4-2-scaled-2.jpeg HTTP/1.0" 200 491923 "-" "Mozilla/5.0 AppleWebKit/537.36 (KHTML, like Gecko; compatible; ClaudeBot/1.0; +claudebot@anthropic.com)"
216.73.216.146 - - [13/Jan/2026:01:22:11 +0100] "GET /wp-content/uploads/4-scaled-1.jpeg HTTP/1.0" 200 378006 "-" "Mozilla/5.0 AppleWebKit/537.36 (KHTML, like Gecko; compatible; ClaudeBot/1.0; +claudebot@anthropic.com)"
216.73.216.146 - - [13/Jan/2026:01:22:12 +0100] "GET /wp-content/plugins/elementor-pro/assets/js/frontend.min.js HTTP/1.0" 200 10574 "-" "Mozilla/5.0 AppleWebKit/537.36 (KHTML, like Gecko; compatible; ClaudeBot/1.0; +claudebot@anthropic.com)"
216.73.216.146 - - [13/Jan/2026:01:22:12 +0100] "GET /wp-content/uploads/2-2-scaled-2.jpeg HTTP/1.0" 200 138619 "-" "Mozilla/5.0 AppleWebKit/537.36 (KHTML, like Gecko; compatible; ClaudeBot/1.0; +claudebot@anthropic.com)"
216.73.216.146 - - [13/Jan/2026:01:22:12 +0100] "GET /wp-content/plugins/elementor/assets/js/frontend-modules.min.js HTTP/1.0" 200 29865 "-" "Mozilla/5.0 AppleWebKit/537.36 (KHTML, like Gecko; compatible; ClaudeBot/1.0; +claudebot@anthropic.com)"
216.73.216.146 - - [13/Jan/2026:01:22:32 +0100] "GET /wp-content/plugins/elementor-pro/assets/lib/sticky/jquery.sticky.min.js HTTP/1.0" 200 5637 "-" "Mozilla/5.0 AppleWebKit/537.36 (KHTML, like Gecko; compatible; ClaudeBot/1.0; +claudebot@anthropic.com)"
216.73.216.146 - - [13/Jan/2026:01:22:32 +0100] "GET /wp-content/plugins/elementor/assets/lib/e-gallery/js/e-gallery.min.js HTTP/1.0" 200 8749 "-" "Mozilla/5.0 AppleWebKit/537.36 (KHTML, like Gecko; compatible; ClaudeBot/1.0; +claudebot@anthropic.com)"
216.73.216.146 - - [13/Jan/2026:01:22:32 +0100] "GET /wp-content/plugins/elementor/assets/lib/swiper/v8/swiper.min.js HTTP/1.0" 200 43925 "-" "Mozilla/5.0 AppleWebKit/537.36 (KHTML, like Gecko; compatible; ClaudeBot/1.0; +claudebot@anthropic.com)"
216.73.216.146 - - [13/Jan/2026:01:22:32 +0100] "GET /wp-content/uploads/Schwetzingen_002.jpeg HTTP/1.0" 200 161627 "-" "Mozilla/5.0 AppleWebKit/537.36 (KHTML, like Gecko; compatible; ClaudeBot/1.0; +claudebot@anthropic.com)"
216.73.216.146 - - [13/Jan/2026:01:22:32 +0100] "GET /wp-content/uploads/saunaindenbergen4.jpeg HTTP/1.0" 200 442273 "-" "Mozilla/5.0 AppleWebKit/537.36 (KHTML, like Gecko; compatible; ClaudeBot/1.0; +claudebot@anthropic.com)"
216.73.216.146 - - [13/Jan/2026:01:22:32 +0100] "GET /wp-content/uploads/saunaindenbergen3.jpeg HTTP/1.0" 200 279222 "-" "Mozilla/5.0 AppleWebKit/537.36 (KHTML, like Gecko; compatible; ClaudeBot/1.0; +claudebot@anthropic.com)"
216.73.216.146 - - [13/Jan/2026:01:22:32 +0100] "GET /wp-content/plugins/elementor-pro/assets/js/elements-handlers.min.js HTTP/1.0" 200 14731 "-" "Mozilla/5.0 AppleWebKit/537.36 (KHTML, like Gecko; compatible; ClaudeBot/1.0; +claudebot@anthropic.com)"
216.73.216.146 - - [13/Jan/2026:01:22:32 +0100] "GET /wp-content/plugins/elementor/assets/lib/font-awesome/css/fontawesome.min.css HTTP/1.0" 200 16766 "-" "Mozilla/5.0 AppleWebKit/537.36 (KHTML, like Gecko; compatible; ClaudeBot/1.0; +claudebot@anthropic.com)"
216.73.216.146 - - [13/Jan/2026:01:22:32 +0100] "GET /wp-content/uploads/Schwetzingen_005.jpeg HTTP/1.0" 200 137818 "-" "Mozilla/5.0 AppleWebKit/537.36 (KHTML, like Gecko; compatible; ClaudeBot/1.0; +claudebot@anthropic.com)"
216.73.216.146 - - [13/Jan/2026:01:22:32 +0100] "GET /wp-content/uploads/3-1-scaled-1.jpeg HTTP/1.0" 200 311793 "-" "Mozilla/5.0 AppleWebKit/537.36 (KHTML, like Gecko; compatible; ClaudeBot/1.0; +claudebot@anthropic.com)"
216.73.216.146 - - [13/Jan/2026:01:22:33 +0100] "GET /wp-content/uploads/1-3-scaled-1.jpeg HTTP/1.0" 200 720208 "-" "Mozilla/5.0 AppleWebKit/537.36 (KHTML, like Gecko; compatible; ClaudeBot/1.0; +claudebot@anthropic.com)"
216.73.216.146 - - [13/Jan/2026:01:23:03 +0100] "GET /wp-content/uploads/cropped-items-180x180.png HTTP/1.0" 200 6744 "-" "Mozilla/5.0 AppleWebKit/537.36 (KHTML, like Gecko; compatible; ClaudeBot/1.0; +claudebot@anthropic.com)"
216.73.216.146 - - [13/Jan/2026:01:23:03 +0100] "GET /wp-content/uploads/4-scaled-1.jpg HTTP/1.0" 200 384939 "-" "Mozilla/5.0 AppleWebKit/537.36 (KHTML, like Gecko; compatible; ClaudeBot/1.0; +claudebot@anthropic.com)"
216.73.216.146 - - [13/Jan/2026:01:23:03 +0100] "GET /wp-content/uploads/2-2-scaled-1.jpg HTTP/1.0" 200 626698 "-" "Mozilla/5.0 AppleWebKit/537.36 (KHTML, like Gecko; compatible; ClaudeBot/1.0; +claudebot@anthropic.com)"
216.73.216.146 - - [13/Jan/2026:01:23:03 +0100] "GET /wp-content/uploads/3-scaled-1.jpg HTTP/1.0" 200 198652 "-" "Mozilla/5.0 AppleWebKit/537.36 (KHTML, like Gecko; compatible; ClaudeBot/1.0; +claudebot@anthropic.com)"
216.73.216.146 - - [13/Jan/2026:01:23:03 +0100] "GET /wp-content/plugins/elementor-pro/assets/css/A.widget-form.min.css,qver=3.34.0.pagespeed.cf.fHHaFh6f0Z.css HTTP/1.0" 200 5694 "-" "Mozilla/5.0 AppleWebKit/537.36 (KHTML, like Gecko; compatible; ClaudeBot/1.0; +claudebot@anthropic.com)"
216.73.216.146 - - [13/Jan/2026:01:23:03 +0100] "GET /wp-content/uploads/2-scaled-1.jpg HTTP/1.0" 200 211999 "-" "Mozilla/5.0 AppleWebKit/537.36 (KHTML, like Gecko; compatible; ClaudeBot/1.0; +claudebot@anthropic.com)"
216.73.216.146 - - [13/Jan/2026:01:23:03 +0100] "GET /wp-content/uploads/2-2-scaled-2.jpg HTTP/1.0" 200 626698 "-" "Mozilla/5.0 AppleWebKit/537.36 (KHTML, like Gecko; compatible; ClaudeBot/1.0; +claudebot@anthropic.com)"
216.73.216.146 - - [13/Jan/2026:01:23:04 +0100] "GET /wp-content/uploads/ausen224.06-scaled-1.jpeg HTTP/1.0" 200 807967 "-" "Mozilla/5.0 AppleWebKit/537.36 (KHTML, like Gecko; compatible; ClaudeBot/1.0; +claudebot@anthropic.com)"
216.73.216.146 - - [13/Jan/2026:01:23:04 +0100] "GET /wp-content/uploads/cropped-items-192x192.png HTTP/1.0" 200 6930 "-" "Mozilla/5.0 AppleWebKit/537.36 (KHTML, like Gecko; compatible; ClaudeBot/1.0; +claudebot@anthropic.com)"
216.73.216.146 - - [13/Jan/2026:01:23:04 +0100] "GET /wp-content/uploads/cropped-items-32x32.png HTTP/1.0" 200 4611 "-" "Mozilla/5.0 AppleWebKit/537.36 (KHTML, like Gecko; compatible; ClaudeBot/1.0; +claudebot@anthropic.com)"
216.73.216.146 - - [13/Jan/2026:01:23:04 +0100] "GET /wp-content/uploads/Schwetzingen_001.jpeg HTTP/1.0" 200 168583 "-" "Mozilla/5.0 AppleWebKit/537.36 (KHTML, like Gecko; compatible; ClaudeBot/1.0; +claudebot@anthropic.com)"
216.73.216.146 - - [13/Jan/2026:01:23:14 +0100] "GET /wp-content/uploads/img-3-1-2.jpg HTTP/1.0" 200 57503 "-" "Mozilla/5.0 AppleWebKit/537.36 (KHTML, like Gecko; compatible; ClaudeBot/1.0; +claudebot@anthropic.com)"
216.73.216.146 - - [13/Jan/2026:01:23:14 +0100] "GET /wp-content/uploads/img-2-1-5.jpg HTTP/1.0" 200 136320 "-" "Mozilla/5.0 AppleWebKit/537.36 (KHTML, like Gecko; compatible; ClaudeBot/1.0; +claudebot@anthropic.com)"
216.73.216.146 - - [13/Jan/2026:01:23:14 +0100] "GET /wp-content/uploads/img-7-1-2.jpg HTTP/1.0" 200 64555 "-" "Mozilla/5.0 AppleWebKit/537.36 (KHTML, like Gecko; compatible; ClaudeBot/1.0; +claudebot@anthropic.com)"
216.73.216.146 - - [13/Jan/2026:01:23:14 +0100] "GET /wp-content/uploads/Villa_Magnolia_007.jpg HTTP/1.0" 200 97878 "-" "Mozilla/5.0 AppleWebKit/537.36 (KHTML, like Gecko; compatible; ClaudeBot/1.0; +claudebot@anthropic.com)"
216.73.216.146 - - [13/Jan/2026:01:23:14 +0100] "GET /wp-content/uploads/img-4-1-2.jpg HTTP/1.0" 200 261199 "-" "Mozilla/5.0 AppleWebKit/537.36 (KHTML, like Gecko; compatible; ClaudeBot/1.0; +claudebot@anthropic.com)"
216.73.216.146 - - [13/Jan/2026:01:23:14 +0100] "GET /wp-content/uploads/img-2-1-4.jpg HTTP/1.0" 200 72148 "-" "Mozilla/5.0 AppleWebKit/537.36 (KHTML, like Gecko; compatible; ClaudeBot/1.0; +claudebot@anthropic.com)"
216.73.216.146 - - [13/Jan/2026:01:23:14 +0100] "GET /wp-content/uploads/3-1-scaled-1.jpg HTTP/1.0" 200 303189 "-" "Mozilla/5.0 AppleWebKit/537.36 (KHTML, like Gecko; compatible; ClaudeBot/1.0; +claudebot@anthropic.com)"
216.73.216.146 - - [13/Jan/2026:01:23:14 +0100] "GET /wp-content/uploads/img-1-6.jpg HTTP/1.0" 200 184271 "-" "Mozilla/5.0 AppleWebKit/537.36 (KHTML, like Gecko; compatible; ClaudeBot/1.0; +claudebot@anthropic.com)"
216.73.216.146 - - [13/Jan/2026:01:23:14 +0100] "GET /wp-content/uploads/saunaindenbergen4-1-scaled-1.jpeg HTTP/1.0" 200 227203 "-" "Mozilla/5.0 AppleWebKit/537.36 (KHTML, like Gecko; compatible; ClaudeBot/1.0; +claudebot@anthropic.com)"
216.73.216.146 - - [13/Jan/2026:01:23:14 +0100] "GET /wp-content/uploads/Villa_Magnolia_017.jpg HTTP/1.0" 200 178221 "-" "Mozilla/5.0 AppleWebKit/537.36 (KHTML, like Gecko; compatible; ClaudeBot/1.0; +claudebot@anthropic.com)"
216.73.216.146 - - [13/Jan/2026:01:23:15 +0100] "GET /wp-content/uploads/img-2-1-3.jpg HTTP/1.0" 200 49949 "-" "Mozilla/5.0 AppleWebKit/537.36 (KHTML, like Gecko; compatible; ClaudeBot/1.0; +claudebot@anthropic.com)"
216.73.216.146 - - [13/Jan/2026:01:23:45 +0100] "GET /wp-content/plugins/elementor-pro/assets/css/conditionals/transitions.min.css,qver=3.34.0.pagespeed.ce.Uul4L_amMB.css HTTP/1.0" 200 4765 "-" "Mozilla/5.0 AppleWebKit/537.36 (KHTML, like Gecko; compatible; ClaudeBot/1.0; +claudebot@anthropic.com)"
216.73.216.146 - - [13/Jan/2026:01:23:45 +0100] "GET /wp-content/uploads/img-2-1-2.jpg HTTP/1.0" 200 83604 "-" "Mozilla/5.0 AppleWebKit/537.36 (KHTML, like Gecko; compatible; ClaudeBot/1.0; +claudebot@anthropic.com)"
216.73.216.146 - - [13/Jan/2026:01:23:45 +0100] "GET /wp-content/uploads/img-1-5.jpg HTTP/1.0" 200 164103 "-" "Mozilla/5.0 AppleWebKit/537.36 (KHTML, like Gecko; compatible; ClaudeBot/1.0; +claudebot@anthropic.com)"
216.73.216.146 - - [13/Jan/2026:01:23:45 +0100] "GET /wp-content/uploads/2-1-scaled-1.jpg HTTP/1.0" 200 412175 "-" "Mozilla/5.0 AppleWebKit/537.36 (KHTML, like Gecko; compatible; ClaudeBot/1.0; +claudebot@anthropic.com)"
216.73.216.146 - - [13/Jan/2026:01:23:45 +0100] "GET /wp-content/uploads/Villa_Magnolia_021.jpg HTTP/1.0" 200 257295 "-" "Mozilla/5.0 AppleWebKit/537.36 (KHTML, like Gecko; compatible; ClaudeBot/1.0; +claudebot@anthropic.com)"
216.73.216.146 - - [13/Jan/2026:01:23:45 +0100] "GET /wp-content/plugins/elementor-pro/assets/css/A.widget-gallery.min.css,qver=3.34.0.pagespeed.cf.him7VojZGh.css HTTP/1.0" 200 5209 "-" "Mozilla/5.0 AppleWebKit/537.36 (KHTML, like Gecko; compatible; ClaudeBot/1.0; +claudebot@anthropic.com)"
216.73.216.146 - - [13/Jan/2026:01:23:45 +0100] "GET /wp-content/uploads/Ausenpool-Referenz.jpg HTTP/1.0" 200 732025 "-" "Mozilla/5.0 AppleWebKit/537.36 (KHTML, like Gecko; compatible; ClaudeBot/1.0; +claudebot@anthropic.com)"
216.73.216.146 - - [13/Jan/2026:01:23:45 +0100] "GET /wp-content/uploads/3-2-scaled-1.jpg HTTP/1.0" 200 104214 "-" "Mozilla/5.0 AppleWebKit/537.36 (KHTML, like Gecko; compatible; ClaudeBot/1.0; +claudebot@anthropic.com)"
216.73.216.146 - - [13/Jan/2026:01:23:46 +0100] "GET /wp-content/uploads/2-3-scaled-1.jpg HTTP/1.0" 200 136495 "-" "Mozilla/5.0 AppleWebKit/537.36 (KHTML, like Gecko; compatible; ClaudeBot/1.0; +claudebot@anthropic.com)"
216.73.216.146 - - [13/Jan/2026:01:23:46 +0100] "GET /wp-content/uploads/4-2-scaled-1.jpg HTTP/1.0" 200 234362 "-" "Mozilla/5.0 AppleWebKit/537.36 (KHTML, like Gecko; compatible; ClaudeBot/1.0; +claudebot@anthropic.com)"
216.73.216.146 - - [13/Jan/2026:01:23:46 +0100] "GET /wp-content/uploads/1-scaled-1.jpg HTTP/1.0" 200 313252 "-" "Mozilla/5.0 AppleWebKit/537.36 (KHTML, like Gecko; compatible; ClaudeBot/1.0; +claudebot@anthropic.com)"
216.73.216.146 - - [13/Jan/2026:01:24:16 +0100] "GET /wp-content/uploads/img-7-1-4.jpg HTTP/1.0" 200 65021 "-" "Mozilla/5.0 AppleWebKit/537.36 (KHTML, like Gecko; compatible; ClaudeBot/1.0; +claudebot@anthropic.com)"
216.73.216.146 - - [13/Jan/2026:01:24:16 +0100] "GET /wp-content/uploads/Edenkoben_008.jpg HTTP/1.0" 200 273122 "-" "Mozilla/5.0 AppleWebKit/537.36 (KHTML, like Gecko; compatible; ClaudeBot/1.0; +claudebot@anthropic.com)"
216.73.216.146 - - [13/Jan/2026:01:24:16 +0100] "GET /wp-content/uploads/img-4-1-4.jpg HTTP/1.0" 200 147095 "-" "Mozilla/5.0 AppleWebKit/537.36 (KHTML, like Gecko; compatible; ClaudeBot/1.0; +claudebot@anthropic.com)"
216.73.216.146 - - [13/Jan/2026:01:24:16 +0100] "GET /wp-content/uploads/img-5-1-3.jpg HTTP/1.0" 200 113741 "-" "Mozilla/5.0 AppleWebKit/537.36 (KHTML, like Gecko; compatible; ClaudeBot/1.0; +claudebot@anthropic.com)"
216.73.216.146 - - [13/Jan/2026:01:24:16 +0100] "GET /wp-content/uploads/elementor/css/A.post-159.css,qver=1768234610.pagespeed.cf.jHoYIXDVvk.css HTTP/1.0" 200 7594 "-" "Mozilla/5.0 AppleWebKit/537.36 (KHTML, like Gecko; compatible; ClaudeBot/1.0; +claudebot@anthropic.com)"
216.73.216.146 - - [13/Jan/2026:01:24:16 +0100] "GET /wp-content/uploads/Edenkoben_017.jpg HTTP/1.0" 200 241451 "-" "Mozilla/5.0 AppleWebKit/537.36 (KHTML, like Gecko; compatible; ClaudeBot/1.0; +claudebot@anthropic.com)"
216.73.216.146 - - [13/Jan/2026:01:24:16 +0100] "GET /wp-content/uploads/HW0624_Kompaktes-Schwitzvergnugen.pdf HTTP/1.0" 200 1612836 "-" "Mozilla/5.0 AppleWebKit/537.36 (KHTML, like Gecko; compatible; ClaudeBot/1.0; +claudebot@anthropic.com)"
216.73.216.146 - - [13/Jan/2026:01:24:16 +0100] "GET /wp-content/uploads/img-3-1-3.jpg HTTP/1.0" 200 47784 "-" "Mozilla/5.0 AppleWebKit/537.36 (KHTML, like Gecko; compatible; ClaudeBot/1.0; +claudebot@anthropic.com)"
216.73.216.146 - - [13/Jan/2026:01:24:17 +0100] "GET /wp-content/uploads/img-4-1-3.jpg HTTP/1.0" 200 71545 "-" "Mozilla/5.0 AppleWebKit/537.36 (KHTML, like Gecko; compatible; ClaudeBot/1.0; +claudebot@anthropic.com)"
216.73.216.146 - - [13/Jan/2026:01:24:17 +0100] "GET /wp-content/uploads/img-5-1-2.jpg HTTP/1.0" 200 145596 "-" "Mozilla/5.0 AppleWebKit/537.36 (KHTML, like Gecko; compatible; ClaudeBot/1.0; +claudebot@anthropic.com)"
94.130.90.54 - - [13/Jan/2026:01:24:21 +0100] "POST /wp-cron.php?doing_wp_cron=1768263861.4419240951538085937500 HTTP/1.0" 200 4074 "-" "Zu77bHCsfTlv"
91.10.111.70 - - [13/Jan/2026:01:24:21 +0100] "POST /wp-admin/admin-ajax.php HTTP/1.0" 200 4551 "https://jockers3.inglory.de/wp-admin/post.php?post=18&action=elementor" "Mozilla/5.0 (Macintosh; Intel Mac OS X 10_15_7) AppleWebKit/537.36 (KHTML, like Gecko) Chrome/143.0.0.0 Safari/537.36"
216.73.216.146 - - [13/Jan/2026:01:24:31 +0100] "GET /wp-content/uploads/img-7-1-1.jpg HTTP/1.0" 200 90990 "-" "Mozilla/5.0 AppleWebKit/537.36 (KHTML, like Gecko; compatible; ClaudeBot/1.0; +claudebot@anthropic.com)"
216.73.216.146 - - [13/Jan/2026:01:24:31 +0100] "GET /wp-content/uploads/img-5-1-5.jpg HTTP/1.0" 200 46787 "-" "Mozilla/5.0 AppleWebKit/537.36 (KHTML, like Gecko; compatible; ClaudeBot/1.0; +claudebot@anthropic.com)"
216.73.216.146 - - [13/Jan/2026:01:24:31 +0100] "GET /wp-content/uploads/img-6-1-3.jpg HTTP/1.0" 200 88737 "-" "Mozilla/5.0 AppleWebKit/537.36 (KHTML, like Gecko; compatible; ClaudeBot/1.0; +claudebot@anthropic.com)"
94.130.90.54 - - [13/Jan/2026:01:24:31 +0100] "GET /wp-content/uploads/img-6-1-3.jpg HTTP/1.1" 304 3412 "https://jockers3.inglory.de/wp-content/uploads/img-6-1-3.jpg" "Serf/1.3.9 (mod_pagespeed/1.13.35.2-0)"
216.73.216.146 - - [13/Jan/2026:01:24:31 +0100] "GET /wp-content/uploads/img-3-1-5.jpg HTTP/1.0" 200 88311 "-" "Mozilla/5.0 AppleWebKit/537.36 (KHTML, like Gecko; compatible; ClaudeBot/1.0; +claudebot@anthropic.com)"
94.130.90.54 - - [13/Jan/2026:01:24:31 +0100] "GET /wp-content/uploads/img-3-1-5.jpg HTTP/1.1" 304 3412 "https://jockers3.inglory.de/wp-content/uploads/img-3-1-5.jpg" "Serf/1.3.9 (mod_pagespeed/1.13.35.2-0)"
216.73.216.146 - - [13/Jan/2026:01:24:31 +0100] "GET /wp-content/uploads/img-5-1-4.jpg HTTP/1.0" 200 71665 "-" "Mozilla/5.0 AppleWebKit/537.36 (KHTML, like Gecko; compatible; ClaudeBot/1.0; +claudebot@anthropic.com)"
94.130.90.54 - - [13/Jan/2026:01:24:31 +0100] "GET /wp-content/uploads/img-5-1-4.jpg HTTP/1.1" 304 3412 "https://jockers3.inglory.de/wp-content/uploads/img-5-1-4.jpg" "Serf/1.3.9 (mod_pagespeed/1.13.35.2-0)"
216.73.216.146 - - [13/Jan/2026:01:24:32 +0100] "GET /wp-content/uploads/elementor/css/A.post-41.css,qver=1768234566.pagespeed.cf.ktRugIZXhs.css HTTP/1.0" 200 5246 "-" "Mozilla/5.0 AppleWebKit/537.36 (KHTML, like Gecko; compatible; ClaudeBot/1.0; +claudebot@anthropic.com)"
216.73.216.146 - - [13/Jan/2026:01:24:32 +0100] "GET /wp-content/uploads/img-4-1-5.jpg HTTP/1.0" 200 65316 "-" "Mozilla/5.0 AppleWebKit/537.36 (KHTML, like Gecko; compatible; ClaudeBot/1.0; +claudebot@anthropic.com)"
94.130.90.54 - - [13/Jan/2026:01:24:32 +0100] "GET /wp-content/uploads/img-4-1-5.jpg HTTP/1.1" 304 3411 "https://jockers3.inglory.de/wp-content/uploads/img-4-1-5.jpg" "Serf/1.3.9 (mod_pagespeed/1.13.35.2-0)"
216.73.216.146 - - [13/Jan/2026:01:24:32 +0100] "GET /wp-content/uploads/img-6-1-2.jpg HTTP/1.0" 200 153166 "-" "Mozilla/5.0 AppleWebKit/537.36 (KHTML, like Gecko; compatible; ClaudeBot/1.0; +claudebot@anthropic.com)"
216.73.216.146 - - [13/Jan/2026:01:24:32 +0100] "GET /wp-content/uploads/img-2-1-6.jpg HTTP/1.0" 200 59324 "-" "Mozilla/5.0 AppleWebKit/537.36 (KHTML, like Gecko; compatible; ClaudeBot/1.0; +claudebot@anthropic.com)"
94.130.90.54 - - [13/Jan/2026:01:24:32 +0100] "GET /wp-content/uploads/img-2-1-6.jpg HTTP/1.1" 304 3411 "https://jockers3.inglory.de/wp-content/uploads/img-2-1-6.jpg" "Serf/1.3.9 (mod_pagespeed/1.13.35.2-0)"
216.73.216.146 - - [13/Jan/2026:01:24:32 +0100] "GET /wp-content/uploads/img-3-1-4.jpg HTTP/1.0" 200 84663 "-" "Mozilla/5.0 AppleWebKit/537.36 (KHTML, like Gecko; compatible; ClaudeBot/1.0; +claudebot@anthropic.com)"
216.73.216.146 - - [13/Jan/2026:01:24:37 +0100] "GET /wp-content/uploads/Edenkoben_001.jpg HTTP/1.0" 200 135438 "-" "Mozilla/5.0 AppleWebKit/537.36 (KHTML, like Gecko; compatible; ClaudeBot/1.0; +claudebot@anthropic.com)"
216.73.216.146 - - [13/Jan/2026:01:24:37 +0100] "GET /wp-content/uploads/img-6-1-1.jpg HTTP/1.0" 200 46302 "-" "Mozilla/5.0 AppleWebKit/537.36 (KHTML, like Gecko; compatible; ClaudeBot/1.0; +claudebot@anthropic.com)"
216.73.216.146 - - [13/Jan/2026:01:24:37 +0100] "GET /wp-content/uploads/img-1-1-1.jpg HTTP/1.0" 200 41941 "-" "Mozilla/5.0 AppleWebKit/537.36 (KHTML, like Gecko; compatible; ClaudeBot/1.0; +claudebot@anthropic.com)"
216.73.216.146 - - [13/Jan/2026:01:24:37 +0100] "GET /wp-content/uploads/img-3-1-6.jpg HTTP/1.0" 200 127530 "-" "Mozilla/5.0 AppleWebKit/537.36 (KHTML, like Gecko; compatible; ClaudeBot/1.0; +claudebot@anthropic.com)"
94.130.90.54 - - [13/Jan/2026:01:24:37 +0100] "GET /wp-content/uploads/img-3-1-6.jpg HTTP/1.1" 304 3412 "https://jockers3.inglory.de/wp-content/uploads/img-3-1-6.jpg" "Serf/1.3.9 (mod_pagespeed/1.13.35.2-0)"
216.73.216.146 - - [13/Jan/2026:01:24:37 +0100] "GET /wp-content/uploads/img-8-1-1.jpg HTTP/1.0" 200 103181 "-" "Mozilla/5.0 AppleWebKit/537.36 (KHTML, like Gecko; compatible; ClaudeBot/1.0; +claudebot@anthropic.com)"
216.73.216.146 - - [13/Jan/2026:01:24:37 +0100] "GET /wp-content/uploads/img-5-1-1.jpg HTTP/1.0" 200 83657 "-" "Mozilla/5.0 AppleWebKit/537.36 (KHTML, like Gecko; compatible; ClaudeBot/1.0; +claudebot@anthropic.com)"
216.73.216.146 - - [13/Jan/2026:01:24:37 +0100] "GET /wp-content/uploads/elementor/css/A.post-182.css,qver=1768234387.pagespeed.cf.80plnKt_g2.css HTTP/1.0" 200 9147 "-" "Mozilla/5.0 AppleWebKit/537.36 (KHTML, like Gecko; compatible; ClaudeBot/1.0; +claudebot@anthropic.com)"
216.73.216.146 - - [13/Jan/2026:01:24:37 +0100] "GET /wp-content/plugins/elementor/assets/lib/e-gallery/css/A.e-gallery.min.css,qver=1.2.0.pagespeed.cf.ldKtz1DmOW.css HTTP/1.0" 200 4947 "-" "Mozilla/5.0 AppleWebKit/537.36 (KHTML, like Gecko; compatible; ClaudeBot/1.0; +claudebot@anthropic.com)"
216.73.216.146 - - [13/Jan/2026:01:24:37 +0100] "GET /wp-content/uploads/img-6-1-4.jpg HTTP/1.0" 200 69667 "-" "Mozilla/5.0 AppleWebKit/537.36 (KHTML, like Gecko; compatible; ClaudeBot/1.0; +claudebot@anthropic.com)"
94.130.90.54 - - [13/Jan/2026:01:24:37 +0100] "GET /wp-content/uploads/img-6-1-4.jpg HTTP/1.1" 304 3411 "https://jockers3.inglory.de/wp-content/uploads/img-6-1-4.jpg" "Serf/1.3.9 (mod_pagespeed/1.13.35.2-0)"
216.73.216.146 - - [13/Jan/2026:01:24:38 +0100] "GET /wp-content/uploads/img-4-1-6.jpg HTTP/1.0" 200 121488 "-" "Mozilla/5.0 AppleWebKit/537.36 (KHTML, like Gecko; compatible; ClaudeBot/1.0; +claudebot@anthropic.com)"
94.130.90.54 - - [13/Jan/2026:01:24:38 +0100] "GET /wp-content/uploads/img-4-1-6.jpg HTTP/1.1" 304 3412 "https://jockers3.inglory.de/wp-content/uploads/img-4-1-6.jpg" "Serf/1.3.9 (mod_pagespeed/1.13.35.2-0)"
216.73.216.146 - - [13/Jan/2026:01:25:38 +0100] "GET /wp-content/uploads/jockers-sauna-referenzen-innensauna4_large.jpg HTTP/1.0" 200 201557 "-" "Mozilla/5.0 AppleWebKit/537.36 (KHTML, like Gecko; compatible; ClaudeBot/1.0; +claudebot@anthropic.com)"
216.73.216.146 - - [13/Jan/2026:01:25:38 +0100] "GET /wp-content/uploads/jockers-sauna-referenzen-innensauna3_large.jpg HTTP/1.0" 200 95366 "-" "Mozilla/5.0 AppleWebKit/537.36 (KHTML, like Gecko; compatible; ClaudeBot/1.0; +claudebot@anthropic.com)"
216.73.216.146 - - [13/Jan/2026:01:25:38 +0100] "GET /wp-content/uploads/jockers-sauna-referenzen-innensauna2_large.jpg HTTP/1.0" 200 177390 "-" "Mozilla/5.0 AppleWebKit/537.36 (KHTML, like Gecko; compatible; ClaudeBot/1.0; +claudebot@anthropic.com)"
94.130.90.54 - - [13/Jan/2026:01:25:38 +0100] "GET /wp-content/plugins/elementor/assets/lib/e-gallery/js/e-gallery.min.js?ver=1.2.0 HTTP/1.1" 304 3411 "-" "Serf/1.3.9 (mod_pagespeed/1.13.35.2-0)"
216.73.216.146 - - [13/Jan/2026:01:25:38 +0100] "GET /wp-content/plugins/elementor/assets/lib/e-gallery/js/e-gallery.min.js,qver=1.2.0.pagespeed.jm.9uqt_BOspZ.js HTTP/1.0" 200 8784 "-" "Mozilla/5.0 AppleWebKit/537.36 (KHTML, like Gecko; compatible; ClaudeBot/1.0; +claudebot@anthropic.com)"
216.73.216.146 - - [13/Jan/2026:01:25:38 +0100] "GET /wp-content/uploads/jockers-sauna-frontal_large-1-1-scaled-1.jpg HTTP/1.0" 200 122000 "-" "Mozilla/5.0 AppleWebKit/537.36 (KHTML, like Gecko; compatible; ClaudeBot/1.0; +claudebot@anthropic.com)"
94.130.90.54 - - [13/Jan/2026:01:25:39 +0100] "GET /wp-content/uploads/img-1-6.jpg HTTP/1.1" 304 3412 "-" "Serf/1.3.9 (mod_pagespeed/1.13.35.2-0)"
216.73.216.146 - - [13/Jan/2026:01:25:39 +0100] "GET /wp-content/uploads/img-1-6.jpg.pagespeed.ce.iDSX8a_AFe.jpg HTTP/1.0" 200 184334 "-" "Mozilla/5.0 AppleWebKit/537.36 (KHTML, like Gecko; compatible; ClaudeBot/1.0; +claudebot@anthropic.com)"
216.73.216.146 - - [13/Jan/2026:01:25:39 +0100] "GET /wp-content/uploads/Aussensauna-Bild-gross-1.jpg HTTP/1.0" 200 485848 "-" "Mozilla/5.0 AppleWebKit/537.36 (KHTML, like Gecko; compatible; ClaudeBot/1.0; +claudebot@anthropic.com)"
94.130.90.54 - - [13/Jan/2026:01:25:39 +0100] "GET /wp-content/uploads/img-1-2.jpg HTTP/1.1" 304 3411 "-" "Serf/1.3.9 (mod_pagespeed/1.13.35.2-0)"
216.73.216.146 - - [13/Jan/2026:01:25:39 +0100] "GET /wp-content/uploads/img-1-2.jpg.pagespeed.ce.Nf2-E2LLDd.jpg HTTP/1.0" 200 62406 "-" "Mozilla/5.0 AppleWebKit/537.36 (KHTML, like Gecko; compatible; ClaudeBot/1.0; +claudebot@anthropic.com)"
216.73.216.146 - - [13/Jan/2026:01:25:39 +0100] "GET /wp-content/uploads/jockers-sauna-Totale1_large-1.jpg HTTP/1.0" 200 162177 "-" "Mozilla/5.0 AppleWebKit/537.36 (KHTML, like Gecko; compatible; ClaudeBot/1.0; +claudebot@anthropic.com)"
216.73.216.146 - - [13/Jan/2026:01:25:39 +0100] "GET /wp-content/uploads/Aussensauna-Bild-gross-3.jpg HTTP/1.0" 200 991031 "-" "Mozilla/5.0 AppleWebKit/537.36 (KHTML, like Gecko; compatible; ClaudeBot/1.0; +claudebot@anthropic.com)"
216.73.216.146 - - [13/Jan/2026:01:25:49 +0100] "GET /wp-content/uploads/img-4-1-6.jpg.pagespeed.ce.cEUVpfEWIZ.jpg HTTP/1.0" 200 121553 "-" "Mozilla/5.0 AppleWebKit/537.36 (KHTML, like Gecko; compatible; ClaudeBot/1.0; +claudebot@anthropic.com)"
216.73.216.146 - - [13/Jan/2026:01:25:49 +0100] "GET /wp-content/uploads/img-4-1-7.jpg.pagespeed.ce.vg8UsvYC5f.jpg HTTP/1.0" 200 62485 "-" "Mozilla/5.0 AppleWebKit/537.36 (KHTML, like Gecko; compatible; ClaudeBot/1.0; +claudebot@anthropic.com)"
216.73.216.146 - - [13/Jan/2026:01:25:49 +0100] "GET /wp-content/uploads/jockers-sauna-Fritz-Walter-Weinhotel_002_large-1.jpg HTTP/1.0" 200 89144 "-" "Mozilla/5.0 AppleWebKit/537.36 (KHTML, like Gecko; compatible; ClaudeBot/1.0; +claudebot@anthropic.com)"
216.73.216.146 - - [13/Jan/2026:01:25:49 +0100] "GET /wp-content/uploads/jockers-sauna-aussensauna-Limburgerhof_004_large-2.jpg HTTP/1.0" 200 481984 "-" "Mozilla/5.0 AppleWebKit/537.36 (KHTML, like Gecko; compatible; ClaudeBot/1.0; +claudebot@anthropic.com)"
216.73.216.146 - - [13/Jan/2026:01:25:49 +0100] "GET /wp-content/uploads/jockers-sauna-Fritz-Walter-Weinhotel_003Griff_large-1.jpg HTTP/1.0" 200 153917 "-" "Mozilla/5.0 AppleWebKit/537.36 (KHTML, like Gecko; compatible; ClaudeBot/1.0; +claudebot@anthropic.com)"
94.130.90.54 - - [13/Jan/2026:01:25:49 +0100] "GET /wp-content/uploads/img-4-1-7.jpg HTTP/1.1" 304 3411 "https://jockers3.inglory.de/wp-content/uploads/img-4-1-7.jpg.pagespeed.ce.vg8UsvYC5f.jpg" "Serf/1.3.9 (mod_pagespeed/1.13.35.2-0)"
