94.130.90.54 - - [12/Jan/2026:23:52:04 +0100] "GET /wp-content/uploads/img-3-1-6.jpg HTTP/1.1" 200 126985 "https://jockers3.inglory.de/angebote/" "Serf/1.3.9 (mod_pagespeed/1.13.35.2-0)"
216.73.216.146 - - [12/Jan/2026:23:52:03 +0100] "GET /angebote/ HTTP/1.0" 200 28887 "https://jockers3.inglory.de/angebot" "Mozilla/5.0 AppleWebKit/537.36 (KHTML, like Gecko; compatible; ClaudeBot/1.0; +claudebot@anthropic.com)"
94.130.90.54 - - [12/Jan/2026:23:52:04 +0100] "GET /wp-content/uploads/img-3-1-6.jpg HTTP/1.1" 200 126985 "https://jockers3.inglory.de/angebote/" "Serf/1.3.9 (mod_pagespeed/1.13.35.2-0)"
94.130.90.54 - - [12/Jan/2026:23:52:04 +0100] "GET /wp-content/uploads/img-3-1-6-259x300.jpg HTTP/1.1" 200 12242 "https://jockers3.inglory.de/angebote/" "Serf/1.3.9 (mod_pagespeed/1.13.35.2-0)"
94.130.90.54 - - [12/Jan/2026:23:52:04 +0100] "GET /wp-content/uploads/img-3-1-6-884x1024.jpg HTTP/1.1" 200 75567 "https://jockers3.inglory.de/angebote/" "Serf/1.3.9 (mod_pagespeed/1.13.35.2-0)"
94.130.90.54 - - [12/Jan/2026:23:52:04 +0100] "GET /wp-content/uploads/img-3-1-6-768x890.jpg HTTP/1.1" 200 59323 "https://jockers3.inglory.de/angebote/" "Serf/1.3.9 (mod_pagespeed/1.13.35.2-0)"
94.130.90.54 - - [12/Jan/2026:23:52:04 +0100] "GET /wp-content/uploads/img-3-1-6-1326x1536.jpg HTTP/1.1" 200 142395 "https://jockers3.inglory.de/angebote/" "Serf/1.3.9 (mod_pagespeed/1.13.35.2-0)"
94.130.90.54 - - [12/Jan/2026:23:52:04 +0100] "GET /wp-content/uploads/img-4-1-6.jpg HTTP/1.1" 200 120943 "https://jockers3.inglory.de/angebote/" "Serf/1.3.9 (mod_pagespeed/1.13.35.2-0)"
94.130.90.54 - - [12/Jan/2026:23:52:04 +0100] "GET /wp-content/uploads/img-4-1-6.jpg HTTP/1.1" 200 120943 "https://jockers3.inglory.de/angebote/" "Serf/1.3.9 (mod_pagespeed/1.13.35.2-0)"
94.130.90.54 - - [12/Jan/2026:23:52:04 +0100] "GET /wp-content/uploads/img-4-1-6-226x300.jpg HTTP/1.1" 200 13664 "https://jockers3.inglory.de/angebote/" "Serf/1.3.9 (mod_pagespeed/1.13.35.2-0)"
94.130.90.54 - - [12/Jan/2026:23:52:04 +0100] "GET /wp-content/uploads/img-4-1-6-772x1024.jpg HTTP/1.1" 200 67509 "https://jockers3.inglory.de/angebote/" "Serf/1.3.9 (mod_pagespeed/1.13.35.2-0)"
94.130.90.54 - - [12/Jan/2026:23:52:04 +0100] "GET /wp-content/uploads/img-4-1-6-768x1018.jpg HTTP/1.1" 200 66553 "https://jockers3.inglory.de/angebote/" "Serf/1.3.9 (mod_pagespeed/1.13.35.2-0)"
94.130.90.54 - - [12/Jan/2026:23:52:04 +0100] "GET /wp-content/uploads/img-4-1-6-1158x1536.jpg HTTP/1.1" 200 118946 "https://jockers3.inglory.de/angebote/" "Serf/1.3.9 (mod_pagespeed/1.13.35.2-0)"
94.130.90.54 - - [12/Jan/2026:23:52:04 +0100] "GET /wp-content/uploads/img-5-1-4.jpg HTTP/1.1" 200 71099 "https://jockers3.inglory.de/angebote/" "Serf/1.3.9 (mod_pagespeed/1.13.35.2-0)"
94.130.90.54 - - [12/Jan/2026:23:52:04 +0100] "GET /wp-content/uploads/img-5-1-4.jpg HTTP/1.1" 200 71099 "https://jockers3.inglory.de/angebote/" "Serf/1.3.9 (mod_pagespeed/1.13.35.2-0)"
94.130.90.54 - - [12/Jan/2026:23:52:04 +0100] "GET /wp-content/uploads/img-5-1-4-281x300.jpg HTTP/1.1" 200 13318 "https://jockers3.inglory.de/angebote/" "Serf/1.3.9 (mod_pagespeed/1.13.35.2-0)"
94.130.90.54 - - [12/Jan/2026:23:52:04 +0100] "GET /wp-content/uploads/img-5-1-4-959x1024.jpg HTTP/1.1" 200 65821 "https://jockers3.inglory.de/angebote/" "Serf/1.3.9 (mod_pagespeed/1.13.35.2-0)"
94.130.90.54 - - [12/Jan/2026:23:52:04 +0100] "GET /wp-content/uploads/img-5-1-4-768x820.jpg HTTP/1.1" 200 49102 "https://jockers3.inglory.de/angebote/" "Serf/1.3.9 (mod_pagespeed/1.13.35.2-0)"
94.130.90.54 - - [12/Jan/2026:23:52:04 +0100] "GET /wp-content/uploads/img-6-1-4.jpg HTTP/1.1" 200 69094 "https://jockers3.inglory.de/angebote/" "Serf/1.3.9 (mod_pagespeed/1.13.35.2-0)"
94.130.90.54 - - [12/Jan/2026:23:52:04 +0100] "GET /wp-content/uploads/img-6-1-4.jpg HTTP/1.1" 200 69094 "https://jockers3.inglory.de/angebote/" "Serf/1.3.9 (mod_pagespeed/1.13.35.2-0)"
94.130.90.54 - - [12/Jan/2026:23:52:04 +0100] "GET /wp-content/uploads/img-6-1-4-273x300.jpg HTTP/1.1" 200 12875 "https://jockers3.inglory.de/angebote/" "Serf/1.3.9 (mod_pagespeed/1.13.35.2-0)"
94.130.90.54 - - [12/Jan/2026:23:52:04 +0100] "GET /wp-content/uploads/img-6-1-4-932x1024.jpg HTTP/1.1" 200 62964 "https://jockers3.inglory.de/angebote/" "Serf/1.3.9 (mod_pagespeed/1.13.35.2-0)"
94.130.90.54 - - [12/Jan/2026:23:52:04 +0100] "GET /wp-content/uploads/img-6-1-4-768x843.jpg HTTP/1.1" 200 47841 "https://jockers3.inglory.de/angebote/" "Serf/1.3.9 (mod_pagespeed/1.13.35.2-0)"
94.130.90.54 - - [12/Jan/2026:23:52:04 +0100] "GET /wp-content/uploads/elementor/css/post-182.css?ver=1768234387 HTTP/1.1" 200 101490 "https://jockers3.inglory.de/angebote/" "Serf/1.3.9 (mod_pagespeed/1.13.35.2-0)"
216.73.216.146 - - [12/Jan/2026:23:52:04 +0100] "GET /comments/feed HTTP/1.0" 301 4166 "-" "Mozilla/5.0 AppleWebKit/537.36 (KHTML, like Gecko; compatible; ClaudeBot/1.0; +claudebot@anthropic.com)"
216.73.216.146 - - [12/Jan/2026:23:52:05 +0100] "GET /comments/feed/ HTTP/1.0" 200 4640 "https://jockers3.inglory.de/comments/feed" "Mozilla/5.0 AppleWebKit/537.36 (KHTML, like Gecko; compatible; ClaudeBot/1.0; +claudebot@anthropic.com)"
216.73.216.146 - - [12/Jan/2026:23:52:05 +0100] "GET /feed HTTP/1.0" 301 4157 "-" "Mozilla/5.0 AppleWebKit/537.36 (KHTML, like Gecko; compatible; ClaudeBot/1.0; +claudebot@anthropic.com)"
216.73.216.146 - - [12/Jan/2026:23:52:05 +0100] "GET /feed/ HTTP/1.0" 200 4742 "https://jockers3.inglory.de/feed" "Mozilla/5.0 AppleWebKit/537.36 (KHTML, like Gecko; compatible; ClaudeBot/1.0; +claudebot@anthropic.com)"
216.73.216.146 - - [12/Jan/2026:23:52:05 +0100] "GET /xmlrpc.php HTTP/1.0" 405 4025 "-" "Mozilla/5.0 AppleWebKit/537.36 (KHTML, like Gecko; compatible; ClaudeBot/1.0; +claudebot@anthropic.com)"
216.73.216.146 - - [12/Jan/2026:23:52:11 +0100] "GET /ausensauna HTTP/1.0" 301 4065 "-" "Mozilla/5.0 AppleWebKit/537.36 (KHTML, like Gecko; compatible; ClaudeBot/1.0; +claudebot@anthropic.com)"
216.73.216.146 - - [12/Jan/2026:23:52:11 +0100] "GET /angebote HTTP/1.0" 301 4063 "-" "Mozilla/5.0 AppleWebKit/537.36 (KHTML, like Gecko; compatible; ClaudeBot/1.0; +claudebot@anthropic.com)"
94.130.90.54 - - [12/Jan/2026:23:52:12 +0100] "GET /wp-content/plugins/elementor-pro/assets/css/widget-media-carousel.min.css?ver=3.34.0 HTTP/1.1" 304 3410 "https://jockers3.inglory.de/ausensauna/" "Serf/1.3.9 (mod_pagespeed/1.13.35.2-0)"
94.130.90.54 - - [12/Jan/2026:23:52:13 +0100] "GET /wp-content/plugins/elementor-pro/assets/css/widget-carousel-module-base.min.css?ver=3.34.0 HTTP/1.1" 304 3410 "https://jockers3.inglory.de/ausensauna/" "Serf/1.3.9 (mod_pagespeed/1.13.35.2-0)"
94.130.90.54 - - [12/Jan/2026:23:52:13 +0100] "GET /wp-content/uploads/img-4-1-2.jpg HTTP/1.1" 200 260710 "https://jockers3.inglory.de/ausensauna/" "Serf/1.3.9 (mod_pagespeed/1.13.35.2-0)"
94.130.90.54 - - [12/Jan/2026:23:52:13 +0100] "GET /wp-content/uploads/img-4-1-2.jpg HTTP/1.1" 200 260710 "https://jockers3.inglory.de/ausensauna/" "Serf/1.3.9 (mod_pagespeed/1.13.35.2-0)"
216.73.216.146 - - [12/Jan/2026:23:52:12 +0100] "GET /ausensauna/ HTTP/1.0" 200 27284 "https://jockers3.inglory.de/ausensauna" "Mozilla/5.0 AppleWebKit/537.36 (KHTML, like Gecko; compatible; ClaudeBot/1.0; +claudebot@anthropic.com)"
94.130.90.54 - - [12/Jan/2026:23:52:13 +0100] "GET /wp-content/uploads/img-4-1-2-300x239.jpg HTTP/1.1" 200 21256 "https://jockers3.inglory.de/ausensauna/" "Serf/1.3.9 (mod_pagespeed/1.13.35.2-0)"
94.130.90.54 - - [12/Jan/2026:23:52:13 +0100] "GET /wp-content/uploads/img-4-1-2-1024x817.jpg HTTP/1.1" 200 193585 "https://jockers3.inglory.de/ausensauna/" "Serf/1.3.9 (mod_pagespeed/1.13.35.2-0)"
94.130.90.54 - - [12/Jan/2026:23:52:13 +0100] "GET /wp-content/uploads/img-4-1-2-768x613.jpg HTTP/1.1" 200 115196 "https://jockers3.inglory.de/ausensauna/" "Serf/1.3.9 (mod_pagespeed/1.13.35.2-0)"
94.130.90.54 - - [12/Jan/2026:23:52:13 +0100] "GET /wp-content/uploads/elementor/css/post-51.css?ver=1768234622 HTTP/1.1" 200 42469 "https://jockers3.inglory.de/ausensauna/" "Serf/1.3.9 (mod_pagespeed/1.13.35.2-0)"
94.130.90.54 - - [12/Jan/2026:23:52:13 +0100] "GET /wp-content/uploads/img-4-1-1.jpg HTTP/1.1" 304 3411 "https://jockers3.inglory.de/ausensauna/" "Serf/1.3.9 (mod_pagespeed/1.13.35.2-0)"
216.73.216.146 - - [12/Jan/2026:23:52:12 +0100] "GET /angebote/ HTTP/1.0" 200 29174 "https://jockers3.inglory.de/angebote" "Mozilla/5.0 AppleWebKit/537.36 (KHTML, like Gecko; compatible; ClaudeBot/1.0; +claudebot@anthropic.com)"
216.73.216.146 - - [12/Jan/2026:23:52:13 +0100] "GET /jockers HTTP/1.0" 301 4062 "-" "Mozilla/5.0 AppleWebKit/537.36 (KHTML, like Gecko; compatible; ClaudeBot/1.0; +claudebot@anthropic.com)"
216.73.216.146 - - [12/Jan/2026:23:52:13 +0100] "GET /impressum HTTP/1.0" 301 4064 "-" "Mozilla/5.0 AppleWebKit/537.36 (KHTML, like Gecko; compatible; ClaudeBot/1.0; +claudebot@anthropic.com)"
94.130.90.54 - - [12/Jan/2026:23:52:14 +0100] "GET /wp-content/uploads/img-7-1-3.jpg HTTP/1.1" 200 57274 "https://jockers3.inglory.de/jockers/" "Serf/1.3.9 (mod_pagespeed/1.13.35.2-0)"
94.130.90.54 - - [12/Jan/2026:23:52:14 +0100] "GET /wp-content/uploads/img-7-1-3.jpg HTTP/1.1" 200 57274 "https://jockers3.inglory.de/jockers/" "Serf/1.3.9 (mod_pagespeed/1.13.35.2-0)"
94.130.90.54 - - [12/Jan/2026:23:52:14 +0100] "GET /wp-content/uploads/img-7-1-3-300x200.jpg HTTP/1.1" 200 11126 "https://jockers3.inglory.de/jockers/" "Serf/1.3.9 (mod_pagespeed/1.13.35.2-0)"
94.130.90.54 - - [12/Jan/2026:23:52:14 +0100] "GET /wp-content/uploads/img-7-1-3-1024x683.jpg HTTP/1.1" 200 45196 "https://jockers3.inglory.de/jockers/" "Serf/1.3.9 (mod_pagespeed/1.13.35.2-0)"
94.130.90.54 - - [12/Jan/2026:23:52:14 +0100] "GET /wp-content/uploads/img-7-1-3-768x512.jpg HTTP/1.1" 200 32605 "https://jockers3.inglory.de/jockers/" "Serf/1.3.9 (mod_pagespeed/1.13.35.2-0)"
216.73.216.146 - - [12/Jan/2026:23:52:13 +0100] "GET /jockers/ HTTP/1.0" 200 24708 "https://jockers3.inglory.de/jockers" "Mozilla/5.0 AppleWebKit/537.36 (KHTML, like Gecko; compatible; ClaudeBot/1.0; +claudebot@anthropic.com)"
94.130.90.54 - - [12/Jan/2026:23:52:14 +0100] "GET /wp-content/uploads/img-8-1-1.jpg HTTP/1.1" 200 102629 "https://jockers3.inglory.de/jockers/" "Serf/1.3.9 (mod_pagespeed/1.13.35.2-0)"
94.130.90.54 - - [12/Jan/2026:23:52:14 +0100] "GET /wp-content/uploads/img-8-1-1.jpg HTTP/1.1" 200 102629 "https://jockers3.inglory.de/jockers/" "Serf/1.3.9 (mod_pagespeed/1.13.35.2-0)"
94.130.90.54 - - [12/Jan/2026:23:52:14 +0100] "GET /wp-content/uploads/img-8-1-1-300x221.jpg HTTP/1.1" 200 14938 "https://jockers3.inglory.de/jockers/" "Serf/1.3.9 (mod_pagespeed/1.13.35.2-0)"
94.130.90.54 - - [12/Jan/2026:23:52:14 +0100] "GET /wp-content/uploads/img-8-1-1-1024x755.jpg HTTP/1.1" 200 77647 "https://jockers3.inglory.de/jockers/" "Serf/1.3.9 (mod_pagespeed/1.13.35.2-0)"
94.130.90.54 - - [12/Jan/2026:23:52:14 +0100] "GET /wp-content/uploads/img-8-1-1-768x567.jpg HTTP/1.1" 200 51615 "https://jockers3.inglory.de/jockers/" "Serf/1.3.9 (mod_pagespeed/1.13.35.2-0)"
94.130.90.54 - - [12/Jan/2026:23:52:14 +0100] "GET /wp-content/uploads/elementor/css/post-158.css?ver=1768234229 HTTP/1.1" 200 21401 "https://jockers3.inglory.de/jockers/" "Serf/1.3.9 (mod_pagespeed/1.13.35.2-0)"
94.130.90.54 - - [12/Jan/2026:23:52:14 +0100] "GET /wp-content/uploads/teamjockers.jpg HTTP/1.1" 200 138414 "https://jockers3.inglory.de/jockers/" "Serf/1.3.9 (mod_pagespeed/1.13.35.2-0)"
94.130.90.54 - - [12/Jan/2026:23:52:15 +0100] "GET /wp-content/uploads/elementor/css/post-41.css?ver=1768234566 HTTP/1.1" 200 11154 "https://jockers3.inglory.de/impressum/" "Serf/1.3.9 (mod_pagespeed/1.13.35.2-0)"
216.73.216.146 - - [12/Jan/2026:23:52:14 +0100] "GET /impressum/ HTTP/1.0" 200 24162 "https://jockers3.inglory.de/impressum" "Mozilla/5.0 AppleWebKit/537.36 (KHTML, like Gecko; compatible; ClaudeBot/1.0; +claudebot@anthropic.com)"
216.73.216.146 - - [12/Jan/2026:23:52:14 +0100] "GET /datenschutz HTTP/1.0" 301 4066 "-" "Mozilla/5.0 AppleWebKit/537.36 (KHTML, like Gecko; compatible; ClaudeBot/1.0; +claudebot@anthropic.com)"
216.73.216.146 - - [12/Jan/2026:23:52:15 +0100] "GET /presse HTTP/1.0" 301 4061 "-" "Mozilla/5.0 AppleWebKit/537.36 (KHTML, like Gecko; compatible; ClaudeBot/1.0; +claudebot@anthropic.com)"
94.130.90.54 - - [12/Jan/2026:23:52:16 +0100] "POST /wp-cron.php?doing_wp_cron=1768258336.1351649761199951171875 HTTP/1.0" 200 4074 "-" "P1SojQAfO2bz"
94.130.90.54 - - [12/Jan/2026:23:52:16 +0100] "GET /wp-content/uploads/elementor/css/post-2373.css?ver=1768234705 HTTP/1.1" 200 9364 "https://jockers3.inglory.de/datenschutz/" "Serf/1.3.9 (mod_pagespeed/1.13.35.2-0)"
216.73.216.146 - - [12/Jan/2026:23:52:15 +0100] "GET /datenschutz/ HTTP/1.0" 200 30394 "https://jockers3.inglory.de/datenschutz" "Mozilla/5.0 AppleWebKit/537.36 (KHTML, like Gecko; compatible; ClaudeBot/1.0; +claudebot@anthropic.com)"
94.130.90.54 - - [12/Jan/2026:23:52:16 +0100] "POST /wp-cron.php?doing_wp_cron=1768258336.6771008968353271484375 HTTP/1.0" 200 4074 "-" "zlVTxReRmDp8"
94.130.90.54 - - [12/Jan/2026:23:52:16 +0100] "GET /wp-content/uploads/elementor/css/post-2356.css?ver=1768234611 HTTP/1.1" 200 75467 "https://jockers3.inglory.de/presse/" "Serf/1.3.9 (mod_pagespeed/1.13.35.2-0)"
94.130.90.54 - - [12/Jan/2026:23:52:16 +0100] "GET /wp-content/uploads/img-5-1.jpg HTTP/1.1" 304 3411 "https://jockers3.inglory.de/presse/" "Serf/1.3.9 (mod_pagespeed/1.13.35.2-0)"
216.73.216.146 - - [12/Jan/2026:23:52:15 +0100] "GET /presse/ HTTP/1.0" 200 25402 "https://jockers3.inglory.de/presse" "Mozilla/5.0 AppleWebKit/537.36 (KHTML, like Gecko; compatible; ClaudeBot/1.0; +claudebot@anthropic.com)"
94.130.90.54 - - [12/Jan/2026:23:52:16 +0100] "GET /wp-content/uploads/img-6-1.jpg HTTP/1.1" 304 3411 "https://jockers3.inglory.de/presse/" "Serf/1.3.9 (mod_pagespeed/1.13.35.2-0)"
94.130.90.54 - - [12/Jan/2026:23:52:16 +0100] "GET /wp-content/uploads/img-7-1.jpg HTTP/1.1" 304 3411 "https://jockers3.inglory.de/presse/" "Serf/1.3.9 (mod_pagespeed/1.13.35.2-0)"
94.130.90.54 - - [12/Jan/2026:23:52:16 +0100] "GET /wp-content/uploads/img-8-1.jpg HTTP/1.1" 304 3411 "https://jockers3.inglory.de/presse/" "Serf/1.3.9 (mod_pagespeed/1.13.35.2-0)"
94.130.90.54 - - [12/Jan/2026:23:52:16 +0100] "GET /wp-content/uploads/img-9-1.jpg HTTP/1.1" 304 3411 "https://jockers3.inglory.de/presse/" "Serf/1.3.9 (mod_pagespeed/1.13.35.2-0)"
94.130.90.54 - - [12/Jan/2026:23:52:16 +0100] "GET /wp-content/uploads/img-10-1.jpg HTTP/1.1" 304 3411 "https://jockers3.inglory.de/presse/" "Serf/1.3.9 (mod_pagespeed/1.13.35.2-0)"
94.130.90.54 - - [12/Jan/2026:23:52:16 +0100] "GET /wp-content/uploads/img-1-9.jpg HTTP/1.1" 200 50327 "https://jockers3.inglory.de/presse/" "Serf/1.3.9 (mod_pagespeed/1.13.35.2-0)"
94.130.90.54 - - [12/Jan/2026:23:52:16 +0100] "GET /wp-content/uploads/img-3-1-7.jpg HTTP/1.1" 200 39229 "https://jockers3.inglory.de/presse/" "Serf/1.3.9 (mod_pagespeed/1.13.35.2-0)"
94.130.90.54 - - [12/Jan/2026:23:52:16 +0100] "GET /wp-content/uploads/img-4-1-8.jpg HTTP/1.1" 200 38843 "https://jockers3.inglory.de/presse/" "Serf/1.3.9 (mod_pagespeed/1.13.35.2-0)"
94.130.90.54 - - [12/Jan/2026:23:52:16 +0100] "GET /wp-content/uploads/img-5-1-6.jpg HTTP/1.1" 200 44625 "https://jockers3.inglory.de/presse/" "Serf/1.3.9 (mod_pagespeed/1.13.35.2-0)"
94.130.90.54 - - [12/Jan/2026:23:52:16 +0100] "GET /wp-content/uploads/img-6-1-6.jpg HTTP/1.1" 200 67273 "https://jockers3.inglory.de/presse/" "Serf/1.3.9 (mod_pagespeed/1.13.35.2-0)"
94.130.90.54 - - [12/Jan/2026:23:52:16 +0100] "GET /wp-content/uploads/img-7-1-5.jpg HTTP/1.1" 200 58508 "https://jockers3.inglory.de/presse/" "Serf/1.3.9 (mod_pagespeed/1.13.35.2-0)"
94.130.90.54 - - [12/Jan/2026:23:52:16 +0100] "GET /wp-content/uploads/img-8-1-2.jpg HTTP/1.1" 200 45541 "https://jockers3.inglory.de/presse/" "Serf/1.3.9 (mod_pagespeed/1.13.35.2-0)"
216.73.216.146 - - [12/Jan/2026:23:52:57 +0100] "GET /wp-content/plugins/elementor/assets/js/webpack.runtime.min.js HTTP/1.0" 200 6616 "-" "Mozilla/5.0 AppleWebKit/537.36 (KHTML, like Gecko; compatible; ClaudeBot/1.0; +claudebot@anthropic.com)"
216.73.216.146 - - [12/Jan/2026:23:52:57 +0100] "GET /produktion HTTP/1.0" 301 4065 "-" "Mozilla/5.0 AppleWebKit/537.36 (KHTML, like Gecko; compatible; ClaudeBot/1.0; +claudebot@anthropic.com)"
216.73.216.146 - - [12/Jan/2026:23:52:58 +0100] "GET /wp-content/uploads/60033.pdf HTTP/1.0" 200 1451656 "-" "Mozilla/5.0 AppleWebKit/537.36 (KHTML, like Gecko; compatible; ClaudeBot/1.0; +claudebot@anthropic.com)"
94.130.90.54 - - [12/Jan/2026:23:52:59 +0100] "GET /wp-content/uploads/elementor/css/post-159.css?ver=1768234610 HTTP/1.1" 200 55311 "https://jockers3.inglory.de/produktion/" "Serf/1.3.9 (mod_pagespeed/1.13.35.2-0)"
94.130.90.54 - - [12/Jan/2026:23:52:59 +0100] "GET /wp-content/uploads/img-6-1-5.jpg HTTP/1.1" 200 29845 "https://jockers3.inglory.de/produktion/" "Serf/1.3.9 (mod_pagespeed/1.13.35.2-0)"
94.130.90.54 - - [12/Jan/2026:23:52:59 +0100] "GET /wp-content/uploads/img-6-1-5.jpg HTTP/1.1" 200 29845 "https://jockers3.inglory.de/produktion/" "Serf/1.3.9 (mod_pagespeed/1.13.35.2-0)"
216.73.216.146 - - [12/Jan/2026:23:52:58 +0100] "GET /produktion/ HTTP/1.0" 200 29476 "https://jockers3.inglory.de/produktion" "Mozilla/5.0 AppleWebKit/537.36 (KHTML, like Gecko; compatible; ClaudeBot/1.0; +claudebot@anthropic.com)"
94.130.90.54 - - [12/Jan/2026:23:52:59 +0100] "GET /wp-content/uploads/img-6-1-5-269x300.jpg HTTP/1.1" 200 12490 "https://jockers3.inglory.de/produktion/" "Serf/1.3.9 (mod_pagespeed/1.13.35.2-0)"
94.130.90.54 - - [12/Jan/2026:23:52:59 +0100] "GET /wp-content/uploads/img-6-1-5-768x856.jpg HTTP/1.1" 200 35020 "https://jockers3.inglory.de/produktion/" "Serf/1.3.9 (mod_pagespeed/1.13.35.2-0)"
94.130.90.54 - - [12/Jan/2026:23:52:59 +0100] "GET /wp-content/uploads/img-7-1-4.jpg HTTP/1.1" 200 64448 "https://jockers3.inglory.de/produktion/" "Serf/1.3.9 (mod_pagespeed/1.13.35.2-0)"
94.130.90.54 - - [12/Jan/2026:23:52:59 +0100] "GET /wp-content/uploads/img-7-1-4.jpg HTTP/1.1" 200 64448 "https://jockers3.inglory.de/produktion/" "Serf/1.3.9 (mod_pagespeed/1.13.35.2-0)"
94.130.90.54 - - [12/Jan/2026:23:52:59 +0100] "GET /wp-content/uploads/img-7-1-4-261x300.jpg HTTP/1.1" 200 10289 "https://jockers3.inglory.de/produktion/" "Serf/1.3.9 (mod_pagespeed/1.13.35.2-0)"
94.130.90.54 - - [12/Jan/2026:23:52:59 +0100] "GET /wp-content/uploads/img-7-1-4-768x883.jpg HTTP/1.1" 200 38084 "https://jockers3.inglory.de/produktion/" "Serf/1.3.9 (mod_pagespeed/1.13.35.2-0)"
216.73.216.146 - - [12/Jan/2026:23:52:59 +0100] "GET /ausstellung HTTP/1.0" 301 4066 "-" "Mozilla/5.0 AppleWebKit/537.36 (KHTML, like Gecko; compatible; ClaudeBot/1.0; +claudebot@anthropic.com)"
216.73.216.146 - - [12/Jan/2026:23:52:59 +0100] "GET /innensauna HTTP/1.0" 301 4065 "-" "Mozilla/5.0 AppleWebKit/537.36 (KHTML, like Gecko; compatible; ClaudeBot/1.0; +claudebot@anthropic.com)"
94.130.90.54 - - [12/Jan/2026:23:53:00 +0100] "GET /wp-content/plugins/elementor/assets/css/widget-google_maps.min.css?ver=3.34.1 HTTP/1.1" 200 3797 "https://jockers3.inglory.de/ausstellung/" "Serf/1.3.9 (mod_pagespeed/1.13.35.2-0)"
94.130.90.54 - - [12/Jan/2026:23:53:00 +0100] "GET /wp-content/uploads/img-4-1-7.jpg HTTP/1.1" 200 61847 "https://jockers3.inglory.de/ausstellung/" "Serf/1.3.9 (mod_pagespeed/1.13.35.2-0)"
94.130.90.54 - - [12/Jan/2026:23:53:00 +0100] "GET /wp-content/uploads/img-4-1-7.jpg HTTP/1.1" 200 61847 "https://jockers3.inglory.de/ausstellung/" "Serf/1.3.9 (mod_pagespeed/1.13.35.2-0)"
94.130.90.54 - - [12/Jan/2026:23:53:00 +0100] "GET /wp-content/uploads/img-4-1-7-233x300.jpg HTTP/1.1" 200 10745 "https://jockers3.inglory.de/ausstellung/" "Serf/1.3.9 (mod_pagespeed/1.13.35.2-0)"
94.130.90.54 - - [12/Jan/2026:23:53:00 +0100] "GET /wp-content/uploads/img-4-1-7-797x1024.jpg HTTP/1.1" 200 62830 "https://jockers3.inglory.de/ausstellung/" "Serf/1.3.9 (mod_pagespeed/1.13.35.2-0)"
216.73.216.146 - - [12/Jan/2026:23:52:59 +0100] "GET /ausstellung/ HTTP/1.0" 200 24850 "https://jockers3.inglory.de/ausstellung" "Mozilla/5.0 AppleWebKit/537.36 (KHTML, like Gecko; compatible; ClaudeBot/1.0; +claudebot@anthropic.com)"
94.130.90.54 - - [12/Jan/2026:23:53:00 +0100] "GET /wp-content/uploads/img-4-1-7-768x987.jpg HTTP/1.1" 200 60263 "https://jockers3.inglory.de/ausstellung/" "Serf/1.3.9 (mod_pagespeed/1.13.35.2-0)"
94.130.90.54 - - [12/Jan/2026:23:53:00 +0100] "GET /wp-content/uploads/img-5-1-5.jpg HTTP/1.1" 200 46207 "https://jockers3.inglory.de/ausstellung/" "Serf/1.3.9 (mod_pagespeed/1.13.35.2-0)"
94.130.90.54 - - [12/Jan/2026:23:53:00 +0100] "GET /wp-content/uploads/img-5-1-5.jpg HTTP/1.1" 200 46207 "https://jockers3.inglory.de/ausstellung/" "Serf/1.3.9 (mod_pagespeed/1.13.35.2-0)"
94.130.90.54 - - [12/Jan/2026:23:53:00 +0100] "GET /wp-content/uploads/img-5-1-5-269x300.jpg HTTP/1.1" 200 12765 "https://jockers3.inglory.de/ausstellung/" "Serf/1.3.9 (mod_pagespeed/1.13.35.2-0)"
94.130.90.54 - - [12/Jan/2026:23:53:00 +0100] "GET /wp-content/uploads/img-5-1-5-768x856.jpg HTTP/1.1" 200 46026 "https://jockers3.inglory.de/ausstellung/" "Serf/1.3.9 (mod_pagespeed/1.13.35.2-0)"
94.130.90.54 - - [12/Jan/2026:23:53:00 +0100] "GET /wp-content/uploads/elementor/css/post-160.css?ver=1768234623 HTTP/1.1" 200 27605 "https://jockers3.inglory.de/ausstellung/" "Serf/1.3.9 (mod_pagespeed/1.13.35.2-0)"
94.130.90.54 - - [12/Jan/2026:23:53:01 +0100] "GET /wp-content/uploads/img-1-2.jpg HTTP/1.1" 200 61770 "https://jockers3.inglory.de/innensauna/" "Serf/1.3.9 (mod_pagespeed/1.13.35.2-0)"
94.130.90.54 - - [12/Jan/2026:23:53:01 +0100] "GET /wp-content/uploads/img-1-2.jpg HTTP/1.1" 200 61770 "https://jockers3.inglory.de/innensauna/" "Serf/1.3.9 (mod_pagespeed/1.13.35.2-0)"
216.73.216.146 - - [12/Jan/2026:23:53:00 +0100] "GET /innensauna/ HTTP/1.0" 200 36121 "https://jockers3.inglory.de/innensauna" "Mozilla/5.0 AppleWebKit/537.36 (KHTML, like Gecko; compatible; ClaudeBot/1.0; +claudebot@anthropic.com)"
94.130.90.54 - - [12/Jan/2026:23:53:01 +0100] "GET /wp-content/uploads/img-1-2-300x280.jpg HTTP/1.1" 200 14058 "https://jockers3.inglory.de/innensauna/" "Serf/1.3.9 (mod_pagespeed/1.13.35.2-0)"
94.130.90.54 - - [12/Jan/2026:23:53:01 +0100] "GET /wp-content/uploads/img-1-2-1024x956.jpg HTTP/1.1" 200 65325 "https://jockers3.inglory.de/innensauna/" "Serf/1.3.9 (mod_pagespeed/1.13.35.2-0)"
94.130.90.54 - - [12/Jan/2026:23:53:01 +0100] "GET /wp-content/uploads/img-1-2-768x717.jpg HTTP/1.1" 200 45660 "https://jockers3.inglory.de/innensauna/" "Serf/1.3.9 (mod_pagespeed/1.13.35.2-0)"
94.130.90.54 - - [12/Jan/2026:23:53:01 +0100] "GET /wp-content/uploads/img-2-1-2.jpg HTTP/1.1" 200 83038 "https://jockers3.inglory.de/innensauna/" "Serf/1.3.9 (mod_pagespeed/1.13.35.2-0)"
94.130.90.54 - - [12/Jan/2026:23:53:01 +0100] "GET /wp-content/uploads/img-2-1-2.jpg HTTP/1.1" 200 83038 "https://jockers3.inglory.de/innensauna/" "Serf/1.3.9 (mod_pagespeed/1.13.35.2-0)"
94.130.90.54 - - [12/Jan/2026:23:53:01 +0100] "GET /wp-content/uploads/img-2-1-2-300x271.jpg HTTP/1.1" 200 11969 "https://jockers3.inglory.de/innensauna/" "Serf/1.3.9 (mod_pagespeed/1.13.35.2-0)"
94.130.90.54 - - [12/Jan/2026:23:53:01 +0100] "GET /wp-content/uploads/img-2-1-2-1024x925.jpg HTTP/1.1" 200 67213 "https://jockers3.inglory.de/innensauna/" "Serf/1.3.9 (mod_pagespeed/1.13.35.2-0)"
94.130.90.54 - - [12/Jan/2026:23:53:01 +0100] "GET /wp-content/uploads/img-2-1-2-768x694.jpg HTTP/1.1" 200 48058 "https://jockers3.inglory.de/innensauna/" "Serf/1.3.9 (mod_pagespeed/1.13.35.2-0)"
94.130.90.54 - - [12/Jan/2026:23:53:01 +0100] "GET /wp-content/uploads/img-3-1-2.jpg HTTP/1.1" 200 56930 "https://jockers3.inglory.de/innensauna/" "Serf/1.3.9 (mod_pagespeed/1.13.35.2-0)"
94.130.90.54 - - [12/Jan/2026:23:53:01 +0100] "GET /wp-content/uploads/img-3-1-2.jpg HTTP/1.1" 200 56930 "https://jockers3.inglory.de/innensauna/" "Serf/1.3.9 (mod_pagespeed/1.13.35.2-0)"
94.130.90.54 - - [12/Jan/2026:23:53:01 +0100] "GET /wp-content/uploads/img-3-1-2-293x300.jpg HTTP/1.1" 200 12699 "https://jockers3.inglory.de/innensauna/" "Serf/1.3.9 (mod_pagespeed/1.13.35.2-0)"
94.130.90.54 - - [12/Jan/2026:23:53:01 +0100] "GET /wp-content/uploads/img-3-1-2-1000x1024.jpg HTTP/1.1" 200 57109 "https://jockers3.inglory.de/innensauna/" "Serf/1.3.9 (mod_pagespeed/1.13.35.2-0)"
94.130.90.54 - - [12/Jan/2026:23:53:01 +0100] "GET /wp-content/uploads/img-3-1-2-768x786.jpg HTTP/1.1" 200 39426 "https://jockers3.inglory.de/innensauna/" "Serf/1.3.9 (mod_pagespeed/1.13.35.2-0)"
94.130.90.54 - - [12/Jan/2026:23:53:01 +0100] "GET /wp-content/uploads/elementor/css/post-50.css?ver=1768234613 HTTP/1.1" 200 67044 "https://jockers3.inglory.de/innensauna/" "Serf/1.3.9 (mod_pagespeed/1.13.35.2-0)"
94.130.90.54 - - [12/Jan/2026:23:53:01 +0100] "GET /wp-content/uploads/image-27.svg HTTP/1.1" 200 67585 "https://jockers3.inglory.de/innensauna/" "Serf/1.3.9 (mod_pagespeed/1.13.35.2-0)"
216.73.216.146 - - [12/Jan/2026:23:53:00 +0100] "GET /kontakt HTTP/1.0" 301 4062 "-" "Mozilla/5.0 AppleWebKit/537.36 (KHTML, like Gecko; compatible; ClaudeBot/1.0; +claudebot@anthropic.com)"
94.130.90.54 - - [12/Jan/2026:23:53:02 +0100] "GET /wp-content/plugins/elementor-pro/assets/css/widget-form.min.css?ver=3.34.0 HTTP/1.1" 200 10365 "https://jockers3.inglory.de/kontakt/" "Serf/1.3.9 (mod_pagespeed/1.13.35.2-0)"
94.130.90.54 - - [12/Jan/2026:23:53:02 +0100] "GET /wp-content/uploads/elementor/css/post-42.css?ver=1768234606 HTTP/1.1" 200 25430 "https://jockers3.inglory.de/kontakt/" "Serf/1.3.9 (mod_pagespeed/1.13.35.2-0)"
94.130.90.54 - - [12/Jan/2026:23:53:02 +0100] "GET /wp-content/uploads/bg-3-1.jpg HTTP/1.1" 200 66986 "https://jockers3.inglory.de/kontakt/" "Serf/1.3.9 (mod_pagespeed/1.13.35.2-0)"
216.73.216.146 - - [12/Jan/2026:23:53:01 +0100] "GET /kontakt/ HTTP/1.0" 200 25522 "https://jockers3.inglory.de/kontakt" "Mozilla/5.0 AppleWebKit/537.36 (KHTML, like Gecko; compatible; ClaudeBot/1.0; +claudebot@anthropic.com)"
216.73.216.146 - - [12/Jan/2026:23:53:03 +0100] "GET /wp-content/uploads/Projekt-Ritter_002-scaled-1.jpeg HTTP/1.0" 200 99067 "-" "Mozilla/5.0 AppleWebKit/537.36 (KHTML, like Gecko; compatible; ClaudeBot/1.0; +claudebot@anthropic.com)"
216.73.216.146 - - [12/Jan/2026:23:53:03 +0100] "GET /wp-content/uploads/logo.svg HTTP/1.0" 200 12856 "-" "Mozilla/5.0 AppleWebKit/537.36 (KHTML, like Gecko; compatible; ClaudeBot/1.0; +claudebot@anthropic.com)"
216.73.216.146 - - [12/Jan/2026:23:53:04 +0100] "GET /wp-content/plugins/elementor-pro/assets/js/webpack-pro.runtime.min.js HTTP/1.0" 200 6996 "-" "Mozilla/5.0 AppleWebKit/537.36 (KHTML, like Gecko; compatible; ClaudeBot/1.0; +claudebot@anthropic.com)"
216.73.216.146 - - [12/Jan/2026:23:53:04 +0100] "GET /wp-content/uploads/63061.pdf HTTP/1.0" 200 1939528 "-" "Mozilla/5.0 AppleWebKit/537.36 (KHTML, like Gecko; compatible; ClaudeBot/1.0; +claudebot@anthropic.com)"
216.73.216.146 - - [12/Jan/2026:23:53:05 +0100] "GET /wp-content/uploads/61523.pdf HTTP/1.0" 200 1952063 "-" "Mozilla/5.0 AppleWebKit/537.36 (KHTML, like Gecko; compatible; ClaudeBot/1.0; +claudebot@anthropic.com)"
216.73.216.146 - - [12/Jan/2026:23:53:05 +0100] "GET /wp-content/uploads/59090.pdf HTTP/1.0" 200 3078049 "-" "Mozilla/5.0 AppleWebKit/537.36 (KHTML, like Gecko; compatible; ClaudeBot/1.0; +claudebot@anthropic.com)"
216.73.216.146 - - [12/Jan/2026:23:53:24 +0100] "GET /wp-content/uploads/Limburgerhof-01.jpeg HTTP/1.0" 200 141276 "-" "Mozilla/5.0 AppleWebKit/537.36 (KHTML, like Gecko; compatible; ClaudeBot/1.0; +claudebot@anthropic.com)"
94.130.90.54 - - [12/Jan/2026:23:53:24 +0100] "POST /wp-cron.php?doing_wp_cron=1768258404.3250069618225097656250 HTTP/1.0" 200 4074 "-" "3PeMXmeaaxLg"
216.73.216.146 - - [12/Jan/2026:23:53:23 +0100] "GET /referenzen-ausensauna HTTP/1.0" 301 4076 "-" "Mozilla/5.0 AppleWebKit/537.36 (KHTML, like Gecko; compatible; ClaudeBot/1.0; +claudebot@anthropic.com)"
216.73.216.146 - - [12/Jan/2026:23:53:24 +0100] "GET /wp-content/uploads/Burrweiler_019.jpeg HTTP/1.0" 200 199591 "-" "Mozilla/5.0 AppleWebKit/537.36 (KHTML, like Gecko; compatible; ClaudeBot/1.0; +claudebot@anthropic.com)"
94.130.90.54 - - [12/Jan/2026:23:53:25 +0100] "GET /wp-content/plugins/elementor-pro/assets/css/conditionals/transitions.min.css?ver=3.34.0 HTTP/1.1" 200 10823 "https://jockers3.inglory.de/referenzen-ausensauna/" "Serf/1.3.9 (mod_pagespeed/1.13.35.2-0)"
94.130.90.54 - - [12/Jan/2026:23:53:25 +0100] "GET /wp-content/uploads/img-1-5.jpg HTTP/1.1" 200 163572 "https://jockers3.inglory.de/referenzen-ausensauna/" "Serf/1.3.9 (mod_pagespeed/1.13.35.2-0)"
94.130.90.54 - - [12/Jan/2026:23:53:25 +0100] "GET /wp-content/uploads/img-1-5.jpg HTTP/1.1" 200 163572 "https://jockers3.inglory.de/referenzen-ausensauna/" "Serf/1.3.9 (mod_pagespeed/1.13.35.2-0)"
94.130.90.54 - - [12/Jan/2026:23:53:25 +0100] "GET /wp-content/uploads/img-1-5-300x275.jpg HTTP/1.1" 200 18734 "https://jockers3.inglory.de/referenzen-ausensauna/" "Serf/1.3.9 (mod_pagespeed/1.13.35.2-0)"
94.130.90.54 - - [12/Jan/2026:23:53:25 +0100] "GET /wp-content/uploads/img-1-5-1024x938.jpg HTTP/1.1" 200 129305 "https://jockers3.inglory.de/referenzen-ausensauna/" "Serf/1.3.9 (mod_pagespeed/1.13.35.2-0)"
216.73.216.146 - - [12/Jan/2026:23:53:24 +0100] "GET /referenzen-ausensauna/ HTTP/1.0" 200 29558 "https://jockers3.inglory.de/referenzen-ausensauna" "Mozilla/5.0 AppleWebKit/537.36 (KHTML, like Gecko; compatible; ClaudeBot/1.0; +claudebot@anthropic.com)"
94.130.90.54 - - [12/Jan/2026:23:53:25 +0100] "GET /wp-content/uploads/img-1-5-768x704.jpg HTTP/1.1" 200 87183 "https://jockers3.inglory.de/referenzen-ausensauna/" "Serf/1.3.9 (mod_pagespeed/1.13.35.2-0)"
94.130.90.54 - - [12/Jan/2026:23:53:25 +0100] "GET /wp-content/uploads/img-2-1-5.jpg HTTP/1.1" 200 135782 "https://jockers3.inglory.de/referenzen-ausensauna/" "Serf/1.3.9 (mod_pagespeed/1.13.35.2-0)"
94.130.90.54 - - [12/Jan/2026:23:53:25 +0100] "GET /wp-content/uploads/img-2-1-5.jpg HTTP/1.1" 200 135782 "https://jockers3.inglory.de/referenzen-ausensauna/" "Serf/1.3.9 (mod_pagespeed/1.13.35.2-0)"
94.130.90.54 - - [12/Jan/2026:23:53:25 +0100] "GET /wp-content/uploads/img-2-1-5-300x230.jpg HTTP/1.1" 200 15674 "https://jockers3.inglory.de/referenzen-ausensauna/" "Serf/1.3.9 (mod_pagespeed/1.13.35.2-0)"
94.130.90.54 - - [12/Jan/2026:23:53:25 +0100] "GET /wp-content/uploads/img-2-1-5-1024x784.jpg HTTP/1.1" 200 95038 "https://jockers3.inglory.de/referenzen-ausensauna/" "Serf/1.3.9 (mod_pagespeed/1.13.35.2-0)"
94.130.90.54 - - [12/Jan/2026:23:53:25 +0100] "GET /wp-content/uploads/img-2-1-5-768x588.jpg HTTP/1.1" 200 59164 "https://jockers3.inglory.de/referenzen-ausensauna/" "Serf/1.3.9 (mod_pagespeed/1.13.35.2-0)"
94.130.90.54 - - [12/Jan/2026:23:53:25 +0100] "GET /wp-content/uploads/img-3-1-4.jpg HTTP/1.1" 200 84097 "https://jockers3.inglory.de/referenzen-ausensauna/" "Serf/1.3.9 (mod_pagespeed/1.13.35.2-0)"
94.130.90.54 - - [12/Jan/2026:23:53:25 +0100] "GET /wp-content/uploads/img-3-1-4.jpg HTTP/1.1" 200 84097 "https://jockers3.inglory.de/referenzen-ausensauna/" "Serf/1.3.9 (mod_pagespeed/1.13.35.2-0)"
94.130.90.54 - - [12/Jan/2026:23:53:25 +0100] "GET /wp-content/uploads/img-3-1-4-297x300.jpg HTTP/1.1" 200 15351 "https://jockers3.inglory.de/referenzen-ausensauna/" "Serf/1.3.9 (mod_pagespeed/1.13.35.2-0)"
94.130.90.54 - - [12/Jan/2026:23:53:25 +0100] "GET /wp-content/uploads/img-3-1-4-1015x1024.jpg HTTP/1.1" 200 86231 "https://jockers3.inglory.de/referenzen-ausensauna/" "Serf/1.3.9 (mod_pagespeed/1.13.35.2-0)"
94.130.90.54 - - [12/Jan/2026:23:53:25 +0100] "GET /wp-content/uploads/img-3-1-4-150x150.jpg HTTP/1.1" 200 7989 "https://jockers3.inglory.de/referenzen-ausensauna/" "Serf/1.3.9 (mod_pagespeed/1.13.35.2-0)"
94.130.90.54 - - [12/Jan/2026:23:53:25 +0100] "GET /wp-content/uploads/img-3-1-4-768x775.jpg HTTP/1.1" 200 63268 "https://jockers3.inglory.de/referenzen-ausensauna/" "Serf/1.3.9 (mod_pagespeed/1.13.35.2-0)"
94.130.90.54 - - [12/Jan/2026:23:53:25 +0100] "GET /wp-content/uploads/img-4-1-4.jpg HTTP/1.1" 200 146557 "https://jockers3.inglory.de/referenzen-ausensauna/" "Serf/1.3.9 (mod_pagespeed/1.13.35.2-0)"
94.130.90.54 - - [12/Jan/2026:23:53:25 +0100] "GET /wp-content/uploads/img-4-1-4.jpg HTTP/1.1" 200 146557 "https://jockers3.inglory.de/referenzen-ausensauna/" "Serf/1.3.9 (mod_pagespeed/1.13.35.2-0)"
94.130.90.54 - - [12/Jan/2026:23:53:25 +0100] "GET /wp-content/uploads/img-4-1-4-300x248.jpg HTTP/1.1" 200 16820 "https://jockers3.inglory.de/referenzen-ausensauna/" "Serf/1.3.9 (mod_pagespeed/1.13.35.2-0)"
94.130.90.54 - - [12/Jan/2026:23:53:25 +0100] "GET /wp-content/uploads/img-4-1-4-1024x846.jpg HTTP/1.1" 200 108389 "https://jockers3.inglory.de/referenzen-ausensauna/" "Serf/1.3.9 (mod_pagespeed/1.13.35.2-0)"
94.130.90.54 - - [12/Jan/2026:23:53:25 +0100] "GET /wp-content/uploads/img-4-1-4-768x634.jpg HTTP/1.1" 200 70910 "https://jockers3.inglory.de/referenzen-ausensauna/" "Serf/1.3.9 (mod_pagespeed/1.13.35.2-0)"
94.130.90.54 - - [12/Jan/2026:23:53:25 +0100] "GET /wp-content/uploads/img-5-1-2.jpg HTTP/1.1" 200 145058 "https://jockers3.inglory.de/referenzen-ausensauna/" "Serf/1.3.9 (mod_pagespeed/1.13.35.2-0)"
94.130.90.54 - - [12/Jan/2026:23:53:25 +0100] "GET /wp-content/uploads/img-5-1-2.jpg HTTP/1.1" 200 145058 "https://jockers3.inglory.de/referenzen-ausensauna/" "Serf/1.3.9 (mod_pagespeed/1.13.35.2-0)"
94.130.90.54 - - [12/Jan/2026:23:53:25 +0100] "GET /wp-content/uploads/img-5-1-2-300x275.jpg HTTP/1.1" 200 18239 "https://jockers3.inglory.de/referenzen-ausensauna/" "Serf/1.3.9 (mod_pagespeed/1.13.35.2-0)"
94.130.90.54 - - [12/Jan/2026:23:53:25 +0100] "GET /wp-content/uploads/img-5-1-2-1024x938.jpg HTTP/1.1" 200 118702 "https://jockers3.inglory.de/referenzen-ausensauna/" "Serf/1.3.9 (mod_pagespeed/1.13.35.2-0)"
94.130.90.54 - - [12/Jan/2026:23:53:25 +0100] "GET /wp-content/uploads/img-5-1-2-768x704.jpg HTTP/1.1" 200 73977 "https://jockers3.inglory.de/referenzen-ausensauna/" "Serf/1.3.9 (mod_pagespeed/1.13.35.2-0)"
94.130.90.54 - - [12/Jan/2026:23:53:25 +0100] "GET /wp-content/uploads/img-6-1-2.jpg HTTP/1.1" 200 152635 "https://jockers3.inglory.de/referenzen-ausensauna/" "Serf/1.3.9 (mod_pagespeed/1.13.35.2-0)"
94.130.90.54 - - [12/Jan/2026:23:53:25 +0100] "GET /wp-content/uploads/img-6-1-2.jpg HTTP/1.1" 200 152635 "https://jockers3.inglory.de/referenzen-ausensauna/" "Serf/1.3.9 (mod_pagespeed/1.13.35.2-0)"
94.130.90.54 - - [12/Jan/2026:23:53:25 +0100] "GET /wp-content/uploads/img-6-1-2-300x248.jpg HTTP/1.1" 200 16165 "https://jockers3.inglory.de/referenzen-ausensauna/" "Serf/1.3.9 (mod_pagespeed/1.13.35.2-0)"
94.130.90.54 - - [12/Jan/2026:23:53:25 +0100] "GET /wp-content/uploads/img-6-1-2-1024x846.jpg HTTP/1.1" 200 112488 "https://jockers3.inglory.de/referenzen-ausensauna/" "Serf/1.3.9 (mod_pagespeed/1.13.35.2-0)"
94.130.90.54 - - [12/Jan/2026:23:53:25 +0100] "GET /wp-content/uploads/img-6-1-2-768x634.jpg HTTP/1.1" 200 75485 "https://jockers3.inglory.de/referenzen-ausensauna/" "Serf/1.3.9 (mod_pagespeed/1.13.35.2-0)"
94.130.90.54 - - [12/Jan/2026:23:53:25 +0100] "GET /wp-content/plugins/elementor-pro/assets/css/widget-gallery.min.css?ver=3.34.0 HTTP/1.1" 200 9513 "https://jockers3.inglory.de/referenzen-ausensauna/" "Serf/1.3.9 (mod_pagespeed/1.13.35.2-0)"
94.130.90.54 - - [12/Jan/2026:23:53:25 +0100] "GET /wp-content/plugins/elementor/assets/lib/e-gallery/css/e-gallery.min.css?ver=1.2.0 HTTP/1.1" 200 6869 "https://jockers3.inglory.de/referenzen-ausensauna/" "Serf/1.3.9 (mod_pagespeed/1.13.35.2-0)"
94.130.90.54 - - [12/Jan/2026:23:53:25 +0100] "GET /wp-content/uploads/elementor/css/post-169.css?ver=1768234649 HTTP/1.1" 200 49118 "https://jockers3.inglory.de/referenzen-ausensauna/" "Serf/1.3.9 (mod_pagespeed/1.13.35.2-0)"
94.130.90.54 - - [12/Jan/2026:23:53:25 +0100] "GET /wp-content/plugins/elementor/assets/lib/e-gallery/js/e-gallery.min.js?ver=1.2.0 HTTP/1.1" 200 18929 "https://jockers3.inglory.de/referenzen-ausensauna/" "Serf/1.3.9 (mod_pagespeed/1.13.35.2-0)"
216.73.216.146 - - [12/Jan/2026:23:53:25 +0100] "GET /infrarotkabine HTTP/1.0" 301 4069 "-" "Mozilla/5.0 AppleWebKit/537.36 (KHTML, like Gecko; compatible; ClaudeBot/1.0; +claudebot@anthropic.com)"
216.73.216.146 - - [12/Jan/2026:23:53:25 +0100] "GET /wp-content/uploads/Google-logo.svg HTTP/1.0" 200 5154 "-" "Mozilla/5.0 AppleWebKit/537.36 (KHTML, like Gecko; compatible; ClaudeBot/1.0; +claudebot@anthropic.com)"
216.73.216.146 - - [12/Jan/2026:23:53:26 +0100] "GET /wp-content/uploads/image-27.svg HTTP/1.0" 200 68044 "-" "Mozilla/5.0 AppleWebKit/537.36 (KHTML, like Gecko; compatible; ClaudeBot/1.0; +claudebot@anthropic.com)"
94.130.90.54 - - [12/Jan/2026:23:53:26 +0100] "GET /wp-content/uploads/img-1-3.jpg HTTP/1.1" 200 93803 "https://jockers3.inglory.de/infrarotkabine/" "Serf/1.3.9 (mod_pagespeed/1.13.35.2-0)"
94.130.90.54 - - [12/Jan/2026:23:53:26 +0100] "GET /wp-content/uploads/img-1-3.jpg HTTP/1.1" 200 93803 "https://jockers3.inglory.de/infrarotkabine/" "Serf/1.3.9 (mod_pagespeed/1.13.35.2-0)"
94.130.90.54 - - [12/Jan/2026:23:53:26 +0100] "GET /wp-content/uploads/img-1-3-281x300.jpg HTTP/1.1" 200 14689 "https://jockers3.inglory.de/infrarotkabine/" "Serf/1.3.9 (mod_pagespeed/1.13.35.2-0)"
94.130.90.54 - - [12/Jan/2026:23:53:26 +0100] "GET /wp-content/uploads/img-1-3-958x1024.jpg HTTP/1.1" 200 90486 "https://jockers3.inglory.de/infrarotkabine/" "Serf/1.3.9 (mod_pagespeed/1.13.35.2-0)"
94.130.90.54 - - [12/Jan/2026:23:53:26 +0100] "GET /wp-content/uploads/img-1-3-768x821.jpg HTTP/1.1" 200 64489 "https://jockers3.inglory.de/infrarotkabine/" "Serf/1.3.9 (mod_pagespeed/1.13.35.2-0)"
94.130.90.54 - - [12/Jan/2026:23:53:26 +0100] "GET /wp-content/uploads/elementor/css/post-52.css?ver=1768234710 HTTP/1.1" 200 35707 "https://jockers3.inglory.de/infrarotkabine/" "Serf/1.3.9 (mod_pagespeed/1.13.35.2-0)"
216.73.216.146 - - [12/Jan/2026:23:53:25 +0100] "GET /infrarotkabine/ HTTP/1.0" 200 26038 "https://jockers3.inglory.de/infrarotkabine" "Mozilla/5.0 AppleWebKit/537.36 (KHTML, like Gecko; compatible; ClaudeBot/1.0; +claudebot@anthropic.com)"
216.73.216.146 - - [12/Jan/2026:23:54:14 +0100] "GET /wp-content/uploads/Bellheim-Wuenschel_003.jpeg HTTP/1.0" 200 204536 "-" "Mozilla/5.0 AppleWebKit/537.36 (KHTML, like Gecko; compatible; ClaudeBot/1.0; +claudebot@anthropic.com)"
216.73.216.146 - - [12/Jan/2026:23:54:13 +0100] "GET /referenzen-gewerbliche-projekte HTTP/1.0" 301 4086 "-" "Mozilla/5.0 AppleWebKit/537.36 (KHTML, like Gecko; compatible; ClaudeBot/1.0; +claudebot@anthropic.com)"
216.73.216.146 - - [12/Jan/2026:23:54:15 +0100] "GET /wp-content/uploads/Altlusheim_011-scaled-1.jpeg HTTP/1.0" 200 173251 "-" "Mozilla/5.0 AppleWebKit/537.36 (KHTML, like Gecko; compatible; ClaudeBot/1.0; +claudebot@anthropic.com)"
94.130.90.54 - - [12/Jan/2026:23:54:15 +0100] "GET /wp-content/uploads/img-1-6.jpg HTTP/1.1" 200 183747 "https://jockers3.inglory.de/referenzen-gewerbliche-projekte/" "Serf/1.3.9 (mod_pagespeed/1.13.35.2-0)"
94.130.90.54 - - [12/Jan/2026:23:54:15 +0100] "GET /wp-content/uploads/img-1-6.jpg HTTP/1.1" 200 183747 "https://jockers3.inglory.de/referenzen-gewerbliche-projekte/" "Serf/1.3.9 (mod_pagespeed/1.13.35.2-0)"
216.73.216.146 - - [12/Jan/2026:23:54:14 +0100] "GET /referenzen-gewerbliche-projekte/ HTTP/1.0" 200 29472 "https://jockers3.inglory.de/referenzen-gewerbliche-projekte" "Mozilla/5.0 AppleWebKit/537.36 (KHTML, like Gecko; compatible; ClaudeBot/1.0; +claudebot@anthropic.com)"
94.130.90.54 - - [12/Jan/2026:23:54:15 +0100] "GET /wp-content/uploads/img-1-6-300x248.jpg HTTP/1.1" 200 18144 "https://jockers3.inglory.de/referenzen-gewerbliche-projekte/" "Serf/1.3.9 (mod_pagespeed/1.13.35.2-0)"
94.130.90.54 - - [12/Jan/2026:23:54:15 +0100] "GET /wp-content/uploads/img-1-6-1024x848.jpg HTTP/1.1" 200 138403 "https://jockers3.inglory.de/referenzen-gewerbliche-projekte/" "Serf/1.3.9 (mod_pagespeed/1.13.35.2-0)"
94.130.90.54 - - [12/Jan/2026:23:54:15 +0100] "GET /wp-content/uploads/img-1-6-768x636.jpg HTTP/1.1" 200 84041 "https://jockers3.inglory.de/referenzen-gewerbliche-projekte/" "Serf/1.3.9 (mod_pagespeed/1.13.35.2-0)"
94.130.90.54 - - [12/Jan/2026:23:54:15 +0100] "GET /wp-content/uploads/img-2-1-6.jpg HTTP/1.1" 200 58751 "https://jockers3.inglory.de/referenzen-gewerbliche-projekte/" "Serf/1.3.9 (mod_pagespeed/1.13.35.2-0)"
94.130.90.54 - - [12/Jan/2026:23:54:15 +0100] "GET /wp-content/uploads/img-2-1-6.jpg HTTP/1.1" 200 58751 "https://jockers3.inglory.de/referenzen-gewerbliche-projekte/" "Serf/1.3.9 (mod_pagespeed/1.13.35.2-0)"
94.130.90.54 - - [12/Jan/2026:23:54:15 +0100] "GET /wp-content/uploads/img-2-1-6-300x221.jpg HTTP/1.1" 200 9851 "https://jockers3.inglory.de/referenzen-gewerbliche-projekte/" "Serf/1.3.9 (mod_pagespeed/1.13.35.2-0)"
94.130.90.54 - - [12/Jan/2026:23:54:15 +0100] "GET /wp-content/uploads/img-2-1-6-1024x753.jpg HTTP/1.1" 200 42622 "https://jockers3.inglory.de/referenzen-gewerbliche-projekte/" "Serf/1.3.9 (mod_pagespeed/1.13.35.2-0)"
94.130.90.54 - - [12/Jan/2026:23:54:15 +0100] "GET /wp-content/uploads/img-2-1-6-768x565.jpg HTTP/1.1" 200 29131 "https://jockers3.inglory.de/referenzen-gewerbliche-projekte/" "Serf/1.3.9 (mod_pagespeed/1.13.35.2-0)"
94.130.90.54 - - [12/Jan/2026:23:54:15 +0100] "GET /wp-content/uploads/img-3-1-5.jpg HTTP/1.1" 200 87752 "https://jockers3.inglory.de/referenzen-gewerbliche-projekte/" "Serf/1.3.9 (mod_pagespeed/1.13.35.2-0)"
94.130.90.54 - - [12/Jan/2026:23:54:15 +0100] "GET /wp-content/uploads/img-3-1-5.jpg HTTP/1.1" 200 87752 "https://jockers3.inglory.de/referenzen-gewerbliche-projekte/" "Serf/1.3.9 (mod_pagespeed/1.13.35.2-0)"
94.130.90.54 - - [12/Jan/2026:23:54:15 +0100] "GET /wp-content/uploads/img-3-1-5-300x248.jpg HTTP/1.1" 200 13215 "https://jockers3.inglory.de/referenzen-gewerbliche-projekte/" "Serf/1.3.9 (mod_pagespeed/1.13.35.2-0)"
94.130.90.54 - - [12/Jan/2026:23:54:15 +0100] "GET /wp-content/uploads/img-3-1-5-1024x848.jpg HTTP/1.1" 200 85804 "https://jockers3.inglory.de/referenzen-gewerbliche-projekte/" "Serf/1.3.9 (mod_pagespeed/1.13.35.2-0)"
94.130.90.54 - - [12/Jan/2026:23:54:15 +0100] "GET /wp-content/uploads/img-3-1-5-768x636.jpg HTTP/1.1" 200 49479 "https://jockers3.inglory.de/referenzen-gewerbliche-projekte/" "Serf/1.3.9 (mod_pagespeed/1.13.35.2-0)"
94.130.90.54 - - [12/Jan/2026:23:54:15 +0100] "GET /wp-content/uploads/img-4-1-5.jpg HTTP/1.1" 200 64743 "https://jockers3.inglory.de/referenzen-gewerbliche-projekte/" "Serf/1.3.9 (mod_pagespeed/1.13.35.2-0)"
94.130.90.54 - - [12/Jan/2026:23:54:15 +0100] "GET /wp-content/uploads/img-4-1-5.jpg HTTP/1.1" 200 64743 "https://jockers3.inglory.de/referenzen-gewerbliche-projekte/" "Serf/1.3.9 (mod_pagespeed/1.13.35.2-0)"
94.130.90.54 - - [12/Jan/2026:23:54:15 +0100] "GET /wp-content/uploads/img-4-1-5-300x230.jpg HTTP/1.1" 200 10684 "https://jockers3.inglory.de/referenzen-gewerbliche-projekte/" "Serf/1.3.9 (mod_pagespeed/1.13.35.2-0)"
94.130.90.54 - - [12/Jan/2026:23:54:15 +0100] "GET /wp-content/uploads/img-4-1-5-1024x786.jpg HTTP/1.1" 200 50226 "https://jockers3.inglory.de/referenzen-gewerbliche-projekte/" "Serf/1.3.9 (mod_pagespeed/1.13.35.2-0)"
94.130.90.54 - - [12/Jan/2026:23:54:15 +0100] "GET /wp-content/uploads/img-4-1-5-768x590.jpg HTTP/1.1" 200 33908 "https://jockers3.inglory.de/referenzen-gewerbliche-projekte/" "Serf/1.3.9 (mod_pagespeed/1.13.35.2-0)"
94.130.90.54 - - [12/Jan/2026:23:54:15 +0100] "GET /wp-content/uploads/img-5-1-3.jpg HTTP/1.1" 200 113189 "https://jockers3.inglory.de/referenzen-gewerbliche-projekte/" "Serf/1.3.9 (mod_pagespeed/1.13.35.2-0)"
94.130.90.54 - - [12/Jan/2026:23:54:15 +0100] "GET /wp-content/uploads/img-5-1-3.jpg HTTP/1.1" 200 113189 "https://jockers3.inglory.de/referenzen-gewerbliche-projekte/" "Serf/1.3.9 (mod_pagespeed/1.13.35.2-0)"
94.130.90.54 - - [12/Jan/2026:23:54:15 +0100] "GET /wp-content/uploads/img-5-1-3-300x230.jpg HTTP/1.1" 200 14618 "https://jockers3.inglory.de/referenzen-gewerbliche-projekte/" "Serf/1.3.9 (mod_pagespeed/1.13.35.2-0)"
94.130.90.54 - - [12/Jan/2026:23:54:15 +0100] "GET /wp-content/uploads/img-5-1-3-1024x786.jpg HTTP/1.1" 200 104947 "https://jockers3.inglory.de/referenzen-gewerbliche-projekte/" "Serf/1.3.9 (mod_pagespeed/1.13.35.2-0)"
94.130.90.54 - - [12/Jan/2026:23:54:15 +0100] "GET /wp-content/uploads/img-5-1-3-768x590.jpg HTTP/1.1" 200 65636 "https://jockers3.inglory.de/referenzen-gewerbliche-projekte/" "Serf/1.3.9 (mod_pagespeed/1.13.35.2-0)"
94.130.90.54 - - [12/Jan/2026:23:54:15 +0100] "GET /wp-content/uploads/img-6-1-3.jpg HTTP/1.1" 200 88178 "https://jockers3.inglory.de/referenzen-gewerbliche-projekte/" "Serf/1.3.9 (mod_pagespeed/1.13.35.2-0)"
94.130.90.54 - - [12/Jan/2026:23:54:15 +0100] "GET /wp-content/uploads/img-6-1-3-768x659.jpg HTTP/1.1" 200 49906 "https://jockers3.inglory.de/referenzen-gewerbliche-projekte/" "Serf/1.3.9 (mod_pagespeed/1.13.35.2-0)"
94.130.90.54 - - [12/Jan/2026:23:54:15 +0100] "GET /wp-content/uploads/img-7-1-2.jpg HTTP/1.1" 200 63982 "https://jockers3.inglory.de/referenzen-gewerbliche-projekte/" "Serf/1.3.9 (mod_pagespeed/1.13.35.2-0)"
94.130.90.54 - - [12/Jan/2026:23:54:15 +0100] "GET /wp-content/uploads/img-7-1-2.jpg HTTP/1.1" 200 63982 "https://jockers3.inglory.de/referenzen-gewerbliche-projekte/" "Serf/1.3.9 (mod_pagespeed/1.13.35.2-0)"
94.130.90.54 - - [12/Jan/2026:23:54:15 +0100] "GET /wp-content/uploads/img-7-1-2-300x203.jpg HTTP/1.1" 200 11845 "https://jockers3.inglory.de/referenzen-gewerbliche-projekte/" "Serf/1.3.9 (mod_pagespeed/1.13.35.2-0)"
94.130.90.54 - - [12/Jan/2026:23:54:15 +0100] "GET /wp-content/uploads/img-7-1-2-1024x694.jpg HTTP/1.1" 200 52035 "https://jockers3.inglory.de/referenzen-gewerbliche-projekte/" "Serf/1.3.9 (mod_pagespeed/1.13.35.2-0)"
94.130.90.54 - - [12/Jan/2026:23:54:15 +0100] "GET /wp-content/uploads/img-7-1-2-768x520.jpg HTTP/1.1" 200 36296 "https://jockers3.inglory.de/referenzen-gewerbliche-projekte/" "Serf/1.3.9 (mod_pagespeed/1.13.35.2-0)"
94.130.90.54 - - [12/Jan/2026:23:54:15 +0100] "GET /wp-content/uploads/elementor/css/post-170.css?ver=1768234194 HTTP/1.1" 200 54894 "https://jockers3.inglory.de/referenzen-gewerbliche-projekte/" "Serf/1.3.9 (mod_pagespeed/1.13.35.2-0)"
94.130.90.54 - - [12/Jan/2026:23:54:15 +0100] "GET /wp-content/uploads/img-6-1-3.jpg HTTP/1.1" 200 88178 "https://jockers3.inglory.de/referenzen-gewerbliche-projekte/" "Serf/1.3.9 (mod_pagespeed/1.13.35.2-0)"
94.130.90.54 - - [12/Jan/2026:23:54:15 +0100] "GET /wp-content/uploads/img-6-1-3-300x257.jpg HTTP/1.1" 200 12931 "https://jockers3.inglory.de/referenzen-gewerbliche-projekte/" "Serf/1.3.9 (mod_pagespeed/1.13.35.2-0)"
94.130.90.54 - - [12/Jan/2026:23:54:15 +0100] "GET /wp-content/uploads/img-6-1-3-1024x879.jpg HTTP/1.1" 200 69096 "https://jockers3.inglory.de/referenzen-gewerbliche-projekte/" "Serf/1.3.9 (mod_pagespeed/1.13.35.2-0)"
94.130.90.54 - - [12/Jan/2026:23:54:15 +0100] "GET /wp-content/uploads/Villa_Magnolia_021.jpg HTTP/1.1" 200 256806 "https://jockers3.inglory.de/referenzen-gewerbliche-projekte/" "Serf/1.3.9 (mod_pagespeed/1.13.35.2-0)"
216.73.216.146 - - [12/Jan/2026:23:54:15 +0100] "GET /wp-content/plugins/elementor-pro/assets/css/A.widget-nested-carousel.min.css,qver=3.34.0.pagespeed.cf.63CDF7DsF2.css HTTP/1.0" 200 5572 "-" "Mozilla/5.0 AppleWebKit/537.36 (KHTML, like Gecko; compatible; ClaudeBot/1.0; +claudebot@anthropic.com)"
94.130.90.54 - - [12/Jan/2026:23:54:16 +0100] "POST /wp-cron.php?doing_wp_cron=1768258456.5510540008544921875000 HTTP/1.0" 200 4074 "-" "41mKJeSX6nhf"
216.73.216.146 - - [12/Jan/2026:23:54:16 +0100] "GET /referenzen-innensauna HTTP/1.0" 301 4076 "-" "Mozilla/5.0 AppleWebKit/537.36 (KHTML, like Gecko; compatible; ClaudeBot/1.0; +claudebot@anthropic.com)"
216.73.216.146 - - [12/Jan/2026:23:54:16 +0100] "GET /wp-content/uploads/Kirrweiler_001.jpeg HTTP/1.0" 200 144347 "-" "Mozilla/5.0 AppleWebKit/537.36 (KHTML, like Gecko; compatible; ClaudeBot/1.0; +claudebot@anthropic.com)"
94.130.90.54 - - [12/Jan/2026:23:54:17 +0100] "GET /wp-content/uploads/img-1-1-1.jpg HTTP/1.1" 200 41361 "https://jockers3.inglory.de/referenzen-innensauna/" "Serf/1.3.9 (mod_pagespeed/1.13.35.2-0)"
94.130.90.54 - - [12/Jan/2026:23:54:17 +0100] "GET /wp-content/uploads/img-1-1-1.jpg HTTP/1.1" 200 41361 "https://jockers3.inglory.de/referenzen-innensauna/" "Serf/1.3.9 (mod_pagespeed/1.13.35.2-0)"
94.130.90.54 - - [12/Jan/2026:23:54:17 +0100] "GET /wp-content/uploads/img-1-1-1-300x285.jpg HTTP/1.1" 200 11378 "https://jockers3.inglory.de/referenzen-innensauna/" "Serf/1.3.9 (mod_pagespeed/1.13.35.2-0)"
94.130.90.54 - - [12/Jan/2026:23:54:17 +0100] "GET /wp-content/uploads/img-1-1-1-1024x971.jpg HTTP/1.1" 200 43221 "https://jockers3.inglory.de/referenzen-innensauna/" "Serf/1.3.9 (mod_pagespeed/1.13.35.2-0)"
94.130.90.54 - - [12/Jan/2026:23:54:17 +0100] "GET /wp-content/uploads/img-1-1-1-768x728.jpg HTTP/1.1" 200 30867 "https://jockers3.inglory.de/referenzen-innensauna/" "Serf/1.3.9 (mod_pagespeed/1.13.35.2-0)"
94.130.90.54 - - [12/Jan/2026:23:54:17 +0100] "GET /wp-content/uploads/img-2-1-4.jpg HTTP/1.1" 200 71582 "https://jockers3.inglory.de/referenzen-innensauna/" "Serf/1.3.9 (mod_pagespeed/1.13.35.2-0)"
216.73.216.146 - - [12/Jan/2026:23:54:16 +0100] "GET /referenzen-innensauna/ HTTP/1.0" 200 29630 "https://jockers3.inglory.de/referenzen-innensauna" "Mozilla/5.0 AppleWebKit/537.36 (KHTML, like Gecko; compatible; ClaudeBot/1.0; +claudebot@anthropic.com)"
94.130.90.54 - - [12/Jan/2026:23:54:17 +0100] "GET /wp-content/uploads/img-2-1-4.jpg HTTP/1.1" 200 71582 "https://jockers3.inglory.de/referenzen-innensauna/" "Serf/1.3.9 (mod_pagespeed/1.13.35.2-0)"
94.130.90.54 - - [12/Jan/2026:23:54:17 +0100] "GET /wp-content/uploads/img-2-1-4-300x239.jpg HTTP/1.1" 200 12279 "https://jockers3.inglory.de/referenzen-innensauna/" "Serf/1.3.9 (mod_pagespeed/1.13.35.2-0)"
94.130.90.54 - - [12/Jan/2026:23:54:17 +0100] "GET /wp-content/uploads/img-2-1-4-1024x815.jpg HTTP/1.1" 200 61098 "https://jockers3.inglory.de/referenzen-innensauna/" "Serf/1.3.9 (mod_pagespeed/1.13.35.2-0)"
94.130.90.54 - - [12/Jan/2026:23:54:17 +0100] "GET /wp-content/uploads/img-2-1-4-768x611.jpg HTTP/1.1" 200 41511 "https://jockers3.inglory.de/referenzen-innensauna/" "Serf/1.3.9 (mod_pagespeed/1.13.35.2-0)"
