74.7.242.55 - - [12/Jan/2026:17:19:42 +0100] "GET /wp-content/plugins/preloader-pro/assets/js/jquery.waitformedias.min.js?ver=2024090401 HTTP/1.0" 200 6070 "-" "Mozilla/5.0 AppleWebKit/537.36 (KHTML, like Gecko; compatible; GPTBot/1.3; +https://openai.com/gptbot)"
74.7.242.55 - - [12/Jan/2026:17:19:42 +0100] "GET /wp-includes/js/jquery/ui/core.min.js?ver=1.13.3 HTTP/1.0" 200 11326 "-" "Mozilla/5.0 AppleWebKit/537.36 (KHTML, like Gecko; compatible; GPTBot/1.3; +https://openai.com/gptbot)"
74.7.242.55 - - [12/Jan/2026:17:19:43 +0100] "GET /wp-includes/js/dist/i18n.min.js?ver=c26c3dc7bed366793375 HTTP/1.0" 200 6460 "-" "Mozilla/5.0 AppleWebKit/537.36 (KHTML, like Gecko; compatible; GPTBot/1.3; +https://openai.com/gptbot)"
74.7.242.55 - - [12/Jan/2026:17:19:43 +0100] "GET /wp-json/oembed/1.0/embed?format=xml&url=https%3A%2F%2Fjockers3.inglory.de%2Freferenzen-gewerbliche-projekte%2F HTTP/1.0" 200 5495 "-" "Mozilla/5.0 AppleWebKit/537.36 (KHTML, like Gecko; compatible; GPTBot/1.3; +https://openai.com/gptbot)"
74.7.242.55 - - [12/Jan/2026:17:19:44 +0100] "GET /wp-json/oembed/1.0/embed?format=xml&url=https%3A%2F%2Fjockers3.inglory.de%2Fangebote%2F HTTP/1.0" 200 5467 "-" "Mozilla/5.0 AppleWebKit/537.36 (KHTML, like Gecko; compatible; GPTBot/1.3; +https://openai.com/gptbot)"
74.7.242.55 - - [12/Jan/2026:17:19:44 +0100] "GET /wp-json/oembed/1.0/embed?format=xml&url=https%3A%2F%2Fjockers3.inglory.de%2Fdampfbad%2F HTTP/1.0" 200 5468 "-" "Mozilla/5.0 AppleWebKit/537.36 (KHTML, like Gecko; compatible; GPTBot/1.3; +https://openai.com/gptbot)"
74.7.242.55 - - [12/Jan/2026:17:19:45 +0100] "GET /wp-json/oembed/1.0/embed?format=xml&url=https%3A%2F%2Fjockers3.inglory.de%2Fkontakt%2F HTTP/1.0" 200 5468 "-" "Mozilla/5.0 AppleWebKit/537.36 (KHTML, like Gecko; compatible; GPTBot/1.3; +https://openai.com/gptbot)"
74.7.242.55 - - [12/Jan/2026:17:19:45 +0100] "GET /wp-content/plugins/elementor/assets/js/frontend.min.js?ver=3.34.1 HTTP/1.0" 200 14541 "-" "Mozilla/5.0 AppleWebKit/537.36 (KHTML, like Gecko; compatible; GPTBot/1.3; +https://openai.com/gptbot)"
74.7.242.55 - - [12/Jan/2026:17:19:46 +0100] "GET /wp-includes/js/wp-emoji-release.min.js?ver=6.9 HTTP/1.0" 200 9515 "-" "Mozilla/5.0 AppleWebKit/537.36 (KHTML, like Gecko; compatible; GPTBot/1.3; +https://openai.com/gptbot)"
74.7.242.55 - - [12/Jan/2026:17:19:47 +0100] "GET /wp-content/plugins/elementor/assets/js/webpack.runtime.min.js?ver=3.34.1 HTTP/1.0" 200 6707 "-" "Mozilla/5.0 AppleWebKit/537.36 (KHTML, like Gecko; compatible; GPTBot/1.3; +https://openai.com/gptbot)"
94.130.90.54 - - [12/Jan/2026:17:19:48 +0100] "GET /wp-content/uploads/elementor/css/post-110.css?ver=1768233976 HTTP/1.1" 304 3411 "https://jockers3.inglory.de/author/inglory/" "Serf/1.3.9 (mod_pagespeed/1.13.35.2-0)"
74.7.242.55 - - [12/Jan/2026:17:19:47 +0100] "GET /author/inglory/ HTTP/1.0" 200 22656 "-" "Mozilla/5.0 AppleWebKit/537.36 (KHTML, like Gecko; compatible; GPTBot/1.3; +https://openai.com/gptbot)"
94.130.90.54 - - [12/Jan/2026:17:19:48 +0100] "GET /wp-content/uploads/cropped-items-192x192.png HTTP/1.1" 304 3410 "https://jockers3.inglory.de/author/inglory/" "Serf/1.3.9 (mod_pagespeed/1.13.35.2-0)"
94.130.90.54 - - [12/Jan/2026:17:19:48 +0100] "GET /wp-content/uploads/cropped-items-180x180.png HTTP/1.1" 304 3410 "https://jockers3.inglory.de/author/inglory/" "Serf/1.3.9 (mod_pagespeed/1.13.35.2-0)"
74.7.242.55 - - [12/Jan/2026:17:19:48 +0100] "GET /wp-content/plugins/elementor-pro/assets/js/frontend.min.js?ver=3.34.0 HTTP/1.0" 200 10644 "-" "Mozilla/5.0 AppleWebKit/537.36 (KHTML, like Gecko; compatible; GPTBot/1.3; +https://openai.com/gptbot)"
74.7.242.55 - - [12/Jan/2026:17:19:49 +0100] "GET /wp-includes/css/dist/block-library/A.style.min.css,qver=6.9.pagespeed.cf.Ey8Q_jRO3Z.css HTTP/1.0" 200 19851 "-" "Mozilla/5.0 AppleWebKit/537.36 (KHTML, like Gecko; compatible; GPTBot/1.3; +https://openai.com/gptbot)"
74.7.242.55 - - [12/Jan/2026:17:19:49 +0100] "GET /wp-json/wp/v2/users/1 HTTP/1.0" 200 4739 "-" "Mozilla/5.0 AppleWebKit/537.36 (KHTML, like Gecko; compatible; GPTBot/1.3; +https://openai.com/gptbot)"
74.7.242.55 - - [12/Jan/2026:17:19:50 +0100] "GET /author/inglory/feed/ HTTP/1.0" 200 4873 "-" "Mozilla/5.0 AppleWebKit/537.36 (KHTML, like Gecko; compatible; GPTBot/1.3; +https://openai.com/gptbot)"
74.7.242.55 - - [12/Jan/2026:17:19:50 +0100] "GET /wp-json/oembed/1.0/embed?format=xml&url=https%3A%2F%2Fjockers3.inglory.de%2Fjockers%2F HTTP/1.0" 200 5466 "-" "Mozilla/5.0 AppleWebKit/537.36 (KHTML, like Gecko; compatible; GPTBot/1.3; +https://openai.com/gptbot)"
74.7.242.55 - - [12/Jan/2026:17:19:51 +0100] "GET /wp-content/plugins/elementor-pro/assets/js/webpack-pro.runtime.min.js?ver=3.34.0 HTTP/1.0" 200 7086 "-" "Mozilla/5.0 AppleWebKit/537.36 (KHTML, like Gecko; compatible; GPTBot/1.3; +https://openai.com/gptbot)"
74.7.242.55 - - [12/Jan/2026:17:19:51 +0100] "GET /wp-content/plugins/elementor/assets/js/frontend-modules.min.js?ver=3.34.1 HTTP/1.0" 200 29817 "-" "Mozilla/5.0 AppleWebKit/537.36 (KHTML, like Gecko; compatible; GPTBot/1.3; +https://openai.com/gptbot)"
91.10.111.70 - - [12/Jan/2026:17:19:51 +0100] "POST /wp-admin/admin-ajax.php HTTP/1.0" 200 4354 "https://jockers3.inglory.de/wp-admin/post.php?post=18&action=elementor" "Mozilla/5.0 (Macintosh; Intel Mac OS X 10_15_7) AppleWebKit/537.36 (KHTML, like Gecko) Chrome/143.0.0.0 Safari/537.36"
74.7.242.55 - - [12/Jan/2026:17:19:52 +0100] "GET /wp-json/oembed/1.0/embed?format=xml&url=https%3A%2F%2Fjockers3.inglory.de%2F HTTP/1.0" 200 5461 "-" "Mozilla/5.0 AppleWebKit/537.36 (KHTML, like Gecko; compatible; GPTBot/1.3; +https://openai.com/gptbot)"
74.7.242.55 - - [12/Jan/2026:17:19:52 +0100] "GET /wp-content/plugins/elementor-pro/assets/lib/sticky/jquery.sticky.min.js?ver=3.34.0 HTTP/1.0" 200 5751 "-" "Mozilla/5.0 AppleWebKit/537.36 (KHTML, like Gecko; compatible; GPTBot/1.3; +https://openai.com/gptbot)"
74.7.242.55 - - [12/Jan/2026:17:19:53 +0100] "GET /wp-json/oembed/1.0/embed?format=xml&url=https%3A%2F%2Fjockers3.inglory.de%2Fproduktion%2F HTTP/1.0" 200 5470 "-" "Mozilla/5.0 AppleWebKit/537.36 (KHTML, like Gecko; compatible; GPTBot/1.3; +https://openai.com/gptbot)"
91.10.111.70 - - [12/Jan/2026:17:19:53 +0100] "POST /wp-admin/admin-ajax.php HTTP/1.0" 200 4405 "https://jockers3.inglory.de/wp-admin/post.php?post=18&action=elementor" "Mozilla/5.0 (Macintosh; Intel Mac OS X 10_15_7) AppleWebKit/537.36 (KHTML, like Gecko) Chrome/143.0.0.0 Safari/537.36"
74.7.242.55 - - [12/Jan/2026:17:19:54 +0100] "GET /wp-json/oembed/1.0/embed?format=xml&url=https%3A%2F%2Fjockers3.inglory.de%2Fausstellung%2F HTTP/1.0" 200 5469 "-" "Mozilla/5.0 AppleWebKit/537.36 (KHTML, like Gecko; compatible; GPTBot/1.3; +https://openai.com/gptbot)"
74.7.242.55 - - [12/Jan/2026:17:19:54 +0100] "GET /wp-includes/js/',b,' HTTP/1.0" 301 4184 "-" "Mozilla/5.0 AppleWebKit/537.36 (KHTML, like Gecko; compatible; GPTBot/1.3; +https://openai.com/gptbot)"
74.7.242.55 - - [12/Jan/2026:17:19:55 +0100] "GET /wp-includes/js/,b, HTTP/1.0" 301 4183 "-" "Mozilla/5.0 AppleWebKit/537.36 (KHTML, like Gecko; compatible; GPTBot/1.3; +https://openai.com/gptbot)"
74.7.242.55 - - [12/Jan/2026:17:19:55 +0100] "GET /wp-includes/js/,b HTTP/1.0" 404 103607 "-" "Mozilla/5.0 AppleWebKit/537.36 (KHTML, like Gecko; compatible; GPTBot/1.3; +https://openai.com/gptbot)"
74.7.242.55 - - [12/Jan/2026:17:19:56 +0100] "GET /wp-json/oembed/1.0/embed?format=xml&url=https%3A%2F%2Fjockers3.inglory.de%2Fdatenschutz%2F HTTP/1.0" 200 5467 "-" "Mozilla/5.0 AppleWebKit/537.36 (KHTML, like Gecko; compatible; GPTBot/1.3; +https://openai.com/gptbot)"
74.7.242.55 - - [12/Jan/2026:17:19:57 +0100] "GET /wp-json/oembed/1.0/embed?format=xml&url=https%3A%2F%2Fjockers3.inglory.de%2Fimpressum%2F HTTP/1.0" 200 5472 "-" "Mozilla/5.0 AppleWebKit/537.36 (KHTML, like Gecko; compatible; GPTBot/1.3; +https://openai.com/gptbot)"
74.7.242.55 - - [12/Jan/2026:17:19:57 +0100] "GET /author/inglory/feed/ HTTP/1.0" 200 4845 "-" "Mozilla/5.0 AppleWebKit/537.36 (KHTML, like Gecko; compatible; GPTBot/1.3; +https://openai.com/gptbot)"
74.7.242.55 - - [12/Jan/2026:17:19:58 +0100] "GET /wp-json/wp/v2/users/1 HTTP/1.0" 200 4711 "-" "Mozilla/5.0 AppleWebKit/537.36 (KHTML, like Gecko; compatible; GPTBot/1.3; +https://openai.com/gptbot)"
74.7.242.55 - - [12/Jan/2026:17:19:58 +0100] "GET /wp-json/oembed/1.0/embed?format=xml&url=https%3A%2F%2Fjockers3.inglory.de%2Fausensauna%2F HTTP/1.0" 200 5473 "-" "Mozilla/5.0 AppleWebKit/537.36 (KHTML, like Gecko; compatible; GPTBot/1.3; +https://openai.com/gptbot)"
74.7.242.55 - - [12/Jan/2026:17:19:59 +0100] "GET /wp-json/oembed/1.0/embed?format=xml&url=https%3A%2F%2Fjockers3.inglory.de%2Finnensauna%2F HTTP/1.0" 200 5468 "-" "Mozilla/5.0 AppleWebKit/537.36 (KHTML, like Gecko; compatible; GPTBot/1.3; +https://openai.com/gptbot)"
74.7.242.55 - - [12/Jan/2026:17:20:00 +0100] "GET /wp-json/oembed/1.0/embed?format=xml&url=https%3A%2F%2Fjockers3.inglory.de%2Finfrarotkabine%2F HTTP/1.0" 200 5472 "-" "Mozilla/5.0 AppleWebKit/537.36 (KHTML, like Gecko; compatible; GPTBot/1.3; +https://openai.com/gptbot)"
74.7.242.55 - - [12/Jan/2026:17:20:00 +0100] "GET /wp-json/oembed/1.0/embed?format=xml&url=https%3A%2F%2Fjockers3.inglory.de%2Freferenzen-innensauna%2F HTTP/1.0" 200 5481 "-" "Mozilla/5.0 AppleWebKit/537.36 (KHTML, like Gecko; compatible; GPTBot/1.3; +https://openai.com/gptbot)"
74.7.242.55 - - [12/Jan/2026:17:20:01 +0100] "GET /wp-content/plugins/elementor-pro/assets/js/elements-handlers.min.js?ver=3.34.0 HTTP/1.0" 200 14737 "-" "Mozilla/5.0 AppleWebKit/537.36 (KHTML, like Gecko; compatible; GPTBot/1.3; +https://openai.com/gptbot)"
74.7.242.55 - - [12/Jan/2026:17:20:01 +0100] "GET /wp-content/plugins/preloader-pro/assets/js/loftloader.min.js?ver=2024090401 HTTP/1.0" 200 8168 "-" "Mozilla/5.0 AppleWebKit/537.36 (KHTML, like Gecko; compatible; GPTBot/1.3; +https://openai.com/gptbot)"
74.7.242.55 - - [12/Jan/2026:17:20:02 +0100] "GET /wp-content/plugins/elementor-pro/assets/lib/smartmenus/jquery.smartmenus.min.js?ver=1.2.1 HTTP/1.0" 200 11287 "-" "Mozilla/5.0 AppleWebKit/537.36 (KHTML, like Gecko; compatible; GPTBot/1.3; +https://openai.com/gptbot)"
74.7.242.55 - - [12/Jan/2026:17:20:02 +0100] "GET /wp-content/plugins/elementor/assets/lib/e-gallery/js/e-gallery.min.js?ver=1.2.0 HTTP/1.0" 200 8831 "-" "Mozilla/5.0 AppleWebKit/537.36 (KHTML, like Gecko; compatible; GPTBot/1.3; +https://openai.com/gptbot)"
94.130.90.54 - - [12/Jan/2026:17:20:02 +0100] "GET /wp-content/plugins/elementor/assets/lib/e-gallery/js/e-gallery.min.js?ver=1.2.0 HTTP/1.1" 304 3411 "https://jockers3.inglory.de/wp-content/plugins/elementor/assets/lib/e-gallery/js/e-gallery.min.js?ver=1.2.0" "Serf/1.3.9 (mod_pagespeed/1.13.35.2-0)"
74.7.242.55 - - [12/Jan/2026:17:20:03 +0100] "GET /wp-content/plugins/elementor/assets/css/conditionals/e-swiper.min.css,qver=3.34.1.pagespeed.ce.-KsMmHVOE2.css HTTP/1.0" 200 4943 "-" "Mozilla/5.0 AppleWebKit/537.36 (KHTML, like Gecko; compatible; GPTBot/1.3; +https://openai.com/gptbot)"
74.7.242.55 - - [12/Jan/2026:17:20:03 +0100] "GET /wp-content/plugins/elementor/assets/lib/e-gallery/css/A.e-gallery.min.css,qver=1.2.0.pagespeed.cf.ldKtz1DmOW.css HTTP/1.0" 200 4947 "-" "Mozilla/5.0 AppleWebKit/537.36 (KHTML, like Gecko; compatible; GPTBot/1.3; +https://openai.com/gptbot)"
74.7.242.55 - - [12/Jan/2026:17:20:04 +0100] "GET /wp-content/plugins/elementor/assets/lib/eicons/css/A.elementor-icons.min.css,qver=5.45.0.pagespeed.cf.1d80oL8x7S.css HTTP/1.0" 200 8431 "-" "Mozilla/5.0 AppleWebKit/537.36 (KHTML, like Gecko; compatible; GPTBot/1.3; +https://openai.com/gptbot)"
74.7.242.55 - - [12/Jan/2026:17:20:04 +0100] "GET /wp-content/plugins/elementor-pro/assets/css/conditionals/transitions.min.css,qver=3.34.0.pagespeed.ce.Uul4L_amMB.css HTTP/1.0" 200 4765 "-" "Mozilla/5.0 AppleWebKit/537.36 (KHTML, like Gecko; compatible; GPTBot/1.3; +https://openai.com/gptbot)"
94.130.90.54 - - [12/Jan/2026:17:20:04 +0100] "GET /wp-content/plugins/elementor-pro/assets/css/conditionals/transitions.min.css?ver=3.34.0 HTTP/1.1" 304 3411 "https://jockers3.inglory.de/wp-content/plugins/elementor-pro/assets/css/conditionals/transitions.min.css,qver=3.34.0.pagespeed.ce.Uul4L_amMB.css" "Serf/1.3.9 (mod_pagespeed/1.13.35.2-0)"
74.7.242.55 - - [12/Jan/2026:17:20:05 +0100] "GET /wp-content/plugins/elementor/assets/css/conditionals/apple-webkit.min.css,qver=3.34.1.pagespeed.ce.-UpJxJYbwI.css HTTP/1.0" 200 4691 "-" "Mozilla/5.0 AppleWebKit/537.36 (KHTML, like Gecko; compatible; GPTBot/1.3; +https://openai.com/gptbot)"
74.7.242.55 - - [12/Jan/2026:17:20:06 +0100] "GET /wp-content/plugins/elementor/assets/lib/swiper/v8/css/A.swiper.min.css,qver=8.4.5.pagespeed.cf.1sMgTZG5nO.css HTTP/1.0" 200 8546 "-" "Mozilla/5.0 AppleWebKit/537.36 (KHTML, like Gecko; compatible; GPTBot/1.3; +https://openai.com/gptbot)"
74.7.242.55 - - [12/Jan/2026:17:20:06 +0100] "GET /wp-content/plugins/elementor-pro/assets/css/A.widget-gallery.min.css,qver=3.34.0.pagespeed.cf.him7VojZGh.css HTTP/1.0" 200 5209 "-" "Mozilla/5.0 AppleWebKit/537.36 (KHTML, like Gecko; compatible; GPTBot/1.3; +https://openai.com/gptbot)"
74.7.242.55 - - [12/Jan/2026:17:20:07 +0100] "GET /wp-content/uploads/elementor/css/A.post-182.css,qver=1768234387.pagespeed.cf.80plnKt_g2.css HTTP/1.0" 200 9147 "-" "Mozilla/5.0 AppleWebKit/537.36 (KHTML, like Gecko; compatible; GPTBot/1.3; +https://openai.com/gptbot)"
74.7.242.55 - - [12/Jan/2026:17:20:07 +0100] "GET /wp-content/plugins/elementor-pro/assets/css/A.widget-carousel-module-base.min.css,qver=3.34.0.pagespeed.cf.-yFxTkHrBz.css HTTP/1.0" 200 4780 "-" "Mozilla/5.0 AppleWebKit/537.36 (KHTML, like Gecko; compatible; GPTBot/1.3; +https://openai.com/gptbot)"
74.7.242.55 - - [12/Jan/2026:17:20:08 +0100] "GET /wp-content/plugins/elementor/assets/lib/animations/styles/fadeIn.min.css?ver=3.34.1 HTTP/1.0" 200 4269 "-" "Mozilla/5.0 AppleWebKit/537.36 (KHTML, like Gecko; compatible; GPTBot/1.3; +https://openai.com/gptbot)"
74.7.242.55 - - [12/Jan/2026:17:20:08 +0100] "GET /wp-content/uploads/elementor/css/A.post-158.css,qver=1768234229.pagespeed.cf.k40Gp-uM3-.css HTTP/1.0" 200 5880 "-" "Mozilla/5.0 AppleWebKit/537.36 (KHTML, like Gecko; compatible; GPTBot/1.3; +https://openai.com/gptbot)"
74.7.242.55 - - [12/Jan/2026:17:20:09 +0100] "GET /wp-content/uploads/elementor/css/A.post-133.css,qver=1768233930.pagespeed.cf.I-z_ItN7bT.css HTTP/1.0" 200 7039 "-" "Mozilla/5.0 AppleWebKit/537.36 (KHTML, like Gecko; compatible; GPTBot/1.3; +https://openai.com/gptbot)"
74.7.242.55 - - [12/Jan/2026:17:20:09 +0100] "GET /wp-content/plugins/elementor-pro/assets/css/A.widget-nested-carousel.min.css,qver=3.34.0.pagespeed.cf.63CDF7DsF2.css HTTP/1.0" 200 5552 "-" "Mozilla/5.0 AppleWebKit/537.36 (KHTML, like Gecko; compatible; GPTBot/1.3; +https://openai.com/gptbot)"
74.7.242.55 - - [12/Jan/2026:17:20:10 +0100] "GET /wp-content/plugins/elementor/assets/lib/eicons/fonts/eicons.eot?5.45.0 HTTP/1.0" 200 237820 "-" "Mozilla/5.0 AppleWebKit/537.36 (KHTML, like Gecko; compatible; GPTBot/1.3; +https://openai.com/gptbot)"
74.7.242.55 - - [12/Jan/2026:17:20:10 +0100] "GET /wp-content/plugins/elementor/assets/lib/eicons/fonts/eicons.woff2?5.45.0 HTTP/1.0" 200 108401 "-" "Mozilla/5.0 AppleWebKit/537.36 (KHTML, like Gecko; compatible; GPTBot/1.3; +https://openai.com/gptbot)"
74.7.242.55 - - [12/Jan/2026:17:20:11 +0100] "GET /wp-content/plugins/elementor/assets/lib/eicons/fonts/eicons.ttf?5.45.0 HTTP/1.0" 200 237639 "-" "Mozilla/5.0 AppleWebKit/537.36 (KHTML, like Gecko; compatible; GPTBot/1.3; +https://openai.com/gptbot)"
74.7.242.55 - - [12/Jan/2026:17:20:11 +0100] "GET /wp-content/plugins/elementor/assets/lib/eicons/fonts/eicons.svg?5.45.0 HTTP/1.0" 200 361932 "-" "Mozilla/5.0 AppleWebKit/537.36 (KHTML, like Gecko; compatible; GPTBot/1.3; +https://openai.com/gptbot)"
74.7.242.55 - - [12/Jan/2026:17:20:12 +0100] "GET /wp-content/plugins/elementor/assets/lib/eicons/fonts/eicons.woff?5.45.0 HTTP/1.0" 200 132510 "-" "Mozilla/5.0 AppleWebKit/537.36 (KHTML, like Gecko; compatible; GPTBot/1.3; +https://openai.com/gptbot)"
74.7.242.55 - - [12/Jan/2026:17:20:12 +0100] "GET /wp-content/plugins/elementor/assets/css/frontend.min.css,qver=3.34.1.pagespeed.ce.ooYSYxTskt.css HTTP/1.0" 200 11434 "-" "Mozilla/5.0 AppleWebKit/537.36 (KHTML, like Gecko; compatible; GPTBot/1.3; +https://openai.com/gptbot)"
74.7.242.55 - - [12/Jan/2026:17:20:13 +0100] "GET /wp-content/uploads/elementor/css/A.post-42.css,qver=1768234606.pagespeed.cf.PAL3J87QjT.css HTTP/1.0" 200 6843 "-" "Mozilla/5.0 AppleWebKit/537.36 (KHTML, like Gecko; compatible; GPTBot/1.3; +https://openai.com/gptbot)"
74.7.242.55 - - [12/Jan/2026:17:20:13 +0100] "GET /wp-content/uploads/elementor/css/A.post-41.css,qver=1768234566.pagespeed.cf.ktRugIZXhs.css HTTP/1.0" 200 5246 "-" "Mozilla/5.0 AppleWebKit/537.36 (KHTML, like Gecko; compatible; GPTBot/1.3; +https://openai.com/gptbot)"
74.7.242.55 - - [12/Jan/2026:17:20:14 +0100] "GET /wp-content/uploads/teamjockers.jpg.pagespeed.ce.fCudqXxQzS.jpg HTTP/1.0" 200 139019 "-" "Mozilla/5.0 AppleWebKit/537.36 (KHTML, like Gecko; compatible; GPTBot/1.3; +https://openai.com/gptbot)"
74.7.242.55 - - [12/Jan/2026:17:20:14 +0100] "GET /wp-content/uploads/elementor/css/A.post-136.css,qver=1768233930.pagespeed.cf.QdFhthNQd_.css HTTP/1.0" 200 5503 "-" "Mozilla/5.0 AppleWebKit/537.36 (KHTML, like Gecko; compatible; GPTBot/1.3; +https://openai.com/gptbot)"
74.7.242.55 - - [12/Jan/2026:17:20:15 +0100] "GET /wp-content/uploads/elementor/css/A.post-7.css,qver=1768233928.pagespeed.cf.f0bllpXzRC.css HTTP/1.0" 200 5163 "-" "Mozilla/5.0 AppleWebKit/537.36 (KHTML, like Gecko; compatible; GPTBot/1.3; +https://openai.com/gptbot)"
74.7.242.55 - - [12/Jan/2026:17:20:16 +0100] "GET /wp-content/uploads/elementor/css/A.post-50.css,qver=1768234613.pagespeed.cf.OOF6ZqYWBY.css HTTP/1.0" 200 8618 "-" "Mozilla/5.0 AppleWebKit/537.36 (KHTML, like Gecko; compatible; GPTBot/1.3; +https://openai.com/gptbot)"
74.7.242.55 - - [12/Jan/2026:17:20:16 +0100] "GET /wp-content/uploads/elementor/css/A.post-160.css,qver=1768234623.pagespeed.cf.nkQcnmd0GM.css HTTP/1.0" 200 6372 "-" "Mozilla/5.0 AppleWebKit/537.36 (KHTML, like Gecko; compatible; GPTBot/1.3; +https://openai.com/gptbot)"
74.7.242.55 - - [12/Jan/2026:17:20:17 +0100] "GET /wp-content/uploads/elementor/css/A.post-169.css,qver=1768234649.pagespeed.cf.mJld3gVMvi.css HTTP/1.0" 200 7148 "-" "Mozilla/5.0 AppleWebKit/537.36 (KHTML, like Gecko; compatible; GPTBot/1.3; +https://openai.com/gptbot)"
74.7.242.55 - - [12/Jan/2026:17:20:17 +0100] "GET /wp-content/uploads/elementor/css/A.post-110.css,qver=1768233976.pagespeed.cf.VyMGXIyPgn.css HTTP/1.0" 200 6401 "-" "Mozilla/5.0 AppleWebKit/537.36 (KHTML, like Gecko; compatible; GPTBot/1.3; +https://openai.com/gptbot)"
74.7.242.55 - - [12/Jan/2026:17:20:18 +0100] "GET /wp-content/uploads/elementor/css/A.post-159.css,qver=1768234610.pagespeed.cf.jHoYIXDVvk.css HTTP/1.0" 200 7480 "-" "Mozilla/5.0 AppleWebKit/537.36 (KHTML, like Gecko; compatible; GPTBot/1.3; +https://openai.com/gptbot)"
74.7.242.55 - - [12/Jan/2026:17:20:18 +0100] "GET /wp-content/uploads/elementor/css/A.post-53.css,qver=1768234604.pagespeed.cf.QiVv2hLxu1.css HTTP/1.0" 200 6970 "-" "Mozilla/5.0 AppleWebKit/537.36 (KHTML, like Gecko; compatible; GPTBot/1.3; +https://openai.com/gptbot)"
74.7.242.55 - - [12/Jan/2026:17:20:19 +0100] "GET /wp-content/uploads/bg-3-1.jpg.pagespeed.ce.tFOSK_do2V.jpg HTTP/1.0" 200 67621 "-" "Mozilla/5.0 AppleWebKit/537.36 (KHTML, like Gecko; compatible; GPTBot/1.3; +https://openai.com/gptbot)"
74.7.242.55 - - [12/Jan/2026:17:20:19 +0100] "GET /wp-content/uploads/elementor/css/A.post-51.css,qver=1768234622.pagespeed.cf.taPbR1KEt8.css HTTP/1.0" 200 7398 "-" "Mozilla/5.0 AppleWebKit/537.36 (KHTML, like Gecko; compatible; GPTBot/1.3; +https://openai.com/gptbot)"
74.7.242.55 - - [12/Jan/2026:17:20:20 +0100] "GET /wp-content/plugins/elementor-pro/assets/css/A.widget-nav-menu.min.css,qver=3.34.0.pagespeed.cf.GfA-OKevUX.css HTTP/1.0" 200 7522 "-" "Mozilla/5.0 AppleWebKit/537.36 (KHTML, like Gecko; compatible; GPTBot/1.3; +https://openai.com/gptbot)"
74.7.242.55 - - [12/Jan/2026:17:20:20 +0100] "GET /wp-content/uploads/elementor/css/A.post-2373.css,qver=1768234705.pagespeed.cf.EyTjRXICgc.css HTTP/1.0" 200 5052 "-" "Mozilla/5.0 AppleWebKit/537.36 (KHTML, like Gecko; compatible; GPTBot/1.3; +https://openai.com/gptbot)"
74.7.242.55 - - [12/Jan/2026:17:20:21 +0100] "GET /wp-content/uploads/elementor/css/A.post-2356.css,qver=1768234611.pagespeed.cf.BSEyXL4GFu.css HTTP/1.0" 200 8145 "-" "Mozilla/5.0 AppleWebKit/537.36 (KHTML, like Gecko; compatible; GPTBot/1.3; +https://openai.com/gptbot)"
94.130.90.54 - - [12/Jan/2026:17:20:21 +0100] "GET /wp-content/uploads/img-3-1-1.jpg HTTP/1.1" 304 3411 "-" "Serf/1.3.9 (mod_pagespeed/1.13.35.2-0)"
74.7.242.55 - - [12/Jan/2026:17:20:21 +0100] "GET /wp-content/uploads/img-3-1-1.jpg.pagespeed.ce.QDe4_jb5EN.jpg HTTP/1.0" 200 55947 "-" "Mozilla/5.0 AppleWebKit/537.36 (KHTML, like Gecko; compatible; GPTBot/1.3; +https://openai.com/gptbot)"
74.7.242.55 - - [12/Jan/2026:17:20:22 +0100] "GET /wp-content/plugins/elementor/assets/css/A.widget-divider.min.css,qver=3.34.1.pagespeed.cf.2uVmcsjov2.css HTTP/1.0" 200 4867 "-" "Mozilla/5.0 AppleWebKit/537.36 (KHTML, like Gecko; compatible; GPTBot/1.3; +https://openai.com/gptbot)"
74.7.242.55 - - [12/Jan/2026:17:20:22 +0100] "GET /wp-content/themes/hello-elementor/assets/css/header-footer.css,qver=3.4.5.pagespeed.ce.htu0eVW7nb.css HTTP/1.0" 200 5568 "-" "Mozilla/5.0 AppleWebKit/537.36 (KHTML, like Gecko; compatible; GPTBot/1.3; +https://openai.com/gptbot)"
74.7.242.55 - - [12/Jan/2026:17:20:23 +0100] "GET /wp-content/themes/hello-elementor/assets/css/theme.css,qver=3.4.5.pagespeed.ce.pIDSv4xSPa.css HTTP/1.0" 200 5416 "-" "Mozilla/5.0 AppleWebKit/537.36 (KHTML, like Gecko; compatible; GPTBot/1.3; +https://openai.com/gptbot)"
74.7.242.55 - - [12/Jan/2026:17:20:23 +0100] "GET /wp-content/plugins/elementor/assets/css/widget-social-icons.min.css,qver=3.34.1.pagespeed.ce.0CaheTjFOA.css HTTP/1.0" 200 5287 "-" "Mozilla/5.0 AppleWebKit/537.36 (KHTML, like Gecko; compatible; GPTBot/1.3; +https://openai.com/gptbot)"
74.7.242.55 - - [12/Jan/2026:17:20:24 +0100] "GET /wp-content/uploads/bg-2-1.jpg.pagespeed.ce.mdIv0OcigR.jpg HTTP/1.0" 200 54996 "-" "Mozilla/5.0 AppleWebKit/537.36 (KHTML, like Gecko; compatible; GPTBot/1.3; +https://openai.com/gptbot)"
74.7.242.55 - - [12/Jan/2026:17:20:24 +0100] "GET /wp-content/plugins/elementor/assets/css/widget-icon-list.min.css,qver=3.34.1.pagespeed.ce.HG33FpU_hw.css HTTP/1.0" 200 5169 "-" "Mozilla/5.0 AppleWebKit/537.36 (KHTML, like Gecko; compatible; GPTBot/1.3; +https://openai.com/gptbot)"
74.7.242.55 - - [12/Jan/2026:17:20:25 +0100] "GET /wp-content/plugins/elementor-pro/assets/css/A.widget-form.min.css,qver=3.34.0.pagespeed.cf.fHHaFh6f0Z.css HTTP/1.0" 200 5674 "-" "Mozilla/5.0 AppleWebKit/537.36 (KHTML, like Gecko; compatible; GPTBot/1.3; +https://openai.com/gptbot)"
74.7.242.55 - - [12/Jan/2026:17:20:25 +0100] "GET /wp-content/themes/hello-elementor/assets/css/reset.css,qver=3.4.5.pagespeed.ce.r0uWONaZVx.css HTTP/1.0" 200 5981 "-" "Mozilla/5.0 AppleWebKit/537.36 (KHTML, like Gecko; compatible; GPTBot/1.3; +https://openai.com/gptbot)"
94.130.90.54 - - [12/Jan/2026:17:20:26 +0100] "POST /wp-cron.php?doing_wp_cron=1768234826.1741800308227539062500 HTTP/1.0" 200 4074 "-" "TfXBIXg90dnC"
91.10.111.70 - - [12/Jan/2026:17:20:25 +0100] "POST /wp-admin/admin-ajax.php HTTP/1.0" 200 4405 "https://jockers3.inglory.de/wp-admin/post.php?post=110&action=elementor" "Mozilla/5.0 (Macintosh; Intel Mac OS X 10_15_7) AppleWebKit/537.36 (KHTML, like Gecko) Chrome/143.0.0.0 Safari/537.36"
74.7.242.55 - - [12/Jan/2026:17:20:26 +0100] "GET /wp-includes/css/dist/block-library/style.min.css?ver=6.9 HTTP/1.0" 200 19975 "-" "Mozilla/5.0 AppleWebKit/537.36 (KHTML, like Gecko; compatible; GPTBot/1.3; +https://openai.com/gptbot)"
74.7.242.55 - - [12/Jan/2026:17:20:26 +0100] "GET /wp-content/uploads/img-7-1-5.jpg.pagespeed.ce.0jH_e08i5P.jpg HTTP/1.0" 200 59146 "-" "Mozilla/5.0 AppleWebKit/537.36 (KHTML, like Gecko; compatible; GPTBot/1.3; +https://openai.com/gptbot)"
94.130.90.54 - - [12/Jan/2026:17:20:27 +0100] "GET /wp-content/uploads/img-10-1.jpg HTTP/1.1" 304 3411 "-" "Serf/1.3.9 (mod_pagespeed/1.13.35.2-0)"
74.7.242.55 - - [12/Jan/2026:17:20:27 +0100] "GET /wp-content/uploads/img-10-1.jpg.pagespeed.ce.rP9c3Kv-0r.jpg HTTP/1.0" 200 44474 "-" "Mozilla/5.0 AppleWebKit/537.36 (KHTML, like Gecko; compatible; GPTBot/1.3; +https://openai.com/gptbot)"
74.7.242.55 - - [12/Jan/2026:17:20:28 +0100] "GET /wp-content/uploads/img-5-1-6.jpg.pagespeed.ce.WPNz-R468N.jpg HTTP/1.0" 200 45270 "-" "Mozilla/5.0 AppleWebKit/537.36 (KHTML, like Gecko; compatible; GPTBot/1.3; +https://openai.com/gptbot)"
94.130.90.54 - - [12/Jan/2026:17:20:28 +0100] "GET /wp-content/uploads/img-8-1.jpg HTTP/1.1" 304 3411 "-" "Serf/1.3.9 (mod_pagespeed/1.13.35.2-0)"
74.7.242.55 - - [12/Jan/2026:17:20:28 +0100] "GET /wp-content/uploads/img-8-1.jpg.pagespeed.ce.NC56q0L-v4.jpg HTTP/1.0" 200 49813 "-" "Mozilla/5.0 AppleWebKit/537.36 (KHTML, like Gecko; compatible; GPTBot/1.3; +https://openai.com/gptbot)"
74.7.242.55 - - [12/Jan/2026:17:20:29 +0100] "GET /wp-content/uploads/img-1-9.jpg.pagespeed.ce.9F5wzIuvgW.jpg HTTP/1.0" 200 50970 "-" "Mozilla/5.0 AppleWebKit/537.36 (KHTML, like Gecko; compatible; GPTBot/1.3; +https://openai.com/gptbot)"
74.7.242.55 - - [12/Jan/2026:17:20:29 +0100] "GET /wp-content/uploads/img-8-1-2.jpg.pagespeed.ce.Lexw5n5Yzt.jpg HTTP/1.0" 200 46186 "-" "Mozilla/5.0 AppleWebKit/537.36 (KHTML, like Gecko; compatible; GPTBot/1.3; +https://openai.com/gptbot)"
94.130.90.54 - - [12/Jan/2026:17:20:30 +0100] "GET /wp-content/uploads/img-6-1.jpg HTTP/1.1" 304 3411 "-" "Serf/1.3.9 (mod_pagespeed/1.13.35.2-0)"
74.7.242.55 - - [12/Jan/2026:17:20:30 +0100] "GET /wp-content/uploads/img-6-1.jpg.pagespeed.ce.QjGn-RTqR5.jpg HTTP/1.0" 200 27160 "-" "Mozilla/5.0 AppleWebKit/537.36 (KHTML, like Gecko; compatible; GPTBot/1.3; +https://openai.com/gptbot)"
94.130.90.54 - - [12/Jan/2026:17:20:30 +0100] "GET /wp-content/uploads/img-5-1.jpg HTTP/1.1" 304 3411 "-" "Serf/1.3.9 (mod_pagespeed/1.13.35.2-0)"
74.7.242.55 - - [12/Jan/2026:17:20:30 +0100] "GET /wp-content/uploads/img-5-1.jpg.pagespeed.ce._ob6-eu5pT.jpg HTTP/1.0" 200 31995 "-" "Mozilla/5.0 AppleWebKit/537.36 (KHTML, like Gecko; compatible; GPTBot/1.3; +https://openai.com/gptbot)"
74.7.242.55 - - [12/Jan/2026:17:20:31 +0100] "GET /wp-content/uploads/img-6-1-6.jpg.pagespeed.ce.pfb5UCAtB3.jpg HTTP/1.0" 200 67911 "-" "Mozilla/5.0 AppleWebKit/537.36 (KHTML, like Gecko; compatible; GPTBot/1.3; +https://openai.com/gptbot)"
74.7.242.55 - - [12/Jan/2026:17:20:31 +0100] "GET /wp-content/uploads/img-3-1-7.jpg.pagespeed.ce.Qes17BEbIM.jpg HTTP/1.0" 200 39874 "-" "Mozilla/5.0 AppleWebKit/537.36 (KHTML, like Gecko; compatible; GPTBot/1.3; +https://openai.com/gptbot)"
94.130.90.54 - - [12/Jan/2026:17:20:32 +0100] "GET /wp-content/uploads/img-7-1.jpg HTTP/1.1" 304 3411 "-" "Serf/1.3.9 (mod_pagespeed/1.13.35.2-0)"
74.7.242.55 - - [12/Jan/2026:17:20:32 +0100] "GET /wp-content/uploads/img-7-1.jpg.pagespeed.ce.ldtHht1mtb.jpg HTTP/1.0" 200 58155 "-" "Mozilla/5.0 AppleWebKit/537.36 (KHTML, like Gecko; compatible; GPTBot/1.3; +https://openai.com/gptbot)"
94.130.90.54 - - [12/Jan/2026:17:20:32 +0100] "GET /wp-content/uploads/img-9-1.jpg HTTP/1.1" 304 3411 "-" "Serf/1.3.9 (mod_pagespeed/1.13.35.2-0)"
74.7.242.55 - - [12/Jan/2026:17:20:32 +0100] "GET /wp-content/uploads/img-9-1.jpg.pagespeed.ce.-fXQTXAVmW.jpg HTTP/1.0" 200 52286 "-" "Mozilla/5.0 AppleWebKit/537.36 (KHTML, like Gecko; compatible; GPTBot/1.3; +https://openai.com/gptbot)"
74.7.242.55 - - [12/Jan/2026:17:20:33 +0100] "GET /wp-content/uploads/img-4-1-8.jpg.pagespeed.ce.QETVUyAzIw.jpg HTTP/1.0" 200 39488 "-" "Mozilla/5.0 AppleWebKit/537.36 (KHTML, like Gecko; compatible; GPTBot/1.3; +https://openai.com/gptbot)"
74.7.242.55 - - [12/Jan/2026:17:20:33 +0100] "GET /wp-content/themes/hello-elementor/assets/css/theme.css?ver=3.4.5 HTTP/1.0" 200 5467 "-" "Mozilla/5.0 AppleWebKit/537.36 (KHTML, like Gecko; compatible; GPTBot/1.3; +https://openai.com/gptbot)"
74.7.242.55 - - [12/Jan/2026:17:20:34 +0100] "GET /wp-content/plugins/elementor/assets/lib/eicons/css/elementor-icons.min.css?ver=5.45.0 HTTP/1.0" 200 8517 "-" "Mozilla/5.0 AppleWebKit/537.36 (KHTML, like Gecko; compatible; GPTBot/1.3; +https://openai.com/gptbot)"
74.7.242.55 - - [12/Jan/2026:17:20:34 +0100] "GET /wp-content/plugins/elementor/assets/lib/font-awesome/css/fontawesome.min.css?ver=5.15.3 HTTP/1.0" 200 16677 "-" "Mozilla/5.0 AppleWebKit/537.36 (KHTML, like Gecko; compatible; GPTBot/1.3; +https://openai.com/gptbot)"
74.7.242.55 - - [12/Jan/2026:17:20:35 +0100] "GET /wp-content/plugins/elementor-pro/assets/css/conditionals/popup.min.css?ver=3.34.0 HTTP/1.0" 200 4613 "-" "Mozilla/5.0 AppleWebKit/537.36 (KHTML, like Gecko; compatible; GPTBot/1.3; +https://openai.com/gptbot)"
74.7.242.55 - - [12/Jan/2026:17:20:35 +0100] "GET /wp-content/plugins/elementor/assets/css/conditionals/e-swiper.min.css?ver=3.34.1 HTTP/1.0" 200 4984 "-" "Mozilla/5.0 AppleWebKit/537.36 (KHTML, like Gecko; compatible; GPTBot/1.3; +https://openai.com/gptbot)"
74.7.242.55 - - [12/Jan/2026:17:20:36 +0100] "GET /wp-content/plugins/preloader-pro/assets/css/A.loftloader.min.css,qver=2024090401.pagespeed.cf.FFlJccbzb0.css HTTP/1.0" 200 11096 "-" "Mozilla/5.0 AppleWebKit/537.36 (KHTML, like Gecko; compatible; GPTBot/1.3; +https://openai.com/gptbot)"
74.7.242.55 - - [12/Jan/2026:17:20:36 +0100] "GET /wp-content/plugins/elementor/assets/lib/font-awesome/css/solid.min.css?ver=5.15.3 HTTP/1.0" 200 4502 "-" "Mozilla/5.0 AppleWebKit/537.36 (KHTML, like Gecko; compatible; GPTBot/1.3; +https://openai.com/gptbot)"
74.7.242.55 - - [12/Jan/2026:17:20:37 +0100] "GET /wp-content/plugins/elementor/assets/lib/font-awesome/css/brands.min.css?ver=5.15.3 HTTP/1.0" 200 4501 "-" "Mozilla/5.0 AppleWebKit/537.36 (KHTML, like Gecko; compatible; GPTBot/1.3; +https://openai.com/gptbot)"
74.7.242.55 - - [12/Jan/2026:17:20:37 +0100] "GET /wp-content/themes/hello-elementor/assets/css/reset.css?ver=3.4.5 HTTP/1.0" 200 6010 "-" "Mozilla/5.0 AppleWebKit/537.36 (KHTML, like Gecko; compatible; GPTBot/1.3; +https://openai.com/gptbot)"
74.7.242.55 - - [12/Jan/2026:17:20:38 +0100] "GET /wp-content/plugins/elementor/assets/css/frontend.min.css?ver=3.34.1 HTTP/1.0" 200 11400 "-" "Mozilla/5.0 AppleWebKit/537.36 (KHTML, like Gecko; compatible; GPTBot/1.3; +https://openai.com/gptbot)"
74.7.242.55 - - [12/Jan/2026:17:20:39 +0100] "GET /wp-content/plugins/elementor/assets/lib/e-gallery/css/e-gallery.min.css?ver=1.2.0 HTTP/1.0" 200 5038 "-" "Mozilla/5.0 AppleWebKit/537.36 (KHTML, like Gecko; compatible; GPTBot/1.3; +https://openai.com/gptbot)"
94.130.90.54 - - [12/Jan/2026:17:20:39 +0100] "GET /wp-content/plugins/elementor/assets/lib/e-gallery/css/e-gallery.min.css?ver=1.2.0 HTTP/1.1" 304 3410 "https://jockers3.inglory.de/wp-content/plugins/elementor/assets/lib/e-gallery/css/e-gallery.min.css?ver=1.2.0" "Serf/1.3.9 (mod_pagespeed/1.13.35.2-0)"
74.7.242.55 - - [12/Jan/2026:17:20:39 +0100] "GET /wp-content/plugins/elementor-pro/assets/css/widget-form.min.css?ver=3.34.0 HTTP/1.0" 200 5765 "-" "Mozilla/5.0 AppleWebKit/537.36 (KHTML, like Gecko; compatible; GPTBot/1.3; +https://openai.com/gptbot)"
74.7.242.55 - - [12/Jan/2026:17:20:40 +0100] "GET /wp-content/themes/hello-elementor/assets/css/header-footer.css?ver=3.4.5 HTTP/1.0" 200 5610 "-" "Mozilla/5.0 AppleWebKit/537.36 (KHTML, like Gecko; compatible; GPTBot/1.3; +https://openai.com/gptbot)"
74.7.242.55 - - [12/Jan/2026:17:20:40 +0100] "GET /wp-content/plugins/elementor/assets/css/widget-image.min.css?ver=3.34.1 HTTP/1.0" 200 4327 "-" "Mozilla/5.0 AppleWebKit/537.36 (KHTML, like Gecko; compatible; GPTBot/1.3; +https://openai.com/gptbot)"
74.7.242.55 - - [12/Jan/2026:17:20:41 +0100] "GET /wp-content/plugins/elementor/assets/css/widget-rating.min.css?ver=3.34.1 HTTP/1.0" 200 4591 "-" "Mozilla/5.0 AppleWebKit/537.36 (KHTML, like Gecko; compatible; GPTBot/1.3; +https://openai.com/gptbot)"
74.7.242.55 - - [12/Jan/2026:17:20:41 +0100] "GET /wp-content/plugins/elementor/assets/css/widget-divider.min.css?ver=3.34.1 HTTP/1.0" 200 4927 "-" "Mozilla/5.0 AppleWebKit/537.36 (KHTML, like Gecko; compatible; GPTBot/1.3; +https://openai.com/gptbot)"
74.7.242.55 - - [12/Jan/2026:17:20:42 +0100] "GET /wp-content/plugins/elementor/assets/css/widget-heading.min.css?ver=3.34.1 HTTP/1.0" 200 4353 "-" "Mozilla/5.0 AppleWebKit/537.36 (KHTML, like Gecko; compatible; GPTBot/1.3; +https://openai.com/gptbot)"
74.7.242.55 - - [12/Jan/2026:17:20:42 +0100] "GET /wp-content/plugins/elementor-pro/assets/css/modules/sticky.min.css?ver=3.34.0 HTTP/1.0" 200 4308 "-" "Mozilla/5.0 AppleWebKit/537.36 (KHTML, like Gecko; compatible; GPTBot/1.3; +https://openai.com/gptbot)"
74.7.242.55 - - [12/Jan/2026:17:20:43 +0100] "GET /wp-content/plugins/elementor-pro/assets/css/widget-carousel-module-base.min.css?ver=3.34.0 HTTP/1.0" 200 4865 "-" "Mozilla/5.0 AppleWebKit/537.36 (KHTML, like Gecko; compatible; GPTBot/1.3; +https://openai.com/gptbot)"
74.7.242.55 - - [12/Jan/2026:17:20:43 +0100] "GET /wp-content/plugins/elementor-pro/assets/css/widget-nav-menu.min.css?ver=3.34.0 HTTP/1.0" 200 7630 "-" "Mozilla/5.0 AppleWebKit/537.36 (KHTML, like Gecko; compatible; GPTBot/1.3; +https://openai.com/gptbot)"
74.7.242.55 - - [12/Jan/2026:17:20:44 +0100] "GET /wp-content/plugins/elementor-pro/assets/css/widget-nested-carousel.min.css?ver=3.34.0 HTTP/1.0" 200 5639 "-" "Mozilla/5.0 AppleWebKit/537.36 (KHTML, like Gecko; compatible; GPTBot/1.3; +https://openai.com/gptbot)"
74.7.242.55 - - [12/Jan/2026:17:20:44 +0100] "GET /wp-content/plugins/elementor/assets/css/widget-social-icons.min.css?ver=3.34.1 HTTP/1.0" 200 5326 "-" "Mozilla/5.0 AppleWebKit/537.36 (KHTML, like Gecko; compatible; GPTBot/1.3; +https://openai.com/gptbot)"
74.7.242.55 - - [12/Jan/2026:17:20:45 +0100] "GET /wp-content/plugins/elementor/assets/css/widget-google_maps.min.css?ver=3.34.1 HTTP/1.0" 200 4329 "-" "Mozilla/5.0 AppleWebKit/537.36 (KHTML, like Gecko; compatible; GPTBot/1.3; +https://openai.com/gptbot)"
74.7.242.55 - - [12/Jan/2026:17:20:45 +0100] "GET /wp-content/plugins/elementor-pro/assets/css/widget-gallery.min.css?ver=3.34.0 HTTP/1.0" 200 5298 "-" "Mozilla/5.0 AppleWebKit/537.36 (KHTML, like Gecko; compatible; GPTBot/1.3; +https://openai.com/gptbot)"
94.130.90.54 - - [12/Jan/2026:17:20:45 +0100] "GET /wp-content/plugins/elementor-pro/assets/css/widget-gallery.min.css?ver=3.34.0 HTTP/1.1" 304 3411 "https://jockers3.inglory.de/wp-content/plugins/elementor-pro/assets/css/widget-gallery.min.css?ver=3.34.0" "Serf/1.3.9 (mod_pagespeed/1.13.35.2-0)"
74.7.242.55 - - [12/Jan/2026:17:20:46 +0100] "GET /wp-content/plugins/elementor-pro/assets/css/conditionals/transitions.min.css?ver=3.34.0 HTTP/1.0" 200 4806 "-" "Mozilla/5.0 AppleWebKit/537.36 (KHTML, like Gecko; compatible; GPTBot/1.3; +https://openai.com/gptbot)"
74.7.242.55 - - [12/Jan/2026:17:20:46 +0100] "GET /wp-content/plugins/elementor/assets/css/conditionals/apple-webkit.min.css?ver=3.34.1 HTTP/1.0" 200 4740 "-" "Mozilla/5.0 AppleWebKit/537.36 (KHTML, like Gecko; compatible; GPTBot/1.3; +https://openai.com/gptbot)"
74.7.242.55 - - [12/Jan/2026:17:20:47 +0100] "GET /wp-content/plugins/elementor-pro/assets/css/widget-media-carousel.min.css?ver=3.34.0 HTTP/1.0" 200 4664 "-" "Mozilla/5.0 AppleWebKit/537.36 (KHTML, like Gecko; compatible; GPTBot/1.3; +https://openai.com/gptbot)"
74.7.242.55 - - [12/Jan/2026:17:20:47 +0100] "GET /wp-content/plugins/preloader-pro/assets/css/loftloader.min.css?ver=2024090401 HTTP/1.0" 200 11196 "-" "Mozilla/5.0 AppleWebKit/537.36 (KHTML, like Gecko; compatible; GPTBot/1.3; +https://openai.com/gptbot)"
74.7.242.55 - - [12/Jan/2026:17:20:48 +0100] "GET /wp-content/uploads/elementor/css/post-41.css?ver=1768234566 HTTP/1.0" 200 5291 "-" "Mozilla/5.0 AppleWebKit/537.36 (KHTML, like Gecko; compatible; GPTBot/1.3; +https://openai.com/gptbot)"
94.130.90.54 - - [12/Jan/2026:17:20:48 +0100] "GET /wp-content/uploads/elementor/css/post-41.css?ver=1768234566 HTTP/1.1" 304 3411 "https://jockers3.inglory.de/wp-content/uploads/elementor/css/post-41.css?ver=1768234566" "Serf/1.3.9 (mod_pagespeed/1.13.35.2-0)"
74.7.242.55 - - [12/Jan/2026:17:20:48 +0100] "GET /wp-content/uploads/elementor/css/post-52.css?ver=1768234710 HTTP/1.0" 200 7046 "-" "Mozilla/5.0 AppleWebKit/537.36 (KHTML, like Gecko; compatible; GPTBot/1.3; +https://openai.com/gptbot)"
74.7.242.55 - - [12/Jan/2026:17:20:49 +0100] "GET /wp-content/uploads/elementor/css/post-133.css?ver=1768233930 HTTP/1.0" 200 7220 "-" "Mozilla/5.0 AppleWebKit/537.36 (KHTML, like Gecko; compatible; GPTBot/1.3; +https://openai.com/gptbot)"
74.7.242.55 - - [12/Jan/2026:17:20:49 +0100] "GET /wp-content/uploads/elementor/css/post-53.css?ver=1768234604 HTTP/1.0" 200 7082 "-" "Mozilla/5.0 AppleWebKit/537.36 (KHTML, like Gecko; compatible; GPTBot/1.3; +https://openai.com/gptbot)"
94.130.90.54 - - [12/Jan/2026:17:20:50 +0100] "GET /wp-content/uploads/bg-2-1.jpg HTTP/1.1" 304 3411 "https://jockers3.inglory.de/wp-content/uploads/elementor/css/post-53.css?ver=1768234604" "Serf/1.3.9 (mod_pagespeed/1.13.35.2-0)"
74.7.242.55 - - [12/Jan/2026:17:20:50 +0100] "GET /wp-content/uploads/elementor/css/post-158.css?ver=1768234229 HTTP/1.0" 200 5886 "-" "Mozilla/5.0 AppleWebKit/537.36 (KHTML, like Gecko; compatible; GPTBot/1.3; +https://openai.com/gptbot)"
94.130.90.54 - - [12/Jan/2026:17:20:50 +0100] "GET /wp-content/uploads/elementor/css/post-158.css?ver=1768234229 HTTP/1.1" 304 3411 "https://jockers3.inglory.de/wp-content/uploads/elementor/css/post-158.css?ver=1768234229" "Serf/1.3.9 (mod_pagespeed/1.13.35.2-0)"
74.7.242.55 - - [12/Jan/2026:17:20:51 +0100] "GET /wp-content/uploads/elementor/css/post-18.css?ver=1768234546 HTTP/1.0" 200 12195 "-" "Mozilla/5.0 AppleWebKit/537.36 (KHTML, like Gecko; compatible; GPTBot/1.3; +https://openai.com/gptbot)"
74.7.242.55 - - [12/Jan/2026:17:20:51 +0100] "GET /wp-content/uploads/elementor/css/post-136.css?ver=1768233930 HTTP/1.0" 200 5666 "-" "Mozilla/5.0 AppleWebKit/537.36 (KHTML, like Gecko; compatible; GPTBot/1.3; +https://openai.com/gptbot)"
74.7.242.55 - - [12/Jan/2026:17:20:52 +0100] "GET /wp-content/uploads/elementor/css/post-51.css?ver=1768234622 HTTP/1.0" 200 7535 "-" "Mozilla/5.0 AppleWebKit/537.36 (KHTML, like Gecko; compatible; GPTBot/1.3; +https://openai.com/gptbot)"
74.7.242.55 - - [12/Jan/2026:17:20:52 +0100] "GET /wp-content/uploads/elementor/css/post-168.css?ver=1768234401 HTTP/1.0" 200 7414 "-" "Mozilla/5.0 AppleWebKit/537.36 (KHTML, like Gecko; compatible; GPTBot/1.3; +https://openai.com/gptbot)"
74.7.242.55 - - [12/Jan/2026:17:20:53 +0100] "GET /wp-content/uploads/elementor/css/post-160.css?ver=1768234623 HTTP/1.0" 200 6480 "-" "Mozilla/5.0 AppleWebKit/537.36 (KHTML, like Gecko; compatible; GPTBot/1.3; +https://openai.com/gptbot)"
74.7.242.55 - - [12/Jan/2026:17:20:53 +0100] "GET /wp-content/uploads/teamjockers.jpg HTTP/1.0" 200 138952 "-" "Mozilla/5.0 AppleWebKit/537.36 (KHTML, like Gecko; compatible; GPTBot/1.3; +https://openai.com/gptbot)"
94.130.90.54 - - [12/Jan/2026:17:20:53 +0100] "GET /wp-content/uploads/teamjockers.jpg HTTP/1.1" 304 3412 "https://jockers3.inglory.de/wp-content/uploads/teamjockers.jpg" "Serf/1.3.9 (mod_pagespeed/1.13.35.2-0)"
74.7.242.55 - - [12/Jan/2026:17:20:54 +0100] "GET /wp-content/uploads/img-1-1.jpg HTTP/1.0" 200 66826 "-" "Mozilla/5.0 AppleWebKit/537.36 (KHTML, like Gecko; compatible; GPTBot/1.3; +https://openai.com/gptbot)"
74.7.242.55 - - [12/Jan/2026:17:20:54 +0100] "GET /wp-content/uploads/img-1-8.jpg HTTP/1.0" 200 47235 "-" "Mozilla/5.0 AppleWebKit/537.36 (KHTML, like Gecko; compatible; GPTBot/1.3; +https://openai.com/gptbot)"
74.7.242.55 - - [12/Jan/2026:17:20:55 +0100] "GET /wp-content/uploads/bg-2-1.jpg HTTP/1.0" 200 54934 "-" "Mozilla/5.0 AppleWebKit/537.36 (KHTML, like Gecko; compatible; GPTBot/1.3; +https://openai.com/gptbot)"
74.7.242.55 - - [12/Jan/2026:17:20:55 +0100] "GET /wp-content/uploads/img-3-1-1.jpg HTTP/1.0" 200 55882 "-" "Mozilla/5.0 AppleWebKit/537.36 (KHTML, like Gecko; compatible; GPTBot/1.3; +https://openai.com/gptbot)"
74.7.242.55 - - [12/Jan/2026:17:20:56 +0100] "GET /wp-content/uploads/img-5-1.jpg HTTP/1.0" 200 31932 "-" "Mozilla/5.0 AppleWebKit/537.36 (KHTML, like Gecko; compatible; GPTBot/1.3; +https://openai.com/gptbot)"
74.7.242.55 - - [12/Jan/2026:17:20:56 +0100] "GET /wp-content/uploads/img-9-1.jpg HTTP/1.0" 200 52223 "-" "Mozilla/5.0 AppleWebKit/537.36 (KHTML, like Gecko; compatible; GPTBot/1.3; +https://openai.com/gptbot)"
74.7.242.55 - - [12/Jan/2026:17:20:57 +0100] "GET /wp-content/uploads/img-7-1.jpg HTTP/1.0" 200 58092 "-" "Mozilla/5.0 AppleWebKit/537.36 (KHTML, like Gecko; compatible; GPTBot/1.3; +https://openai.com/gptbot)"
74.7.242.55 - - [12/Jan/2026:17:20:57 +0100] "GET /wp-content/uploads/img-6-1.jpg HTTP/1.0" 200 27097 "-" "Mozilla/5.0 AppleWebKit/537.36 (KHTML, like Gecko; compatible; GPTBot/1.3; +https://openai.com/gptbot)"
74.7.242.55 - - [12/Jan/2026:17:20:58 +0100] "GET /wp-content/uploads/img-10-1.jpg HTTP/1.0" 200 44410 "-" "Mozilla/5.0 AppleWebKit/537.36 (KHTML, like Gecko; compatible; GPTBot/1.3; +https://openai.com/gptbot)"
74.7.242.55 - - [12/Jan/2026:17:20:58 +0100] "GET /wp-content/uploads/img-4-1-1.jpg HTTP/1.0" 200 28652 "-" "Mozilla/5.0 AppleWebKit/537.36 (KHTML, like Gecko; compatible; GPTBot/1.3; +https://openai.com/gptbot)"
74.7.242.55 - - [12/Jan/2026:17:20:59 +0100] "GET /wp-content/uploads/img-2-1-1.jpg HTTP/1.0" 200 65606 "-" "Mozilla/5.0 AppleWebKit/537.36 (KHTML, like Gecko; compatible; GPTBot/1.3; +https://openai.com/gptbot)"
74.7.242.55 - - [12/Jan/2026:17:21:00 +0100] "GET /wp-content/uploads/elementor/css/post-170.css?ver=1768234194 HTTP/1.0" 200 7411 "-" "Mozilla/5.0 AppleWebKit/537.36 (KHTML, like Gecko; compatible; GPTBot/1.3; +https://openai.com/gptbot)"
94.130.90.54 - - [12/Jan/2026:17:21:00 +0100] "GET /wp-content/uploads/img-1-6.jpg HTTP/1.1" 304 3412 "https://jockers3.inglory.de/wp-content/uploads/elementor/css/post-170.css?ver=1768234194" "Serf/1.3.9 (mod_pagespeed/1.13.35.2-0)"
94.130.90.54 - - [12/Jan/2026:17:21:00 +0100] "GET /wp-content/uploads/img-2-1-6.jpg HTTP/1.1" 304 3411 "https://jockers3.inglory.de/wp-content/uploads/elementor/css/post-170.css?ver=1768234194" "Serf/1.3.9 (mod_pagespeed/1.13.35.2-0)"
94.130.90.54 - - [12/Jan/2026:17:21:00 +0100] "GET /wp-content/uploads/img-3-1-5.jpg HTTP/1.1" 304 3412 "https://jockers3.inglory.de/wp-content/uploads/elementor/css/post-170.css?ver=1768234194" "Serf/1.3.9 (mod_pagespeed/1.13.35.2-0)"
94.130.90.54 - - [12/Jan/2026:17:21:00 +0100] "GET /wp-content/uploads/img-4-1-5.jpg HTTP/1.1" 304 3411 "https://jockers3.inglory.de/wp-content/uploads/elementor/css/post-170.css?ver=1768234194" "Serf/1.3.9 (mod_pagespeed/1.13.35.2-0)"
94.130.90.54 - - [12/Jan/2026:17:21:00 +0100] "GET /wp-content/uploads/img-5-1-3.jpg HTTP/1.1" 304 3412 "https://jockers3.inglory.de/wp-content/uploads/elementor/css/post-170.css?ver=1768234194" "Serf/1.3.9 (mod_pagespeed/1.13.35.2-0)"
94.130.90.54 - - [12/Jan/2026:17:21:00 +0100] "GET /wp-content/uploads/img-6-1-3.jpg HTTP/1.1" 304 3412 "https://jockers3.inglory.de/wp-content/uploads/elementor/css/post-170.css?ver=1768234194" "Serf/1.3.9 (mod_pagespeed/1.13.35.2-0)"
94.130.90.54 - - [12/Jan/2026:17:21:00 +0100] "GET /wp-content/uploads/Villa_Magnolia_021.jpg HTTP/1.1" 304 3412 "https://jockers3.inglory.de/wp-content/uploads/elementor/css/post-170.css?ver=1768234194" "Serf/1.3.9 (mod_pagespeed/1.13.35.2-0)"
74.7.242.55 - - [12/Jan/2026:17:21:00 +0100] "GET /wp-content/uploads/img-8-1.jpg HTTP/1.0" 200 49750 "-" "Mozilla/5.0 AppleWebKit/537.36 (KHTML, like Gecko; compatible; GPTBot/1.3; +https://openai.com/gptbot)"
74.7.242.55 - - [12/Jan/2026:17:21:01 +0100] "GET /wp-content/uploads/elementor/css/post-182.css?ver=1768234387 HTTP/1.0" 200 9270 "-" "Mozilla/5.0 AppleWebKit/537.36 (KHTML, like Gecko; compatible; GPTBot/1.3; +https://openai.com/gptbot)"
74.7.242.55 - - [12/Jan/2026:17:21:01 +0100] "GET /wp-content/uploads/elementor/css/post-42.css?ver=1768234606 HTTP/1.0" 200 7034 "-" "Mozilla/5.0 AppleWebKit/537.36 (KHTML, like Gecko; compatible; GPTBot/1.3; +https://openai.com/gptbot)"
94.130.90.54 - - [12/Jan/2026:17:21:01 +0100] "GET /wp-content/uploads/elementor/css/post-42.css?ver=1768234606 HTTP/1.1" 304 3411 "https://jockers3.inglory.de/wp-content/uploads/elementor/css/post-42.css?ver=1768234606" "Serf/1.3.9 (mod_pagespeed/1.13.35.2-0)"
74.7.242.55 - - [12/Jan/2026:17:21:02 +0100] "GET /wp-content/uploads/elementor/css/post-50.css?ver=1768234613 HTTP/1.0" 200 8799 "-" "Mozilla/5.0 AppleWebKit/537.36 (KHTML, like Gecko; compatible; GPTBot/1.3; +https://openai.com/gptbot)"
94.130.90.54 - - [12/Jan/2026:17:21:02 +0100] "GET /wp-content/uploads/img-1-2.jpg HTTP/1.1" 304 3411 "https://jockers3.inglory.de/wp-content/uploads/elementor/css/post-50.css?ver=1768234613" "Serf/1.3.9 (mod_pagespeed/1.13.35.2-0)"
94.130.90.54 - - [12/Jan/2026:17:21:02 +0100] "GET /wp-content/uploads/img-2-1-2.jpg HTTP/1.1" 304 3412 "https://jockers3.inglory.de/wp-content/uploads/elementor/css/post-50.css?ver=1768234613" "Serf/1.3.9 (mod_pagespeed/1.13.35.2-0)"
94.130.90.54 - - [12/Jan/2026:17:21:02 +0100] "GET /wp-content/uploads/img-3-1-2.jpg HTTP/1.1" 304 3411 "https://jockers3.inglory.de/wp-content/uploads/elementor/css/post-50.css?ver=1768234613" "Serf/1.3.9 (mod_pagespeed/1.13.35.2-0)"
74.7.242.55 - - [12/Jan/2026:17:21:02 +0100] "GET /wp-content/uploads/elementor/css/post-7.css?ver=1768233928 HTTP/1.0" 200 5229 "-" "Mozilla/5.0 AppleWebKit/537.36 (KHTML, like Gecko; compatible; GPTBot/1.3; +https://openai.com/gptbot)"
74.7.242.55 - - [12/Jan/2026:17:21:03 +0100] "GET /wp-content/uploads/elementor/css/post-2356.css?ver=1768234611 HTTP/1.0" 200 8126 "-" "Mozilla/5.0 AppleWebKit/537.36 (KHTML, like Gecko; compatible; GPTBot/1.3; +https://openai.com/gptbot)"
94.130.90.54 - - [12/Jan/2026:17:21:03 +0100] "GET /wp-content/uploads/img-1-9.jpg HTTP/1.1" 304 3411 "https://jockers3.inglory.de/wp-content/uploads/elementor/css/post-2356.css?ver=1768234611" "Serf/1.3.9 (mod_pagespeed/1.13.35.2-0)"
94.130.90.54 - - [12/Jan/2026:17:21:03 +0100] "GET /wp-content/uploads/img-3-1-7.jpg HTTP/1.1" 304 3411 "https://jockers3.inglory.de/wp-content/uploads/elementor/css/post-2356.css?ver=1768234611" "Serf/1.3.9 (mod_pagespeed/1.13.35.2-0)"
94.130.90.54 - - [12/Jan/2026:17:21:03 +0100] "GET /wp-content/uploads/img-4-1-8.jpg HTTP/1.1" 304 3411 "https://jockers3.inglory.de/wp-content/uploads/elementor/css/post-2356.css?ver=1768234611" "Serf/1.3.9 (mod_pagespeed/1.13.35.2-0)"
94.130.90.54 - - [12/Jan/2026:17:21:03 +0100] "GET /wp-content/uploads/img-5-1-6.jpg HTTP/1.1" 304 3411 "https://jockers3.inglory.de/wp-content/uploads/elementor/css/post-2356.css?ver=1768234611" "Serf/1.3.9 (mod_pagespeed/1.13.35.2-0)"
94.130.90.54 - - [12/Jan/2026:17:21:03 +0100] "GET /wp-content/uploads/img-6-1-6.jpg HTTP/1.1" 304 3411 "https://jockers3.inglory.de/wp-content/uploads/elementor/css/post-2356.css?ver=1768234611" "Serf/1.3.9 (mod_pagespeed/1.13.35.2-0)"
94.130.90.54 - - [12/Jan/2026:17:21:03 +0100] "GET /wp-content/uploads/img-7-1-5.jpg HTTP/1.1" 304 3411 "https://jockers3.inglory.de/wp-content/uploads/elementor/css/post-2356.css?ver=1768234611" "Serf/1.3.9 (mod_pagespeed/1.13.35.2-0)"
94.130.90.54 - - [12/Jan/2026:17:21:03 +0100] "GET /wp-content/uploads/img-8-1-2.jpg HTTP/1.1" 304 3411 "https://jockers3.inglory.de/wp-content/uploads/elementor/css/post-2356.css?ver=1768234611" "Serf/1.3.9 (mod_pagespeed/1.13.35.2-0)"
74.7.242.55 - - [12/Jan/2026:17:21:03 +0100] "GET /wp-content/uploads/bg-3-1.jpg HTTP/1.0" 200 67559 "-" "Mozilla/5.0 AppleWebKit/537.36 (KHTML, like Gecko; compatible; GPTBot/1.3; +https://openai.com/gptbot)"
94.130.90.54 - - [12/Jan/2026:17:21:03 +0100] "GET /wp-content/uploads/bg-3-1.jpg HTTP/1.1" 304 3411 "https://jockers3.inglory.de/wp-content/uploads/bg-3-1.jpg" "Serf/1.3.9 (mod_pagespeed/1.13.35.2-0)"
74.7.242.55 - - [12/Jan/2026:17:21:04 +0100] "GET /wp-content/uploads/img-4-1-8.jpg HTTP/1.0" 200 39423 "-" "Mozilla/5.0 AppleWebKit/537.36 (KHTML, like Gecko; compatible; GPTBot/1.3; +https://openai.com/gptbot)"
74.7.242.55 - - [12/Jan/2026:17:21:04 +0100] "GET /wp-content/uploads/img-5-1-6.jpg HTTP/1.0" 200 45205 "-" "Mozilla/5.0 AppleWebKit/537.36 (KHTML, like Gecko; compatible; GPTBot/1.3; +https://openai.com/gptbot)"
74.7.242.55 - - [12/Jan/2026:17:21:05 +0100] "GET /wp-content/uploads/img-8-1-2.jpg HTTP/1.0" 200 46121 "-" "Mozilla/5.0 AppleWebKit/537.36 (KHTML, like Gecko; compatible; GPTBot/1.3; +https://openai.com/gptbot)"
74.7.242.55 - - [12/Jan/2026:17:21:05 +0100] "GET /wp-content/uploads/img-6-1-6.jpg HTTP/1.0" 200 67846 "-" "Mozilla/5.0 AppleWebKit/537.36 (KHTML, like Gecko; compatible; GPTBot/1.3; +https://openai.com/gptbot)"
74.7.242.55 - - [12/Jan/2026:17:21:06 +0100] "GET /wp-content/uploads/img-3-1-7.jpg HTTP/1.0" 200 39809 "-" "Mozilla/5.0 AppleWebKit/537.36 (KHTML, like Gecko; compatible; GPTBot/1.3; +https://openai.com/gptbot)"
74.7.242.55 - - [12/Jan/2026:17:21:06 +0100] "GET /wp-content/uploads/img-7-1-5.jpg HTTP/1.0" 200 59081 "-" "Mozilla/5.0 AppleWebKit/537.36 (KHTML, like Gecko; compatible; GPTBot/1.3; +https://openai.com/gptbot)"
74.7.242.55 - - [12/Jan/2026:17:21:07 +0100] "GET /wp-content/uploads/img-1-9.jpg HTTP/1.0" 200 50907 "-" "Mozilla/5.0 AppleWebKit/537.36 (KHTML, like Gecko; compatible; GPTBot/1.3; +https://openai.com/gptbot)"
94.130.90.54 - - [12/Jan/2026:17:21:17 +0100] "POST /wp-cron.php?doing_wp_cron=1768234877.1752710342407226562500 HTTP/1.0" 200 4074 "-" "RhAlSOjqOm20"
91.10.111.70 - - [12/Jan/2026:17:21:16 +0100] "POST /wp-admin/admin-ajax.php HTTP/1.0" 200 4405 "https://jockers3.inglory.de/wp-admin/post.php?post=18&action=elementor" "Mozilla/5.0 (Macintosh; Intel Mac OS X 10_15_7) AppleWebKit/537.36 (KHTML, like Gecko) Chrome/143.0.0.0 Safari/537.36"
