94.130.90.54 - - [12/Mar/2026:18:55:52 +0100] "GET /wp-content/plugins/elementor/assets/css/widget-social-icons.min.css?ver=3.35.7 HTTP/1.1" 304 3392 "-" "Serf/1.3.9 (mod_pagespeed/1.13.35.2-0)"
216.73.216.209 - - [12/Mar/2026:18:55:52 +0100] "GET /wp-content/plugins/elementor/assets/css/widget-social-icons.min.css,qver=3.35.7.pagespeed.ce.0CaheTjFOA.css HTTP/1.0" 200 5284 "-" "Mozilla/5.0 AppleWebKit/537.36 (KHTML, like Gecko; compatible; ClaudeBot/1.0; +claudebot@anthropic.com)"
94.130.90.54 - - [12/Mar/2026:18:55:55 +0100] "GET /wp-content/plugins/elementor/assets/css/conditionals/apple-webkit.min.css?ver=3.35.7 HTTP/1.1" 304 3392 "-" "Serf/1.3.9 (mod_pagespeed/1.13.35.2-0)"
216.73.216.209 - - [12/Mar/2026:18:55:55 +0100] "GET /wp-content/plugins/elementor/assets/css/conditionals/apple-webkit.min.css,qver=3.35.7.pagespeed.ce.-UpJxJYbwI.css HTTP/1.0" 200 4688 "-" "Mozilla/5.0 AppleWebKit/537.36 (KHTML, like Gecko; compatible; ClaudeBot/1.0; +claudebot@anthropic.com)"
94.130.90.54 - - [12/Mar/2026:18:55:58 +0100] "GET /wp-content/plugins/elementor/assets/js/frontend.min.js?ver=3.35.7 HTTP/1.1" 304 3392 "-" "Serf/1.3.9 (mod_pagespeed/1.13.35.2-0)"
216.73.216.209 - - [12/Mar/2026:18:55:58 +0100] "GET /wp-content/plugins/elementor/assets/js/frontend.min.js,qver=3.35.7.pagespeed.ce.BwBI7dCVCx.js HTTP/1.0" 200 14563 "-" "Mozilla/5.0 AppleWebKit/537.36 (KHTML, like Gecko; compatible; ClaudeBot/1.0; +claudebot@anthropic.com)"
216.73.216.209 - - [12/Mar/2026:18:56:21 +0100] "GET /?p=2698 HTTP/1.0" 301 4167 "-" "Mozilla/5.0 AppleWebKit/537.36 (KHTML, like Gecko; compatible; ClaudeBot/1.0; +claudebot@anthropic.com)"
94.130.90.54 - - [12/Mar/2026:18:56:23 +0100] "GET /wp-content/plugins/preloader-pro/assets/css/loftloader.min.css?ver=2024090401 HTTP/1.1" 304 3393 "https://jockers.inglory.de/bonus-casino-sans-depot-decouvrez-betify-pour-maximiser-vos-gains/" "Serf/1.3.9 (mod_pagespeed/1.13.35.2-0)"
216.73.216.209 - - [12/Mar/2026:18:56:22 +0100] "GET /bonus-casino-sans-depot-decouvrez-betify-pour-maximiser-vos-gains/ HTTP/1.0" 200 27249 "https://jockers.inglory.de/?p=2698" "Mozilla/5.0 AppleWebKit/537.36 (KHTML, like Gecko; compatible; ClaudeBot/1.0; +claudebot@anthropic.com)"
94.130.90.54 - - [12/Mar/2026:18:56:23 +0100] "GET /wp-includes/css/dist/block-library/style.min.css?ver=6.9.4 HTTP/1.1" 304 3393 "https://jockers.inglory.de/bonus-casino-sans-depot-decouvrez-betify-pour-maximiser-vos-gains/" "Serf/1.3.9 (mod_pagespeed/1.13.35.2-0)"
94.130.90.54 - - [12/Mar/2026:18:56:23 +0100] "GET /wp-content/themes/hello-elementor/assets/css/reset.css?ver=3.4.6 HTTP/1.1" 304 3392 "https://jockers.inglory.de/bonus-casino-sans-depot-decouvrez-betify-pour-maximiser-vos-gains/" "Serf/1.3.9 (mod_pagespeed/1.13.35.2-0)"
94.130.90.54 - - [12/Mar/2026:18:56:23 +0100] "GET /wp-content/themes/hello-elementor/assets/css/theme.css?ver=3.4.6 HTTP/1.1" 304 3392 "https://jockers.inglory.de/bonus-casino-sans-depot-decouvrez-betify-pour-maximiser-vos-gains/" "Serf/1.3.9 (mod_pagespeed/1.13.35.2-0)"
94.130.90.54 - - [12/Mar/2026:18:56:23 +0100] "GET /wp-content/themes/hello-elementor/assets/css/header-footer.css?ver=3.4.6 HTTP/1.1" 304 3392 "https://jockers.inglory.de/bonus-casino-sans-depot-decouvrez-betify-pour-maximiser-vos-gains/" "Serf/1.3.9 (mod_pagespeed/1.13.35.2-0)"
94.130.90.54 - - [12/Mar/2026:18:56:24 +0100] "GET /wp-content/plugins/elementor/assets/css/frontend.min.css?ver=3.35.7 HTTP/1.1" 304 3392 "https://jockers.inglory.de/bonus-casino-sans-depot-decouvrez-betify-pour-maximiser-vos-gains/" "Serf/1.3.9 (mod_pagespeed/1.13.35.2-0)"
94.130.90.54 - - [12/Mar/2026:18:56:24 +0100] "GET /wp-content/plugins/elementor/assets/css/widget-image.min.css?ver=3.35.7 HTTP/1.1" 304 3390 "https://jockers.inglory.de/bonus-casino-sans-depot-decouvrez-betify-pour-maximiser-vos-gains/" "Serf/1.3.9 (mod_pagespeed/1.13.35.2-0)"
94.130.90.54 - - [12/Mar/2026:18:56:24 +0100] "GET /wp-content/plugins/elementor-pro/assets/css/widget-nav-menu.min.css?ver=3.35.1 HTTP/1.1" 304 3392 "https://jockers.inglory.de/bonus-casino-sans-depot-decouvrez-betify-pour-maximiser-vos-gains/" "Serf/1.3.9 (mod_pagespeed/1.13.35.2-0)"
94.130.90.54 - - [12/Mar/2026:18:56:24 +0100] "GET /wp-content/plugins/elementor-pro/assets/css/modules/sticky.min.css?ver=3.35.1 HTTP/1.1" 304 3390 "https://jockers.inglory.de/bonus-casino-sans-depot-decouvrez-betify-pour-maximiser-vos-gains/" "Serf/1.3.9 (mod_pagespeed/1.13.35.2-0)"
94.130.90.54 - - [12/Mar/2026:18:56:24 +0100] "GET /wp-content/plugins/elementor/assets/css/widget-heading.min.css?ver=3.35.7 HTTP/1.1" 304 3391 "https://jockers.inglory.de/bonus-casino-sans-depot-decouvrez-betify-pour-maximiser-vos-gains/" "Serf/1.3.9 (mod_pagespeed/1.13.35.2-0)"
94.130.90.54 - - [12/Mar/2026:18:56:24 +0100] "GET /wp-content/plugins/elementor/assets/css/widget-rating.min.css?ver=3.35.7 HTTP/1.1" 304 3391 "https://jockers.inglory.de/bonus-casino-sans-depot-decouvrez-betify-pour-maximiser-vos-gains/" "Serf/1.3.9 (mod_pagespeed/1.13.35.2-0)"
94.130.90.54 - - [12/Mar/2026:18:56:24 +0100] "GET /wp-content/plugins/elementor/assets/css/widget-icon-list.min.css?ver=3.35.7 HTTP/1.1" 304 3392 "https://jockers.inglory.de/bonus-casino-sans-depot-decouvrez-betify-pour-maximiser-vos-gains/" "Serf/1.3.9 (mod_pagespeed/1.13.35.2-0)"
94.130.90.54 - - [12/Mar/2026:18:56:24 +0100] "GET /wp-content/plugins/elementor/assets/lib/animations/styles/fadeIn.min.css?ver=3.35.7 HTTP/1.1" 304 3390 "https://jockers.inglory.de/bonus-casino-sans-depot-decouvrez-betify-pour-maximiser-vos-gains/" "Serf/1.3.9 (mod_pagespeed/1.13.35.2-0)"
94.130.90.54 - - [12/Mar/2026:18:56:24 +0100] "GET /wp-content/plugins/elementor-pro/assets/css/conditionals/popup.min.css?ver=3.35.1 HTTP/1.1" 304 3391 "https://jockers.inglory.de/bonus-casino-sans-depot-decouvrez-betify-pour-maximiser-vos-gains/" "Serf/1.3.9 (mod_pagespeed/1.13.35.2-0)"
94.130.90.54 - - [12/Mar/2026:18:56:24 +0100] "GET /wp-content/plugins/elementor/assets/lib/eicons/css/elementor-icons.min.css?ver=5.47.0 HTTP/1.1" 304 3392 "https://jockers.inglory.de/bonus-casino-sans-depot-decouvrez-betify-pour-maximiser-vos-gains/" "Serf/1.3.9 (mod_pagespeed/1.13.35.2-0)"
94.130.90.54 - - [12/Mar/2026:18:56:24 +0100] "GET /wp-content/uploads/elementor/css/post-7.css?ver=1773290258 HTTP/1.1" 304 3392 "https://jockers.inglory.de/bonus-casino-sans-depot-decouvrez-betify-pour-maximiser-vos-gains/" "Serf/1.3.9 (mod_pagespeed/1.13.35.2-0)"
94.130.90.54 - - [12/Mar/2026:18:56:24 +0100] "GET /wp-content/uploads/elementor/css/post-110.css?ver=1773290260 HTTP/1.1" 304 3392 "https://jockers.inglory.de/bonus-casino-sans-depot-decouvrez-betify-pour-maximiser-vos-gains/" "Serf/1.3.9 (mod_pagespeed/1.13.35.2-0)"
94.130.90.54 - - [12/Mar/2026:18:56:24 +0100] "GET /wp-content/uploads/elementor/css/post-133.css?ver=1773290261 HTTP/1.1" 304 3393 "https://jockers.inglory.de/bonus-casino-sans-depot-decouvrez-betify-pour-maximiser-vos-gains/" "Serf/1.3.9 (mod_pagespeed/1.13.35.2-0)"
94.130.90.54 - - [12/Mar/2026:18:56:24 +0100] "GET /wp-content/uploads/elementor/css/post-136.css?ver=1773290261 HTTP/1.1" 304 3392 "https://jockers.inglory.de/bonus-casino-sans-depot-decouvrez-betify-pour-maximiser-vos-gains/" "Serf/1.3.9 (mod_pagespeed/1.13.35.2-0)"
94.130.90.54 - - [12/Mar/2026:18:56:24 +0100] "GET /wp-content/plugins/elementor/assets/lib/font-awesome/css/fontawesome.min.css?ver=5.15.3 HTTP/1.1" 304 3392 "https://jockers.inglory.de/bonus-casino-sans-depot-decouvrez-betify-pour-maximiser-vos-gains/" "Serf/1.3.9 (mod_pagespeed/1.13.35.2-0)"
94.130.90.54 - - [12/Mar/2026:18:56:24 +0100] "GET /wp-content/plugins/elementor/assets/lib/font-awesome/css/solid.min.css?ver=5.15.3 HTTP/1.1" 304 3391 "https://jockers.inglory.de/bonus-casino-sans-depot-decouvrez-betify-pour-maximiser-vos-gains/" "Serf/1.3.9 (mod_pagespeed/1.13.35.2-0)"
94.130.90.54 - - [12/Mar/2026:18:56:24 +0100] "GET /wp-content/plugins/elementor/assets/lib/font-awesome/css/brands.min.css?ver=5.15.3 HTTP/1.1" 304 3391 "https://jockers.inglory.de/bonus-casino-sans-depot-decouvrez-betify-pour-maximiser-vos-gains/" "Serf/1.3.9 (mod_pagespeed/1.13.35.2-0)"
94.130.90.54 - - [12/Mar/2026:18:56:24 +0100] "GET /wp-content/plugins/elementor/assets/js/frontend-modules.min.js?ver=3.35.7 HTTP/1.1" 304 3392 "https://jockers.inglory.de/bonus-casino-sans-depot-decouvrez-betify-pour-maximiser-vos-gains/" "Serf/1.3.9 (mod_pagespeed/1.13.35.2-0)"
94.130.90.54 - - [12/Mar/2026:18:56:24 +0100] "GET /wp-includes/js/jquery/ui/core.min.js?ver=1.13.3 HTTP/1.1" 304 3392 "https://jockers.inglory.de/bonus-casino-sans-depot-decouvrez-betify-pour-maximiser-vos-gains/" "Serf/1.3.9 (mod_pagespeed/1.13.35.2-0)"
94.130.90.54 - - [12/Mar/2026:18:56:24 +0100] "GET /wp-content/plugins/elementor-pro/assets/lib/smartmenus/jquery.smartmenus.min.js?ver=1.2.1 HTTP/1.1" 304 3392 "https://jockers.inglory.de/bonus-casino-sans-depot-decouvrez-betify-pour-maximiser-vos-gains/" "Serf/1.3.9 (mod_pagespeed/1.13.35.2-0)"
94.130.90.54 - - [12/Mar/2026:18:56:24 +0100] "GET /wp-content/plugins/elementor-pro/assets/lib/sticky/jquery.sticky.min.js?ver=3.35.1 HTTP/1.1" 304 3391 "https://jockers.inglory.de/bonus-casino-sans-depot-decouvrez-betify-pour-maximiser-vos-gains/" "Serf/1.3.9 (mod_pagespeed/1.13.35.2-0)"
94.130.90.54 - - [12/Mar/2026:18:56:24 +0100] "GET /wp-includes/js/dist/hooks.min.js?ver=dd5603f07f9220ed27f1 HTTP/1.1" 304 3392 "https://jockers.inglory.de/bonus-casino-sans-depot-decouvrez-betify-pour-maximiser-vos-gains/" "Serf/1.3.9 (mod_pagespeed/1.13.35.2-0)"
94.130.90.54 - - [12/Mar/2026:18:56:24 +0100] "GET /wp-includes/js/dist/i18n.min.js?ver=c26c3dc7bed366793375 HTTP/1.1" 304 3392 "https://jockers.inglory.de/bonus-casino-sans-depot-decouvrez-betify-pour-maximiser-vos-gains/" "Serf/1.3.9 (mod_pagespeed/1.13.35.2-0)"
94.130.90.54 - - [12/Mar/2026:18:56:24 +0100] "GET /wp-content/uploads/cropped-items-32x32.png HTTP/1.1" 304 3391 "https://jockers.inglory.de/bonus-casino-sans-depot-decouvrez-betify-pour-maximiser-vos-gains/" "Serf/1.3.9 (mod_pagespeed/1.13.35.2-0)"
94.130.90.54 - - [12/Mar/2026:18:56:24 +0100] "GET /wp-content/uploads/cropped-items-192x192.png HTTP/1.1" 304 3391 "https://jockers.inglory.de/bonus-casino-sans-depot-decouvrez-betify-pour-maximiser-vos-gains/" "Serf/1.3.9 (mod_pagespeed/1.13.35.2-0)"
94.130.90.54 - - [12/Mar/2026:18:56:24 +0100] "GET /wp-content/uploads/cropped-items-180x180.png HTTP/1.1" 304 3391 "https://jockers.inglory.de/bonus-casino-sans-depot-decouvrez-betify-pour-maximiser-vos-gains/" "Serf/1.3.9 (mod_pagespeed/1.13.35.2-0)"
94.130.90.54 - - [12/Mar/2026:18:56:24 +0100] "GET /wp-includes/js/jquery/jquery.min.js?ver=3.7.1 HTTP/1.1" 304 3393 "https://jockers.inglory.de/bonus-casino-sans-depot-decouvrez-betify-pour-maximiser-vos-gains/" "Serf/1.3.9 (mod_pagespeed/1.13.35.2-0)"
94.130.90.54 - - [12/Mar/2026:18:56:24 +0100] "GET /wp-includes/js/jquery/jquery-migrate.min.js?ver=3.4.1 HTTP/1.1" 304 3392 "https://jockers.inglory.de/bonus-casino-sans-depot-decouvrez-betify-pour-maximiser-vos-gains/" "Serf/1.3.9 (mod_pagespeed/1.13.35.2-0)"
94.130.90.54 - - [12/Mar/2026:18:56:24 +0100] "GET /wp-content/plugins/preloader-pro/assets/js/jquery.waitformedias.min.js?ver=2024090401 HTTP/1.1" 304 3392 "https://jockers.inglory.de/bonus-casino-sans-depot-decouvrez-betify-pour-maximiser-vos-gains/" "Serf/1.3.9 (mod_pagespeed/1.13.35.2-0)"
94.130.90.54 - - [12/Mar/2026:18:56:24 +0100] "GET /wp-content/plugins/elementor-pro/assets/js/frontend.min.js?ver=3.35.1 HTTP/1.1" 304 3392 "https://jockers.inglory.de/bonus-casino-sans-depot-decouvrez-betify-pour-maximiser-vos-gains/" "Serf/1.3.9 (mod_pagespeed/1.13.35.2-0)"
94.130.90.54 - - [12/Mar/2026:18:56:24 +0100] "GET /wp-content/plugins/elementor-pro/assets/js/elements-handlers.min.js?ver=3.35.1 HTTP/1.1" 304 3392 "https://jockers.inglory.de/bonus-casino-sans-depot-decouvrez-betify-pour-maximiser-vos-gains/" "Serf/1.3.9 (mod_pagespeed/1.13.35.2-0)"
94.130.90.54 - - [12/Mar/2026:18:56:24 +0100] "GET /wp-content/uploads/logo.svg HTTP/1.1" 200 12357 "https://jockers.inglory.de/bonus-casino-sans-depot-decouvrez-betify-pour-maximiser-vos-gains/" "Serf/1.3.9 (mod_pagespeed/1.13.35.2-0)"
94.130.90.54 - - [12/Mar/2026:18:56:24 +0100] "GET /wp-content/uploads/logo.svg HTTP/1.1" 200 12357 "https://jockers.inglory.de/bonus-casino-sans-depot-decouvrez-betify-pour-maximiser-vos-gains/" "Serf/1.3.9 (mod_pagespeed/1.13.35.2-0)"
94.130.90.54 - - [12/Mar/2026:18:56:24 +0100] "GET /wp-content/uploads/Google-logo.svg HTTP/1.1" 200 4648 "https://jockers.inglory.de/bonus-casino-sans-depot-decouvrez-betify-pour-maximiser-vos-gains/" "Serf/1.3.9 (mod_pagespeed/1.13.35.2-0)"
94.130.90.54 - - [12/Mar/2026:18:56:24 +0100] "GET /wp-content/uploads/logo.svg HTTP/1.1" 200 12357 "https://jockers.inglory.de/bonus-casino-sans-depot-decouvrez-betify-pour-maximiser-vos-gains/" "Serf/1.3.9 (mod_pagespeed/1.13.35.2-0)"
94.130.90.54 - - [12/Mar/2026:18:56:24 +0100] "GET /wp-content/plugins/preloader-pro/assets/js/loftloader.min.js?ver=2024090401 HTTP/1.1" 304 3392 "https://jockers.inglory.de/bonus-casino-sans-depot-decouvrez-betify-pour-maximiser-vos-gains/" "Serf/1.3.9 (mod_pagespeed/1.13.35.2-0)"
94.130.90.54 - - [12/Mar/2026:18:56:24 +0100] "GET /wp-content/plugins/elementor/assets/js/webpack.runtime.min.js?ver=3.35.7 HTTP/1.1" 304 3392 "https://jockers.inglory.de/bonus-casino-sans-depot-decouvrez-betify-pour-maximiser-vos-gains/" "Serf/1.3.9 (mod_pagespeed/1.13.35.2-0)"
94.130.90.54 - - [12/Mar/2026:18:56:24 +0100] "GET /wp-content/plugins/elementor-pro/assets/js/webpack-pro.runtime.min.js?ver=3.35.1 HTTP/1.1" 304 3392 "https://jockers.inglory.de/bonus-casino-sans-depot-decouvrez-betify-pour-maximiser-vos-gains/" "Serf/1.3.9 (mod_pagespeed/1.13.35.2-0)"
216.73.216.209 - - [12/Mar/2026:18:56:41 +0100] "GET /?p=2812 HTTP/1.0" 301 4147 "-" "Mozilla/5.0 AppleWebKit/537.36 (KHTML, like Gecko; compatible; ClaudeBot/1.0; +claudebot@anthropic.com)"
216.73.216.209 - - [12/Mar/2026:18:56:42 +0100] "GET /crypto-casino-sans-kyc-instantane-et-securise/ HTTP/1.0" 200 28299 "https://jockers.inglory.de/?p=2812" "Mozilla/5.0 AppleWebKit/537.36 (KHTML, like Gecko; compatible; ClaudeBot/1.0; +claudebot@anthropic.com)"
94.130.90.54 - - [12/Mar/2026:18:57:32 +0100] "POST /wp-cron.php?doing_wp_cron=1773338252.0434570312500000000000 HTTP/1.0" 200 4071 "-" "K5Od7bKBEbS3"
45.9.251.115 - - [12/Mar/2026:18:57:31 +0100] "POST /xmlrpc.php HTTP/1.0" 200 4126 "-" "Mozilla/5.0 (Windows NT 10.0; Win64; x64) AppleWebKit/537.36 (KHTML, like Gecko) Chrome/114.0.0.0 Safari/537.36"
45.9.251.115 - - [12/Mar/2026:18:57:37 +0100] "POST /xmlrpc.php HTTP/1.0" 200 12943 "-" "Mozilla/5.0 (Windows NT 10.0; Win64; x64) AppleWebKit/537.36 (KHTML, like Gecko) Chrome/114.0.0.0 Safari/537.36"
45.9.251.115 - - [12/Mar/2026:18:57:38 +0100] "GET /local-casino-significant-bonuses-the-largest-added-bonus-program-you-could-ever-before-see/ HTTP/1.0" 200 168308 "-" "Mozilla/5.0 (Windows NT 10.0; Win64; x64) AppleWebKit/537.36 (KHTML, like Gecko) Chrome/123.0.0.0 Safari/537.36 OPR/109.0.0.0"
216.73.216.209 - - [12/Mar/2026:18:58:04 +0100] "GET /wp-content/uploads/elementor/css/A.post-7.css,qver=1773290258.pagespeed.cf.ybC-u7-SSw.css HTTP/1.0" 200 5166 "-" "Mozilla/5.0 AppleWebKit/537.36 (KHTML, like Gecko; compatible; ClaudeBot/1.0; +claudebot@anthropic.com)"
216.73.216.209 - - [12/Mar/2026:18:59:01 +0100] "GET /wp-content/uploads/elementor/css/A.post-110.css,qver=1773290260.pagespeed.cf.shkVgEn2VG.css HTTP/1.0" 200 6719 "-" "Mozilla/5.0 AppleWebKit/537.36 (KHTML, like Gecko; compatible; ClaudeBot/1.0; +claudebot@anthropic.com)"
94.130.90.54 - - [12/Mar/2026:18:59:04 +0100] "POST /wp-cron.php?doing_wp_cron=1773338344.7909250259399414062500 HTTP/1.0" 200 4071 "-" "g7D9h22oe2u9"
216.73.216.209 - - [12/Mar/2026:18:59:04 +0100] "GET /?p=2684 HTTP/1.0" 301 4148 "-" "Mozilla/5.0 AppleWebKit/537.36 (KHTML, like Gecko; compatible; ClaudeBot/1.0; +claudebot@anthropic.com)"
216.73.216.209 - - [12/Mar/2026:18:59:04 +0100] "GET /roulette-de-casino-en-ligne-decouvrez-loco-win/ HTTP/1.0" 200 28719 "https://jockers.inglory.de/?p=2684" "Mozilla/5.0 AppleWebKit/537.36 (KHTML, like Gecko; compatible; ClaudeBot/1.0; +claudebot@anthropic.com)"
216.73.216.209 - - [12/Mar/2026:19:01:00 +0100] "GET /wp-content/uploads/elementor/css/A.post-133.css,qver=1773290261.pagespeed.cf.L2e8XM-jE8.css HTTP/1.0" 200 8520 "-" "Mozilla/5.0 AppleWebKit/537.36 (KHTML, like Gecko; compatible; ClaudeBot/1.0; +claudebot@anthropic.com)"
94.130.90.54 - - [12/Mar/2026:19:01:33 +0100] "POST /wp-cron.php?doing_wp_cron=1773338493.1603629589080810546875 HTTP/1.0" 200 4071 "-" "FDZGxciPuauK"
216.73.216.209 - - [12/Mar/2026:19:01:32 +0100] "GET /crypto-casino-sans-kyc-instantane-et-securise/feed HTTP/1.0" 301 4250 "-" "Mozilla/5.0 AppleWebKit/537.36 (KHTML, like Gecko; compatible; ClaudeBot/1.0; +claudebot@anthropic.com)"
216.73.216.209 - - [12/Mar/2026:19:01:33 +0100] "GET /crypto-casino-sans-kyc-instantane-et-securise/feed/ HTTP/1.0" 200 4889 "https://jockers.inglory.de/crypto-casino-sans-kyc-instantane-et-securise/feed" "Mozilla/5.0 AppleWebKit/537.36 (KHTML, like Gecko; compatible; ClaudeBot/1.0; +claudebot@anthropic.com)"
216.73.216.209 - - [12/Mar/2026:19:01:41 +0100] "GET /wp-includes/css/dist/block-library/A.style.min.css,qver=6.9.4.pagespeed.cf.jlQD0wfBKx.css HTTP/1.0" 200 19815 "-" "Mozilla/5.0 AppleWebKit/537.36 (KHTML, like Gecko; compatible; ClaudeBot/1.0; +claudebot@anthropic.com)"
94.130.90.54 - - [12/Mar/2026:19:01:44 +0100] "GET /wp-content/plugins/elementor/assets/css/widget-icon-list.min.css?ver=3.35.7 HTTP/1.1" 304 3392 "-" "Serf/1.3.9 (mod_pagespeed/1.13.35.2-0)"
216.73.216.209 - - [12/Mar/2026:19:01:44 +0100] "GET /wp-content/plugins/elementor/assets/css/widget-icon-list.min.css,qver=3.35.7.pagespeed.ce.HG33FpU_hw.css HTTP/1.0" 200 5166 "-" "Mozilla/5.0 AppleWebKit/537.36 (KHTML, like Gecko; compatible; ClaudeBot/1.0; +claudebot@anthropic.com)"
94.130.90.54 - - [12/Mar/2026:19:02:16 +0100] "POST /wp-cron.php?doing_wp_cron=1773338536.1298151016235351562500 HTTP/1.0" 200 4071 "-" "5Zt1n5Io5qoD"
45.9.251.115 - - [12/Mar/2026:19:02:15 +0100] "POST /xmlrpc.php HTTP/1.0" 200 4126 "-" "Mozilla/5.0 (Windows NT 10.0; Win64; x64) AppleWebKit/537.36 (KHTML, like Gecko) Chrome/114.0.0.0 Safari/537.36"
45.9.251.115 - - [12/Mar/2026:19:02:21 +0100] "POST /xmlrpc.php HTTP/1.0" 200 12430 "-" "Mozilla/5.0 (Windows NT 10.0; Win64; x64) AppleWebKit/537.36 (KHTML, like Gecko) Chrome/114.0.0.0 Safari/537.36"
94.130.90.54 - - [12/Mar/2026:19:02:24 +0100] "GET /wp-content/plugins/preloader-pro/assets/css/loftloader.min.css?ver=2024090401 HTTP/1.1" 304 3393 "https://jockers.inglory.de/figure-out-what-things-for-your-requirements-prior-to-plunge-during-the/" "Serf/1.3.9 (mod_pagespeed/1.13.35.2-0)"
45.9.251.115 - - [12/Mar/2026:19:02:22 +0100] "GET /figure-out-what-things-for-your-requirements-prior-to-plunge-during-the/ HTTP/1.0" 200 164401 "-" "Mozilla/5.0 (Windows NT 10.0; Win64; x64) AppleWebKit/537.36 (KHTML, like Gecko) Chrome/124.0.0.0 Safari/537.36 Edg/124.0.0.0"
94.130.90.54 - - [12/Mar/2026:19:02:24 +0100] "GET /wp-includes/css/dist/block-library/style.min.css?ver=6.9.4 HTTP/1.1" 304 3393 "https://jockers.inglory.de/figure-out-what-things-for-your-requirements-prior-to-plunge-during-the/" "Serf/1.3.9 (mod_pagespeed/1.13.35.2-0)"
94.130.90.54 - - [12/Mar/2026:19:02:24 +0100] "GET /wp-content/themes/hello-elementor/assets/css/reset.css?ver=3.4.6 HTTP/1.1" 304 3392 "https://jockers.inglory.de/figure-out-what-things-for-your-requirements-prior-to-plunge-during-the/" "Serf/1.3.9 (mod_pagespeed/1.13.35.2-0)"
94.130.90.54 - - [12/Mar/2026:19:02:24 +0100] "GET /wp-content/themes/hello-elementor/assets/css/theme.css?ver=3.4.6 HTTP/1.1" 304 3392 "https://jockers.inglory.de/figure-out-what-things-for-your-requirements-prior-to-plunge-during-the/" "Serf/1.3.9 (mod_pagespeed/1.13.35.2-0)"
94.130.90.54 - - [12/Mar/2026:19:02:24 +0100] "GET /wp-content/themes/hello-elementor/assets/css/header-footer.css?ver=3.4.6 HTTP/1.1" 304 3392 "https://jockers.inglory.de/figure-out-what-things-for-your-requirements-prior-to-plunge-during-the/" "Serf/1.3.9 (mod_pagespeed/1.13.35.2-0)"
94.130.90.54 - - [12/Mar/2026:19:02:24 +0100] "GET /wp-content/plugins/elementor/assets/css/frontend.min.css?ver=3.35.7 HTTP/1.1" 304 3392 "https://jockers.inglory.de/figure-out-what-things-for-your-requirements-prior-to-plunge-during-the/" "Serf/1.3.9 (mod_pagespeed/1.13.35.2-0)"
94.130.90.54 - - [12/Mar/2026:19:02:24 +0100] "GET /wp-content/plugins/elementor/assets/css/widget-image.min.css?ver=3.35.7 HTTP/1.1" 304 3390 "https://jockers.inglory.de/figure-out-what-things-for-your-requirements-prior-to-plunge-during-the/" "Serf/1.3.9 (mod_pagespeed/1.13.35.2-0)"
94.130.90.54 - - [12/Mar/2026:19:02:24 +0100] "GET /wp-content/plugins/elementor-pro/assets/css/widget-nav-menu.min.css?ver=3.35.1 HTTP/1.1" 304 3392 "https://jockers.inglory.de/figure-out-what-things-for-your-requirements-prior-to-plunge-during-the/" "Serf/1.3.9 (mod_pagespeed/1.13.35.2-0)"
94.130.90.54 - - [12/Mar/2026:19:02:24 +0100] "GET /wp-content/plugins/elementor-pro/assets/css/modules/sticky.min.css?ver=3.35.1 HTTP/1.1" 304 3390 "https://jockers.inglory.de/figure-out-what-things-for-your-requirements-prior-to-plunge-during-the/" "Serf/1.3.9 (mod_pagespeed/1.13.35.2-0)"
94.130.90.54 - - [12/Mar/2026:19:02:24 +0100] "GET /wp-content/plugins/elementor/assets/css/widget-heading.min.css?ver=3.35.7 HTTP/1.1" 304 3391 "https://jockers.inglory.de/figure-out-what-things-for-your-requirements-prior-to-plunge-during-the/" "Serf/1.3.9 (mod_pagespeed/1.13.35.2-0)"
94.130.90.54 - - [12/Mar/2026:19:02:24 +0100] "GET /wp-content/plugins/elementor/assets/css/widget-rating.min.css?ver=3.35.7 HTTP/1.1" 304 3391 "https://jockers.inglory.de/figure-out-what-things-for-your-requirements-prior-to-plunge-during-the/" "Serf/1.3.9 (mod_pagespeed/1.13.35.2-0)"
94.130.90.54 - - [12/Mar/2026:19:02:24 +0100] "GET /wp-content/plugins/elementor/assets/css/widget-social-icons.min.css?ver=3.35.7 HTTP/1.1" 304 3392 "https://jockers.inglory.de/figure-out-what-things-for-your-requirements-prior-to-plunge-during-the/" "Serf/1.3.9 (mod_pagespeed/1.13.35.2-0)"
94.130.90.54 - - [12/Mar/2026:19:02:24 +0100] "GET /wp-content/plugins/elementor/assets/css/conditionals/apple-webkit.min.css?ver=3.35.7 HTTP/1.1" 304 3392 "https://jockers.inglory.de/figure-out-what-things-for-your-requirements-prior-to-plunge-during-the/" "Serf/1.3.9 (mod_pagespeed/1.13.35.2-0)"
94.130.90.54 - - [12/Mar/2026:19:02:24 +0100] "GET /wp-content/plugins/elementor/assets/lib/animations/styles/fadeIn.min.css?ver=3.35.7 HTTP/1.1" 304 3390 "https://jockers.inglory.de/figure-out-what-things-for-your-requirements-prior-to-plunge-during-the/" "Serf/1.3.9 (mod_pagespeed/1.13.35.2-0)"
94.130.90.54 - - [12/Mar/2026:19:02:24 +0100] "GET /wp-content/plugins/elementor-pro/assets/css/conditionals/popup.min.css?ver=3.35.1 HTTP/1.1" 304 3391 "https://jockers.inglory.de/figure-out-what-things-for-your-requirements-prior-to-plunge-during-the/" "Serf/1.3.9 (mod_pagespeed/1.13.35.2-0)"
94.130.90.54 - - [12/Mar/2026:19:02:24 +0100] "GET /wp-content/plugins/elementor/assets/lib/eicons/css/elementor-icons.min.css?ver=5.47.0 HTTP/1.1" 304 3392 "https://jockers.inglory.de/figure-out-what-things-for-your-requirements-prior-to-plunge-during-the/" "Serf/1.3.9 (mod_pagespeed/1.13.35.2-0)"
94.130.90.54 - - [12/Mar/2026:19:02:24 +0100] "GET /wp-content/uploads/elementor/css/post-7.css?ver=1773290258 HTTP/1.1" 304 3392 "https://jockers.inglory.de/figure-out-what-things-for-your-requirements-prior-to-plunge-during-the/" "Serf/1.3.9 (mod_pagespeed/1.13.35.2-0)"
94.130.90.54 - - [12/Mar/2026:19:02:24 +0100] "GET /wp-content/uploads/elementor/css/post-110.css?ver=1773290260 HTTP/1.1" 304 3392 "https://jockers.inglory.de/figure-out-what-things-for-your-requirements-prior-to-plunge-during-the/" "Serf/1.3.9 (mod_pagespeed/1.13.35.2-0)"
94.130.90.54 - - [12/Mar/2026:19:02:24 +0100] "GET /wp-content/uploads/elementor/css/post-133.css?ver=1773290261 HTTP/1.1" 304 3393 "https://jockers.inglory.de/figure-out-what-things-for-your-requirements-prior-to-plunge-during-the/" "Serf/1.3.9 (mod_pagespeed/1.13.35.2-0)"
94.130.90.54 - - [12/Mar/2026:19:02:24 +0100] "GET /wp-content/uploads/elementor/css/post-136.css?ver=1773290261 HTTP/1.1" 304 3392 "https://jockers.inglory.de/figure-out-what-things-for-your-requirements-prior-to-plunge-during-the/" "Serf/1.3.9 (mod_pagespeed/1.13.35.2-0)"
94.130.90.54 - - [12/Mar/2026:19:02:24 +0100] "GET /wp-content/plugins/elementor/assets/lib/font-awesome/css/fontawesome.min.css?ver=5.15.3 HTTP/1.1" 304 3392 "https://jockers.inglory.de/figure-out-what-things-for-your-requirements-prior-to-plunge-during-the/" "Serf/1.3.9 (mod_pagespeed/1.13.35.2-0)"
94.130.90.54 - - [12/Mar/2026:19:02:24 +0100] "GET /wp-content/plugins/elementor/assets/lib/font-awesome/css/solid.min.css?ver=5.15.3 HTTP/1.1" 304 3391 "https://jockers.inglory.de/figure-out-what-things-for-your-requirements-prior-to-plunge-during-the/" "Serf/1.3.9 (mod_pagespeed/1.13.35.2-0)"
94.130.90.54 - - [12/Mar/2026:19:02:24 +0100] "GET /wp-content/plugins/elementor/assets/lib/font-awesome/css/brands.min.css?ver=5.15.3 HTTP/1.1" 304 3391 "https://jockers.inglory.de/figure-out-what-things-for-your-requirements-prior-to-plunge-during-the/" "Serf/1.3.9 (mod_pagespeed/1.13.35.2-0)"
94.130.90.54 - - [12/Mar/2026:19:02:24 +0100] "GET /wp-content/plugins/elementor/assets/js/frontend-modules.min.js?ver=3.35.7 HTTP/1.1" 304 3392 "https://jockers.inglory.de/figure-out-what-things-for-your-requirements-prior-to-plunge-during-the/" "Serf/1.3.9 (mod_pagespeed/1.13.35.2-0)"
94.130.90.54 - - [12/Mar/2026:19:02:24 +0100] "GET /wp-includes/js/jquery/ui/core.min.js?ver=1.13.3 HTTP/1.1" 304 3392 "https://jockers.inglory.de/figure-out-what-things-for-your-requirements-prior-to-plunge-during-the/" "Serf/1.3.9 (mod_pagespeed/1.13.35.2-0)"
94.130.90.54 - - [12/Mar/2026:19:02:24 +0100] "GET /wp-content/plugins/elementor-pro/assets/lib/smartmenus/jquery.smartmenus.min.js?ver=1.2.1 HTTP/1.1" 304 3392 "https://jockers.inglory.de/figure-out-what-things-for-your-requirements-prior-to-plunge-during-the/" "Serf/1.3.9 (mod_pagespeed/1.13.35.2-0)"
94.130.90.54 - - [12/Mar/2026:19:02:24 +0100] "GET /wp-content/plugins/elementor-pro/assets/lib/sticky/jquery.sticky.min.js?ver=3.35.1 HTTP/1.1" 304 3391 "https://jockers.inglory.de/figure-out-what-things-for-your-requirements-prior-to-plunge-during-the/" "Serf/1.3.9 (mod_pagespeed/1.13.35.2-0)"
94.130.90.54 - - [12/Mar/2026:19:02:24 +0100] "GET /wp-includes/js/dist/hooks.min.js?ver=dd5603f07f9220ed27f1 HTTP/1.1" 304 3392 "https://jockers.inglory.de/figure-out-what-things-for-your-requirements-prior-to-plunge-during-the/" "Serf/1.3.9 (mod_pagespeed/1.13.35.2-0)"
94.130.90.54 - - [12/Mar/2026:19:02:24 +0100] "GET /wp-includes/js/dist/i18n.min.js?ver=c26c3dc7bed366793375 HTTP/1.1" 304 3392 "https://jockers.inglory.de/figure-out-what-things-for-your-requirements-prior-to-plunge-during-the/" "Serf/1.3.9 (mod_pagespeed/1.13.35.2-0)"
94.130.90.54 - - [12/Mar/2026:19:02:24 +0100] "GET /wp-content/uploads/cropped-items-32x32.png HTTP/1.1" 304 3391 "https://jockers.inglory.de/figure-out-what-things-for-your-requirements-prior-to-plunge-during-the/" "Serf/1.3.9 (mod_pagespeed/1.13.35.2-0)"
94.130.90.54 - - [12/Mar/2026:19:02:24 +0100] "GET /wp-content/uploads/cropped-items-192x192.png HTTP/1.1" 304 3391 "https://jockers.inglory.de/figure-out-what-things-for-your-requirements-prior-to-plunge-during-the/" "Serf/1.3.9 (mod_pagespeed/1.13.35.2-0)"
94.130.90.54 - - [12/Mar/2026:19:02:24 +0100] "GET /wp-content/uploads/cropped-items-180x180.png HTTP/1.1" 304 3391 "https://jockers.inglory.de/figure-out-what-things-for-your-requirements-prior-to-plunge-during-the/" "Serf/1.3.9 (mod_pagespeed/1.13.35.2-0)"
94.130.90.54 - - [12/Mar/2026:19:02:24 +0100] "GET /wp-includes/js/jquery/jquery.min.js?ver=3.7.1 HTTP/1.1" 304 3393 "https://jockers.inglory.de/figure-out-what-things-for-your-requirements-prior-to-plunge-during-the/" "Serf/1.3.9 (mod_pagespeed/1.13.35.2-0)"
94.130.90.54 - - [12/Mar/2026:19:02:24 +0100] "GET /wp-includes/js/jquery/jquery-migrate.min.js?ver=3.4.1 HTTP/1.1" 304 3392 "https://jockers.inglory.de/figure-out-what-things-for-your-requirements-prior-to-plunge-during-the/" "Serf/1.3.9 (mod_pagespeed/1.13.35.2-0)"
94.130.90.54 - - [12/Mar/2026:19:02:24 +0100] "GET /wp-content/plugins/preloader-pro/assets/js/jquery.waitformedias.min.js?ver=2024090401 HTTP/1.1" 304 3392 "https://jockers.inglory.de/figure-out-what-things-for-your-requirements-prior-to-plunge-during-the/" "Serf/1.3.9 (mod_pagespeed/1.13.35.2-0)"
94.130.90.54 - - [12/Mar/2026:19:02:24 +0100] "GET /wp-content/plugins/elementor-pro/assets/js/frontend.min.js?ver=3.35.1 HTTP/1.1" 304 3392 "https://jockers.inglory.de/figure-out-what-things-for-your-requirements-prior-to-plunge-during-the/" "Serf/1.3.9 (mod_pagespeed/1.13.35.2-0)"
94.130.90.54 - - [12/Mar/2026:19:02:24 +0100] "GET /wp-content/plugins/elementor-pro/assets/js/elements-handlers.min.js?ver=3.35.1 HTTP/1.1" 304 3392 "https://jockers.inglory.de/figure-out-what-things-for-your-requirements-prior-to-plunge-during-the/" "Serf/1.3.9 (mod_pagespeed/1.13.35.2-0)"
94.130.90.54 - - [12/Mar/2026:19:02:24 +0100] "GET /wp-content/uploads/logo.svg HTTP/1.1" 200 12357 "https://jockers.inglory.de/figure-out-what-things-for-your-requirements-prior-to-plunge-during-the/" "Serf/1.3.9 (mod_pagespeed/1.13.35.2-0)"
94.130.90.54 - - [12/Mar/2026:19:02:24 +0100] "GET /wp-content/uploads/logo.svg HTTP/1.1" 200 12357 "https://jockers.inglory.de/figure-out-what-things-for-your-requirements-prior-to-plunge-during-the/" "Serf/1.3.9 (mod_pagespeed/1.13.35.2-0)"
94.130.90.54 - - [12/Mar/2026:19:02:24 +0100] "GET /wp-content/uploads/Google-logo.svg HTTP/1.1" 200 4648 "https://jockers.inglory.de/figure-out-what-things-for-your-requirements-prior-to-plunge-during-the/" "Serf/1.3.9 (mod_pagespeed/1.13.35.2-0)"
94.130.90.54 - - [12/Mar/2026:19:02:24 +0100] "GET /wp-content/uploads/logo.svg HTTP/1.1" 200 12357 "https://jockers.inglory.de/figure-out-what-things-for-your-requirements-prior-to-plunge-during-the/" "Serf/1.3.9 (mod_pagespeed/1.13.35.2-0)"
94.130.90.54 - - [12/Mar/2026:19:02:24 +0100] "GET /wp-content/plugins/preloader-pro/assets/js/loftloader.min.js?ver=2024090401 HTTP/1.1" 304 3392 "https://jockers.inglory.de/figure-out-what-things-for-your-requirements-prior-to-plunge-during-the/" "Serf/1.3.9 (mod_pagespeed/1.13.35.2-0)"
94.130.90.54 - - [12/Mar/2026:19:02:24 +0100] "GET /wp-content/plugins/elementor/assets/js/webpack.runtime.min.js?ver=3.35.7 HTTP/1.1" 304 3392 "https://jockers.inglory.de/figure-out-what-things-for-your-requirements-prior-to-plunge-during-the/" "Serf/1.3.9 (mod_pagespeed/1.13.35.2-0)"
94.130.90.54 - - [12/Mar/2026:19:02:24 +0100] "GET /wp-content/plugins/elementor/assets/js/frontend.min.js?ver=3.35.7 HTTP/1.1" 304 3392 "https://jockers.inglory.de/figure-out-what-things-for-your-requirements-prior-to-plunge-during-the/" "Serf/1.3.9 (mod_pagespeed/1.13.35.2-0)"
94.130.90.54 - - [12/Mar/2026:19:02:24 +0100] "GET /wp-content/plugins/elementor-pro/assets/js/webpack-pro.runtime.min.js?ver=3.35.1 HTTP/1.1" 304 3392 "https://jockers.inglory.de/figure-out-what-things-for-your-requirements-prior-to-plunge-during-the/" "Serf/1.3.9 (mod_pagespeed/1.13.35.2-0)"
94.130.90.54 - - [12/Mar/2026:19:02:48 +0100] "POST /wp-cron.php?doing_wp_cron=1773338568.7048020362854003906250 HTTP/1.0" 200 4071 "-" "1TUwu9LSrucC"
216.73.216.209 - - [12/Mar/2026:19:02:48 +0100] "GET /bonus-casino-sans-depot-decouvrez-betify-pour-maximiser-vos-gains/feed HTTP/1.0" 301 4270 "-" "Mozilla/5.0 AppleWebKit/537.36 (KHTML, like Gecko; compatible; ClaudeBot/1.0; +claudebot@anthropic.com)"
216.73.216.209 - - [12/Mar/2026:19:02:48 +0100] "GET /bonus-casino-sans-depot-decouvrez-betify-pour-maximiser-vos-gains/feed/ HTTP/1.0" 200 4917 "https://jockers.inglory.de/bonus-casino-sans-depot-decouvrez-betify-pour-maximiser-vos-gains/feed" "Mozilla/5.0 AppleWebKit/537.36 (KHTML, like Gecko; compatible; ClaudeBot/1.0; +claudebot@anthropic.com)"
216.73.216.209 - - [12/Mar/2026:19:03:09 +0100] "GET /wp-content/uploads/elementor/css/A.post-136.css,qver=1773290261.pagespeed.cf.QdFhthNQd_.css HTTP/1.0" 200 5500 "-" "Mozilla/5.0 AppleWebKit/537.36 (KHTML, like Gecko; compatible; ClaudeBot/1.0; +claudebot@anthropic.com)"
216.73.216.209 - - [12/Mar/2026:19:03:12 +0100] "GET /wp-content/plugins/elementor/assets/css/frontend.min.css,qver=3.35.7.pagespeed.ce.T7X3_F5B9z.css HTTP/1.0" 200 11458 "-" "Mozilla/5.0 AppleWebKit/537.36 (KHTML, like Gecko; compatible; ClaudeBot/1.0; +claudebot@anthropic.com)"
94.130.90.54 - - [12/Mar/2026:19:05:29 +0100] "POST /wp-cron.php?doing_wp_cron=1773338729.7625160217285156250000 HTTP/1.0" 200 4071 "-" "kUC5XaXuBuLm"
94.130.90.54 - - [12/Mar/2026:19:05:29 +0100] "GET /wp-content/plugins/elementor/assets/lib/swiper/v8/css/swiper.min.css?ver=8.4.5 HTTP/1.1" 200 20049 "https://jockers.inglory.de/dampfbad/" "Serf/1.3.9 (mod_pagespeed/1.13.35.2-0)"
94.130.90.54 - - [12/Mar/2026:19:05:29 +0100] "GET /wp-content/plugins/elementor-pro/assets/css/widget-nested-carousel.min.css?ver=3.35.1 HTTP/1.1" 200 13214 "https://jockers.inglory.de/dampfbad/" "Serf/1.3.9 (mod_pagespeed/1.13.35.2-0)"
94.130.90.54 - - [12/Mar/2026:19:05:29 +0100] "GET /wp-content/plugins/elementor/assets/css/widget-divider.min.css?ver=3.35.7 HTTP/1.1" 200 7806 "https://jockers.inglory.de/dampfbad/" "Serf/1.3.9 (mod_pagespeed/1.13.35.2-0)"
94.130.90.54 - - [12/Mar/2026:19:05:29 +0100] "GET /wp-content/plugins/elementor/assets/css/conditionals/e-swiper.min.css?ver=3.35.7 HTTP/1.1" 200 9034 "https://jockers.inglory.de/dampfbad/" "Serf/1.3.9 (mod_pagespeed/1.13.35.2-0)"
94.130.90.54 - - [12/Mar/2026:19:05:29 +0100] "GET /wp-content/uploads/elementor/css/post-53.css?ver=1773323280 HTTP/1.1" 200 36635 "https://jockers.inglory.de/dampfbad/" "Serf/1.3.9 (mod_pagespeed/1.13.35.2-0)"
94.130.90.54 - - [12/Mar/2026:19:05:29 +0100] "GET /wp-content/uploads/img-2-1-3.jpg HTTP/1.1" 200 49350 "https://jockers.inglory.de/dampfbad/" "Serf/1.3.9 (mod_pagespeed/1.13.35.2-0)"
94.130.90.54 - - [12/Mar/2026:19:05:29 +0100] "GET /wp-content/uploads/img-2-1-3.jpg HTTP/1.1" 200 49350 "https://jockers.inglory.de/dampfbad/" "Serf/1.3.9 (mod_pagespeed/1.13.35.2-0)"
94.130.90.54 - - [12/Mar/2026:19:05:29 +0100] "GET /wp-content/uploads/img-2-1-3-300x248.jpg HTTP/1.1" 200 8501 "https://jockers.inglory.de/dampfbad/" "Serf/1.3.9 (mod_pagespeed/1.13.35.2-0)"
94.130.90.54 - - [12/Mar/2026:19:05:29 +0100] "GET /wp-content/uploads/img-2-1-3-1024x846.jpg HTTP/1.1" 200 37374 "https://jockers.inglory.de/dampfbad/" "Serf/1.3.9 (mod_pagespeed/1.13.35.2-0)"
94.130.90.54 - - [12/Mar/2026:19:05:29 +0100] "GET /wp-content/uploads/img-2-1-3-768x634.jpg HTTP/1.1" 200 24217 "https://jockers.inglory.de/dampfbad/" "Serf/1.3.9 (mod_pagespeed/1.13.35.2-0)"
94.130.90.54 - - [12/Mar/2026:19:05:29 +0100] "GET /wp-content/plugins/elementor/assets/lib/swiper/v8/swiper.min.js?ver=8.4.5 HTTP/1.1" 200 147506 "https://jockers.inglory.de/dampfbad/" "Serf/1.3.9 (mod_pagespeed/1.13.35.2-0)"
66.249.68.36 - - [12/Mar/2026:19:05:27 +0100] "GET /dampfbad/ HTTP/1.0" 200 37567 "-" "Mozilla/5.0 (Linux; Android 6.0.1; Nexus 5X Build/MMB29P) AppleWebKit/537.36 (KHTML, like Gecko) Chrome/145.0.7632.116 Mobile Safari/537.36 (compatible; GoogleOther)"
94.130.90.54 - - [12/Mar/2026:19:05:29 +0100] "GET /wp-content/uploads/img-1-1.jpg HTTP/1.1" 200 66234 "https://jockers.inglory.de/dampfbad/" "Serf/1.3.9 (mod_pagespeed/1.13.35.2-0)"
94.130.90.54 - - [12/Mar/2026:19:05:29 +0100] "GET /wp-content/uploads/img-2-1-1.jpg HTTP/1.1" 200 65014 "https://jockers.inglory.de/dampfbad/" "Serf/1.3.9 (mod_pagespeed/1.13.35.2-0)"
94.130.90.54 - - [12/Mar/2026:19:05:29 +0100] "GET /wp-content/uploads/img-3-1-1.jpg HTTP/1.1" 200 55290 "https://jockers.inglory.de/dampfbad/" "Serf/1.3.9 (mod_pagespeed/1.13.35.2-0)"
94.130.90.54 - - [12/Mar/2026:19:05:29 +0100] "GET /wp-content/uploads/img-1-8.jpg HTTP/1.1" 200 46636 "https://jockers.inglory.de/dampfbad/" "Serf/1.3.9 (mod_pagespeed/1.13.35.2-0)"
94.130.90.54 - - [12/Mar/2026:19:05:29 +0100] "GET /wp-content/uploads/bg-2-1.jpg HTTP/1.1" 200 54342 "https://jockers.inglory.de/dampfbad/" "Serf/1.3.9 (mod_pagespeed/1.13.35.2-0)"
66.249.68.35 - - [12/Mar/2026:19:05:32 +0100] "GET /wp-content/plugins/elementor/assets/css/A.widget-divider.min.css,qver=3.35.7.pagespeed.cf.2uVmcsjov2.css HTTP/1.0" 200 4864 "https://jockers.inglory.de/dampfbad/" "Mozilla/5.0 (Linux; Android 6.0.1; Nexus 5X Build/MMB29P) AppleWebKit/537.36 (KHTML, like Gecko) Chrome/145.0.7632.116 Mobile Safari/537.36 (compatible; GoogleOther)"
66.249.68.35 - - [12/Mar/2026:19:05:35 +0100] "GET /wp-content/themes/hello-elementor/assets/css/theme.css,qver=3.4.6.pagespeed.ce.pIDSv4xSPa.css HTTP/1.0" 200 5413 "https://jockers.inglory.de/dampfbad/" "Mozilla/5.0 (Linux; Android 6.0.1; Nexus 5X Build/MMB29P) AppleWebKit/537.36 (KHTML, like Gecko) Chrome/145.0.7632.116 Mobile Safari/537.36 (compatible; GoogleOther)"
66.249.68.34 - - [12/Mar/2026:19:05:38 +0100] "GET /wp-content/themes/hello-elementor/assets/css/header-footer.css,qver=3.4.6.pagespeed.ce.htu0eVW7nb.css HTTP/1.0" 200 5565 "https://jockers.inglory.de/dampfbad/" "Mozilla/5.0 (Linux; Android 6.0.1; Nexus 5X Build/MMB29P) AppleWebKit/537.36 (KHTML, like Gecko) Chrome/145.0.7632.116 Mobile Safari/537.36 (compatible; GoogleOther)"
66.249.68.34 - - [12/Mar/2026:19:05:40 +0100] "GET /wp-content,_plugins,_elementor,_assets,_js,_frontend-modules.min.js,qver==3.35.7+wp-includes,_js,_jquery,_ui,_core.min.js,qver==1.13.3.pagespeed.jc.yx-TYbLUf7.js HTTP/1.0" 200 26423 "https://jockers.inglory.de/dampfbad/" "Mozilla/5.0 (Linux; Android 6.0.1; Nexus 5X Build/MMB29P) AppleWebKit/537.36 (KHTML, like Gecko) Chrome/145.0.7632.116 Mobile Safari/537.36 (compatible; GoogleOther)"
66.249.68.34 - - [12/Mar/2026:19:05:42 +0100] "GET /wp-content/plugins/elementor-pro/assets/css/A.widget-nested-carousel.min.css,qver=3.35.1.pagespeed.cf.63CDF7DsF2.css HTTP/1.0" 200 5569 "https://jockers.inglory.de/dampfbad/" "Mozilla/5.0 (Linux; Android 6.0.1; Nexus 5X Build/MMB29P) AppleWebKit/537.36 (KHTML, like Gecko) Chrome/145.0.7632.116 Mobile Safari/537.36 (compatible; GoogleOther)"
66.249.68.34 - - [12/Mar/2026:19:05:46 +0100] "GET /wp-content/plugins/elementor/assets/js/frontend.min.js,qver=3.35.7.pagespeed.ce.BwBI7dCVCx.js HTTP/1.0" 200 14563 "https://jockers.inglory.de/dampfbad/" "Mozilla/5.0 (Linux; Android 6.0.1; Nexus 5X Build/MMB29P) AppleWebKit/537.36 (KHTML, like Gecko) Chrome/145.0.7632.116 Mobile Safari/537.36 (compatible; GoogleOther)"
66.249.68.34 - - [12/Mar/2026:19:05:49 +0100] "GET /wp-content/plugins/elementor-pro/assets/lib/smartmenus,_jquery.smartmenus.min.js,qver==1.2.1+sticky,_jquery.sticky.min.js,qver==3.35.1.pagespeed.jc.lfGtbHPMAY.js HTTP/1.0" 200 12571 "https://jockers.inglory.de/dampfbad/" "Mozilla/5.0 (Linux; Android 6.0.1; Nexus 5X Build/MMB29P) AppleWebKit/537.36 (KHTML, like Gecko) Chrome/145.0.7632.116 Mobile Safari/537.36 (compatible; GoogleOther)"
66.249.68.34 - - [12/Mar/2026:19:05:52 +0100] "GET /wp-content/plugins/elementor-pro/assets/js/webpack-pro.runtime.min.js?ver=3.35.1 HTTP/1.0" 200 7083 "https://jockers.inglory.de/dampfbad/" "Mozilla/5.0 (Linux; Android 6.0.1; Nexus 5X Build/MMB29P) AppleWebKit/537.36 (KHTML, like Gecko) Chrome/145.0.7632.116 Mobile Safari/537.36 (compatible; GoogleOther)"
66.249.68.34 - - [12/Mar/2026:19:05:55 +0100] "GET /wp-content/plugins/elementor-pro/assets/js/frontend.min.js,qver=3.35.1.pagespeed.ce.ijLVWCNKry.js HTTP/1.0" 200 10635 "https://jockers.inglory.de/dampfbad/" "Mozilla/5.0 (Linux; Android 6.0.1; Nexus 5X Build/MMB29P) AppleWebKit/537.36 (KHTML, like Gecko) Chrome/145.0.7632.116 Mobile Safari/537.36 (compatible; GoogleOther)"
66.249.68.34 - - [12/Mar/2026:19:05:59 +0100] "POST /mod_pagespeed_beacon?url=https%3A%2F%2Fjockers.inglory.de%2Fdampfbad%2F HTTP/1.0" 204 3901 "https://jockers.inglory.de/dampfbad/" "Mozilla/5.0 (Linux; Android 6.0.1; Nexus 5X Build/MMB29P) AppleWebKit/537.36 (KHTML, like Gecko) Chrome/145.0.7632.116 Mobile Safari/537.36 (compatible; GoogleOther)"
94.130.90.54 - - [12/Mar/2026:19:06:08 +0100] "POST /wp-cron.php?doing_wp_cron=1773338768.6088058948516845703125 HTTP/1.0" 200 4071 "-" "HlI96SeBD8ot"
45.9.251.115 - - [12/Mar/2026:19:06:07 +0100] "POST /xmlrpc.php HTTP/1.0" 200 4126 "-" "Mozilla/5.0 (Windows NT 10.0; Win64; x64) AppleWebKit/537.36 (KHTML, like Gecko) Chrome/114.0.0.0 Safari/537.36"
45.9.251.115 - - [12/Mar/2026:19:06:14 +0100] "POST /xmlrpc.php HTTP/1.0" 200 12019 "-" "Mozilla/5.0 (Windows NT 10.0; Win64; x64) AppleWebKit/537.36 (KHTML, like Gecko) Chrome/114.0.0.0 Safari/537.36"
94.130.90.54 - - [12/Mar/2026:19:06:18 +0100] "GET /wp-content/plugins/elementor/assets/css/widget-icon-list.min.css?ver=3.35.7 HTTP/1.1" 304 3392 "https://jockers.inglory.de/grand-mondial-gambling-establishment-ca-150-free-spins-chances-to-become-a-millionaire/" "Serf/1.3.9 (mod_pagespeed/1.13.35.2-0)"
45.9.251.115 - - [12/Mar/2026:19:06:16 +0100] "GET /grand-mondial-gambling-establishment-ca-150-free-spins-chances-to-become-a-millionaire/ HTTP/1.0" 200 167569 "-" "Mozilla/5.0 (Windows NT 10.0; Win64; x64; rv:124.0) Gecko/20100101 Firefox/124.0"
94.130.90.54 - - [12/Mar/2026:19:09:20 +0100] "POST /wp-cron.php?doing_wp_cron=1773338960.1790010929107666015625 HTTP/1.0" 200 4071 "-" "Zlb4QXtjB9o5"
45.9.251.115 - - [12/Mar/2026:19:09:19 +0100] "POST /xmlrpc.php HTTP/1.0" 200 4126 "-" "Mozilla/5.0 (Windows NT 10.0; Win64; x64) AppleWebKit/537.36 (KHTML, like Gecko) Chrome/114.0.0.0 Safari/537.36"
45.9.251.115 - - [12/Mar/2026:19:09:27 +0100] "POST /xmlrpc.php HTTP/1.0" 200 12400 "-" "Mozilla/5.0 (Windows NT 10.0; Win64; x64) AppleWebKit/537.36 (KHTML, like Gecko) Chrome/114.0.0.0 Safari/537.36"
94.130.90.54 - - [12/Mar/2026:19:09:29 +0100] "GET /wp-content/plugins/preloader-pro/assets/css/loftloader.min.css?ver=2024090401 HTTP/1.1" 304 3393 "https://jockers.inglory.de/eligible-percentage-approaches-for-the-new-put-is-interac-charge-credit-card-apple-spend-luxon-astropay-and-cryptocurrency/" "Serf/1.3.9 (mod_pagespeed/1.13.35.2-0)"
45.9.251.115 - - [12/Mar/2026:19:09:28 +0100] "GET /eligible-percentage-approaches-for-the-new-put-is-interac-charge-credit-card-apple-spend-luxon-astropay-and-cryptocurrency/ HTTP/1.0" 200 164919 "-" "Mozilla/5.0 (Windows NT 10.0; Win64; x64) AppleWebKit/537.36 (KHTML, like Gecko) Chrome/124.0.0.0 Safari/537.36"
94.130.90.54 - - [12/Mar/2026:19:09:29 +0100] "GET /wp-includes/css/dist/block-library/style.min.css?ver=6.9.4 HTTP/1.1" 304 3393 "https://jockers.inglory.de/eligible-percentage-approaches-for-the-new-put-is-interac-charge-credit-card-apple-spend-luxon-astropay-and-cryptocurrency/" "Serf/1.3.9 (mod_pagespeed/1.13.35.2-0)"
94.130.90.54 - - [12/Mar/2026:19:09:29 +0100] "GET /wp-content/themes/hello-elementor/assets/css/reset.css?ver=3.4.6 HTTP/1.1" 304 3392 "https://jockers.inglory.de/eligible-percentage-approaches-for-the-new-put-is-interac-charge-credit-card-apple-spend-luxon-astropay-and-cryptocurrency/" "Serf/1.3.9 (mod_pagespeed/1.13.35.2-0)"
94.130.90.54 - - [12/Mar/2026:19:09:29 +0100] "GET /wp-content/themes/hello-elementor/assets/css/theme.css?ver=3.4.6 HTTP/1.1" 304 3392 "https://jockers.inglory.de/eligible-percentage-approaches-for-the-new-put-is-interac-charge-credit-card-apple-spend-luxon-astropay-and-cryptocurrency/" "Serf/1.3.9 (mod_pagespeed/1.13.35.2-0)"
94.130.90.54 - - [12/Mar/2026:19:09:29 +0100] "GET /wp-content/themes/hello-elementor/assets/css/header-footer.css?ver=3.4.6 HTTP/1.1" 304 3392 "https://jockers.inglory.de/eligible-percentage-approaches-for-the-new-put-is-interac-charge-credit-card-apple-spend-luxon-astropay-and-cryptocurrency/" "Serf/1.3.9 (mod_pagespeed/1.13.35.2-0)"
94.130.90.54 - - [12/Mar/2026:19:09:29 +0100] "GET /wp-content/plugins/elementor/assets/css/frontend.min.css?ver=3.35.7 HTTP/1.1" 304 3392 "https://jockers.inglory.de/eligible-percentage-approaches-for-the-new-put-is-interac-charge-credit-card-apple-spend-luxon-astropay-and-cryptocurrency/" "Serf/1.3.9 (mod_pagespeed/1.13.35.2-0)"
94.130.90.54 - - [12/Mar/2026:19:09:29 +0100] "GET /wp-content/plugins/elementor/assets/css/widget-image.min.css?ver=3.35.7 HTTP/1.1" 304 3390 "https://jockers.inglory.de/eligible-percentage-approaches-for-the-new-put-is-interac-charge-credit-card-apple-spend-luxon-astropay-and-cryptocurrency/" "Serf/1.3.9 (mod_pagespeed/1.13.35.2-0)"
94.130.90.54 - - [12/Mar/2026:19:09:29 +0100] "GET /wp-content/plugins/elementor-pro/assets/css/widget-nav-menu.min.css?ver=3.35.1 HTTP/1.1" 304 3392 "https://jockers.inglory.de/eligible-percentage-approaches-for-the-new-put-is-interac-charge-credit-card-apple-spend-luxon-astropay-and-cryptocurrency/" "Serf/1.3.9 (mod_pagespeed/1.13.35.2-0)"
94.130.90.54 - - [12/Mar/2026:19:09:29 +0100] "GET /wp-content/plugins/elementor-pro/assets/css/modules/sticky.min.css?ver=3.35.1 HTTP/1.1" 304 3390 "https://jockers.inglory.de/eligible-percentage-approaches-for-the-new-put-is-interac-charge-credit-card-apple-spend-luxon-astropay-and-cryptocurrency/" "Serf/1.3.9 (mod_pagespeed/1.13.35.2-0)"
94.130.90.54 - - [12/Mar/2026:19:09:29 +0100] "GET /wp-content/plugins/elementor/assets/css/widget-heading.min.css?ver=3.35.7 HTTP/1.1" 304 3391 "https://jockers.inglory.de/eligible-percentage-approaches-for-the-new-put-is-interac-charge-credit-card-apple-spend-luxon-astropay-and-cryptocurrency/" "Serf/1.3.9 (mod_pagespeed/1.13.35.2-0)"
94.130.90.54 - - [12/Mar/2026:19:09:29 +0100] "GET /wp-content/plugins/elementor/assets/css/widget-rating.min.css?ver=3.35.7 HTTP/1.1" 304 3391 "https://jockers.inglory.de/eligible-percentage-approaches-for-the-new-put-is-interac-charge-credit-card-apple-spend-luxon-astropay-and-cryptocurrency/" "Serf/1.3.9 (mod_pagespeed/1.13.35.2-0)"
94.130.90.54 - - [12/Mar/2026:19:09:29 +0100] "GET /wp-content/plugins/elementor/assets/css/widget-social-icons.min.css?ver=3.35.7 HTTP/1.1" 304 3392 "https://jockers.inglory.de/eligible-percentage-approaches-for-the-new-put-is-interac-charge-credit-card-apple-spend-luxon-astropay-and-cryptocurrency/" "Serf/1.3.9 (mod_pagespeed/1.13.35.2-0)"
94.130.90.54 - - [12/Mar/2026:19:09:29 +0100] "GET /wp-content/plugins/elementor/assets/css/conditionals/apple-webkit.min.css?ver=3.35.7 HTTP/1.1" 304 3392 "https://jockers.inglory.de/eligible-percentage-approaches-for-the-new-put-is-interac-charge-credit-card-apple-spend-luxon-astropay-and-cryptocurrency/" "Serf/1.3.9 (mod_pagespeed/1.13.35.2-0)"
94.130.90.54 - - [12/Mar/2026:19:09:29 +0100] "GET /wp-content/plugins/elementor/assets/lib/animations/styles/fadeIn.min.css?ver=3.35.7 HTTP/1.1" 304 3390 "https://jockers.inglory.de/eligible-percentage-approaches-for-the-new-put-is-interac-charge-credit-card-apple-spend-luxon-astropay-and-cryptocurrency/" "Serf/1.3.9 (mod_pagespeed/1.13.35.2-0)"
94.130.90.54 - - [12/Mar/2026:19:09:29 +0100] "GET /wp-content/plugins/elementor-pro/assets/css/conditionals/popup.min.css?ver=3.35.1 HTTP/1.1" 304 3391 "https://jockers.inglory.de/eligible-percentage-approaches-for-the-new-put-is-interac-charge-credit-card-apple-spend-luxon-astropay-and-cryptocurrency/" "Serf/1.3.9 (mod_pagespeed/1.13.35.2-0)"
94.130.90.54 - - [12/Mar/2026:19:09:29 +0100] "GET /wp-content/plugins/elementor/assets/lib/eicons/css/elementor-icons.min.css?ver=5.47.0 HTTP/1.1" 304 3392 "https://jockers.inglory.de/eligible-percentage-approaches-for-the-new-put-is-interac-charge-credit-card-apple-spend-luxon-astropay-and-cryptocurrency/" "Serf/1.3.9 (mod_pagespeed/1.13.35.2-0)"
94.130.90.54 - - [12/Mar/2026:19:09:29 +0100] "GET /wp-content/uploads/elementor/css/post-7.css?ver=1773290258 HTTP/1.1" 304 3392 "https://jockers.inglory.de/eligible-percentage-approaches-for-the-new-put-is-interac-charge-credit-card-apple-spend-luxon-astropay-and-cryptocurrency/" "Serf/1.3.9 (mod_pagespeed/1.13.35.2-0)"
94.130.90.54 - - [12/Mar/2026:19:09:29 +0100] "GET /wp-content/uploads/elementor/css/post-110.css?ver=1773290260 HTTP/1.1" 304 3392 "https://jockers.inglory.de/eligible-percentage-approaches-for-the-new-put-is-interac-charge-credit-card-apple-spend-luxon-astropay-and-cryptocurrency/" "Serf/1.3.9 (mod_pagespeed/1.13.35.2-0)"
94.130.90.54 - - [12/Mar/2026:19:09:29 +0100] "GET /wp-content/uploads/elementor/css/post-133.css?ver=1773290261 HTTP/1.1" 304 3393 "https://jockers.inglory.de/eligible-percentage-approaches-for-the-new-put-is-interac-charge-credit-card-apple-spend-luxon-astropay-and-cryptocurrency/" "Serf/1.3.9 (mod_pagespeed/1.13.35.2-0)"
94.130.90.54 - - [12/Mar/2026:19:09:29 +0100] "GET /wp-content/uploads/elementor/css/post-136.css?ver=1773290261 HTTP/1.1" 304 3392 "https://jockers.inglory.de/eligible-percentage-approaches-for-the-new-put-is-interac-charge-credit-card-apple-spend-luxon-astropay-and-cryptocurrency/" "Serf/1.3.9 (mod_pagespeed/1.13.35.2-0)"
94.130.90.54 - - [12/Mar/2026:19:09:29 +0100] "GET /wp-content/plugins/elementor/assets/lib/font-awesome/css/fontawesome.min.css?ver=5.15.3 HTTP/1.1" 304 3392 "https://jockers.inglory.de/eligible-percentage-approaches-for-the-new-put-is-interac-charge-credit-card-apple-spend-luxon-astropay-and-cryptocurrency/" "Serf/1.3.9 (mod_pagespeed/1.13.35.2-0)"
94.130.90.54 - - [12/Mar/2026:19:09:30 +0100] "GET /wp-content/plugins/elementor/assets/lib/font-awesome/css/solid.min.css?ver=5.15.3 HTTP/1.1" 304 3391 "https://jockers.inglory.de/eligible-percentage-approaches-for-the-new-put-is-interac-charge-credit-card-apple-spend-luxon-astropay-and-cryptocurrency/" "Serf/1.3.9 (mod_pagespeed/1.13.35.2-0)"
94.130.90.54 - - [12/Mar/2026:19:09:30 +0100] "GET /wp-content/plugins/elementor/assets/lib/font-awesome/css/brands.min.css?ver=5.15.3 HTTP/1.1" 304 3391 "https://jockers.inglory.de/eligible-percentage-approaches-for-the-new-put-is-interac-charge-credit-card-apple-spend-luxon-astropay-and-cryptocurrency/" "Serf/1.3.9 (mod_pagespeed/1.13.35.2-0)"
