94.130.90.54 - - [12/Mar/2026:12:31:20 +0100] "POST /wp-cron.php?doing_wp_cron=1773315080.6859729290008544921875 HTTP/1.0" 200 4071 "-" "vwu1JltILsOz"
154.196.80.220 - - [12/Mar/2026:12:31:19 +0100] "POST /xmlrpc.php HTTP/1.0" 200 4122 "-" "Mozilla/5.0 (Windows NT 10.0; Win64; x64) ZebraPoster/5.0"
154.196.80.220 - - [12/Mar/2026:12:31:20 +0100] "POST /xmlrpc.php HTTP/1.0" 200 7697 "-" "Mozilla/5.0 (Windows NT 10.0; Win64; x64) ZebraPoster/5.0"
94.130.90.54 - - [12/Mar/2026:12:33:17 +0100] "POST /wp-cron.php?doing_wp_cron=1773315197.3738620281219482421875 HTTP/1.0" 200 4071 "-" "piFNZGRWSkwI"
154.196.36.194 - - [12/Mar/2026:12:33:16 +0100] "GET /xmlrpc.php HTTP/1.0" 405 4022 "-" "Mozilla/5.0 (Windows NT 10.0; Win64; x64) ZebraPoster/5.0"
154.196.83.224 - - [12/Mar/2026:12:33:17 +0100] "POST /xmlrpc.php HTTP/1.0" 200 4276 "-" "Mozilla/5.0 (Windows NT 10.0; Win64; x64) ZebraPoster/5.0"
94.130.90.54 - - [12/Mar/2026:12:33:19 +0100] "POST /wp-cron.php?doing_wp_cron=1773315199.2475650310516357421875 HTTP/1.0" 200 4071 "-" "kIRJf185qwF0"
154.196.83.224 - - [12/Mar/2026:12:33:18 +0100] "POST /xmlrpc.php HTTP/1.0" 200 4122 "-" "Mozilla/5.0 (Windows NT 10.0; Win64; x64) ZebraPoster/5.0"
154.196.83.224 - - [12/Mar/2026:12:33:19 +0100] "POST /xmlrpc.php HTTP/1.0" 200 4584 "-" "Mozilla/5.0 (Windows NT 10.0; Win64; x64) ZebraPoster/5.0"
154.195.108.207 - - [12/Mar/2026:12:33:20 +0100] "POST /xmlrpc.php HTTP/1.0" 200 4276 "-" "Mozilla/5.0 (Windows NT 10.0; Win64; x64) ZebraPoster/5.0"
154.195.108.207 - - [12/Mar/2026:12:33:21 +0100] "POST /xmlrpc.php HTTP/1.0" 200 4120 "-" "Mozilla/5.0 (Windows NT 10.0; Win64; x64) ZebraPoster/5.0"
154.195.141.202 - - [12/Mar/2026:12:33:36 +0100] "GET /xmlrpc.php HTTP/1.0" 405 4022 "-" "Mozilla/5.0 (Windows NT 10.0; Win64; x64) ZebraPoster/5.0"
154.194.113.215 - - [12/Mar/2026:12:33:37 +0100] "POST /xmlrpc.php HTTP/1.0" 200 4276 "-" "Mozilla/5.0 (Windows NT 10.0; Win64; x64) ZebraPoster/5.0"
94.130.90.54 - - [12/Mar/2026:12:33:39 +0100] "POST /wp-cron.php?doing_wp_cron=1773315219.1571879386901855468750 HTTP/1.0" 200 4071 "-" "YLwDsmqfIUGH"
154.194.113.215 - - [12/Mar/2026:12:33:38 +0100] "POST /xmlrpc.php HTTP/1.0" 200 4122 "-" "Mozilla/5.0 (Windows NT 10.0; Win64; x64) ZebraPoster/5.0"
154.194.113.215 - - [12/Mar/2026:12:33:39 +0100] "POST /xmlrpc.php HTTP/1.0" 200 4584 "-" "Mozilla/5.0 (Windows NT 10.0; Win64; x64) ZebraPoster/5.0"
154.195.116.174 - - [12/Mar/2026:12:33:40 +0100] "POST /xmlrpc.php HTTP/1.0" 200 4276 "-" "Mozilla/5.0 (Windows NT 10.0; Win64; x64) ZebraPoster/5.0"
154.195.116.174 - - [12/Mar/2026:12:33:41 +0100] "POST /xmlrpc.php HTTP/1.0" 200 4120 "-" "Mozilla/5.0 (Windows NT 10.0; Win64; x64) ZebraPoster/5.0"
94.130.90.54 - - [12/Mar/2026:12:33:49 +0100] "POST /wp-cron.php?doing_wp_cron=1773315229.0208859443664550781250 HTTP/1.0" 200 4071 "-" "A9sH0VVM3JlZ"
154.195.132.203 - - [12/Mar/2026:12:33:48 +0100] "GET /xmlrpc.php HTTP/1.0" 405 4022 "-" "Mozilla/5.0 (Windows NT 10.0; Win64; x64) ZebraPoster/5.0"
154.195.20.193 - - [12/Mar/2026:12:33:49 +0100] "POST /xmlrpc.php HTTP/1.0" 200 4276 "-" "Mozilla/5.0 (Windows NT 10.0; Win64; x64) ZebraPoster/5.0"
94.130.90.54 - - [12/Mar/2026:12:33:50 +0100] "POST /wp-cron.php?doing_wp_cron=1773315230.9582118988037109375000 HTTP/1.0" 200 4071 "-" "DFyifILJwQpG"
154.195.20.193 - - [12/Mar/2026:12:33:50 +0100] "POST /xmlrpc.php HTTP/1.0" 200 4122 "-" "Mozilla/5.0 (Windows NT 10.0; Win64; x64) ZebraPoster/5.0"
154.195.132.203 - - [12/Mar/2026:12:33:50 +0100] "POST /xmlrpc.php HTTP/1.0" 200 4276 "-" "Mozilla/5.0 (Windows NT 10.0; Win64; x64) ZebraPoster/5.0"
154.195.20.193 - - [12/Mar/2026:12:33:51 +0100] "POST /xmlrpc.php HTTP/1.0" 200 4582 "-" "Mozilla/5.0 (Windows NT 10.0; Win64; x64) ZebraPoster/5.0"
154.195.132.203 - - [12/Mar/2026:12:33:51 +0100] "POST /xmlrpc.php HTTP/1.0" 200 4122 "-" "Mozilla/5.0 (Windows NT 10.0; Win64; x64) ZebraPoster/5.0"
154.196.35.251 - - [12/Mar/2026:12:33:52 +0100] "POST /xmlrpc.php HTTP/1.0" 200 4276 "-" "Mozilla/5.0 (Windows NT 10.0; Win64; x64) ZebraPoster/5.0"
154.195.132.203 - - [12/Mar/2026:12:33:52 +0100] "POST /xmlrpc.php HTTP/1.0" 200 7384 "-" "Mozilla/5.0 (Windows NT 10.0; Win64; x64) ZebraPoster/5.0"
154.196.35.251 - - [12/Mar/2026:12:33:53 +0100] "POST /xmlrpc.php HTTP/1.0" 200 4120 "-" "Mozilla/5.0 (Windows NT 10.0; Win64; x64) ZebraPoster/5.0"
154.195.120.186 - - [12/Mar/2026:12:34:01 +0100] "POST /xmlrpc.php HTTP/1.0" 200 4276 "-" "Mozilla/5.0 (Windows NT 10.0; Win64; x64) ZebraPoster/5.0"
94.130.90.54 - - [12/Mar/2026:12:34:03 +0100] "POST /wp-cron.php?doing_wp_cron=1773315243.3402779102325439453125 HTTP/1.0" 200 4071 "-" "hnnqPC80T31A"
154.195.120.186 - - [12/Mar/2026:12:34:02 +0100] "POST /xmlrpc.php HTTP/1.0" 200 4122 "-" "Mozilla/5.0 (Windows NT 10.0; Win64; x64) ZebraPoster/5.0"
154.195.120.186 - - [12/Mar/2026:12:34:03 +0100] "POST /xmlrpc.php HTTP/1.0" 200 7243 "-" "Mozilla/5.0 (Windows NT 10.0; Win64; x64) ZebraPoster/5.0"
154.196.33.252 - - [12/Mar/2026:12:34:21 +0100] "POST /xmlrpc.php HTTP/1.0" 200 4276 "-" "Mozilla/5.0 (Windows NT 10.0; Win64; x64) ZebraPoster/5.0"
94.130.90.54 - - [12/Mar/2026:12:34:23 +0100] "POST /wp-cron.php?doing_wp_cron=1773315263.2754249572753906250000 HTTP/1.0" 200 4071 "-" "S7GMvigDRXG2"
154.196.33.252 - - [12/Mar/2026:12:34:22 +0100] "POST /xmlrpc.php HTTP/1.0" 200 4122 "-" "Mozilla/5.0 (Windows NT 10.0; Win64; x64) ZebraPoster/5.0"
154.196.33.252 - - [12/Mar/2026:12:34:24 +0100] "POST /xmlrpc.php HTTP/1.0" 200 7314 "-" "Mozilla/5.0 (Windows NT 10.0; Win64; x64) ZebraPoster/5.0"
94.130.90.54 - - [12/Mar/2026:12:35:57 +0100] "POST /wp-cron.php?doing_wp_cron=1773315357.1689169406890869140625 HTTP/1.0" 200 4071 "-" "my355ijz6F3o"
154.195.185.159 - - [12/Mar/2026:12:35:56 +0100] "GET /xmlrpc.php HTTP/1.0" 405 4022 "-" "Mozilla/5.0 (Windows NT 10.0; Win64; x64) ZebraPoster/5.0"
154.196.88.194 - - [12/Mar/2026:12:35:57 +0100] "POST /xmlrpc.php HTTP/1.0" 200 4276 "-" "Mozilla/5.0 (Windows NT 10.0; Win64; x64) ZebraPoster/5.0"
94.130.90.54 - - [12/Mar/2026:12:35:59 +0100] "POST /wp-cron.php?doing_wp_cron=1773315359.0308730602264404296875 HTTP/1.0" 200 4071 "-" "0MdJ1gzFlSfc"
154.196.88.194 - - [12/Mar/2026:12:35:58 +0100] "POST /xmlrpc.php HTTP/1.0" 200 4122 "-" "Mozilla/5.0 (Windows NT 10.0; Win64; x64) ZebraPoster/5.0"
154.196.88.194 - - [12/Mar/2026:12:35:59 +0100] "POST /xmlrpc.php HTTP/1.0" 200 4584 "-" "Mozilla/5.0 (Windows NT 10.0; Win64; x64) ZebraPoster/5.0"
154.196.90.89 - - [12/Mar/2026:12:36:00 +0100] "POST /xmlrpc.php HTTP/1.0" 200 4276 "-" "Mozilla/5.0 (Windows NT 10.0; Win64; x64) ZebraPoster/5.0"
154.196.90.89 - - [12/Mar/2026:12:36:01 +0100] "POST /xmlrpc.php HTTP/1.0" 200 4120 "-" "Mozilla/5.0 (Windows NT 10.0; Win64; x64) ZebraPoster/5.0"
154.195.185.159 - - [12/Mar/2026:12:36:06 +0100] "GET /xmlrpc.php HTTP/1.0" 405 4022 "-" "Mozilla/5.0 (Windows NT 10.0; Win64; x64) ZebraPoster/5.0"
154.195.164.186 - - [12/Mar/2026:12:36:07 +0100] "POST /xmlrpc.php HTTP/1.0" 200 4276 "-" "Mozilla/5.0 (Windows NT 10.0; Win64; x64) ZebraPoster/5.0"
94.130.90.54 - - [12/Mar/2026:12:36:09 +0100] "POST /wp-cron.php?doing_wp_cron=1773315369.0604150295257568359375 HTTP/1.0" 200 4071 "-" "7429VOFBCroL"
154.195.164.186 - - [12/Mar/2026:12:36:08 +0100] "POST /xmlrpc.php HTTP/1.0" 200 4122 "-" "Mozilla/5.0 (Windows NT 10.0; Win64; x64) ZebraPoster/5.0"
154.195.164.186 - - [12/Mar/2026:12:36:09 +0100] "POST /xmlrpc.php HTTP/1.0" 200 4584 "-" "Mozilla/5.0 (Windows NT 10.0; Win64; x64) ZebraPoster/5.0"
154.195.154.131 - - [12/Mar/2026:12:36:10 +0100] "POST /xmlrpc.php HTTP/1.0" 200 4276 "-" "Mozilla/5.0 (Windows NT 10.0; Win64; x64) ZebraPoster/5.0"
154.195.154.131 - - [12/Mar/2026:12:36:11 +0100] "POST /xmlrpc.php HTTP/1.0" 200 4120 "-" "Mozilla/5.0 (Windows NT 10.0; Win64; x64) ZebraPoster/5.0"
154.195.185.159 - - [12/Mar/2026:12:36:34 +0100] "POST /xmlrpc.php HTTP/1.0" 200 4276 "-" "Mozilla/5.0 (Windows NT 10.0; Win64; x64) ZebraPoster/5.0"
94.130.90.54 - - [12/Mar/2026:12:36:35 +0100] "POST /wp-cron.php?doing_wp_cron=1773315395.8562319278717041015625 HTTP/1.0" 200 4071 "-" "3qtFRsF7q2sg"
154.195.185.159 - - [12/Mar/2026:12:36:35 +0100] "POST /xmlrpc.php HTTP/1.0" 200 4122 "-" "Mozilla/5.0 (Windows NT 10.0; Win64; x64) ZebraPoster/5.0"
154.195.185.159 - - [12/Mar/2026:12:36:36 +0100] "POST /xmlrpc.php HTTP/1.0" 200 7228 "-" "Mozilla/5.0 (Windows NT 10.0; Win64; x64) ZebraPoster/5.0"
154.195.185.159 - - [12/Mar/2026:12:36:38 +0100] "POST /xmlrpc.php HTTP/1.0" 200 4276 "-" "Mozilla/5.0 (Windows NT 10.0; Win64; x64) ZebraPoster/5.0"
94.130.90.54 - - [12/Mar/2026:12:36:40 +0100] "POST /wp-cron.php?doing_wp_cron=1773315400.2834899425506591796875 HTTP/1.0" 200 4071 "-" "2XnpDF14uxTw"
154.195.185.159 - - [12/Mar/2026:12:36:39 +0100] "POST /xmlrpc.php HTTP/1.0" 200 4122 "-" "Mozilla/5.0 (Windows NT 10.0; Win64; x64) ZebraPoster/5.0"
154.195.185.159 - - [12/Mar/2026:12:36:40 +0100] "POST /xmlrpc.php HTTP/1.0" 200 7238 "-" "Mozilla/5.0 (Windows NT 10.0; Win64; x64) ZebraPoster/5.0"
94.130.90.54 - - [12/Mar/2026:12:36:56 +0100] "POST /wp-cron.php?doing_wp_cron=1773315416.7413361072540283203125 HTTP/1.0" 200 4071 "-" "dqaNXJywST79"
154.196.35.251 - - [12/Mar/2026:12:36:56 +0100] "GET /xmlrpc.php HTTP/1.0" 405 4022 "-" "Mozilla/5.0 (Windows NT 10.0; Win64; x64) ZebraPoster/5.0"
154.195.112.210 - - [12/Mar/2026:12:36:57 +0100] "POST /xmlrpc.php HTTP/1.0" 200 4276 "-" "Mozilla/5.0 (Windows NT 10.0; Win64; x64) ZebraPoster/5.0"
94.130.90.54 - - [12/Mar/2026:12:36:58 +0100] "POST /wp-cron.php?doing_wp_cron=1773315418.7059528827667236328125 HTTP/1.0" 200 4071 "-" "Un64vc5f0HVl"
154.195.112.210 - - [12/Mar/2026:12:36:57 +0100] "POST /xmlrpc.php HTTP/1.0" 200 4122 "-" "Mozilla/5.0 (Windows NT 10.0; Win64; x64) ZebraPoster/5.0"
154.195.112.210 - - [12/Mar/2026:12:36:58 +0100] "POST /xmlrpc.php HTTP/1.0" 200 4584 "-" "Mozilla/5.0 (Windows NT 10.0; Win64; x64) ZebraPoster/5.0"
154.195.141.202 - - [12/Mar/2026:12:36:59 +0100] "POST /xmlrpc.php HTTP/1.0" 200 4276 "-" "Mozilla/5.0 (Windows NT 10.0; Win64; x64) ZebraPoster/5.0"
154.195.141.202 - - [12/Mar/2026:12:37:00 +0100] "POST /xmlrpc.php HTTP/1.0" 200 4120 "-" "Mozilla/5.0 (Windows NT 10.0; Win64; x64) ZebraPoster/5.0"
154.195.164.186 - - [12/Mar/2026:12:37:12 +0100] "GET /xmlrpc.php HTTP/1.0" 405 4022 "-" "Mozilla/5.0 (Windows NT 10.0; Win64; x64) ZebraPoster/5.0"
154.195.120.186 - - [12/Mar/2026:12:37:13 +0100] "POST /xmlrpc.php HTTP/1.0" 200 4276 "-" "Mozilla/5.0 (Windows NT 10.0; Win64; x64) ZebraPoster/5.0"
94.130.90.54 - - [12/Mar/2026:12:37:15 +0100] "POST /wp-cron.php?doing_wp_cron=1773315435.1606369018554687500000 HTTP/1.0" 200 4071 "-" "QdkKHOvLOFbA"
154.195.120.186 - - [12/Mar/2026:12:37:14 +0100] "POST /xmlrpc.php HTTP/1.0" 200 4122 "-" "Mozilla/5.0 (Windows NT 10.0; Win64; x64) ZebraPoster/5.0"
154.195.120.186 - - [12/Mar/2026:12:37:15 +0100] "POST /xmlrpc.php HTTP/1.0" 200 4584 "-" "Mozilla/5.0 (Windows NT 10.0; Win64; x64) ZebraPoster/5.0"
166.1.217.201 - - [12/Mar/2026:12:37:16 +0100] "POST /xmlrpc.php HTTP/1.0" 200 4276 "-" "Mozilla/5.0 (Windows NT 10.0; Win64; x64) ZebraPoster/5.0"
166.1.217.201 - - [12/Mar/2026:12:37:17 +0100] "POST /xmlrpc.php HTTP/1.0" 200 4120 "-" "Mozilla/5.0 (Windows NT 10.0; Win64; x64) ZebraPoster/5.0"
154.194.113.215 - - [12/Mar/2026:12:37:40 +0100] "POST /xmlrpc.php HTTP/1.0" 200 4276 "-" "Mozilla/5.0 (Windows NT 10.0; Win64; x64) ZebraPoster/5.0"
94.130.90.54 - - [12/Mar/2026:12:37:42 +0100] "POST /wp-cron.php?doing_wp_cron=1773315462.6016139984130859375000 HTTP/1.0" 200 4071 "-" "GBrIaw52FV2C"
154.194.113.215 - - [12/Mar/2026:12:37:41 +0100] "POST /xmlrpc.php HTTP/1.0" 200 4122 "-" "Mozilla/5.0 (Windows NT 10.0; Win64; x64) ZebraPoster/5.0"
154.194.113.215 - - [12/Mar/2026:12:37:42 +0100] "POST /xmlrpc.php HTTP/1.0" 200 7584 "-" "Mozilla/5.0 (Windows NT 10.0; Win64; x64) ZebraPoster/5.0"
94.130.90.54 - - [12/Mar/2026:12:37:53 +0100] "POST /wp-cron.php?doing_wp_cron=1773315473.6216421127319335937500 HTTP/1.0" 200 4071 "-" "LjC6U81JQL22"
154.196.36.194 - - [12/Mar/2026:12:37:52 +0100] "POST /xmlrpc.php HTTP/1.0" 200 4276 "-" "Mozilla/5.0 (Windows NT 10.0; Win64; x64) ZebraPoster/5.0"
154.196.36.194 - - [12/Mar/2026:12:37:53 +0100] "POST /xmlrpc.php HTTP/1.0" 200 4122 "-" "Mozilla/5.0 (Windows NT 10.0; Win64; x64) ZebraPoster/5.0"
94.130.90.54 - - [12/Mar/2026:12:37:55 +0100] "POST /wp-cron.php?doing_wp_cron=1773315475.4609999656677246093750 HTTP/1.0" 200 4071 "-" "eEDn3hSZDkoA"
154.196.36.194 - - [12/Mar/2026:12:37:54 +0100] "POST /xmlrpc.php HTTP/1.0" 200 7609 "-" "Mozilla/5.0 (Windows NT 10.0; Win64; x64) ZebraPoster/5.0"
154.195.20.193 - - [12/Mar/2026:12:37:59 +0100] "GET /xmlrpc.php HTTP/1.0" 405 4022 "-" "Mozilla/5.0 (Windows NT 10.0; Win64; x64) ZebraPoster/5.0"
154.195.132.203 - - [12/Mar/2026:12:38:00 +0100] "POST /xmlrpc.php HTTP/1.0" 200 4276 "-" "Mozilla/5.0 (Windows NT 10.0; Win64; x64) ZebraPoster/5.0"
94.130.90.54 - - [12/Mar/2026:12:38:01 +0100] "POST /wp-cron.php?doing_wp_cron=1773315481.9133949279785156250000 HTTP/1.0" 200 4071 "-" "Z5Bk8po8c0qe"
154.195.132.203 - - [12/Mar/2026:12:38:01 +0100] "POST /xmlrpc.php HTTP/1.0" 200 4122 "-" "Mozilla/5.0 (Windows NT 10.0; Win64; x64) ZebraPoster/5.0"
154.195.132.203 - - [12/Mar/2026:12:38:02 +0100] "POST /xmlrpc.php HTTP/1.0" 200 4584 "-" "Mozilla/5.0 (Windows NT 10.0; Win64; x64) ZebraPoster/5.0"
154.195.133.193 - - [12/Mar/2026:12:38:03 +0100] "POST /xmlrpc.php HTTP/1.0" 200 4276 "-" "Mozilla/5.0 (Windows NT 10.0; Win64; x64) ZebraPoster/5.0"
154.195.133.193 - - [12/Mar/2026:12:38:03 +0100] "POST /xmlrpc.php HTTP/1.0" 200 4120 "-" "Mozilla/5.0 (Windows NT 10.0; Win64; x64) ZebraPoster/5.0"
154.196.40.185 - - [12/Mar/2026:12:38:37 +0100] "POST /xmlrpc.php HTTP/1.0" 200 4276 "-" "Mozilla/5.0 (Windows NT 10.0; Win64; x64) ZebraPoster/5.0"
94.130.90.54 - - [12/Mar/2026:12:38:39 +0100] "POST /wp-cron.php?doing_wp_cron=1773315519.1755380630493164062500 HTTP/1.0" 200 4071 "-" "u9K0WWlQnAfF"
154.196.40.185 - - [12/Mar/2026:12:38:38 +0100] "POST /xmlrpc.php HTTP/1.0" 200 4122 "-" "Mozilla/5.0 (Windows NT 10.0; Win64; x64) ZebraPoster/5.0"
154.196.40.185 - - [12/Mar/2026:12:38:39 +0100] "POST /xmlrpc.php HTTP/1.0" 200 7028 "-" "Mozilla/5.0 (Windows NT 10.0; Win64; x64) ZebraPoster/5.0"
94.130.90.54 - - [12/Mar/2026:12:39:33 +0100] "POST /wp-cron.php?doing_wp_cron=1773315573.9664969444274902343750 HTTP/1.0" 200 4071 "-" "V2lolQh8qSfl"
154.195.132.203 - - [12/Mar/2026:12:39:33 +0100] "GET /xmlrpc.php HTTP/1.0" 405 4022 "-" "Mozilla/5.0 (Windows NT 10.0; Win64; x64) ZebraPoster/5.0"
154.196.33.252 - - [12/Mar/2026:12:39:34 +0100] "POST /xmlrpc.php HTTP/1.0" 200 4276 "-" "Mozilla/5.0 (Windows NT 10.0; Win64; x64) ZebraPoster/5.0"
94.130.90.54 - - [12/Mar/2026:12:39:35 +0100] "POST /wp-cron.php?doing_wp_cron=1773315575.9324860572814941406250 HTTP/1.0" 200 4071 "-" "BkVvJyPW3rVN"
154.196.33.252 - - [12/Mar/2026:12:39:35 +0100] "POST /xmlrpc.php HTTP/1.0" 200 4122 "-" "Mozilla/5.0 (Windows NT 10.0; Win64; x64) ZebraPoster/5.0"
154.196.33.252 - - [12/Mar/2026:12:39:36 +0100] "POST /xmlrpc.php HTTP/1.0" 200 4584 "-" "Mozilla/5.0 (Windows NT 10.0; Win64; x64) ZebraPoster/5.0"
154.196.17.213 - - [12/Mar/2026:12:39:37 +0100] "POST /xmlrpc.php HTTP/1.0" 200 4276 "-" "Mozilla/5.0 (Windows NT 10.0; Win64; x64) ZebraPoster/5.0"
154.196.17.213 - - [12/Mar/2026:12:39:38 +0100] "POST /xmlrpc.php HTTP/1.0" 200 4120 "-" "Mozilla/5.0 (Windows NT 10.0; Win64; x64) ZebraPoster/5.0"
94.130.90.54 - - [12/Mar/2026:12:40:12 +0100] "POST /wp-cron.php?doing_wp_cron=1773315612.4495320320129394531250 HTTP/1.0" 200 4071 "-" "C9yeTTQyy7D4"
154.196.88.194 - - [12/Mar/2026:12:40:11 +0100] "POST /xmlrpc.php HTTP/1.0" 200 4276 "-" "Mozilla/5.0 (Windows NT 10.0; Win64; x64) ZebraPoster/5.0"
154.196.88.194 - - [12/Mar/2026:12:40:12 +0100] "POST /xmlrpc.php HTTP/1.0" 200 4122 "-" "Mozilla/5.0 (Windows NT 10.0; Win64; x64) ZebraPoster/5.0"
94.130.90.54 - - [12/Mar/2026:12:40:14 +0100] "POST /wp-cron.php?doing_wp_cron=1773315614.3206479549407958984375 HTTP/1.0" 200 4071 "-" "g1TJF8kgreQg"
154.196.88.194 - - [12/Mar/2026:12:40:13 +0100] "POST /xmlrpc.php HTTP/1.0" 200 7212 "-" "Mozilla/5.0 (Windows NT 10.0; Win64; x64) ZebraPoster/5.0"
154.195.120.186 - - [12/Mar/2026:12:40:21 +0100] "GET /xmlrpc.php HTTP/1.0" 405 4022 "-" "Mozilla/5.0 (Windows NT 10.0; Win64; x64) ZebraPoster/5.0"
154.195.20.193 - - [12/Mar/2026:12:40:22 +0100] "POST /xmlrpc.php HTTP/1.0" 200 4276 "-" "Mozilla/5.0 (Windows NT 10.0; Win64; x64) ZebraPoster/5.0"
94.130.90.54 - - [12/Mar/2026:12:40:24 +0100] "POST /wp-cron.php?doing_wp_cron=1773315624.8359599113464355468750 HTTP/1.0" 200 4071 "-" "qYEnL9Js3WGD"
154.195.20.193 - - [12/Mar/2026:12:40:24 +0100] "POST /xmlrpc.php HTTP/1.0" 200 4122 "-" "Mozilla/5.0 (Windows NT 10.0; Win64; x64) ZebraPoster/5.0"
154.195.20.193 - - [12/Mar/2026:12:40:25 +0100] "POST /xmlrpc.php HTTP/1.0" 200 4584 "-" "Mozilla/5.0 (Windows NT 10.0; Win64; x64) ZebraPoster/5.0"
154.195.112.210 - - [12/Mar/2026:12:40:25 +0100] "POST /xmlrpc.php HTTP/1.0" 200 4276 "-" "Mozilla/5.0 (Windows NT 10.0; Win64; x64) ZebraPoster/5.0"
154.195.112.210 - - [12/Mar/2026:12:40:26 +0100] "POST /xmlrpc.php HTTP/1.0" 200 4120 "-" "Mozilla/5.0 (Windows NT 10.0; Win64; x64) ZebraPoster/5.0"
154.195.132.203 - - [12/Mar/2026:12:40:42 +0100] "GET /xmlrpc.php HTTP/1.0" 405 4022 "-" "Mozilla/5.0 (Windows NT 10.0; Win64; x64) ZebraPoster/5.0"
154.196.90.89 - - [12/Mar/2026:12:40:43 +0100] "POST /xmlrpc.php HTTP/1.0" 200 4276 "-" "Mozilla/5.0 (Windows NT 10.0; Win64; x64) ZebraPoster/5.0"
94.130.90.54 - - [12/Mar/2026:12:40:45 +0100] "POST /wp-cron.php?doing_wp_cron=1773315644.9802029132843017578125 HTTP/1.0" 200 4071 "-" "joBHCaqRLBWt"
154.196.90.89 - - [12/Mar/2026:12:40:44 +0100] "POST /xmlrpc.php HTTP/1.0" 200 4122 "-" "Mozilla/5.0 (Windows NT 10.0; Win64; x64) ZebraPoster/5.0"
154.196.90.89 - - [12/Mar/2026:12:40:45 +0100] "POST /xmlrpc.php HTTP/1.0" 200 4584 "-" "Mozilla/5.0 (Windows NT 10.0; Win64; x64) ZebraPoster/5.0"
94.130.90.54 - - [12/Mar/2026:12:40:46 +0100] "POST /wp-cron.php?doing_wp_cron=1773315646.8317348957061767578125 HTTP/1.0" 200 4071 "-" "yFyZb5now0U6"
154.195.108.207 - - [12/Mar/2026:12:40:46 +0100] "POST /xmlrpc.php HTTP/1.0" 200 4276 "-" "Mozilla/5.0 (Windows NT 10.0; Win64; x64) ZebraPoster/5.0"
154.195.108.207 - - [12/Mar/2026:12:40:47 +0100] "POST /xmlrpc.php HTTP/1.0" 200 4120 "-" "Mozilla/5.0 (Windows NT 10.0; Win64; x64) ZebraPoster/5.0"
154.196.40.185 - - [12/Mar/2026:12:40:56 +0100] "POST /xmlrpc.php HTTP/1.0" 200 4276 "-" "Mozilla/5.0 (Windows NT 10.0; Win64; x64) ZebraPoster/5.0"
94.130.90.54 - - [12/Mar/2026:12:40:58 +0100] "POST /wp-cron.php?doing_wp_cron=1773315658.0666050910949707031250 HTTP/1.0" 200 4071 "-" "4mOm2yUO8UQN"
154.196.40.185 - - [12/Mar/2026:12:40:57 +0100] "POST /xmlrpc.php HTTP/1.0" 200 4122 "-" "Mozilla/5.0 (Windows NT 10.0; Win64; x64) ZebraPoster/5.0"
154.196.40.185 - - [12/Mar/2026:12:40:58 +0100] "POST /xmlrpc.php HTTP/1.0" 200 7139 "-" "Mozilla/5.0 (Windows NT 10.0; Win64; x64) ZebraPoster/5.0"
154.195.108.207 - - [12/Mar/2026:12:41:14 +0100] "POST /xmlrpc.php HTTP/1.0" 200 4276 "-" "Mozilla/5.0 (Windows NT 10.0; Win64; x64) ZebraPoster/5.0"
94.130.90.54 - - [12/Mar/2026:12:41:16 +0100] "POST /wp-cron.php?doing_wp_cron=1773315676.3131759166717529296875 HTTP/1.0" 200 4071 "-" "TspdwOcpMhkp"
154.195.108.207 - - [12/Mar/2026:12:41:15 +0100] "POST /xmlrpc.php HTTP/1.0" 200 4122 "-" "Mozilla/5.0 (Windows NT 10.0; Win64; x64) ZebraPoster/5.0"
154.195.108.207 - - [12/Mar/2026:12:41:16 +0100] "POST /xmlrpc.php HTTP/1.0" 200 7255 "-" "Mozilla/5.0 (Windows NT 10.0; Win64; x64) ZebraPoster/5.0"
94.130.90.54 - - [12/Mar/2026:12:41:58 +0100] "POST /wp-cron.php?doing_wp_cron=1773315718.1739110946655273437500 HTTP/1.0" 200 4071 "-" "zH2p9x4PzsWF"
154.195.108.207 - - [12/Mar/2026:12:41:57 +0100] "GET /xmlrpc.php HTTP/1.0" 405 4022 "-" "Mozilla/5.0 (Windows NT 10.0; Win64; x64) ZebraPoster/5.0"
154.195.141.202 - - [12/Mar/2026:12:41:58 +0100] "POST /xmlrpc.php HTTP/1.0" 200 4276 "-" "Mozilla/5.0 (Windows NT 10.0; Win64; x64) ZebraPoster/5.0"
94.130.90.54 - - [12/Mar/2026:12:42:00 +0100] "POST /wp-cron.php?doing_wp_cron=1773315720.0544660091400146484375 HTTP/1.0" 200 4071 "-" "1Y07VpEHqruW"
154.195.141.202 - - [12/Mar/2026:12:41:59 +0100] "POST /xmlrpc.php HTTP/1.0" 200 4122 "-" "Mozilla/5.0 (Windows NT 10.0; Win64; x64) ZebraPoster/5.0"
154.195.141.202 - - [12/Mar/2026:12:42:00 +0100] "POST /xmlrpc.php HTTP/1.0" 200 4582 "-" "Mozilla/5.0 (Windows NT 10.0; Win64; x64) ZebraPoster/5.0"
154.196.84.168 - - [12/Mar/2026:12:42:01 +0100] "POST /xmlrpc.php HTTP/1.0" 200 4276 "-" "Mozilla/5.0 (Windows NT 10.0; Win64; x64) ZebraPoster/5.0"
154.196.84.168 - - [12/Mar/2026:12:42:02 +0100] "POST /xmlrpc.php HTTP/1.0" 200 4120 "-" "Mozilla/5.0 (Windows NT 10.0; Win64; x64) ZebraPoster/5.0"
154.194.113.215 - - [12/Mar/2026:12:42:31 +0100] "POST /xmlrpc.php HTTP/1.0" 200 4276 "-" "Mozilla/5.0 (Windows NT 10.0; Win64; x64) ZebraPoster/5.0"
94.130.90.54 - - [12/Mar/2026:12:42:33 +0100] "POST /wp-cron.php?doing_wp_cron=1773315753.2610518932342529296875 HTTP/1.0" 200 4071 "-" "uMSN9JnPXSQi"
154.194.113.215 - - [12/Mar/2026:12:42:32 +0100] "POST /xmlrpc.php HTTP/1.0" 200 4122 "-" "Mozilla/5.0 (Windows NT 10.0; Win64; x64) ZebraPoster/5.0"
154.194.113.215 - - [12/Mar/2026:12:42:33 +0100] "POST /xmlrpc.php HTTP/1.0" 200 7165 "-" "Mozilla/5.0 (Windows NT 10.0; Win64; x64) ZebraPoster/5.0"
94.130.90.54 - - [12/Mar/2026:12:43:28 +0100] "POST /wp-cron.php?doing_wp_cron=1773315808.4175360202789306640625 HTTP/1.0" 200 4071 "-" "eDzsb9JqjN1j"
154.196.83.224 - - [12/Mar/2026:12:43:27 +0100] "GET /xmlrpc.php HTTP/1.0" 405 4022 "-" "Mozilla/5.0 (Windows NT 10.0; Win64; x64) ZebraPoster/5.0"
154.196.90.89 - - [12/Mar/2026:12:43:28 +0100] "POST /xmlrpc.php HTTP/1.0" 200 4276 "-" "Mozilla/5.0 (Windows NT 10.0; Win64; x64) ZebraPoster/5.0"
94.130.90.54 - - [12/Mar/2026:12:43:30 +0100] "POST /wp-cron.php?doing_wp_cron=1773315810.3162178993225097656250 HTTP/1.0" 200 4071 "-" "0qkhyj28zKaB"
154.196.90.89 - - [12/Mar/2026:12:43:29 +0100] "POST /xmlrpc.php HTTP/1.0" 200 4122 "-" "Mozilla/5.0 (Windows NT 10.0; Win64; x64) ZebraPoster/5.0"
154.196.90.89 - - [12/Mar/2026:12:43:30 +0100] "POST /xmlrpc.php HTTP/1.0" 200 4583 "-" "Mozilla/5.0 (Windows NT 10.0; Win64; x64) ZebraPoster/5.0"
154.196.40.185 - - [12/Mar/2026:12:43:31 +0100] "POST /xmlrpc.php HTTP/1.0" 200 4276 "-" "Mozilla/5.0 (Windows NT 10.0; Win64; x64) ZebraPoster/5.0"
154.196.40.185 - - [12/Mar/2026:12:43:32 +0100] "POST /xmlrpc.php HTTP/1.0" 200 4120 "-" "Mozilla/5.0 (Windows NT 10.0; Win64; x64) ZebraPoster/5.0"
94.130.90.54 - - [12/Mar/2026:12:43:54 +0100] "POST /wp-cron.php?doing_wp_cron=1773315834.6198689937591552734375 HTTP/1.0" 200 4071 "-" "lY6IIUkdBxdC"
94.130.90.54 - - [12/Mar/2026:12:43:54 +0100] "GET /wp-content/plugins/preloader-pro/assets/css/loftloader.min.css?ver=2024090401 HTTP/1.1" 304 3393 "https://jockers.inglory.de/machine-a-sous-demo-decouvrez-loco-win-et-ameliorez-votre-experience-de-jeu/" "Serf/1.3.9 (mod_pagespeed/1.13.35.2-0)"
217.156.8.66 - - [12/Mar/2026:12:43:52 +0100] "GET /machine-a-sous-demo-decouvrez-loco-win-et-ameliorez-votre-experience-de-jeu/ HTTP/1.0" 200 166374 "-" "Mozilla/5.0 (Windows NT 10.0; Win64; x64) AppleWebKit/537.36 (KHTML, like Gecko) Chrome/120.0.0.0 Safari/537.36"
94.130.90.54 - - [12/Mar/2026:12:43:54 +0100] "GET /wp-includes/css/dist/block-library/style.min.css?ver=6.9.4 HTTP/1.1" 304 3393 "https://jockers.inglory.de/machine-a-sous-demo-decouvrez-loco-win-et-ameliorez-votre-experience-de-jeu/" "Serf/1.3.9 (mod_pagespeed/1.13.35.2-0)"
94.130.90.54 - - [12/Mar/2026:12:43:54 +0100] "GET /wp-content/themes/hello-elementor/assets/css/reset.css?ver=3.4.6 HTTP/1.1" 304 3392 "https://jockers.inglory.de/machine-a-sous-demo-decouvrez-loco-win-et-ameliorez-votre-experience-de-jeu/" "Serf/1.3.9 (mod_pagespeed/1.13.35.2-0)"
94.130.90.54 - - [12/Mar/2026:12:43:54 +0100] "GET /wp-content/themes/hello-elementor/assets/css/theme.css?ver=3.4.6 HTTP/1.1" 304 3392 "https://jockers.inglory.de/machine-a-sous-demo-decouvrez-loco-win-et-ameliorez-votre-experience-de-jeu/" "Serf/1.3.9 (mod_pagespeed/1.13.35.2-0)"
94.130.90.54 - - [12/Mar/2026:12:43:54 +0100] "GET /wp-content/themes/hello-elementor/assets/css/header-footer.css?ver=3.4.6 HTTP/1.1" 304 3392 "https://jockers.inglory.de/machine-a-sous-demo-decouvrez-loco-win-et-ameliorez-votre-experience-de-jeu/" "Serf/1.3.9 (mod_pagespeed/1.13.35.2-0)"
94.130.90.54 - - [12/Mar/2026:12:43:54 +0100] "GET /wp-content/plugins/elementor/assets/css/frontend.min.css?ver=3.35.7 HTTP/1.1" 304 3392 "https://jockers.inglory.de/machine-a-sous-demo-decouvrez-loco-win-et-ameliorez-votre-experience-de-jeu/" "Serf/1.3.9 (mod_pagespeed/1.13.35.2-0)"
94.130.90.54 - - [12/Mar/2026:12:43:54 +0100] "GET /wp-content/plugins/elementor/assets/css/widget-image.min.css?ver=3.35.7 HTTP/1.1" 304 3390 "https://jockers.inglory.de/machine-a-sous-demo-decouvrez-loco-win-et-ameliorez-votre-experience-de-jeu/" "Serf/1.3.9 (mod_pagespeed/1.13.35.2-0)"
94.130.90.54 - - [12/Mar/2026:12:43:54 +0100] "GET /wp-content/plugins/elementor-pro/assets/css/widget-nav-menu.min.css?ver=3.35.1 HTTP/1.1" 304 3392 "https://jockers.inglory.de/machine-a-sous-demo-decouvrez-loco-win-et-ameliorez-votre-experience-de-jeu/" "Serf/1.3.9 (mod_pagespeed/1.13.35.2-0)"
94.130.90.54 - - [12/Mar/2026:12:43:54 +0100] "GET /wp-content/plugins/elementor-pro/assets/css/modules/sticky.min.css?ver=3.35.1 HTTP/1.1" 304 3390 "https://jockers.inglory.de/machine-a-sous-demo-decouvrez-loco-win-et-ameliorez-votre-experience-de-jeu/" "Serf/1.3.9 (mod_pagespeed/1.13.35.2-0)"
94.130.90.54 - - [12/Mar/2026:12:43:54 +0100] "GET /wp-content/plugins/elementor/assets/css/widget-heading.min.css?ver=3.35.7 HTTP/1.1" 304 3391 "https://jockers.inglory.de/machine-a-sous-demo-decouvrez-loco-win-et-ameliorez-votre-experience-de-jeu/" "Serf/1.3.9 (mod_pagespeed/1.13.35.2-0)"
94.130.90.54 - - [12/Mar/2026:12:43:54 +0100] "GET /wp-content/plugins/elementor/assets/css/widget-rating.min.css?ver=3.35.7 HTTP/1.1" 304 3391 "https://jockers.inglory.de/machine-a-sous-demo-decouvrez-loco-win-et-ameliorez-votre-experience-de-jeu/" "Serf/1.3.9 (mod_pagespeed/1.13.35.2-0)"
94.130.90.54 - - [12/Mar/2026:12:43:54 +0100] "GET /wp-content/plugins/elementor/assets/css/widget-social-icons.min.css?ver=3.35.7 HTTP/1.1" 304 3392 "https://jockers.inglory.de/machine-a-sous-demo-decouvrez-loco-win-et-ameliorez-votre-experience-de-jeu/" "Serf/1.3.9 (mod_pagespeed/1.13.35.2-0)"
94.130.90.54 - - [12/Mar/2026:12:43:54 +0100] "GET /wp-content/plugins/elementor/assets/css/conditionals/apple-webkit.min.css?ver=3.35.7 HTTP/1.1" 304 3392 "https://jockers.inglory.de/machine-a-sous-demo-decouvrez-loco-win-et-ameliorez-votre-experience-de-jeu/" "Serf/1.3.9 (mod_pagespeed/1.13.35.2-0)"
94.130.90.54 - - [12/Mar/2026:12:43:54 +0100] "GET /wp-content/plugins/elementor/assets/css/widget-icon-list.min.css?ver=3.35.7 HTTP/1.1" 304 3392 "https://jockers.inglory.de/machine-a-sous-demo-decouvrez-loco-win-et-ameliorez-votre-experience-de-jeu/" "Serf/1.3.9 (mod_pagespeed/1.13.35.2-0)"
94.130.90.54 - - [12/Mar/2026:12:43:54 +0100] "GET /wp-content/plugins/elementor/assets/lib/animations/styles/fadeIn.min.css?ver=3.35.7 HTTP/1.1" 304 3390 "https://jockers.inglory.de/machine-a-sous-demo-decouvrez-loco-win-et-ameliorez-votre-experience-de-jeu/" "Serf/1.3.9 (mod_pagespeed/1.13.35.2-0)"
94.130.90.54 - - [12/Mar/2026:12:43:54 +0100] "GET /wp-content/plugins/elementor-pro/assets/css/conditionals/popup.min.css?ver=3.35.1 HTTP/1.1" 304 3391 "https://jockers.inglory.de/machine-a-sous-demo-decouvrez-loco-win-et-ameliorez-votre-experience-de-jeu/" "Serf/1.3.9 (mod_pagespeed/1.13.35.2-0)"
94.130.90.54 - - [12/Mar/2026:12:43:54 +0100] "GET /wp-content/plugins/elementor/assets/lib/eicons/css/elementor-icons.min.css?ver=5.47.0 HTTP/1.1" 304 3392 "https://jockers.inglory.de/machine-a-sous-demo-decouvrez-loco-win-et-ameliorez-votre-experience-de-jeu/" "Serf/1.3.9 (mod_pagespeed/1.13.35.2-0)"
94.130.90.54 - - [12/Mar/2026:12:43:54 +0100] "GET /wp-content/uploads/elementor/css/post-7.css?ver=1773290258 HTTP/1.1" 304 3392 "https://jockers.inglory.de/machine-a-sous-demo-decouvrez-loco-win-et-ameliorez-votre-experience-de-jeu/" "Serf/1.3.9 (mod_pagespeed/1.13.35.2-0)"
94.130.90.54 - - [12/Mar/2026:12:43:54 +0100] "GET /wp-content/uploads/elementor/css/post-110.css?ver=1773290260 HTTP/1.1" 304 3392 "https://jockers.inglory.de/machine-a-sous-demo-decouvrez-loco-win-et-ameliorez-votre-experience-de-jeu/" "Serf/1.3.9 (mod_pagespeed/1.13.35.2-0)"
94.130.90.54 - - [12/Mar/2026:12:43:54 +0100] "GET /wp-content/uploads/elementor/css/post-133.css?ver=1773290261 HTTP/1.1" 304 3393 "https://jockers.inglory.de/machine-a-sous-demo-decouvrez-loco-win-et-ameliorez-votre-experience-de-jeu/" "Serf/1.3.9 (mod_pagespeed/1.13.35.2-0)"
94.130.90.54 - - [12/Mar/2026:12:43:54 +0100] "GET /wp-content/uploads/elementor/css/post-136.css?ver=1773290261 HTTP/1.1" 304 3392 "https://jockers.inglory.de/machine-a-sous-demo-decouvrez-loco-win-et-ameliorez-votre-experience-de-jeu/" "Serf/1.3.9 (mod_pagespeed/1.13.35.2-0)"
94.130.90.54 - - [12/Mar/2026:12:43:54 +0100] "GET /wp-content/plugins/elementor/assets/lib/font-awesome/css/fontawesome.min.css?ver=5.15.3 HTTP/1.1" 304 3392 "https://jockers.inglory.de/machine-a-sous-demo-decouvrez-loco-win-et-ameliorez-votre-experience-de-jeu/" "Serf/1.3.9 (mod_pagespeed/1.13.35.2-0)"
94.130.90.54 - - [12/Mar/2026:12:43:54 +0100] "GET /wp-content/plugins/elementor/assets/lib/font-awesome/css/solid.min.css?ver=5.15.3 HTTP/1.1" 304 3391 "https://jockers.inglory.de/machine-a-sous-demo-decouvrez-loco-win-et-ameliorez-votre-experience-de-jeu/" "Serf/1.3.9 (mod_pagespeed/1.13.35.2-0)"
94.130.90.54 - - [12/Mar/2026:12:43:54 +0100] "GET /wp-content/plugins/elementor/assets/lib/font-awesome/css/brands.min.css?ver=5.15.3 HTTP/1.1" 304 3391 "https://jockers.inglory.de/machine-a-sous-demo-decouvrez-loco-win-et-ameliorez-votre-experience-de-jeu/" "Serf/1.3.9 (mod_pagespeed/1.13.35.2-0)"
94.130.90.54 - - [12/Mar/2026:12:43:54 +0100] "GET /wp-content/plugins/elementor/assets/js/frontend-modules.min.js?ver=3.35.7 HTTP/1.1" 304 3392 "https://jockers.inglory.de/machine-a-sous-demo-decouvrez-loco-win-et-ameliorez-votre-experience-de-jeu/" "Serf/1.3.9 (mod_pagespeed/1.13.35.2-0)"
94.130.90.54 - - [12/Mar/2026:12:43:54 +0100] "GET /wp-includes/js/jquery/ui/core.min.js?ver=1.13.3 HTTP/1.1" 304 3392 "https://jockers.inglory.de/machine-a-sous-demo-decouvrez-loco-win-et-ameliorez-votre-experience-de-jeu/" "Serf/1.3.9 (mod_pagespeed/1.13.35.2-0)"
94.130.90.54 - - [12/Mar/2026:12:43:54 +0100] "GET /wp-content/plugins/elementor-pro/assets/lib/smartmenus/jquery.smartmenus.min.js?ver=1.2.1 HTTP/1.1" 304 3392 "https://jockers.inglory.de/machine-a-sous-demo-decouvrez-loco-win-et-ameliorez-votre-experience-de-jeu/" "Serf/1.3.9 (mod_pagespeed/1.13.35.2-0)"
94.130.90.54 - - [12/Mar/2026:12:43:54 +0100] "GET /wp-content/plugins/elementor-pro/assets/lib/sticky/jquery.sticky.min.js?ver=3.35.1 HTTP/1.1" 304 3391 "https://jockers.inglory.de/machine-a-sous-demo-decouvrez-loco-win-et-ameliorez-votre-experience-de-jeu/" "Serf/1.3.9 (mod_pagespeed/1.13.35.2-0)"
94.130.90.54 - - [12/Mar/2026:12:43:54 +0100] "GET /wp-includes/js/dist/hooks.min.js?ver=dd5603f07f9220ed27f1 HTTP/1.1" 304 3392 "https://jockers.inglory.de/machine-a-sous-demo-decouvrez-loco-win-et-ameliorez-votre-experience-de-jeu/" "Serf/1.3.9 (mod_pagespeed/1.13.35.2-0)"
94.130.90.54 - - [12/Mar/2026:12:43:54 +0100] "GET /wp-includes/js/dist/i18n.min.js?ver=c26c3dc7bed366793375 HTTP/1.1" 304 3392 "https://jockers.inglory.de/machine-a-sous-demo-decouvrez-loco-win-et-ameliorez-votre-experience-de-jeu/" "Serf/1.3.9 (mod_pagespeed/1.13.35.2-0)"
94.130.90.54 - - [12/Mar/2026:12:43:54 +0100] "GET /wp-content/uploads/cropped-items-32x32.png HTTP/1.1" 304 3391 "https://jockers.inglory.de/machine-a-sous-demo-decouvrez-loco-win-et-ameliorez-votre-experience-de-jeu/" "Serf/1.3.9 (mod_pagespeed/1.13.35.2-0)"
94.130.90.54 - - [12/Mar/2026:12:43:54 +0100] "GET /wp-content/uploads/cropped-items-192x192.png HTTP/1.1" 304 3391 "https://jockers.inglory.de/machine-a-sous-demo-decouvrez-loco-win-et-ameliorez-votre-experience-de-jeu/" "Serf/1.3.9 (mod_pagespeed/1.13.35.2-0)"
94.130.90.54 - - [12/Mar/2026:12:43:54 +0100] "GET /wp-content/uploads/cropped-items-180x180.png HTTP/1.1" 304 3391 "https://jockers.inglory.de/machine-a-sous-demo-decouvrez-loco-win-et-ameliorez-votre-experience-de-jeu/" "Serf/1.3.9 (mod_pagespeed/1.13.35.2-0)"
94.130.90.54 - - [12/Mar/2026:12:43:54 +0100] "GET /wp-includes/js/jquery/jquery.min.js?ver=3.7.1 HTTP/1.1" 304 3393 "https://jockers.inglory.de/machine-a-sous-demo-decouvrez-loco-win-et-ameliorez-votre-experience-de-jeu/" "Serf/1.3.9 (mod_pagespeed/1.13.35.2-0)"
94.130.90.54 - - [12/Mar/2026:12:43:54 +0100] "GET /wp-includes/js/jquery/jquery-migrate.min.js?ver=3.4.1 HTTP/1.1" 304 3392 "https://jockers.inglory.de/machine-a-sous-demo-decouvrez-loco-win-et-ameliorez-votre-experience-de-jeu/" "Serf/1.3.9 (mod_pagespeed/1.13.35.2-0)"
94.130.90.54 - - [12/Mar/2026:12:43:54 +0100] "GET /wp-content/plugins/preloader-pro/assets/js/jquery.waitformedias.min.js?ver=2024090401 HTTP/1.1" 304 3392 "https://jockers.inglory.de/machine-a-sous-demo-decouvrez-loco-win-et-ameliorez-votre-experience-de-jeu/" "Serf/1.3.9 (mod_pagespeed/1.13.35.2-0)"
94.130.90.54 - - [12/Mar/2026:12:43:54 +0100] "GET /wp-content/plugins/elementor-pro/assets/js/frontend.min.js?ver=3.35.1 HTTP/1.1" 304 3392 "https://jockers.inglory.de/machine-a-sous-demo-decouvrez-loco-win-et-ameliorez-votre-experience-de-jeu/" "Serf/1.3.9 (mod_pagespeed/1.13.35.2-0)"
94.130.90.54 - - [12/Mar/2026:12:43:54 +0100] "GET /wp-content/plugins/elementor-pro/assets/js/elements-handlers.min.js?ver=3.35.1 HTTP/1.1" 304 3392 "https://jockers.inglory.de/machine-a-sous-demo-decouvrez-loco-win-et-ameliorez-votre-experience-de-jeu/" "Serf/1.3.9 (mod_pagespeed/1.13.35.2-0)"
94.130.90.54 - - [12/Mar/2026:12:43:54 +0100] "GET /wp-content/uploads/logo.svg HTTP/1.1" 200 12357 "https://jockers.inglory.de/machine-a-sous-demo-decouvrez-loco-win-et-ameliorez-votre-experience-de-jeu/" "Serf/1.3.9 (mod_pagespeed/1.13.35.2-0)"
94.130.90.54 - - [12/Mar/2026:12:43:54 +0100] "GET /wp-content/uploads/logo.svg HTTP/1.1" 200 12357 "https://jockers.inglory.de/machine-a-sous-demo-decouvrez-loco-win-et-ameliorez-votre-experience-de-jeu/" "Serf/1.3.9 (mod_pagespeed/1.13.35.2-0)"
94.130.90.54 - - [12/Mar/2026:12:43:54 +0100] "GET /wp-content/uploads/Google-logo.svg HTTP/1.1" 200 4648 "https://jockers.inglory.de/machine-a-sous-demo-decouvrez-loco-win-et-ameliorez-votre-experience-de-jeu/" "Serf/1.3.9 (mod_pagespeed/1.13.35.2-0)"
94.130.90.54 - - [12/Mar/2026:12:43:54 +0100] "GET /wp-content/uploads/logo.svg HTTP/1.1" 200 12357 "https://jockers.inglory.de/machine-a-sous-demo-decouvrez-loco-win-et-ameliorez-votre-experience-de-jeu/" "Serf/1.3.9 (mod_pagespeed/1.13.35.2-0)"
94.130.90.54 - - [12/Mar/2026:12:43:54 +0100] "GET /wp-content/plugins/preloader-pro/assets/js/loftloader.min.js?ver=2024090401 HTTP/1.1" 304 3392 "https://jockers.inglory.de/machine-a-sous-demo-decouvrez-loco-win-et-ameliorez-votre-experience-de-jeu/" "Serf/1.3.9 (mod_pagespeed/1.13.35.2-0)"
94.130.90.54 - - [12/Mar/2026:12:43:54 +0100] "GET /wp-content/plugins/elementor/assets/js/webpack.runtime.min.js?ver=3.35.7 HTTP/1.1" 304 3392 "https://jockers.inglory.de/machine-a-sous-demo-decouvrez-loco-win-et-ameliorez-votre-experience-de-jeu/" "Serf/1.3.9 (mod_pagespeed/1.13.35.2-0)"
94.130.90.54 - - [12/Mar/2026:12:43:54 +0100] "GET /wp-content/plugins/elementor/assets/js/frontend.min.js?ver=3.35.7 HTTP/1.1" 304 3392 "https://jockers.inglory.de/machine-a-sous-demo-decouvrez-loco-win-et-ameliorez-votre-experience-de-jeu/" "Serf/1.3.9 (mod_pagespeed/1.13.35.2-0)"
94.130.90.54 - - [12/Mar/2026:12:43:54 +0100] "GET /wp-content/plugins/elementor-pro/assets/js/webpack-pro.runtime.min.js?ver=3.35.1 HTTP/1.1" 304 3392 "https://jockers.inglory.de/machine-a-sous-demo-decouvrez-loco-win-et-ameliorez-votre-experience-de-jeu/" "Serf/1.3.9 (mod_pagespeed/1.13.35.2-0)"
217.156.8.66 - - [12/Mar/2026:12:43:55 +0100] "GET /roulette-de-casino-en-ligne-decouvrez-loco-win/ HTTP/1.0" 200 170302 "-" "Mozilla/5.0 (Windows NT 10.0; Win64; x64) AppleWebKit/537.36 (KHTML, like Gecko) Chrome/120.0.0.0 Safari/537.36"
154.196.80.220 - - [12/Mar/2026:12:44:03 +0100] "POST /xmlrpc.php HTTP/1.0" 200 4276 "-" "Mozilla/5.0 (Windows NT 10.0; Win64; x64) ZebraPoster/5.0"
154.195.164.186 - - [12/Mar/2026:12:44:04 +0100] "GET /xmlrpc.php HTTP/1.0" 405 4022 "-" "Mozilla/5.0 (Windows NT 10.0; Win64; x64) ZebraPoster/5.0"
94.130.90.54 - - [12/Mar/2026:12:44:05 +0100] "POST /wp-cron.php?doing_wp_cron=1773315845.1361649036407470703125 HTTP/1.0" 200 4071 "-" "eK6roCL0bGZc"
154.196.80.220 - - [12/Mar/2026:12:44:04 +0100] "POST /xmlrpc.php HTTP/1.0" 200 4122 "-" "Mozilla/5.0 (Windows NT 10.0; Win64; x64) ZebraPoster/5.0"
154.196.36.194 - - [12/Mar/2026:12:44:05 +0100] "POST /xmlrpc.php HTTP/1.0" 200 4276 "-" "Mozilla/5.0 (Windows NT 10.0; Win64; x64) ZebraPoster/5.0"
154.196.80.220 - - [12/Mar/2026:12:44:05 +0100] "POST /xmlrpc.php HTTP/1.0" 200 7589 "-" "Mozilla/5.0 (Windows NT 10.0; Win64; x64) ZebraPoster/5.0"
154.196.36.194 - - [12/Mar/2026:12:44:05 +0100] "POST /xmlrpc.php HTTP/1.0" 200 4122 "-" "Mozilla/5.0 (Windows NT 10.0; Win64; x64) ZebraPoster/5.0"
94.130.90.54 - - [12/Mar/2026:12:44:07 +0100] "POST /wp-cron.php?doing_wp_cron=1773315847.6451010704040527343750 HTTP/1.0" 200 4071 "-" "PxOjzxIl2dDm"
154.196.36.194 - - [12/Mar/2026:12:44:06 +0100] "POST /xmlrpc.php HTTP/1.0" 200 4583 "-" "Mozilla/5.0 (Windows NT 10.0; Win64; x64) ZebraPoster/5.0"
154.195.112.210 - - [12/Mar/2026:12:44:07 +0100] "POST /xmlrpc.php HTTP/1.0" 200 4276 "-" "Mozilla/5.0 (Windows NT 10.0; Win64; x64) ZebraPoster/5.0"
154.195.112.210 - - [12/Mar/2026:12:44:08 +0100] "POST /xmlrpc.php HTTP/1.0" 200 4120 "-" "Mozilla/5.0 (Windows NT 10.0; Win64; x64) ZebraPoster/5.0"
154.196.83.224 - - [12/Mar/2026:12:44:16 +0100] "GET /xmlrpc.php HTTP/1.0" 405 4022 "-" "Mozilla/5.0 (Windows NT 10.0; Win64; x64) ZebraPoster/5.0"
154.195.132.203 - - [12/Mar/2026:12:44:17 +0100] "POST /xmlrpc.php HTTP/1.0" 200 4276 "-" "Mozilla/5.0 (Windows NT 10.0; Win64; x64) ZebraPoster/5.0"
94.130.90.54 - - [12/Mar/2026:12:44:19 +0100] "POST /wp-cron.php?doing_wp_cron=1773315859.3268599510192871093750 HTTP/1.0" 200 4071 "-" "Dgz98xfMnghg"
154.195.132.203 - - [12/Mar/2026:12:44:18 +0100] "POST /xmlrpc.php HTTP/1.0" 200 4122 "-" "Mozilla/5.0 (Windows NT 10.0; Win64; x64) ZebraPoster/5.0"
154.195.132.203 - - [12/Mar/2026:12:44:19 +0100] "POST /xmlrpc.php HTTP/1.0" 200 4584 "-" "Mozilla/5.0 (Windows NT 10.0; Win64; x64) ZebraPoster/5.0"
217.156.8.66 - - [12/Mar/2026:12:44:19 +0100] "GET /depot-au-casino-guide-complet-avec-betify/ HTTP/1.0" 200 170574 "-" "Mozilla/5.0 (Windows NT 10.0; Win64; x64) AppleWebKit/537.36 (KHTML, like Gecko) Chrome/120.0.0.0 Safari/537.36"
166.1.191.209 - - [12/Mar/2026:12:44:20 +0100] "POST /xmlrpc.php HTTP/1.0" 200 4276 "-" "Mozilla/5.0 (Windows NT 10.0; Win64; x64) ZebraPoster/5.0"
166.1.191.209 - - [12/Mar/2026:12:44:21 +0100] "POST /xmlrpc.php HTTP/1.0" 200 4120 "-" "Mozilla/5.0 (Windows NT 10.0; Win64; x64) ZebraPoster/5.0"
217.156.8.66 - - [12/Mar/2026:12:44:43 +0100] "GET /nouveau-casino-sans-depot-decouvrez-betify/ HTTP/1.0" 200 170270 "-" "Mozilla/5.0 (Windows NT 10.0; Win64; x64) AppleWebKit/537.36 (KHTML, like Gecko) Chrome/120.0.0.0 Safari/537.36"
94.130.90.54 - - [12/Mar/2026:12:44:47 +0100] "POST /wp-cron.php?doing_wp_cron=1773315887.2940630912780761718750 HTTP/1.0" 200 4071 "-" "ZjZxQVSdRdsC"
154.195.112.210 - - [12/Mar/2026:12:44:46 +0100] "POST /xmlrpc.php HTTP/1.0" 200 4276 "-" "Mozilla/5.0 (Windows NT 10.0; Win64; x64) ZebraPoster/5.0"
154.195.112.210 - - [12/Mar/2026:12:44:47 +0100] "POST /xmlrpc.php HTTP/1.0" 200 4122 "-" "Mozilla/5.0 (Windows NT 10.0; Win64; x64) ZebraPoster/5.0"
94.130.90.54 - - [12/Mar/2026:12:44:49 +0100] "POST /wp-cron.php?doing_wp_cron=1773315889.1424479484558105468750 HTTP/1.0" 200 4071 "-" "trYfyyyDWYBz"
154.195.112.210 - - [12/Mar/2026:12:44:48 +0100] "POST /xmlrpc.php HTTP/1.0" 200 7083 "-" "Mozilla/5.0 (Windows NT 10.0; Win64; x64) ZebraPoster/5.0"
154.194.112.174 - - [12/Mar/2026:12:44:52 +0100] "POST /xmlrpc.php HTTP/1.0" 200 4276 "-" "Mozilla/5.0 (Windows NT 10.0; Win64; x64) ZebraPoster/5.0"
94.130.90.54 - - [12/Mar/2026:12:44:53 +0100] "POST /wp-cron.php?doing_wp_cron=1773315893.6892790794372558593750 HTTP/1.0" 200 4071 "-" "4RJkWiOw9eZA"
154.194.112.174 - - [12/Mar/2026:12:44:52 +0100] "POST /xmlrpc.php HTTP/1.0" 200 4122 "-" "Mozilla/5.0 (Windows NT 10.0; Win64; x64) ZebraPoster/5.0"
154.194.112.174 - - [12/Mar/2026:12:44:53 +0100] "POST /xmlrpc.php HTTP/1.0" 200 7271 "-" "Mozilla/5.0 (Windows NT 10.0; Win64; x64) ZebraPoster/5.0"
217.156.8.66 - - [12/Mar/2026:12:45:13 +0100] "GET /casino-video-poker-decouvrez-betify-pour-maximiser-vos-gains/ HTTP/1.0" 200 168419 "-" "Mozilla/5.0 (Windows NT 10.0; Win64; x64) AppleWebKit/537.36 (KHTML, like Gecko) Chrome/120.0.0.0 Safari/537.36"
217.156.8.66 - - [12/Mar/2026:12:45:38 +0100] "GET /bonus-casino-sans-depot-decouvrez-betify-pour-maximiser-vos-gains/ HTTP/1.0" 200 170257 "-" "Mozilla/5.0 (Windows NT 10.0; Win64; x64) AppleWebKit/537.36 (KHTML, like Gecko) Chrome/120.0.0.0 Safari/537.36"
94.130.90.54 - - [12/Mar/2026:12:46:10 +0100] "POST /wp-cron.php?doing_wp_cron=1773315970.8330910205841064453125 HTTP/1.0" 200 4071 "-" "NWXCXv4RhIW2"
217.156.8.66 - - [12/Mar/2026:12:46:09 +0100] "GET /casino-en-ligne-avec-bonus-sans-depot-decouvrez-betify/ HTTP/1.0" 200 170554 "-" "Mozilla/5.0 (Windows NT 10.0; Win64; x64) AppleWebKit/537.36 (KHTML, like Gecko) Chrome/120.0.0.0 Safari/537.36"
217.156.8.66 - - [12/Mar/2026:12:46:37 +0100] "GET /application-de-casino-mobile-decouvrez-betify-pour-une-experience-inegalee/ HTTP/1.0" 200 170918 "-" "Mozilla/5.0 (Windows NT 10.0; Win64; x64) AppleWebKit/537.36 (KHTML, like Gecko) Chrome/120.0.0.0 Safari/537.36"
94.130.90.54 - - [12/Mar/2026:12:47:00 +0100] "POST /wp-cron.php?doing_wp_cron=1773316020.4608879089355468750000 HTTP/1.0" 200 4071 "-" "FMEj7CX8cueJ"
217.156.8.66 - - [12/Mar/2026:12:46:58 +0100] "GET /machine-a-sous-demo-decouvrez-betify-et-ameliorez-votre-experience-de-jeu/ HTTP/1.0" 200 169203 "-" "Mozilla/5.0 (Windows NT 10.0; Win64; x64) AppleWebKit/537.36 (KHTML, like Gecko) Chrome/120.0.0.0 Safari/537.36"
217.156.8.66 - - [12/Mar/2026:12:47:26 +0100] "GET /casino-a-retrait-rapide-decouvrez-betify-et-maximisez-vos-gains/ HTTP/1.0" 200 169101 "-" "Mozilla/5.0 (Windows NT 10.0; Win64; x64) AppleWebKit/537.36 (KHTML, like Gecko) Chrome/120.0.0.0 Safari/537.36"
94.130.90.54 - - [12/Mar/2026:12:47:57 +0100] "POST /wp-cron.php?doing_wp_cron=1773316077.9743518829345703125000 HTTP/1.0" 200 4071 "-" "qTXBaRnn7yk1"
94.130.90.54 - - [12/Mar/2026:12:47:58 +0100] "GET /wp-content/plugins/preloader-pro/assets/css/loftloader.min.css?ver=2024090401 HTTP/1.1" 304 3393 "https://jockers.inglory.de/bonus-casino-bitcoin-maximisez-vos-gains-avec-betify/" "Serf/1.3.9 (mod_pagespeed/1.13.35.2-0)"
94.130.90.54 - - [12/Mar/2026:12:47:58 +0100] "GET /wp-includes/css/dist/block-library/style.min.css?ver=6.9.4 HTTP/1.1" 304 3393 "https://jockers.inglory.de/bonus-casino-bitcoin-maximisez-vos-gains-avec-betify/" "Serf/1.3.9 (mod_pagespeed/1.13.35.2-0)"
217.156.8.66 - - [12/Mar/2026:12:47:56 +0100] "GET /bonus-casino-bitcoin-maximisez-vos-gains-avec-betify/ HTTP/1.0" 200 169875 "-" "Mozilla/5.0 (Windows NT 10.0; Win64; x64) AppleWebKit/537.36 (KHTML, like Gecko) Chrome/120.0.0.0 Safari/537.36"
94.130.90.54 - - [12/Mar/2026:12:47:58 +0100] "GET /wp-content/themes/hello-elementor/assets/css/reset.css?ver=3.4.6 HTTP/1.1" 304 3392 "https://jockers.inglory.de/bonus-casino-bitcoin-maximisez-vos-gains-avec-betify/" "Serf/1.3.9 (mod_pagespeed/1.13.35.2-0)"
94.130.90.54 - - [12/Mar/2026:12:47:58 +0100] "GET /wp-content/themes/hello-elementor/assets/css/theme.css?ver=3.4.6 HTTP/1.1" 304 3392 "https://jockers.inglory.de/bonus-casino-bitcoin-maximisez-vos-gains-avec-betify/" "Serf/1.3.9 (mod_pagespeed/1.13.35.2-0)"
94.130.90.54 - - [12/Mar/2026:12:47:58 +0100] "GET /wp-content/themes/hello-elementor/assets/css/header-footer.css?ver=3.4.6 HTTP/1.1" 304 3392 "https://jockers.inglory.de/bonus-casino-bitcoin-maximisez-vos-gains-avec-betify/" "Serf/1.3.9 (mod_pagespeed/1.13.35.2-0)"
94.130.90.54 - - [12/Mar/2026:12:47:58 +0100] "GET /wp-content/plugins/elementor/assets/css/frontend.min.css?ver=3.35.7 HTTP/1.1" 304 3392 "https://jockers.inglory.de/bonus-casino-bitcoin-maximisez-vos-gains-avec-betify/" "Serf/1.3.9 (mod_pagespeed/1.13.35.2-0)"
94.130.90.54 - - [12/Mar/2026:12:47:58 +0100] "GET /wp-content/plugins/elementor/assets/css/widget-image.min.css?ver=3.35.7 HTTP/1.1" 304 3390 "https://jockers.inglory.de/bonus-casino-bitcoin-maximisez-vos-gains-avec-betify/" "Serf/1.3.9 (mod_pagespeed/1.13.35.2-0)"
94.130.90.54 - - [12/Mar/2026:12:47:58 +0100] "GET /wp-content/plugins/elementor-pro/assets/css/widget-nav-menu.min.css?ver=3.35.1 HTTP/1.1" 304 3392 "https://jockers.inglory.de/bonus-casino-bitcoin-maximisez-vos-gains-avec-betify/" "Serf/1.3.9 (mod_pagespeed/1.13.35.2-0)"
94.130.90.54 - - [12/Mar/2026:12:47:58 +0100] "GET /wp-content/plugins/elementor-pro/assets/css/modules/sticky.min.css?ver=3.35.1 HTTP/1.1" 304 3390 "https://jockers.inglory.de/bonus-casino-bitcoin-maximisez-vos-gains-avec-betify/" "Serf/1.3.9 (mod_pagespeed/1.13.35.2-0)"
94.130.90.54 - - [12/Mar/2026:12:47:58 +0100] "GET /wp-content/plugins/elementor/assets/css/widget-heading.min.css?ver=3.35.7 HTTP/1.1" 304 3391 "https://jockers.inglory.de/bonus-casino-bitcoin-maximisez-vos-gains-avec-betify/" "Serf/1.3.9 (mod_pagespeed/1.13.35.2-0)"
94.130.90.54 - - [12/Mar/2026:12:47:58 +0100] "GET /wp-content/plugins/elementor/assets/css/widget-rating.min.css?ver=3.35.7 HTTP/1.1" 304 3391 "https://jockers.inglory.de/bonus-casino-bitcoin-maximisez-vos-gains-avec-betify/" "Serf/1.3.9 (mod_pagespeed/1.13.35.2-0)"
94.130.90.54 - - [12/Mar/2026:12:47:58 +0100] "GET /wp-content/plugins/elementor/assets/css/widget-social-icons.min.css?ver=3.35.7 HTTP/1.1" 304 3392 "https://jockers.inglory.de/bonus-casino-bitcoin-maximisez-vos-gains-avec-betify/" "Serf/1.3.9 (mod_pagespeed/1.13.35.2-0)"
94.130.90.54 - - [12/Mar/2026:12:47:58 +0100] "GET /wp-content/plugins/elementor/assets/css/conditionals/apple-webkit.min.css?ver=3.35.7 HTTP/1.1" 304 3392 "https://jockers.inglory.de/bonus-casino-bitcoin-maximisez-vos-gains-avec-betify/" "Serf/1.3.9 (mod_pagespeed/1.13.35.2-0)"
94.130.90.54 - - [12/Mar/2026:12:47:58 +0100] "GET /wp-content/plugins/elementor/assets/css/widget-icon-list.min.css?ver=3.35.7 HTTP/1.1" 304 3392 "https://jockers.inglory.de/bonus-casino-bitcoin-maximisez-vos-gains-avec-betify/" "Serf/1.3.9 (mod_pagespeed/1.13.35.2-0)"
94.130.90.54 - - [12/Mar/2026:12:47:58 +0100] "GET /wp-content/plugins/elementor/assets/lib/animations/styles/fadeIn.min.css?ver=3.35.7 HTTP/1.1" 304 3390 "https://jockers.inglory.de/bonus-casino-bitcoin-maximisez-vos-gains-avec-betify/" "Serf/1.3.9 (mod_pagespeed/1.13.35.2-0)"
94.130.90.54 - - [12/Mar/2026:12:47:58 +0100] "GET /wp-content/plugins/elementor-pro/assets/css/conditionals/popup.min.css?ver=3.35.1 HTTP/1.1" 304 3391 "https://jockers.inglory.de/bonus-casino-bitcoin-maximisez-vos-gains-avec-betify/" "Serf/1.3.9 (mod_pagespeed/1.13.35.2-0)"
94.130.90.54 - - [12/Mar/2026:12:47:58 +0100] "GET /wp-content/plugins/elementor/assets/lib/eicons/css/elementor-icons.min.css?ver=5.47.0 HTTP/1.1" 304 3392 "https://jockers.inglory.de/bonus-casino-bitcoin-maximisez-vos-gains-avec-betify/" "Serf/1.3.9 (mod_pagespeed/1.13.35.2-0)"
94.130.90.54 - - [12/Mar/2026:12:47:58 +0100] "GET /wp-content/uploads/elementor/css/post-7.css?ver=1773290258 HTTP/1.1" 304 3392 "https://jockers.inglory.de/bonus-casino-bitcoin-maximisez-vos-gains-avec-betify/" "Serf/1.3.9 (mod_pagespeed/1.13.35.2-0)"
94.130.90.54 - - [12/Mar/2026:12:47:58 +0100] "GET /wp-content/uploads/elementor/css/post-110.css?ver=1773290260 HTTP/1.1" 304 3392 "https://jockers.inglory.de/bonus-casino-bitcoin-maximisez-vos-gains-avec-betify/" "Serf/1.3.9 (mod_pagespeed/1.13.35.2-0)"
94.130.90.54 - - [12/Mar/2026:12:47:58 +0100] "GET /wp-content/uploads/elementor/css/post-133.css?ver=1773290261 HTTP/1.1" 304 3393 "https://jockers.inglory.de/bonus-casino-bitcoin-maximisez-vos-gains-avec-betify/" "Serf/1.3.9 (mod_pagespeed/1.13.35.2-0)"
94.130.90.54 - - [12/Mar/2026:12:47:58 +0100] "GET /wp-content/uploads/elementor/css/post-136.css?ver=1773290261 HTTP/1.1" 304 3392 "https://jockers.inglory.de/bonus-casino-bitcoin-maximisez-vos-gains-avec-betify/" "Serf/1.3.9 (mod_pagespeed/1.13.35.2-0)"
94.130.90.54 - - [12/Mar/2026:12:47:58 +0100] "GET /wp-content/plugins/elementor/assets/lib/font-awesome/css/fontawesome.min.css?ver=5.15.3 HTTP/1.1" 304 3392 "https://jockers.inglory.de/bonus-casino-bitcoin-maximisez-vos-gains-avec-betify/" "Serf/1.3.9 (mod_pagespeed/1.13.35.2-0)"
94.130.90.54 - - [12/Mar/2026:12:47:58 +0100] "GET /wp-content/plugins/elementor/assets/lib/font-awesome/css/solid.min.css?ver=5.15.3 HTTP/1.1" 304 3391 "https://jockers.inglory.de/bonus-casino-bitcoin-maximisez-vos-gains-avec-betify/" "Serf/1.3.9 (mod_pagespeed/1.13.35.2-0)"
94.130.90.54 - - [12/Mar/2026:12:47:58 +0100] "GET /wp-content/plugins/elementor/assets/lib/font-awesome/css/brands.min.css?ver=5.15.3 HTTP/1.1" 304 3391 "https://jockers.inglory.de/bonus-casino-bitcoin-maximisez-vos-gains-avec-betify/" "Serf/1.3.9 (mod_pagespeed/1.13.35.2-0)"
94.130.90.54 - - [12/Mar/2026:12:47:58 +0100] "GET /wp-content/plugins/elementor/assets/js/frontend-modules.min.js?ver=3.35.7 HTTP/1.1" 304 3392 "https://jockers.inglory.de/bonus-casino-bitcoin-maximisez-vos-gains-avec-betify/" "Serf/1.3.9 (mod_pagespeed/1.13.35.2-0)"
