File: /var/www/vhosts/inglory.de/logs/jockers.inglory.de/access_ssl_log.webstat
94.130.90.54 - - [12/Mar/2026:06:30:48 +0100] "POST /wp-cron.php?doing_wp_cron=1773293448.9723811149597167968750 HTTP/1.0" 200 4071 "-" "soNVHWCI048n"
179.24.174.44 - - [12/Mar/2026:06:30:48 +0100] "GET /wp-admin/ HTTP/1.0" 302 4202 "https://jockers.inglory.de/wp-login.php" "Mozilla/5.0 (Windows NT 10.0; Win64; x64) AppleWebKit/537.36 (KHTML, like Gecko) Chrome/142.0.0.0 Safari/537.36 (+https://support.wordpress.com)"
179.24.174.44 - - [12/Mar/2026:06:30:49 +0100] "GET /wp-login.php?redirect_to=https%3A%2F%2Fjockers.inglory.de%2Fwp-admin%2F&reauth=1 HTTP/1.0" 200 8839 "https://jockers.inglory.de/wp-login.php" "Mozilla/5.0 (Windows NT 10.0; Win64; x64) AppleWebKit/537.36 (KHTML, like Gecko) Chrome/142.0.0.0 Safari/537.36 (+https://support.wordpress.com)"
179.24.174.44 - - [12/Mar/2026:06:30:51 +0100] "GET /wp-admin/admin-ajax.php?action=rest_nonce HTTP/1.0" 400 4230 "-" "Mozilla/5.0 (Windows NT 10.0; Win64; x64) AppleWebKit/537.36 (KHTML, like Gecko) Chrome/142.0.0.0 Safari/537.36 (+https://support.wordpress.com)"
179.24.174.44 - - [12/Mar/2026:06:30:53 +0100] "GET /xmlrpc.php HTTP/1.0" 405 4022 "-" "WP-Extra/1.2"
179.24.174.44 - - [12/Mar/2026:06:30:53 +0100] "GET /wp-json/ HTTP/1.0" 200 292339 "-" "Mozilla/5.0 (Windows NT 10.0; Win64; x64) AppleWebKit/537.36 (KHTML, like Gecko) Chrome/142.0.0.0 Safari/537.36 (+https://support.wordpress.com)"
179.24.174.44 - - [12/Mar/2026:06:30:54 +0100] "OPTIONS /wp-json/batch/v1 HTTP/1.0" 200 4921 "-" "Mozilla/5.0 (Windows NT 10.0; Win64; x64) AppleWebKit/537.36 (KHTML, like Gecko) Chrome/142.0.0.0 Safari/537.36 (+https://support.wordpress.com)"
179.24.174.44 - - [12/Mar/2026:06:30:56 +0100] "GET /wp-json/wp-site-health/v1/tests/https-status HTTP/1.0" 401 4378 "-" "Mozilla/5.0 (Windows NT 10.0; Win64; x64) AppleWebKit/537.36 (KHTML, like Gecko) Chrome/142.0.0.0 Safari/537.36 (+https://support.wordpress.com)"
179.24.174.44 - - [12/Mar/2026:06:30:58 +0100] "GET /wp-admin/admin-ajax.php?action=rest_nonce HTTP/1.0" 400 4230 "-" "Mozilla/5.0 (Windows NT 10.0; Win64; x64) AppleWebKit/537.36 (KHTML, like Gecko) Chrome/142.0.0.0 Safari/537.36 (+https://support.wordpress.com)"
179.24.174.44 - - [12/Mar/2026:06:30:59 +0100] "GET /wp-json/wp-site-health/v1/tests/https-status HTTP/1.0" 401 4350 "-" "Mozilla/5.0 (Windows NT 10.0; Win64; x64) AppleWebKit/537.36 (KHTML, like Gecko) Chrome/142.0.0.0 Safari/537.36 (+https://support.wordpress.com)"
179.24.174.44 - - [12/Mar/2026:06:31:01 +0100] "GET /wp-json/wp-site-health/v1/tests/background-updates HTTP/1.0" 401 4378 "-" "Mozilla/5.0 (Windows NT 10.0; Win64; x64) AppleWebKit/537.36 (KHTML, like Gecko) Chrome/142.0.0.0 Safari/537.36 (+https://support.wordpress.com)"
179.24.174.44 - - [12/Mar/2026:06:31:02 +0100] "GET /wp-json/wp-site-health/v1/tests/loopback-requests HTTP/1.0" 401 4378 "-" "Mozilla/5.0 (Windows NT 10.0; Win64; x64) AppleWebKit/537.36 (KHTML, like Gecko) Chrome/142.0.0.0 Safari/537.36 (+https://support.wordpress.com)"
94.130.90.54 - - [12/Mar/2026:06:48:17 +0100] "POST /wp-cron.php?doing_wp_cron=1773294497.9118010997772216796875 HTTP/1.0" 200 4071 "-" "Ku6ePqznCAAt"
94.130.90.54 - - [12/Mar/2026:06:48:17 +0100] "GET /wp-includes/css/dashicons.min.css?ver=6.9.4 HTTP/1.1" 304 3392 "https://jockers.inglory.de/wp-login.php" "Serf/1.3.9 (mod_pagespeed/1.13.35.2-0)"
193.24.211.70 - - [12/Mar/2026:06:48:17 +0100] "GET /wp-login.php HTTP/1.0" 200 6547 "-" "Mozilla/5.0 (Windows NT 10.0; Win64; x64) AppleWebKit/537.36 (KHTML, like Gecko) Chrome/124.0.6367.207 Safari/537.36"
94.130.90.54 - - [12/Mar/2026:06:48:17 +0100] "GET /wp-includes/css/buttons.min.css?ver=6.9.4 HTTP/1.1" 304 3392 "https://jockers.inglory.de/wp-login.php" "Serf/1.3.9 (mod_pagespeed/1.13.35.2-0)"
94.130.90.54 - - [12/Mar/2026:06:48:17 +0100] "GET /wp-includes/js/dist/hooks.min.js?ver=dd5603f07f9220ed27f1 HTTP/1.1" 304 3392 "https://jockers.inglory.de/wp-login.php" "Serf/1.3.9 (mod_pagespeed/1.13.35.2-0)"
94.130.90.54 - - [12/Mar/2026:06:48:17 +0100] "GET /wp-includes/js/dist/i18n.min.js?ver=c26c3dc7bed366793375 HTTP/1.1" 304 3392 "https://jockers.inglory.de/wp-login.php" "Serf/1.3.9 (mod_pagespeed/1.13.35.2-0)"
94.130.90.54 - - [12/Mar/2026:06:48:17 +0100] "GET /wp-includes/js/wp-util.min.js?ver=6.9.4 HTTP/1.1" 304 3391 "https://jockers.inglory.de/wp-login.php" "Serf/1.3.9 (mod_pagespeed/1.13.35.2-0)"
94.130.90.54 - - [12/Mar/2026:06:48:17 +0100] "GET /wp-includes/js/dist/dom-ready.min.js?ver=f77871ff7694fffea381 HTTP/1.1" 304 3391 "https://jockers.inglory.de/wp-login.php" "Serf/1.3.9 (mod_pagespeed/1.13.35.2-0)"
94.130.90.54 - - [12/Mar/2026:06:48:17 +0100] "GET /wp-includes/js/dist/a11y.min.js?ver=cb460b4676c94bd228ed HTTP/1.1" 304 3391 "https://jockers.inglory.de/wp-login.php" "Serf/1.3.9 (mod_pagespeed/1.13.35.2-0)"
94.130.90.54 - - [12/Mar/2026:06:48:18 +0100] "GET /wp-content/uploads/cropped-items-32x32.png HTTP/1.1" 304 3391 "https://jockers.inglory.de/wp-login.php" "Serf/1.3.9 (mod_pagespeed/1.13.35.2-0)"
94.130.90.54 - - [12/Mar/2026:06:48:18 +0100] "GET /wp-content/uploads/cropped-items-192x192.png HTTP/1.1" 304 3391 "https://jockers.inglory.de/wp-login.php" "Serf/1.3.9 (mod_pagespeed/1.13.35.2-0)"
94.130.90.54 - - [12/Mar/2026:06:48:18 +0100] "GET /wp-content/uploads/cropped-items-180x180.png HTTP/1.1" 304 3391 "https://jockers.inglory.de/wp-login.php" "Serf/1.3.9 (mod_pagespeed/1.13.35.2-0)"
94.130.90.54 - - [12/Mar/2026:06:48:18 +0100] "GET /wp-includes/js/clipboard.min.js?ver=2.0.11 HTTP/1.1" 304 3392 "https://jockers.inglory.de/wp-login.php" "Serf/1.3.9 (mod_pagespeed/1.13.35.2-0)"
94.130.90.54 - - [12/Mar/2026:06:48:18 +0100] "GET /wp-includes/js/jquery/jquery.min.js?ver=3.7.1 HTTP/1.1" 304 3393 "https://jockers.inglory.de/wp-login.php" "Serf/1.3.9 (mod_pagespeed/1.13.35.2-0)"
94.130.90.54 - - [12/Mar/2026:06:48:18 +0100] "GET /wp-includes/js/jquery/jquery-migrate.min.js?ver=3.4.1 HTTP/1.1" 304 3392 "https://jockers.inglory.de/wp-login.php" "Serf/1.3.9 (mod_pagespeed/1.13.35.2-0)"
94.130.90.54 - - [12/Mar/2026:06:48:18 +0100] "GET /wp-includes/js/underscore.min.js?ver=1.13.7 HTTP/1.1" 304 3392 "https://jockers.inglory.de/wp-login.php" "Serf/1.3.9 (mod_pagespeed/1.13.35.2-0)"
94.130.90.54 - - [12/Mar/2026:06:48:18 +0100] "GET /wp-includes/js/zxcvbn-async.min.js?ver=1.0 HTTP/1.1" 304 3391 "https://jockers.inglory.de/wp-login.php" "Serf/1.3.9 (mod_pagespeed/1.13.35.2-0)"
193.24.211.70 - - [12/Mar/2026:06:48:19 +0100] "POST /xmlrpc.php HTTP/1.0" 200 4326 "-" "Mozilla/5.0 (Windows NT 10.0; Win64; x64) AppleWebKit/537.36 (KHTML, like Gecko) Chrome/124.0.6367.207 Safari/537.36"
193.24.211.70 - - [12/Mar/2026:06:48:22 +0100] "GET /wp-login.php HTTP/1.0" 200 6785 "-" "Mozilla/5.0 (Windows NT 10.0; Win64; x64) AppleWebKit/537.36 (KHTML, like Gecko) Chrome/124.0.6367.207 Safari/537.36"
193.24.211.70 - - [12/Mar/2026:06:48:23 +0100] "POST /wp-login.php HTTP/1.0" 302 5033 "https://jockers.inglory.de/wp-login.php" "Mozilla/5.0 (Windows NT 10.0; Win64; x64) AppleWebKit/537.36 (KHTML, like Gecko) Chrome/124.0.6367.207 Safari/537.36"
193.24.211.70 - - [12/Mar/2026:06:48:24 +0100] "GET /wp-admin/ HTTP/1.0" 200 31503 "https://jockers.inglory.de/wp-login.php" "Mozilla/5.0 (Windows NT 10.0; Win64; x64) AppleWebKit/537.36 (KHTML, like Gecko) Chrome/124.0.6367.207 Safari/537.36"
193.24.211.70 - - [12/Mar/2026:06:48:26 +0100] "GET /wp-admin/theme-editor.php HTTP/1.0" 403 4800 "-" "Mozilla/5.0 (Windows NT 10.0; Win64; x64) AppleWebKit/537.36 (KHTML, like Gecko) Chrome/124.0.6367.207 Safari/537.36"
193.24.211.70 - - [12/Mar/2026:06:48:26 +0100] "GET /wp-admin/plugin-editor.php HTTP/1.0" 200 32244 "-" "Mozilla/5.0 (Windows NT 10.0; Win64; x64) AppleWebKit/537.36 (KHTML, like Gecko) Chrome/124.0.6367.207 Safari/537.36"
193.24.211.70 - - [12/Mar/2026:06:48:28 +0100] "GET /wp-admin/theme-install.php HTTP/1.0" 403 4800 "-" "Mozilla/5.0 (Windows NT 10.0; Win64; x64) AppleWebKit/537.36 (KHTML, like Gecko) Chrome/124.0.6367.207 Safari/537.36"
193.24.211.70 - - [12/Mar/2026:06:48:28 +0100] "GET /wp-admin/plugin-install.php HTTP/1.0" 403 4800 "-" "Mozilla/5.0 (Windows NT 10.0; Win64; x64) AppleWebKit/537.36 (KHTML, like Gecko) Chrome/124.0.6367.207 Safari/537.36"
193.24.211.70 - - [12/Mar/2026:06:48:28 +0100] "GET /wp-admin/plugin-install.php HTTP/1.0" 403 4800 "-" "Mozilla/5.0 (Windows NT 10.0; Win64; x64) AppleWebKit/537.36 (KHTML, like Gecko) Chrome/124.0.6367.207 Safari/537.36"
193.24.211.70 - - [12/Mar/2026:06:48:28 +0100] "GET /wp-admin/plugin-install.php HTTP/1.0" 403 4800 "-" "Mozilla/5.0 (Windows NT 10.0; Win64; x64) AppleWebKit/537.36 (KHTML, like Gecko) Chrome/124.0.6367.207 Safari/537.36"
193.24.211.70 - - [12/Mar/2026:06:48:28 +0100] "GET /wp-admin/plugin-install.php HTTP/1.0" 403 4800 "-" "Mozilla/5.0 (Windows NT 10.0; Win64; x64) AppleWebKit/537.36 (KHTML, like Gecko) Chrome/124.0.6367.207 Safari/537.36"
193.24.211.70 - - [12/Mar/2026:06:48:28 +0100] "GET /wp-admin/plugin-install.php HTTP/1.0" 403 4800 "-" "Mozilla/5.0 (Windows NT 10.0; Win64; x64) AppleWebKit/537.36 (KHTML, like Gecko) Chrome/124.0.6367.207 Safari/537.36"
193.24.211.70 - - [12/Mar/2026:06:48:29 +0100] "GET /wp-admin/plugins.php?plugin_status=all HTTP/1.0" 200 31137 "-" "Mozilla/5.0 (Windows NT 10.0; Win64; x64) AppleWebKit/537.36 (KHTML, like Gecko) Chrome/124.0.6367.207 Safari/537.36"
173.252.69.2 - - [12/Mar/2026:07:17:25 +0100] "GET /robots.txt HTTP/1.0" 206 4175 "-" "facebookexternalhit/1.1 (+http://www.facebook.com/externalhit_uatext.php)"
57.141.20.19 - - [12/Mar/2026:07:25:06 +0100] "GET /wp-content/uploads/46019.pdf HTTP/1.0" 200 1387271 "-" "meta-externalagent/1.1 (+https://developers.facebook.com/docs/sharing/webmasters/crawler)"
66.249.68.35 - - [12/Mar/2026:07:59:14 +0100] "GET /robots.txt HTTP/1.0" 200 4176 "-" "Mozilla/5.0 (compatible; Googlebot/2.1; +http://www.google.com/bot.html)"
94.130.90.54 - - [12/Mar/2026:10:08:47 +0100] "POST /wp-cron.php?doing_wp_cron=1773306527.7958810329437255859375 HTTP/1.0" 200 4071 "-" "7Uxz4j96bVT9"
94.130.90.54 - - [12/Mar/2026:10:08:47 +0100] "GET /wp-content/plugins/preloader-pro/assets/css/loftloader.min.css?ver=2024090401 HTTP/1.1" 200 75901 "https://jockers.inglory.de/" "Serf/1.3.9 (mod_pagespeed/1.13.35.2-0)"
94.130.90.54 - - [12/Mar/2026:10:08:47 +0100] "GET /wp-content/themes/hello-elementor/assets/css/reset.css?ver=3.4.6 HTTP/1.1" 200 9004 "https://jockers.inglory.de/" "Serf/1.3.9 (mod_pagespeed/1.13.35.2-0)"
94.130.90.54 - - [12/Mar/2026:10:08:47 +0100] "GET /wp-content/themes/hello-elementor/assets/css/theme.css?ver=3.4.6 HTTP/1.1" 200 8645 "https://jockers.inglory.de/" "Serf/1.3.9 (mod_pagespeed/1.13.35.2-0)"
34.241.9.223 - - [12/Mar/2026:10:08:45 +0100] "GET / HTTP/1.0" 200 35666 "-" "Plesk screenshot bot https://support.plesk.com/hc/en-us/articles/10301006946066"
94.130.90.54 - - [12/Mar/2026:10:08:47 +0100] "GET /wp-content/themes/hello-elementor/assets/css/header-footer.css?ver=3.4.6 HTTP/1.1" 200 10730 "https://jockers.inglory.de/" "Serf/1.3.9 (mod_pagespeed/1.13.35.2-0)"
94.130.90.54 - - [12/Mar/2026:10:08:47 +0100] "GET /wp-content/plugins/elementor-pro/assets/css/widget-nav-menu.min.css?ver=3.35.1 HTTP/1.1" 200 30942 "https://jockers.inglory.de/" "Serf/1.3.9 (mod_pagespeed/1.13.35.2-0)"
94.130.90.54 - - [12/Mar/2026:10:08:47 +0100] "GET /wp-content/plugins/elementor-pro/assets/css/modules/sticky.min.css?ver=3.35.1 HTTP/1.1" 200 3678 "https://jockers.inglory.de/" "Serf/1.3.9 (mod_pagespeed/1.13.35.2-0)"
94.130.90.54 - - [12/Mar/2026:10:08:47 +0100] "GET /wp-content/plugins/elementor-pro/assets/css/conditionals/popup.min.css?ver=3.35.1 HTTP/1.1" 200 4512 "https://jockers.inglory.de/" "Serf/1.3.9 (mod_pagespeed/1.13.35.2-0)"
94.130.90.54 - - [12/Mar/2026:10:08:47 +0100] "GET /wp-content/plugins/elementor/assets/lib/eicons/css/elementor-icons.min.css?ver=5.47.0 HTTP/1.1" 200 25219 "https://jockers.inglory.de/" "Serf/1.3.9 (mod_pagespeed/1.13.35.2-0)"
94.130.90.54 - - [12/Mar/2026:10:08:47 +0100] "GET /wp-content/plugins/elementor/assets/lib/swiper/v8/css/swiper.min.css?ver=8.4.5 HTTP/1.1" 200 20049 "https://jockers.inglory.de/" "Serf/1.3.9 (mod_pagespeed/1.13.35.2-0)"
94.130.90.54 - - [12/Mar/2026:10:08:47 +0100] "GET /wp-content/plugins/elementor-pro/assets/css/widget-nested-carousel.min.css?ver=3.35.1 HTTP/1.1" 200 13214 "https://jockers.inglory.de/" "Serf/1.3.9 (mod_pagespeed/1.13.35.2-0)"
94.130.90.54 - - [12/Mar/2026:10:08:47 +0100] "GET /wp-content/plugins/elementor-pro/assets/css/widget-media-carousel.min.css?ver=3.35.1 HTTP/1.1" 200 4860 "https://jockers.inglory.de/" "Serf/1.3.9 (mod_pagespeed/1.13.35.2-0)"
94.130.90.54 - - [12/Mar/2026:10:08:47 +0100] "GET /wp-content/plugins/elementor-pro/assets/css/widget-carousel-module-base.min.css?ver=3.35.1 HTTP/1.1" 200 7394 "https://jockers.inglory.de/" "Serf/1.3.9 (mod_pagespeed/1.13.35.2-0)"
34.241.9.223 - - [12/Mar/2026:10:08:47 +0100] "GET /wp-content/plugins/elementor/assets/css/widget-image.min.css?ver=3.35.7 HTTP/1.0" 200 4211 "https://jockers.inglory.de/" "Plesk screenshot bot https://support.plesk.com/hc/en-us/articles/10301006946066"
34.241.9.223 - - [12/Mar/2026:10:08:47 +0100] "GET /wp-content/themes/hello-elementor/assets/css/theme.css?ver=3.4.6 HTTP/1.0" 200 5464 "https://jockers.inglory.de/" "Plesk screenshot bot https://support.plesk.com/hc/en-us/articles/10301006946066"
34.241.9.223 - - [12/Mar/2026:10:08:47 +0100] "GET /wp-content/themes/hello-elementor/assets/css/reset.css?ver=3.4.6 HTTP/1.0" 200 6007 "https://jockers.inglory.de/" "Plesk screenshot bot https://support.plesk.com/hc/en-us/articles/10301006946066"
34.241.9.223 - - [12/Mar/2026:10:08:47 +0100] "GET /wp-content/plugins/elementor-pro/assets/css/widget-nav-menu.min.css?ver=3.35.1 HTTP/1.0" 200 7627 "https://jockers.inglory.de/" "Plesk screenshot bot https://support.plesk.com/hc/en-us/articles/10301006946066"
34.241.9.223 - - [12/Mar/2026:10:08:47 +0100] "GET /wp-content/plugins/elementor/assets/css/widget-rating.min.css?ver=3.35.7 HTTP/1.0" 200 4476 "https://jockers.inglory.de/" "Plesk screenshot bot https://support.plesk.com/hc/en-us/articles/10301006946066"
34.241.9.223 - - [12/Mar/2026:10:08:47 +0100] "GET /wp-content/plugins/elementor/assets/css/widget-icon-list.min.css?ver=3.35.7 HTTP/1.0" 200 5102 "https://jockers.inglory.de/" "Plesk screenshot bot https://support.plesk.com/hc/en-us/articles/10301006946066"
34.241.9.223 - - [12/Mar/2026:10:08:47 +0100] "GET /wp-content/plugins/elementor/assets/css/frontend.min.css?ver=3.35.7 HTTP/1.0" 200 11394 "https://jockers.inglory.de/" "Plesk screenshot bot https://support.plesk.com/hc/en-us/articles/10301006946066"
94.130.90.54 - - [12/Mar/2026:10:08:47 +0100] "GET /wp-content/plugins/elementor/assets/lib/font-awesome/css/fontawesome.min.css?ver=5.15.3 HTTP/1.1" 200 61707 "https://jockers.inglory.de/" "Serf/1.3.9 (mod_pagespeed/1.13.35.2-0)"
34.241.9.223 - - [12/Mar/2026:10:08:47 +0100] "GET /wp-content/plugins/preloader-pro/assets/css/A.loftloader.min.css,qver=2024090401.pagespeed.cf.FFlJccbzb0.css HTTP/1.0" 200 76507 "https://jockers.inglory.de/" "Plesk screenshot bot https://support.plesk.com/hc/en-us/articles/10301006946066"
34.241.9.223 - - [12/Mar/2026:10:08:47 +0100] "GET /wp-content/plugins/elementor/assets/lib/animations/styles/fadeIn.min.css?ver=3.35.7 HTTP/1.0" 200 4154 "https://jockers.inglory.de/" "Plesk screenshot bot https://support.plesk.com/hc/en-us/articles/10301006946066"
34.241.9.223 - - [12/Mar/2026:10:08:47 +0100] "GET /wp-content/plugins/elementor-pro/assets/css/conditionals/popup.min.css?ver=3.35.1 HTTP/1.0" 200 4610 "https://jockers.inglory.de/" "Plesk screenshot bot https://support.plesk.com/hc/en-us/articles/10301006946066"
34.241.9.223 - - [12/Mar/2026:10:08:47 +0100] "GET /wp-content/plugins/elementor-pro/assets/css/modules/sticky.min.css?ver=3.35.1 HTTP/1.0" 200 4305 "https://jockers.inglory.de/" "Plesk screenshot bot https://support.plesk.com/hc/en-us/articles/10301006946066"
34.241.9.223 - - [12/Mar/2026:10:08:47 +0100] "GET /wp-content/plugins/elementor-pro/assets/css/widget-nested-carousel.min.css?ver=3.35.1 HTTP/1.0" 200 5636 "https://jockers.inglory.de/" "Plesk screenshot bot https://support.plesk.com/hc/en-us/articles/10301006946066"
34.241.9.223 - - [12/Mar/2026:10:08:47 +0100] "GET /wp-content/plugins/elementor/assets/css/widget-social-icons.min.css?ver=3.35.7 HTTP/1.0" 200 5221 "https://jockers.inglory.de/" "Plesk screenshot bot https://support.plesk.com/hc/en-us/articles/10301006946066"
34.241.9.223 - - [12/Mar/2026:10:08:47 +0100] "GET /wp-content/plugins/elementor/assets/lib/eicons/css/elementor-icons.min.css?ver=5.47.0 HTTP/1.0" 200 8559 "https://jockers.inglory.de/" "Plesk screenshot bot https://support.plesk.com/hc/en-us/articles/10301006946066"
34.241.9.223 - - [12/Mar/2026:10:08:47 +0100] "GET /wp-content/plugins/elementor/assets/css/widget-heading.min.css?ver=3.35.7 HTTP/1.0" 200 4237 "https://jockers.inglory.de/" "Plesk screenshot bot https://support.plesk.com/hc/en-us/articles/10301006946066"
94.130.90.54 - - [12/Mar/2026:10:08:47 +0100] "GET /wp-content/plugins/elementor/assets/lib/font-awesome/css/solid.min.css?ver=5.15.3 HTTP/1.1" 200 4186 "https://jockers.inglory.de/" "Serf/1.3.9 (mod_pagespeed/1.13.35.2-0)"
94.130.90.54 - - [12/Mar/2026:10:08:47 +0100] "GET /wp-content/plugins/elementor/assets/lib/font-awesome/css/brands.min.css?ver=5.15.3 HTTP/1.1" 200 4192 "https://jockers.inglory.de/" "Serf/1.3.9 (mod_pagespeed/1.13.35.2-0)"
34.241.9.223 - - [12/Mar/2026:10:08:47 +0100] "GET /wp-content/plugins/elementor/assets/css/conditionals/apple-webkit.min.css?ver=3.35.7 HTTP/1.0" 200 4625 "https://jockers.inglory.de/" "Plesk screenshot bot https://support.plesk.com/hc/en-us/articles/10301006946066"
34.241.9.223 - - [12/Mar/2026:10:08:47 +0100] "GET /wp-content/plugins/elementor/assets/lib/swiper/v8/css/swiper.min.css?ver=8.4.5 HTTP/1.0" 200 8777 "https://jockers.inglory.de/" "Plesk screenshot bot https://support.plesk.com/hc/en-us/articles/10301006946066"
94.130.90.54 - - [12/Mar/2026:10:08:47 +0100] "GET /wp-content/plugins/elementor/assets/js/frontend-modules.min.js?ver=3.35.7 HTTP/1.1" 200 54153 "https://jockers.inglory.de/" "Serf/1.3.9 (mod_pagespeed/1.13.35.2-0)"
34.241.9.223 - - [12/Mar/2026:10:08:47 +0100] "GET /wp-content/uploads/elementor/css/post-7.css?ver=1773290258 HTTP/1.0" 200 5137 "https://jockers.inglory.de/" "Plesk screenshot bot https://support.plesk.com/hc/en-us/articles/10301006946066"
34.241.9.223 - - [12/Mar/2026:10:08:47 +0100] "GET /wp-content/plugins/elementor/assets/css/conditionals/e-swiper.min.css?ver=3.35.7 HTTP/1.0" 200 4877 "https://jockers.inglory.de/" "Plesk screenshot bot https://support.plesk.com/hc/en-us/articles/10301006946066"
34.241.9.223 - - [12/Mar/2026:10:08:47 +0100] "GET /wp-content/plugins/elementor/assets/css/widget-divider.min.css?ver=3.35.7 HTTP/1.0" 200 4819 "https://jockers.inglory.de/" "Plesk screenshot bot https://support.plesk.com/hc/en-us/articles/10301006946066"
34.241.9.223 - - [12/Mar/2026:10:08:47 +0100] "GET /wp-content/themes/hello-elementor/assets/css/header-footer.css?ver=3.4.6 HTTP/1.0" 200 5607 "https://jockers.inglory.de/" "Plesk screenshot bot https://support.plesk.com/hc/en-us/articles/10301006946066"
94.130.90.54 - - [12/Mar/2026:10:08:47 +0100] "GET /wp-includes/js/jquery/ui/core.min.js?ver=1.13.3 HTTP/1.1" 200 25056 "https://jockers.inglory.de/" "Serf/1.3.9 (mod_pagespeed/1.13.35.2-0)"
34.241.9.223 - - [12/Mar/2026:10:08:47 +0100] "GET /wp-content/plugins/elementor-pro/assets/css/widget-media-carousel.min.css?ver=3.35.1 HTTP/1.0" 200 4661 "https://jockers.inglory.de/" "Plesk screenshot bot https://support.plesk.com/hc/en-us/articles/10301006946066"
34.241.9.223 - - [12/Mar/2026:10:08:47 +0100] "GET /wp-content/plugins/elementor-pro/assets/css/widget-carousel-module-base.min.css?ver=3.35.1 HTTP/1.0" 200 4863 "https://jockers.inglory.de/" "Plesk screenshot bot https://support.plesk.com/hc/en-us/articles/10301006946066"
94.130.90.54 - - [12/Mar/2026:10:08:47 +0100] "GET /wp-content/plugins/elementor-pro/assets/lib/smartmenus/jquery.smartmenus.min.js?ver=1.2.1 HTTP/1.1" 200 27701 "https://jockers.inglory.de/" "Serf/1.3.9 (mod_pagespeed/1.13.35.2-0)"
34.241.9.223 - - [12/Mar/2026:10:08:47 +0100] "GET /wp-content/uploads/elementor/css/post-110.css?ver=1773290260 HTTP/1.0" 200 6975 "https://jockers.inglory.de/" "Plesk screenshot bot https://support.plesk.com/hc/en-us/articles/10301006946066"
94.130.90.54 - - [12/Mar/2026:10:08:47 +0100] "GET /wp-content/plugins/elementor-pro/assets/lib/sticky/jquery.sticky.min.js?ver=3.35.1 HTTP/1.1" 200 7282 "https://jockers.inglory.de/" "Serf/1.3.9 (mod_pagespeed/1.13.35.2-0)"
34.241.9.223 - - [12/Mar/2026:10:08:47 +0100] "GET /wp-content/uploads/elementor/css/post-133.css?ver=1773290261 HTTP/1.0" 200 8773 "https://jockers.inglory.de/" "Plesk screenshot bot https://support.plesk.com/hc/en-us/articles/10301006946066"
94.130.90.54 - - [12/Mar/2026:10:08:47 +0100] "GET /wp-includes/js/dist/hooks.min.js?ver=dd5603f07f9220ed27f1 HTTP/1.1" 200 9223 "https://jockers.inglory.de/" "Serf/1.3.9 (mod_pagespeed/1.13.35.2-0)"
34.241.9.223 - - [12/Mar/2026:10:08:47 +0100] "GET /wp-content/uploads/elementor/css/post-136.css?ver=1773290261 HTTP/1.0" 200 5559 "https://jockers.inglory.de/" "Plesk screenshot bot https://support.plesk.com/hc/en-us/articles/10301006946066"
94.130.90.54 - - [12/Mar/2026:10:08:48 +0100] "GET /wp-includes/js/dist/i18n.min.js?ver=c26c3dc7bed366793375 HTTP/1.1" 200 8876 "https://jockers.inglory.de/" "Serf/1.3.9 (mod_pagespeed/1.13.35.2-0)"
34.241.9.223 - - [12/Mar/2026:10:08:48 +0100] "GET /wp-content/plugins/elementor/assets/lib/font-awesome/css/fontawesome.min.css?ver=5.15.3 HTTP/1.0" 200 16674 "https://jockers.inglory.de/" "Plesk screenshot bot https://support.plesk.com/hc/en-us/articles/10301006946066"
94.130.90.54 - - [12/Mar/2026:10:08:48 +0100] "GET /wp-content/uploads/cropped-items-32x32.png HTTP/1.1" 200 3991 "https://jockers.inglory.de/" "Serf/1.3.9 (mod_pagespeed/1.13.35.2-0)"
94.130.90.54 - - [12/Mar/2026:10:08:48 +0100] "GET /wp-content/uploads/cropped-items-192x192.png HTTP/1.1" 200 6317 "https://jockers.inglory.de/" "Serf/1.3.9 (mod_pagespeed/1.13.35.2-0)"
34.241.9.223 - - [12/Mar/2026:10:08:48 +0100] "GET /wp-includes/js/jquery/jquery.min.js?ver=3.7.1 HTTP/1.0" 200 34573 "https://jockers.inglory.de/" "Plesk screenshot bot https://support.plesk.com/hc/en-us/articles/10301006946066"
94.130.90.54 - - [12/Mar/2026:10:08:48 +0100] "GET /wp-content/uploads/cropped-items-180x180.png HTTP/1.1" 200 6131 "https://jockers.inglory.de/" "Serf/1.3.9 (mod_pagespeed/1.13.35.2-0)"
94.130.90.54 - - [12/Mar/2026:10:08:48 +0100] "GET /wp-content/uploads/img-1.jpg HTTP/1.1" 200 116126 "https://jockers.inglory.de/" "Serf/1.3.9 (mod_pagespeed/1.13.35.2-0)"
34.241.9.223 - - [12/Mar/2026:10:08:48 +0100] "GET /wp-includes/js/jquery/jquery-migrate.min.js?ver=3.4.1 HTTP/1.0" 200 9009 "https://jockers.inglory.de/" "Plesk screenshot bot https://support.plesk.com/hc/en-us/articles/10301006946066"
94.130.90.54 - - [12/Mar/2026:10:08:48 +0100] "GET /wp-content/uploads/img-1.jpg HTTP/1.1" 200 116126 "https://jockers.inglory.de/" "Serf/1.3.9 (mod_pagespeed/1.13.35.2-0)"
34.241.9.223 - - [12/Mar/2026:10:08:48 +0100] "GET /wp-content/uploads/logo.svg HTTP/1.0" 200 12881 "https://jockers.inglory.de/" "Plesk screenshot bot https://support.plesk.com/hc/en-us/articles/10301006946066"
94.130.90.54 - - [12/Mar/2026:10:08:48 +0100] "GET /wp-content/uploads/img-1-300x127.jpg HTTP/1.1" 200 11781 "https://jockers.inglory.de/" "Serf/1.3.9 (mod_pagespeed/1.13.35.2-0)"
34.241.9.223 - - [12/Mar/2026:10:08:48 +0100] "GET /wp-content/plugins/elementor/assets/lib/font-awesome/css/solid.min.css?ver=5.15.3 HTTP/1.0" 200 4499 "https://jockers.inglory.de/" "Plesk screenshot bot https://support.plesk.com/hc/en-us/articles/10301006946066"
94.130.90.54 - - [12/Mar/2026:10:08:48 +0100] "GET /wp-content/uploads/img-1-1024x434.jpg HTTP/1.1" 200 57931 "https://jockers.inglory.de/" "Serf/1.3.9 (mod_pagespeed/1.13.35.2-0)"
34.241.9.223 - - [12/Mar/2026:10:08:48 +0100] "GET /wp-content/plugins/elementor/assets/lib/font-awesome/css/brands.min.css?ver=5.15.3 HTTP/1.0" 200 4498 "https://jockers.inglory.de/" "Plesk screenshot bot https://support.plesk.com/hc/en-us/articles/10301006946066"
34.241.9.223 - - [12/Mar/2026:10:08:48 +0100] "GET /wp-content/uploads/elementor/css/post-18.css?ver=1773290260 HTTP/1.0" 200 12116 "https://jockers.inglory.de/" "Plesk screenshot bot https://support.plesk.com/hc/en-us/articles/10301006946066"
34.241.9.223 - - [12/Mar/2026:10:08:48 +0100] "GET /wp-content/uploads/img-1-1024x434.jpg.webp HTTP/1.0" 200 49012 "https://jockers.inglory.de/" "Plesk screenshot bot https://support.plesk.com/hc/en-us/articles/10301006946066"
94.130.90.54 - - [12/Mar/2026:10:08:48 +0100] "GET /wp-content/uploads/img-1-768x325.jpg HTTP/1.1" 200 37808 "https://jockers.inglory.de/" "Serf/1.3.9 (mod_pagespeed/1.13.35.2-0)"
34.241.9.223 - - [12/Mar/2026:10:08:48 +0100] "GET /wp-content/plugins/preloader-pro/assets/js/jquery.waitformedias.min.js?ver=2024090401 HTTP/1.0" 200 5977 "https://jockers.inglory.de/" "Plesk screenshot bot https://support.plesk.com/hc/en-us/articles/10301006946066"
94.130.90.54 - - [12/Mar/2026:10:08:48 +0100] "GET /wp-content/uploads/img-1-1536x651.jpg HTTP/1.1" 200 98689 "https://jockers.inglory.de/" "Serf/1.3.9 (mod_pagespeed/1.13.35.2-0)"
94.130.90.54 - - [12/Mar/2026:10:08:48 +0100] "GET /wp-content/uploads/img-2-1.jpg HTTP/1.1" 200 84034 "https://jockers.inglory.de/" "Serf/1.3.9 (mod_pagespeed/1.13.35.2-0)"
94.130.90.54 - - [12/Mar/2026:10:08:48 +0100] "GET /wp-content/uploads/img-2-1.jpg HTTP/1.1" 200 84034 "https://jockers.inglory.de/" "Serf/1.3.9 (mod_pagespeed/1.13.35.2-0)"
94.130.90.54 - - [12/Mar/2026:10:08:48 +0100] "GET /wp-content/uploads/img-2-1-300x154.jpg HTTP/1.1" 200 10668 "https://jockers.inglory.de/" "Serf/1.3.9 (mod_pagespeed/1.13.35.2-0)"
94.130.90.54 - - [12/Mar/2026:10:08:48 +0100] "GET /wp-content/uploads/img-2-1-1024x525.jpg HTTP/1.1" 200 55146 "https://jockers.inglory.de/" "Serf/1.3.9 (mod_pagespeed/1.13.35.2-0)"
94.130.90.54 - - [12/Mar/2026:10:08:48 +0100] "GET /wp-content/uploads/img-2-1-768x394.jpg HTTP/1.1" 200 32447 "https://jockers.inglory.de/" "Serf/1.3.9 (mod_pagespeed/1.13.35.2-0)"
94.130.90.54 - - [12/Mar/2026:10:08:48 +0100] "GET /wp-content/uploads/img-3-1.jpg HTTP/1.1" 200 92565 "https://jockers.inglory.de/" "Serf/1.3.9 (mod_pagespeed/1.13.35.2-0)"
94.130.90.54 - - [12/Mar/2026:10:08:48 +0100] "GET /wp-content/uploads/img-3-1.jpg HTTP/1.1" 200 92565 "https://jockers.inglory.de/" "Serf/1.3.9 (mod_pagespeed/1.13.35.2-0)"
94.130.90.54 - - [12/Mar/2026:10:08:48 +0100] "GET /wp-content/uploads/img-3-1-300x154.jpg HTTP/1.1" 200 10298 "https://jockers.inglory.de/" "Serf/1.3.9 (mod_pagespeed/1.13.35.2-0)"
94.130.90.54 - - [12/Mar/2026:10:08:48 +0100] "GET /wp-content/uploads/img-3-1-1024x525.jpg HTTP/1.1" 200 55231 "https://jockers.inglory.de/" "Serf/1.3.9 (mod_pagespeed/1.13.35.2-0)"
34.241.9.223 - - [12/Mar/2026:10:08:48 +0100] "GET /wp-content/plugins/preloader-pro/assets/js/loftloader.min.js?ver=2024090401 HTTP/1.0" 200 8080 "https://jockers.inglory.de/" "Plesk screenshot bot https://support.plesk.com/hc/en-us/articles/10301006946066"
94.130.90.54 - - [12/Mar/2026:10:08:48 +0100] "GET /wp-content/uploads/img-3-1-768x394.jpg HTTP/1.1" 200 36152 "https://jockers.inglory.de/" "Serf/1.3.9 (mod_pagespeed/1.13.35.2-0)"
94.130.90.54 - - [12/Mar/2026:10:08:48 +0100] "GET /wp-content/uploads/img-4-1.jpg HTTP/1.1" 200 42692 "https://jockers.inglory.de/" "Serf/1.3.9 (mod_pagespeed/1.13.35.2-0)"
94.130.90.54 - - [12/Mar/2026:10:08:48 +0100] "GET /wp-content/uploads/img-4-1.jpg HTTP/1.1" 200 42692 "https://jockers.inglory.de/" "Serf/1.3.9 (mod_pagespeed/1.13.35.2-0)"
94.130.90.54 - - [12/Mar/2026:10:08:48 +0100] "GET /wp-content/uploads/img-4-1-300x171.jpg HTTP/1.1" 200 8949 "https://jockers.inglory.de/" "Serf/1.3.9 (mod_pagespeed/1.13.35.2-0)"
34.241.9.223 - - [12/Mar/2026:10:08:48 +0100] "GET /wp-content/plugins/elementor/assets/js/webpack.runtime.min.js?ver=3.35.7 HTTP/1.0" 200 6633 "https://jockers.inglory.de/" "Plesk screenshot bot https://support.plesk.com/hc/en-us/articles/10301006946066"
94.130.90.54 - - [12/Mar/2026:10:08:48 +0100] "GET /wp-content/uploads/img-4-1-1024x582.jpg HTTP/1.1" 200 35932 "https://jockers.inglory.de/" "Serf/1.3.9 (mod_pagespeed/1.13.35.2-0)"
34.241.9.223 - - [12/Mar/2026:10:08:48 +0100] "GET /wp-content/plugins/elementor-pro/assets/lib/smartmenus/jquery.smartmenus.min.js?ver=1.2.1 HTTP/1.0" 200 11284 "https://jockers.inglory.de/" "Plesk screenshot bot https://support.plesk.com/hc/en-us/articles/10301006946066"
34.241.9.223 - - [12/Mar/2026:10:08:48 +0100] "GET /wp-includes/js/jquery/ui/core.min.js?ver=1.13.3 HTTP/1.0" 200 11323 "https://jockers.inglory.de/" "Plesk screenshot bot https://support.plesk.com/hc/en-us/articles/10301006946066"
34.241.9.223 - - [12/Mar/2026:10:08:48 +0100] "GET /wp-content/plugins/elementor-pro/assets/js/frontend.min.js?ver=3.35.1 HTTP/1.0" 200 10571 "https://jockers.inglory.de/" "Plesk screenshot bot https://support.plesk.com/hc/en-us/articles/10301006946066"
94.130.90.54 - - [12/Mar/2026:10:08:48 +0100] "GET /wp-content/uploads/img-4-1-768x437.jpg HTTP/1.1" 200 25303 "https://jockers.inglory.de/" "Serf/1.3.9 (mod_pagespeed/1.13.35.2-0)"
34.241.9.223 - - [12/Mar/2026:10:08:48 +0100] "GET /wp-content/plugins/elementor/assets/js/frontend.min.js?ver=3.35.7 HTTP/1.0" 200 14499 "https://jockers.inglory.de/" "Plesk screenshot bot https://support.plesk.com/hc/en-us/articles/10301006946066"
34.241.9.223 - - [12/Mar/2026:10:08:48 +0100] "GET /wp-includes/js/dist/i18n.min.js?ver=c26c3dc7bed366793375 HTTP/1.0" 200 6457 "https://jockers.inglory.de/" "Plesk screenshot bot https://support.plesk.com/hc/en-us/articles/10301006946066"
34.241.9.223 - - [12/Mar/2026:10:08:48 +0100] "GET /wp-content/plugins/elementor/assets/js/frontend-modules.min.js?ver=3.35.7 HTTP/1.0" 200 20085 "https://jockers.inglory.de/" "Plesk screenshot bot https://support.plesk.com/hc/en-us/articles/10301006946066"
94.130.90.54 - - [12/Mar/2026:10:08:48 +0100] "GET /wp-includes/js/jquery/jquery.min.js?ver=3.7.1 HTTP/1.1" 200 91262 "https://jockers.inglory.de/" "Serf/1.3.9 (mod_pagespeed/1.13.35.2-0)"
34.241.9.223 - - [12/Mar/2026:10:08:48 +0100] "GET /wp-content/plugins/elementor-pro/assets/js/webpack-pro.runtime.min.js?ver=3.35.1 HTTP/1.0" 200 6993 "https://jockers.inglory.de/" "Plesk screenshot bot https://support.plesk.com/hc/en-us/articles/10301006946066"
34.241.9.223 - - [12/Mar/2026:10:08:48 +0100] "GET /wp-content/plugins/elementor-pro/assets/js/elements-handlers.min.js?ver=3.35.1 HTTP/1.0" 200 14719 "https://jockers.inglory.de/" "Plesk screenshot bot https://support.plesk.com/hc/en-us/articles/10301006946066"
94.130.90.54 - - [12/Mar/2026:10:08:48 +0100] "GET /wp-includes/js/jquery/jquery-migrate.min.js?ver=3.4.1 HTTP/1.1" 200 17140 "https://jockers.inglory.de/" "Serf/1.3.9 (mod_pagespeed/1.13.35.2-0)"
34.241.9.223 - - [12/Mar/2026:10:08:48 +0100] "GET /wp-content/uploads/Google-logo.svg HTTP/1.0" 200 5179 "https://jockers.inglory.de/" "Plesk screenshot bot https://support.plesk.com/hc/en-us/articles/10301006946066"
94.130.90.54 - - [12/Mar/2026:10:08:48 +0100] "GET /wp-content/plugins/preloader-pro/assets/js/jquery.waitformedias.min.js?ver=2024090401 HTTP/1.1" 200 8039 "https://jockers.inglory.de/" "Serf/1.3.9 (mod_pagespeed/1.13.35.2-0)"
94.130.90.54 - - [12/Mar/2026:10:08:48 +0100] "GET /wp-content/plugins/elementor-pro/assets/js/frontend.min.js?ver=3.35.1 HTTP/1.1" 200 27639 "https://jockers.inglory.de/" "Serf/1.3.9 (mod_pagespeed/1.13.35.2-0)"
34.241.9.223 - - [12/Mar/2026:10:08:48 +0100] "GET /wp-content/plugins/elementor-pro/assets/lib/sticky/jquery.sticky.min.js?ver=3.35.1 HTTP/1.0" 200 5748 "https://jockers.inglory.de/" "Plesk screenshot bot https://support.plesk.com/hc/en-us/articles/10301006946066"
94.130.90.54 - - [12/Mar/2026:10:08:48 +0100] "GET /wp-content/plugins/elementor-pro/assets/js/elements-handlers.min.js?ver=3.35.1 HTTP/1.1" 200 47879 "https://jockers.inglory.de/" "Serf/1.3.9 (mod_pagespeed/1.13.35.2-0)"
34.241.9.223 - - [12/Mar/2026:10:08:48 +0100] "GET /wp-includes/js/dist/hooks.min.js?ver=dd5603f07f9220ed27f1 HTTP/1.0" 200 6170 "https://jockers.inglory.de/" "Plesk screenshot bot https://support.plesk.com/hc/en-us/articles/10301006946066"
94.130.90.54 - - [12/Mar/2026:10:08:48 +0100] "GET /wp-content/plugins/elementor/assets/css/frontend.min.css?ver=3.35.7 HTTP/1.1" 200 58302 "https://jockers.inglory.de/" "Serf/1.3.9 (mod_pagespeed/1.13.35.2-0)"
34.241.9.223 - - [12/Mar/2026:10:08:48 +0100] "GET /wp-content/plugins/elementor/assets/lib/swiper/v8/swiper.min.js?ver=8.4.5 HTTP/1.0" 200 43922 "https://jockers.inglory.de/" "Plesk screenshot bot https://support.plesk.com/hc/en-us/articles/10301006946066"
34.241.9.223 - - [12/Mar/2026:10:08:48 +0100] "GET /wp-content/uploads/img-1-1.jpg HTTP/1.0" 200 66737 "https://jockers.inglory.de/wp-content/uploads/elementor/css/post-18.css?ver=1773290260" "Plesk screenshot bot https://support.plesk.com/hc/en-us/articles/10301006946066"
34.241.9.223 - - [12/Mar/2026:10:08:48 +0100] "GET /wp-content/uploads/img-3-1-1.jpg HTTP/1.0" 200 55793 "https://jockers.inglory.de/wp-content/uploads/elementor/css/post-18.css?ver=1773290260" "Plesk screenshot bot https://support.plesk.com/hc/en-us/articles/10301006946066"
34.241.9.223 - - [12/Mar/2026:10:08:48 +0100] "GET /wp-content/uploads/img-4-1-1.jpg HTTP/1.0" 200 28563 "https://jockers.inglory.de/wp-content/uploads/elementor/css/post-18.css?ver=1773290260" "Plesk screenshot bot https://support.plesk.com/hc/en-us/articles/10301006946066"
94.130.90.54 - - [12/Mar/2026:10:08:48 +0100] "GET /wp-content/plugins/elementor/assets/css/widget-image.min.css?ver=3.35.7 HTTP/1.1" 200 3730 "https://jockers.inglory.de/" "Serf/1.3.9 (mod_pagespeed/1.13.35.2-0)"
34.241.9.223 - - [12/Mar/2026:10:08:48 +0100] "GET /wp-content/uploads/img-2-1-1.jpg HTTP/1.0" 200 65517 "https://jockers.inglory.de/wp-content/uploads/elementor/css/post-18.css?ver=1773290260" "Plesk screenshot bot https://support.plesk.com/hc/en-us/articles/10301006946066"
34.241.9.223 - - [12/Mar/2026:10:08:48 +0100] "GET /wp-content/uploads/img-1-8.jpg HTTP/1.0" 200 47146 "https://jockers.inglory.de/wp-content/uploads/elementor/css/post-18.css?ver=1773290260" "Plesk screenshot bot https://support.plesk.com/hc/en-us/articles/10301006946066"
94.130.90.54 - - [12/Mar/2026:10:08:48 +0100] "GET /wp-content/plugins/elementor/assets/css/widget-heading.min.css?ver=3.35.7 HTTP/1.1" 200 4077 "https://jockers.inglory.de/" "Serf/1.3.9 (mod_pagespeed/1.13.35.2-0)"
94.130.90.54 - - [12/Mar/2026:10:08:48 +0100] "GET /wp-content/plugins/elementor/assets/css/widget-rating.min.css?ver=3.35.7 HTTP/1.1" 200 4828 "https://jockers.inglory.de/" "Serf/1.3.9 (mod_pagespeed/1.13.35.2-0)"
34.241.9.223 - - [12/Mar/2026:10:08:48 +0100] "GET /wp-content/plugins/elementor/assets/lib/font-awesome/webfonts/fa-brands-400.woff2 HTTP/1.0" 200 85753 "https://jockers.inglory.de/wp-content/plugins/elementor/assets/lib/font-awesome/css/brands.min.css?ver=5.15.3" "Plesk screenshot bot https://support.plesk.com/hc/en-us/articles/10301006946066"
94.130.90.54 - - [12/Mar/2026:10:08:48 +0100] "GET /wp-content/plugins/elementor/assets/css/widget-social-icons.min.css?ver=3.35.7 HTTP/1.1" 200 8658 "https://jockers.inglory.de/" "Serf/1.3.9 (mod_pagespeed/1.13.35.2-0)"
94.130.90.54 - - [12/Mar/2026:10:08:48 +0100] "GET /wp-content/plugins/elementor/assets/css/conditionals/apple-webkit.min.css?ver=3.35.7 HTTP/1.1" 200 10261 "https://jockers.inglory.de/" "Serf/1.3.9 (mod_pagespeed/1.13.35.2-0)"
94.130.90.54 - - [12/Mar/2026:10:08:48 +0100] "GET /wp-content/plugins/elementor/assets/css/widget-icon-list.min.css?ver=3.35.7 HTTP/1.1" 200 13804 "https://jockers.inglory.de/" "Serf/1.3.9 (mod_pagespeed/1.13.35.2-0)"
94.130.90.54 - - [12/Mar/2026:10:08:48 +0100] "GET /wp-content/plugins/elementor/assets/lib/animations/styles/fadeIn.min.css?ver=3.35.7 HTTP/1.1" 200 3592 "https://jockers.inglory.de/" "Serf/1.3.9 (mod_pagespeed/1.13.35.2-0)"
94.130.90.54 - - [12/Mar/2026:10:08:48 +0100] "GET /wp-content/uploads/elementor/css/post-7.css?ver=1773290258 HTTP/1.1" 200 9535 "https://jockers.inglory.de/" "Serf/1.3.9 (mod_pagespeed/1.13.35.2-0)"
94.130.90.54 - - [12/Mar/2026:10:08:48 +0100] "GET /wp-content/plugins/elementor/assets/css/widget-divider.min.css?ver=3.35.7 HTTP/1.1" 200 7806 "https://jockers.inglory.de/" "Serf/1.3.9 (mod_pagespeed/1.13.35.2-0)"
94.130.90.54 - - [12/Mar/2026:10:08:48 +0100] "GET /wp-content/plugins/elementor/assets/css/conditionals/e-swiper.min.css?ver=3.35.7 HTTP/1.1" 200 9034 "https://jockers.inglory.de/" "Serf/1.3.9 (mod_pagespeed/1.13.35.2-0)"
94.130.90.54 - - [12/Mar/2026:10:08:48 +0100] "GET /wp-content/uploads/elementor/css/post-18.css?ver=1773290260 HTTP/1.1" 200 127134 "https://jockers.inglory.de/" "Serf/1.3.9 (mod_pagespeed/1.13.35.2-0)"
94.130.90.54 - - [12/Mar/2026:10:08:48 +0100] "GET /wp-content/uploads/elementor/css/post-110.css?ver=1773290260 HTTP/1.1" 200 33377 "https://jockers.inglory.de/" "Serf/1.3.9 (mod_pagespeed/1.13.35.2-0)"
94.130.90.54 - - [12/Mar/2026:10:08:48 +0100] "GET /wp-content/uploads/elementor/css/post-133.css?ver=1773290261 HTTP/1.1" 200 83661 "https://jockers.inglory.de/" "Serf/1.3.9 (mod_pagespeed/1.13.35.2-0)"
94.130.90.54 - - [12/Mar/2026:10:08:48 +0100] "GET /wp-content/uploads/elementor/css/post-136.css?ver=1773290261 HTTP/1.1" 200 12819 "https://jockers.inglory.de/" "Serf/1.3.9 (mod_pagespeed/1.13.35.2-0)"
94.130.90.54 - - [12/Mar/2026:10:08:48 +0100] "GET /wp-content/uploads/logo.svg HTTP/1.1" 200 12357 "https://jockers.inglory.de/" "Serf/1.3.9 (mod_pagespeed/1.13.35.2-0)"
94.130.90.54 - - [12/Mar/2026:10:08:48 +0100] "GET /wp-content/uploads/logo.svg HTTP/1.1" 200 12357 "https://jockers.inglory.de/" "Serf/1.3.9 (mod_pagespeed/1.13.35.2-0)"
94.130.90.54 - - [12/Mar/2026:10:08:48 +0100] "GET /wp-content/uploads/Google-logo.svg HTTP/1.1" 200 4648 "https://jockers.inglory.de/" "Serf/1.3.9 (mod_pagespeed/1.13.35.2-0)"
94.130.90.54 - - [12/Mar/2026:10:08:48 +0100] "GET /wp-content/uploads/image-27.svg HTTP/1.1" 200 67566 "https://jockers.inglory.de/" "Serf/1.3.9 (mod_pagespeed/1.13.35.2-0)"
94.130.90.54 - - [12/Mar/2026:10:08:48 +0100] "GET /wp-content/uploads/logo.svg HTTP/1.1" 200 12357 "https://jockers.inglory.de/" "Serf/1.3.9 (mod_pagespeed/1.13.35.2-0)"
94.130.90.54 - - [12/Mar/2026:10:08:48 +0100] "GET /wp-content/plugins/preloader-pro/assets/js/loftloader.min.js?ver=2024090401 HTTP/1.1" 200 18199 "https://jockers.inglory.de/" "Serf/1.3.9 (mod_pagespeed/1.13.35.2-0)"
94.130.90.54 - - [12/Mar/2026:10:08:48 +0100] "GET /wp-content/plugins/elementor/assets/js/webpack.runtime.min.js?ver=3.35.7 HTTP/1.1" 200 9284 "https://jockers.inglory.de/" "Serf/1.3.9 (mod_pagespeed/1.13.35.2-0)"
94.130.90.54 - - [12/Mar/2026:10:08:48 +0100] "GET /wp-content/plugins/elementor/assets/js/frontend.min.js?ver=3.35.7 HTTP/1.1" 200 35520 "https://jockers.inglory.de/" "Serf/1.3.9 (mod_pagespeed/1.13.35.2-0)"
94.130.90.54 - - [12/Mar/2026:10:08:48 +0100] "GET /wp-content/plugins/elementor/assets/lib/swiper/v8/swiper.min.js?ver=8.4.5 HTTP/1.1" 200 147506 "https://jockers.inglory.de/" "Serf/1.3.9 (mod_pagespeed/1.13.35.2-0)"
34.241.9.223 - - [12/Mar/2026:10:08:48 +0100] "GET /wp-content/uploads/image-27.svg HTTP/1.0" 200 68041 "https://jockers.inglory.de/" "Plesk screenshot bot https://support.plesk.com/hc/en-us/articles/10301006946066"
34.241.9.223 - - [12/Mar/2026:10:08:48 +0100] "GET /wp-content/uploads/img-2-1-1024x525.jpg HTTP/1.0" 200 55735 "https://jockers.inglory.de/" "Plesk screenshot bot https://support.plesk.com/hc/en-us/articles/10301006946066"
34.241.9.223 - - [12/Mar/2026:10:08:48 +0100] "GET /wp-content/uploads/img-1-1024x434.jpg HTTP/1.0" 200 58520 "https://jockers.inglory.de/" "Plesk screenshot bot https://support.plesk.com/hc/en-us/articles/10301006946066"
34.241.9.223 - - [12/Mar/2026:10:08:48 +0100] "GET /wp-content/uploads/img-3-1-1024x525.jpg HTTP/1.0" 200 55820 "https://jockers.inglory.de/" "Plesk screenshot bot https://support.plesk.com/hc/en-us/articles/10301006946066"
34.241.9.223 - - [12/Mar/2026:10:08:48 +0100] "GET /wp-content/uploads/img-4-1-1024x582.jpg HTTP/1.0" 200 36535 "https://jockers.inglory.de/" "Plesk screenshot bot https://support.plesk.com/hc/en-us/articles/10301006946066"
94.130.90.54 - - [12/Mar/2026:10:08:48 +0100] "GET /wp-content/plugins/elementor-pro/assets/js/webpack-pro.runtime.min.js?ver=3.35.1 HTTP/1.1" 200 9810 "https://jockers.inglory.de/" "Serf/1.3.9 (mod_pagespeed/1.13.35.2-0)"
94.130.90.54 - - [12/Mar/2026:10:08:48 +0100] "GET /wp-content/uploads/img-5-1.jpg HTTP/1.1" 200 31326 "https://jockers.inglory.de/" "Serf/1.3.9 (mod_pagespeed/1.13.35.2-0)"
94.130.90.54 - - [12/Mar/2026:10:08:48 +0100] "GET /wp-content/uploads/img-6-1.jpg HTTP/1.1" 200 26491 "https://jockers.inglory.de/" "Serf/1.3.9 (mod_pagespeed/1.13.35.2-0)"
94.130.90.54 - - [12/Mar/2026:10:08:48 +0100] "GET /wp-content/uploads/img-7-1.jpg HTTP/1.1" 200 57500 "https://jockers.inglory.de/" "Serf/1.3.9 (mod_pagespeed/1.13.35.2-0)"
94.130.90.54 - - [12/Mar/2026:10:08:48 +0100] "GET /wp-content/uploads/img-8-1.jpg HTTP/1.1" 200 49151 "https://jockers.inglory.de/" "Serf/1.3.9 (mod_pagespeed/1.13.35.2-0)"
94.130.90.54 - - [12/Mar/2026:10:08:48 +0100] "GET /wp-content/uploads/img-9-1.jpg HTTP/1.1" 200 51624 "https://jockers.inglory.de/" "Serf/1.3.9 (mod_pagespeed/1.13.35.2-0)"
94.130.90.54 - - [12/Mar/2026:10:08:48 +0100] "GET /wp-content/uploads/img-10-1.jpg HTTP/1.1" 200 43811 "https://jockers.inglory.de/" "Serf/1.3.9 (mod_pagespeed/1.13.35.2-0)"
34.241.9.223 - - [12/Mar/2026:10:08:48 +0100] "GET /wp-content/plugins/elementor/assets/lib/dialog/dialog.min.js?ver=4.9.3 HTTP/1.0" 200 7919 "https://jockers.inglory.de/" "Plesk screenshot bot https://support.plesk.com/hc/en-us/articles/10301006946066"
34.241.9.223 - - [12/Mar/2026:10:08:48 +0100] "GET /wp-content/plugins/elementor/assets/js/lightbox.570c05c5a283cfb6b223.bundle.min.js HTTP/1.0" 200 13772 "https://jockers.inglory.de/" "Plesk screenshot bot https://support.plesk.com/hc/en-us/articles/10301006946066"
34.241.9.223 - - [12/Mar/2026:10:08:48 +0100] "GET /wp-content/plugins/elementor/assets/js/397f2d183c19202777d6.bundle.min.js HTTP/1.0" 200 12944 "https://jockers.inglory.de/" "Plesk screenshot bot https://support.plesk.com/hc/en-us/articles/10301006946066"
34.241.9.223 - - [12/Mar/2026:10:08:48 +0100] "GET /wp-content/plugins/elementor/assets/css/conditionals/dialog.min.css?ver=3.35.7 HTTP/1.0" 200 5657 "https://jockers.inglory.de/" "Plesk screenshot bot https://support.plesk.com/hc/en-us/articles/10301006946066"
34.241.9.223 - - [12/Mar/2026:10:08:48 +0100] "GET /wp-content/plugins/elementor/assets/css/conditionals/lightbox.min.css?ver=3.35.7 HTTP/1.0" 200 6086 "https://jockers.inglory.de/" "Plesk screenshot bot https://support.plesk.com/hc/en-us/articles/10301006946066"
34.241.9.223 - - [12/Mar/2026:10:08:48 +0100] "GET /wp-content/plugins/elementor/assets/lib/share-link/share-link.min.js?ver=3.35.7 HTTP/1.0" 200 5261 "https://jockers.inglory.de/" "Plesk screenshot bot https://support.plesk.com/hc/en-us/articles/10301006946066"
34.241.9.223 - - [12/Mar/2026:10:08:48 +0100] "GET /wp-content/plugins/elementor-pro/assets/js/nav-menu.8521a0597c50611efdc6.bundle.min.js HTTP/1.0" 200 6009 "https://jockers.inglory.de/" "Plesk screenshot bot https://support.plesk.com/hc/en-us/articles/10301006946066"
34.241.9.223 - - [12/Mar/2026:10:08:48 +0100] "GET /wp-content/uploads/logo.svg HTTP/1.0" 200 12853 "https://jockers.inglory.de/" "Plesk screenshot bot https://support.plesk.com/hc/en-us/articles/10301006946066"
34.241.9.223 - - [12/Mar/2026:10:08:48 +0100] "GET /wp-content/plugins/elementor/assets/js/shared-frontend-handlers.03caa53373b56d3bab67.bundle.min.js HTTP/1.0" 200 6781 "https://jockers.inglory.de/" "Plesk screenshot bot https://support.plesk.com/hc/en-us/articles/10301006946066"
34.241.9.223 - - [12/Mar/2026:10:08:48 +0100] "GET /wp-content/plugins/elementor/assets/js/text-editor.45609661e409413f1cef.bundle.min.js HTTP/1.0" 200 4739 "https://jockers.inglory.de/" "Plesk screenshot bot https://support.plesk.com/hc/en-us/articles/10301006946066"
34.241.9.223 - - [12/Mar/2026:10:08:48 +0100] "GET /wp-content/plugins/elementor-pro/assets/js/nested-carousel.db797a097fdc5532ef4a.bundle.min.js HTTP/1.0" 200 5569 "https://jockers.inglory.de/" "Plesk screenshot bot https://support.plesk.com/hc/en-us/articles/10301006946066"
34.241.9.223 - - [12/Mar/2026:10:08:48 +0100] "GET /wp-content/plugins/elementor-pro/assets/js/media-carousel.8d26e5df1a1527329fde.bundle.min.js HTTP/1.0" 200 6212 "https://jockers.inglory.de/" "Plesk screenshot bot https://support.plesk.com/hc/en-us/articles/10301006946066"
34.241.9.223 - - [12/Mar/2026:10:08:48 +0100] "GET /wp-content/uploads/cropped-items-32x32.png HTTP/1.0" 200 4608 "https://jockers.inglory.de/" "Plesk screenshot bot https://support.plesk.com/hc/en-us/articles/10301006946066"
34.241.9.223 - - [12/Mar/2026:10:08:48 +0100] "GET /wp-content/uploads/img-2-1.jpg HTTP/1.0" 200 84616 "https://jockers.inglory.de/" "Plesk screenshot bot https://support.plesk.com/hc/en-us/articles/10301006946066"
34.241.9.223 - - [12/Mar/2026:10:08:48 +0100] "GET /wp-content/uploads/img-4-1-4.jpg HTTP/1.0" 200 147006 "https://jockers.inglory.de/" "Plesk screenshot bot https://support.plesk.com/hc/en-us/articles/10301006946066"
34.241.9.223 - - [12/Mar/2026:10:08:48 +0100] "GET /wp-content/uploads/img-1-3.jpg HTTP/1.0" 200 94273 "https://jockers.inglory.de/" "Plesk screenshot bot https://support.plesk.com/hc/en-us/articles/10301006946066"
34.241.9.223 - - [12/Mar/2026:10:08:48 +0100] "GET /wp-content/uploads/img-2-1-3.jpg HTTP/1.0" 200 49860 "https://jockers.inglory.de/" "Plesk screenshot bot https://support.plesk.com/hc/en-us/articles/10301006946066"
34.241.9.223 - - [12/Mar/2026:10:08:48 +0100] "GET /wp-content/uploads/Villa_Magnolia_021.jpg HTTP/1.0" 200 257206 "https://jockers.inglory.de/" "Plesk screenshot bot https://support.plesk.com/hc/en-us/articles/10301006946066"
34.241.9.223 - - [12/Mar/2026:10:08:48 +0100] "GET /wp-content/uploads/Altlusheim_011-scaled-1.jpeg HTTP/1.0" 200 173248 "https://jockers.inglory.de/" "Plesk screenshot bot https://support.plesk.com/hc/en-us/articles/10301006946066"
34.241.9.223 - - [12/Mar/2026:10:08:48 +0100] "GET /wp-content/uploads/Bellheim-Wuenschel_003.jpeg HTTP/1.0" 200 204533 "https://jockers.inglory.de/" "Plesk screenshot bot https://support.plesk.com/hc/en-us/articles/10301006946066"
34.241.9.223 - - [12/Mar/2026:10:08:48 +0100] "GET /wp-content/uploads/jockers-sauna-Gemenetzi_Woerth_001b_large.jpg HTTP/1.0" 200 89453 "https://jockers.inglory.de/" "Plesk screenshot bot https://support.plesk.com/hc/en-us/articles/10301006946066"
34.241.9.223 - - [12/Mar/2026:10:08:48 +0100] "GET /wp-content/uploads/Burrweiler_019.jpeg HTTP/1.0" 200 199588 "https://jockers.inglory.de/" "Plesk screenshot bot https://support.plesk.com/hc/en-us/articles/10301006946066"
34.241.9.223 - - [12/Mar/2026:10:08:48 +0100] "GET /wp-content/uploads/jockers-sauna-innensauna-galerie4_large.jpg HTTP/1.0" 200 78948 "https://jockers.inglory.de/" "Plesk screenshot bot https://support.plesk.com/hc/en-us/articles/10301006946066"
34.241.9.223 - - [12/Mar/2026:10:08:48 +0100] "GET /wp-content/uploads/Anslinger_Deidesheim_002-Bearbeitet-scaled-1.jpeg HTTP/1.0" 200 262496 "https://jockers.inglory.de/" "Plesk screenshot bot https://support.plesk.com/hc/en-us/articles/10301006946066"
34.241.9.223 - - [12/Mar/2026:10:08:48 +0100] "GET /wp-includes/js/wp-emoji-release.min.js?ver=6.9.4 HTTP/1.0" 200 9512 "https://jockers.inglory.de/" "Plesk screenshot bot https://support.plesk.com/hc/en-us/articles/10301006946066"
94.130.90.54 - - [12/Mar/2026:11:34:06 +0100] "POST /wp-cron.php?doing_wp_cron=1773311646.0000939369201660156250 HTTP/1.0" 200 4071 "-" "78BETu7Rvx7i"
94.130.90.54 - - [12/Mar/2026:11:34:06 +0100] "GET /wp-includes/css/dashicons.min.css?ver=6.9.4 HTTP/1.1" 200 62640 "https://jockers.inglory.de/wp-login.php" "Serf/1.3.9 (mod_pagespeed/1.13.35.2-0)"
45.88.13.78 - - [12/Mar/2026:11:34:04 +0100] "GET /wp-login.php HTTP/1.0" 200 6576 "-" "Mozilla/5.0 (Macintosh; Intel Mac OS X 13_5) AppleWebKit/605.1.15 (KHTML, like Gecko) Version/17.5 Safari/605.1.15"
94.130.90.54 - - [12/Mar/2026:11:34:06 +0100] "GET /wp-includes/css/buttons.min.css?ver=6.9.4 HTTP/1.1" 200 9609 "https://jockers.inglory.de/wp-login.php" "Serf/1.3.9 (mod_pagespeed/1.13.35.2-0)"
94.130.90.54 - - [12/Mar/2026:11:34:06 +0100] "GET /wp-includes/js/dist/hooks.min.js?ver=dd5603f07f9220ed27f1 HTTP/1.1" 200 9223 "https://jockers.inglory.de/wp-login.php" "Serf/1.3.9 (mod_pagespeed/1.13.35.2-0)"
94.130.90.54 - - [12/Mar/2026:11:34:06 +0100] "GET /wp-includes/js/dist/i18n.min.js?ver=c26c3dc7bed366793375 HTTP/1.1" 200 8876 "https://jockers.inglory.de/wp-login.php" "Serf/1.3.9 (mod_pagespeed/1.13.35.2-0)"
94.130.90.54 - - [12/Mar/2026:11:34:06 +0100] "GET /wp-includes/js/wp-util.min.js?ver=6.9.4 HTTP/1.1" 200 4963 "https://jockers.inglory.de/wp-login.php" "Serf/1.3.9 (mod_pagespeed/1.13.35.2-0)"
94.130.90.54 - - [12/Mar/2026:11:34:06 +0100] "GET /wp-includes/js/dist/dom-ready.min.js?ver=f77871ff7694fffea381 HTTP/1.1" 200 3988 "https://jockers.inglory.de/wp-login.php" "Serf/1.3.9 (mod_pagespeed/1.13.35.2-0)"
94.130.90.54 - - [12/Mar/2026:11:34:06 +0100] "GET /wp-includes/js/dist/a11y.min.js?ver=cb460b4676c94bd228ed HTTP/1.1" 200 5773 "https://jockers.inglory.de/wp-login.php" "Serf/1.3.9 (mod_pagespeed/1.13.35.2-0)"
94.130.90.54 - - [12/Mar/2026:11:34:06 +0100] "GET /wp-content/uploads/cropped-items-32x32.png HTTP/1.1" 200 3991 "https://jockers.inglory.de/wp-login.php" "Serf/1.3.9 (mod_pagespeed/1.13.35.2-0)"
