94.130.90.54 - - [12/Mar/2026:12:47:58 +0100] "GET /wp-includes/js/jquery/ui/core.min.js?ver=1.13.3 HTTP/1.1" 304 3392 "https://jockers.inglory.de/bonus-casino-bitcoin-maximisez-vos-gains-avec-betify/" "Serf/1.3.9 (mod_pagespeed/1.13.35.2-0)"
94.130.90.54 - - [12/Mar/2026:12:47:58 +0100] "GET /wp-content/plugins/elementor-pro/assets/lib/smartmenus/jquery.smartmenus.min.js?ver=1.2.1 HTTP/1.1" 304 3392 "https://jockers.inglory.de/bonus-casino-bitcoin-maximisez-vos-gains-avec-betify/" "Serf/1.3.9 (mod_pagespeed/1.13.35.2-0)"
94.130.90.54 - - [12/Mar/2026:12:47:58 +0100] "GET /wp-content/plugins/elementor-pro/assets/lib/sticky/jquery.sticky.min.js?ver=3.35.1 HTTP/1.1" 304 3391 "https://jockers.inglory.de/bonus-casino-bitcoin-maximisez-vos-gains-avec-betify/" "Serf/1.3.9 (mod_pagespeed/1.13.35.2-0)"
94.130.90.54 - - [12/Mar/2026:12:47:58 +0100] "GET /wp-includes/js/dist/hooks.min.js?ver=dd5603f07f9220ed27f1 HTTP/1.1" 304 3392 "https://jockers.inglory.de/bonus-casino-bitcoin-maximisez-vos-gains-avec-betify/" "Serf/1.3.9 (mod_pagespeed/1.13.35.2-0)"
94.130.90.54 - - [12/Mar/2026:12:47:58 +0100] "GET /wp-includes/js/dist/i18n.min.js?ver=c26c3dc7bed366793375 HTTP/1.1" 304 3392 "https://jockers.inglory.de/bonus-casino-bitcoin-maximisez-vos-gains-avec-betify/" "Serf/1.3.9 (mod_pagespeed/1.13.35.2-0)"
94.130.90.54 - - [12/Mar/2026:12:47:58 +0100] "GET /wp-content/uploads/cropped-items-32x32.png HTTP/1.1" 304 3391 "https://jockers.inglory.de/bonus-casino-bitcoin-maximisez-vos-gains-avec-betify/" "Serf/1.3.9 (mod_pagespeed/1.13.35.2-0)"
94.130.90.54 - - [12/Mar/2026:12:47:58 +0100] "GET /wp-content/uploads/cropped-items-192x192.png HTTP/1.1" 304 3391 "https://jockers.inglory.de/bonus-casino-bitcoin-maximisez-vos-gains-avec-betify/" "Serf/1.3.9 (mod_pagespeed/1.13.35.2-0)"
94.130.90.54 - - [12/Mar/2026:12:47:58 +0100] "GET /wp-content/uploads/cropped-items-180x180.png HTTP/1.1" 304 3391 "https://jockers.inglory.de/bonus-casino-bitcoin-maximisez-vos-gains-avec-betify/" "Serf/1.3.9 (mod_pagespeed/1.13.35.2-0)"
94.130.90.54 - - [12/Mar/2026:12:47:58 +0100] "GET /wp-includes/js/jquery/jquery.min.js?ver=3.7.1 HTTP/1.1" 304 3393 "https://jockers.inglory.de/bonus-casino-bitcoin-maximisez-vos-gains-avec-betify/" "Serf/1.3.9 (mod_pagespeed/1.13.35.2-0)"
94.130.90.54 - - [12/Mar/2026:12:47:58 +0100] "GET /wp-includes/js/jquery/jquery-migrate.min.js?ver=3.4.1 HTTP/1.1" 304 3392 "https://jockers.inglory.de/bonus-casino-bitcoin-maximisez-vos-gains-avec-betify/" "Serf/1.3.9 (mod_pagespeed/1.13.35.2-0)"
94.130.90.54 - - [12/Mar/2026:12:47:58 +0100] "GET /wp-content/plugins/preloader-pro/assets/js/jquery.waitformedias.min.js?ver=2024090401 HTTP/1.1" 304 3392 "https://jockers.inglory.de/bonus-casino-bitcoin-maximisez-vos-gains-avec-betify/" "Serf/1.3.9 (mod_pagespeed/1.13.35.2-0)"
94.130.90.54 - - [12/Mar/2026:12:47:58 +0100] "GET /wp-content/plugins/preloader-pro/assets/js/loftloader.min.js?ver=2024090401 HTTP/1.1" 304 3392 "https://jockers.inglory.de/bonus-casino-bitcoin-maximisez-vos-gains-avec-betify/" "Serf/1.3.9 (mod_pagespeed/1.13.35.2-0)"
94.130.90.54 - - [12/Mar/2026:12:47:58 +0100] "GET /wp-content/plugins/elementor/assets/js/webpack.runtime.min.js?ver=3.35.7 HTTP/1.1" 304 3392 "https://jockers.inglory.de/bonus-casino-bitcoin-maximisez-vos-gains-avec-betify/" "Serf/1.3.9 (mod_pagespeed/1.13.35.2-0)"
94.130.90.54 - - [12/Mar/2026:12:47:58 +0100] "GET /wp-content/plugins/elementor/assets/js/frontend.min.js?ver=3.35.7 HTTP/1.1" 304 3392 "https://jockers.inglory.de/bonus-casino-bitcoin-maximisez-vos-gains-avec-betify/" "Serf/1.3.9 (mod_pagespeed/1.13.35.2-0)"
94.130.90.54 - - [12/Mar/2026:12:47:58 +0100] "GET /wp-content/plugins/elementor-pro/assets/js/webpack-pro.runtime.min.js?ver=3.35.1 HTTP/1.1" 304 3392 "https://jockers.inglory.de/bonus-casino-bitcoin-maximisez-vos-gains-avec-betify/" "Serf/1.3.9 (mod_pagespeed/1.13.35.2-0)"
94.130.90.54 - - [12/Mar/2026:12:47:58 +0100] "GET /wp-content/plugins/elementor-pro/assets/js/frontend.min.js?ver=3.35.1 HTTP/1.1" 304 3392 "https://jockers.inglory.de/bonus-casino-bitcoin-maximisez-vos-gains-avec-betify/" "Serf/1.3.9 (mod_pagespeed/1.13.35.2-0)"
94.130.90.54 - - [12/Mar/2026:12:47:58 +0100] "GET /wp-content/plugins/elementor-pro/assets/js/elements-handlers.min.js?ver=3.35.1 HTTP/1.1" 304 3392 "https://jockers.inglory.de/bonus-casino-bitcoin-maximisez-vos-gains-avec-betify/" "Serf/1.3.9 (mod_pagespeed/1.13.35.2-0)"
217.156.8.66 - - [12/Mar/2026:12:48:20 +0100] "GET /jeux-de-cartes-de-casino-decouvrez-betify-et-les-meilleures-options-disponibles/ HTTP/1.0" 200 171614 "-" "Mozilla/5.0 (Windows NT 10.0; Win64; x64) AppleWebKit/537.36 (KHTML, like Gecko) Chrome/120.0.0.0 Safari/537.36"
94.130.90.54 - - [12/Mar/2026:12:48:54 +0100] "POST /wp-cron.php?doing_wp_cron=1773316134.7125771045684814453125 HTTP/1.0" 200 4071 "-" "IlhRHLrRZ3qn"
217.156.8.66 - - [12/Mar/2026:12:48:52 +0100] "GET /casino-avec-depot-minimum-de-1-e-decouvrez-betify/ HTTP/1.0" 200 168066 "-" "Mozilla/5.0 (Windows NT 10.0; Win64; x64) AppleWebKit/537.36 (KHTML, like Gecko) Chrome/120.0.0.0 Safari/537.36"
94.130.90.54 - - [12/Mar/2026:13:24:12 +0100] "POST /wp-cron.php?doing_wp_cron=1773318252.5544500350952148437500 HTTP/1.0" 200 4071 "-" "4vFS6iYTaslg"
193.202.110.30 - - [12/Mar/2026:13:24:11 +0100] "HEAD /roulette-de-casino-en-ligne-decouvrez-loco-win/ HTTP/1.0" 200 4245 "-" "WordPress/6.9.4; https://bilomera.se"
94.130.90.54 - - [12/Mar/2026:13:25:15 +0100] "POST /wp-cron.php?doing_wp_cron=1773318315.4568679332733154296875 HTTP/1.0" 200 4071 "-" "wrwht1xh11zm"
193.202.110.30 - - [12/Mar/2026:13:25:14 +0100] "HEAD /roulette-de-casino-en-ligne-decouvrez-loco-win/ HTTP/1.0" 200 4245 "-" "WordPress/6.9.4; https://bilomera.se"
193.202.110.30 - - [12/Mar/2026:13:25:15 +0100] "POST /xmlrpc.php HTTP/1.0" 200 4175 "-" "The Incutio XML-RPC PHP Library -- WordPress/6.9.4"
94.130.90.54 - - [12/Mar/2026:13:28:28 +0100] "POST /wp-cron.php?doing_wp_cron=1773318508.1877019405364990234375 HTTP/1.0" 200 4071 "-" "c1HnzhtunF2L"
94.130.90.54 - - [12/Mar/2026:13:28:28 +0100] "GET /wp-content/plugins/preloader-pro/assets/css/loftloader.min.css?ver=2024090401 HTTP/1.1" 304 3393 "https://jockers.inglory.de/meilleures-machines-a-sous-en-ligne-avec-leon/" "Serf/1.3.9 (mod_pagespeed/1.13.35.2-0)"
176.123.8.198 - - [12/Mar/2026:13:28:26 +0100] "GET /meilleures-machines-a-sous-en-ligne-avec-leon/ HTTP/1.0" 200 166810 "-" "Mozilla/5.0 (Windows NT 10.0; Win64; x64) AppleWebKit/537.36 (KHTML, like Gecko) Chrome/120.0.0.0 Safari/537.36"
94.130.90.54 - - [12/Mar/2026:13:28:28 +0100] "GET /wp-includes/css/dist/block-library/style.min.css?ver=6.9.4 HTTP/1.1" 304 3393 "https://jockers.inglory.de/meilleures-machines-a-sous-en-ligne-avec-leon/" "Serf/1.3.9 (mod_pagespeed/1.13.35.2-0)"
94.130.90.54 - - [12/Mar/2026:13:28:28 +0100] "GET /wp-content/themes/hello-elementor/assets/css/reset.css?ver=3.4.6 HTTP/1.1" 304 3392 "https://jockers.inglory.de/meilleures-machines-a-sous-en-ligne-avec-leon/" "Serf/1.3.9 (mod_pagespeed/1.13.35.2-0)"
94.130.90.54 - - [12/Mar/2026:13:28:28 +0100] "GET /wp-content/themes/hello-elementor/assets/css/theme.css?ver=3.4.6 HTTP/1.1" 304 3392 "https://jockers.inglory.de/meilleures-machines-a-sous-en-ligne-avec-leon/" "Serf/1.3.9 (mod_pagespeed/1.13.35.2-0)"
94.130.90.54 - - [12/Mar/2026:13:28:28 +0100] "GET /wp-content/themes/hello-elementor/assets/css/header-footer.css?ver=3.4.6 HTTP/1.1" 304 3392 "https://jockers.inglory.de/meilleures-machines-a-sous-en-ligne-avec-leon/" "Serf/1.3.9 (mod_pagespeed/1.13.35.2-0)"
94.130.90.54 - - [12/Mar/2026:13:28:28 +0100] "GET /wp-content/plugins/elementor/assets/css/frontend.min.css?ver=3.35.7 HTTP/1.1" 304 3392 "https://jockers.inglory.de/meilleures-machines-a-sous-en-ligne-avec-leon/" "Serf/1.3.9 (mod_pagespeed/1.13.35.2-0)"
94.130.90.54 - - [12/Mar/2026:13:28:28 +0100] "GET /wp-content/plugins/elementor/assets/css/widget-image.min.css?ver=3.35.7 HTTP/1.1" 304 3390 "https://jockers.inglory.de/meilleures-machines-a-sous-en-ligne-avec-leon/" "Serf/1.3.9 (mod_pagespeed/1.13.35.2-0)"
94.130.90.54 - - [12/Mar/2026:13:28:28 +0100] "GET /wp-content/plugins/elementor-pro/assets/css/widget-nav-menu.min.css?ver=3.35.1 HTTP/1.1" 304 3392 "https://jockers.inglory.de/meilleures-machines-a-sous-en-ligne-avec-leon/" "Serf/1.3.9 (mod_pagespeed/1.13.35.2-0)"
94.130.90.54 - - [12/Mar/2026:13:28:28 +0100] "GET /wp-content/plugins/elementor-pro/assets/css/modules/sticky.min.css?ver=3.35.1 HTTP/1.1" 304 3390 "https://jockers.inglory.de/meilleures-machines-a-sous-en-ligne-avec-leon/" "Serf/1.3.9 (mod_pagespeed/1.13.35.2-0)"
94.130.90.54 - - [12/Mar/2026:13:28:28 +0100] "GET /wp-content/plugins/elementor/assets/css/widget-heading.min.css?ver=3.35.7 HTTP/1.1" 304 3391 "https://jockers.inglory.de/meilleures-machines-a-sous-en-ligne-avec-leon/" "Serf/1.3.9 (mod_pagespeed/1.13.35.2-0)"
94.130.90.54 - - [12/Mar/2026:13:28:28 +0100] "GET /wp-content/plugins/elementor/assets/css/widget-rating.min.css?ver=3.35.7 HTTP/1.1" 304 3391 "https://jockers.inglory.de/meilleures-machines-a-sous-en-ligne-avec-leon/" "Serf/1.3.9 (mod_pagespeed/1.13.35.2-0)"
94.130.90.54 - - [12/Mar/2026:13:28:28 +0100] "GET /wp-content/plugins/elementor/assets/css/widget-social-icons.min.css?ver=3.35.7 HTTP/1.1" 304 3392 "https://jockers.inglory.de/meilleures-machines-a-sous-en-ligne-avec-leon/" "Serf/1.3.9 (mod_pagespeed/1.13.35.2-0)"
94.130.90.54 - - [12/Mar/2026:13:28:28 +0100] "GET /wp-content/plugins/elementor/assets/css/conditionals/apple-webkit.min.css?ver=3.35.7 HTTP/1.1" 304 3392 "https://jockers.inglory.de/meilleures-machines-a-sous-en-ligne-avec-leon/" "Serf/1.3.9 (mod_pagespeed/1.13.35.2-0)"
94.130.90.54 - - [12/Mar/2026:13:28:28 +0100] "GET /wp-content/plugins/elementor/assets/css/widget-icon-list.min.css?ver=3.35.7 HTTP/1.1" 304 3392 "https://jockers.inglory.de/meilleures-machines-a-sous-en-ligne-avec-leon/" "Serf/1.3.9 (mod_pagespeed/1.13.35.2-0)"
94.130.90.54 - - [12/Mar/2026:13:28:28 +0100] "GET /wp-content/plugins/elementor/assets/lib/animations/styles/fadeIn.min.css?ver=3.35.7 HTTP/1.1" 304 3390 "https://jockers.inglory.de/meilleures-machines-a-sous-en-ligne-avec-leon/" "Serf/1.3.9 (mod_pagespeed/1.13.35.2-0)"
94.130.90.54 - - [12/Mar/2026:13:28:28 +0100] "GET /wp-content/plugins/elementor-pro/assets/css/conditionals/popup.min.css?ver=3.35.1 HTTP/1.1" 304 3391 "https://jockers.inglory.de/meilleures-machines-a-sous-en-ligne-avec-leon/" "Serf/1.3.9 (mod_pagespeed/1.13.35.2-0)"
94.130.90.54 - - [12/Mar/2026:13:28:28 +0100] "GET /wp-content/plugins/elementor/assets/lib/eicons/css/elementor-icons.min.css?ver=5.47.0 HTTP/1.1" 304 3392 "https://jockers.inglory.de/meilleures-machines-a-sous-en-ligne-avec-leon/" "Serf/1.3.9 (mod_pagespeed/1.13.35.2-0)"
94.130.90.54 - - [12/Mar/2026:13:28:28 +0100] "GET /wp-content/uploads/elementor/css/post-7.css?ver=1773290258 HTTP/1.1" 304 3392 "https://jockers.inglory.de/meilleures-machines-a-sous-en-ligne-avec-leon/" "Serf/1.3.9 (mod_pagespeed/1.13.35.2-0)"
94.130.90.54 - - [12/Mar/2026:13:28:28 +0100] "GET /wp-content/uploads/elementor/css/post-110.css?ver=1773290260 HTTP/1.1" 304 3392 "https://jockers.inglory.de/meilleures-machines-a-sous-en-ligne-avec-leon/" "Serf/1.3.9 (mod_pagespeed/1.13.35.2-0)"
94.130.90.54 - - [12/Mar/2026:13:28:28 +0100] "GET /wp-content/uploads/elementor/css/post-133.css?ver=1773290261 HTTP/1.1" 304 3393 "https://jockers.inglory.de/meilleures-machines-a-sous-en-ligne-avec-leon/" "Serf/1.3.9 (mod_pagespeed/1.13.35.2-0)"
94.130.90.54 - - [12/Mar/2026:13:28:28 +0100] "GET /wp-content/uploads/elementor/css/post-136.css?ver=1773290261 HTTP/1.1" 304 3392 "https://jockers.inglory.de/meilleures-machines-a-sous-en-ligne-avec-leon/" "Serf/1.3.9 (mod_pagespeed/1.13.35.2-0)"
94.130.90.54 - - [12/Mar/2026:13:28:28 +0100] "GET /wp-content/plugins/elementor/assets/lib/font-awesome/css/fontawesome.min.css?ver=5.15.3 HTTP/1.1" 304 3392 "https://jockers.inglory.de/meilleures-machines-a-sous-en-ligne-avec-leon/" "Serf/1.3.9 (mod_pagespeed/1.13.35.2-0)"
94.130.90.54 - - [12/Mar/2026:13:28:28 +0100] "GET /wp-content/plugins/elementor/assets/lib/font-awesome/css/solid.min.css?ver=5.15.3 HTTP/1.1" 304 3391 "https://jockers.inglory.de/meilleures-machines-a-sous-en-ligne-avec-leon/" "Serf/1.3.9 (mod_pagespeed/1.13.35.2-0)"
94.130.90.54 - - [12/Mar/2026:13:28:28 +0100] "GET /wp-content/plugins/elementor/assets/lib/font-awesome/css/brands.min.css?ver=5.15.3 HTTP/1.1" 304 3391 "https://jockers.inglory.de/meilleures-machines-a-sous-en-ligne-avec-leon/" "Serf/1.3.9 (mod_pagespeed/1.13.35.2-0)"
94.130.90.54 - - [12/Mar/2026:13:28:28 +0100] "GET /wp-content/plugins/elementor/assets/js/frontend-modules.min.js?ver=3.35.7 HTTP/1.1" 304 3392 "https://jockers.inglory.de/meilleures-machines-a-sous-en-ligne-avec-leon/" "Serf/1.3.9 (mod_pagespeed/1.13.35.2-0)"
94.130.90.54 - - [12/Mar/2026:13:28:28 +0100] "GET /wp-includes/js/jquery/ui/core.min.js?ver=1.13.3 HTTP/1.1" 304 3392 "https://jockers.inglory.de/meilleures-machines-a-sous-en-ligne-avec-leon/" "Serf/1.3.9 (mod_pagespeed/1.13.35.2-0)"
94.130.90.54 - - [12/Mar/2026:13:28:28 +0100] "GET /wp-content/plugins/elementor-pro/assets/lib/smartmenus/jquery.smartmenus.min.js?ver=1.2.1 HTTP/1.1" 304 3392 "https://jockers.inglory.de/meilleures-machines-a-sous-en-ligne-avec-leon/" "Serf/1.3.9 (mod_pagespeed/1.13.35.2-0)"
94.130.90.54 - - [12/Mar/2026:13:28:28 +0100] "GET /wp-content/plugins/elementor-pro/assets/lib/sticky/jquery.sticky.min.js?ver=3.35.1 HTTP/1.1" 304 3391 "https://jockers.inglory.de/meilleures-machines-a-sous-en-ligne-avec-leon/" "Serf/1.3.9 (mod_pagespeed/1.13.35.2-0)"
94.130.90.54 - - [12/Mar/2026:13:28:28 +0100] "GET /wp-includes/js/dist/hooks.min.js?ver=dd5603f07f9220ed27f1 HTTP/1.1" 304 3392 "https://jockers.inglory.de/meilleures-machines-a-sous-en-ligne-avec-leon/" "Serf/1.3.9 (mod_pagespeed/1.13.35.2-0)"
94.130.90.54 - - [12/Mar/2026:13:28:28 +0100] "GET /wp-includes/js/dist/i18n.min.js?ver=c26c3dc7bed366793375 HTTP/1.1" 304 3392 "https://jockers.inglory.de/meilleures-machines-a-sous-en-ligne-avec-leon/" "Serf/1.3.9 (mod_pagespeed/1.13.35.2-0)"
94.130.90.54 - - [12/Mar/2026:13:28:28 +0100] "GET /wp-content/uploads/cropped-items-32x32.png HTTP/1.1" 304 3391 "https://jockers.inglory.de/meilleures-machines-a-sous-en-ligne-avec-leon/" "Serf/1.3.9 (mod_pagespeed/1.13.35.2-0)"
94.130.90.54 - - [12/Mar/2026:13:28:28 +0100] "GET /wp-content/uploads/cropped-items-192x192.png HTTP/1.1" 304 3391 "https://jockers.inglory.de/meilleures-machines-a-sous-en-ligne-avec-leon/" "Serf/1.3.9 (mod_pagespeed/1.13.35.2-0)"
94.130.90.54 - - [12/Mar/2026:13:28:28 +0100] "GET /wp-content/uploads/cropped-items-180x180.png HTTP/1.1" 304 3391 "https://jockers.inglory.de/meilleures-machines-a-sous-en-ligne-avec-leon/" "Serf/1.3.9 (mod_pagespeed/1.13.35.2-0)"
94.130.90.54 - - [12/Mar/2026:13:28:28 +0100] "GET /wp-includes/js/jquery/jquery.min.js?ver=3.7.1 HTTP/1.1" 304 3393 "https://jockers.inglory.de/meilleures-machines-a-sous-en-ligne-avec-leon/" "Serf/1.3.9 (mod_pagespeed/1.13.35.2-0)"
94.130.90.54 - - [12/Mar/2026:13:28:28 +0100] "GET /wp-includes/js/jquery/jquery-migrate.min.js?ver=3.4.1 HTTP/1.1" 304 3392 "https://jockers.inglory.de/meilleures-machines-a-sous-en-ligne-avec-leon/" "Serf/1.3.9 (mod_pagespeed/1.13.35.2-0)"
94.130.90.54 - - [12/Mar/2026:13:28:28 +0100] "GET /wp-content/plugins/preloader-pro/assets/js/jquery.waitformedias.min.js?ver=2024090401 HTTP/1.1" 304 3392 "https://jockers.inglory.de/meilleures-machines-a-sous-en-ligne-avec-leon/" "Serf/1.3.9 (mod_pagespeed/1.13.35.2-0)"
94.130.90.54 - - [12/Mar/2026:13:28:28 +0100] "GET /wp-content/plugins/elementor-pro/assets/js/frontend.min.js?ver=3.35.1 HTTP/1.1" 304 3392 "https://jockers.inglory.de/meilleures-machines-a-sous-en-ligne-avec-leon/" "Serf/1.3.9 (mod_pagespeed/1.13.35.2-0)"
94.130.90.54 - - [12/Mar/2026:13:28:28 +0100] "GET /wp-content/plugins/elementor-pro/assets/js/elements-handlers.min.js?ver=3.35.1 HTTP/1.1" 304 3392 "https://jockers.inglory.de/meilleures-machines-a-sous-en-ligne-avec-leon/" "Serf/1.3.9 (mod_pagespeed/1.13.35.2-0)"
94.130.90.54 - - [12/Mar/2026:13:28:28 +0100] "GET /wp-content/uploads/logo.svg HTTP/1.1" 200 12357 "https://jockers.inglory.de/meilleures-machines-a-sous-en-ligne-avec-leon/" "Serf/1.3.9 (mod_pagespeed/1.13.35.2-0)"
94.130.90.54 - - [12/Mar/2026:13:28:28 +0100] "GET /wp-content/uploads/logo.svg HTTP/1.1" 200 12357 "https://jockers.inglory.de/meilleures-machines-a-sous-en-ligne-avec-leon/" "Serf/1.3.9 (mod_pagespeed/1.13.35.2-0)"
94.130.90.54 - - [12/Mar/2026:13:28:28 +0100] "GET /wp-content/uploads/Google-logo.svg HTTP/1.1" 200 4648 "https://jockers.inglory.de/meilleures-machines-a-sous-en-ligne-avec-leon/" "Serf/1.3.9 (mod_pagespeed/1.13.35.2-0)"
94.130.90.54 - - [12/Mar/2026:13:28:28 +0100] "GET /wp-content/uploads/logo.svg HTTP/1.1" 200 12357 "https://jockers.inglory.de/meilleures-machines-a-sous-en-ligne-avec-leon/" "Serf/1.3.9 (mod_pagespeed/1.13.35.2-0)"
94.130.90.54 - - [12/Mar/2026:13:28:28 +0100] "GET /wp-content/plugins/preloader-pro/assets/js/loftloader.min.js?ver=2024090401 HTTP/1.1" 304 3392 "https://jockers.inglory.de/meilleures-machines-a-sous-en-ligne-avec-leon/" "Serf/1.3.9 (mod_pagespeed/1.13.35.2-0)"
94.130.90.54 - - [12/Mar/2026:13:28:28 +0100] "GET /wp-content/plugins/elementor/assets/js/webpack.runtime.min.js?ver=3.35.7 HTTP/1.1" 304 3392 "https://jockers.inglory.de/meilleures-machines-a-sous-en-ligne-avec-leon/" "Serf/1.3.9 (mod_pagespeed/1.13.35.2-0)"
94.130.90.54 - - [12/Mar/2026:13:28:28 +0100] "GET /wp-content/plugins/elementor/assets/js/frontend.min.js?ver=3.35.7 HTTP/1.1" 304 3392 "https://jockers.inglory.de/meilleures-machines-a-sous-en-ligne-avec-leon/" "Serf/1.3.9 (mod_pagespeed/1.13.35.2-0)"
94.130.90.54 - - [12/Mar/2026:13:28:28 +0100] "GET /wp-content/plugins/elementor-pro/assets/js/webpack-pro.runtime.min.js?ver=3.35.1 HTTP/1.1" 304 3392 "https://jockers.inglory.de/meilleures-machines-a-sous-en-ligne-avec-leon/" "Serf/1.3.9 (mod_pagespeed/1.13.35.2-0)"
94.130.90.54 - - [12/Mar/2026:13:28:29 +0100] "POST /wp-cron.php?doing_wp_cron=1773318509.6882901191711425781250 HTTP/1.0" 200 4071 "-" "uXvuT8A0ZpRL"
176.123.8.198 - - [12/Mar/2026:13:28:28 +0100] "GET /jeux-mobiles-plongez-dans-lunivers-de-leon-et-decouvrez-les-meilleures-options/ HTTP/1.0" 200 169610 "-" "Mozilla/5.0 (Windows NT 10.0; Win64; x64) AppleWebKit/537.36 (KHTML, like Gecko) Chrome/120.0.0.0 Safari/537.36"
176.123.8.198 - - [12/Mar/2026:13:28:49 +0100] "GET /nouveau-casino-sans-depot-decouvrez-leon/ HTTP/1.0" 200 169787 "-" "Mozilla/5.0 (Windows NT 10.0; Win64; x64) AppleWebKit/537.36 (KHTML, like Gecko) Chrome/120.0.0.0 Safari/537.36"
176.123.8.198 - - [12/Mar/2026:13:29:08 +0100] "GET /jeux-de-casino-classiques-plongee-dans-lunivers-de-casino-leon/ HTTP/1.0" 200 169724 "-" "Mozilla/5.0 (Windows NT 10.0; Win64; x64) AppleWebKit/537.36 (KHTML, like Gecko) Chrome/120.0.0.0 Safari/537.36"
94.130.90.54 - - [12/Mar/2026:13:29:45 +0100] "POST /wp-cron.php?doing_wp_cron=1773318585.0589599609375000000000 HTTP/1.0" 200 4071 "-" "QMEKZufVkFUN"
176.123.8.198 - - [12/Mar/2026:13:29:43 +0100] "GET /machines-a-sous-decouvrez-le-monde-de-leon/ HTTP/1.0" 200 169692 "-" "Mozilla/5.0 (Windows NT 10.0; Win64; x64) AppleWebKit/537.36 (KHTML, like Gecko) Chrome/120.0.0.0 Safari/537.36"
94.130.90.54 - - [12/Mar/2026:13:30:01 +0100] "POST /wp-cron.php?doing_wp_cron=1773318601.7534189224243164062500 HTTP/1.0" 200 4071 "-" "FroxYZNRow5L"
176.123.8.198 - - [12/Mar/2026:13:30:00 +0100] "GET /jouer-au-casino-en-ligne-avec-leon-guide-complet-pour-les-joueurs-francais/ HTTP/1.0" 200 170873 "-" "Mozilla/5.0 (Windows NT 10.0; Win64; x64) AppleWebKit/537.36 (KHTML, like Gecko) Chrome/120.0.0.0 Safari/537.36"
176.123.8.198 - - [12/Mar/2026:13:30:19 +0100] "GET /meilleures-machines-a-sous-en-ligne-decouvrez-casino-leon/ HTTP/1.0" 200 171307 "-" "Mozilla/5.0 (Windows NT 10.0; Win64; x64) AppleWebKit/537.36 (KHTML, like Gecko) Chrome/120.0.0.0 Safari/537.36"
176.123.8.198 - - [12/Mar/2026:13:30:41 +0100] "GET /machines-a-sous-wildlife-plongez-dans-lunivers-sauvage-avec-leon/ HTTP/1.0" 200 170278 "-" "Mozilla/5.0 (Windows NT 10.0; Win64; x64) AppleWebKit/537.36 (KHTML, like Gecko) Chrome/120.0.0.0 Safari/537.36"
94.130.90.54 - - [12/Mar/2026:13:31:04 +0100] "POST /wp-cron.php?doing_wp_cron=1773318664.5180420875549316406250 HTTP/1.0" 200 4071 "-" "EovUJCA8hvCg"
176.123.8.198 - - [12/Mar/2026:13:31:02 +0100] "GET /depot-au-casino-guide-complet-pour-jouer-en-ligne-avec-leon/ HTTP/1.0" 200 169575 "-" "Mozilla/5.0 (Windows NT 10.0; Win64; x64) AppleWebKit/537.36 (KHTML, like Gecko) Chrome/120.0.0.0 Safari/537.36"
176.123.8.198 - - [12/Mar/2026:13:31:21 +0100] "GET /application-de-casino-mobile-decouvrez-leon-et-les-meilleures-options/ HTTP/1.0" 200 169326 "-" "Mozilla/5.0 (Windows NT 10.0; Win64; x64) AppleWebKit/537.36 (KHTML, like Gecko) Chrome/120.0.0.0 Safari/537.36"
176.123.8.198 - - [12/Mar/2026:13:31:41 +0100] "GET /application-de-casino-mobile-decouvrez-leon-et-ses-avantages/ HTTP/1.0" 200 170592 "-" "Mozilla/5.0 (Windows NT 10.0; Win64; x64) AppleWebKit/537.36 (KHTML, like Gecko) Chrome/120.0.0.0 Safari/537.36"
94.130.90.54 - - [12/Mar/2026:13:31:59 +0100] "POST /wp-cron.php?doing_wp_cron=1773318719.3587219715118408203125 HTTP/1.0" 200 4071 "-" "HFL2Li5eglvN"
176.123.8.198 - - [12/Mar/2026:13:31:57 +0100] "GET /roulette-de-casino-en-ligne-decouvrez-linstant-de-fun-et-de-gains/ HTTP/1.0" 200 169642 "-" "Mozilla/5.0 (Windows NT 10.0; Win64; x64) AppleWebKit/537.36 (KHTML, like Gecko) Chrome/120.0.0.0 Safari/537.36"
176.123.8.198 - - [12/Mar/2026:13:32:20 +0100] "GET /jeux-dargent-lunivers-fascinant-des-paris-instantanes/ HTTP/1.0" 200 170132 "-" "Mozilla/5.0 (Windows NT 10.0; Win64; x64) AppleWebKit/537.36 (KHTML, like Gecko) Chrome/120.0.0.0 Safari/537.36"
64.225.103.66 - - [12/Mar/2026:13:32:41 +0100] "HEAD /depot-au-casino-guide-complet-avec-betify/ HTTP/1.0" 200 4245 "https://jockers.inglory.de/depot-au-casino-guide-complet-avec-betify/" "WordPress/5.3.6; https://demo.booknetic.com"
94.130.90.54 - - [12/Mar/2026:13:32:42 +0100] "GET /wp-content/plugins/preloader-pro/assets/css/loftloader.min.css?ver=2024090401 HTTP/1.1" 304 3393 "https://jockers.inglory.de/depot-casino-1-euro-instant-tout-ce-que-vous-devez-savoir/" "Serf/1.3.9 (mod_pagespeed/1.13.35.2-0)"
94.130.90.54 - - [12/Mar/2026:13:32:42 +0100] "GET /wp-includes/css/dist/block-library/style.min.css?ver=6.9.4 HTTP/1.1" 304 3393 "https://jockers.inglory.de/depot-casino-1-euro-instant-tout-ce-que-vous-devez-savoir/" "Serf/1.3.9 (mod_pagespeed/1.13.35.2-0)"
176.123.8.198 - - [12/Mar/2026:13:32:40 +0100] "GET /depot-casino-1-euro-instant-tout-ce-que-vous-devez-savoir/ HTTP/1.0" 200 169386 "-" "Mozilla/5.0 (Windows NT 10.0; Win64; x64) AppleWebKit/537.36 (KHTML, like Gecko) Chrome/120.0.0.0 Safari/537.36"
94.130.90.54 - - [12/Mar/2026:13:32:42 +0100] "GET /wp-content/themes/hello-elementor/assets/css/reset.css?ver=3.4.6 HTTP/1.1" 304 3392 "https://jockers.inglory.de/depot-casino-1-euro-instant-tout-ce-que-vous-devez-savoir/" "Serf/1.3.9 (mod_pagespeed/1.13.35.2-0)"
94.130.90.54 - - [12/Mar/2026:13:32:42 +0100] "GET /wp-content/themes/hello-elementor/assets/css/theme.css?ver=3.4.6 HTTP/1.1" 304 3392 "https://jockers.inglory.de/depot-casino-1-euro-instant-tout-ce-que-vous-devez-savoir/" "Serf/1.3.9 (mod_pagespeed/1.13.35.2-0)"
94.130.90.54 - - [12/Mar/2026:13:32:42 +0100] "GET /wp-content/themes/hello-elementor/assets/css/header-footer.css?ver=3.4.6 HTTP/1.1" 304 3392 "https://jockers.inglory.de/depot-casino-1-euro-instant-tout-ce-que-vous-devez-savoir/" "Serf/1.3.9 (mod_pagespeed/1.13.35.2-0)"
94.130.90.54 - - [12/Mar/2026:13:32:42 +0100] "GET /wp-content/plugins/elementor/assets/css/frontend.min.css?ver=3.35.7 HTTP/1.1" 304 3392 "https://jockers.inglory.de/depot-casino-1-euro-instant-tout-ce-que-vous-devez-savoir/" "Serf/1.3.9 (mod_pagespeed/1.13.35.2-0)"
94.130.90.54 - - [12/Mar/2026:13:32:42 +0100] "GET /wp-content/plugins/elementor/assets/css/widget-image.min.css?ver=3.35.7 HTTP/1.1" 304 3390 "https://jockers.inglory.de/depot-casino-1-euro-instant-tout-ce-que-vous-devez-savoir/" "Serf/1.3.9 (mod_pagespeed/1.13.35.2-0)"
94.130.90.54 - - [12/Mar/2026:13:32:42 +0100] "GET /wp-content/plugins/elementor-pro/assets/css/widget-nav-menu.min.css?ver=3.35.1 HTTP/1.1" 304 3392 "https://jockers.inglory.de/depot-casino-1-euro-instant-tout-ce-que-vous-devez-savoir/" "Serf/1.3.9 (mod_pagespeed/1.13.35.2-0)"
94.130.90.54 - - [12/Mar/2026:13:32:42 +0100] "GET /wp-content/plugins/elementor-pro/assets/css/modules/sticky.min.css?ver=3.35.1 HTTP/1.1" 304 3390 "https://jockers.inglory.de/depot-casino-1-euro-instant-tout-ce-que-vous-devez-savoir/" "Serf/1.3.9 (mod_pagespeed/1.13.35.2-0)"
94.130.90.54 - - [12/Mar/2026:13:32:42 +0100] "GET /wp-content/plugins/elementor/assets/css/widget-heading.min.css?ver=3.35.7 HTTP/1.1" 304 3391 "https://jockers.inglory.de/depot-casino-1-euro-instant-tout-ce-que-vous-devez-savoir/" "Serf/1.3.9 (mod_pagespeed/1.13.35.2-0)"
94.130.90.54 - - [12/Mar/2026:13:32:42 +0100] "GET /wp-content/plugins/elementor/assets/css/widget-rating.min.css?ver=3.35.7 HTTP/1.1" 304 3391 "https://jockers.inglory.de/depot-casino-1-euro-instant-tout-ce-que-vous-devez-savoir/" "Serf/1.3.9 (mod_pagespeed/1.13.35.2-0)"
94.130.90.54 - - [12/Mar/2026:13:32:42 +0100] "GET /wp-content/plugins/elementor/assets/css/widget-social-icons.min.css?ver=3.35.7 HTTP/1.1" 304 3392 "https://jockers.inglory.de/depot-casino-1-euro-instant-tout-ce-que-vous-devez-savoir/" "Serf/1.3.9 (mod_pagespeed/1.13.35.2-0)"
94.130.90.54 - - [12/Mar/2026:13:32:42 +0100] "GET /wp-content/plugins/elementor/assets/css/conditionals/apple-webkit.min.css?ver=3.35.7 HTTP/1.1" 304 3392 "https://jockers.inglory.de/depot-casino-1-euro-instant-tout-ce-que-vous-devez-savoir/" "Serf/1.3.9 (mod_pagespeed/1.13.35.2-0)"
94.130.90.54 - - [12/Mar/2026:13:32:42 +0100] "GET /wp-content/plugins/elementor/assets/css/widget-icon-list.min.css?ver=3.35.7 HTTP/1.1" 304 3392 "https://jockers.inglory.de/depot-casino-1-euro-instant-tout-ce-que-vous-devez-savoir/" "Serf/1.3.9 (mod_pagespeed/1.13.35.2-0)"
94.130.90.54 - - [12/Mar/2026:13:32:42 +0100] "GET /wp-content/plugins/elementor/assets/lib/animations/styles/fadeIn.min.css?ver=3.35.7 HTTP/1.1" 304 3390 "https://jockers.inglory.de/depot-casino-1-euro-instant-tout-ce-que-vous-devez-savoir/" "Serf/1.3.9 (mod_pagespeed/1.13.35.2-0)"
94.130.90.54 - - [12/Mar/2026:13:32:42 +0100] "GET /wp-content/plugins/elementor-pro/assets/css/conditionals/popup.min.css?ver=3.35.1 HTTP/1.1" 304 3391 "https://jockers.inglory.de/depot-casino-1-euro-instant-tout-ce-que-vous-devez-savoir/" "Serf/1.3.9 (mod_pagespeed/1.13.35.2-0)"
94.130.90.54 - - [12/Mar/2026:13:32:42 +0100] "GET /wp-content/plugins/elementor/assets/lib/eicons/css/elementor-icons.min.css?ver=5.47.0 HTTP/1.1" 304 3392 "https://jockers.inglory.de/depot-casino-1-euro-instant-tout-ce-que-vous-devez-savoir/" "Serf/1.3.9 (mod_pagespeed/1.13.35.2-0)"
94.130.90.54 - - [12/Mar/2026:13:32:42 +0100] "GET /wp-content/uploads/elementor/css/post-7.css?ver=1773290258 HTTP/1.1" 304 3392 "https://jockers.inglory.de/depot-casino-1-euro-instant-tout-ce-que-vous-devez-savoir/" "Serf/1.3.9 (mod_pagespeed/1.13.35.2-0)"
94.130.90.54 - - [12/Mar/2026:13:32:42 +0100] "GET /wp-content/uploads/elementor/css/post-110.css?ver=1773290260 HTTP/1.1" 304 3392 "https://jockers.inglory.de/depot-casino-1-euro-instant-tout-ce-que-vous-devez-savoir/" "Serf/1.3.9 (mod_pagespeed/1.13.35.2-0)"
94.130.90.54 - - [12/Mar/2026:13:32:42 +0100] "GET /wp-content/uploads/elementor/css/post-133.css?ver=1773290261 HTTP/1.1" 304 3393 "https://jockers.inglory.de/depot-casino-1-euro-instant-tout-ce-que-vous-devez-savoir/" "Serf/1.3.9 (mod_pagespeed/1.13.35.2-0)"
94.130.90.54 - - [12/Mar/2026:13:32:42 +0100] "GET /wp-content/uploads/elementor/css/post-136.css?ver=1773290261 HTTP/1.1" 304 3392 "https://jockers.inglory.de/depot-casino-1-euro-instant-tout-ce-que-vous-devez-savoir/" "Serf/1.3.9 (mod_pagespeed/1.13.35.2-0)"
94.130.90.54 - - [12/Mar/2026:13:32:42 +0100] "GET /wp-content/plugins/elementor/assets/lib/font-awesome/css/fontawesome.min.css?ver=5.15.3 HTTP/1.1" 304 3392 "https://jockers.inglory.de/depot-casino-1-euro-instant-tout-ce-que-vous-devez-savoir/" "Serf/1.3.9 (mod_pagespeed/1.13.35.2-0)"
94.130.90.54 - - [12/Mar/2026:13:32:42 +0100] "GET /wp-content/plugins/elementor/assets/lib/font-awesome/css/solid.min.css?ver=5.15.3 HTTP/1.1" 304 3391 "https://jockers.inglory.de/depot-casino-1-euro-instant-tout-ce-que-vous-devez-savoir/" "Serf/1.3.9 (mod_pagespeed/1.13.35.2-0)"
94.130.90.54 - - [12/Mar/2026:13:32:42 +0100] "GET /wp-content/plugins/elementor/assets/lib/font-awesome/css/brands.min.css?ver=5.15.3 HTTP/1.1" 304 3391 "https://jockers.inglory.de/depot-casino-1-euro-instant-tout-ce-que-vous-devez-savoir/" "Serf/1.3.9 (mod_pagespeed/1.13.35.2-0)"
94.130.90.54 - - [12/Mar/2026:13:32:42 +0100] "GET /wp-content/plugins/elementor/assets/js/frontend-modules.min.js?ver=3.35.7 HTTP/1.1" 304 3392 "https://jockers.inglory.de/depot-casino-1-euro-instant-tout-ce-que-vous-devez-savoir/" "Serf/1.3.9 (mod_pagespeed/1.13.35.2-0)"
94.130.90.54 - - [12/Mar/2026:13:32:42 +0100] "GET /wp-includes/js/jquery/ui/core.min.js?ver=1.13.3 HTTP/1.1" 304 3392 "https://jockers.inglory.de/depot-casino-1-euro-instant-tout-ce-que-vous-devez-savoir/" "Serf/1.3.9 (mod_pagespeed/1.13.35.2-0)"
94.130.90.54 - - [12/Mar/2026:13:32:42 +0100] "GET /wp-content/plugins/elementor-pro/assets/lib/smartmenus/jquery.smartmenus.min.js?ver=1.2.1 HTTP/1.1" 304 3392 "https://jockers.inglory.de/depot-casino-1-euro-instant-tout-ce-que-vous-devez-savoir/" "Serf/1.3.9 (mod_pagespeed/1.13.35.2-0)"
94.130.90.54 - - [12/Mar/2026:13:32:42 +0100] "GET /wp-content/plugins/elementor-pro/assets/lib/sticky/jquery.sticky.min.js?ver=3.35.1 HTTP/1.1" 304 3391 "https://jockers.inglory.de/depot-casino-1-euro-instant-tout-ce-que-vous-devez-savoir/" "Serf/1.3.9 (mod_pagespeed/1.13.35.2-0)"
94.130.90.54 - - [12/Mar/2026:13:32:42 +0100] "GET /wp-includes/js/dist/hooks.min.js?ver=dd5603f07f9220ed27f1 HTTP/1.1" 304 3392 "https://jockers.inglory.de/depot-casino-1-euro-instant-tout-ce-que-vous-devez-savoir/" "Serf/1.3.9 (mod_pagespeed/1.13.35.2-0)"
94.130.90.54 - - [12/Mar/2026:13:32:42 +0100] "GET /wp-includes/js/dist/i18n.min.js?ver=c26c3dc7bed366793375 HTTP/1.1" 304 3392 "https://jockers.inglory.de/depot-casino-1-euro-instant-tout-ce-que-vous-devez-savoir/" "Serf/1.3.9 (mod_pagespeed/1.13.35.2-0)"
94.130.90.54 - - [12/Mar/2026:13:32:42 +0100] "GET /wp-content/uploads/cropped-items-32x32.png HTTP/1.1" 304 3391 "https://jockers.inglory.de/depot-casino-1-euro-instant-tout-ce-que-vous-devez-savoir/" "Serf/1.3.9 (mod_pagespeed/1.13.35.2-0)"
94.130.90.54 - - [12/Mar/2026:13:32:42 +0100] "GET /wp-content/uploads/cropped-items-192x192.png HTTP/1.1" 304 3391 "https://jockers.inglory.de/depot-casino-1-euro-instant-tout-ce-que-vous-devez-savoir/" "Serf/1.3.9 (mod_pagespeed/1.13.35.2-0)"
94.130.90.54 - - [12/Mar/2026:13:32:42 +0100] "GET /wp-content/uploads/cropped-items-180x180.png HTTP/1.1" 304 3391 "https://jockers.inglory.de/depot-casino-1-euro-instant-tout-ce-que-vous-devez-savoir/" "Serf/1.3.9 (mod_pagespeed/1.13.35.2-0)"
94.130.90.54 - - [12/Mar/2026:13:32:42 +0100] "GET /wp-includes/js/jquery/jquery.min.js?ver=3.7.1 HTTP/1.1" 304 3393 "https://jockers.inglory.de/depot-casino-1-euro-instant-tout-ce-que-vous-devez-savoir/" "Serf/1.3.9 (mod_pagespeed/1.13.35.2-0)"
94.130.90.54 - - [12/Mar/2026:13:32:42 +0100] "GET /wp-includes/js/jquery/jquery-migrate.min.js?ver=3.4.1 HTTP/1.1" 304 3392 "https://jockers.inglory.de/depot-casino-1-euro-instant-tout-ce-que-vous-devez-savoir/" "Serf/1.3.9 (mod_pagespeed/1.13.35.2-0)"
94.130.90.54 - - [12/Mar/2026:13:32:42 +0100] "GET /wp-content/plugins/preloader-pro/assets/js/jquery.waitformedias.min.js?ver=2024090401 HTTP/1.1" 304 3392 "https://jockers.inglory.de/depot-casino-1-euro-instant-tout-ce-que-vous-devez-savoir/" "Serf/1.3.9 (mod_pagespeed/1.13.35.2-0)"
94.130.90.54 - - [12/Mar/2026:13:32:42 +0100] "GET /wp-content/plugins/preloader-pro/assets/js/loftloader.min.js?ver=2024090401 HTTP/1.1" 304 3392 "https://jockers.inglory.de/depot-casino-1-euro-instant-tout-ce-que-vous-devez-savoir/" "Serf/1.3.9 (mod_pagespeed/1.13.35.2-0)"
94.130.90.54 - - [12/Mar/2026:13:32:42 +0100] "GET /wp-content/plugins/elementor/assets/js/webpack.runtime.min.js?ver=3.35.7 HTTP/1.1" 304 3392 "https://jockers.inglory.de/depot-casino-1-euro-instant-tout-ce-que-vous-devez-savoir/" "Serf/1.3.9 (mod_pagespeed/1.13.35.2-0)"
94.130.90.54 - - [12/Mar/2026:13:32:42 +0100] "GET /wp-content/plugins/elementor/assets/js/frontend.min.js?ver=3.35.7 HTTP/1.1" 304 3392 "https://jockers.inglory.de/depot-casino-1-euro-instant-tout-ce-que-vous-devez-savoir/" "Serf/1.3.9 (mod_pagespeed/1.13.35.2-0)"
94.130.90.54 - - [12/Mar/2026:13:32:42 +0100] "GET /wp-content/plugins/elementor-pro/assets/js/webpack-pro.runtime.min.js?ver=3.35.1 HTTP/1.1" 304 3392 "https://jockers.inglory.de/depot-casino-1-euro-instant-tout-ce-que-vous-devez-savoir/" "Serf/1.3.9 (mod_pagespeed/1.13.35.2-0)"
94.130.90.54 - - [12/Mar/2026:13:32:42 +0100] "GET /wp-content/plugins/elementor-pro/assets/js/frontend.min.js?ver=3.35.1 HTTP/1.1" 304 3392 "https://jockers.inglory.de/depot-casino-1-euro-instant-tout-ce-que-vous-devez-savoir/" "Serf/1.3.9 (mod_pagespeed/1.13.35.2-0)"
94.130.90.54 - - [12/Mar/2026:13:32:42 +0100] "GET /wp-content/plugins/elementor-pro/assets/js/elements-handlers.min.js?ver=3.35.1 HTTP/1.1" 304 3392 "https://jockers.inglory.de/depot-casino-1-euro-instant-tout-ce-que-vous-devez-savoir/" "Serf/1.3.9 (mod_pagespeed/1.13.35.2-0)"
193.202.110.30 - - [12/Mar/2026:13:32:42 +0100] "HEAD /casino-avec-depot-minimum-de-1-e-decouvrez-betify/ HTTP/1.0" 200 4245 "-" "WordPress/6.9.4; https://bilomera.se"
64.225.103.66 - - [12/Mar/2026:13:32:41 +0100] "POST /xmlrpc.php HTTP/1.0" 200 4175 "https://jockers.inglory.de/xmlrpc.php" "The Incutio XML-RPC PHP Library -- WordPress/5.3.6"
193.202.110.30 - - [12/Mar/2026:13:32:42 +0100] "POST /xmlrpc.php HTTP/1.0" 200 4175 "-" "The Incutio XML-RPC PHP Library -- WordPress/6.9.4"
94.130.90.54 - - [12/Mar/2026:13:32:57 +0100] "POST /wp-cron.php?doing_wp_cron=1773318777.1286320686340332031250 HTTP/1.0" 200 4071 "-" "OaGwm7Bxsiri"
193.202.110.30 - - [12/Mar/2026:13:32:56 +0100] "HEAD /casino-avec-depot-minimum-de-1-e-decouvrez-betify/ HTTP/1.0" 200 4245 "-" "WordPress/6.9.4; https://bilomera.se"
176.123.8.198 - - [12/Mar/2026:13:33:01 +0100] "GET /bonus-casino-bitcoin-profitez-doffres-instantanees/ HTTP/1.0" 200 171012 "-" "Mozilla/5.0 (Windows NT 10.0; Win64; x64) AppleWebKit/537.36 (KHTML, like Gecko) Chrome/120.0.0.0 Safari/537.36"
64.225.103.66 - - [12/Mar/2026:13:33:09 +0100] "HEAD /depot-au-casino-guide-complet-avec-betify/ HTTP/1.0" 200 4245 "https://jockers.inglory.de/depot-au-casino-guide-complet-avec-betify/" "WordPress/5.3.6; https://demo.booknetic.com"
94.130.90.54 - - [12/Mar/2026:13:33:32 +0100] "GET /wp-content/uploads/logo.svg HTTP/1.1" 200 12357 "https://jockers.inglory.de/casino-avec-retrait-le-jour-meme-instantane-et-pratique/" "Serf/1.3.9 (mod_pagespeed/1.13.35.2-0)"
176.123.8.198 - - [12/Mar/2026:13:33:30 +0100] "GET /casino-avec-retrait-le-jour-meme-instantane-et-pratique/ HTTP/1.0" 200 169788 "-" "Mozilla/5.0 (Windows NT 10.0; Win64; x64) AppleWebKit/537.36 (KHTML, like Gecko) Chrome/120.0.0.0 Safari/537.36"
94.130.90.54 - - [12/Mar/2026:13:33:32 +0100] "GET /wp-content/uploads/logo.svg HTTP/1.1" 200 12357 "https://jockers.inglory.de/casino-avec-retrait-le-jour-meme-instantane-et-pratique/" "Serf/1.3.9 (mod_pagespeed/1.13.35.2-0)"
94.130.90.54 - - [12/Mar/2026:13:33:32 +0100] "GET /wp-content/uploads/Google-logo.svg HTTP/1.1" 200 4648 "https://jockers.inglory.de/casino-avec-retrait-le-jour-meme-instantane-et-pratique/" "Serf/1.3.9 (mod_pagespeed/1.13.35.2-0)"
94.130.90.54 - - [12/Mar/2026:13:33:32 +0100] "GET /wp-content/uploads/logo.svg HTTP/1.1" 200 12357 "https://jockers.inglory.de/casino-avec-retrait-le-jour-meme-instantane-et-pratique/" "Serf/1.3.9 (mod_pagespeed/1.13.35.2-0)"
94.130.90.54 - - [12/Mar/2026:13:33:49 +0100] "POST /wp-cron.php?doing_wp_cron=1773318829.0786590576171875000000 HTTP/1.0" 200 4071 "-" "h6O0Dgs4xc7Q"
176.123.8.198 - - [12/Mar/2026:13:33:47 +0100] "GET /jouer-au-casino-en-ligne-instantanement-accedez-au-monde-du-jeu/ HTTP/1.0" 200 169490 "-" "Mozilla/5.0 (Windows NT 10.0; Win64; x64) AppleWebKit/537.36 (KHTML, like Gecko) Chrome/120.0.0.0 Safari/537.36"
176.123.8.198 - - [12/Mar/2026:13:34:10 +0100] "GET /casino-avec-retrait-le-jour-meme-gagnez-instantanement/ HTTP/1.0" 200 169508 "-" "Mozilla/5.0 (Windows NT 10.0; Win64; x64) AppleWebKit/537.36 (KHTML, like Gecko) Chrome/120.0.0.0 Safari/537.36"
176.123.8.198 - - [12/Mar/2026:13:34:26 +0100] "GET /jeux-dargent-en-ligne-avec-argent-reel-instantanement-a-votre-portee/ HTTP/1.0" 200 170862 "-" "Mozilla/5.0 (Windows NT 10.0; Win64; x64) AppleWebKit/537.36 (KHTML, like Gecko) Chrome/120.0.0.0 Safari/537.36"
94.130.90.54 - - [12/Mar/2026:13:34:46 +0100] "POST /wp-cron.php?doing_wp_cron=1773318886.8343620300292968750000 HTTP/1.0" 200 4071 "-" "ImCPDCPdKbPv"
176.123.8.198 - - [12/Mar/2026:13:34:45 +0100] "GET /casino-avec-croupier-en-direct-instantanement-plonge-dans-laction/ HTTP/1.0" 200 169620 "-" "Mozilla/5.0 (Windows NT 10.0; Win64; x64) AppleWebKit/537.36 (KHTML, like Gecko) Chrome/120.0.0.0 Safari/537.36"
176.123.8.198 - - [12/Mar/2026:13:35:04 +0100] "GET /crypto-casino-sans-kyc-instantane-et-securise/ HTTP/1.0" 200 169096 "-" "Mozilla/5.0 (Windows NT 10.0; Win64; x64) AppleWebKit/537.36 (KHTML, like Gecko) Chrome/120.0.0.0 Safari/537.36"
176.123.8.198 - - [12/Mar/2026:13:35:28 +0100] "GET /jeux-de-casino-classiques-instant-plaisir-et-divertissement/ HTTP/1.0" 200 169840 "-" "Mozilla/5.0 (Windows NT 10.0; Win64; x64) AppleWebKit/537.36 (KHTML, like Gecko) Chrome/120.0.0.0 Safari/537.36"
94.130.90.54 - - [12/Mar/2026:13:37:51 +0100] "POST /wp-cron.php?doing_wp_cron=1773319071.8653910160064697265625 HTTP/1.0" 200 4071 "-" "Y1hBc1L9wI2o"
50.63.26.195 - - [12/Mar/2026:13:37:51 +0100] "HEAD /roulette-de-casino-en-ligne-decouvrez-loco-win/ HTTP/1.0" 200 4245 "-" "WordPress/6.9.4; https://amerihealthenterprises.com"
50.63.26.195 - - [12/Mar/2026:13:37:52 +0100] "POST /xmlrpc.php HTTP/1.0" 200 4264 "-" "The Incutio XML-RPC PHP Library -- WordPress/6.9.4"
50.63.26.195 - - [12/Mar/2026:13:38:34 +0100] "HEAD /roulette-de-casino-en-ligne-decouvrez-loco-win/ HTTP/1.0" 200 4245 "-" "WordPress/6.9.4; https://amerihealthenterprises.com"
94.130.90.54 - - [12/Mar/2026:13:39:22 +0100] "POST /wp-cron.php?doing_wp_cron=1773319161.9829580783843994140625 HTTP/1.0" 200 4071 "-" "RnUV6AcpIfB6"
94.130.90.54 - - [12/Mar/2026:13:39:22 +0100] "GET /wp-includes/css/dashicons.min.css?ver=6.9.4 HTTP/1.1" 304 3392 "https://jockers.inglory.de/wp-login.php" "Serf/1.3.9 (mod_pagespeed/1.13.35.2-0)"
45.148.124.126 - - [12/Mar/2026:13:39:21 +0100] "GET /wp-login.php HTTP/1.0" 200 6547 "-" "Mozilla/5.0 (Macintosh; Intel Mac OS X 13_5) AppleWebKit/605.1.15 (KHTML, like Gecko) Version/17.5 Safari/605.1.15"
94.130.90.54 - - [12/Mar/2026:13:39:22 +0100] "GET /wp-includes/css/buttons.min.css?ver=6.9.4 HTTP/1.1" 304 3392 "https://jockers.inglory.de/wp-login.php" "Serf/1.3.9 (mod_pagespeed/1.13.35.2-0)"
94.130.90.54 - - [12/Mar/2026:13:39:22 +0100] "GET /wp-includes/js/dist/hooks.min.js?ver=dd5603f07f9220ed27f1 HTTP/1.1" 304 3392 "https://jockers.inglory.de/wp-login.php" "Serf/1.3.9 (mod_pagespeed/1.13.35.2-0)"
94.130.90.54 - - [12/Mar/2026:13:39:22 +0100] "GET /wp-includes/js/dist/i18n.min.js?ver=c26c3dc7bed366793375 HTTP/1.1" 304 3392 "https://jockers.inglory.de/wp-login.php" "Serf/1.3.9 (mod_pagespeed/1.13.35.2-0)"
94.130.90.54 - - [12/Mar/2026:13:39:22 +0100] "GET /wp-includes/js/wp-util.min.js?ver=6.9.4 HTTP/1.1" 304 3391 "https://jockers.inglory.de/wp-login.php" "Serf/1.3.9 (mod_pagespeed/1.13.35.2-0)"
94.130.90.54 - - [12/Mar/2026:13:39:22 +0100] "GET /wp-includes/js/dist/dom-ready.min.js?ver=f77871ff7694fffea381 HTTP/1.1" 304 3391 "https://jockers.inglory.de/wp-login.php" "Serf/1.3.9 (mod_pagespeed/1.13.35.2-0)"
94.130.90.54 - - [12/Mar/2026:13:39:22 +0100] "GET /wp-includes/js/dist/a11y.min.js?ver=cb460b4676c94bd228ed HTTP/1.1" 304 3391 "https://jockers.inglory.de/wp-login.php" "Serf/1.3.9 (mod_pagespeed/1.13.35.2-0)"
94.130.90.54 - - [12/Mar/2026:13:39:22 +0100] "GET /wp-content/uploads/cropped-items-32x32.png HTTP/1.1" 304 3391 "https://jockers.inglory.de/wp-login.php" "Serf/1.3.9 (mod_pagespeed/1.13.35.2-0)"
94.130.90.54 - - [12/Mar/2026:13:39:22 +0100] "GET /wp-content/uploads/cropped-items-192x192.png HTTP/1.1" 304 3391 "https://jockers.inglory.de/wp-login.php" "Serf/1.3.9 (mod_pagespeed/1.13.35.2-0)"
94.130.90.54 - - [12/Mar/2026:13:39:22 +0100] "GET /wp-content/uploads/cropped-items-180x180.png HTTP/1.1" 304 3391 "https://jockers.inglory.de/wp-login.php" "Serf/1.3.9 (mod_pagespeed/1.13.35.2-0)"
94.130.90.54 - - [12/Mar/2026:13:39:22 +0100] "GET /wp-includes/js/clipboard.min.js?ver=2.0.11 HTTP/1.1" 304 3392 "https://jockers.inglory.de/wp-login.php" "Serf/1.3.9 (mod_pagespeed/1.13.35.2-0)"
94.130.90.54 - - [12/Mar/2026:13:39:22 +0100] "GET /wp-includes/js/jquery/jquery.min.js?ver=3.7.1 HTTP/1.1" 304 3393 "https://jockers.inglory.de/wp-login.php" "Serf/1.3.9 (mod_pagespeed/1.13.35.2-0)"
94.130.90.54 - - [12/Mar/2026:13:39:22 +0100] "GET /wp-includes/js/jquery/jquery-migrate.min.js?ver=3.4.1 HTTP/1.1" 304 3392 "https://jockers.inglory.de/wp-login.php" "Serf/1.3.9 (mod_pagespeed/1.13.35.2-0)"
94.130.90.54 - - [12/Mar/2026:13:39:22 +0100] "GET /wp-includes/js/underscore.min.js?ver=1.13.7 HTTP/1.1" 304 3392 "https://jockers.inglory.de/wp-login.php" "Serf/1.3.9 (mod_pagespeed/1.13.35.2-0)"
94.130.90.54 - - [12/Mar/2026:13:39:22 +0100] "GET /wp-includes/js/zxcvbn-async.min.js?ver=1.0 HTTP/1.1" 304 3391 "https://jockers.inglory.de/wp-login.php" "Serf/1.3.9 (mod_pagespeed/1.13.35.2-0)"
94.130.90.54 - - [12/Mar/2026:13:39:23 +0100] "POST /wp-cron.php?doing_wp_cron=1773319163.6628720760345458984375 HTTP/1.0" 200 4071 "-" "xiJBrNsEBy8S"
45.148.124.126 - - [12/Mar/2026:13:39:22 +0100] "POST /xmlrpc.php HTTP/1.0" 200 4122 "-" "Mozilla/5.0 (Macintosh; Intel Mac OS X 13_5) AppleWebKit/605.1.15 (KHTML, like Gecko) Version/17.5 Safari/605.1.15"
45.148.124.126 - - [12/Mar/2026:13:39:24 +0100] "POST /xmlrpc.php HTTP/1.0" 200 8416 "-" "Mozilla/5.0 (Windows NT 10.0; Win64; x64; rv:127.0) Gecko/20100101 Firefox/127.0"
94.130.90.54 - - [12/Mar/2026:13:39:51 +0100] "POST /wp-cron.php?doing_wp_cron=1773319191.7113919258117675781250 HTTP/1.0" 200 4071 "-" "mBNtYORnChrU"
18.158.215.243 - - [12/Mar/2026:13:39:51 +0100] "HEAD /casino-avec-depot-minimum-de-1-e-decouvrez-betify/ HTTP/1.0" 200 4245 "https://jockers.inglory.de/casino-avec-depot-minimum-de-1-e-decouvrez-betify/" "WordPress/6.0.2; https://faq.meeriad.com"
94.130.90.54 - - [12/Mar/2026:13:40:47 +0100] "POST /wp-cron.php?doing_wp_cron=1773319247.7337999343872070312500 HTTP/1.0" 200 4071 "-" "TDdv3mR5MoKM"
81.19.145.53 - - [12/Mar/2026:13:40:46 +0100] "HEAD /jeux-de-cartes-de-casino-decouvrez-betify-et-les-meilleures-options-disponibles/ HTTP/1.0" 200 4245 "-" "WordPress/6.9.4; https://www.lmg-realestate.com"
81.19.145.53 - - [12/Mar/2026:13:40:47 +0100] "POST /xmlrpc.php HTTP/1.0" 200 4175 "-" "The Incutio XML-RPC PHP Library -- WordPress/6.9.4"
74.7.175.136 - - [12/Mar/2026:13:41:40 +0100] "GET /robots.txt HTTP/1.0" 200 4176 "-" "Mozilla/5.0 (Macintosh; Intel Mac OS X 10_15_7) AppleWebKit/537.36 (KHTML, like Gecko) Chrome/131.0.0.0 Safari/537.36; compatible; OAI-SearchBot/1.3; robots.txt; +https://openai.com/searchbot"
94.130.90.54 - - [12/Mar/2026:13:41:42 +0100] "GET /wp-content/plugins/preloader-pro/assets/css/loftloader.min.css?ver=2024090401 HTTP/1.1" 304 3393 "https://jockers.inglory.de/machine-a-sous-demo-decouvrez-loco-win-et-ameliorez-votre-experience-de-jeu/" "Serf/1.3.9 (mod_pagespeed/1.13.35.2-0)"
74.7.243.203 - - [12/Mar/2026:13:41:40 +0100] "GET /machine-a-sous-demo-decouvrez-loco-win-et-ameliorez-votre-experience-de-jeu/ HTTP/1.0" 200 27078 "https://thisisandyhops.co.uk" "Mozilla/5.0 AppleWebKit/537.36 (KHTML, like Gecko; compatible; GPTBot/1.3; +https://openai.com/gptbot)"
94.130.90.54 - - [12/Mar/2026:13:41:42 +0100] "GET /wp-includes/css/dist/block-library/style.min.css?ver=6.9.4 HTTP/1.1" 304 3393 "https://jockers.inglory.de/machine-a-sous-demo-decouvrez-loco-win-et-ameliorez-votre-experience-de-jeu/" "Serf/1.3.9 (mod_pagespeed/1.13.35.2-0)"
94.130.90.54 - - [12/Mar/2026:13:41:42 +0100] "GET /wp-content/themes/hello-elementor/assets/css/reset.css?ver=3.4.6 HTTP/1.1" 304 3392 "https://jockers.inglory.de/machine-a-sous-demo-decouvrez-loco-win-et-ameliorez-votre-experience-de-jeu/" "Serf/1.3.9 (mod_pagespeed/1.13.35.2-0)"
94.130.90.54 - - [12/Mar/2026:13:41:42 +0100] "GET /wp-content/themes/hello-elementor/assets/css/theme.css?ver=3.4.6 HTTP/1.1" 304 3392 "https://jockers.inglory.de/machine-a-sous-demo-decouvrez-loco-win-et-ameliorez-votre-experience-de-jeu/" "Serf/1.3.9 (mod_pagespeed/1.13.35.2-0)"
94.130.90.54 - - [12/Mar/2026:13:41:42 +0100] "GET /wp-content/themes/hello-elementor/assets/css/header-footer.css?ver=3.4.6 HTTP/1.1" 304 3392 "https://jockers.inglory.de/machine-a-sous-demo-decouvrez-loco-win-et-ameliorez-votre-experience-de-jeu/" "Serf/1.3.9 (mod_pagespeed/1.13.35.2-0)"
94.130.90.54 - - [12/Mar/2026:13:41:42 +0100] "GET /wp-content/plugins/elementor/assets/css/frontend.min.css?ver=3.35.7 HTTP/1.1" 304 3392 "https://jockers.inglory.de/machine-a-sous-demo-decouvrez-loco-win-et-ameliorez-votre-experience-de-jeu/" "Serf/1.3.9 (mod_pagespeed/1.13.35.2-0)"
94.130.90.54 - - [12/Mar/2026:13:41:42 +0100] "GET /wp-content/plugins/elementor/assets/css/widget-image.min.css?ver=3.35.7 HTTP/1.1" 304 3390 "https://jockers.inglory.de/machine-a-sous-demo-decouvrez-loco-win-et-ameliorez-votre-experience-de-jeu/" "Serf/1.3.9 (mod_pagespeed/1.13.35.2-0)"
94.130.90.54 - - [12/Mar/2026:13:41:42 +0100] "GET /wp-content/plugins/elementor-pro/assets/css/widget-nav-menu.min.css?ver=3.35.1 HTTP/1.1" 304 3392 "https://jockers.inglory.de/machine-a-sous-demo-decouvrez-loco-win-et-ameliorez-votre-experience-de-jeu/" "Serf/1.3.9 (mod_pagespeed/1.13.35.2-0)"
94.130.90.54 - - [12/Mar/2026:13:41:42 +0100] "GET /wp-content/plugins/elementor-pro/assets/css/modules/sticky.min.css?ver=3.35.1 HTTP/1.1" 304 3390 "https://jockers.inglory.de/machine-a-sous-demo-decouvrez-loco-win-et-ameliorez-votre-experience-de-jeu/" "Serf/1.3.9 (mod_pagespeed/1.13.35.2-0)"
94.130.90.54 - - [12/Mar/2026:13:41:42 +0100] "GET /wp-content/plugins/elementor/assets/css/widget-heading.min.css?ver=3.35.7 HTTP/1.1" 304 3391 "https://jockers.inglory.de/machine-a-sous-demo-decouvrez-loco-win-et-ameliorez-votre-experience-de-jeu/" "Serf/1.3.9 (mod_pagespeed/1.13.35.2-0)"
94.130.90.54 - - [12/Mar/2026:13:41:42 +0100] "GET /wp-content/plugins/elementor/assets/css/widget-rating.min.css?ver=3.35.7 HTTP/1.1" 304 3391 "https://jockers.inglory.de/machine-a-sous-demo-decouvrez-loco-win-et-ameliorez-votre-experience-de-jeu/" "Serf/1.3.9 (mod_pagespeed/1.13.35.2-0)"
94.130.90.54 - - [12/Mar/2026:13:41:42 +0100] "GET /wp-content/plugins/elementor/assets/css/widget-social-icons.min.css?ver=3.35.7 HTTP/1.1" 304 3392 "https://jockers.inglory.de/machine-a-sous-demo-decouvrez-loco-win-et-ameliorez-votre-experience-de-jeu/" "Serf/1.3.9 (mod_pagespeed/1.13.35.2-0)"
94.130.90.54 - - [12/Mar/2026:13:41:42 +0100] "GET /wp-content/plugins/elementor/assets/css/conditionals/apple-webkit.min.css?ver=3.35.7 HTTP/1.1" 304 3392 "https://jockers.inglory.de/machine-a-sous-demo-decouvrez-loco-win-et-ameliorez-votre-experience-de-jeu/" "Serf/1.3.9 (mod_pagespeed/1.13.35.2-0)"
94.130.90.54 - - [12/Mar/2026:13:41:42 +0100] "GET /wp-content/plugins/elementor/assets/css/widget-icon-list.min.css?ver=3.35.7 HTTP/1.1" 304 3392 "https://jockers.inglory.de/machine-a-sous-demo-decouvrez-loco-win-et-ameliorez-votre-experience-de-jeu/" "Serf/1.3.9 (mod_pagespeed/1.13.35.2-0)"
94.130.90.54 - - [12/Mar/2026:13:41:42 +0100] "GET /wp-content/plugins/elementor/assets/lib/animations/styles/fadeIn.min.css?ver=3.35.7 HTTP/1.1" 304 3390 "https://jockers.inglory.de/machine-a-sous-demo-decouvrez-loco-win-et-ameliorez-votre-experience-de-jeu/" "Serf/1.3.9 (mod_pagespeed/1.13.35.2-0)"
94.130.90.54 - - [12/Mar/2026:13:41:42 +0100] "GET /wp-content/plugins/elementor-pro/assets/css/conditionals/popup.min.css?ver=3.35.1 HTTP/1.1" 304 3391 "https://jockers.inglory.de/machine-a-sous-demo-decouvrez-loco-win-et-ameliorez-votre-experience-de-jeu/" "Serf/1.3.9 (mod_pagespeed/1.13.35.2-0)"
94.130.90.54 - - [12/Mar/2026:13:41:42 +0100] "GET /wp-content/plugins/elementor/assets/lib/eicons/css/elementor-icons.min.css?ver=5.47.0 HTTP/1.1" 304 3392 "https://jockers.inglory.de/machine-a-sous-demo-decouvrez-loco-win-et-ameliorez-votre-experience-de-jeu/" "Serf/1.3.9 (mod_pagespeed/1.13.35.2-0)"
94.130.90.54 - - [12/Mar/2026:13:41:42 +0100] "GET /wp-content/uploads/elementor/css/post-7.css?ver=1773290258 HTTP/1.1" 304 3392 "https://jockers.inglory.de/machine-a-sous-demo-decouvrez-loco-win-et-ameliorez-votre-experience-de-jeu/" "Serf/1.3.9 (mod_pagespeed/1.13.35.2-0)"
94.130.90.54 - - [12/Mar/2026:13:41:42 +0100] "GET /wp-content/uploads/elementor/css/post-110.css?ver=1773290260 HTTP/1.1" 304 3392 "https://jockers.inglory.de/machine-a-sous-demo-decouvrez-loco-win-et-ameliorez-votre-experience-de-jeu/" "Serf/1.3.9 (mod_pagespeed/1.13.35.2-0)"
94.130.90.54 - - [12/Mar/2026:13:41:42 +0100] "GET /wp-content/uploads/elementor/css/post-133.css?ver=1773290261 HTTP/1.1" 304 3393 "https://jockers.inglory.de/machine-a-sous-demo-decouvrez-loco-win-et-ameliorez-votre-experience-de-jeu/" "Serf/1.3.9 (mod_pagespeed/1.13.35.2-0)"
94.130.90.54 - - [12/Mar/2026:13:41:42 +0100] "GET /wp-content/uploads/elementor/css/post-136.css?ver=1773290261 HTTP/1.1" 304 3392 "https://jockers.inglory.de/machine-a-sous-demo-decouvrez-loco-win-et-ameliorez-votre-experience-de-jeu/" "Serf/1.3.9 (mod_pagespeed/1.13.35.2-0)"
