5.135.42.194 - - [12/Mar/2026:14:42:03 +0100] "HEAD /machines-a-sous-wildlife-plongez-dans-lunivers-sauvage-avec-leon/ HTTP/1.0" 200 4245 "-" "WordPress/6.2.9; https://www.oniricescape.com"
184.168.103.90 - - [12/Mar/2026:14:42:06 +0100] "HEAD /meilleures-machines-a-sous-en-ligne-avec-leon/ HTTP/1.0" 200 4245 "-" "WordPress/6.4.7; https://innovativedigisolutions.com"
184.168.103.90 - - [12/Mar/2026:14:42:21 +0100] "HEAD /meilleures-machines-a-sous-en-ligne-avec-leon/ HTTP/1.0" 200 4245 "-" "WordPress/6.4.7; https://innovativedigisolutions.com"
184.168.103.90 - - [12/Mar/2026:14:42:23 +0100] "POST /xmlrpc.php HTTP/1.0" 200 4175 "-" "The Incutio XML-RPC PHP Library -- WordPress/6.4.7"
94.130.90.54 - - [12/Mar/2026:14:42:46 +0100] "POST /wp-cron.php?doing_wp_cron=1773322966.8911581039428710937500 HTTP/1.0" 200 4071 "-" "GvZuyIQfSWC6"
187.73.33.7 - - [12/Mar/2026:14:42:46 +0100] "HEAD /bonus-casino-bitcoin-profitez-doffres-instantanees/ HTTP/1.0" 200 4245 "-" "WordPress/6.9; https://www.criativawip.com"
187.73.33.7 - - [12/Mar/2026:14:42:47 +0100] "POST /xmlrpc.php HTTP/1.0" 200 4175 "-" "The Incutio XML-RPC PHP Library -- WordPress/6.9"
94.242.61.156 - - [12/Mar/2026:14:43:11 +0100] "HEAD /crypto-casino-sans-kyc-instantane-et-securise/ HTTP/1.0" 200 4245 "-" "WordPress/6.9.3; https://watchxxxfree.club"
94.242.61.156 - - [12/Mar/2026:14:43:12 +0100] "POST /xmlrpc.php HTTP/1.0" 200 4175 "-" "The Incutio XML-RPC PHP Library -- WordPress/6.9.3"
94.130.90.54 - - [12/Mar/2026:14:44:28 +0100] "POST /wp-cron.php?doing_wp_cron=1773323068.7729589939117431640625 HTTP/1.0" 200 4071 "-" "8J13QPZHsHna"
51.79.82.34 - - [12/Mar/2026:14:44:28 +0100] "HEAD /application-de-casino-mobile-decouvrez-leon-et-les-meilleures-options/ HTTP/1.0" 200 4245 "-" "WordPress/6.8.5; https://studyglobalservice.com"
51.79.82.34 - - [12/Mar/2026:14:44:42 +0100] "HEAD /application-de-casino-mobile-decouvrez-leon-et-les-meilleures-options/ HTTP/1.0" 200 4245 "-" "WordPress/6.8.5; https://studyglobalservice.com"
94.130.90.54 - - [12/Mar/2026:14:44:46 +0100] "POST /wp-cron.php?doing_wp_cron=1773323086.2663099765777587890625 HTTP/1.0" 200 4071 "-" "Cz5ZOUY6AcQ2"
51.79.82.34 - - [12/Mar/2026:14:44:43 +0100] "POST /xmlrpc.php HTTP/1.0" 200 4175 "-" "The Incutio XML-RPC PHP Library -- WordPress/6.8.5"
91.108.107.170 - - [12/Mar/2026:14:44:56 +0100] "HEAD /bonus-casino-sans-depot-decouvrez-betify-pour-maximiser-vos-gains/ HTTP/1.0" 200 4245 "-" "WordPress/6.3.1; https://gsfproducts.in"
91.108.107.170 - - [12/Mar/2026:14:44:57 +0100] "POST /xmlrpc.php HTTP/1.0" 200 4275 "-" "The Incutio XML-RPC PHP Library -- WordPress/6.3.1"
69.6.192.66 - - [12/Mar/2026:14:45:01 +0100] "HEAD /machine-a-sous-demo-decouvrez-loco-win-et-ameliorez-votre-experience-de-jeu/ HTTP/1.0" 200 4245 "-" "WordPress/6.9.4; https://webloodbrothers.com"
69.6.192.66 - - [12/Mar/2026:14:45:03 +0100] "POST /xmlrpc.php HTTP/1.0" 200 4175 "-" "The Incutio XML-RPC PHP Library -- WordPress/6.9.4"
136.243.220.213 - - [12/Mar/2026:14:45:39 +0100] "GET /robots.txt HTTP/1.0" 200 4176 "-" "Mozilla/5.0 (compatible; DataForSeoBot/1.0; +https://dataforseo.com/dataforseo-bot)"
94.130.90.54 - - [12/Mar/2026:14:45:41 +0100] "GET /wp-content/plugins/preloader-pro/assets/css/loftloader.min.css?ver=2024090401 HTTP/1.1" 304 3393 "https://jockers.inglory.de/jeux-de-casino-classiques-instant-plaisir-et-divertissement/" "Serf/1.3.9 (mod_pagespeed/1.13.35.2-0)"
136.243.220.213 - - [12/Mar/2026:14:45:39 +0100] "GET /jeux-de-casino-classiques-instant-plaisir-et-divertissement/ HTTP/1.0" 200 27059 "-" "Mozilla/5.0 (compatible; DataForSeoBot/1.0; +https://dataforseo.com/dataforseo-bot)"
94.130.90.54 - - [12/Mar/2026:14:45:41 +0100] "GET /wp-includes/css/dist/block-library/style.min.css?ver=6.9.4 HTTP/1.1" 304 3393 "https://jockers.inglory.de/jeux-de-casino-classiques-instant-plaisir-et-divertissement/" "Serf/1.3.9 (mod_pagespeed/1.13.35.2-0)"
94.130.90.54 - - [12/Mar/2026:14:45:41 +0100] "GET /wp-content/themes/hello-elementor/assets/css/reset.css?ver=3.4.6 HTTP/1.1" 304 3392 "https://jockers.inglory.de/jeux-de-casino-classiques-instant-plaisir-et-divertissement/" "Serf/1.3.9 (mod_pagespeed/1.13.35.2-0)"
94.130.90.54 - - [12/Mar/2026:14:45:41 +0100] "GET /wp-content/themes/hello-elementor/assets/css/theme.css?ver=3.4.6 HTTP/1.1" 304 3392 "https://jockers.inglory.de/jeux-de-casino-classiques-instant-plaisir-et-divertissement/" "Serf/1.3.9 (mod_pagespeed/1.13.35.2-0)"
94.130.90.54 - - [12/Mar/2026:14:45:41 +0100] "GET /wp-content/themes/hello-elementor/assets/css/header-footer.css?ver=3.4.6 HTTP/1.1" 304 3392 "https://jockers.inglory.de/jeux-de-casino-classiques-instant-plaisir-et-divertissement/" "Serf/1.3.9 (mod_pagespeed/1.13.35.2-0)"
94.130.90.54 - - [12/Mar/2026:14:45:41 +0100] "GET /wp-content/plugins/elementor/assets/css/frontend.min.css?ver=3.35.7 HTTP/1.1" 304 3392 "https://jockers.inglory.de/jeux-de-casino-classiques-instant-plaisir-et-divertissement/" "Serf/1.3.9 (mod_pagespeed/1.13.35.2-0)"
94.130.90.54 - - [12/Mar/2026:14:45:41 +0100] "GET /wp-content/plugins/elementor/assets/css/widget-image.min.css?ver=3.35.7 HTTP/1.1" 304 3390 "https://jockers.inglory.de/jeux-de-casino-classiques-instant-plaisir-et-divertissement/" "Serf/1.3.9 (mod_pagespeed/1.13.35.2-0)"
94.130.90.54 - - [12/Mar/2026:14:45:41 +0100] "GET /wp-content/plugins/elementor-pro/assets/css/widget-nav-menu.min.css?ver=3.35.1 HTTP/1.1" 304 3392 "https://jockers.inglory.de/jeux-de-casino-classiques-instant-plaisir-et-divertissement/" "Serf/1.3.9 (mod_pagespeed/1.13.35.2-0)"
94.130.90.54 - - [12/Mar/2026:14:45:41 +0100] "GET /wp-content/plugins/elementor-pro/assets/css/modules/sticky.min.css?ver=3.35.1 HTTP/1.1" 304 3390 "https://jockers.inglory.de/jeux-de-casino-classiques-instant-plaisir-et-divertissement/" "Serf/1.3.9 (mod_pagespeed/1.13.35.2-0)"
94.130.90.54 - - [12/Mar/2026:14:45:41 +0100] "GET /wp-content/plugins/elementor/assets/css/widget-heading.min.css?ver=3.35.7 HTTP/1.1" 304 3391 "https://jockers.inglory.de/jeux-de-casino-classiques-instant-plaisir-et-divertissement/" "Serf/1.3.9 (mod_pagespeed/1.13.35.2-0)"
94.130.90.54 - - [12/Mar/2026:14:45:41 +0100] "GET /wp-content/plugins/elementor/assets/css/widget-rating.min.css?ver=3.35.7 HTTP/1.1" 304 3391 "https://jockers.inglory.de/jeux-de-casino-classiques-instant-plaisir-et-divertissement/" "Serf/1.3.9 (mod_pagespeed/1.13.35.2-0)"
94.130.90.54 - - [12/Mar/2026:14:45:41 +0100] "GET /wp-content/plugins/elementor/assets/css/widget-social-icons.min.css?ver=3.35.7 HTTP/1.1" 304 3392 "https://jockers.inglory.de/jeux-de-casino-classiques-instant-plaisir-et-divertissement/" "Serf/1.3.9 (mod_pagespeed/1.13.35.2-0)"
94.130.90.54 - - [12/Mar/2026:14:45:41 +0100] "GET /wp-content/plugins/elementor/assets/css/conditionals/apple-webkit.min.css?ver=3.35.7 HTTP/1.1" 304 3392 "https://jockers.inglory.de/jeux-de-casino-classiques-instant-plaisir-et-divertissement/" "Serf/1.3.9 (mod_pagespeed/1.13.35.2-0)"
94.130.90.54 - - [12/Mar/2026:14:45:41 +0100] "GET /wp-content/plugins/elementor/assets/css/widget-icon-list.min.css?ver=3.35.7 HTTP/1.1" 304 3392 "https://jockers.inglory.de/jeux-de-casino-classiques-instant-plaisir-et-divertissement/" "Serf/1.3.9 (mod_pagespeed/1.13.35.2-0)"
94.130.90.54 - - [12/Mar/2026:14:45:41 +0100] "GET /wp-content/plugins/elementor/assets/lib/animations/styles/fadeIn.min.css?ver=3.35.7 HTTP/1.1" 304 3390 "https://jockers.inglory.de/jeux-de-casino-classiques-instant-plaisir-et-divertissement/" "Serf/1.3.9 (mod_pagespeed/1.13.35.2-0)"
94.130.90.54 - - [12/Mar/2026:14:45:41 +0100] "GET /wp-content/plugins/elementor-pro/assets/css/conditionals/popup.min.css?ver=3.35.1 HTTP/1.1" 304 3391 "https://jockers.inglory.de/jeux-de-casino-classiques-instant-plaisir-et-divertissement/" "Serf/1.3.9 (mod_pagespeed/1.13.35.2-0)"
94.130.90.54 - - [12/Mar/2026:14:45:41 +0100] "GET /wp-content/plugins/elementor/assets/lib/eicons/css/elementor-icons.min.css?ver=5.47.0 HTTP/1.1" 304 3392 "https://jockers.inglory.de/jeux-de-casino-classiques-instant-plaisir-et-divertissement/" "Serf/1.3.9 (mod_pagespeed/1.13.35.2-0)"
94.130.90.54 - - [12/Mar/2026:14:45:41 +0100] "GET /wp-content/uploads/elementor/css/post-7.css?ver=1773290258 HTTP/1.1" 304 3392 "https://jockers.inglory.de/jeux-de-casino-classiques-instant-plaisir-et-divertissement/" "Serf/1.3.9 (mod_pagespeed/1.13.35.2-0)"
94.130.90.54 - - [12/Mar/2026:14:45:41 +0100] "GET /wp-content/uploads/elementor/css/post-110.css?ver=1773290260 HTTP/1.1" 304 3392 "https://jockers.inglory.de/jeux-de-casino-classiques-instant-plaisir-et-divertissement/" "Serf/1.3.9 (mod_pagespeed/1.13.35.2-0)"
94.130.90.54 - - [12/Mar/2026:14:45:41 +0100] "GET /wp-content/uploads/elementor/css/post-133.css?ver=1773290261 HTTP/1.1" 304 3393 "https://jockers.inglory.de/jeux-de-casino-classiques-instant-plaisir-et-divertissement/" "Serf/1.3.9 (mod_pagespeed/1.13.35.2-0)"
94.130.90.54 - - [12/Mar/2026:14:45:41 +0100] "GET /wp-content/uploads/elementor/css/post-136.css?ver=1773290261 HTTP/1.1" 304 3392 "https://jockers.inglory.de/jeux-de-casino-classiques-instant-plaisir-et-divertissement/" "Serf/1.3.9 (mod_pagespeed/1.13.35.2-0)"
94.130.90.54 - - [12/Mar/2026:14:45:41 +0100] "GET /wp-content/plugins/elementor/assets/lib/font-awesome/css/fontawesome.min.css?ver=5.15.3 HTTP/1.1" 304 3392 "https://jockers.inglory.de/jeux-de-casino-classiques-instant-plaisir-et-divertissement/" "Serf/1.3.9 (mod_pagespeed/1.13.35.2-0)"
94.130.90.54 - - [12/Mar/2026:14:45:41 +0100] "GET /wp-content/plugins/elementor/assets/lib/font-awesome/css/solid.min.css?ver=5.15.3 HTTP/1.1" 304 3391 "https://jockers.inglory.de/jeux-de-casino-classiques-instant-plaisir-et-divertissement/" "Serf/1.3.9 (mod_pagespeed/1.13.35.2-0)"
94.130.90.54 - - [12/Mar/2026:14:45:41 +0100] "GET /wp-content/plugins/elementor/assets/lib/font-awesome/css/brands.min.css?ver=5.15.3 HTTP/1.1" 304 3391 "https://jockers.inglory.de/jeux-de-casino-classiques-instant-plaisir-et-divertissement/" "Serf/1.3.9 (mod_pagespeed/1.13.35.2-0)"
94.130.90.54 - - [12/Mar/2026:14:45:41 +0100] "GET /wp-content/plugins/elementor/assets/js/frontend-modules.min.js?ver=3.35.7 HTTP/1.1" 304 3392 "https://jockers.inglory.de/jeux-de-casino-classiques-instant-plaisir-et-divertissement/" "Serf/1.3.9 (mod_pagespeed/1.13.35.2-0)"
94.130.90.54 - - [12/Mar/2026:14:45:41 +0100] "GET /wp-includes/js/jquery/ui/core.min.js?ver=1.13.3 HTTP/1.1" 304 3392 "https://jockers.inglory.de/jeux-de-casino-classiques-instant-plaisir-et-divertissement/" "Serf/1.3.9 (mod_pagespeed/1.13.35.2-0)"
136.243.220.213 - - [12/Mar/2026:14:45:41 +0100] "GET /robots.txt HTTP/1.0" 200 4176 "-" "Mozilla/5.0 (compatible; DataForSeoBot/1.0; +https://dataforseo.com/dataforseo-bot)"
94.130.90.54 - - [12/Mar/2026:14:45:41 +0100] "GET /wp-content/plugins/elementor-pro/assets/lib/smartmenus/jquery.smartmenus.min.js?ver=1.2.1 HTTP/1.1" 304 3392 "https://jockers.inglory.de/jeux-de-casino-classiques-instant-plaisir-et-divertissement/" "Serf/1.3.9 (mod_pagespeed/1.13.35.2-0)"
94.130.90.54 - - [12/Mar/2026:14:45:41 +0100] "GET /wp-content/plugins/elementor-pro/assets/lib/sticky/jquery.sticky.min.js?ver=3.35.1 HTTP/1.1" 304 3391 "https://jockers.inglory.de/jeux-de-casino-classiques-instant-plaisir-et-divertissement/" "Serf/1.3.9 (mod_pagespeed/1.13.35.2-0)"
94.130.90.54 - - [12/Mar/2026:14:45:41 +0100] "GET /wp-includes/js/dist/hooks.min.js?ver=dd5603f07f9220ed27f1 HTTP/1.1" 304 3392 "https://jockers.inglory.de/jeux-de-casino-classiques-instant-plaisir-et-divertissement/" "Serf/1.3.9 (mod_pagespeed/1.13.35.2-0)"
94.130.90.54 - - [12/Mar/2026:14:45:41 +0100] "GET /wp-includes/js/dist/i18n.min.js?ver=c26c3dc7bed366793375 HTTP/1.1" 304 3392 "https://jockers.inglory.de/jeux-de-casino-classiques-instant-plaisir-et-divertissement/" "Serf/1.3.9 (mod_pagespeed/1.13.35.2-0)"
94.130.90.54 - - [12/Mar/2026:14:45:41 +0100] "GET /wp-content/uploads/cropped-items-32x32.png HTTP/1.1" 304 3391 "https://jockers.inglory.de/jeux-de-casino-classiques-instant-plaisir-et-divertissement/" "Serf/1.3.9 (mod_pagespeed/1.13.35.2-0)"
94.130.90.54 - - [12/Mar/2026:14:45:41 +0100] "GET /wp-content/uploads/cropped-items-192x192.png HTTP/1.1" 304 3391 "https://jockers.inglory.de/jeux-de-casino-classiques-instant-plaisir-et-divertissement/" "Serf/1.3.9 (mod_pagespeed/1.13.35.2-0)"
94.130.90.54 - - [12/Mar/2026:14:45:41 +0100] "GET /wp-content/uploads/cropped-items-180x180.png HTTP/1.1" 304 3391 "https://jockers.inglory.de/jeux-de-casino-classiques-instant-plaisir-et-divertissement/" "Serf/1.3.9 (mod_pagespeed/1.13.35.2-0)"
94.130.90.54 - - [12/Mar/2026:14:45:41 +0100] "GET /wp-includes/js/jquery/jquery.min.js?ver=3.7.1 HTTP/1.1" 304 3393 "https://jockers.inglory.de/jeux-de-casino-classiques-instant-plaisir-et-divertissement/" "Serf/1.3.9 (mod_pagespeed/1.13.35.2-0)"
94.130.90.54 - - [12/Mar/2026:14:45:41 +0100] "GET /wp-includes/js/jquery/jquery-migrate.min.js?ver=3.4.1 HTTP/1.1" 304 3392 "https://jockers.inglory.de/jeux-de-casino-classiques-instant-plaisir-et-divertissement/" "Serf/1.3.9 (mod_pagespeed/1.13.35.2-0)"
94.130.90.54 - - [12/Mar/2026:14:45:41 +0100] "GET /wp-content/plugins/preloader-pro/assets/js/jquery.waitformedias.min.js?ver=2024090401 HTTP/1.1" 304 3392 "https://jockers.inglory.de/jeux-de-casino-classiques-instant-plaisir-et-divertissement/" "Serf/1.3.9 (mod_pagespeed/1.13.35.2-0)"
94.130.90.54 - - [12/Mar/2026:14:45:41 +0100] "GET /wp-content/plugins/elementor-pro/assets/js/frontend.min.js?ver=3.35.1 HTTP/1.1" 304 3392 "https://jockers.inglory.de/jeux-de-casino-classiques-instant-plaisir-et-divertissement/" "Serf/1.3.9 (mod_pagespeed/1.13.35.2-0)"
94.130.90.54 - - [12/Mar/2026:14:45:41 +0100] "GET /wp-content/plugins/elementor-pro/assets/js/elements-handlers.min.js?ver=3.35.1 HTTP/1.1" 304 3392 "https://jockers.inglory.de/jeux-de-casino-classiques-instant-plaisir-et-divertissement/" "Serf/1.3.9 (mod_pagespeed/1.13.35.2-0)"
94.130.90.54 - - [12/Mar/2026:14:45:41 +0100] "GET /wp-content/uploads/logo.svg HTTP/1.1" 200 12357 "https://jockers.inglory.de/jeux-de-casino-classiques-instant-plaisir-et-divertissement/" "Serf/1.3.9 (mod_pagespeed/1.13.35.2-0)"
94.130.90.54 - - [12/Mar/2026:14:45:41 +0100] "GET /wp-content/uploads/logo.svg HTTP/1.1" 200 12357 "https://jockers.inglory.de/jeux-de-casino-classiques-instant-plaisir-et-divertissement/" "Serf/1.3.9 (mod_pagespeed/1.13.35.2-0)"
94.130.90.54 - - [12/Mar/2026:14:45:41 +0100] "GET /wp-content/uploads/Google-logo.svg HTTP/1.1" 200 4648 "https://jockers.inglory.de/jeux-de-casino-classiques-instant-plaisir-et-divertissement/" "Serf/1.3.9 (mod_pagespeed/1.13.35.2-0)"
94.130.90.54 - - [12/Mar/2026:14:45:41 +0100] "GET /wp-content/uploads/logo.svg HTTP/1.1" 200 12357 "https://jockers.inglory.de/jeux-de-casino-classiques-instant-plaisir-et-divertissement/" "Serf/1.3.9 (mod_pagespeed/1.13.35.2-0)"
94.130.90.54 - - [12/Mar/2026:14:45:41 +0100] "GET /wp-content/plugins/preloader-pro/assets/js/loftloader.min.js?ver=2024090401 HTTP/1.1" 304 3392 "https://jockers.inglory.de/jeux-de-casino-classiques-instant-plaisir-et-divertissement/" "Serf/1.3.9 (mod_pagespeed/1.13.35.2-0)"
94.130.90.54 - - [12/Mar/2026:14:45:41 +0100] "GET /wp-content/plugins/elementor/assets/js/webpack.runtime.min.js?ver=3.35.7 HTTP/1.1" 304 3392 "https://jockers.inglory.de/jeux-de-casino-classiques-instant-plaisir-et-divertissement/" "Serf/1.3.9 (mod_pagespeed/1.13.35.2-0)"
94.130.90.54 - - [12/Mar/2026:14:45:41 +0100] "GET /wp-content/plugins/elementor/assets/js/frontend.min.js?ver=3.35.7 HTTP/1.1" 304 3392 "https://jockers.inglory.de/jeux-de-casino-classiques-instant-plaisir-et-divertissement/" "Serf/1.3.9 (mod_pagespeed/1.13.35.2-0)"
94.130.90.54 - - [12/Mar/2026:14:45:41 +0100] "GET /wp-content/plugins/elementor-pro/assets/js/webpack-pro.runtime.min.js?ver=3.35.1 HTTP/1.1" 304 3392 "https://jockers.inglory.de/jeux-de-casino-classiques-instant-plaisir-et-divertissement/" "Serf/1.3.9 (mod_pagespeed/1.13.35.2-0)"
136.243.220.213 - - [12/Mar/2026:14:45:43 +0100] "GET /sitemap.xml HTTP/1.0" 301 4064 "-" "Mozilla/5.0 (compatible; DataForSeoBot/1.0; +https://dataforseo.com/dataforseo-bot)"
91.108.107.170 - - [12/Mar/2026:14:45:43 +0100] "HEAD /bonus-casino-sans-depot-decouvrez-betify-pour-maximiser-vos-gains/ HTTP/1.0" 200 4245 "-" "WordPress/6.3.1; https://gsfproducts.in"
136.243.220.213 - - [12/Mar/2026:14:45:44 +0100] "GET /wp-sitemap.xml HTTP/1.0" 200 4253 "-" "Mozilla/5.0 (compatible; DataForSeoBot/1.0; +https://dataforseo.com/dataforseo-bot)"
94.130.90.54 - - [12/Mar/2026:14:45:48 +0100] "POST /wp-cron.php?doing_wp_cron=1773323148.4343969821929931640625 HTTP/1.0" 200 4071 "-" "fWfOVI1qzKFm"
136.243.220.213 - - [12/Mar/2026:14:45:47 +0100] "GET /wp-sitemap-posts-post-1.xml HTTP/1.0" 200 6285 "-" "Mozilla/5.0 (compatible; DataForSeoBot/1.0; +https://dataforseo.com/dataforseo-bot)"
69.6.192.66 - - [12/Mar/2026:14:46:07 +0100] "HEAD /machine-a-sous-demo-decouvrez-loco-win-et-ameliorez-votre-experience-de-jeu/ HTTP/1.0" 200 4245 "-" "WordPress/6.9.4; https://webloodbrothers.com"
136.243.220.213 - - [12/Mar/2026:14:46:39 +0100] "GET /jockers HTTP/1.0" 301 4058 "-" "Mozilla/5.0 (compatible; DataForSeoBot/1.0; +https://dataforseo.com/dataforseo-bot)"
136.243.220.213 - - [12/Mar/2026:14:46:43 +0100] "GET /referenzen-innensauna HTTP/1.0" 301 4072 "-" "Mozilla/5.0 (compatible; DataForSeoBot/1.0; +https://dataforseo.com/dataforseo-bot)"
94.130.90.54 - - [12/Mar/2026:14:46:46 +0100] "POST /wp-cron.php?doing_wp_cron=1773323206.1314010620117187500000 HTTP/1.0" 200 4071 "-" "U9BN7a7TnQ3Q"
136.243.220.213 - - [12/Mar/2026:14:46:45 +0100] "GET /wp-sitemap-posts-page-1.xml HTTP/1.0" 200 4500 "-" "Mozilla/5.0 (compatible; DataForSeoBot/1.0; +https://dataforseo.com/dataforseo-bot)"
94.242.61.156 - - [12/Mar/2026:14:46:47 +0100] "HEAD /crypto-casino-sans-kyc-instantane-et-securise/ HTTP/1.0" 200 4245 "-" "WordPress/6.9.3; https://watchxxxfree.club"
136.243.220.213 - - [12/Mar/2026:14:46:47 +0100] "GET /referenzen-ausensauna HTTP/1.0" 301 4072 "-" "Mozilla/5.0 (compatible; DataForSeoBot/1.0; +https://dataforseo.com/dataforseo-bot)"
94.242.61.156 - - [12/Mar/2026:14:46:47 +0100] "HEAD /crypto-casino-sans-kyc-instantane-et-securise/ HTTP/1.0" 200 4245 "-" "WordPress/6.9.3; http://watchxxxfree.club"
94.242.61.156 - - [12/Mar/2026:14:46:49 +0100] "HEAD /crypto-casino-sans-kyc-instantane-et-securise/ HTTP/1.0" 200 4245 "-" "WordPress/6.9.3; https://watchxxxfree.club"
94.130.90.54 - - [12/Mar/2026:14:46:52 +0100] "GET /wp-content/plugins/elementor/assets/css/widget-divider.min.css?ver=3.35.7 HTTP/1.1" 200 7806 "https://jockers.inglory.de/jockers/" "Serf/1.3.9 (mod_pagespeed/1.13.35.2-0)"
94.130.90.54 - - [12/Mar/2026:14:46:52 +0100] "GET /wp-content/uploads/img-7-1-3.jpg HTTP/1.1" 200 57255 "https://jockers.inglory.de/jockers/" "Serf/1.3.9 (mod_pagespeed/1.13.35.2-0)"
94.130.90.54 - - [12/Mar/2026:14:46:52 +0100] "GET /wp-content/uploads/img-7-1-3.jpg HTTP/1.1" 200 57255 "https://jockers.inglory.de/jockers/" "Serf/1.3.9 (mod_pagespeed/1.13.35.2-0)"
136.243.220.213 - - [12/Mar/2026:14:46:51 +0100] "GET /jockers/ HTTP/1.0" 200 27476 "-" "Mozilla/5.0 (compatible; DataForSeoBot/1.0; +https://dataforseo.com/dataforseo-bot)"
94.130.90.54 - - [12/Mar/2026:14:46:52 +0100] "GET /wp-content/uploads/img-7-1-3-300x200.jpg HTTP/1.1" 200 11107 "https://jockers.inglory.de/jockers/" "Serf/1.3.9 (mod_pagespeed/1.13.35.2-0)"
94.130.90.54 - - [12/Mar/2026:14:46:52 +0100] "GET /wp-content/uploads/img-7-1-3-1024x683.jpg HTTP/1.1" 200 45177 "https://jockers.inglory.de/jockers/" "Serf/1.3.9 (mod_pagespeed/1.13.35.2-0)"
94.130.90.54 - - [12/Mar/2026:14:46:52 +0100] "GET /wp-content/uploads/img-7-1-3-768x512.jpg HTTP/1.1" 200 32586 "https://jockers.inglory.de/jockers/" "Serf/1.3.9 (mod_pagespeed/1.13.35.2-0)"
94.130.90.54 - - [12/Mar/2026:14:46:52 +0100] "GET /wp-content/uploads/img-8-1-1.jpg HTTP/1.1" 200 102610 "https://jockers.inglory.de/jockers/" "Serf/1.3.9 (mod_pagespeed/1.13.35.2-0)"
94.130.90.54 - - [12/Mar/2026:14:46:52 +0100] "GET /wp-content/uploads/img-8-1-1.jpg HTTP/1.1" 200 102610 "https://jockers.inglory.de/jockers/" "Serf/1.3.9 (mod_pagespeed/1.13.35.2-0)"
94.130.90.54 - - [12/Mar/2026:14:46:52 +0100] "GET /wp-content/uploads/img-8-1-1-300x221.jpg HTTP/1.1" 200 14919 "https://jockers.inglory.de/jockers/" "Serf/1.3.9 (mod_pagespeed/1.13.35.2-0)"
94.130.90.54 - - [12/Mar/2026:14:46:52 +0100] "GET /wp-content/uploads/img-8-1-1-1024x755.jpg HTTP/1.1" 200 77628 "https://jockers.inglory.de/jockers/" "Serf/1.3.9 (mod_pagespeed/1.13.35.2-0)"
94.130.90.54 - - [12/Mar/2026:14:46:52 +0100] "GET /wp-content/uploads/img-8-1-1-768x567.jpg HTTP/1.1" 200 51596 "https://jockers.inglory.de/jockers/" "Serf/1.3.9 (mod_pagespeed/1.13.35.2-0)"
94.130.90.54 - - [12/Mar/2026:14:46:52 +0100] "GET /wp-content/uploads/elementor/css/post-158.css?ver=1773323212 HTTP/1.1" 200 21381 "https://jockers.inglory.de/jockers/" "Serf/1.3.9 (mod_pagespeed/1.13.35.2-0)"
94.130.90.54 - - [12/Mar/2026:14:46:52 +0100] "GET /wp-content/uploads/teamjockers.jpg HTTP/1.1" 200 138395 "https://jockers.inglory.de/jockers/" "Serf/1.3.9 (mod_pagespeed/1.13.35.2-0)"
136.243.220.213 - - [12/Mar/2026:14:46:52 +0100] "GET /wp-sitemap-taxonomies-category-1.xml HTTP/1.0" 200 4228 "-" "Mozilla/5.0 (compatible; DataForSeoBot/1.0; +https://dataforseo.com/dataforseo-bot)"
136.243.220.213 - - [12/Mar/2026:14:46:55 +0100] "GET /angebote HTTP/1.0" 301 4059 "-" "Mozilla/5.0 (compatible; DataForSeoBot/1.0; +https://dataforseo.com/dataforseo-bot)"
136.243.220.213 - - [12/Mar/2026:14:46:57 +0100] "GET /wp-sitemap-users-1.xml HTTP/1.0" 200 4222 "-" "Mozilla/5.0 (compatible; DataForSeoBot/1.0; +https://dataforseo.com/dataforseo-bot)"
94.130.90.54 - - [12/Mar/2026:14:47:01 +0100] "GET /wp-content/plugins/elementor/assets/lib/swiper/v8/css/swiper.min.css?ver=8.4.5 HTTP/1.1" 200 20049 "https://jockers.inglory.de/referenzen-gewerbliche-projekte/" "Serf/1.3.9 (mod_pagespeed/1.13.35.2-0)"
94.130.90.54 - - [12/Mar/2026:14:47:01 +0100] "GET /wp-content/plugins/elementor/assets/css/conditionals/e-swiper.min.css?ver=3.35.7 HTTP/1.1" 200 9034 "https://jockers.inglory.de/referenzen-gewerbliche-projekte/" "Serf/1.3.9 (mod_pagespeed/1.13.35.2-0)"
94.130.90.54 - - [12/Mar/2026:14:47:01 +0100] "GET /wp-content/plugins/elementor-pro/assets/css/widget-gallery.min.css?ver=3.35.1 HTTP/1.1" 200 9494 "https://jockers.inglory.de/referenzen-gewerbliche-projekte/" "Serf/1.3.9 (mod_pagespeed/1.13.35.2-0)"
94.130.90.54 - - [12/Mar/2026:14:47:01 +0100] "GET /wp-content/plugins/elementor/assets/lib/e-gallery/css/e-gallery.min.css?ver=1.2.0 HTTP/1.1" 200 6850 "https://jockers.inglory.de/referenzen-gewerbliche-projekte/" "Serf/1.3.9 (mod_pagespeed/1.13.35.2-0)"
136.243.220.213 - - [12/Mar/2026:14:46:59 +0100] "GET /referenzen-gewerbliche-projekte/ HTTP/1.0" 200 33241 "-" "Mozilla/5.0 (compatible; DataForSeoBot/1.0; +https://dataforseo.com/dataforseo-bot)"
94.130.90.54 - - [12/Mar/2026:14:47:01 +0100] "GET /wp-content/plugins/elementor-pro/assets/css/conditionals/transitions.min.css?ver=3.35.1 HTTP/1.1" 200 10804 "https://jockers.inglory.de/referenzen-gewerbliche-projekte/" "Serf/1.3.9 (mod_pagespeed/1.13.35.2-0)"
94.130.90.54 - - [12/Mar/2026:14:47:01 +0100] "GET /wp-content/uploads/img-2-1-6.jpg HTTP/1.1" 200 58732 "https://jockers.inglory.de/referenzen-gewerbliche-projekte/" "Serf/1.3.9 (mod_pagespeed/1.13.35.2-0)"
94.130.90.54 - - [12/Mar/2026:14:47:01 +0100] "GET /wp-content/uploads/img-2-1-6.jpg HTTP/1.1" 200 58732 "https://jockers.inglory.de/referenzen-gewerbliche-projekte/" "Serf/1.3.9 (mod_pagespeed/1.13.35.2-0)"
94.130.90.54 - - [12/Mar/2026:14:47:01 +0100] "GET /wp-content/uploads/img-2-1-6-300x221.jpg HTTP/1.1" 200 9832 "https://jockers.inglory.de/referenzen-gewerbliche-projekte/" "Serf/1.3.9 (mod_pagespeed/1.13.35.2-0)"
94.130.90.54 - - [12/Mar/2026:14:47:01 +0100] "GET /wp-content/uploads/img-2-1-6-1024x753.jpg HTTP/1.1" 200 42603 "https://jockers.inglory.de/referenzen-gewerbliche-projekte/" "Serf/1.3.9 (mod_pagespeed/1.13.35.2-0)"
94.130.90.54 - - [12/Mar/2026:14:47:01 +0100] "GET /wp-content/uploads/img-2-1-6-768x565.jpg HTTP/1.1" 200 29112 "https://jockers.inglory.de/referenzen-gewerbliche-projekte/" "Serf/1.3.9 (mod_pagespeed/1.13.35.2-0)"
94.130.90.54 - - [12/Mar/2026:14:47:01 +0100] "GET /wp-content/uploads/img-1-6.jpg HTTP/1.1" 200 183728 "https://jockers.inglory.de/referenzen-gewerbliche-projekte/" "Serf/1.3.9 (mod_pagespeed/1.13.35.2-0)"
94.130.90.54 - - [12/Mar/2026:14:47:01 +0100] "GET /wp-content/uploads/img-1-6.jpg HTTP/1.1" 200 183728 "https://jockers.inglory.de/referenzen-gewerbliche-projekte/" "Serf/1.3.9 (mod_pagespeed/1.13.35.2-0)"
94.130.90.54 - - [12/Mar/2026:14:47:01 +0100] "GET /wp-content/uploads/img-1-6-300x248.jpg HTTP/1.1" 200 18125 "https://jockers.inglory.de/referenzen-gewerbliche-projekte/" "Serf/1.3.9 (mod_pagespeed/1.13.35.2-0)"
94.130.90.54 - - [12/Mar/2026:14:47:01 +0100] "GET /wp-content/uploads/img-1-6-1024x848.jpg HTTP/1.1" 200 138384 "https://jockers.inglory.de/referenzen-gewerbliche-projekte/" "Serf/1.3.9 (mod_pagespeed/1.13.35.2-0)"
94.130.90.54 - - [12/Mar/2026:14:47:01 +0100] "GET /wp-content/uploads/img-1-6-768x636.jpg HTTP/1.1" 200 84022 "https://jockers.inglory.de/referenzen-gewerbliche-projekte/" "Serf/1.3.9 (mod_pagespeed/1.13.35.2-0)"
94.130.90.54 - - [12/Mar/2026:14:47:01 +0100] "GET /wp-content/uploads/img-3-1-5.jpg HTTP/1.1" 200 87733 "https://jockers.inglory.de/referenzen-gewerbliche-projekte/" "Serf/1.3.9 (mod_pagespeed/1.13.35.2-0)"
94.130.90.54 - - [12/Mar/2026:14:47:01 +0100] "GET /wp-content/uploads/img-3-1-5.jpg HTTP/1.1" 200 87733 "https://jockers.inglory.de/referenzen-gewerbliche-projekte/" "Serf/1.3.9 (mod_pagespeed/1.13.35.2-0)"
94.130.90.54 - - [12/Mar/2026:14:47:01 +0100] "GET /wp-content/uploads/img-3-1-5-300x248.jpg HTTP/1.1" 200 13196 "https://jockers.inglory.de/referenzen-gewerbliche-projekte/" "Serf/1.3.9 (mod_pagespeed/1.13.35.2-0)"
94.130.90.54 - - [12/Mar/2026:14:47:01 +0100] "GET /wp-content/uploads/img-3-1-5-1024x848.jpg HTTP/1.1" 200 85785 "https://jockers.inglory.de/referenzen-gewerbliche-projekte/" "Serf/1.3.9 (mod_pagespeed/1.13.35.2-0)"
94.130.90.54 - - [12/Mar/2026:14:47:01 +0100] "GET /wp-content/uploads/img-3-1-5-768x636.jpg HTTP/1.1" 200 49460 "https://jockers.inglory.de/referenzen-gewerbliche-projekte/" "Serf/1.3.9 (mod_pagespeed/1.13.35.2-0)"
94.130.90.54 - - [12/Mar/2026:14:47:01 +0100] "GET /wp-content/uploads/img-4-1-5.jpg HTTP/1.1" 200 64724 "https://jockers.inglory.de/referenzen-gewerbliche-projekte/" "Serf/1.3.9 (mod_pagespeed/1.13.35.2-0)"
94.130.90.54 - - [12/Mar/2026:14:47:01 +0100] "GET /wp-content/uploads/img-4-1-5.jpg HTTP/1.1" 200 64724 "https://jockers.inglory.de/referenzen-gewerbliche-projekte/" "Serf/1.3.9 (mod_pagespeed/1.13.35.2-0)"
94.130.90.54 - - [12/Mar/2026:14:47:01 +0100] "GET /wp-content/uploads/img-4-1-5-300x230.jpg HTTP/1.1" 200 10665 "https://jockers.inglory.de/referenzen-gewerbliche-projekte/" "Serf/1.3.9 (mod_pagespeed/1.13.35.2-0)"
94.130.90.54 - - [12/Mar/2026:14:47:01 +0100] "GET /wp-content/uploads/img-4-1-5-1024x786.jpg HTTP/1.1" 200 50207 "https://jockers.inglory.de/referenzen-gewerbliche-projekte/" "Serf/1.3.9 (mod_pagespeed/1.13.35.2-0)"
94.130.90.54 - - [12/Mar/2026:14:47:01 +0100] "GET /wp-content/uploads/img-4-1-5-768x590.jpg HTTP/1.1" 200 33889 "https://jockers.inglory.de/referenzen-gewerbliche-projekte/" "Serf/1.3.9 (mod_pagespeed/1.13.35.2-0)"
94.130.90.54 - - [12/Mar/2026:14:47:01 +0100] "GET /wp-content/uploads/img-5-1-3.jpg HTTP/1.1" 200 113170 "https://jockers.inglory.de/referenzen-gewerbliche-projekte/" "Serf/1.3.9 (mod_pagespeed/1.13.35.2-0)"
94.130.90.54 - - [12/Mar/2026:14:47:01 +0100] "GET /wp-content/uploads/img-5-1-3.jpg HTTP/1.1" 200 113170 "https://jockers.inglory.de/referenzen-gewerbliche-projekte/" "Serf/1.3.9 (mod_pagespeed/1.13.35.2-0)"
94.130.90.54 - - [12/Mar/2026:14:47:01 +0100] "GET /wp-content/uploads/img-5-1-3-300x230.jpg HTTP/1.1" 200 14599 "https://jockers.inglory.de/referenzen-gewerbliche-projekte/" "Serf/1.3.9 (mod_pagespeed/1.13.35.2-0)"
94.130.90.54 - - [12/Mar/2026:14:47:01 +0100] "GET /wp-content/uploads/img-5-1-3-1024x786.jpg HTTP/1.1" 200 104928 "https://jockers.inglory.de/referenzen-gewerbliche-projekte/" "Serf/1.3.9 (mod_pagespeed/1.13.35.2-0)"
94.130.90.54 - - [12/Mar/2026:14:47:01 +0100] "GET /wp-content/uploads/img-5-1-3-768x590.jpg HTTP/1.1" 200 65617 "https://jockers.inglory.de/referenzen-gewerbliche-projekte/" "Serf/1.3.9 (mod_pagespeed/1.13.35.2-0)"
94.130.90.54 - - [12/Mar/2026:14:47:01 +0100] "GET /wp-content/uploads/img-6-1-3.jpg HTTP/1.1" 200 88159 "https://jockers.inglory.de/referenzen-gewerbliche-projekte/" "Serf/1.3.9 (mod_pagespeed/1.13.35.2-0)"
94.130.90.54 - - [12/Mar/2026:14:47:01 +0100] "GET /wp-content/uploads/img-6-1-3.jpg HTTP/1.1" 200 88159 "https://jockers.inglory.de/referenzen-gewerbliche-projekte/" "Serf/1.3.9 (mod_pagespeed/1.13.35.2-0)"
94.130.90.54 - - [12/Mar/2026:14:47:01 +0100] "GET /wp-content/uploads/img-6-1-3-300x257.jpg HTTP/1.1" 200 12912 "https://jockers.inglory.de/referenzen-gewerbliche-projekte/" "Serf/1.3.9 (mod_pagespeed/1.13.35.2-0)"
94.130.90.54 - - [12/Mar/2026:14:47:01 +0100] "GET /wp-content/uploads/img-6-1-3-1024x879.jpg HTTP/1.1" 200 69077 "https://jockers.inglory.de/referenzen-gewerbliche-projekte/" "Serf/1.3.9 (mod_pagespeed/1.13.35.2-0)"
94.130.90.54 - - [12/Mar/2026:14:47:01 +0100] "GET /wp-content/uploads/img-6-1-3-768x659.jpg HTTP/1.1" 200 49887 "https://jockers.inglory.de/referenzen-gewerbliche-projekte/" "Serf/1.3.9 (mod_pagespeed/1.13.35.2-0)"
94.130.90.54 - - [12/Mar/2026:14:47:01 +0100] "GET /wp-content/uploads/img-7-1-2.jpg HTTP/1.1" 200 63963 "https://jockers.inglory.de/referenzen-gewerbliche-projekte/" "Serf/1.3.9 (mod_pagespeed/1.13.35.2-0)"
94.130.90.54 - - [12/Mar/2026:14:47:01 +0100] "GET /wp-content/uploads/img-7-1-2.jpg HTTP/1.1" 200 63963 "https://jockers.inglory.de/referenzen-gewerbliche-projekte/" "Serf/1.3.9 (mod_pagespeed/1.13.35.2-0)"
94.130.90.54 - - [12/Mar/2026:14:47:01 +0100] "GET /wp-content/uploads/img-7-1-2-300x203.jpg HTTP/1.1" 200 11826 "https://jockers.inglory.de/referenzen-gewerbliche-projekte/" "Serf/1.3.9 (mod_pagespeed/1.13.35.2-0)"
94.130.90.54 - - [12/Mar/2026:14:47:01 +0100] "GET /wp-content/uploads/img-7-1-2-1024x694.jpg HTTP/1.1" 200 52016 "https://jockers.inglory.de/referenzen-gewerbliche-projekte/" "Serf/1.3.9 (mod_pagespeed/1.13.35.2-0)"
94.130.90.54 - - [12/Mar/2026:14:47:01 +0100] "GET /wp-content/uploads/img-7-1-2-768x520.jpg HTTP/1.1" 200 36277 "https://jockers.inglory.de/referenzen-gewerbliche-projekte/" "Serf/1.3.9 (mod_pagespeed/1.13.35.2-0)"
94.130.90.54 - - [12/Mar/2026:14:47:01 +0100] "GET /wp-content/uploads/elementor/css/post-170.css?ver=1773323221 HTTP/1.1" 200 71105 "https://jockers.inglory.de/referenzen-gewerbliche-projekte/" "Serf/1.3.9 (mod_pagespeed/1.13.35.2-0)"
94.130.90.54 - - [12/Mar/2026:14:47:01 +0100] "GET /wp-content/plugins/elementor/assets/lib/swiper/v8/swiper.min.js?ver=8.4.5 HTTP/1.1" 200 147506 "https://jockers.inglory.de/referenzen-gewerbliche-projekte/" "Serf/1.3.9 (mod_pagespeed/1.13.35.2-0)"
94.130.90.54 - - [12/Mar/2026:14:47:01 +0100] "GET /wp-content/plugins/elementor/assets/lib/e-gallery/js/e-gallery.min.js?ver=1.2.0 HTTP/1.1" 200 18910 "https://jockers.inglory.de/referenzen-gewerbliche-projekte/" "Serf/1.3.9 (mod_pagespeed/1.13.35.2-0)"
94.130.90.54 - - [12/Mar/2026:14:47:01 +0100] "GET /wp-content/uploads/1-3.jpg HTTP/1.1" 200 324324 "https://jockers.inglory.de/referenzen-gewerbliche-projekte/" "Serf/1.3.9 (mod_pagespeed/1.13.35.2-0)"
94.130.90.54 - - [12/Mar/2026:14:47:01 +0100] "GET /wp-content/uploads/Villa_Magnolia_021.jpg HTTP/1.1" 200 256787 "https://jockers.inglory.de/referenzen-gewerbliche-projekte/" "Serf/1.3.9 (mod_pagespeed/1.13.35.2-0)"
136.243.220.213 - - [12/Mar/2026:14:47:03 +0100] "GET /infrarotkabine HTTP/1.0" 301 4065 "-" "Mozilla/5.0 (compatible; DataForSeoBot/1.0; +https://dataforseo.com/dataforseo-bot)"
136.243.220.213 - - [12/Mar/2026:14:47:07 +0100] "GET /referenzen-gewerbliche-projekte HTTP/1.0" 301 4082 "-" "Mozilla/5.0 (compatible; DataForSeoBot/1.0; +https://dataforseo.com/dataforseo-bot)"
136.243.220.213 - - [12/Mar/2026:14:47:11 +0100] "GET /ausensauna HTTP/1.0" 301 4061 "-" "Mozilla/5.0 (compatible; DataForSeoBot/1.0; +https://dataforseo.com/dataforseo-bot)"
136.243.220.213 - - [12/Mar/2026:14:47:15 +0100] "GET /produktion HTTP/1.0" 301 4061 "-" "Mozilla/5.0 (compatible; DataForSeoBot/1.0; +https://dataforseo.com/dataforseo-bot)"
94.130.90.54 - - [12/Mar/2026:14:47:21 +0100] "GET /wp-content/uploads/img-1-5.jpg HTTP/1.1" 200 163553 "https://jockers.inglory.de/referenzen-ausensauna/" "Serf/1.3.9 (mod_pagespeed/1.13.35.2-0)"
94.130.90.54 - - [12/Mar/2026:14:47:21 +0100] "GET /wp-content/uploads/img-1-5.jpg HTTP/1.1" 200 163553 "https://jockers.inglory.de/referenzen-ausensauna/" "Serf/1.3.9 (mod_pagespeed/1.13.35.2-0)"
94.130.90.54 - - [12/Mar/2026:14:47:21 +0100] "GET /wp-content/uploads/img-1-5-300x275.jpg HTTP/1.1" 200 18715 "https://jockers.inglory.de/referenzen-ausensauna/" "Serf/1.3.9 (mod_pagespeed/1.13.35.2-0)"
94.130.90.54 - - [12/Mar/2026:14:47:21 +0100] "GET /wp-content/uploads/img-1-5-1024x938.jpg HTTP/1.1" 200 129286 "https://jockers.inglory.de/referenzen-ausensauna/" "Serf/1.3.9 (mod_pagespeed/1.13.35.2-0)"
136.243.220.213 - - [12/Mar/2026:14:47:19 +0100] "GET /referenzen-ausensauna/ HTTP/1.0" 200 32408 "-" "Mozilla/5.0 (compatible; DataForSeoBot/1.0; +https://dataforseo.com/dataforseo-bot)"
94.130.90.54 - - [12/Mar/2026:14:47:21 +0100] "GET /wp-content/uploads/img-1-5-768x704.jpg HTTP/1.1" 200 87164 "https://jockers.inglory.de/referenzen-ausensauna/" "Serf/1.3.9 (mod_pagespeed/1.13.35.2-0)"
94.130.90.54 - - [12/Mar/2026:14:47:21 +0100] "GET /wp-content/uploads/img-2-1-5.jpg HTTP/1.1" 200 135763 "https://jockers.inglory.de/referenzen-ausensauna/" "Serf/1.3.9 (mod_pagespeed/1.13.35.2-0)"
94.130.90.54 - - [12/Mar/2026:14:47:21 +0100] "GET /wp-content/uploads/img-2-1-5.jpg HTTP/1.1" 200 135763 "https://jockers.inglory.de/referenzen-ausensauna/" "Serf/1.3.9 (mod_pagespeed/1.13.35.2-0)"
94.130.90.54 - - [12/Mar/2026:14:47:21 +0100] "GET /wp-content/uploads/img-2-1-5-300x230.jpg HTTP/1.1" 200 15655 "https://jockers.inglory.de/referenzen-ausensauna/" "Serf/1.3.9 (mod_pagespeed/1.13.35.2-0)"
94.130.90.54 - - [12/Mar/2026:14:47:21 +0100] "GET /wp-content/uploads/img-2-1-5-1024x784.jpg HTTP/1.1" 200 95019 "https://jockers.inglory.de/referenzen-ausensauna/" "Serf/1.3.9 (mod_pagespeed/1.13.35.2-0)"
94.130.90.54 - - [12/Mar/2026:14:47:21 +0100] "GET /wp-content/uploads/img-2-1-5-768x588.jpg HTTP/1.1" 200 59145 "https://jockers.inglory.de/referenzen-ausensauna/" "Serf/1.3.9 (mod_pagespeed/1.13.35.2-0)"
94.130.90.54 - - [12/Mar/2026:14:47:21 +0100] "GET /wp-content/uploads/img-3-1-4.jpg HTTP/1.1" 200 84078 "https://jockers.inglory.de/referenzen-ausensauna/" "Serf/1.3.9 (mod_pagespeed/1.13.35.2-0)"
94.130.90.54 - - [12/Mar/2026:14:47:21 +0100] "GET /wp-content/uploads/img-3-1-4.jpg HTTP/1.1" 200 84078 "https://jockers.inglory.de/referenzen-ausensauna/" "Serf/1.3.9 (mod_pagespeed/1.13.35.2-0)"
94.130.90.54 - - [12/Mar/2026:14:47:21 +0100] "GET /wp-content/uploads/img-3-1-4-297x300.jpg HTTP/1.1" 200 15332 "https://jockers.inglory.de/referenzen-ausensauna/" "Serf/1.3.9 (mod_pagespeed/1.13.35.2-0)"
94.130.90.54 - - [12/Mar/2026:14:47:21 +0100] "GET /wp-content/uploads/img-3-1-4-1015x1024.jpg HTTP/1.1" 200 86212 "https://jockers.inglory.de/referenzen-ausensauna/" "Serf/1.3.9 (mod_pagespeed/1.13.35.2-0)"
94.130.90.54 - - [12/Mar/2026:14:47:21 +0100] "GET /wp-content/uploads/img-3-1-4-150x150.jpg HTTP/1.1" 200 7970 "https://jockers.inglory.de/referenzen-ausensauna/" "Serf/1.3.9 (mod_pagespeed/1.13.35.2-0)"
94.130.90.54 - - [12/Mar/2026:14:47:21 +0100] "GET /wp-content/uploads/img-3-1-4-768x775.jpg HTTP/1.1" 200 63249 "https://jockers.inglory.de/referenzen-ausensauna/" "Serf/1.3.9 (mod_pagespeed/1.13.35.2-0)"
94.130.90.54 - - [12/Mar/2026:14:47:21 +0100] "GET /wp-content/uploads/img-4-1-4.jpg HTTP/1.1" 200 146538 "https://jockers.inglory.de/referenzen-ausensauna/" "Serf/1.3.9 (mod_pagespeed/1.13.35.2-0)"
94.130.90.54 - - [12/Mar/2026:14:47:21 +0100] "GET /wp-content/uploads/img-4-1-4.jpg HTTP/1.1" 200 146538 "https://jockers.inglory.de/referenzen-ausensauna/" "Serf/1.3.9 (mod_pagespeed/1.13.35.2-0)"
94.130.90.54 - - [12/Mar/2026:14:47:21 +0100] "GET /wp-content/uploads/img-4-1-4-300x248.jpg HTTP/1.1" 200 16801 "https://jockers.inglory.de/referenzen-ausensauna/" "Serf/1.3.9 (mod_pagespeed/1.13.35.2-0)"
94.130.90.54 - - [12/Mar/2026:14:47:21 +0100] "GET /wp-content/uploads/img-4-1-4-1024x846.jpg HTTP/1.1" 200 108370 "https://jockers.inglory.de/referenzen-ausensauna/" "Serf/1.3.9 (mod_pagespeed/1.13.35.2-0)"
94.130.90.54 - - [12/Mar/2026:14:47:21 +0100] "GET /wp-content/uploads/img-4-1-4-768x634.jpg HTTP/1.1" 200 70891 "https://jockers.inglory.de/referenzen-ausensauna/" "Serf/1.3.9 (mod_pagespeed/1.13.35.2-0)"
94.130.90.54 - - [12/Mar/2026:14:47:21 +0100] "GET /wp-content/uploads/img-5-1-2.jpg HTTP/1.1" 200 145039 "https://jockers.inglory.de/referenzen-ausensauna/" "Serf/1.3.9 (mod_pagespeed/1.13.35.2-0)"
94.130.90.54 - - [12/Mar/2026:14:47:21 +0100] "GET /wp-content/uploads/img-5-1-2.jpg HTTP/1.1" 200 145039 "https://jockers.inglory.de/referenzen-ausensauna/" "Serf/1.3.9 (mod_pagespeed/1.13.35.2-0)"
94.130.90.54 - - [12/Mar/2026:14:47:21 +0100] "GET /wp-content/uploads/img-5-1-2-300x275.jpg HTTP/1.1" 200 18220 "https://jockers.inglory.de/referenzen-ausensauna/" "Serf/1.3.9 (mod_pagespeed/1.13.35.2-0)"
94.130.90.54 - - [12/Mar/2026:14:47:21 +0100] "GET /wp-content/uploads/img-5-1-2-1024x938.jpg HTTP/1.1" 200 118683 "https://jockers.inglory.de/referenzen-ausensauna/" "Serf/1.3.9 (mod_pagespeed/1.13.35.2-0)"
94.130.90.54 - - [12/Mar/2026:14:47:21 +0100] "GET /wp-content/uploads/img-5-1-2-768x704.jpg HTTP/1.1" 200 73958 "https://jockers.inglory.de/referenzen-ausensauna/" "Serf/1.3.9 (mod_pagespeed/1.13.35.2-0)"
94.130.90.54 - - [12/Mar/2026:14:47:21 +0100] "GET /wp-content/uploads/img-6-1-2.jpg HTTP/1.1" 200 152616 "https://jockers.inglory.de/referenzen-ausensauna/" "Serf/1.3.9 (mod_pagespeed/1.13.35.2-0)"
94.130.90.54 - - [12/Mar/2026:14:47:21 +0100] "GET /wp-content/uploads/img-6-1-2.jpg HTTP/1.1" 200 152616 "https://jockers.inglory.de/referenzen-ausensauna/" "Serf/1.3.9 (mod_pagespeed/1.13.35.2-0)"
94.130.90.54 - - [12/Mar/2026:14:47:21 +0100] "GET /wp-content/uploads/img-6-1-2-300x248.jpg HTTP/1.1" 200 16146 "https://jockers.inglory.de/referenzen-ausensauna/" "Serf/1.3.9 (mod_pagespeed/1.13.35.2-0)"
94.130.90.54 - - [12/Mar/2026:14:47:21 +0100] "GET /wp-content/uploads/img-6-1-2-1024x846.jpg HTTP/1.1" 200 112469 "https://jockers.inglory.de/referenzen-ausensauna/" "Serf/1.3.9 (mod_pagespeed/1.13.35.2-0)"
94.130.90.54 - - [12/Mar/2026:14:47:21 +0100] "GET /wp-content/uploads/img-6-1-2-768x634.jpg HTTP/1.1" 200 75466 "https://jockers.inglory.de/referenzen-ausensauna/" "Serf/1.3.9 (mod_pagespeed/1.13.35.2-0)"
94.130.90.54 - - [12/Mar/2026:14:47:21 +0100] "GET /wp-content/uploads/elementor/css/post-169.css?ver=1773323240 HTTP/1.1" 200 49095 "https://jockers.inglory.de/referenzen-ausensauna/" "Serf/1.3.9 (mod_pagespeed/1.13.35.2-0)"
94.130.90.54 - - [12/Mar/2026:14:47:25 +0100] "GET /wp-content/uploads/elementor/css/post-2356.css?ver=1773323244 HTTP/1.1" 200 75436 "https://jockers.inglory.de/presse/" "Serf/1.3.9 (mod_pagespeed/1.13.35.2-0)"
94.130.90.54 - - [12/Mar/2026:14:47:25 +0100] "GET /wp-content/uploads/img-5-1.jpg HTTP/1.1" 200 31326 "https://jockers.inglory.de/presse/" "Serf/1.3.9 (mod_pagespeed/1.13.35.2-0)"
136.243.220.213 - - [12/Mar/2026:14:47:23 +0100] "GET /presse/ HTTP/1.0" 200 28202 "-" "Mozilla/5.0 (compatible; DataForSeoBot/1.0; +https://dataforseo.com/dataforseo-bot)"
94.130.90.54 - - [12/Mar/2026:14:47:25 +0100] "GET /wp-content/uploads/img-6-1.jpg HTTP/1.1" 200 26491 "https://jockers.inglory.de/presse/" "Serf/1.3.9 (mod_pagespeed/1.13.35.2-0)"
94.130.90.54 - - [12/Mar/2026:14:47:25 +0100] "GET /wp-content/uploads/img-7-1.jpg HTTP/1.1" 200 57500 "https://jockers.inglory.de/presse/" "Serf/1.3.9 (mod_pagespeed/1.13.35.2-0)"
94.130.90.54 - - [12/Mar/2026:14:47:25 +0100] "GET /wp-content/uploads/img-8-1.jpg HTTP/1.1" 200 49151 "https://jockers.inglory.de/presse/" "Serf/1.3.9 (mod_pagespeed/1.13.35.2-0)"
94.130.90.54 - - [12/Mar/2026:14:47:25 +0100] "GET /wp-content/uploads/img-9-1.jpg HTTP/1.1" 200 51624 "https://jockers.inglory.de/presse/" "Serf/1.3.9 (mod_pagespeed/1.13.35.2-0)"
94.130.90.54 - - [12/Mar/2026:14:47:25 +0100] "GET /wp-content/uploads/img-10-1.jpg HTTP/1.1" 200 43811 "https://jockers.inglory.de/presse/" "Serf/1.3.9 (mod_pagespeed/1.13.35.2-0)"
94.130.90.54 - - [12/Mar/2026:14:47:25 +0100] "GET /wp-content/uploads/img-3-1-7.jpg HTTP/1.1" 200 39210 "https://jockers.inglory.de/presse/" "Serf/1.3.9 (mod_pagespeed/1.13.35.2-0)"
94.130.90.54 - - [12/Mar/2026:14:47:25 +0100] "GET /wp-content/uploads/img-4-1-8.jpg HTTP/1.1" 200 38824 "https://jockers.inglory.de/presse/" "Serf/1.3.9 (mod_pagespeed/1.13.35.2-0)"
94.130.90.54 - - [12/Mar/2026:14:47:25 +0100] "GET /wp-content/uploads/img-5-1-6.jpg HTTP/1.1" 200 44606 "https://jockers.inglory.de/presse/" "Serf/1.3.9 (mod_pagespeed/1.13.35.2-0)"
94.130.90.54 - - [12/Mar/2026:14:47:25 +0100] "GET /wp-content/uploads/img-6-1-6.jpg HTTP/1.1" 200 67254 "https://jockers.inglory.de/presse/" "Serf/1.3.9 (mod_pagespeed/1.13.35.2-0)"
94.130.90.54 - - [12/Mar/2026:14:47:25 +0100] "GET /wp-content/uploads/img-7-1-5.jpg HTTP/1.1" 200 58489 "https://jockers.inglory.de/presse/" "Serf/1.3.9 (mod_pagespeed/1.13.35.2-0)"
94.130.90.54 - - [12/Mar/2026:14:47:25 +0100] "GET /wp-content/uploads/img-8-1-2.jpg HTTP/1.1" 200 45522 "https://jockers.inglory.de/presse/" "Serf/1.3.9 (mod_pagespeed/1.13.35.2-0)"
94.130.90.54 - - [12/Mar/2026:14:47:25 +0100] "GET /wp-content/uploads/img-1-9.jpg HTTP/1.1" 200 50308 "https://jockers.inglory.de/presse/" "Serf/1.3.9 (mod_pagespeed/1.13.35.2-0)"
94.130.90.54 - - [12/Mar/2026:14:47:29 +0100] "GET /wp-content/plugins/elementor-pro/assets/css/widget-nested-carousel.min.css?ver=3.35.1 HTTP/1.1" 200 13214 "https://jockers.inglory.de/innensauna/" "Serf/1.3.9 (mod_pagespeed/1.13.35.2-0)"
94.130.90.54 - - [12/Mar/2026:14:47:29 +0100] "GET /wp-content/plugins/elementor-pro/assets/css/widget-media-carousel.min.css?ver=3.35.1 HTTP/1.1" 200 4860 "https://jockers.inglory.de/innensauna/" "Serf/1.3.9 (mod_pagespeed/1.13.35.2-0)"
94.130.90.54 - - [12/Mar/2026:14:47:29 +0100] "GET /wp-content/plugins/elementor-pro/assets/css/widget-carousel-module-base.min.css?ver=3.35.1 HTTP/1.1" 200 7394 "https://jockers.inglory.de/innensauna/" "Serf/1.3.9 (mod_pagespeed/1.13.35.2-0)"
94.130.90.54 - - [12/Mar/2026:14:47:29 +0100] "GET /wp-content/uploads/img-1-2.jpg HTTP/1.1" 200 61751 "https://jockers.inglory.de/innensauna/" "Serf/1.3.9 (mod_pagespeed/1.13.35.2-0)"
136.243.220.213 - - [12/Mar/2026:14:47:27 +0100] "GET /innensauna/ HTTP/1.0" 200 38625 "-" "Mozilla/5.0 (compatible; DataForSeoBot/1.0; +https://dataforseo.com/dataforseo-bot)"
94.130.90.54 - - [12/Mar/2026:14:47:29 +0100] "GET /wp-content/uploads/img-1-2.jpg HTTP/1.1" 200 61751 "https://jockers.inglory.de/innensauna/" "Serf/1.3.9 (mod_pagespeed/1.13.35.2-0)"
94.130.90.54 - - [12/Mar/2026:14:47:29 +0100] "GET /wp-content/uploads/img-1-2-300x280.jpg HTTP/1.1" 200 14039 "https://jockers.inglory.de/innensauna/" "Serf/1.3.9 (mod_pagespeed/1.13.35.2-0)"
94.130.90.54 - - [12/Mar/2026:14:47:29 +0100] "GET /wp-content/uploads/img-1-2-1024x956.jpg HTTP/1.1" 200 65306 "https://jockers.inglory.de/innensauna/" "Serf/1.3.9 (mod_pagespeed/1.13.35.2-0)"
94.130.90.54 - - [12/Mar/2026:14:47:29 +0100] "GET /wp-content/uploads/img-1-2-768x717.jpg HTTP/1.1" 200 45641 "https://jockers.inglory.de/innensauna/" "Serf/1.3.9 (mod_pagespeed/1.13.35.2-0)"
94.130.90.54 - - [12/Mar/2026:14:47:29 +0100] "GET /wp-content/uploads/img-2-1-2.jpg HTTP/1.1" 200 83019 "https://jockers.inglory.de/innensauna/" "Serf/1.3.9 (mod_pagespeed/1.13.35.2-0)"
94.130.90.54 - - [12/Mar/2026:14:47:29 +0100] "GET /wp-content/uploads/img-2-1-2.jpg HTTP/1.1" 200 83019 "https://jockers.inglory.de/innensauna/" "Serf/1.3.9 (mod_pagespeed/1.13.35.2-0)"
94.130.90.54 - - [12/Mar/2026:14:47:29 +0100] "GET /wp-content/uploads/img-2-1-2-300x271.jpg HTTP/1.1" 200 11950 "https://jockers.inglory.de/innensauna/" "Serf/1.3.9 (mod_pagespeed/1.13.35.2-0)"
94.130.90.54 - - [12/Mar/2026:14:47:29 +0100] "GET /wp-content/uploads/img-2-1-2-1024x925.jpg HTTP/1.1" 200 67194 "https://jockers.inglory.de/innensauna/" "Serf/1.3.9 (mod_pagespeed/1.13.35.2-0)"
94.130.90.54 - - [12/Mar/2026:14:47:29 +0100] "GET /wp-content/uploads/img-2-1-2-768x694.jpg HTTP/1.1" 200 48039 "https://jockers.inglory.de/innensauna/" "Serf/1.3.9 (mod_pagespeed/1.13.35.2-0)"
94.130.90.54 - - [12/Mar/2026:14:47:29 +0100] "GET /wp-content/uploads/img-3-1-2.jpg HTTP/1.1" 200 56911 "https://jockers.inglory.de/innensauna/" "Serf/1.3.9 (mod_pagespeed/1.13.35.2-0)"
94.130.90.54 - - [12/Mar/2026:14:47:29 +0100] "GET /wp-content/uploads/img-3-1-2.jpg HTTP/1.1" 200 56911 "https://jockers.inglory.de/innensauna/" "Serf/1.3.9 (mod_pagespeed/1.13.35.2-0)"
94.130.90.54 - - [12/Mar/2026:14:47:29 +0100] "GET /wp-content/uploads/img-3-1-2-293x300.jpg HTTP/1.1" 200 12680 "https://jockers.inglory.de/innensauna/" "Serf/1.3.9 (mod_pagespeed/1.13.35.2-0)"
94.130.90.54 - - [12/Mar/2026:14:47:29 +0100] "GET /wp-content/uploads/img-3-1-2-1000x1024.jpg HTTP/1.1" 200 57090 "https://jockers.inglory.de/innensauna/" "Serf/1.3.9 (mod_pagespeed/1.13.35.2-0)"
94.130.90.54 - - [12/Mar/2026:14:47:29 +0100] "GET /wp-content/uploads/img-3-1-2-768x786.jpg HTTP/1.1" 200 39407 "https://jockers.inglory.de/innensauna/" "Serf/1.3.9 (mod_pagespeed/1.13.35.2-0)"
94.130.90.54 - - [12/Mar/2026:14:47:29 +0100] "GET /wp-content/uploads/elementor/css/post-50.css?ver=1773323248 HTTP/1.1" 200 67018 "https://jockers.inglory.de/innensauna/" "Serf/1.3.9 (mod_pagespeed/1.13.35.2-0)"
94.130.90.54 - - [12/Mar/2026:14:47:29 +0100] "GET /wp-content/uploads/image-27.svg HTTP/1.1" 200 67566 "https://jockers.inglory.de/innensauna/" "Serf/1.3.9 (mod_pagespeed/1.13.35.2-0)"
94.130.90.54 - - [12/Mar/2026:14:47:29 +0100] "GET /wp-content/uploads/img-2-1-1.jpg HTTP/1.1" 200 65014 "https://jockers.inglory.de/innensauna/" "Serf/1.3.9 (mod_pagespeed/1.13.35.2-0)"
94.130.90.54 - - [12/Mar/2026:14:47:29 +0100] "GET /wp-content/uploads/img-3-1-1.jpg HTTP/1.1" 200 55290 "https://jockers.inglory.de/innensauna/" "Serf/1.3.9 (mod_pagespeed/1.13.35.2-0)"
94.130.90.54 - - [12/Mar/2026:14:47:29 +0100] "GET /wp-content/uploads/img-4-1-1.jpg HTTP/1.1" 200 28046 "https://jockers.inglory.de/innensauna/" "Serf/1.3.9 (mod_pagespeed/1.13.35.2-0)"
94.130.90.54 - - [12/Mar/2026:14:47:29 +0100] "GET /wp-content/uploads/img-1-8.jpg HTTP/1.1" 200 46636 "https://jockers.inglory.de/innensauna/" "Serf/1.3.9 (mod_pagespeed/1.13.35.2-0)"
94.130.90.54 - - [12/Mar/2026:14:47:32 +0100] "GET /wp-content/uploads/img-1-3.jpg HTTP/1.1" 200 93784 "https://jockers.inglory.de/infrarotkabine/" "Serf/1.3.9 (mod_pagespeed/1.13.35.2-0)"
94.130.90.54 - - [12/Mar/2026:14:47:32 +0100] "GET /wp-content/uploads/img-1-3.jpg HTTP/1.1" 200 93784 "https://jockers.inglory.de/infrarotkabine/" "Serf/1.3.9 (mod_pagespeed/1.13.35.2-0)"
136.243.220.213 - - [12/Mar/2026:14:47:31 +0100] "GET /infrarotkabine/ HTTP/1.0" 200 28903 "-" "Mozilla/5.0 (compatible; DataForSeoBot/1.0; +https://dataforseo.com/dataforseo-bot)"
94.130.90.54 - - [12/Mar/2026:14:47:32 +0100] "GET /wp-content/uploads/img-1-3-281x300.jpg HTTP/1.1" 200 14670 "https://jockers.inglory.de/infrarotkabine/" "Serf/1.3.9 (mod_pagespeed/1.13.35.2-0)"
94.130.90.54 - - [12/Mar/2026:14:47:32 +0100] "GET /wp-content/uploads/img-1-3-958x1024.jpg HTTP/1.1" 200 90467 "https://jockers.inglory.de/infrarotkabine/" "Serf/1.3.9 (mod_pagespeed/1.13.35.2-0)"
94.130.90.54 - - [12/Mar/2026:14:47:32 +0100] "GET /wp-content/uploads/img-1-3-768x821.jpg HTTP/1.1" 200 64470 "https://jockers.inglory.de/infrarotkabine/" "Serf/1.3.9 (mod_pagespeed/1.13.35.2-0)"
94.130.90.54 - - [12/Mar/2026:14:47:32 +0100] "GET /wp-content/uploads/elementor/css/post-52.css?ver=1773319654 HTTP/1.1" 200 35683 "https://jockers.inglory.de/infrarotkabine/" "Serf/1.3.9 (mod_pagespeed/1.13.35.2-0)"
94.130.90.54 - - [12/Mar/2026:14:47:32 +0100] "GET /wp-content/uploads/img-1-1.jpg HTTP/1.1" 200 66234 "https://jockers.inglory.de/infrarotkabine/" "Serf/1.3.9 (mod_pagespeed/1.13.35.2-0)"
94.130.90.54 - - [12/Mar/2026:14:47:36 +0100] "GET /wp-content/plugins/elementor-pro/assets/css/widget-form.min.css?ver=3.35.1 HTTP/1.1" 200 10346 "https://jockers.inglory.de/kontakt/" "Serf/1.3.9 (mod_pagespeed/1.13.35.2-0)"
94.130.90.54 - - [12/Mar/2026:14:47:36 +0100] "GET /wp-content/plugins/elementor/assets/css/widget-google_maps.min.css?ver=3.35.7 HTTP/1.1" 200 3778 "https://jockers.inglory.de/kontakt/" "Serf/1.3.9 (mod_pagespeed/1.13.35.2-0)"
94.130.90.54 - - [12/Mar/2026:14:47:36 +0100] "GET /wp-content/uploads/elementor/css/post-42.css?ver=1773323256 HTTP/1.1" 200 25412 "https://jockers.inglory.de/kontakt/" "Serf/1.3.9 (mod_pagespeed/1.13.35.2-0)"
136.243.220.213 - - [12/Mar/2026:14:47:35 +0100] "GET /kontakt/ HTTP/1.0" 200 28278 "-" "Mozilla/5.0 (compatible; DataForSeoBot/1.0; +https://dataforseo.com/dataforseo-bot)"
94.130.90.54 - - [12/Mar/2026:14:47:36 +0100] "GET /wp-content/uploads/bg-3-1.jpg HTTP/1.1" 200 66967 "https://jockers.inglory.de/kontakt/" "Serf/1.3.9 (mod_pagespeed/1.13.35.2-0)"
94.130.90.54 - - [12/Mar/2026:14:47:41 +0100] "GET /wp-content/uploads/img-4-1-7.jpg HTTP/1.1" 200 61828 "https://jockers.inglory.de/ausstellung/" "Serf/1.3.9 (mod_pagespeed/1.13.35.2-0)"
94.130.90.54 - - [12/Mar/2026:14:47:41 +0100] "GET /wp-content/uploads/img-4-1-7.jpg HTTP/1.1" 200 61828 "https://jockers.inglory.de/ausstellung/" "Serf/1.3.9 (mod_pagespeed/1.13.35.2-0)"
136.243.220.213 - - [12/Mar/2026:14:47:39 +0100] "GET /ausstellung/ HTTP/1.0" 200 27672 "-" "Mozilla/5.0 (compatible; DataForSeoBot/1.0; +https://dataforseo.com/dataforseo-bot)"
