94.130.90.54 - - [12/Mar/2026:13:49:53 +0100] "GET /wp-content/uploads/elementor/css/post-133.css?ver=1773290261 HTTP/1.1" 304 3393 "https://jockers.inglory.de/crypto-casino-sans-kyc-instantane-et-securise/" "Serf/1.3.9 (mod_pagespeed/1.13.35.2-0)"
94.130.90.54 - - [12/Mar/2026:13:49:53 +0100] "GET /wp-content/uploads/elementor/css/post-136.css?ver=1773290261 HTTP/1.1" 304 3392 "https://jockers.inglory.de/crypto-casino-sans-kyc-instantane-et-securise/" "Serf/1.3.9 (mod_pagespeed/1.13.35.2-0)"
94.130.90.54 - - [12/Mar/2026:13:49:53 +0100] "GET /wp-content/plugins/elementor/assets/lib/font-awesome/css/fontawesome.min.css?ver=5.15.3 HTTP/1.1" 304 3392 "https://jockers.inglory.de/crypto-casino-sans-kyc-instantane-et-securise/" "Serf/1.3.9 (mod_pagespeed/1.13.35.2-0)"
94.130.90.54 - - [12/Mar/2026:13:49:53 +0100] "GET /wp-content/plugins/elementor/assets/lib/font-awesome/css/solid.min.css?ver=5.15.3 HTTP/1.1" 304 3391 "https://jockers.inglory.de/crypto-casino-sans-kyc-instantane-et-securise/" "Serf/1.3.9 (mod_pagespeed/1.13.35.2-0)"
94.130.90.54 - - [12/Mar/2026:13:49:53 +0100] "GET /wp-content/plugins/elementor/assets/lib/font-awesome/css/brands.min.css?ver=5.15.3 HTTP/1.1" 304 3391 "https://jockers.inglory.de/crypto-casino-sans-kyc-instantane-et-securise/" "Serf/1.3.9 (mod_pagespeed/1.13.35.2-0)"
94.130.90.54 - - [12/Mar/2026:13:49:53 +0100] "GET /wp-content/plugins/elementor/assets/js/frontend-modules.min.js?ver=3.35.7 HTTP/1.1" 304 3392 "https://jockers.inglory.de/crypto-casino-sans-kyc-instantane-et-securise/" "Serf/1.3.9 (mod_pagespeed/1.13.35.2-0)"
94.130.90.54 - - [12/Mar/2026:13:49:53 +0100] "GET /wp-includes/js/jquery/ui/core.min.js?ver=1.13.3 HTTP/1.1" 304 3392 "https://jockers.inglory.de/crypto-casino-sans-kyc-instantane-et-securise/" "Serf/1.3.9 (mod_pagespeed/1.13.35.2-0)"
94.130.90.54 - - [12/Mar/2026:13:49:53 +0100] "GET /wp-content/plugins/elementor-pro/assets/lib/smartmenus/jquery.smartmenus.min.js?ver=1.2.1 HTTP/1.1" 304 3392 "https://jockers.inglory.de/crypto-casino-sans-kyc-instantane-et-securise/" "Serf/1.3.9 (mod_pagespeed/1.13.35.2-0)"
94.130.90.54 - - [12/Mar/2026:13:49:53 +0100] "GET /wp-content/plugins/elementor-pro/assets/lib/sticky/jquery.sticky.min.js?ver=3.35.1 HTTP/1.1" 304 3391 "https://jockers.inglory.de/crypto-casino-sans-kyc-instantane-et-securise/" "Serf/1.3.9 (mod_pagespeed/1.13.35.2-0)"
94.130.90.54 - - [12/Mar/2026:13:49:53 +0100] "GET /wp-content/plugins/preloader-pro/assets/js/jquery.waitformedias.min.js?ver=2024090401 HTTP/1.1" 304 3392 "https://jockers.inglory.de/crypto-casino-sans-kyc-instantane-et-securise/" "Serf/1.3.9 (mod_pagespeed/1.13.35.2-0)"
94.130.90.54 - - [12/Mar/2026:13:49:53 +0100] "GET /wp-content/plugins/preloader-pro/assets/js/loftloader.min.js?ver=2024090401 HTTP/1.1" 304 3392 "https://jockers.inglory.de/crypto-casino-sans-kyc-instantane-et-securise/" "Serf/1.3.9 (mod_pagespeed/1.13.35.2-0)"
94.130.90.54 - - [12/Mar/2026:13:49:53 +0100] "GET /wp-content/plugins/elementor/assets/js/webpack.runtime.min.js?ver=3.35.7 HTTP/1.1" 304 3392 "https://jockers.inglory.de/crypto-casino-sans-kyc-instantane-et-securise/" "Serf/1.3.9 (mod_pagespeed/1.13.35.2-0)"
94.130.90.54 - - [12/Mar/2026:13:49:53 +0100] "GET /wp-content/plugins/elementor/assets/js/frontend.min.js?ver=3.35.7 HTTP/1.1" 304 3392 "https://jockers.inglory.de/crypto-casino-sans-kyc-instantane-et-securise/" "Serf/1.3.9 (mod_pagespeed/1.13.35.2-0)"
94.130.90.54 - - [12/Mar/2026:13:49:53 +0100] "GET /wp-content/plugins/elementor-pro/assets/js/webpack-pro.runtime.min.js?ver=3.35.1 HTTP/1.1" 304 3392 "https://jockers.inglory.de/crypto-casino-sans-kyc-instantane-et-securise/" "Serf/1.3.9 (mod_pagespeed/1.13.35.2-0)"
94.130.90.54 - - [12/Mar/2026:13:49:53 +0100] "GET /wp-content/plugins/elementor-pro/assets/js/frontend.min.js?ver=3.35.1 HTTP/1.1" 304 3392 "https://jockers.inglory.de/crypto-casino-sans-kyc-instantane-et-securise/" "Serf/1.3.9 (mod_pagespeed/1.13.35.2-0)"
94.130.90.54 - - [12/Mar/2026:13:49:53 +0100] "GET /wp-content/plugins/elementor-pro/assets/js/elements-handlers.min.js?ver=3.35.1 HTTP/1.1" 304 3392 "https://jockers.inglory.de/crypto-casino-sans-kyc-instantane-et-securise/" "Serf/1.3.9 (mod_pagespeed/1.13.35.2-0)"
74.7.243.203 - - [12/Mar/2026:13:49:54 +0100] "GET /?p=2608 HTTP/1.0" 301 4159 "https://jockers.inglory.de/zahranicni-casino-bonus-bez-vkladu-jak-na-to-a-kde-hledat/" "Mozilla/5.0 AppleWebKit/537.36 (KHTML, like Gecko; compatible; GPTBot/1.3; +https://openai.com/gptbot)"
74.7.243.203 - - [12/Mar/2026:13:49:55 +0100] "GET /zahranicni-casino-bonus-bez-vkladu-jak-na-to-a-kde-hledat/ HTTP/1.0" 200 27190 "https://jockers.inglory.de/?p=2608" "Mozilla/5.0 AppleWebKit/537.36 (KHTML, like Gecko; compatible; GPTBot/1.3; +https://openai.com/gptbot)"
74.7.243.203 - - [12/Mar/2026:13:49:58 +0100] "GET /wp-json/oembed/1.0/embed?url=https%3A%2F%2Fjockers.inglory.de%2Fzahranicni-casino-bonus-bez-vkladu-jak-na-to-a-kde-hledat%2F HTTP/1.0" 200 6789 "https://jockers.inglory.de/zahranicni-casino-bonus-bez-vkladu-jak-na-to-a-kde-hledat/" "Mozilla/5.0 AppleWebKit/537.36 (KHTML, like Gecko; compatible; GPTBot/1.3; +https://openai.com/gptbot)"
74.7.243.203 - - [12/Mar/2026:13:50:01 +0100] "GET /wp-json/oembed/1.0/embed?format=xml&url=https%3A%2F%2Fjockers.inglory.de%2Fzahranicni-casino-bonus-bez-vkladu-jak-na-to-a-kde-hledat%2F HTTP/1.0" 200 5537 "https://jockers.inglory.de/zahranicni-casino-bonus-bez-vkladu-jak-na-to-a-kde-hledat/" "Mozilla/5.0 AppleWebKit/537.36 (KHTML, like Gecko; compatible; GPTBot/1.3; +https://openai.com/gptbot)"
74.7.243.203 - - [12/Mar/2026:13:50:04 +0100] "GET /wp-json/wp/v2/posts/2812 HTTP/1.0" 200 13716 "https://jockers.inglory.de/crypto-casino-sans-kyc-instantane-et-securise/" "Mozilla/5.0 AppleWebKit/537.36 (KHTML, like Gecko; compatible; GPTBot/1.3; +https://openai.com/gptbot)"
74.7.243.203 - - [12/Mar/2026:13:50:07 +0100] "GET /wp-json/wp/v2/posts/2718 HTTP/1.0" 200 14338 "https://jockers.inglory.de/bonus-casino-bitcoin-maximisez-vos-gains-avec-betify/" "Mozilla/5.0 AppleWebKit/537.36 (KHTML, like Gecko; compatible; GPTBot/1.3; +https://openai.com/gptbot)"
74.7.243.203 - - [12/Mar/2026:13:50:10 +0100] "GET /wp-json/wp/v2/posts/2806 HTTP/1.0" 200 15453 "https://jockers.inglory.de/jeux-dargent-en-ligne-avec-argent-reel-instantanement-a-votre-portee/" "Mozilla/5.0 AppleWebKit/537.36 (KHTML, like Gecko; compatible; GPTBot/1.3; +https://openai.com/gptbot)"
74.7.243.203 - - [12/Mar/2026:13:50:14 +0100] "GET /wp-json/wp/v2/posts/2590 HTTP/1.0" 200 6172 "https://jockers.inglory.de/test/" "Mozilla/5.0 AppleWebKit/537.36 (KHTML, like Gecko; compatible; GPTBot/1.3; +https://openai.com/gptbot)"
74.7.243.203 - - [12/Mar/2026:13:50:17 +0100] "GET /wp-json/wp/v2/posts/2750 HTTP/1.0" 200 14165 "https://jockers.inglory.de/jeux-de-casino-classiques-plongee-dans-lunivers-de-casino-leon/" "Mozilla/5.0 AppleWebKit/537.36 (KHTML, like Gecko; compatible; GPTBot/1.3; +https://openai.com/gptbot)"
74.7.243.203 - - [12/Mar/2026:13:50:20 +0100] "GET /wp-json/wp/v2/posts/2798 HTTP/1.0" 200 13987 "https://jockers.inglory.de/jouer-au-casino-en-ligne-instantanement-accedez-au-monde-du-jeu/" "Mozilla/5.0 AppleWebKit/537.36 (KHTML, like Gecko; compatible; GPTBot/1.3; +https://openai.com/gptbot)"
74.7.243.203 - - [12/Mar/2026:13:50:23 +0100] "GET /wp-json/wp/v2/posts/2659 HTTP/1.0" 200 9331 "https://jockers.inglory.de/coronavirus-disease-2019/" "Mozilla/5.0 AppleWebKit/537.36 (KHTML, like Gecko; compatible; GPTBot/1.3; +https://openai.com/gptbot)"
74.7.243.203 - - [12/Mar/2026:13:50:26 +0100] "GET /wp-json/wp/v2/posts/2608 HTTP/1.0" 200 15380 "https://jockers.inglory.de/zahranicni-casino-bonus-bez-vkladu-jak-na-to-a-kde-hledat/" "Mozilla/5.0 AppleWebKit/537.36 (KHTML, like Gecko; compatible; GPTBot/1.3; +https://openai.com/gptbot)"
74.7.243.203 - - [12/Mar/2026:13:50:29 +0100] "GET /wp-content/plugins/elementor/assets/lib/font-awesome/css/fontawesome.min.css?ver=5.15.3 HTTP/1.0" 200 16674 "https://jockers.inglory.de/?p=2608" "Mozilla/5.0 AppleWebKit/537.36 (KHTML, like Gecko; compatible; GPTBot/1.3; +https://openai.com/gptbot)"
74.7.243.203 - - [12/Mar/2026:13:50:32 +0100] "GET /wp-content/themes/hello-elementor/assets/css/theme.css?ver=3.4.6 HTTP/1.0" 200 5464 "https://jockers.inglory.de/?p=2608" "Mozilla/5.0 AppleWebKit/537.36 (KHTML, like Gecko; compatible; GPTBot/1.3; +https://openai.com/gptbot)"
74.7.243.203 - - [12/Mar/2026:13:50:35 +0100] "GET /wp-json/wp/v2/posts/2678 HTTP/1.0" 200 13867 "https://jockers.inglory.de/machine-a-sous-demo-decouvrez-loco-win-et-ameliorez-votre-experience-de-jeu/" "Mozilla/5.0 AppleWebKit/537.36 (KHTML, like Gecko; compatible; GPTBot/1.3; +https://openai.com/gptbot)"
74.7.243.203 - - [12/Mar/2026:13:50:38 +0100] "GET /wp-json/wp/v2/posts/2764 HTTP/1.0" 200 13769 "https://jockers.inglory.de/application-de-casino-mobile-decouvrez-leon-et-les-meilleures-options/" "Mozilla/5.0 AppleWebKit/537.36 (KHTML, like Gecko; compatible; GPTBot/1.3; +https://openai.com/gptbot)"
94.130.90.54 - - [12/Mar/2026:13:50:41 +0100] "GET /wp-includes/css/dashicons.min.css?ver=6.9.4 HTTP/1.1" 304 3392 "https://jockers.inglory.de/wp-login.php" "Serf/1.3.9 (mod_pagespeed/1.13.35.2-0)"
155.212.39.98 - - [12/Mar/2026:13:50:40 +0100] "GET /wp-login.php HTTP/1.0" 200 6653 "-" "Mozilla/5.0 (Windows NT 10.0; Win64; x64) AppleWebKit/537.36 (KHTML, like Gecko) Chrome/124.0.6367.207 Safari/537.36"
94.130.90.54 - - [12/Mar/2026:13:50:41 +0100] "GET /wp-includes/css/buttons.min.css?ver=6.9.4 HTTP/1.1" 304 3392 "https://jockers.inglory.de/wp-login.php" "Serf/1.3.9 (mod_pagespeed/1.13.35.2-0)"
94.130.90.54 - - [12/Mar/2026:13:50:41 +0100] "GET /wp-includes/js/wp-util.min.js?ver=6.9.4 HTTP/1.1" 304 3391 "https://jockers.inglory.de/wp-login.php" "Serf/1.3.9 (mod_pagespeed/1.13.35.2-0)"
94.130.90.54 - - [12/Mar/2026:13:50:41 +0100] "GET /wp-includes/js/dist/dom-ready.min.js?ver=f77871ff7694fffea381 HTTP/1.1" 304 3391 "https://jockers.inglory.de/wp-login.php" "Serf/1.3.9 (mod_pagespeed/1.13.35.2-0)"
94.130.90.54 - - [12/Mar/2026:13:50:41 +0100] "GET /wp-includes/js/dist/a11y.min.js?ver=cb460b4676c94bd228ed HTTP/1.1" 304 3391 "https://jockers.inglory.de/wp-login.php" "Serf/1.3.9 (mod_pagespeed/1.13.35.2-0)"
94.130.90.54 - - [12/Mar/2026:13:50:41 +0100] "GET /wp-includes/js/clipboard.min.js?ver=2.0.11 HTTP/1.1" 304 3392 "https://jockers.inglory.de/wp-login.php" "Serf/1.3.9 (mod_pagespeed/1.13.35.2-0)"
94.130.90.54 - - [12/Mar/2026:13:50:41 +0100] "GET /wp-includes/js/underscore.min.js?ver=1.13.7 HTTP/1.1" 304 3392 "https://jockers.inglory.de/wp-login.php" "Serf/1.3.9 (mod_pagespeed/1.13.35.2-0)"
94.130.90.54 - - [12/Mar/2026:13:50:41 +0100] "GET /wp-includes/js/zxcvbn-async.min.js?ver=1.0 HTTP/1.1" 304 3391 "https://jockers.inglory.de/wp-login.php" "Serf/1.3.9 (mod_pagespeed/1.13.35.2-0)"
94.130.90.54 - - [12/Mar/2026:13:50:42 +0100] "POST /wp-cron.php?doing_wp_cron=1773319842.3583250045776367187500 HTTP/1.0" 200 4071 "-" "TIJ2TwSGaEP6"
155.212.39.98 - - [12/Mar/2026:13:50:41 +0100] "POST /xmlrpc.php HTTP/1.0" 200 4122 "-" "Mozilla/5.0 (Windows NT 10.0; Win64; x64; rv:127.0) Gecko/20100101 Firefox/127.0"
74.7.243.203 - - [12/Mar/2026:13:50:41 +0100] "GET /wp-json/wp/v2/posts/2710 HTTP/1.0" 200 13575 "https://jockers.inglory.de/casino-a-retrait-rapide-decouvrez-betify-et-maximisez-vos-gains/" "Mozilla/5.0 AppleWebKit/537.36 (KHTML, like Gecko; compatible; GPTBot/1.3; +https://openai.com/gptbot)"
155.212.39.98 - - [12/Mar/2026:13:50:42 +0100] "POST /xmlrpc.php HTTP/1.0" 200 7580 "-" "Mozilla/5.0 (Windows NT 10.0; Win64; x64; rv:127.0) Gecko/20100101 Firefox/127.0"
74.7.243.203 - - [12/Mar/2026:13:50:45 +0100] "GET /wp-json/wp/v2/posts/2618 HTTP/1.0" 200 14464 "https://jockers.inglory.de/zahranicni-casino-bonus-bez-vkladu-zahranicni-casina-pro-ceske-hrace/" "Mozilla/5.0 AppleWebKit/537.36 (KHTML, like Gecko; compatible; GPTBot/1.3; +https://openai.com/gptbot)"
94.130.90.54 - - [12/Mar/2026:13:50:48 +0100] "POST /wp-cron.php?doing_wp_cron=1773319848.8315300941467285156250 HTTP/1.0" 200 4071 "-" "F6pxhcAWbJtu"
74.7.243.203 - - [12/Mar/2026:13:50:48 +0100] "GET /wp-json/wp/v2/posts/2698 HTTP/1.0" 200 14860 "https://jockers.inglory.de/bonus-casino-sans-depot-decouvrez-betify-pour-maximiser-vos-gains/" "Mozilla/5.0 AppleWebKit/537.36 (KHTML, like Gecko; compatible; GPTBot/1.3; +https://openai.com/gptbot)"
74.7.243.203 - - [12/Mar/2026:13:50:51 +0100] "GET /wp-json/wp/v2/posts/2604 HTTP/1.0" 200 15489 "https://jockers.inglory.de/20e-no-deposit-casino-bonus-jak-ho-ziskat-a-na-co-si-dat-pozor/" "Mozilla/5.0 AppleWebKit/537.36 (KHTML, like Gecko; compatible; GPTBot/1.3; +https://openai.com/gptbot)"
74.7.243.203 - - [12/Mar/2026:13:50:54 +0100] "GET /wp-json/wp/v2/posts/2630 HTTP/1.0" 200 15947 "https://jockers.inglory.de/casino-bonus-pro-ceske-hrace-vse-co-potrebujete-vedet-o-online-casino-cz/" "Mozilla/5.0 AppleWebKit/537.36 (KHTML, like Gecko; compatible; GPTBot/1.3; +https://openai.com/gptbot)"
74.7.243.203 - - [12/Mar/2026:13:50:57 +0100] "GET /wp-json/wp/v2/posts/2740 HTTP/1.0" 200 14557 "https://jockers.inglory.de/nouveau-casino-sans-depot-decouvrez-leon/" "Mozilla/5.0 AppleWebKit/537.36 (KHTML, like Gecko; compatible; GPTBot/1.3; +https://openai.com/gptbot)"
74.7.243.203 - - [12/Mar/2026:13:51:00 +0100] "GET /wp-json/wp/v2/posts/2814 HTTP/1.0" 200 14341 "https://jockers.inglory.de/jeux-de-casino-classiques-instant-plaisir-et-divertissement/" "Mozilla/5.0 AppleWebKit/537.36 (KHTML, like Gecko; compatible; GPTBot/1.3; +https://openai.com/gptbot)"
74.7.243.203 - - [12/Mar/2026:13:51:03 +0100] "GET /wp-json/wp/v2/posts/2790 HTTP/1.0" 200 14373 "https://jockers.inglory.de/casino-avec-retrait-le-jour-meme-instantane-et-pratique/" "Mozilla/5.0 AppleWebKit/537.36 (KHTML, like Gecko; compatible; GPTBot/1.3; +https://openai.com/gptbot)"
74.7.243.203 - - [12/Mar/2026:13:51:07 +0100] "GET /wp-json/wp/v2/posts/2640 HTTP/1.0" 200 15515 "https://jockers.inglory.de/bonus-bez-vkladu-casino-vse-co-potrebujete-vedet-o-bonusu-za-registraci/" "Mozilla/5.0 AppleWebKit/537.36 (KHTML, like Gecko; compatible; GPTBot/1.3; +https://openai.com/gptbot)"
74.7.243.203 - - [12/Mar/2026:13:51:10 +0100] "GET /wp-json/oembed/1.0/embed?url=https%3A%2F%2Fjockers.inglory.de%2Fceske-casino-vse-co-potrebujete-vedet-o-online-casino-cz%2F HTTP/1.0" 200 6847 "https://jockers.inglory.de/ceske-casino-vse-co-potrebujete-vedet-o-online-casino-cz/" "Mozilla/5.0 AppleWebKit/537.36 (KHTML, like Gecko; compatible; GPTBot/1.3; +https://openai.com/gptbot)"
74.7.243.203 - - [12/Mar/2026:13:51:13 +0100] "GET /free-spiny-casino-ziskejte-casino-bonus-za-registraci/feed/ HTTP/1.0" 200 4888 "https://jockers.inglory.de/free-spiny-casino-ziskejte-casino-bonus-za-registraci/" "Mozilla/5.0 AppleWebKit/537.36 (KHTML, like Gecko; compatible; GPTBot/1.3; +https://openai.com/gptbot)"
74.7.243.203 - - [12/Mar/2026:13:51:16 +0100] "GET /wp-content/plugins/elementor-pro/assets/css/A.widget-nav-menu.min.css,qver=3.35.1.pagespeed.cf.GfA-OKevUX.css HTTP/1.0" 200 7519 "https://jockers.inglory.de/" "Mozilla/5.0 AppleWebKit/537.36 (KHTML, like Gecko; compatible; GPTBot/1.3; +https://openai.com/gptbot)"
74.7.243.203 - - [12/Mar/2026:13:51:19 +0100] "GET /machine-a-sous-demo-decouvrez-betify-et-ameliorez-votre-experience-de-jeu/ HTTP/1.0" 200 28312 "https://jockers.inglory.de/author/admlnlx/page/3/" "Mozilla/5.0 AppleWebKit/537.36 (KHTML, like Gecko; compatible; GPTBot/1.3; +https://openai.com/gptbot)"
74.7.243.203 - - [12/Mar/2026:13:51:23 +0100] "GET /wp-content/plugins/elementor/assets/lib/swiper/v8/swiper.min.js,qver=8.4.5.pagespeed.ce.g-mynwCGu6.js HTTP/1.0" 200 43986 "https://jockers.inglory.de/?p=52" "Mozilla/5.0 AppleWebKit/537.36 (KHTML, like Gecko; compatible; GPTBot/1.3; +https://openai.com/gptbot)"
74.7.243.203 - - [12/Mar/2026:13:51:26 +0100] "GET /wp-content/plugins/elementor/assets/lib/font-awesome/webfonts/fa-brands-400.svg HTTP/1.0" 200 754270 "https://jockers.inglory.de/" "Mozilla/5.0 AppleWebKit/537.36 (KHTML, like Gecko; compatible; GPTBot/1.3; +https://openai.com/gptbot)"
74.7.243.203 - - [12/Mar/2026:13:51:29 +0100] "GET /wp-content/plugins/elementor/assets/lib/font-awesome/webfonts/fa-solid-900.woff HTTP/1.0" 200 105837 "https://jockers.inglory.de/" "Mozilla/5.0 AppleWebKit/537.36 (KHTML, like Gecko; compatible; GPTBot/1.3; +https://openai.com/gptbot)"
74.7.243.203 - - [12/Mar/2026:13:51:32 +0100] "GET /wp-content/plugins/elementor/assets/lib/font-awesome/webfonts/fa-brands-400.eot HTTP/1.0" 200 155827 "https://jockers.inglory.de/" "Mozilla/5.0 AppleWebKit/537.36 (KHTML, like Gecko; compatible; GPTBot/1.3; +https://openai.com/gptbot)"
74.7.243.203 - - [12/Mar/2026:13:51:36 +0100] "GET /wp-content/plugins/elementor/assets/lib/font-awesome/webfonts/fa-brands-400.ttf HTTP/1.0" 200 155618 "https://jockers.inglory.de/" "Mozilla/5.0 AppleWebKit/537.36 (KHTML, like Gecko; compatible; GPTBot/1.3; +https://openai.com/gptbot)"
74.7.243.203 - - [12/Mar/2026:13:51:39 +0100] "GET /bonus-casino-sans-depot-decouvrez-betify-pour-maximiser-vos-gains/feed/ HTTP/1.0" 200 4917 "https://jockers.inglory.de/bonus-casino-sans-depot-decouvrez-betify-pour-maximiser-vos-gains/" "Mozilla/5.0 AppleWebKit/537.36 (KHTML, like Gecko; compatible; GPTBot/1.3; +https://openai.com/gptbot)"
94.130.90.54 - - [12/Mar/2026:13:51:43 +0100] "GET /wp-includes/js/dist/hooks.min.js?ver=dd5603f07f9220ed27f1 HTTP/1.1" 304 3392 "https://jockers.inglory.de/ceske-casino-online-vse-co-potrebujete-vedet-o-online-casino-cz/" "Serf/1.3.9 (mod_pagespeed/1.13.35.2-0)"
74.7.243.203 - - [12/Mar/2026:13:51:42 +0100] "GET /ceske-casino-online-vse-co-potrebujete-vedet-o-online-casino-cz/ HTTP/1.0" 200 28393 "https://jockers.inglory.de/author/admlnlx/page/5/" "Mozilla/5.0 AppleWebKit/537.36 (KHTML, like Gecko; compatible; GPTBot/1.3; +https://openai.com/gptbot)"
94.130.90.54 - - [12/Mar/2026:13:51:43 +0100] "GET /wp-includes/js/dist/i18n.min.js?ver=c26c3dc7bed366793375 HTTP/1.1" 304 3392 "https://jockers.inglory.de/ceske-casino-online-vse-co-potrebujete-vedet-o-online-casino-cz/" "Serf/1.3.9 (mod_pagespeed/1.13.35.2-0)"
94.130.90.54 - - [12/Mar/2026:13:51:43 +0100] "GET /wp-content/uploads/cropped-items-32x32.png HTTP/1.1" 304 3391 "https://jockers.inglory.de/ceske-casino-online-vse-co-potrebujete-vedet-o-online-casino-cz/" "Serf/1.3.9 (mod_pagespeed/1.13.35.2-0)"
94.130.90.54 - - [12/Mar/2026:13:51:43 +0100] "GET /wp-content/uploads/cropped-items-192x192.png HTTP/1.1" 304 3391 "https://jockers.inglory.de/ceske-casino-online-vse-co-potrebujete-vedet-o-online-casino-cz/" "Serf/1.3.9 (mod_pagespeed/1.13.35.2-0)"
94.130.90.54 - - [12/Mar/2026:13:51:43 +0100] "GET /wp-content/uploads/cropped-items-180x180.png HTTP/1.1" 304 3391 "https://jockers.inglory.de/ceske-casino-online-vse-co-potrebujete-vedet-o-online-casino-cz/" "Serf/1.3.9 (mod_pagespeed/1.13.35.2-0)"
94.130.90.54 - - [12/Mar/2026:13:51:43 +0100] "GET /wp-includes/js/jquery/jquery.min.js?ver=3.7.1 HTTP/1.1" 304 3393 "https://jockers.inglory.de/ceske-casino-online-vse-co-potrebujete-vedet-o-online-casino-cz/" "Serf/1.3.9 (mod_pagespeed/1.13.35.2-0)"
94.130.90.54 - - [12/Mar/2026:13:51:43 +0100] "GET /wp-includes/js/jquery/jquery-migrate.min.js?ver=3.4.1 HTTP/1.1" 304 3392 "https://jockers.inglory.de/ceske-casino-online-vse-co-potrebujete-vedet-o-online-casino-cz/" "Serf/1.3.9 (mod_pagespeed/1.13.35.2-0)"
94.130.90.54 - - [12/Mar/2026:13:51:46 +0100] "POST /wp-cron.php?doing_wp_cron=1773319906.7492759227752685546875 HTTP/1.0" 200 4071 "-" "wr6sg0L0T6qk"
74.7.243.203 - - [12/Mar/2026:13:51:45 +0100] "GET /roulette-de-casino-en-ligne-decouvrez-linstant-de-fun-et-de-gains/ HTTP/1.0" 200 28372 "https://jockers.inglory.de/author/admlnlx/page/2/" "Mozilla/5.0 AppleWebKit/537.36 (KHTML, like Gecko; compatible; GPTBot/1.3; +https://openai.com/gptbot)"
74.7.243.203 - - [12/Mar/2026:13:51:48 +0100] "GET /jeux-mobiles-plongez-dans-lunivers-de-leon-et-decouvrez-les-meilleures-options/ HTTP/1.0" 200 28596 "https://jockers.inglory.de/author/admlnlx/page/3/" "Mozilla/5.0 AppleWebKit/537.36 (KHTML, like Gecko; compatible; GPTBot/1.3; +https://openai.com/gptbot)"
74.7.243.203 - - [12/Mar/2026:13:51:51 +0100] "GET /wp-json/oembed/1.0/embed?url=https%3A%2F%2Fjockers.inglory.de%2Fcrypto-casino-sans-kyc-instantane-et-securise%2F HTTP/1.0" 200 6747 "https://jockers.inglory.de/crypto-casino-sans-kyc-instantane-et-securise/" "Mozilla/5.0 AppleWebKit/537.36 (KHTML, like Gecko; compatible; GPTBot/1.3; +https://openai.com/gptbot)"
74.7.243.203 - - [12/Mar/2026:13:51:54 +0100] "GET /?p=2714 HTTP/1.0" 301 4175 "https://jockers.inglory.de/machine-a-sous-demo-decouvrez-betify-et-ameliorez-votre-experience-de-jeu/" "Mozilla/5.0 AppleWebKit/537.36 (KHTML, like Gecko; compatible; GPTBot/1.3; +https://openai.com/gptbot)"
74.7.243.203 - - [12/Mar/2026:13:51:55 +0100] "GET /machine-a-sous-demo-decouvrez-betify-et-ameliorez-votre-experience-de-jeu/ HTTP/1.0" 200 28299 "https://jockers.inglory.de/?p=2714" "Mozilla/5.0 AppleWebKit/537.36 (KHTML, like Gecko; compatible; GPTBot/1.3; +https://openai.com/gptbot)"
74.7.243.203 - - [12/Mar/2026:13:51:57 +0100] "GET /wp-json/oembed/1.0/embed?url=https%3A%2F%2Fjockers.inglory.de%2Fmachine-a-sous-demo-decouvrez-betify-et-ameliorez-votre-experience-de-jeu%2F HTTP/1.0" 200 6917 "https://jockers.inglory.de/machine-a-sous-demo-decouvrez-betify-et-ameliorez-votre-experience-de-jeu/" "Mozilla/5.0 AppleWebKit/537.36 (KHTML, like Gecko; compatible; GPTBot/1.3; +https://openai.com/gptbot)"
74.7.243.203 - - [12/Mar/2026:13:52:00 +0100] "GET /wp-json/oembed/1.0/embed?format=xml&url=https%3A%2F%2Fjockers.inglory.de%2Fmachine-a-sous-demo-decouvrez-betify-et-ameliorez-votre-experience-de-jeu%2F HTTP/1.0" 200 5558 "https://jockers.inglory.de/machine-a-sous-demo-decouvrez-betify-et-ameliorez-votre-experience-de-jeu/" "Mozilla/5.0 AppleWebKit/537.36 (KHTML, like Gecko; compatible; GPTBot/1.3; +https://openai.com/gptbot)"
74.7.243.203 - - [12/Mar/2026:13:52:03 +0100] "GET /wp-json/wp/v2/posts/2714 HTTP/1.0" 200 13759 "https://jockers.inglory.de/machine-a-sous-demo-decouvrez-betify-et-ameliorez-votre-experience-de-jeu/" "Mozilla/5.0 AppleWebKit/537.36 (KHTML, like Gecko; compatible; GPTBot/1.3; +https://openai.com/gptbot)"
74.7.243.203 - - [12/Mar/2026:13:52:06 +0100] "GET /wp-content/themes/hello-elementor/assets/css/theme.css,qver=3.4.6.pagespeed.ce.pIDSv4xSPa.css HTTP/1.0" 200 5413 "https://jockers.inglory.de/" "Mozilla/5.0 AppleWebKit/537.36 (KHTML, like Gecko; compatible; GPTBot/1.3; +https://openai.com/gptbot)"
74.7.243.203 - - [12/Mar/2026:13:52:10 +0100] "GET /wp-json/oembed/1.0/embed?url=https%3A%2F%2Fjockers.inglory.de%2Fmeilleures-machines-a-sous-en-ligne-avec-leon%2F HTTP/1.0" 200 6711 "https://jockers.inglory.de/meilleures-machines-a-sous-en-ligne-avec-leon/" "Mozilla/5.0 AppleWebKit/537.36 (KHTML, like Gecko; compatible; GPTBot/1.3; +https://openai.com/gptbot)"
74.7.243.203 - - [12/Mar/2026:13:52:13 +0100] "GET /jouer-au-casino-en-ligne-avec-leon-guide-complet-pour-les-joueurs-francais/feed/ HTTP/1.0" 200 4917 "https://jockers.inglory.de/jouer-au-casino-en-ligne-avec-leon-guide-complet-pour-les-joueurs-francais/" "Mozilla/5.0 AppleWebKit/537.36 (KHTML, like Gecko; compatible; GPTBot/1.3; +https://openai.com/gptbot)"
74.7.243.203 - - [12/Mar/2026:13:52:16 +0100] "GET /?p=2628 HTTP/1.0" 301 4165 "https://jockers.inglory.de/ceske-casino-online-vse-co-potrebujete-vedet-o-online-casino-cz/" "Mozilla/5.0 AppleWebKit/537.36 (KHTML, like Gecko; compatible; GPTBot/1.3; +https://openai.com/gptbot)"
94.130.90.54 - - [12/Mar/2026:13:52:18 +0100] "GET /wp-content/uploads/logo.svg HTTP/1.1" 200 12357 "https://jockers.inglory.de/ceske-casino-online-vse-co-potrebujete-vedet-o-online-casino-cz/" "Serf/1.3.9 (mod_pagespeed/1.13.35.2-0)"
94.130.90.54 - - [12/Mar/2026:13:52:18 +0100] "GET /wp-content/uploads/logo.svg HTTP/1.1" 200 12357 "https://jockers.inglory.de/ceske-casino-online-vse-co-potrebujete-vedet-o-online-casino-cz/" "Serf/1.3.9 (mod_pagespeed/1.13.35.2-0)"
94.130.90.54 - - [12/Mar/2026:13:52:18 +0100] "GET /wp-content/uploads/Google-logo.svg HTTP/1.1" 200 4648 "https://jockers.inglory.de/ceske-casino-online-vse-co-potrebujete-vedet-o-online-casino-cz/" "Serf/1.3.9 (mod_pagespeed/1.13.35.2-0)"
74.7.243.203 - - [12/Mar/2026:13:52:17 +0100] "GET /ceske-casino-online-vse-co-potrebujete-vedet-o-online-casino-cz/ HTTP/1.0" 200 28381 "https://jockers.inglory.de/?p=2628" "Mozilla/5.0 AppleWebKit/537.36 (KHTML, like Gecko; compatible; GPTBot/1.3; +https://openai.com/gptbot)"
94.130.90.54 - - [12/Mar/2026:13:52:18 +0100] "GET /wp-content/uploads/logo.svg HTTP/1.1" 200 12357 "https://jockers.inglory.de/ceske-casino-online-vse-co-potrebujete-vedet-o-online-casino-cz/" "Serf/1.3.9 (mod_pagespeed/1.13.35.2-0)"
74.7.243.203 - - [12/Mar/2026:13:52:19 +0100] "GET /roulette-de-casino-en-ligne-decouvrez-linstant-de-fun-et-de-gains/feed/ HTTP/1.0" 200 4915 "https://jockers.inglory.de/roulette-de-casino-en-ligne-decouvrez-linstant-de-fun-et-de-gains/" "Mozilla/5.0 AppleWebKit/537.36 (KHTML, like Gecko; compatible; GPTBot/1.3; +https://openai.com/gptbot)"
74.7.243.203 - - [12/Mar/2026:13:52:23 +0100] "GET /?p=2734 HTTP/1.0" 301 4180 "https://jockers.inglory.de/jeux-mobiles-plongez-dans-lunivers-de-leon-et-decouvrez-les-meilleures-options/" "Mozilla/5.0 AppleWebKit/537.36 (KHTML, like Gecko; compatible; GPTBot/1.3; +https://openai.com/gptbot)"
74.7.243.203 - - [12/Mar/2026:13:52:23 +0100] "GET /jeux-mobiles-plongez-dans-lunivers-de-leon-et-decouvrez-les-meilleures-options/ HTTP/1.0" 200 28583 "https://jockers.inglory.de/?p=2734" "Mozilla/5.0 AppleWebKit/537.36 (KHTML, like Gecko; compatible; GPTBot/1.3; +https://openai.com/gptbot)"
74.7.243.203 - - [12/Mar/2026:13:52:26 +0100] "GET /wp-json/oembed/1.0/embed?format=xml&url=https%3A%2F%2Fjockers.inglory.de%2Fjeux-mobiles-plongez-dans-lunivers-de-leon-et-decouvrez-les-meilleures-options%2F HTTP/1.0" 200 5558 "https://jockers.inglory.de/jeux-mobiles-plongez-dans-lunivers-de-leon-et-decouvrez-les-meilleures-options/" "Mozilla/5.0 AppleWebKit/537.36 (KHTML, like Gecko; compatible; GPTBot/1.3; +https://openai.com/gptbot)"
74.7.243.203 - - [12/Mar/2026:13:52:29 +0100] "GET /ceske-casino-online-vse-co-potrebujete-vedet-o-online-casino-cz/feed/ HTTP/1.0" 200 4910 "https://jockers.inglory.de/ceske-casino-online-vse-co-potrebujete-vedet-o-online-casino-cz/" "Mozilla/5.0 AppleWebKit/537.36 (KHTML, like Gecko; compatible; GPTBot/1.3; +https://openai.com/gptbot)"
74.7.243.203 - - [12/Mar/2026:13:52:32 +0100] "GET /wp-json/wp/v2/posts/2772 HTTP/1.0" 200 14101 "https://jockers.inglory.de/roulette-de-casino-en-ligne-decouvrez-linstant-de-fun-et-de-gains/" "Mozilla/5.0 AppleWebKit/537.36 (KHTML, like Gecko; compatible; GPTBot/1.3; +https://openai.com/gptbot)"
74.7.243.203 - - [12/Mar/2026:13:52:35 +0100] "GET /wp-json/wp/v2/posts/2628 HTTP/1.0" 200 14642 "https://jockers.inglory.de/ceske-casino-online-vse-co-potrebujete-vedet-o-online-casino-cz/" "Mozilla/5.0 AppleWebKit/537.36 (KHTML, like Gecko; compatible; GPTBot/1.3; +https://openai.com/gptbot)"
74.7.243.203 - - [12/Mar/2026:13:52:39 +0100] "GET /jeux-mobiles-plongez-dans-lunivers-de-leon-et-decouvrez-les-meilleures-options/feed/ HTTP/1.0" 200 4929 "https://jockers.inglory.de/jeux-mobiles-plongez-dans-lunivers-de-leon-et-decouvrez-les-meilleures-options/" "Mozilla/5.0 AppleWebKit/537.36 (KHTML, like Gecko; compatible; GPTBot/1.3; +https://openai.com/gptbot)"
74.7.243.203 - - [12/Mar/2026:13:52:42 +0100] "GET /wp-json/oembed/1.0/embed?format=xml&url=https%3A%2F%2Fjockers.inglory.de%2Fceske-casino-online-vse-co-potrebujete-vedet-o-online-casino-cz%2F HTTP/1.0" 200 5547 "https://jockers.inglory.de/ceske-casino-online-vse-co-potrebujete-vedet-o-online-casino-cz/" "Mozilla/5.0 AppleWebKit/537.36 (KHTML, like Gecko; compatible; GPTBot/1.3; +https://openai.com/gptbot)"
74.7.243.203 - - [12/Mar/2026:13:52:45 +0100] "GET /wp-json/oembed/1.0/embed?url=https%3A%2F%2Fjockers.inglory.de%2Froulette-de-casino-en-ligne-decouvrez-linstant-de-fun-et-de-gains%2F HTTP/1.0" 200 6838 "https://jockers.inglory.de/roulette-de-casino-en-ligne-decouvrez-linstant-de-fun-et-de-gains/" "Mozilla/5.0 AppleWebKit/537.36 (KHTML, like Gecko; compatible; GPTBot/1.3; +https://openai.com/gptbot)"
94.130.90.54 - - [12/Mar/2026:13:52:49 +0100] "POST /wp-cron.php?doing_wp_cron=1773319969.2200078964233398437500 HTTP/1.0" 200 4071 "-" "MuezwtlEvesK"
74.7.243.203 - - [12/Mar/2026:13:52:48 +0100] "GET /wp-json/oembed/1.0/embed?url=https%3A%2F%2Fjockers.inglory.de%2Fceske-casino-online-vse-co-potrebujete-vedet-o-online-casino-cz%2F HTTP/1.0" 200 6882 "https://jockers.inglory.de/ceske-casino-online-vse-co-potrebujete-vedet-o-online-casino-cz/" "Mozilla/5.0 AppleWebKit/537.36 (KHTML, like Gecko; compatible; GPTBot/1.3; +https://openai.com/gptbot)"
74.7.243.203 - - [12/Mar/2026:13:52:51 +0100] "GET /?p=2772 HTTP/1.0" 301 4167 "https://jockers.inglory.de/roulette-de-casino-en-ligne-decouvrez-linstant-de-fun-et-de-gains/" "Mozilla/5.0 AppleWebKit/537.36 (KHTML, like Gecko; compatible; GPTBot/1.3; +https://openai.com/gptbot)"
74.7.243.203 - - [12/Mar/2026:13:52:52 +0100] "GET /roulette-de-casino-en-ligne-decouvrez-linstant-de-fun-et-de-gains/ HTTP/1.0" 200 28469 "https://jockers.inglory.de/?p=2772" "Mozilla/5.0 AppleWebKit/537.36 (KHTML, like Gecko; compatible; GPTBot/1.3; +https://openai.com/gptbot)"
74.7.243.203 - - [12/Mar/2026:13:52:54 +0100] "GET /wp-json/oembed/1.0/embed?format=xml&url=https%3A%2F%2Fjockers.inglory.de%2Froulette-de-casino-en-ligne-decouvrez-linstant-de-fun-et-de-gains%2F HTTP/1.0" 200 5540 "https://jockers.inglory.de/roulette-de-casino-en-ligne-decouvrez-linstant-de-fun-et-de-gains/" "Mozilla/5.0 AppleWebKit/537.36 (KHTML, like Gecko; compatible; GPTBot/1.3; +https://openai.com/gptbot)"
74.7.243.203 - - [12/Mar/2026:13:52:58 +0100] "GET /wp-json/oembed/1.0/embed?url=https%3A%2F%2Fjockers.inglory.de%2Fjeux-mobiles-plongez-dans-lunivers-de-leon-et-decouvrez-les-meilleures-options%2F HTTP/1.0" 200 6903 "https://jockers.inglory.de/jeux-mobiles-plongez-dans-lunivers-de-leon-et-decouvrez-les-meilleures-options/" "Mozilla/5.0 AppleWebKit/537.36 (KHTML, like Gecko; compatible; GPTBot/1.3; +https://openai.com/gptbot)"
74.7.243.203 - - [12/Mar/2026:13:53:01 +0100] "GET /wp-json/wp/v2/posts/2734 HTTP/1.0" 200 14040 "https://jockers.inglory.de/jeux-mobiles-plongez-dans-lunivers-de-leon-et-decouvrez-les-meilleures-options/" "Mozilla/5.0 AppleWebKit/537.36 (KHTML, like Gecko; compatible; GPTBot/1.3; +https://openai.com/gptbot)"
74.7.243.203 - - [12/Mar/2026:13:53:04 +0100] "GET /machines-a-sous-wildlife-plongez-dans-lunivers-sauvage-avec-leon/feed/ HTTP/1.0" 200 4918 "https://jockers.inglory.de/machines-a-sous-wildlife-plongez-dans-lunivers-sauvage-avec-leon/" "Mozilla/5.0 AppleWebKit/537.36 (KHTML, like Gecko; compatible; GPTBot/1.3; +https://openai.com/gptbot)"
74.7.243.203 - - [12/Mar/2026:13:53:07 +0100] "GET /casino-avec-croupier-en-direct-instantanement-plonge-dans-laction/feed/ HTTP/1.0" 200 4916 "https://jockers.inglory.de/casino-avec-croupier-en-direct-instantanement-plonge-dans-laction/" "Mozilla/5.0 AppleWebKit/537.36 (KHTML, like Gecko; compatible; GPTBot/1.3; +https://openai.com/gptbot)"
74.7.243.203 - - [12/Mar/2026:13:53:10 +0100] "GET /wp-json/oembed/1.0/embed?url=https%3A%2F%2Fjockers.inglory.de%2Fmeilleures-machines-a-sous-en-ligne-decouvrez-casino-leon%2F HTTP/1.0" 200 6792 "https://jockers.inglory.de/meilleures-machines-a-sous-en-ligne-decouvrez-casino-leon/" "Mozilla/5.0 AppleWebKit/537.36 (KHTML, like Gecko; compatible; GPTBot/1.3; +https://openai.com/gptbot)"
74.7.243.203 - - [12/Mar/2026:13:53:14 +0100] "GET /zahranicni-casino-bonus-bez-vkladu-vse-co-potrebujete-vedet-o-zahranicnich-casinech-pro-ceske-hrace/ HTTP/1.0" 200 28419 "https://jockers.inglory.de/author/admlnlx/page/4/" "Mozilla/5.0 AppleWebKit/537.36 (KHTML, like Gecko; compatible; GPTBot/1.3; +https://openai.com/gptbot)"
74.7.243.203 - - [12/Mar/2026:13:53:17 +0100] "GET /wp-json/oembed/1.0/embed?format=xml&url=https%3A%2F%2Fjockers.inglory.de%2Finfrarotkabine%2F HTTP/1.0" 200 5470 "https://jockers.inglory.de/?p=52" "Mozilla/5.0 AppleWebKit/537.36 (KHTML, like Gecko; compatible; GPTBot/1.3; +https://openai.com/gptbot)"
74.7.243.203 - - [12/Mar/2026:13:53:20 +0100] "GET /wp-content/plugins/elementor/assets/js/frontend-modules.min.js?ver=3.35.7 HTTP/1.0" 200 20085 "https://jockers.inglory.de/machine-a-sous-demo-decouvrez-loco-win-et-ameliorez-votre-experience-de-jeu/" "Mozilla/5.0 AppleWebKit/537.36 (KHTML, like Gecko; compatible; GPTBot/1.3; +https://openai.com/gptbot)"
74.7.243.203 - - [12/Mar/2026:13:53:23 +0100] "GET /machine-a-sous-demo-decouvrez-betify-et-ameliorez-votre-experience-de-jeu/feed/ HTTP/1.0" 200 4925 "https://jockers.inglory.de/machine-a-sous-demo-decouvrez-betify-et-ameliorez-votre-experience-de-jeu/" "Mozilla/5.0 AppleWebKit/537.36 (KHTML, like Gecko; compatible; GPTBot/1.3; +https://openai.com/gptbot)"
74.7.243.203 - - [12/Mar/2026:13:53:26 +0100] "GET /wp-content/plugins/elementor/assets/css/frontend.min.css,qver=3.35.7.pagespeed.ce.T7X3_F5B9z.css HTTP/1.0" 200 11458 "https://jockers.inglory.de/" "Mozilla/5.0 AppleWebKit/537.36 (KHTML, like Gecko; compatible; GPTBot/1.3; +https://openai.com/gptbot)"
74.7.243.203 - - [12/Mar/2026:13:53:29 +0100] "GET /wp-json/oembed/1.0/embed?url=https%3A%2F%2Fjockers.inglory.de%2Fcasino-avec-croupier-en-direct-instantanement-plonge-dans-laction%2F HTTP/1.0" 200 6853 "https://jockers.inglory.de/casino-avec-croupier-en-direct-instantanement-plonge-dans-laction/" "Mozilla/5.0 AppleWebKit/537.36 (KHTML, like Gecko; compatible; GPTBot/1.3; +https://openai.com/gptbot)"
74.7.243.203 - - [12/Mar/2026:13:53:32 +0100] "GET /wp-json/oembed/1.0/embed?format=xml&url=https%3A%2F%2Fjockers.inglory.de%2Fcasino-video-poker-decouvrez-betify-pour-maximiser-vos-gains%2F HTTP/1.0" 200 5537 "https://jockers.inglory.de/casino-video-poker-decouvrez-betify-pour-maximiser-vos-gains/" "Mozilla/5.0 AppleWebKit/537.36 (KHTML, like Gecko; compatible; GPTBot/1.3; +https://openai.com/gptbot)"
74.7.243.203 - - [12/Mar/2026:13:53:35 +0100] "GET /wp-json/oembed/1.0/embed?url=https%3A%2F%2Fjockers.inglory.de%2Fregistratsiia-na-epicstar-dlia-onlain-igr-v-2024-godu%2F HTTP/1.0" 200 7177 "https://jockers.inglory.de/registratsiia-na-epicstar-dlia-onlain-igr-v-2024-godu/" "Mozilla/5.0 AppleWebKit/537.36 (KHTML, like Gecko; compatible; GPTBot/1.3; +https://openai.com/gptbot)"
74.7.243.203 - - [12/Mar/2026:13:53:38 +0100] "GET /?p=168 HTTP/1.0" 301 4184 "https://jockers.inglory.de/referenzen-innensauna/" "Mozilla/5.0 AppleWebKit/537.36 (KHTML, like Gecko; compatible; GPTBot/1.3; +https://openai.com/gptbot)"
94.130.90.54 - - [12/Mar/2026:13:53:41 +0100] "GET /wp-content/plugins/elementor/assets/css/widget-divider.min.css?ver=3.35.7 HTTP/1.1" 304 3392 "https://jockers.inglory.de/referenzen-innensauna/" "Serf/1.3.9 (mod_pagespeed/1.13.35.2-0)"
94.130.90.54 - - [12/Mar/2026:13:53:41 +0100] "GET /wp-content/plugins/elementor/assets/lib/swiper/v8/css/swiper.min.css?ver=8.4.5 HTTP/1.1" 304 3392 "https://jockers.inglory.de/referenzen-innensauna/" "Serf/1.3.9 (mod_pagespeed/1.13.35.2-0)"
74.7.243.203 - - [12/Mar/2026:13:53:39 +0100] "GET /referenzen-innensauna/ HTTP/1.0" 200 32313 "https://jockers.inglory.de/?p=168" "Mozilla/5.0 AppleWebKit/537.36 (KHTML, like Gecko; compatible; GPTBot/1.3; +https://openai.com/gptbot)"
94.130.90.54 - - [12/Mar/2026:13:53:41 +0100] "GET /wp-content/plugins/elementor/assets/css/conditionals/e-swiper.min.css?ver=3.35.7 HTTP/1.1" 304 3392 "https://jockers.inglory.de/referenzen-innensauna/" "Serf/1.3.9 (mod_pagespeed/1.13.35.2-0)"
94.130.90.54 - - [12/Mar/2026:13:53:41 +0100] "GET /wp-content/plugins/elementor-pro/assets/css/widget-gallery.min.css?ver=3.35.1 HTTP/1.1" 304 3392 "https://jockers.inglory.de/referenzen-innensauna/" "Serf/1.3.9 (mod_pagespeed/1.13.35.2-0)"
94.130.90.54 - - [12/Mar/2026:13:53:41 +0100] "GET /wp-content/plugins/elementor/assets/lib/e-gallery/css/e-gallery.min.css?ver=1.2.0 HTTP/1.1" 304 3391 "https://jockers.inglory.de/referenzen-innensauna/" "Serf/1.3.9 (mod_pagespeed/1.13.35.2-0)"
94.130.90.54 - - [12/Mar/2026:13:53:41 +0100] "GET /wp-content/plugins/elementor-pro/assets/css/conditionals/transitions.min.css?ver=3.35.1 HTTP/1.1" 304 3392 "https://jockers.inglory.de/referenzen-innensauna/" "Serf/1.3.9 (mod_pagespeed/1.13.35.2-0)"
94.130.90.54 - - [12/Mar/2026:13:53:41 +0100] "GET /wp-content/uploads/img-1-1-1.jpg HTTP/1.1" 304 3392 "https://jockers.inglory.de/referenzen-innensauna/" "Serf/1.3.9 (mod_pagespeed/1.13.35.2-0)"
94.130.90.54 - - [12/Mar/2026:13:53:41 +0100] "GET /wp-content/uploads/img-1-1-1.jpg HTTP/1.1" 304 3392 "https://jockers.inglory.de/referenzen-innensauna/" "Serf/1.3.9 (mod_pagespeed/1.13.35.2-0)"
94.130.90.54 - - [12/Mar/2026:13:53:41 +0100] "GET /wp-content/uploads/img-1-1-1-300x285.jpg HTTP/1.1" 304 3392 "https://jockers.inglory.de/referenzen-innensauna/" "Serf/1.3.9 (mod_pagespeed/1.13.35.2-0)"
94.130.90.54 - - [12/Mar/2026:13:53:41 +0100] "GET /wp-content/uploads/img-1-1-1-1024x971.jpg HTTP/1.1" 304 3392 "https://jockers.inglory.de/referenzen-innensauna/" "Serf/1.3.9 (mod_pagespeed/1.13.35.2-0)"
94.130.90.54 - - [12/Mar/2026:13:53:41 +0100] "GET /wp-content/uploads/img-1-1-1-768x728.jpg HTTP/1.1" 304 3392 "https://jockers.inglory.de/referenzen-innensauna/" "Serf/1.3.9 (mod_pagespeed/1.13.35.2-0)"
94.130.90.54 - - [12/Mar/2026:13:53:41 +0100] "GET /wp-content/uploads/img-2-1-4.jpg HTTP/1.1" 304 3393 "https://jockers.inglory.de/referenzen-innensauna/" "Serf/1.3.9 (mod_pagespeed/1.13.35.2-0)"
94.130.90.54 - - [12/Mar/2026:13:53:41 +0100] "GET /wp-content/uploads/img-2-1-4.jpg HTTP/1.1" 304 3393 "https://jockers.inglory.de/referenzen-innensauna/" "Serf/1.3.9 (mod_pagespeed/1.13.35.2-0)"
94.130.90.54 - - [12/Mar/2026:13:53:41 +0100] "GET /wp-content/uploads/img-2-1-4-300x239.jpg HTTP/1.1" 304 3392 "https://jockers.inglory.de/referenzen-innensauna/" "Serf/1.3.9 (mod_pagespeed/1.13.35.2-0)"
94.130.90.54 - - [12/Mar/2026:13:53:41 +0100] "GET /wp-content/uploads/img-2-1-4-1024x815.jpg HTTP/1.1" 304 3392 "https://jockers.inglory.de/referenzen-innensauna/" "Serf/1.3.9 (mod_pagespeed/1.13.35.2-0)"
94.130.90.54 - - [12/Mar/2026:13:53:41 +0100] "GET /wp-content/uploads/img-2-1-4-768x611.jpg HTTP/1.1" 304 3392 "https://jockers.inglory.de/referenzen-innensauna/" "Serf/1.3.9 (mod_pagespeed/1.13.35.2-0)"
94.130.90.54 - - [12/Mar/2026:13:53:41 +0100] "GET /wp-content/uploads/img-3-1-3.jpg HTTP/1.1" 304 3392 "https://jockers.inglory.de/referenzen-innensauna/" "Serf/1.3.9 (mod_pagespeed/1.13.35.2-0)"
94.130.90.54 - - [12/Mar/2026:13:53:41 +0100] "GET /wp-content/uploads/img-3-1-3.jpg HTTP/1.1" 304 3392 "https://jockers.inglory.de/referenzen-innensauna/" "Serf/1.3.9 (mod_pagespeed/1.13.35.2-0)"
94.130.90.54 - - [12/Mar/2026:13:53:41 +0100] "GET /wp-content/uploads/img-3-1-3-300x221.jpg HTTP/1.1" 304 3392 "https://jockers.inglory.de/referenzen-innensauna/" "Serf/1.3.9 (mod_pagespeed/1.13.35.2-0)"
94.130.90.54 - - [12/Mar/2026:13:53:41 +0100] "GET /wp-content/uploads/img-3-1-3-1024x755.jpg HTTP/1.1" 304 3392 "https://jockers.inglory.de/referenzen-innensauna/" "Serf/1.3.9 (mod_pagespeed/1.13.35.2-0)"
94.130.90.54 - - [12/Mar/2026:13:53:41 +0100] "GET /wp-content/uploads/img-3-1-3-768x567.jpg HTTP/1.1" 304 3392 "https://jockers.inglory.de/referenzen-innensauna/" "Serf/1.3.9 (mod_pagespeed/1.13.35.2-0)"
94.130.90.54 - - [12/Mar/2026:13:53:41 +0100] "GET /wp-content/uploads/img-4-1-3.jpg HTTP/1.1" 304 3393 "https://jockers.inglory.de/referenzen-innensauna/" "Serf/1.3.9 (mod_pagespeed/1.13.35.2-0)"
94.130.90.54 - - [12/Mar/2026:13:53:41 +0100] "GET /wp-content/uploads/img-4-1-3.jpg HTTP/1.1" 304 3393 "https://jockers.inglory.de/referenzen-innensauna/" "Serf/1.3.9 (mod_pagespeed/1.13.35.2-0)"
94.130.90.54 - - [12/Mar/2026:13:53:41 +0100] "GET /wp-content/uploads/img-4-1-3-300x239.jpg HTTP/1.1" 304 3392 "https://jockers.inglory.de/referenzen-innensauna/" "Serf/1.3.9 (mod_pagespeed/1.13.35.2-0)"
94.130.90.54 - - [12/Mar/2026:13:53:41 +0100] "GET /wp-content/uploads/img-4-1-3-1024x815.jpg HTTP/1.1" 304 3392 "https://jockers.inglory.de/referenzen-innensauna/" "Serf/1.3.9 (mod_pagespeed/1.13.35.2-0)"
94.130.90.54 - - [12/Mar/2026:13:53:41 +0100] "GET /wp-content/uploads/img-4-1-3-768x611.jpg HTTP/1.1" 304 3392 "https://jockers.inglory.de/referenzen-innensauna/" "Serf/1.3.9 (mod_pagespeed/1.13.35.2-0)"
94.130.90.54 - - [12/Mar/2026:13:53:41 +0100] "GET /wp-content/uploads/img-5-1-1.jpg HTTP/1.1" 304 3393 "https://jockers.inglory.de/referenzen-innensauna/" "Serf/1.3.9 (mod_pagespeed/1.13.35.2-0)"
94.130.90.54 - - [12/Mar/2026:13:53:41 +0100] "GET /wp-content/uploads/img-5-1-1.jpg HTTP/1.1" 304 3393 "https://jockers.inglory.de/referenzen-innensauna/" "Serf/1.3.9 (mod_pagespeed/1.13.35.2-0)"
94.130.90.54 - - [12/Mar/2026:13:53:41 +0100] "GET /wp-content/uploads/img-5-1-1-300x212.jpg HTTP/1.1" 304 3392 "https://jockers.inglory.de/referenzen-innensauna/" "Serf/1.3.9 (mod_pagespeed/1.13.35.2-0)"
94.130.90.54 - - [12/Mar/2026:13:53:41 +0100] "GET /wp-content/uploads/img-5-1-1-1024x722.jpg HTTP/1.1" 304 3393 "https://jockers.inglory.de/referenzen-innensauna/" "Serf/1.3.9 (mod_pagespeed/1.13.35.2-0)"
94.130.90.54 - - [12/Mar/2026:13:53:41 +0100] "GET /wp-content/uploads/img-5-1-1-768x542.jpg HTTP/1.1" 304 3392 "https://jockers.inglory.de/referenzen-innensauna/" "Serf/1.3.9 (mod_pagespeed/1.13.35.2-0)"
94.130.90.54 - - [12/Mar/2026:13:53:41 +0100] "GET /wp-content/uploads/img-6-1-1.jpg HTTP/1.1" 304 3392 "https://jockers.inglory.de/referenzen-innensauna/" "Serf/1.3.9 (mod_pagespeed/1.13.35.2-0)"
94.130.90.54 - - [12/Mar/2026:13:53:41 +0100] "GET /wp-content/uploads/img-6-1-1.jpg HTTP/1.1" 304 3392 "https://jockers.inglory.de/referenzen-innensauna/" "Serf/1.3.9 (mod_pagespeed/1.13.35.2-0)"
94.130.90.54 - - [12/Mar/2026:13:53:41 +0100] "GET /wp-content/uploads/img-6-1-1-300x212.jpg HTTP/1.1" 304 3392 "https://jockers.inglory.de/referenzen-innensauna/" "Serf/1.3.9 (mod_pagespeed/1.13.35.2-0)"
94.130.90.54 - - [12/Mar/2026:13:53:41 +0100] "GET /wp-content/uploads/img-6-1-1-1024x722.jpg HTTP/1.1" 304 3392 "https://jockers.inglory.de/referenzen-innensauna/" "Serf/1.3.9 (mod_pagespeed/1.13.35.2-0)"
94.130.90.54 - - [12/Mar/2026:13:53:41 +0100] "GET /wp-content/uploads/img-6-1-1-768x542.jpg HTTP/1.1" 304 3392 "https://jockers.inglory.de/referenzen-innensauna/" "Serf/1.3.9 (mod_pagespeed/1.13.35.2-0)"
94.130.90.54 - - [12/Mar/2026:13:53:41 +0100] "GET /wp-content/uploads/img-7-1-1.jpg HTTP/1.1" 304 3393 "https://jockers.inglory.de/referenzen-innensauna/" "Serf/1.3.9 (mod_pagespeed/1.13.35.2-0)"
94.130.90.54 - - [12/Mar/2026:13:53:41 +0100] "GET /wp-content/uploads/img-7-1-1.jpg HTTP/1.1" 304 3393 "https://jockers.inglory.de/referenzen-innensauna/" "Serf/1.3.9 (mod_pagespeed/1.13.35.2-0)"
94.130.90.54 - - [12/Mar/2026:13:53:41 +0100] "GET /wp-content/uploads/img-7-1-1-300x212.jpg HTTP/1.1" 304 3392 "https://jockers.inglory.de/referenzen-innensauna/" "Serf/1.3.9 (mod_pagespeed/1.13.35.2-0)"
94.130.90.54 - - [12/Mar/2026:13:53:41 +0100] "GET /wp-content/uploads/img-7-1-1-1024x722.jpg HTTP/1.1" 304 3392 "https://jockers.inglory.de/referenzen-innensauna/" "Serf/1.3.9 (mod_pagespeed/1.13.35.2-0)"
94.130.90.54 - - [12/Mar/2026:13:53:41 +0100] "GET /wp-content/uploads/img-7-1-1-768x542.jpg HTTP/1.1" 304 3392 "https://jockers.inglory.de/referenzen-innensauna/" "Serf/1.3.9 (mod_pagespeed/1.13.35.2-0)"
94.130.90.54 - - [12/Mar/2026:13:53:41 +0100] "GET /wp-content/uploads/elementor/css/post-168.css?ver=1773319670 HTTP/1.1" 304 3392 "https://jockers.inglory.de/referenzen-innensauna/" "Serf/1.3.9 (mod_pagespeed/1.13.35.2-0)"
94.130.90.54 - - [12/Mar/2026:13:53:41 +0100] "GET /wp-content/plugins/elementor/assets/lib/swiper/v8/swiper.min.js?ver=8.4.5 HTTP/1.1" 304 3393 "https://jockers.inglory.de/referenzen-innensauna/" "Serf/1.3.9 (mod_pagespeed/1.13.35.2-0)"
94.130.90.54 - - [12/Mar/2026:13:53:41 +0100] "GET /wp-content/plugins/elementor/assets/lib/e-gallery/js/e-gallery.min.js?ver=1.2.0 HTTP/1.1" 304 3392 "https://jockers.inglory.de/referenzen-innensauna/" "Serf/1.3.9 (mod_pagespeed/1.13.35.2-0)"
74.7.243.203 - - [12/Mar/2026:13:53:42 +0100] "GET /?p=160 HTTP/1.0" 301 4174 "https://jockers.inglory.de/ausstellung" "Mozilla/5.0 AppleWebKit/537.36 (KHTML, like Gecko; compatible; GPTBot/1.3; +https://openai.com/gptbot)"
94.130.90.54 - - [12/Mar/2026:13:53:44 +0100] "GET /wp-content/plugins/elementor/assets/css/widget-google_maps.min.css?ver=3.35.7 HTTP/1.1" 304 3391 "https://jockers.inglory.de/ausstellung/" "Serf/1.3.9 (mod_pagespeed/1.13.35.2-0)"
94.130.90.54 - - [12/Mar/2026:13:53:44 +0100] "GET /wp-content/uploads/img-4-1-7.jpg HTTP/1.1" 304 3392 "https://jockers.inglory.de/ausstellung/" "Serf/1.3.9 (mod_pagespeed/1.13.35.2-0)"
74.7.243.203 - - [12/Mar/2026:13:53:42 +0100] "GET /ausstellung/ HTTP/1.0" 200 27603 "https://jockers.inglory.de/?p=160" "Mozilla/5.0 AppleWebKit/537.36 (KHTML, like Gecko; compatible; GPTBot/1.3; +https://openai.com/gptbot)"
94.130.90.54 - - [12/Mar/2026:13:53:44 +0100] "GET /wp-content/uploads/img-4-1-7.jpg HTTP/1.1" 304 3392 "https://jockers.inglory.de/ausstellung/" "Serf/1.3.9 (mod_pagespeed/1.13.35.2-0)"
94.130.90.54 - - [12/Mar/2026:13:53:44 +0100] "GET /wp-content/uploads/img-4-1-7-233x300.jpg HTTP/1.1" 304 3392 "https://jockers.inglory.de/ausstellung/" "Serf/1.3.9 (mod_pagespeed/1.13.35.2-0)"
94.130.90.54 - - [12/Mar/2026:13:53:44 +0100] "GET /wp-content/uploads/img-4-1-7-797x1024.jpg HTTP/1.1" 304 3392 "https://jockers.inglory.de/ausstellung/" "Serf/1.3.9 (mod_pagespeed/1.13.35.2-0)"
94.130.90.54 - - [12/Mar/2026:13:53:44 +0100] "GET /wp-content/uploads/img-4-1-7-768x987.jpg HTTP/1.1" 304 3392 "https://jockers.inglory.de/ausstellung/" "Serf/1.3.9 (mod_pagespeed/1.13.35.2-0)"
94.130.90.54 - - [12/Mar/2026:13:53:44 +0100] "GET /wp-content/uploads/img-5-1-5.jpg HTTP/1.1" 304 3392 "https://jockers.inglory.de/ausstellung/" "Serf/1.3.9 (mod_pagespeed/1.13.35.2-0)"
94.130.90.54 - - [12/Mar/2026:13:53:44 +0100] "GET /wp-content/uploads/img-5-1-5.jpg HTTP/1.1" 304 3392 "https://jockers.inglory.de/ausstellung/" "Serf/1.3.9 (mod_pagespeed/1.13.35.2-0)"
94.130.90.54 - - [12/Mar/2026:13:53:44 +0100] "GET /wp-content/uploads/img-5-1-5-269x300.jpg HTTP/1.1" 304 3392 "https://jockers.inglory.de/ausstellung/" "Serf/1.3.9 (mod_pagespeed/1.13.35.2-0)"
94.130.90.54 - - [12/Mar/2026:13:53:44 +0100] "GET /wp-content/uploads/img-5-1-5-768x856.jpg HTTP/1.1" 304 3392 "https://jockers.inglory.de/ausstellung/" "Serf/1.3.9 (mod_pagespeed/1.13.35.2-0)"
94.130.90.54 - - [12/Mar/2026:13:53:44 +0100] "GET /wp-content/uploads/elementor/css/post-160.css?ver=1773319673 HTTP/1.1" 304 3392 "https://jockers.inglory.de/ausstellung/" "Serf/1.3.9 (mod_pagespeed/1.13.35.2-0)"
74.7.243.203 - - [12/Mar/2026:13:53:45 +0100] "GET /wp-content/plugins/elementor/assets/css/conditionals/e-swiper.min.css?ver=3.35.7 HTTP/1.0" 200 4981 "https://jockers.inglory.de/" "Mozilla/5.0 AppleWebKit/537.36 (KHTML, like Gecko; compatible; GPTBot/1.3; +https://openai.com/gptbot)"
94.130.90.54 - - [12/Mar/2026:13:53:49 +0100] "POST /wp-cron.php?doing_wp_cron=1773320029.2603819370269775390625 HTTP/1.0" 200 4071 "-" "Jff7ewAcljxJ"
74.7.243.203 - - [12/Mar/2026:13:53:48 +0100] "GET /?p=2642 HTTP/1.0" 301 4201 "https://jockers.inglory.de/zahranicni-casino-bonus-bez-vkladu-vse-co-potrebujete-vedet-o-zahranicnich-casinech-pro-ceske-hrace/" "Mozilla/5.0 AppleWebKit/537.36 (KHTML, like Gecko; compatible; GPTBot/1.3; +https://openai.com/gptbot)"
74.7.243.203 - - [12/Mar/2026:13:53:49 +0100] "GET /zahranicni-casino-bonus-bez-vkladu-vse-co-potrebujete-vedet-o-zahranicnich-casinech-pro-ceske-hrace/ HTTP/1.0" 200 28406 "https://jockers.inglory.de/?p=2642" "Mozilla/5.0 AppleWebKit/537.36 (KHTML, like Gecko; compatible; GPTBot/1.3; +https://openai.com/gptbot)"
74.7.243.203 - - [12/Mar/2026:13:53:51 +0100] "GET /zahranicni-casino-bonus-bez-vkladu-vse-co-potrebujete-vedet-o-zahranicnich-casinech-pro-ceske-hrace/feed/ HTTP/1.0" 200 4959 "https://jockers.inglory.de/zahranicni-casino-bonus-bez-vkladu-vse-co-potrebujete-vedet-o-zahranicnich-casinech-pro-ceske-hrace/" "Mozilla/5.0 AppleWebKit/537.36 (KHTML, like Gecko; compatible; GPTBot/1.3; +https://openai.com/gptbot)"
74.7.243.203 - - [12/Mar/2026:13:53:54 +0100] "GET /wp-json/wp/v2/posts/2642 HTTP/1.0" 200 15536 "https://jockers.inglory.de/zahranicni-casino-bonus-bez-vkladu-vse-co-potrebujete-vedet-o-zahranicnich-casinech-pro-ceske-hrace/" "Mozilla/5.0 AppleWebKit/537.36 (KHTML, like Gecko; compatible; GPTBot/1.3; +https://openai.com/gptbot)"
74.7.243.203 - - [12/Mar/2026:13:53:57 +0100] "GET /wp-json/oembed/1.0/embed?format=xml&url=https%3A%2F%2Fjockers.inglory.de%2Fzahranicni-casino-bonus-bez-vkladu-vse-co-potrebujete-vedet-o-zahranicnich-casinech-pro-ceske-hrace%2F HTTP/1.0" 200 5600 "https://jockers.inglory.de/zahranicni-casino-bonus-bez-vkladu-vse-co-potrebujete-vedet-o-zahranicnich-casinech-pro-ceske-hrace/" "Mozilla/5.0 AppleWebKit/537.36 (KHTML, like Gecko; compatible; GPTBot/1.3; +https://openai.com/gptbot)"
74.7.243.203 - - [12/Mar/2026:13:54:01 +0100] "GET /wp-json/oembed/1.0/embed?url=https%3A%2F%2Fjockers.inglory.de%2Fzahranicni-casino-bonus-bez-vkladu-vse-co-potrebujete-vedet-o-zahranicnich-casinech-pro-ceske-hrace%2F HTTP/1.0" 200 7152 "https://jockers.inglory.de/zahranicni-casino-bonus-bez-vkladu-vse-co-potrebujete-vedet-o-zahranicnich-casinech-pro-ceske-hrace/" "Mozilla/5.0 AppleWebKit/537.36 (KHTML, like Gecko; compatible; GPTBot/1.3; +https://openai.com/gptbot)"
74.7.243.203 - - [12/Mar/2026:13:54:04 +0100] "GET /wp-content/uploads/elementor/css/A.post-7.css,qver=1773290258.pagespeed.cf.ybC-u7-SSw.css HTTP/1.0" 200 5166 "https://jockers.inglory.de/" "Mozilla/5.0 AppleWebKit/537.36 (KHTML, like Gecko; compatible; GPTBot/1.3; +https://openai.com/gptbot)"
