94.130.90.54 - - [12/Mar/2026:14:47:41 +0100] "GET /wp-content/uploads/img-4-1-7-233x300.jpg HTTP/1.1" 200 10726 "https://jockers.inglory.de/ausstellung/" "Serf/1.3.9 (mod_pagespeed/1.13.35.2-0)"
94.130.90.54 - - [12/Mar/2026:14:47:41 +0100] "GET /wp-content/uploads/img-4-1-7-797x1024.jpg HTTP/1.1" 200 62811 "https://jockers.inglory.de/ausstellung/" "Serf/1.3.9 (mod_pagespeed/1.13.35.2-0)"
94.130.90.54 - - [12/Mar/2026:14:47:41 +0100] "GET /wp-content/uploads/img-4-1-7-768x987.jpg HTTP/1.1" 200 60244 "https://jockers.inglory.de/ausstellung/" "Serf/1.3.9 (mod_pagespeed/1.13.35.2-0)"
94.130.90.54 - - [12/Mar/2026:14:47:41 +0100] "GET /wp-content/uploads/img-5-1-5.jpg HTTP/1.1" 200 46188 "https://jockers.inglory.de/ausstellung/" "Serf/1.3.9 (mod_pagespeed/1.13.35.2-0)"
94.130.90.54 - - [12/Mar/2026:14:47:41 +0100] "GET /wp-content/uploads/img-5-1-5.jpg HTTP/1.1" 200 46188 "https://jockers.inglory.de/ausstellung/" "Serf/1.3.9 (mod_pagespeed/1.13.35.2-0)"
94.130.90.54 - - [12/Mar/2026:14:47:41 +0100] "GET /wp-content/uploads/img-5-1-5-269x300.jpg HTTP/1.1" 200 12746 "https://jockers.inglory.de/ausstellung/" "Serf/1.3.9 (mod_pagespeed/1.13.35.2-0)"
94.130.90.54 - - [12/Mar/2026:14:47:41 +0100] "GET /wp-content/uploads/img-5-1-5-768x856.jpg HTTP/1.1" 200 46007 "https://jockers.inglory.de/ausstellung/" "Serf/1.3.9 (mod_pagespeed/1.13.35.2-0)"
94.130.90.54 - - [12/Mar/2026:14:47:41 +0100] "GET /wp-content/uploads/elementor/css/post-160.css?ver=1773319673 HTTP/1.1" 200 27585 "https://jockers.inglory.de/ausstellung/" "Serf/1.3.9 (mod_pagespeed/1.13.35.2-0)"
94.130.90.54 - - [12/Mar/2026:14:47:45 +0100] "GET /wp-content/uploads/elementor/css/post-159.css?ver=1773323264 HTTP/1.1" 200 56119 "https://jockers.inglory.de/produktion/" "Serf/1.3.9 (mod_pagespeed/1.13.35.2-0)"
94.130.90.54 - - [12/Mar/2026:14:47:45 +0100] "GET /wp-content/uploads/imgi_11_jockers-sauna-produktion-Sauna_Jockers_058_large-3.jpg HTTP/1.1" 200 59235 "https://jockers.inglory.de/produktion/" "Serf/1.3.9 (mod_pagespeed/1.13.35.2-0)"
136.243.220.213 - - [12/Mar/2026:14:47:43 +0100] "GET /produktion/ HTTP/1.0" 200 32008 "-" "Mozilla/5.0 (compatible; DataForSeoBot/1.0; +https://dataforseo.com/dataforseo-bot)"
94.130.90.54 - - [12/Mar/2026:14:47:45 +0100] "GET /wp-content/uploads/img-7-1-4.jpg HTTP/1.1" 200 64429 "https://jockers.inglory.de/produktion/" "Serf/1.3.9 (mod_pagespeed/1.13.35.2-0)"
94.130.90.54 - - [12/Mar/2026:14:47:48 +0100] "POST /wp-cron.php?doing_wp_cron=1773323268.0506830215454101562500 HTTP/1.0" 200 4071 "-" "XKgtuEQMJjl0"
136.243.220.213 - - [12/Mar/2026:14:47:47 +0100] "GET /impressum HTTP/1.0" 301 4060 "-" "Mozilla/5.0 (compatible; DataForSeoBot/1.0; +https://dataforseo.com/dataforseo-bot)"
192.99.14.30 - - [12/Mar/2026:14:47:47 +0100] "HEAD /casino-en-ligne-avec-bonus-sans-depot-decouvrez-betify/ HTTP/1.0" 200 4245 "-" "WordPress/6.9.4; https://bigtourdeals.com"
68.178.244.64 - - [12/Mar/2026:14:47:51 +0100] "HEAD /meilleures-machines-a-sous-en-ligne-decouvrez-casino-leon/ HTTP/1.0" 200 4245 "-" "WordPress/6.6.4; https://dimpleshorsetreats.com"
192.99.14.30 - - [12/Mar/2026:14:47:48 +0100] "POST /xmlrpc.php HTTP/1.0" 200 4236 "-" "The Incutio XML-RPC PHP Library -- WordPress/6.9.4"
94.130.90.54 - - [12/Mar/2026:14:47:53 +0100] "GET /wp-content/uploads/img-4-1-2.jpg HTTP/1.1" 200 260691 "https://jockers.inglory.de/ausensauna/" "Serf/1.3.9 (mod_pagespeed/1.13.35.2-0)"
94.130.90.54 - - [12/Mar/2026:14:47:53 +0100] "GET /wp-content/uploads/img-4-1-2.jpg HTTP/1.1" 200 260691 "https://jockers.inglory.de/ausensauna/" "Serf/1.3.9 (mod_pagespeed/1.13.35.2-0)"
94.130.90.54 - - [12/Mar/2026:14:47:53 +0100] "GET /wp-content/uploads/img-4-1-2-300x239.jpg HTTP/1.1" 200 21237 "https://jockers.inglory.de/ausensauna/" "Serf/1.3.9 (mod_pagespeed/1.13.35.2-0)"
136.243.220.213 - - [12/Mar/2026:14:47:51 +0100] "GET /ausensauna/ HTTP/1.0" 200 30148 "-" "Mozilla/5.0 (compatible; DataForSeoBot/1.0; +https://dataforseo.com/dataforseo-bot)"
94.130.90.54 - - [12/Mar/2026:14:47:53 +0100] "GET /wp-content/uploads/img-4-1-2-1024x817.jpg HTTP/1.1" 200 193566 "https://jockers.inglory.de/ausensauna/" "Serf/1.3.9 (mod_pagespeed/1.13.35.2-0)"
94.130.90.54 - - [12/Mar/2026:14:47:53 +0100] "GET /wp-content/uploads/img-4-1-2-768x613.jpg HTTP/1.1" 200 115177 "https://jockers.inglory.de/ausensauna/" "Serf/1.3.9 (mod_pagespeed/1.13.35.2-0)"
94.130.90.54 - - [12/Mar/2026:14:47:53 +0100] "GET /wp-content/uploads/elementor/css/post-51.css?ver=1773323272 HTTP/1.1" 200 42447 "https://jockers.inglory.de/ausensauna/" "Serf/1.3.9 (mod_pagespeed/1.13.35.2-0)"
136.243.220.213 - - [12/Mar/2026:14:47:55 +0100] "GET /kontakt HTTP/1.0" 301 4058 "-" "Mozilla/5.0 (compatible; DataForSeoBot/1.0; +https://dataforseo.com/dataforseo-bot)"
94.130.90.54 - - [12/Mar/2026:14:48:01 +0100] "GET /wp-content/uploads/img-2-1-3.jpg HTTP/1.1" 200 49350 "https://jockers.inglory.de/dampfbad/" "Serf/1.3.9 (mod_pagespeed/1.13.35.2-0)"
94.130.90.54 - - [12/Mar/2026:14:48:01 +0100] "GET /wp-content/uploads/img-2-1-3.jpg HTTP/1.1" 200 49350 "https://jockers.inglory.de/dampfbad/" "Serf/1.3.9 (mod_pagespeed/1.13.35.2-0)"
136.243.220.213 - - [12/Mar/2026:14:47:59 +0100] "GET /dampfbad/ HTTP/1.0" 200 28530 "-" "Mozilla/5.0 (compatible; DataForSeoBot/1.0; +https://dataforseo.com/dataforseo-bot)"
94.130.90.54 - - [12/Mar/2026:14:48:01 +0100] "GET /wp-content/uploads/img-2-1-3-300x248.jpg HTTP/1.1" 200 8501 "https://jockers.inglory.de/dampfbad/" "Serf/1.3.9 (mod_pagespeed/1.13.35.2-0)"
94.130.90.54 - - [12/Mar/2026:14:48:01 +0100] "GET /wp-content/uploads/img-2-1-3-1024x846.jpg HTTP/1.1" 200 37374 "https://jockers.inglory.de/dampfbad/" "Serf/1.3.9 (mod_pagespeed/1.13.35.2-0)"
94.130.90.54 - - [12/Mar/2026:14:48:01 +0100] "GET /wp-content/uploads/img-2-1-3-768x634.jpg HTTP/1.1" 200 24217 "https://jockers.inglory.de/dampfbad/" "Serf/1.3.9 (mod_pagespeed/1.13.35.2-0)"
94.130.90.54 - - [12/Mar/2026:14:48:01 +0100] "GET /wp-content/uploads/elementor/css/post-53.css?ver=1773323280 HTTP/1.1" 200 36637 "https://jockers.inglory.de/dampfbad/" "Serf/1.3.9 (mod_pagespeed/1.13.35.2-0)"
94.130.90.54 - - [12/Mar/2026:14:48:01 +0100] "GET /wp-content/uploads/bg-2-1.jpg HTTP/1.1" 200 54342 "https://jockers.inglory.de/dampfbad/" "Serf/1.3.9 (mod_pagespeed/1.13.35.2-0)"
217.21.82.95 - - [12/Mar/2026:14:48:01 +0100] "HEAD /application-de-casino-mobile-decouvrez-betify-pour-une-experience-inegalee/ HTTP/1.0" 200 4245 "-" "WordPress/6.9.4; https://triptoptours.in"
136.243.220.213 - - [12/Mar/2026:14:48:03 +0100] "GET /dampfbad HTTP/1.0" 301 4059 "-" "Mozilla/5.0 (compatible; DataForSeoBot/1.0; +https://dataforseo.com/dataforseo-bot)"
68.178.244.64 - - [12/Mar/2026:14:47:52 +0100] "POST /xmlrpc.php HTTP/1.0" 200 4175 "-" "The Incutio XML-RPC PHP Library -- WordPress/6.6.4"
136.243.220.213 - - [12/Mar/2026:14:48:07 +0100] "GET /ausstellung HTTP/1.0" 301 4062 "-" "Mozilla/5.0 (compatible; DataForSeoBot/1.0; +https://dataforseo.com/dataforseo-bot)"
94.130.90.54 - - [12/Mar/2026:14:48:13 +0100] "GET /wp-content/uploads/img-1.jpg HTTP/1.1" 200 116126 "https://jockers.inglory.de/" "Serf/1.3.9 (mod_pagespeed/1.13.35.2-0)"
94.130.90.54 - - [12/Mar/2026:14:48:13 +0100] "GET /wp-content/uploads/img-1.jpg HTTP/1.1" 200 116126 "https://jockers.inglory.de/" "Serf/1.3.9 (mod_pagespeed/1.13.35.2-0)"
136.243.220.213 - - [12/Mar/2026:14:48:11 +0100] "GET / HTTP/1.0" 200 37490 "-" "Mozilla/5.0 (compatible; DataForSeoBot/1.0; +https://dataforseo.com/dataforseo-bot)"
94.130.90.54 - - [12/Mar/2026:14:48:13 +0100] "GET /wp-content/uploads/img-1-300x127.jpg HTTP/1.1" 200 11781 "https://jockers.inglory.de/" "Serf/1.3.9 (mod_pagespeed/1.13.35.2-0)"
94.130.90.54 - - [12/Mar/2026:14:48:13 +0100] "GET /wp-content/uploads/img-1-1024x434.jpg HTTP/1.1" 200 57931 "https://jockers.inglory.de/" "Serf/1.3.9 (mod_pagespeed/1.13.35.2-0)"
94.130.90.54 - - [12/Mar/2026:14:48:13 +0100] "GET /wp-content/uploads/img-1-768x325.jpg HTTP/1.1" 200 37808 "https://jockers.inglory.de/" "Serf/1.3.9 (mod_pagespeed/1.13.35.2-0)"
94.130.90.54 - - [12/Mar/2026:14:48:13 +0100] "GET /wp-content/uploads/img-1-1536x651.jpg HTTP/1.1" 200 98689 "https://jockers.inglory.de/" "Serf/1.3.9 (mod_pagespeed/1.13.35.2-0)"
94.130.90.54 - - [12/Mar/2026:14:48:13 +0100] "GET /wp-content/uploads/img-2-1.jpg HTTP/1.1" 200 84034 "https://jockers.inglory.de/" "Serf/1.3.9 (mod_pagespeed/1.13.35.2-0)"
94.130.90.54 - - [12/Mar/2026:14:48:13 +0100] "GET /wp-content/uploads/img-2-1.jpg HTTP/1.1" 200 84034 "https://jockers.inglory.de/" "Serf/1.3.9 (mod_pagespeed/1.13.35.2-0)"
94.130.90.54 - - [12/Mar/2026:14:48:13 +0100] "GET /wp-content/uploads/img-2-1-300x154.jpg HTTP/1.1" 200 10668 "https://jockers.inglory.de/" "Serf/1.3.9 (mod_pagespeed/1.13.35.2-0)"
94.130.90.54 - - [12/Mar/2026:14:48:13 +0100] "GET /wp-content/uploads/img-2-1-1024x525.jpg HTTP/1.1" 200 55146 "https://jockers.inglory.de/" "Serf/1.3.9 (mod_pagespeed/1.13.35.2-0)"
94.130.90.54 - - [12/Mar/2026:14:48:13 +0100] "GET /wp-content/uploads/img-2-1-768x394.jpg HTTP/1.1" 200 32447 "https://jockers.inglory.de/" "Serf/1.3.9 (mod_pagespeed/1.13.35.2-0)"
94.130.90.54 - - [12/Mar/2026:14:48:13 +0100] "GET /wp-content/uploads/img-3-1.jpg HTTP/1.1" 200 92565 "https://jockers.inglory.de/" "Serf/1.3.9 (mod_pagespeed/1.13.35.2-0)"
94.130.90.54 - - [12/Mar/2026:14:48:13 +0100] "GET /wp-content/uploads/img-3-1.jpg HTTP/1.1" 200 92565 "https://jockers.inglory.de/" "Serf/1.3.9 (mod_pagespeed/1.13.35.2-0)"
94.130.90.54 - - [12/Mar/2026:14:48:13 +0100] "GET /wp-content/uploads/img-3-1-300x154.jpg HTTP/1.1" 200 10298 "https://jockers.inglory.de/" "Serf/1.3.9 (mod_pagespeed/1.13.35.2-0)"
94.130.90.54 - - [12/Mar/2026:14:48:13 +0100] "GET /wp-content/uploads/img-3-1-1024x525.jpg HTTP/1.1" 200 55231 "https://jockers.inglory.de/" "Serf/1.3.9 (mod_pagespeed/1.13.35.2-0)"
94.130.90.54 - - [12/Mar/2026:14:48:13 +0100] "GET /wp-content/uploads/img-3-1-768x394.jpg HTTP/1.1" 200 36152 "https://jockers.inglory.de/" "Serf/1.3.9 (mod_pagespeed/1.13.35.2-0)"
94.130.90.54 - - [12/Mar/2026:14:48:13 +0100] "GET /wp-content/uploads/img-4-1.jpg HTTP/1.1" 200 42692 "https://jockers.inglory.de/" "Serf/1.3.9 (mod_pagespeed/1.13.35.2-0)"
94.130.90.54 - - [12/Mar/2026:14:48:13 +0100] "GET /wp-content/uploads/img-4-1.jpg HTTP/1.1" 200 42692 "https://jockers.inglory.de/" "Serf/1.3.9 (mod_pagespeed/1.13.35.2-0)"
94.130.90.54 - - [12/Mar/2026:14:48:13 +0100] "GET /wp-content/uploads/img-4-1-300x171.jpg HTTP/1.1" 200 8949 "https://jockers.inglory.de/" "Serf/1.3.9 (mod_pagespeed/1.13.35.2-0)"
94.130.90.54 - - [12/Mar/2026:14:48:13 +0100] "GET /wp-content/uploads/img-4-1-1024x582.jpg HTTP/1.1" 200 35932 "https://jockers.inglory.de/" "Serf/1.3.9 (mod_pagespeed/1.13.35.2-0)"
94.130.90.54 - - [12/Mar/2026:14:48:13 +0100] "GET /wp-content/uploads/img-4-1-768x437.jpg HTTP/1.1" 200 25303 "https://jockers.inglory.de/" "Serf/1.3.9 (mod_pagespeed/1.13.35.2-0)"
94.130.90.54 - - [12/Mar/2026:14:48:13 +0100] "GET /wp-content/uploads/elementor/css/post-18.css?ver=1773290260 HTTP/1.1" 200 127134 "https://jockers.inglory.de/" "Serf/1.3.9 (mod_pagespeed/1.13.35.2-0)"
136.243.220.213 - - [12/Mar/2026:14:48:15 +0100] "GET /presse HTTP/1.0" 301 4057 "-" "Mozilla/5.0 (compatible; DataForSeoBot/1.0; +https://dataforseo.com/dataforseo-bot)"
192.99.14.30 - - [12/Mar/2026:14:48:15 +0100] "HEAD /casino-en-ligne-avec-bonus-sans-depot-decouvrez-betify/ HTTP/1.0" 200 4245 "-" "WordPress/6.9.4; https://bigtourdeals.com"
94.130.90.54 - - [12/Mar/2026:14:48:21 +0100] "GET /wp-content/uploads/img-1-7.jpg HTTP/1.1" 200 66416 "https://jockers.inglory.de/angebote/" "Serf/1.3.9 (mod_pagespeed/1.13.35.2-0)"
94.130.90.54 - - [12/Mar/2026:14:48:21 +0100] "GET /wp-content/uploads/img-1-7.jpg HTTP/1.1" 200 66416 "https://jockers.inglory.de/angebote/" "Serf/1.3.9 (mod_pagespeed/1.13.35.2-0)"
94.130.90.54 - - [12/Mar/2026:14:48:21 +0100] "GET /wp-content/uploads/img-1-7-284x300.jpg HTTP/1.1" 200 11917 "https://jockers.inglory.de/angebote/" "Serf/1.3.9 (mod_pagespeed/1.13.35.2-0)"
136.243.220.213 - - [12/Mar/2026:14:48:19 +0100] "GET /angebote/ HTTP/1.0" 200 31715 "-" "Mozilla/5.0 (compatible; DataForSeoBot/1.0; +https://dataforseo.com/dataforseo-bot)"
94.130.90.54 - - [12/Mar/2026:14:48:21 +0100] "GET /wp-content/uploads/img-1-7-970x1024.jpg HTTP/1.1" 200 60836 "https://jockers.inglory.de/angebote/" "Serf/1.3.9 (mod_pagespeed/1.13.35.2-0)"
94.130.90.54 - - [12/Mar/2026:14:48:21 +0100] "GET /wp-content/uploads/img-1-7-768x810.jpg HTTP/1.1" 200 44382 "https://jockers.inglory.de/angebote/" "Serf/1.3.9 (mod_pagespeed/1.13.35.2-0)"
94.130.90.54 - - [12/Mar/2026:14:48:21 +0100] "GET /wp-content/uploads/img-3-1-6.jpg HTTP/1.1" 200 126966 "https://jockers.inglory.de/angebote/" "Serf/1.3.9 (mod_pagespeed/1.13.35.2-0)"
94.130.90.54 - - [12/Mar/2026:14:48:21 +0100] "GET /wp-content/uploads/img-3-1-6.jpg HTTP/1.1" 200 126966 "https://jockers.inglory.de/angebote/" "Serf/1.3.9 (mod_pagespeed/1.13.35.2-0)"
94.130.90.54 - - [12/Mar/2026:14:48:21 +0100] "GET /wp-content/uploads/img-3-1-6-259x300.jpg HTTP/1.1" 200 12223 "https://jockers.inglory.de/angebote/" "Serf/1.3.9 (mod_pagespeed/1.13.35.2-0)"
94.130.90.54 - - [12/Mar/2026:14:48:21 +0100] "GET /wp-content/uploads/img-3-1-6-884x1024.jpg HTTP/1.1" 200 75548 "https://jockers.inglory.de/angebote/" "Serf/1.3.9 (mod_pagespeed/1.13.35.2-0)"
94.130.90.54 - - [12/Mar/2026:14:48:21 +0100] "GET /wp-content/uploads/img-3-1-6-768x890.jpg HTTP/1.1" 200 59304 "https://jockers.inglory.de/angebote/" "Serf/1.3.9 (mod_pagespeed/1.13.35.2-0)"
94.130.90.54 - - [12/Mar/2026:14:48:21 +0100] "GET /wp-content/uploads/img-3-1-6-1326x1536.jpg HTTP/1.1" 200 142376 "https://jockers.inglory.de/angebote/" "Serf/1.3.9 (mod_pagespeed/1.13.35.2-0)"
94.130.90.54 - - [12/Mar/2026:14:48:21 +0100] "GET /wp-content/uploads/img-4-1-6.jpg HTTP/1.1" 200 120924 "https://jockers.inglory.de/angebote/" "Serf/1.3.9 (mod_pagespeed/1.13.35.2-0)"
94.130.90.54 - - [12/Mar/2026:14:48:21 +0100] "GET /wp-content/uploads/img-4-1-6.jpg HTTP/1.1" 200 120924 "https://jockers.inglory.de/angebote/" "Serf/1.3.9 (mod_pagespeed/1.13.35.2-0)"
94.130.90.54 - - [12/Mar/2026:14:48:21 +0100] "GET /wp-content/uploads/img-4-1-6-226x300.jpg HTTP/1.1" 200 13645 "https://jockers.inglory.de/angebote/" "Serf/1.3.9 (mod_pagespeed/1.13.35.2-0)"
94.130.90.54 - - [12/Mar/2026:14:48:21 +0100] "GET /wp-content/uploads/img-4-1-6-772x1024.jpg HTTP/1.1" 200 67490 "https://jockers.inglory.de/angebote/" "Serf/1.3.9 (mod_pagespeed/1.13.35.2-0)"
94.130.90.54 - - [12/Mar/2026:14:48:21 +0100] "GET /wp-content/uploads/img-4-1-6-768x1018.jpg HTTP/1.1" 200 66534 "https://jockers.inglory.de/angebote/" "Serf/1.3.9 (mod_pagespeed/1.13.35.2-0)"
94.130.90.54 - - [12/Mar/2026:14:48:21 +0100] "GET /wp-content/uploads/img-4-1-6-1158x1536.jpg HTTP/1.1" 200 118927 "https://jockers.inglory.de/angebote/" "Serf/1.3.9 (mod_pagespeed/1.13.35.2-0)"
94.130.90.54 - - [12/Mar/2026:14:48:21 +0100] "GET /wp-content/uploads/img-5-1-4.jpg HTTP/1.1" 200 71080 "https://jockers.inglory.de/angebote/" "Serf/1.3.9 (mod_pagespeed/1.13.35.2-0)"
94.130.90.54 - - [12/Mar/2026:14:48:21 +0100] "GET /wp-content/uploads/img-5-1-4.jpg HTTP/1.1" 200 71080 "https://jockers.inglory.de/angebote/" "Serf/1.3.9 (mod_pagespeed/1.13.35.2-0)"
94.130.90.54 - - [12/Mar/2026:14:48:21 +0100] "GET /wp-content/uploads/img-5-1-4-281x300.jpg HTTP/1.1" 200 13299 "https://jockers.inglory.de/angebote/" "Serf/1.3.9 (mod_pagespeed/1.13.35.2-0)"
94.130.90.54 - - [12/Mar/2026:14:48:21 +0100] "GET /wp-content/uploads/img-5-1-4-959x1024.jpg HTTP/1.1" 200 65802 "https://jockers.inglory.de/angebote/" "Serf/1.3.9 (mod_pagespeed/1.13.35.2-0)"
94.130.90.54 - - [12/Mar/2026:14:48:21 +0100] "GET /wp-content/uploads/img-5-1-4-768x820.jpg HTTP/1.1" 200 49083 "https://jockers.inglory.de/angebote/" "Serf/1.3.9 (mod_pagespeed/1.13.35.2-0)"
94.130.90.54 - - [12/Mar/2026:14:48:21 +0100] "GET /wp-content/uploads/img-6-1-4.jpg HTTP/1.1" 200 69075 "https://jockers.inglory.de/angebote/" "Serf/1.3.9 (mod_pagespeed/1.13.35.2-0)"
94.130.90.54 - - [12/Mar/2026:14:48:21 +0100] "GET /wp-content/uploads/img-6-1-4.jpg HTTP/1.1" 200 69075 "https://jockers.inglory.de/angebote/" "Serf/1.3.9 (mod_pagespeed/1.13.35.2-0)"
94.130.90.54 - - [12/Mar/2026:14:48:21 +0100] "GET /wp-content/uploads/img-6-1-4-273x300.jpg HTTP/1.1" 200 12856 "https://jockers.inglory.de/angebote/" "Serf/1.3.9 (mod_pagespeed/1.13.35.2-0)"
94.130.90.54 - - [12/Mar/2026:14:48:21 +0100] "GET /wp-content/uploads/img-6-1-4-932x1024.jpg HTTP/1.1" 200 62945 "https://jockers.inglory.de/angebote/" "Serf/1.3.9 (mod_pagespeed/1.13.35.2-0)"
94.130.90.54 - - [12/Mar/2026:14:48:21 +0100] "GET /wp-content/uploads/img-6-1-4-768x843.jpg HTTP/1.1" 200 47822 "https://jockers.inglory.de/angebote/" "Serf/1.3.9 (mod_pagespeed/1.13.35.2-0)"
94.130.90.54 - - [12/Mar/2026:14:48:21 +0100] "GET /wp-content/uploads/elementor/css/post-182.css?ver=1773323300 HTTP/1.1" 200 101468 "https://jockers.inglory.de/angebote/" "Serf/1.3.9 (mod_pagespeed/1.13.35.2-0)"
94.130.90.54 - - [12/Mar/2026:14:48:24 +0100] "GET /wp-content/uploads/img-1-1-1.jpg HTTP/1.1" 200 41342 "https://jockers.inglory.de/referenzen-innensauna/" "Serf/1.3.9 (mod_pagespeed/1.13.35.2-0)"
94.130.90.54 - - [12/Mar/2026:14:48:24 +0100] "GET /wp-content/uploads/img-1-1-1.jpg HTTP/1.1" 200 41342 "https://jockers.inglory.de/referenzen-innensauna/" "Serf/1.3.9 (mod_pagespeed/1.13.35.2-0)"
94.130.90.54 - - [12/Mar/2026:14:48:24 +0100] "GET /wp-content/uploads/img-1-1-1-300x285.jpg HTTP/1.1" 200 11359 "https://jockers.inglory.de/referenzen-innensauna/" "Serf/1.3.9 (mod_pagespeed/1.13.35.2-0)"
136.243.220.213 - - [12/Mar/2026:14:48:23 +0100] "GET /referenzen-innensauna/ HTTP/1.0" 200 32420 "-" "Mozilla/5.0 (compatible; DataForSeoBot/1.0; +https://dataforseo.com/dataforseo-bot)"
94.130.90.54 - - [12/Mar/2026:14:48:24 +0100] "GET /wp-content/uploads/img-1-1-1-1024x971.jpg HTTP/1.1" 200 43202 "https://jockers.inglory.de/referenzen-innensauna/" "Serf/1.3.9 (mod_pagespeed/1.13.35.2-0)"
94.130.90.54 - - [12/Mar/2026:14:48:24 +0100] "GET /wp-content/uploads/img-1-1-1-768x728.jpg HTTP/1.1" 200 30848 "https://jockers.inglory.de/referenzen-innensauna/" "Serf/1.3.9 (mod_pagespeed/1.13.35.2-0)"
94.130.90.54 - - [12/Mar/2026:14:48:24 +0100] "GET /wp-content/uploads/img-2-1-4.jpg HTTP/1.1" 200 71563 "https://jockers.inglory.de/referenzen-innensauna/" "Serf/1.3.9 (mod_pagespeed/1.13.35.2-0)"
94.130.90.54 - - [12/Mar/2026:14:48:24 +0100] "GET /wp-content/uploads/img-2-1-4.jpg HTTP/1.1" 200 71563 "https://jockers.inglory.de/referenzen-innensauna/" "Serf/1.3.9 (mod_pagespeed/1.13.35.2-0)"
94.130.90.54 - - [12/Mar/2026:14:48:24 +0100] "GET /wp-content/uploads/img-2-1-4-300x239.jpg HTTP/1.1" 200 12260 "https://jockers.inglory.de/referenzen-innensauna/" "Serf/1.3.9 (mod_pagespeed/1.13.35.2-0)"
94.130.90.54 - - [12/Mar/2026:14:48:24 +0100] "GET /wp-content/uploads/img-2-1-4-1024x815.jpg HTTP/1.1" 200 61079 "https://jockers.inglory.de/referenzen-innensauna/" "Serf/1.3.9 (mod_pagespeed/1.13.35.2-0)"
94.130.90.54 - - [12/Mar/2026:14:48:24 +0100] "GET /wp-content/uploads/img-2-1-4-768x611.jpg HTTP/1.1" 200 41492 "https://jockers.inglory.de/referenzen-innensauna/" "Serf/1.3.9 (mod_pagespeed/1.13.35.2-0)"
94.130.90.54 - - [12/Mar/2026:14:48:24 +0100] "GET /wp-content/uploads/img-3-1-3.jpg HTTP/1.1" 200 47185 "https://jockers.inglory.de/referenzen-innensauna/" "Serf/1.3.9 (mod_pagespeed/1.13.35.2-0)"
94.130.90.54 - - [12/Mar/2026:14:48:24 +0100] "GET /wp-content/uploads/img-3-1-3.jpg HTTP/1.1" 200 47185 "https://jockers.inglory.de/referenzen-innensauna/" "Serf/1.3.9 (mod_pagespeed/1.13.35.2-0)"
94.130.90.54 - - [12/Mar/2026:14:48:24 +0100] "GET /wp-content/uploads/img-3-1-3-300x221.jpg HTTP/1.1" 200 9987 "https://jockers.inglory.de/referenzen-innensauna/" "Serf/1.3.9 (mod_pagespeed/1.13.35.2-0)"
94.130.90.54 - - [12/Mar/2026:14:48:24 +0100] "GET /wp-content/uploads/img-3-1-3-1024x755.jpg HTTP/1.1" 200 37535 "https://jockers.inglory.de/referenzen-innensauna/" "Serf/1.3.9 (mod_pagespeed/1.13.35.2-0)"
94.130.90.54 - - [12/Mar/2026:14:48:24 +0100] "GET /wp-content/uploads/img-3-1-3-768x567.jpg HTTP/1.1" 200 27791 "https://jockers.inglory.de/referenzen-innensauna/" "Serf/1.3.9 (mod_pagespeed/1.13.35.2-0)"
94.130.90.54 - - [12/Mar/2026:14:48:24 +0100] "GET /wp-content/uploads/img-4-1-3.jpg HTTP/1.1" 200 70960 "https://jockers.inglory.de/referenzen-innensauna/" "Serf/1.3.9 (mod_pagespeed/1.13.35.2-0)"
94.130.90.54 - - [12/Mar/2026:14:48:24 +0100] "GET /wp-content/uploads/img-4-1-3.jpg HTTP/1.1" 200 70960 "https://jockers.inglory.de/referenzen-innensauna/" "Serf/1.3.9 (mod_pagespeed/1.13.35.2-0)"
94.130.90.54 - - [12/Mar/2026:14:48:24 +0100] "GET /wp-content/uploads/img-4-1-3-300x239.jpg HTTP/1.1" 200 10265 "https://jockers.inglory.de/referenzen-innensauna/" "Serf/1.3.9 (mod_pagespeed/1.13.35.2-0)"
94.130.90.54 - - [12/Mar/2026:14:48:24 +0100] "GET /wp-content/uploads/img-4-1-3-1024x815.jpg HTTP/1.1" 200 49540 "https://jockers.inglory.de/referenzen-innensauna/" "Serf/1.3.9 (mod_pagespeed/1.13.35.2-0)"
94.130.90.54 - - [12/Mar/2026:14:48:24 +0100] "GET /wp-content/uploads/img-4-1-3-768x611.jpg HTTP/1.1" 200 33840 "https://jockers.inglory.de/referenzen-innensauna/" "Serf/1.3.9 (mod_pagespeed/1.13.35.2-0)"
94.130.90.54 - - [12/Mar/2026:14:48:24 +0100] "GET /wp-content/uploads/img-5-1-1.jpg HTTP/1.1" 200 83072 "https://jockers.inglory.de/referenzen-innensauna/" "Serf/1.3.9 (mod_pagespeed/1.13.35.2-0)"
94.130.90.54 - - [12/Mar/2026:14:48:24 +0100] "GET /wp-content/uploads/img-5-1-1.jpg HTTP/1.1" 200 83072 "https://jockers.inglory.de/referenzen-innensauna/" "Serf/1.3.9 (mod_pagespeed/1.13.35.2-0)"
94.130.90.54 - - [12/Mar/2026:14:48:24 +0100] "GET /wp-content/uploads/img-5-1-1-300x212.jpg HTTP/1.1" 200 13250 "https://jockers.inglory.de/referenzen-innensauna/" "Serf/1.3.9 (mod_pagespeed/1.13.35.2-0)"
94.130.90.54 - - [12/Mar/2026:14:48:24 +0100] "GET /wp-content/uploads/img-5-1-1-1024x722.jpg HTTP/1.1" 200 77787 "https://jockers.inglory.de/referenzen-innensauna/" "Serf/1.3.9 (mod_pagespeed/1.13.35.2-0)"
94.130.90.54 - - [12/Mar/2026:14:48:24 +0100] "GET /wp-content/uploads/img-5-1-1-768x542.jpg HTTP/1.1" 200 50084 "https://jockers.inglory.de/referenzen-innensauna/" "Serf/1.3.9 (mod_pagespeed/1.13.35.2-0)"
94.130.90.54 - - [12/Mar/2026:14:48:24 +0100] "GET /wp-content/uploads/img-6-1-1.jpg HTTP/1.1" 200 45703 "https://jockers.inglory.de/referenzen-innensauna/" "Serf/1.3.9 (mod_pagespeed/1.13.35.2-0)"
94.130.90.54 - - [12/Mar/2026:14:48:24 +0100] "GET /wp-content/uploads/img-6-1-1.jpg HTTP/1.1" 200 45703 "https://jockers.inglory.de/referenzen-innensauna/" "Serf/1.3.9 (mod_pagespeed/1.13.35.2-0)"
94.130.90.54 - - [12/Mar/2026:14:48:24 +0100] "GET /wp-content/uploads/img-6-1-1-300x212.jpg HTTP/1.1" 200 10564 "https://jockers.inglory.de/referenzen-innensauna/" "Serf/1.3.9 (mod_pagespeed/1.13.35.2-0)"
94.130.90.54 - - [12/Mar/2026:14:48:24 +0100] "GET /wp-content/uploads/img-6-1-1-1024x722.jpg HTTP/1.1" 200 47384 "https://jockers.inglory.de/referenzen-innensauna/" "Serf/1.3.9 (mod_pagespeed/1.13.35.2-0)"
94.130.90.54 - - [12/Mar/2026:14:48:24 +0100] "GET /wp-content/uploads/img-6-1-1-768x542.jpg HTTP/1.1" 200 31707 "https://jockers.inglory.de/referenzen-innensauna/" "Serf/1.3.9 (mod_pagespeed/1.13.35.2-0)"
94.130.90.54 - - [12/Mar/2026:14:48:24 +0100] "GET /wp-content/uploads/img-7-1-1.jpg HTTP/1.1" 200 90412 "https://jockers.inglory.de/referenzen-innensauna/" "Serf/1.3.9 (mod_pagespeed/1.13.35.2-0)"
94.130.90.54 - - [12/Mar/2026:14:48:24 +0100] "GET /wp-content/uploads/img-7-1-1.jpg HTTP/1.1" 200 90412 "https://jockers.inglory.de/referenzen-innensauna/" "Serf/1.3.9 (mod_pagespeed/1.13.35.2-0)"
94.130.90.54 - - [12/Mar/2026:14:48:24 +0100] "GET /wp-content/uploads/img-7-1-1-300x212.jpg HTTP/1.1" 200 9910 "https://jockers.inglory.de/referenzen-innensauna/" "Serf/1.3.9 (mod_pagespeed/1.13.35.2-0)"
94.130.90.54 - - [12/Mar/2026:14:48:24 +0100] "GET /wp-content/uploads/img-7-1-1-1024x722.jpg HTTP/1.1" 200 57690 "https://jockers.inglory.de/referenzen-innensauna/" "Serf/1.3.9 (mod_pagespeed/1.13.35.2-0)"
94.130.90.54 - - [12/Mar/2026:14:48:24 +0100] "GET /wp-content/uploads/img-7-1-1-768x542.jpg HTTP/1.1" 200 37943 "https://jockers.inglory.de/referenzen-innensauna/" "Serf/1.3.9 (mod_pagespeed/1.13.35.2-0)"
94.130.90.54 - - [12/Mar/2026:14:48:24 +0100] "GET /wp-content/uploads/elementor/css/post-168.css?ver=1773319670 HTTP/1.1" 200 55618 "https://jockers.inglory.de/referenzen-innensauna/" "Serf/1.3.9 (mod_pagespeed/1.13.35.2-0)"
136.243.220.213 - - [12/Mar/2026:14:48:27 +0100] "GET /innensauna HTTP/1.0" 301 4061 "-" "Mozilla/5.0 (compatible; DataForSeoBot/1.0; +https://dataforseo.com/dataforseo-bot)"
62.113.231.94 - - [12/Mar/2026:14:48:31 +0100] "HEAD /casino-avec-retrait-le-jour-meme-gagnez-instantanement/ HTTP/1.0" 200 4245 "-" "WordPress/6.8.5; https://www.techmira.com"
136.243.220.213 - - [12/Mar/2026:14:48:31 +0100] "GET /datenschutz HTTP/1.0" 301 4062 "-" "Mozilla/5.0 (compatible; DataForSeoBot/1.0; +https://dataforseo.com/dataforseo-bot)"
136.243.220.213 - - [12/Mar/2026:14:48:35 +0100] "GET /nouveau-casino-sans-depot-decouvrez-leon/ HTTP/1.0" 200 28573 "-" "Mozilla/5.0 (compatible; DataForSeoBot/1.0; +https://dataforseo.com/dataforseo-bot)"
136.243.220.213 - - [12/Mar/2026:14:48:39 +0100] "GET /vstupni-bonus-casino-ziskejte-svuj-casino-bonus-za-registraci/ HTTP/1.0" 200 28168 "-" "Mozilla/5.0 (compatible; DataForSeoBot/1.0; +https://dataforseo.com/dataforseo-bot)"
136.243.220.213 - - [12/Mar/2026:14:48:43 +0100] "GET /quel-autre-website-de-jeu-quelque-peu-represente-veritablement-solide/ HTTP/1.0" 200 28267 "-" "Mozilla/5.0 (compatible; DataForSeoBot/1.0; +https://dataforseo.com/dataforseo-bot)"
94.130.90.54 - - [12/Mar/2026:14:48:48 +0100] "POST /wp-cron.php?doing_wp_cron=1773323328.9403450489044189453125 HTTP/1.0" 200 4071 "-" "Iq7h0Qkz1daC"
136.243.220.213 - - [12/Mar/2026:14:48:47 +0100] "GET /heran-schaffen-die-kunden-unser-sinnvolle-aufgebraucht-freispielen-unter-zuhilfenahme-von-unseren-tagesordnungspunkt-informationen/ HTTP/1.0" 200 28714 "-" "Mozilla/5.0 (compatible; DataForSeoBot/1.0; +https://dataforseo.com/dataforseo-bot)"
136.243.220.213 - - [12/Mar/2026:14:48:51 +0100] "GET /pinko-kazino-zerkalo-otzyvy-pol-zovatelei-i-fakty-2023/ HTTP/1.0" 200 30061 "-" "Mozilla/5.0 (compatible; DataForSeoBot/1.0; +https://dataforseo.com/dataforseo-bot)"
136.243.220.213 - - [12/Mar/2026:14:48:55 +0100] "GET /jouer-au-casino-en-ligne-instantanement-accedez-au-monde-du-jeu/ HTTP/1.0" 200 28510 "-" "Mozilla/5.0 (compatible; DataForSeoBot/1.0; +https://dataforseo.com/dataforseo-bot)"
136.243.220.213 - - [12/Mar/2026:14:48:59 +0100] "GET /casino-a-retrait-rapide-decouvrez-betify-et-maximisez-vos-gains/ HTTP/1.0" 200 28331 "-" "Mozilla/5.0 (compatible; DataForSeoBot/1.0; +https://dataforseo.com/dataforseo-bot)"
136.243.220.213 - - [12/Mar/2026:14:49:03 +0100] "GET /test-2/ HTTP/1.0" 200 25745 "-" "Mozilla/5.0 (compatible; DataForSeoBot/1.0; +https://dataforseo.com/dataforseo-bot)"
136.243.220.213 - - [12/Mar/2026:14:49:07 +0100] "GET /meilleures-machines-a-sous-en-ligne-avec-leon/ HTTP/1.0" 200 28499 "-" "Mozilla/5.0 (compatible; DataForSeoBot/1.0; +https://dataforseo.com/dataforseo-bot)"
136.243.220.213 - - [12/Mar/2026:14:49:11 +0100] "GET /zahranicni-casino-bonus-bez-vkladu-jak-na-to-a-kde-hledat/ HTTP/1.0" 200 28566 "-" "Mozilla/5.0 (compatible; DataForSeoBot/1.0; +https://dataforseo.com/dataforseo-bot)"
8.36.41.149 - - [12/Mar/2026:14:49:13 +0100] "HEAD /jeux-de-casino-classiques-instant-plaisir-et-divertissement/ HTTP/1.0" 200 4245 "-" "WordPress/6.9.4; https://clearinghouseaccucheck.com"
136.243.220.213 - - [12/Mar/2026:14:49:15 +0100] "GET /casino-avec-croupier-en-direct-instantanement-plonge-dans-laction/ HTTP/1.0" 200 28416 "-" "Mozilla/5.0 (compatible; DataForSeoBot/1.0; +https://dataforseo.com/dataforseo-bot)"
136.243.220.213 - - [12/Mar/2026:14:49:19 +0100] "GET /registratsiia-na-epicstar-dlia-onlain-igr-v-2024-godu/ HTTP/1.0" 200 29578 "-" "Mozilla/5.0 (compatible; DataForSeoBot/1.0; +https://dataforseo.com/dataforseo-bot)"
136.243.220.213 - - [12/Mar/2026:14:49:23 +0100] "GET /unsereins-within-hotslots-eignen-befleiigt-unseren-spielern-unser-erfolgreichsten-spiele-hinten-vorschlag/ HTTP/1.0" 200 28723 "-" "Mozilla/5.0 (compatible; DataForSeoBot/1.0; +https://dataforseo.com/dataforseo-bot)"
136.243.220.213 - - [12/Mar/2026:14:49:27 +0100] "GET /online-casino-bez-overeni-identity-vstupte-do-sveta-zabavy-bez-zbytecnych-komplikaci/ HTTP/1.0" 200 28457 "-" "Mozilla/5.0 (compatible; DataForSeoBot/1.0; +https://dataforseo.com/dataforseo-bot)"
198.12.237.201 - - [12/Mar/2026:14:49:29 +0100] "HEAD /jeux-dargent-lunivers-fascinant-des-paris-instantanes/ HTTP/1.0" 200 4245 "-" "WordPress/6.9.4; https://clarawhitewriter.com"
136.243.220.213 - - [12/Mar/2026:14:49:31 +0100] "GET /casino-avec-retrait-le-jour-meme-gagnez-instantanement/ HTTP/1.0" 200 28369 "-" "Mozilla/5.0 (compatible; DataForSeoBot/1.0; +https://dataforseo.com/dataforseo-bot)"
198.12.237.201 - - [12/Mar/2026:14:49:31 +0100] "POST /xmlrpc.php HTTP/1.0" 200 4267 "-" "The Incutio XML-RPC PHP Library -- WordPress/6.9.4"
136.243.220.213 - - [12/Mar/2026:14:49:35 +0100] "GET /benachbart-angewandten-vorteilen-man-sagt-sie-seien-untergeordnet-viele-bezeichnung-so-genannt-selbige-person-fruher-testen-darf/ HTTP/1.0" 200 29405 "-" "Mozilla/5.0 (compatible; DataForSeoBot/1.0; +https://dataforseo.com/dataforseo-bot)"
136.243.220.213 - - [12/Mar/2026:14:49:39 +0100] "GET /depot-au-casino-guide-complet-pour-jouer-en-ligne-avec-leon/ HTTP/1.0" 200 28570 "-" "Mozilla/5.0 (compatible; DataForSeoBot/1.0; +https://dataforseo.com/dataforseo-bot)"
94.130.90.54 - - [12/Mar/2026:14:49:44 +0100] "GET /wp-content/plugins/preloader-pro/assets/css/loftloader.min.css?ver=2024090401 HTTP/1.1" 304 3393 "https://jockers.inglory.de/depot-casino-1-euro-instant-tout-ce-que-vous-devez-savoir/" "Serf/1.3.9 (mod_pagespeed/1.13.35.2-0)"
136.243.220.213 - - [12/Mar/2026:14:49:43 +0100] "GET /depot-casino-1-euro-instant-tout-ce-que-vous-devez-savoir/ HTTP/1.0" 200 28275 "-" "Mozilla/5.0 (compatible; DataForSeoBot/1.0; +https://dataforseo.com/dataforseo-bot)"
94.130.90.54 - - [12/Mar/2026:14:49:44 +0100] "GET /wp-includes/css/dist/block-library/style.min.css?ver=6.9.4 HTTP/1.1" 304 3393 "https://jockers.inglory.de/depot-casino-1-euro-instant-tout-ce-que-vous-devez-savoir/" "Serf/1.3.9 (mod_pagespeed/1.13.35.2-0)"
94.130.90.54 - - [12/Mar/2026:14:49:44 +0100] "GET /wp-content/themes/hello-elementor/assets/css/reset.css?ver=3.4.6 HTTP/1.1" 304 3392 "https://jockers.inglory.de/depot-casino-1-euro-instant-tout-ce-que-vous-devez-savoir/" "Serf/1.3.9 (mod_pagespeed/1.13.35.2-0)"
94.130.90.54 - - [12/Mar/2026:14:49:44 +0100] "GET /wp-content/themes/hello-elementor/assets/css/theme.css?ver=3.4.6 HTTP/1.1" 304 3392 "https://jockers.inglory.de/depot-casino-1-euro-instant-tout-ce-que-vous-devez-savoir/" "Serf/1.3.9 (mod_pagespeed/1.13.35.2-0)"
94.130.90.54 - - [12/Mar/2026:14:49:44 +0100] "GET /wp-content/themes/hello-elementor/assets/css/header-footer.css?ver=3.4.6 HTTP/1.1" 304 3392 "https://jockers.inglory.de/depot-casino-1-euro-instant-tout-ce-que-vous-devez-savoir/" "Serf/1.3.9 (mod_pagespeed/1.13.35.2-0)"
94.130.90.54 - - [12/Mar/2026:14:49:44 +0100] "GET /wp-content/plugins/elementor/assets/css/frontend.min.css?ver=3.35.7 HTTP/1.1" 304 3392 "https://jockers.inglory.de/depot-casino-1-euro-instant-tout-ce-que-vous-devez-savoir/" "Serf/1.3.9 (mod_pagespeed/1.13.35.2-0)"
94.130.90.54 - - [12/Mar/2026:14:49:44 +0100] "GET /wp-content/plugins/elementor/assets/css/widget-image.min.css?ver=3.35.7 HTTP/1.1" 304 3390 "https://jockers.inglory.de/depot-casino-1-euro-instant-tout-ce-que-vous-devez-savoir/" "Serf/1.3.9 (mod_pagespeed/1.13.35.2-0)"
94.130.90.54 - - [12/Mar/2026:14:49:45 +0100] "GET /wp-content/plugins/elementor-pro/assets/css/widget-nav-menu.min.css?ver=3.35.1 HTTP/1.1" 304 3392 "https://jockers.inglory.de/depot-casino-1-euro-instant-tout-ce-que-vous-devez-savoir/" "Serf/1.3.9 (mod_pagespeed/1.13.35.2-0)"
94.130.90.54 - - [12/Mar/2026:14:49:45 +0100] "GET /wp-content/plugins/elementor-pro/assets/css/modules/sticky.min.css?ver=3.35.1 HTTP/1.1" 304 3390 "https://jockers.inglory.de/depot-casino-1-euro-instant-tout-ce-que-vous-devez-savoir/" "Serf/1.3.9 (mod_pagespeed/1.13.35.2-0)"
94.130.90.54 - - [12/Mar/2026:14:49:45 +0100] "GET /wp-content/plugins/elementor/assets/css/widget-heading.min.css?ver=3.35.7 HTTP/1.1" 304 3391 "https://jockers.inglory.de/depot-casino-1-euro-instant-tout-ce-que-vous-devez-savoir/" "Serf/1.3.9 (mod_pagespeed/1.13.35.2-0)"
94.130.90.54 - - [12/Mar/2026:14:49:45 +0100] "GET /wp-content/plugins/elementor/assets/css/widget-rating.min.css?ver=3.35.7 HTTP/1.1" 304 3391 "https://jockers.inglory.de/depot-casino-1-euro-instant-tout-ce-que-vous-devez-savoir/" "Serf/1.3.9 (mod_pagespeed/1.13.35.2-0)"
94.130.90.54 - - [12/Mar/2026:14:49:45 +0100] "GET /wp-content/plugins/elementor/assets/css/widget-social-icons.min.css?ver=3.35.7 HTTP/1.1" 304 3392 "https://jockers.inglory.de/depot-casino-1-euro-instant-tout-ce-que-vous-devez-savoir/" "Serf/1.3.9 (mod_pagespeed/1.13.35.2-0)"
94.130.90.54 - - [12/Mar/2026:14:49:45 +0100] "GET /wp-content/plugins/elementor/assets/css/conditionals/apple-webkit.min.css?ver=3.35.7 HTTP/1.1" 304 3392 "https://jockers.inglory.de/depot-casino-1-euro-instant-tout-ce-que-vous-devez-savoir/" "Serf/1.3.9 (mod_pagespeed/1.13.35.2-0)"
94.130.90.54 - - [12/Mar/2026:14:49:45 +0100] "GET /wp-content/plugins/elementor/assets/css/widget-icon-list.min.css?ver=3.35.7 HTTP/1.1" 304 3392 "https://jockers.inglory.de/depot-casino-1-euro-instant-tout-ce-que-vous-devez-savoir/" "Serf/1.3.9 (mod_pagespeed/1.13.35.2-0)"
94.130.90.54 - - [12/Mar/2026:14:49:45 +0100] "GET /wp-content/plugins/elementor/assets/lib/animations/styles/fadeIn.min.css?ver=3.35.7 HTTP/1.1" 304 3390 "https://jockers.inglory.de/depot-casino-1-euro-instant-tout-ce-que-vous-devez-savoir/" "Serf/1.3.9 (mod_pagespeed/1.13.35.2-0)"
94.130.90.54 - - [12/Mar/2026:14:49:45 +0100] "GET /wp-content/plugins/elementor-pro/assets/css/conditionals/popup.min.css?ver=3.35.1 HTTP/1.1" 304 3391 "https://jockers.inglory.de/depot-casino-1-euro-instant-tout-ce-que-vous-devez-savoir/" "Serf/1.3.9 (mod_pagespeed/1.13.35.2-0)"
94.130.90.54 - - [12/Mar/2026:14:49:45 +0100] "GET /wp-content/plugins/elementor/assets/lib/eicons/css/elementor-icons.min.css?ver=5.47.0 HTTP/1.1" 304 3392 "https://jockers.inglory.de/depot-casino-1-euro-instant-tout-ce-que-vous-devez-savoir/" "Serf/1.3.9 (mod_pagespeed/1.13.35.2-0)"
94.130.90.54 - - [12/Mar/2026:14:49:45 +0100] "GET /wp-content/uploads/elementor/css/post-7.css?ver=1773290258 HTTP/1.1" 304 3392 "https://jockers.inglory.de/depot-casino-1-euro-instant-tout-ce-que-vous-devez-savoir/" "Serf/1.3.9 (mod_pagespeed/1.13.35.2-0)"
94.130.90.54 - - [12/Mar/2026:14:49:45 +0100] "GET /wp-content/uploads/elementor/css/post-110.css?ver=1773290260 HTTP/1.1" 304 3392 "https://jockers.inglory.de/depot-casino-1-euro-instant-tout-ce-que-vous-devez-savoir/" "Serf/1.3.9 (mod_pagespeed/1.13.35.2-0)"
94.130.90.54 - - [12/Mar/2026:14:49:45 +0100] "GET /wp-content/uploads/elementor/css/post-133.css?ver=1773290261 HTTP/1.1" 304 3393 "https://jockers.inglory.de/depot-casino-1-euro-instant-tout-ce-que-vous-devez-savoir/" "Serf/1.3.9 (mod_pagespeed/1.13.35.2-0)"
94.130.90.54 - - [12/Mar/2026:14:49:45 +0100] "GET /wp-content/uploads/elementor/css/post-136.css?ver=1773290261 HTTP/1.1" 304 3392 "https://jockers.inglory.de/depot-casino-1-euro-instant-tout-ce-que-vous-devez-savoir/" "Serf/1.3.9 (mod_pagespeed/1.13.35.2-0)"
94.130.90.54 - - [12/Mar/2026:14:49:45 +0100] "GET /wp-content/plugins/elementor/assets/lib/font-awesome/css/fontawesome.min.css?ver=5.15.3 HTTP/1.1" 304 3392 "https://jockers.inglory.de/depot-casino-1-euro-instant-tout-ce-que-vous-devez-savoir/" "Serf/1.3.9 (mod_pagespeed/1.13.35.2-0)"
94.130.90.54 - - [12/Mar/2026:14:49:45 +0100] "GET /wp-content/plugins/elementor/assets/lib/font-awesome/css/solid.min.css?ver=5.15.3 HTTP/1.1" 304 3391 "https://jockers.inglory.de/depot-casino-1-euro-instant-tout-ce-que-vous-devez-savoir/" "Serf/1.3.9 (mod_pagespeed/1.13.35.2-0)"
94.130.90.54 - - [12/Mar/2026:14:49:45 +0100] "GET /wp-content/plugins/elementor/assets/lib/font-awesome/css/brands.min.css?ver=5.15.3 HTTP/1.1" 304 3391 "https://jockers.inglory.de/depot-casino-1-euro-instant-tout-ce-que-vous-devez-savoir/" "Serf/1.3.9 (mod_pagespeed/1.13.35.2-0)"
94.130.90.54 - - [12/Mar/2026:14:49:45 +0100] "GET /wp-content/plugins/elementor/assets/js/frontend-modules.min.js?ver=3.35.7 HTTP/1.1" 304 3392 "https://jockers.inglory.de/depot-casino-1-euro-instant-tout-ce-que-vous-devez-savoir/" "Serf/1.3.9 (mod_pagespeed/1.13.35.2-0)"
94.130.90.54 - - [12/Mar/2026:14:49:45 +0100] "GET /wp-includes/js/jquery/ui/core.min.js?ver=1.13.3 HTTP/1.1" 304 3392 "https://jockers.inglory.de/depot-casino-1-euro-instant-tout-ce-que-vous-devez-savoir/" "Serf/1.3.9 (mod_pagespeed/1.13.35.2-0)"
94.130.90.54 - - [12/Mar/2026:14:49:45 +0100] "GET /wp-content/plugins/elementor-pro/assets/lib/smartmenus/jquery.smartmenus.min.js?ver=1.2.1 HTTP/1.1" 304 3392 "https://jockers.inglory.de/depot-casino-1-euro-instant-tout-ce-que-vous-devez-savoir/" "Serf/1.3.9 (mod_pagespeed/1.13.35.2-0)"
94.130.90.54 - - [12/Mar/2026:14:49:45 +0100] "GET /wp-content/plugins/elementor-pro/assets/lib/sticky/jquery.sticky.min.js?ver=3.35.1 HTTP/1.1" 304 3391 "https://jockers.inglory.de/depot-casino-1-euro-instant-tout-ce-que-vous-devez-savoir/" "Serf/1.3.9 (mod_pagespeed/1.13.35.2-0)"
94.130.90.54 - - [12/Mar/2026:14:49:45 +0100] "GET /wp-includes/js/dist/hooks.min.js?ver=dd5603f07f9220ed27f1 HTTP/1.1" 304 3392 "https://jockers.inglory.de/depot-casino-1-euro-instant-tout-ce-que-vous-devez-savoir/" "Serf/1.3.9 (mod_pagespeed/1.13.35.2-0)"
94.130.90.54 - - [12/Mar/2026:14:49:45 +0100] "GET /wp-includes/js/dist/i18n.min.js?ver=c26c3dc7bed366793375 HTTP/1.1" 304 3392 "https://jockers.inglory.de/depot-casino-1-euro-instant-tout-ce-que-vous-devez-savoir/" "Serf/1.3.9 (mod_pagespeed/1.13.35.2-0)"
94.130.90.54 - - [12/Mar/2026:14:49:45 +0100] "GET /wp-content/uploads/cropped-items-32x32.png HTTP/1.1" 304 3391 "https://jockers.inglory.de/depot-casino-1-euro-instant-tout-ce-que-vous-devez-savoir/" "Serf/1.3.9 (mod_pagespeed/1.13.35.2-0)"
94.130.90.54 - - [12/Mar/2026:14:49:45 +0100] "GET /wp-content/uploads/cropped-items-192x192.png HTTP/1.1" 304 3391 "https://jockers.inglory.de/depot-casino-1-euro-instant-tout-ce-que-vous-devez-savoir/" "Serf/1.3.9 (mod_pagespeed/1.13.35.2-0)"
94.130.90.54 - - [12/Mar/2026:14:49:45 +0100] "GET /wp-content/uploads/cropped-items-180x180.png HTTP/1.1" 304 3391 "https://jockers.inglory.de/depot-casino-1-euro-instant-tout-ce-que-vous-devez-savoir/" "Serf/1.3.9 (mod_pagespeed/1.13.35.2-0)"
94.130.90.54 - - [12/Mar/2026:14:49:45 +0100] "GET /wp-includes/js/jquery/jquery.min.js?ver=3.7.1 HTTP/1.1" 304 3393 "https://jockers.inglory.de/depot-casino-1-euro-instant-tout-ce-que-vous-devez-savoir/" "Serf/1.3.9 (mod_pagespeed/1.13.35.2-0)"
94.130.90.54 - - [12/Mar/2026:14:49:45 +0100] "GET /wp-includes/js/jquery/jquery-migrate.min.js?ver=3.4.1 HTTP/1.1" 304 3392 "https://jockers.inglory.de/depot-casino-1-euro-instant-tout-ce-que-vous-devez-savoir/" "Serf/1.3.9 (mod_pagespeed/1.13.35.2-0)"
94.130.90.54 - - [12/Mar/2026:14:49:45 +0100] "GET /wp-content/plugins/preloader-pro/assets/js/jquery.waitformedias.min.js?ver=2024090401 HTTP/1.1" 304 3392 "https://jockers.inglory.de/depot-casino-1-euro-instant-tout-ce-que-vous-devez-savoir/" "Serf/1.3.9 (mod_pagespeed/1.13.35.2-0)"
94.130.90.54 - - [12/Mar/2026:14:49:45 +0100] "GET /wp-content/plugins/preloader-pro/assets/js/loftloader.min.js?ver=2024090401 HTTP/1.1" 304 3392 "https://jockers.inglory.de/depot-casino-1-euro-instant-tout-ce-que-vous-devez-savoir/" "Serf/1.3.9 (mod_pagespeed/1.13.35.2-0)"
94.130.90.54 - - [12/Mar/2026:14:49:45 +0100] "GET /wp-content/plugins/elementor/assets/js/webpack.runtime.min.js?ver=3.35.7 HTTP/1.1" 304 3392 "https://jockers.inglory.de/depot-casino-1-euro-instant-tout-ce-que-vous-devez-savoir/" "Serf/1.3.9 (mod_pagespeed/1.13.35.2-0)"
94.130.90.54 - - [12/Mar/2026:14:49:45 +0100] "GET /wp-content/plugins/elementor/assets/js/frontend.min.js?ver=3.35.7 HTTP/1.1" 304 3392 "https://jockers.inglory.de/depot-casino-1-euro-instant-tout-ce-que-vous-devez-savoir/" "Serf/1.3.9 (mod_pagespeed/1.13.35.2-0)"
94.130.90.54 - - [12/Mar/2026:14:49:45 +0100] "GET /wp-content/plugins/elementor-pro/assets/js/webpack-pro.runtime.min.js?ver=3.35.1 HTTP/1.1" 304 3392 "https://jockers.inglory.de/depot-casino-1-euro-instant-tout-ce-que-vous-devez-savoir/" "Serf/1.3.9 (mod_pagespeed/1.13.35.2-0)"
94.130.90.54 - - [12/Mar/2026:14:49:45 +0100] "GET /wp-content/plugins/elementor-pro/assets/js/frontend.min.js?ver=3.35.1 HTTP/1.1" 304 3392 "https://jockers.inglory.de/depot-casino-1-euro-instant-tout-ce-que-vous-devez-savoir/" "Serf/1.3.9 (mod_pagespeed/1.13.35.2-0)"
94.130.90.54 - - [12/Mar/2026:14:49:45 +0100] "GET /wp-content/plugins/elementor-pro/assets/js/elements-handlers.min.js?ver=3.35.1 HTTP/1.1" 304 3392 "https://jockers.inglory.de/depot-casino-1-euro-instant-tout-ce-que-vous-devez-savoir/" "Serf/1.3.9 (mod_pagespeed/1.13.35.2-0)"
94.130.90.54 - - [12/Mar/2026:14:49:47 +0100] "POST /wp-cron.php?doing_wp_cron=1773323387.2956869602203369140625 HTTP/1.0" 200 4071 "-" "1BLlgvgMBGu8"
50.62.147.203 - - [12/Mar/2026:14:49:46 +0100] "HEAD /bonus-casino-bitcoin-profitez-doffres-instantanees/ HTTP/1.0" 200 4245 "-" "WordPress/6.5.7; https://silveraenterprises.com"
136.243.220.213 - - [12/Mar/2026:14:49:47 +0100] "GET /unser-spielen-via-diesem-cellphone-tablet-bitcoin-spielsaal-apps/ HTTP/1.0" 200 27209 "-" "Mozilla/5.0 (compatible; DataForSeoBot/1.0; +https://dataforseo.com/dataforseo-bot)"
50.62.147.203 - - [12/Mar/2026:14:49:47 +0100] "POST /xmlrpc.php HTTP/1.0" 200 4266 "-" "The Incutio XML-RPC PHP Library -- WordPress/6.5.7"
136.243.220.213 - - [12/Mar/2026:14:49:51 +0100] "GET /meilleures-machines-a-sous-en-ligne-decouvrez-casino-leon/ HTTP/1.0" 200 28962 "-" "Mozilla/5.0 (compatible; DataForSeoBot/1.0; +https://dataforseo.com/dataforseo-bot)"
66.33.212.7 - - [12/Mar/2026:14:49:53 +0100] "HEAD /roulette-de-casino-en-ligne-decouvrez-loco-win/ HTTP/1.0" 200 4245 "-" "WordPress/6.9.4; https://moldovagate.click"
66.33.212.7 - - [12/Mar/2026:14:49:54 +0100] "POST /xmlrpc.php HTTP/1.0" 200 4326 "-" "The Incutio XML-RPC PHP Library -- WordPress/6.9.4"
136.243.220.213 - - [12/Mar/2026:14:49:55 +0100] "GET /bonus-casino-sans-depot-decouvrez-betify-pour-maximiser-vos-gains/ HTTP/1.0" 200 28648 "-" "Mozilla/5.0 (compatible; DataForSeoBot/1.0; +https://dataforseo.com/dataforseo-bot)"
136.243.220.213 - - [12/Mar/2026:14:49:59 +0100] "GET /jeux-de-casino-classiques-plongee-dans-lunivers-de-casino-leon/ HTTP/1.0" 200 28485 "-" "Mozilla/5.0 (compatible; DataForSeoBot/1.0; +https://dataforseo.com/dataforseo-bot)"
136.243.220.213 - - [12/Mar/2026:14:50:03 +0100] "GET /ceske-casino-online-vse-co-potrebujete-vedet-o-online-casino-cz/ HTTP/1.0" 200 28393 "-" "Mozilla/5.0 (compatible; DataForSeoBot/1.0; +https://dataforseo.com/dataforseo-bot)"
198.12.237.201 - - [12/Mar/2026:14:50:04 +0100] "HEAD /jeux-dargent-lunivers-fascinant-des-paris-instantanes/ HTTP/1.0" 200 4245 "-" "WordPress/6.9.4; https://clarawhitewriter.com"
136.243.220.213 - - [12/Mar/2026:14:50:07 +0100] "GET /jouer-au-casino-en-ligne-avec-leon-guide-complet-pour-les-joueurs-francais/ HTTP/1.0" 200 28851 "-" "Mozilla/5.0 (compatible; DataForSeoBot/1.0; +https://dataforseo.com/dataforseo-bot)"
136.243.220.213 - - [12/Mar/2026:14:50:11 +0100] "GET /bonus-bez-vkladu-casino-vse-co-potrebujete-vedet-o-bonusu-za-registraci/ HTTP/1.0" 200 28598 "-" "Mozilla/5.0 (compatible; DataForSeoBot/1.0; +https://dataforseo.com/dataforseo-bot)"
136.243.220.213 - - [12/Mar/2026:14:50:15 +0100] "GET /casino-bonus-pro-ceske-hrace-vse-co-potrebujete-vedet-o-online-casino-cz/ HTTP/1.0" 200 28780 "-" "Mozilla/5.0 (compatible; DataForSeoBot/1.0; +https://dataforseo.com/dataforseo-bot)"
94.130.90.54 - - [12/Mar/2026:14:50:17 +0100] "POST /wp-cron.php?doing_wp_cron=1773323417.7957649230957031250000 HTTP/1.0" 200 4071 "-" "T2wrvwaHHoQk"
89.38.224.244 - - [12/Mar/2026:14:50:17 +0100] "POST /xmlrpc.php HTTP/1.0" 200 4126 "-" "Mozilla/5.0 (Windows NT 10.0; Win64; x64) AppleWebKit/537.36 (KHTML, like Gecko) Chrome/114.0.0.0 Safari/537.36"
136.243.220.213 - - [12/Mar/2026:14:50:19 +0100] "GET /coronavirus-disease-2019/ HTTP/1.0" 200 27175 "-" "Mozilla/5.0 (compatible; DataForSeoBot/1.0; +https://dataforseo.com/dataforseo-bot)"
89.38.224.244 - - [12/Mar/2026:14:50:23 +0100] "POST /xmlrpc.php HTTP/1.0" 200 12487 "-" "Mozilla/5.0 (Windows NT 10.0; Win64; x64) AppleWebKit/537.36 (KHTML, like Gecko) Chrome/114.0.0.0 Safari/537.36"
136.243.220.213 - - [12/Mar/2026:14:50:23 +0100] "GET /casino-video-poker-decouvrez-betify-pour-maximiser-vos-gains/ HTTP/1.0" 200 28108 "-" "Mozilla/5.0 (compatible; DataForSeoBot/1.0; +https://dataforseo.com/dataforseo-bot)"
89.38.224.244 - - [12/Mar/2026:14:50:24 +0100] "GET /gane-bonos-sobre-giros-de-jugar-tragamonedas-moviles-en-linea/ HTTP/1.0" 200 167711 "-" "Mozilla/5.0 (Windows NT 10.0; Win64; x64) AppleWebKit/537.36 (KHTML, like Gecko) Chrome/124.0.0.0 Safari/537.36 Edg/124.0.0.0"
50.62.147.203 - - [12/Mar/2026:14:50:25 +0100] "HEAD /bonus-casino-bitcoin-profitez-doffres-instantanees/ HTTP/1.0" 200 4245 "-" "WordPress/6.5.7; https://silveraenterprises.com"
136.243.220.213 - - [12/Mar/2026:14:50:27 +0100] "GET /zahranicni-online-casino-zahranicni-casina-pro-ceske-hrace/ HTTP/1.0" 200 28088 "-" "Mozilla/5.0 (compatible; DataForSeoBot/1.0; +https://dataforseo.com/dataforseo-bot)"
136.243.220.213 - - [12/Mar/2026:14:50:31 +0100] "GET /jeux-dargent-en-ligne-avec-argent-reel-instantanement-a-votre-portee/ HTTP/1.0" 200 28842 "-" "Mozilla/5.0 (compatible; DataForSeoBot/1.0; +https://dataforseo.com/dataforseo-bot)"
136.243.220.213 - - [12/Mar/2026:14:50:35 +0100] "GET /roulette-de-casino-en-ligne-decouvrez-linstant-de-fun-et-de-gains/ HTTP/1.0" 200 28482 "-" "Mozilla/5.0 (compatible; DataForSeoBot/1.0; +https://dataforseo.com/dataforseo-bot)"
136.243.220.213 - - [12/Mar/2026:14:50:39 +0100] "GET /zahranicni-casino-bonus-bez-vkladu-vse-co-potrebujete-vedet-o-zahranicnich-casinech-pro-ceske-hrace/ HTTP/1.0" 200 28419 "-" "Mozilla/5.0 (compatible; DataForSeoBot/1.0; +https://dataforseo.com/dataforseo-bot)"
94.130.90.54 - - [12/Mar/2026:14:50:44 +0100] "GET /wp-content/uploads/logo.svg HTTP/1.1" 200 12357 "https://jockers.inglory.de/roulette-de-casino-en-ligne-decouvrez-loco-win/" "Serf/1.3.9 (mod_pagespeed/1.13.35.2-0)"
94.130.90.54 - - [12/Mar/2026:14:50:44 +0100] "GET /wp-content/uploads/logo.svg HTTP/1.1" 200 12357 "https://jockers.inglory.de/roulette-de-casino-en-ligne-decouvrez-loco-win/" "Serf/1.3.9 (mod_pagespeed/1.13.35.2-0)"
136.243.220.213 - - [12/Mar/2026:14:50:43 +0100] "GET /roulette-de-casino-en-ligne-decouvrez-loco-win/ HTTP/1.0" 200 28721 "-" "Mozilla/5.0 (compatible; DataForSeoBot/1.0; +https://dataforseo.com/dataforseo-bot)"
94.130.90.54 - - [12/Mar/2026:14:50:44 +0100] "GET /wp-content/uploads/Google-logo.svg HTTP/1.1" 200 4648 "https://jockers.inglory.de/roulette-de-casino-en-ligne-decouvrez-loco-win/" "Serf/1.3.9 (mod_pagespeed/1.13.35.2-0)"
94.130.90.54 - - [12/Mar/2026:14:50:44 +0100] "GET /wp-content/uploads/logo.svg HTTP/1.1" 200 12357 "https://jockers.inglory.de/roulette-de-casino-en-ligne-decouvrez-loco-win/" "Serf/1.3.9 (mod_pagespeed/1.13.35.2-0)"
94.130.90.54 - - [12/Mar/2026:14:50:48 +0100] "POST /wp-cron.php?doing_wp_cron=1773323448.6248679161071777343750 HTTP/1.0" 200 4071 "-" "oBshw0tqBu3A"
136.243.220.213 - - [12/Mar/2026:14:50:47 +0100] "GET /jeux-mobiles-plongez-dans-lunivers-de-leon-et-decouvrez-les-meilleures-options/ HTTP/1.0" 200 28596 "-" "Mozilla/5.0 (compatible; DataForSeoBot/1.0; +https://dataforseo.com/dataforseo-bot)"
136.243.220.213 - - [12/Mar/2026:14:50:51 +0100] "GET /jeux-de-cartes-de-casino-decouvrez-betify-et-les-meilleures-options-disponibles/ HTTP/1.0" 200 29146 "-" "Mozilla/5.0 (compatible; DataForSeoBot/1.0; +https://dataforseo.com/dataforseo-bot)"
136.243.220.213 - - [12/Mar/2026:14:50:55 +0100] "GET /bonus-casino-bitcoin-profitez-doffres-instantanees/ HTTP/1.0" 200 28835 "-" "Mozilla/5.0 (compatible; DataForSeoBot/1.0; +https://dataforseo.com/dataforseo-bot)"
136.243.220.213 - - [12/Mar/2026:14:50:59 +0100] "GET /jetx-ermoglicht-mehrere-funktionen-und-boni-nachfolgende-dm-spiel-tiefsinn-oder-spannung-verleihen/ HTTP/1.0" 200 28685 "-" "Mozilla/5.0 (compatible; DataForSeoBot/1.0; +https://dataforseo.com/dataforseo-bot)"
136.243.220.213 - - [12/Mar/2026:14:51:03 +0100] "GET /application-de-casino-mobile-decouvrez-betify-pour-une-experience-inegalee/ HTTP/1.0" 200 28894 "-" "Mozilla/5.0 (compatible; DataForSeoBot/1.0; +https://dataforseo.com/dataforseo-bot)"
136.243.220.213 - - [12/Mar/2026:14:51:07 +0100] "GET /jeux-dargent-lunivers-fascinant-des-paris-instantanes/ HTTP/1.0" 200 28488 "-" "Mozilla/5.0 (compatible; DataForSeoBot/1.0; +https://dataforseo.com/dataforseo-bot)"
136.243.220.213 - - [12/Mar/2026:14:51:11 +0100] "GET /free-spiny-casino-ziskejte-casino-bonus-za-registraci/ HTTP/1.0" 200 28284 "-" "Mozilla/5.0 (compatible; DataForSeoBot/1.0; +https://dataforseo.com/dataforseo-bot)"
136.243.220.213 - - [12/Mar/2026:14:51:15 +0100] "GET /casino-avec-depot-minimum-de-1-e-decouvrez-betify/ HTTP/1.0" 200 27938 "-" "Mozilla/5.0 (compatible; DataForSeoBot/1.0; +https://dataforseo.com/dataforseo-bot)"
136.243.220.213 - - [12/Mar/2026:14:51:19 +0100] "GET /depot-au-casino-guide-complet-avec-betify/ HTTP/1.0" 200 28641 "-" "Mozilla/5.0 (compatible; DataForSeoBot/1.0; +https://dataforseo.com/dataforseo-bot)"
136.243.220.213 - - [12/Mar/2026:14:51:23 +0100] "GET /application-de-casino-mobile-decouvrez-leon-et-ses-avantages/ HTTP/1.0" 200 28837 "-" "Mozilla/5.0 (compatible; DataForSeoBot/1.0; +https://dataforseo.com/dataforseo-bot)"
