94.130.90.54 - - [12/Mar/2023:12:30:59 +0100] "GET /wp-content/uploads/2023/03/Group-25-1.svg HTTP/1.1" 200 9140 "https://immofromm.inglory.de/" "Serf/1.3.9 (mod_pagespeed/1.13.35.2-0)"
94.130.90.54 - - [12/Mar/2023:12:30:59 +0100] "GET /wp-content/uploads/2023/03/Group-2-1.svg HTTP/1.1" 200 13352 "https://immofromm.inglory.de/" "Serf/1.3.9 (mod_pagespeed/1.13.35.2-0)"
94.130.90.54 - - [12/Mar/2023:12:30:59 +0100] "GET /wp-content/uploads/2023/03/Logo-24-1-1-1.svg HTTP/1.1" 200 7834 "https://immofromm.inglory.de/" "Serf/1.3.9 (mod_pagespeed/1.13.35.2-0)"
94.130.90.54 - - [12/Mar/2023:12:30:59 +0100] "GET /wp-content/plugins/essential-addons-for-elementor-lite/assets/admin/images/templately/logo-icon.svg HTTP/1.1" 200 5660 "https://immofromm.inglory.de/" "Serf/1.3.9 (mod_pagespeed/1.13.35.2-0)"
94.130.90.54 - - [12/Mar/2023:12:30:59 +0100] "GET /wp-content/plugins/elementor-pro/assets/js/webpack-pro.runtime.min.js?ver=3.11.3 HTTP/1.1" 304 4854 "https://immofromm.inglory.de/" "Serf/1.3.9 (mod_pagespeed/1.13.35.2-0)"
94.130.90.54 - - [12/Mar/2023:12:30:59 +0100] "GET /wp-content/plugins/elementor/assets/js/webpack.runtime.min.js?ver=3.11.3 HTTP/1.1" 304 4854 "https://immofromm.inglory.de/" "Serf/1.3.9 (mod_pagespeed/1.13.35.2-0)"
94.130.90.54 - - [12/Mar/2023:12:30:59 +0100] "GET /wp-content/uploads/2023/03/Ellipse-1-3.png HTTP/1.1" 200 308237 "https://immofromm.inglory.de/" "Serf/1.3.9 (mod_pagespeed/1.13.35.2-0)"
94.130.90.54 - - [12/Mar/2023:12:30:59 +0100] "GET /wp-content/uploads/2023/03/Ellipse-1-4.png HTTP/1.1" 200 58892 "https://immofromm.inglory.de/" "Serf/1.3.9 (mod_pagespeed/1.13.35.2-0)"
94.130.90.54 - - [12/Mar/2023:12:30:59 +0100] "GET /wp-content/uploads/2023/03/Frame-1261156839.svg HTTP/1.1" 200 9379 "https://immofromm.inglory.de/" "Serf/1.3.9 (mod_pagespeed/1.13.35.2-0)"
94.130.90.54 - - [12/Mar/2023:12:30:59 +0100] "GET /wp-content/plugins/mystickyelements-pro/intl-tel-input-src/build/img/flags.png HTTP/1.1" 304 4855 "https://immofromm.inglory.de/" "Serf/1.3.9 (mod_pagespeed/1.13.35.2-0)"
94.130.90.54 - - [12/Mar/2023:12:30:59 +0100] "GET /wp-content/plugins/mystickyelements-pro/intl-tel-input-src/build/img/flags@2x.png HTTP/1.1" 304 4855 "https://immofromm.inglory.de/" "Serf/1.3.9 (mod_pagespeed/1.13.35.2-0)"
94.130.90.54 - - [12/Mar/2023:12:30:59 +0100] "GET /wp-content/plugins/Funnelforms-free/res/images/flags.png HTTP/1.1" 304 4855 "https://immofromm.inglory.de/" "Serf/1.3.9 (mod_pagespeed/1.13.35.2-0)"
94.130.90.54 - - [12/Mar/2023:12:30:59 +0100] "GET /wp-content/plugins/Funnelforms-free/res/images/flags@2x.png HTTP/1.1" 304 4855 "https://immofromm.inglory.de/" "Serf/1.3.9 (mod_pagespeed/1.13.35.2-0)"
162.158.110.45 - - [12/Mar/2023:13:31:12 +0100] "POST /wp-cron.php?doing_wp_cron=1678624272.7884039878845214843750 HTTP/1.0" 200 839 "https://immofromm.inglory.de/wp-cron.php?doing_wp_cron=1678624272.7884039878845214843750" "5bFJlbwyFoP0"
94.130.90.54 - - [12/Mar/2023:13:31:13 +0100] "GET /wp-content/uploads/elementor/css/custom-pro-widget-nav-menu.min.css?ver=1678559892 HTTP/1.1" 304 4854 "https://immofromm.inglory.de/" "Serf/1.3.9 (mod_pagespeed/1.13.35.2-0)"
94.130.90.54 - - [12/Mar/2023:13:31:13 +0100] "GET /wp-content/uploads/elementor/css/custom-widget-icon-list.min.css?ver=1678559892 HTTP/1.1" 304 4854 "https://immofromm.inglory.de/" "Serf/1.3.9 (mod_pagespeed/1.13.35.2-0)"
94.130.90.54 - - [12/Mar/2023:13:31:13 +0100] "GET /wp-content/plugins/loftloader-pro/assets/css/loftloader.min.css?ver=2022112801 HTTP/1.1" 304 4855 "https://immofromm.inglory.de/" "Serf/1.3.9 (mod_pagespeed/1.13.35.2-0)"
94.130.90.54 - - [12/Mar/2023:13:31:13 +0100] "GET /wp-includes/css/dist/block-library/style.min.css?ver=6.1.1 HTTP/1.1" 304 4855 "https://immofromm.inglory.de/" "Serf/1.3.9 (mod_pagespeed/1.13.35.2-0)"
162.158.110.188 - - [12/Mar/2023:13:31:11 +0100] "GET / HTTP/1.0" 200 43296 "-" "Mozilla/5.0 (iPhone; CPU iPhone OS 16_2 like Mac OS X) AppleWebKit/605.1.15 (KHTML, like Gecko) Version/16.2 Mobile/15E148 Safari/604.1"
94.130.90.54 - - [12/Mar/2023:13:31:13 +0100] "GET /wp-includes/css/classic-themes.min.css?ver=1 HTTP/1.1" 304 4852 "https://immofromm.inglory.de/" "Serf/1.3.9 (mod_pagespeed/1.13.35.2-0)"
94.130.90.54 - - [12/Mar/2023:13:31:13 +0100] "GET /wp-content/themes/hello-elementor/style.min.css?ver=2.6.1 HTTP/1.1" 304 4854 "https://immofromm.inglory.de/" "Serf/1.3.9 (mod_pagespeed/1.13.35.2-0)"
94.130.90.54 - - [12/Mar/2023:13:31:13 +0100] "GET /wp-content/themes/hello-elementor/theme.min.css?ver=2.6.1 HTTP/1.1" 304 4854 "https://immofromm.inglory.de/" "Serf/1.3.9 (mod_pagespeed/1.13.35.2-0)"
94.130.90.54 - - [12/Mar/2023:13:31:13 +0100] "GET /wp-content/uploads/elementor/css/custom-frontend-lite.min.css?ver=1678559891 HTTP/1.1" 304 4855 "https://immofromm.inglory.de/" "Serf/1.3.9 (mod_pagespeed/1.13.35.2-0)"
94.130.90.54 - - [12/Mar/2023:13:31:13 +0100] "GET /wp-content/uploads/elementor/css/post-8.css?ver=1678559891 HTTP/1.1" 304 4853 "https://immofromm.inglory.de/" "Serf/1.3.9 (mod_pagespeed/1.13.35.2-0)"
94.130.90.54 - - [12/Mar/2023:13:31:13 +0100] "GET /wp-content/plugins/essential-addons-for-elementor-lite/assets/front-end/css/view/general.min.css?ver=5.6.0 HTTP/1.1" 304 4853 "https://immofromm.inglory.de/" "Serf/1.3.9 (mod_pagespeed/1.13.35.2-0)"
94.130.90.54 - - [12/Mar/2023:13:31:13 +0100] "GET /wp-content/uploads/essential-addons-elementor/eael-54.css?ver=1678561159 HTTP/1.1" 304 4854 "https://immofromm.inglory.de/" "Serf/1.3.9 (mod_pagespeed/1.13.35.2-0)"
94.130.90.54 - - [12/Mar/2023:13:31:13 +0100] "GET /wp-content/plugins/elementor/assets/lib/eicons/css/elementor-icons.min.css?ver=5.18.0 HTTP/1.1" 304 4854 "https://immofromm.inglory.de/" "Serf/1.3.9 (mod_pagespeed/1.13.35.2-0)"
94.130.90.54 - - [12/Mar/2023:13:31:13 +0100] "GET /wp-content/plugins/elementor/assets/lib/swiper/v8/css/swiper.min.css?ver=8.4.5 HTTP/1.1" 304 4854 "https://immofromm.inglory.de/" "Serf/1.3.9 (mod_pagespeed/1.13.35.2-0)"
94.130.90.54 - - [12/Mar/2023:13:31:13 +0100] "GET /wp-content/uploads/elementor/css/custom-pro-frontend-lite.min.css?ver=1678559891 HTTP/1.1" 304 4854 "https://immofromm.inglory.de/" "Serf/1.3.9 (mod_pagespeed/1.13.35.2-0)"
94.130.90.54 - - [12/Mar/2023:13:31:13 +0100] "GET /wp-content/uploads/elementor/css/post-394.css?ver=1678559892 HTTP/1.1" 304 4854 "https://immofromm.inglory.de/" "Serf/1.3.9 (mod_pagespeed/1.13.35.2-0)"
94.130.90.54 - - [12/Mar/2023:13:31:13 +0100] "GET /wp-content/uploads/elementor/css/post-399.css?ver=1678559892 HTTP/1.1" 304 4854 "https://immofromm.inglory.de/" "Serf/1.3.9 (mod_pagespeed/1.13.35.2-0)"
94.130.90.54 - - [12/Mar/2023:13:31:13 +0100] "GET /wp-content/cache/borlabs-cookie/borlabs-cookie_1_en.css?ver=2.2.62-30 HTTP/1.1" 304 4854 "https://immofromm.inglory.de/" "Serf/1.3.9 (mod_pagespeed/1.13.35.2-0)"
94.130.90.54 - - [12/Mar/2023:13:31:13 +0100] "GET /wp-content/plugins/mystickyelements-pro/css/font-awesome.min.css?ver=2.0.7 HTTP/1.1" 304 4854 "https://immofromm.inglory.de/" "Serf/1.3.9 (mod_pagespeed/1.13.35.2-0)"
94.130.90.54 - - [12/Mar/2023:13:31:13 +0100] "GET /wp-content/plugins/elementor/assets/lib/font-awesome/css/fontawesome.min.css?ver=5.15.3 HTTP/1.1" 304 4854 "https://immofromm.inglory.de/" "Serf/1.3.9 (mod_pagespeed/1.13.35.2-0)"
94.130.90.54 - - [12/Mar/2023:13:31:13 +0100] "GET /wp-content/plugins/elementor/assets/lib/font-awesome/css/solid.min.css?ver=5.15.3 HTTP/1.1" 304 4853 "https://immofromm.inglory.de/" "Serf/1.3.9 (mod_pagespeed/1.13.35.2-0)"
94.130.90.54 - - [12/Mar/2023:13:31:13 +0100] "GET /wp-content/plugins/elementor/assets/lib/font-awesome/css/all.min.css?ver=5.6.0 HTTP/1.1" 304 4854 "https://immofromm.inglory.de/" "Serf/1.3.9 (mod_pagespeed/1.13.35.2-0)"
94.130.90.54 - - [12/Mar/2023:13:31:13 +0100] "GET /wp-content/plugins/elementor/assets/lib/font-awesome/css/v4-shims.min.css?ver=5.6.0 HTTP/1.1" 304 4854 "https://immofromm.inglory.de/" "Serf/1.3.9 (mod_pagespeed/1.13.35.2-0)"
94.130.90.54 - - [12/Mar/2023:13:31:13 +0100] "GET /wp-content/plugins/Funnelforms-free/res/frontend/styles/frontend.css?ver=3.2.3 HTTP/1.1" 304 4854 "https://immofromm.inglory.de/" "Serf/1.3.9 (mod_pagespeed/1.13.35.2-0)"
94.130.90.54 - - [12/Mar/2023:13:31:13 +0100] "GET /wp-content/uploads/elementor/css/post-180.css?ver=1678559893 HTTP/1.1" 304 4854 "https://immofromm.inglory.de/" "Serf/1.3.9 (mod_pagespeed/1.13.35.2-0)"
94.130.90.54 - - [12/Mar/2023:13:31:13 +0100] "GET /wp-content/uploads/elementor/css/post-184.css?ver=1678559893 HTTP/1.1" 304 4854 "https://immofromm.inglory.de/" "Serf/1.3.9 (mod_pagespeed/1.13.35.2-0)"
94.130.90.54 - - [12/Mar/2023:13:31:13 +0100] "GET /wp-content/uploads/elementor/css/post-1588.css?ver=1678559893 HTTP/1.1" 304 4854 "https://immofromm.inglory.de/" "Serf/1.3.9 (mod_pagespeed/1.13.35.2-0)"
94.130.90.54 - - [12/Mar/2023:13:31:13 +0100] "GET /wp-content/uploads/elementor/css/post-1172.css?ver=1678561499 HTTP/1.1" 304 4854 "https://immofromm.inglory.de/" "Serf/1.3.9 (mod_pagespeed/1.13.35.2-0)"
94.130.90.54 - - [12/Mar/2023:13:31:13 +0100] "GET /wp-content/plugins/elementor/assets/lib/animations/animations.min.css?ver=3.11.3 HTTP/1.1" 304 4854 "https://immofromm.inglory.de/" "Serf/1.3.9 (mod_pagespeed/1.13.35.2-0)"
94.130.90.54 - - [12/Mar/2023:13:31:13 +0100] "GET /wp-content/plugins/loftloader-pro/assets/js/loftloader.js?ver=2022112801 HTTP/1.1" 304 4854 "https://immofromm.inglory.de/" "Serf/1.3.9 (mod_pagespeed/1.13.35.2-0)"
94.130.90.54 - - [12/Mar/2023:13:31:13 +0100] "GET /wp-content/themes/hello-elementor/assets/js/hello-frontend.min.js?ver=1.0.0 HTTP/1.1" 304 4853 "https://immofromm.inglory.de/" "Serf/1.3.9 (mod_pagespeed/1.13.35.2-0)"
94.130.90.54 - - [12/Mar/2023:13:31:13 +0100] "GET /wp-content/plugins/essential-addons-for-elementor-lite/assets/front-end/js/view/general.min.js?ver=5.6.0 HTTP/1.1" 304 4854 "https://immofromm.inglory.de/" "Serf/1.3.9 (mod_pagespeed/1.13.35.2-0)"
94.130.90.54 - - [12/Mar/2023:13:31:13 +0100] "GET /wp-content/uploads/essential-addons-elementor/eael-54.js?ver=1678561159 HTTP/1.1" 304 4853 "https://immofromm.inglory.de/" "Serf/1.3.9 (mod_pagespeed/1.13.35.2-0)"
94.130.90.54 - - [12/Mar/2023:13:31:13 +0100] "GET /wp-content/plugins/mystickyelements-pro/intl-tel-input-src/build/js/intlTelInput.js?ver=2.0.7 HTTP/1.1" 304 4855 "https://immofromm.inglory.de/" "Serf/1.3.9 (mod_pagespeed/1.13.35.2-0)"
94.130.90.54 - - [12/Mar/2023:13:31:13 +0100] "GET /wp-content/plugins/mystickyelements-pro/js/jquery.cookie.js?ver=2.0.7 HTTP/1.1" 304 4853 "https://immofromm.inglory.de/" "Serf/1.3.9 (mod_pagespeed/1.13.35.2-0)"
94.130.90.54 - - [12/Mar/2023:13:31:13 +0100] "GET /wp-content/plugins/mystickyelements-pro/js/mystickyelements-fronted.min.js?ver=2.0.7 HTTP/1.1" 304 4854 "https://immofromm.inglory.de/" "Serf/1.3.9 (mod_pagespeed/1.13.35.2-0)"
94.130.90.54 - - [12/Mar/2023:13:31:13 +0100] "GET /wp-content/plugins/elementor-pro/assets/lib/smartmenus/jquery.smartmenus.min.js?ver=1.0.1 HTTP/1.1" 304 4854 "https://immofromm.inglory.de/" "Serf/1.3.9 (mod_pagespeed/1.13.35.2-0)"
94.130.90.54 - - [12/Mar/2023:13:31:13 +0100] "GET /wp-content/plugins/elementor/assets/lib/font-awesome/js/v4-shims.min.js?ver=5.6.0 HTTP/1.1" 304 4854 "https://immofromm.inglory.de/" "Serf/1.3.9 (mod_pagespeed/1.13.35.2-0)"
94.130.90.54 - - [12/Mar/2023:13:31:13 +0100] "GET /wp-includes/js/imagesloaded.min.js?ver=4.1.4 HTTP/1.1" 304 4854 "https://immofromm.inglory.de/" "Serf/1.3.9 (mod_pagespeed/1.13.35.2-0)"
94.130.90.54 - - [12/Mar/2023:13:31:13 +0100] "GET /wp-content/plugins/elementor/assets/js/frontend-modules.min.js?ver=3.11.3 HTTP/1.1" 304 4854 "https://immofromm.inglory.de/" "Serf/1.3.9 (mod_pagespeed/1.13.35.2-0)"
94.130.90.54 - - [12/Mar/2023:13:31:13 +0100] "GET /wp-includes/js/dist/vendor/regenerator-runtime.min.js?ver=0.13.9 HTTP/1.1" 304 4854 "https://immofromm.inglory.de/" "Serf/1.3.9 (mod_pagespeed/1.13.35.2-0)"
94.130.90.54 - - [12/Mar/2023:13:31:13 +0100] "GET /wp-includes/js/dist/vendor/wp-polyfill.min.js?ver=3.15.0 HTTP/1.1" 304 4854 "https://immofromm.inglory.de/" "Serf/1.3.9 (mod_pagespeed/1.13.35.2-0)"
94.130.90.54 - - [12/Mar/2023:13:31:13 +0100] "GET /wp-includes/js/dist/hooks.min.js?ver=4169d3cf8e8d95a3d6d5 HTTP/1.1" 304 4854 "https://immofromm.inglory.de/" "Serf/1.3.9 (mod_pagespeed/1.13.35.2-0)"
94.130.90.54 - - [12/Mar/2023:13:31:13 +0100] "GET /wp-includes/js/dist/i18n.min.js?ver=9e794f35a71bb98672ae HTTP/1.1" 304 4854 "https://immofromm.inglory.de/" "Serf/1.3.9 (mod_pagespeed/1.13.35.2-0)"
94.130.90.54 - - [12/Mar/2023:13:31:13 +0100] "GET /wp-content/plugins/elementor-pro/assets/js/frontend.min.js?ver=3.11.3 HTTP/1.1" 304 4854 "https://immofromm.inglory.de/" "Serf/1.3.9 (mod_pagespeed/1.13.35.2-0)"
94.130.90.54 - - [12/Mar/2023:13:31:13 +0100] "GET /wp-content/plugins/elementor/assets/lib/waypoints/waypoints.min.js?ver=4.0.2 HTTP/1.1" 304 4854 "https://immofromm.inglory.de/" "Serf/1.3.9 (mod_pagespeed/1.13.35.2-0)"
94.130.90.54 - - [12/Mar/2023:13:31:13 +0100] "GET /wp-includes/js/jquery/ui/core.min.js?ver=1.13.2 HTTP/1.1" 304 4854 "https://immofromm.inglory.de/" "Serf/1.3.9 (mod_pagespeed/1.13.35.2-0)"
94.130.90.54 - - [12/Mar/2023:13:31:13 +0100] "GET /wp-content/uploads/2023/03/cropped-favicon-32x32.png HTTP/1.1" 304 4853 "https://immofromm.inglory.de/" "Serf/1.3.9 (mod_pagespeed/1.13.35.2-0)"
94.130.90.54 - - [12/Mar/2023:13:31:13 +0100] "GET /wp-content/uploads/2023/03/cropped-favicon-192x192.png HTTP/1.1" 304 4854 "https://immofromm.inglory.de/" "Serf/1.3.9 (mod_pagespeed/1.13.35.2-0)"
94.130.90.54 - - [12/Mar/2023:13:31:13 +0100] "GET /wp-content/uploads/2023/03/cropped-favicon-180x180.png HTTP/1.1" 304 4854 "https://immofromm.inglory.de/" "Serf/1.3.9 (mod_pagespeed/1.13.35.2-0)"
94.130.90.54 - - [12/Mar/2023:13:31:13 +0100] "GET /wp-content/uploads/2023/03/image-2.jpg HTTP/1.1" 304 4854 "https://immofromm.inglory.de/" "Serf/1.3.9 (mod_pagespeed/1.13.35.2-0)"
94.130.90.54 - - [12/Mar/2023:13:31:13 +0100] "GET /wp-content/uploads/2023/03/image-2.jpg HTTP/1.1" 304 4854 "https://immofromm.inglory.de/" "Serf/1.3.9 (mod_pagespeed/1.13.35.2-0)"
94.130.90.54 - - [12/Mar/2023:13:31:13 +0100] "GET /wp-content/uploads/2023/03/image-2-300x200.jpg HTTP/1.1" 304 4854 "https://immofromm.inglory.de/" "Serf/1.3.9 (mod_pagespeed/1.13.35.2-0)"
94.130.90.54 - - [12/Mar/2023:13:31:13 +0100] "GET /wp-content/uploads/2023/03/image-3.jpg HTTP/1.1" 304 4854 "https://immofromm.inglory.de/" "Serf/1.3.9 (mod_pagespeed/1.13.35.2-0)"
94.130.90.54 - - [12/Mar/2023:13:31:13 +0100] "GET /wp-content/uploads/2023/03/image-3.jpg HTTP/1.1" 304 4854 "https://immofromm.inglory.de/" "Serf/1.3.9 (mod_pagespeed/1.13.35.2-0)"
94.130.90.54 - - [12/Mar/2023:13:31:13 +0100] "GET /wp-content/uploads/2023/03/image-3-300x200.jpg HTTP/1.1" 304 4854 "https://immofromm.inglory.de/" "Serf/1.3.9 (mod_pagespeed/1.13.35.2-0)"
94.130.90.54 - - [12/Mar/2023:13:31:13 +0100] "GET /wp-content/uploads/2023/03/image1.jpg HTTP/1.1" 304 4854 "https://immofromm.inglory.de/" "Serf/1.3.9 (mod_pagespeed/1.13.35.2-0)"
94.130.90.54 - - [12/Mar/2023:13:31:13 +0100] "GET /wp-content/uploads/2023/03/image1.jpg HTTP/1.1" 304 4854 "https://immofromm.inglory.de/" "Serf/1.3.9 (mod_pagespeed/1.13.35.2-0)"
94.130.90.54 - - [12/Mar/2023:13:31:13 +0100] "GET /wp-content/uploads/2023/03/image1-300x200.jpg HTTP/1.1" 304 4854 "https://immofromm.inglory.de/" "Serf/1.3.9 (mod_pagespeed/1.13.35.2-0)"
94.130.90.54 - - [12/Mar/2023:13:31:13 +0100] "GET /wp-content/uploads/2023/03/aboutpicture.png HTTP/1.1" 304 4855 "https://immofromm.inglory.de/" "Serf/1.3.9 (mod_pagespeed/1.13.35.2-0)"
94.130.90.54 - - [12/Mar/2023:13:31:13 +0100] "GET /wp-content/uploads/2023/03/aboutpicture.png HTTP/1.1" 304 4855 "https://immofromm.inglory.de/" "Serf/1.3.9 (mod_pagespeed/1.13.35.2-0)"
94.130.90.54 - - [12/Mar/2023:13:31:13 +0100] "GET /wp-content/uploads/2023/03/aboutpicture-300x212.png HTTP/1.1" 304 4854 "https://immofromm.inglory.de/" "Serf/1.3.9 (mod_pagespeed/1.13.35.2-0)"
94.130.90.54 - - [12/Mar/2023:13:31:13 +0100] "GET /wp-content/uploads/2023/03/Ellipse-2.png HTTP/1.1" 304 4854 "https://immofromm.inglory.de/" "Serf/1.3.9 (mod_pagespeed/1.13.35.2-0)"
94.130.90.54 - - [12/Mar/2023:13:31:13 +0100] "GET /wp-content/uploads/2023/03/Ellipse-2.png HTTP/1.1" 304 4854 "https://immofromm.inglory.de/" "Serf/1.3.9 (mod_pagespeed/1.13.35.2-0)"
94.130.90.54 - - [12/Mar/2023:13:31:13 +0100] "GET /wp-content/uploads/2023/03/Ellipse-2-150x150.png HTTP/1.1" 304 4854 "https://immofromm.inglory.de/" "Serf/1.3.9 (mod_pagespeed/1.13.35.2-0)"
94.130.90.54 - - [12/Mar/2023:13:31:13 +0100] "GET /wp-content/uploads/2023/03/Ellipse-2-1.png HTTP/1.1" 304 4854 "https://immofromm.inglory.de/" "Serf/1.3.9 (mod_pagespeed/1.13.35.2-0)"
94.130.90.54 - - [12/Mar/2023:13:31:13 +0100] "GET /wp-content/uploads/2023/03/Ellipse-2-1.png HTTP/1.1" 304 4854 "https://immofromm.inglory.de/" "Serf/1.3.9 (mod_pagespeed/1.13.35.2-0)"
94.130.90.54 - - [12/Mar/2023:13:31:13 +0100] "GET /wp-content/uploads/2023/03/Ellipse-2-1-150x150.png HTTP/1.1" 304 4854 "https://immofromm.inglory.de/" "Serf/1.3.9 (mod_pagespeed/1.13.35.2-0)"
94.130.90.54 - - [12/Mar/2023:13:31:13 +0100] "GET /wp-content/uploads/2023/03/xelipse2.2.png HTTP/1.1" 304 4854 "https://immofromm.inglory.de/" "Serf/1.3.9 (mod_pagespeed/1.13.35.2-0)"
94.130.90.54 - - [12/Mar/2023:13:31:13 +0100] "GET /wp-content/uploads/2023/03/xelipse2.2.png HTTP/1.1" 304 4854 "https://immofromm.inglory.de/" "Serf/1.3.9 (mod_pagespeed/1.13.35.2-0)"
94.130.90.54 - - [12/Mar/2023:13:31:13 +0100] "GET /wp-content/uploads/2023/03/xelipse2.2-150x150.png HTTP/1.1" 304 4854 "https://immofromm.inglory.de/" "Serf/1.3.9 (mod_pagespeed/1.13.35.2-0)"
94.130.90.54 - - [12/Mar/2023:13:31:13 +0100] "GET /wp-content/uploads/2023/03/stan-1-1.png HTTP/1.1" 304 4855 "https://immofromm.inglory.de/" "Serf/1.3.9 (mod_pagespeed/1.13.35.2-0)"
94.130.90.54 - - [12/Mar/2023:13:31:13 +0100] "GET /wp-content/uploads/2023/03/stan-1-1.png HTTP/1.1" 304 4855 "https://immofromm.inglory.de/" "Serf/1.3.9 (mod_pagespeed/1.13.35.2-0)"
94.130.90.54 - - [12/Mar/2023:13:31:13 +0100] "GET /wp-content/uploads/2023/03/stan-1-1-270x300.png HTTP/1.1" 304 4854 "https://immofromm.inglory.de/" "Serf/1.3.9 (mod_pagespeed/1.13.35.2-0)"
94.130.90.54 - - [12/Mar/2023:13:31:13 +0100] "GET /wp-content/uploads/2023/03/widgets-5.png HTTP/1.1" 304 4854 "https://immofromm.inglory.de/" "Serf/1.3.9 (mod_pagespeed/1.13.35.2-0)"
94.130.90.54 - - [12/Mar/2023:13:31:13 +0100] "GET /wp-content/uploads/2023/03/widgets-5.png HTTP/1.1" 304 4854 "https://immofromm.inglory.de/" "Serf/1.3.9 (mod_pagespeed/1.13.35.2-0)"
94.130.90.54 - - [12/Mar/2023:13:31:13 +0100] "GET /wp-content/uploads/2023/03/widgets-5-300x138.png HTTP/1.1" 304 4854 "https://immofromm.inglory.de/" "Serf/1.3.9 (mod_pagespeed/1.13.35.2-0)"
94.130.90.54 - - [12/Mar/2023:13:31:13 +0100] "GET /wp-content/uploads/2023/03/np_check_5542984_2E5955.png HTTP/1.1" 304 4854 "https://immofromm.inglory.de/" "Serf/1.3.9 (mod_pagespeed/1.13.35.2-0)"
94.130.90.54 - - [12/Mar/2023:13:31:13 +0100] "GET /wp-content/plugins/elementor-pro/assets/css/widget-carousel.min.css HTTP/1.1" 304 4854 "https://immofromm.inglory.de/" "Serf/1.3.9 (mod_pagespeed/1.13.35.2-0)"
94.130.90.54 - - [12/Mar/2023:13:31:13 +0100] "GET /wp-content/uploads/elementor/css/custom-widget-icon-box.min.css?ver=1678559893 HTTP/1.1" 304 4854 "https://immofromm.inglory.de/" "Serf/1.3.9 (mod_pagespeed/1.13.35.2-0)"
94.130.90.54 - - [12/Mar/2023:13:31:13 +0100] "GET /wp-includes/js/jquery/jquery.min.js?ver=3.6.1 HTTP/1.1" 304 4855 "https://immofromm.inglory.de/" "Serf/1.3.9 (mod_pagespeed/1.13.35.2-0)"
94.130.90.54 - - [12/Mar/2023:13:31:13 +0100] "GET /wp-includes/js/jquery/jquery-migrate.min.js?ver=3.3.2 HTTP/1.1" 304 4854 "https://immofromm.inglory.de/" "Serf/1.3.9 (mod_pagespeed/1.13.35.2-0)"
94.130.90.54 - - [12/Mar/2023:13:31:13 +0100] "GET /wp-content/plugins/borlabs-cookie/assets/javascript/borlabs-cookie-prioritize.min.js?ver=2.2.62 HTTP/1.1" 304 4853 "https://immofromm.inglory.de/" "Serf/1.3.9 (mod_pagespeed/1.13.35.2-0)"
94.130.90.54 - - [12/Mar/2023:13:31:13 +0100] "GET /wp-content/plugins/loftloader-pro/assets/js/jquery.waitformedias.min.js?ver=2022112801 HTTP/1.1" 304 4854 "https://immofromm.inglory.de/" "Serf/1.3.9 (mod_pagespeed/1.13.35.2-0)"
94.130.90.54 - - [12/Mar/2023:13:31:13 +0100] "GET /wp-content/plugins/Funnelforms-free/res/frontend/scripts/frontend.js?ver=3.2.3 HTTP/1.1" 304 4855 "https://immofromm.inglory.de/" "Serf/1.3.9 (mod_pagespeed/1.13.35.2-0)"
94.130.90.54 - - [12/Mar/2023:13:31:13 +0100] "GET /wp-content/plugins/Funnelforms-free/res/frontend/scripts/intlTelInputSelect2.js?ver=3.2.3 HTTP/1.1" 304 4854 "https://immofromm.inglory.de/" "Serf/1.3.9 (mod_pagespeed/1.13.35.2-0)"
162.158.111.43 - - [12/Mar/2023:13:31:13 +0100] "GET /wp-includes/css/classic-themes.min.css?ver=1 HTTP/1.0" 304 689 "https://immofromm.inglory.de/" "Mozilla/5.0 (iPhone; CPU iPhone OS 16_2 like Mac OS X) AppleWebKit/605.1.15 (KHTML, like Gecko) Version/16.2 Mobile/15E148 Safari/604.1"
162.158.110.211 - - [12/Mar/2023:13:31:13 +0100] "GET /wp-includes/js/wp-emoji-release.min.js?ver=6.1.1 HTTP/1.0" 200 5914 "https://immofromm.inglory.de/" "Mozilla/5.0 (iPhone; CPU iPhone OS 16_2 like Mac OS X) AppleWebKit/605.1.15 (KHTML, like Gecko) Version/16.2 Mobile/15E148 Safari/604.1"
94.130.90.54 - - [12/Mar/2023:13:31:13 +0100] "GET /wp-content/plugins/borlabs-cookie/assets/javascript/borlabs-cookie.min.js?ver=2.2.62 HTTP/1.1" 304 4854 "https://immofromm.inglory.de/" "Serf/1.3.9 (mod_pagespeed/1.13.35.2-0)"
162.158.111.85 - - [12/Mar/2023:13:31:13 +0100] "GET /wp-content/uploads/elementor/css/post-8.css?ver=1678559891 HTTP/1.0" 200 1789 "https://immofromm.inglory.de/" "Mozilla/5.0 (iPhone; CPU iPhone OS 16_2 like Mac OS X) AppleWebKit/605.1.15 (KHTML, like Gecko) Version/16.2 Mobile/15E148 Safari/604.1"
162.158.111.61 - - [12/Mar/2023:13:31:13 +0100] "GET /wp-includes/css/dist/block-library/style.min.css?ver=6.1.1 HTTP/1.0" 304 692 "https://immofromm.inglory.de/" "Mozilla/5.0 (iPhone; CPU iPhone OS 16_2 like Mac OS X) AppleWebKit/605.1.15 (KHTML, like Gecko) Version/16.2 Mobile/15E148 Safari/604.1"
94.130.90.54 - - [12/Mar/2023:13:31:13 +0100] "GET /wp-content/plugins/elementor/assets/js/frontend.min.js?ver=3.11.3 HTTP/1.1" 304 4854 "https://immofromm.inglory.de/" "Serf/1.3.9 (mod_pagespeed/1.13.35.2-0)"
162.158.110.90 - - [12/Mar/2023:13:31:13 +0100] "GET /wp-content/uploads/elementor/css/custom-frontend-lite.min.css?ver=1678559891 HTTP/1.0" 200 12856 "https://immofromm.inglory.de/" "Mozilla/5.0 (iPhone; CPU iPhone OS 16_2 like Mac OS X) AppleWebKit/605.1.15 (KHTML, like Gecko) Version/16.2 Mobile/15E148 Safari/604.1"
94.130.90.54 - - [12/Mar/2023:13:31:13 +0100] "GET /wp-content/plugins/elementor-pro/assets/js/elements-handlers.min.js?ver=3.11.3 HTTP/1.1" 304 4854 "https://immofromm.inglory.de/" "Serf/1.3.9 (mod_pagespeed/1.13.35.2-0)"
162.158.111.61 - - [12/Mar/2023:13:31:13 +0100] "GET /wp-content/plugins/mystickyelements-pro/css/mystickyelements-front.min.css?ver=2.0.7 HTTP/1.0" 304 692 "https://immofromm.inglory.de/" "Mozilla/5.0 (iPhone; CPU iPhone OS 16_2 like Mac OS X) AppleWebKit/605.1.15 (KHTML, like Gecko) Version/16.2 Mobile/15E148 Safari/604.1"
162.158.110.90 - - [12/Mar/2023:13:31:13 +0100] "GET /wp-content/uploads/elementor/css/post-394.css?ver=1678559892 HTTP/1.0" 200 3537 "https://immofromm.inglory.de/" "Mozilla/5.0 (iPhone; CPU iPhone OS 16_2 like Mac OS X) AppleWebKit/605.1.15 (KHTML, like Gecko) Version/16.2 Mobile/15E148 Safari/604.1"
94.130.90.54 - - [12/Mar/2023:13:31:13 +0100] "GET /wp-content/plugins/elementor-pro/assets/lib/sticky/jquery.sticky.min.js?ver=3.11.3 HTTP/1.1" 304 4853 "https://immofromm.inglory.de/" "Serf/1.3.9 (mod_pagespeed/1.13.35.2-0)"
162.158.110.50 - - [12/Mar/2023:13:31:13 +0100] "GET /wp-content/plugins/elementor/assets/lib/eicons/css/elementor-icons.min.css?ver=5.18.0 HTTP/1.0" 304 691 "https://immofromm.inglory.de/" "Mozilla/5.0 (iPhone; CPU iPhone OS 16_2 like Mac OS X) AppleWebKit/605.1.15 (KHTML, like Gecko) Version/16.2 Mobile/15E148 Safari/604.1"
162.158.111.33 - - [12/Mar/2023:13:31:13 +0100] "GET /wp-content/uploads/elementor/css/custom-pro-frontend-lite.min.css?ver=1678559891 HTTP/1.0" 200 2366 "https://immofromm.inglory.de/" "Mozilla/5.0 (iPhone; CPU iPhone OS 16_2 like Mac OS X) AppleWebKit/605.1.15 (KHTML, like Gecko) Version/16.2 Mobile/15E148 Safari/604.1"
162.158.110.25 - - [12/Mar/2023:13:31:13 +0100] "GET /wp-content/plugins/elementor/assets/lib/swiper/v8/css/swiper.min.css?ver=8.4.5 HTTP/1.0" 200 5545 "https://immofromm.inglory.de/" "Mozilla/5.0 (iPhone; CPU iPhone OS 16_2 like Mac OS X) AppleWebKit/605.1.15 (KHTML, like Gecko) Version/16.2 Mobile/15E148 Safari/604.1"
94.130.90.54 - - [12/Mar/2023:13:31:13 +0100] "GET /wp-content/uploads/elementor/css/post-54.css?ver=1678560479 HTTP/1.1" 304 4855 "https://immofromm.inglory.de/" "Serf/1.3.9 (mod_pagespeed/1.13.35.2-0)"
162.158.110.135 - - [12/Mar/2023:13:31:13 +0100] "GET /wp-content/uploads/elementor/css/post-399.css?ver=1678559892 HTTP/1.0" 200 3003 "https://immofromm.inglory.de/" "Mozilla/5.0 (iPhone; CPU iPhone OS 16_2 like Mac OS X) AppleWebKit/605.1.15 (KHTML, like Gecko) Version/16.2 Mobile/15E148 Safari/604.1"
162.158.110.75 - - [12/Mar/2023:13:31:13 +0100] "GET /wp-content/plugins/mystickyelements-pro/intl-tel-input-src/build/css/intlTelInput.css?ver=2.0.7 HTTP/1.0" 304 691 "https://immofromm.inglory.de/" "Mozilla/5.0 (iPhone; CPU iPhone OS 16_2 like Mac OS X) AppleWebKit/605.1.15 (KHTML, like Gecko) Version/16.2 Mobile/15E148 Safari/604.1"
94.130.90.54 - - [12/Mar/2023:13:31:13 +0100] "GET /wp-content/plugins/mystickyelements-pro/css/mystickyelements-front.min.css?ver=2.0.7 HTTP/1.1" 304 4855 "https://immofromm.inglory.de/" "Serf/1.3.9 (mod_pagespeed/1.13.35.2-0)"
162.158.111.34 - - [12/Mar/2023:13:31:13 +0100] "GET /wp-content/plugins/mystickyelements-pro/css/font-awesome.min.css?ver=2.0.7 HTTP/1.0" 200 12760 "https://immofromm.inglory.de/" "Mozilla/5.0 (iPhone; CPU iPhone OS 16_2 like Mac OS X) AppleWebKit/605.1.15 (KHTML, like Gecko) Version/16.2 Mobile/15E148 Safari/604.1"
162.158.110.86 - - [12/Mar/2023:13:31:13 +0100] "GET /wp-content/uploads/elementor/css/post-54.css?ver=1678559892 HTTP/1.0" 200 8683 "https://immofromm.inglory.de/" "Mozilla/5.0 (iPhone; CPU iPhone OS 16_2 like Mac OS X) AppleWebKit/605.1.15 (KHTML, like Gecko) Version/16.2 Mobile/15E148 Safari/604.1"
94.130.90.54 - - [12/Mar/2023:13:31:13 +0100] "GET /wp-content/plugins/mystickyelements-pro/intl-tel-input-src/build/css/intlTelInput.css?ver=2.0.7 HTTP/1.1" 304 4854 "https://immofromm.inglory.de/" "Serf/1.3.9 (mod_pagespeed/1.13.35.2-0)"
162.158.111.85 - - [12/Mar/2023:13:31:13 +0100] "GET /wp-content/plugins/elementor/assets/lib/font-awesome/webfonts/fa-regular-400.woff2 HTTP/1.0" 200 14096 "https://immofromm.inglory.de/" "Mozilla/5.0 (iPhone; CPU iPhone OS 16_2 like Mac OS X) AppleWebKit/605.1.15 (KHTML, like Gecko) Version/16.2 Mobile/15E148 Safari/604.1"
162.158.110.244 - - [12/Mar/2023:13:31:13 +0100] "GET /wp-content/plugins/elementor/assets/lib/font-awesome/css/solid.min.css?ver=5.15.3 HTTP/1.0" 200 1267 "https://immofromm.inglory.de/" "Mozilla/5.0 (iPhone; CPU iPhone OS 16_2 like Mac OS X) AppleWebKit/605.1.15 (KHTML, like Gecko) Version/16.2 Mobile/15E148 Safari/604.1"
94.130.90.54 - - [12/Mar/2023:13:31:13 +0100] "GET /wp-content/plugins/Funnelforms-free/res/frontend/styles/intlTelInput.css?ver=3.2.3 HTTP/1.1" 304 4854 "https://immofromm.inglory.de/" "Serf/1.3.9 (mod_pagespeed/1.13.35.2-0)"
162.158.111.102 - - [12/Mar/2023:13:31:13 +0100] "GET /wp-content/plugins/elementor/assets/lib/font-awesome/css/fontawesome.min.css?ver=5.15.3 HTTP/1.0" 200 13406 "https://immofromm.inglory.de/" "Mozilla/5.0 (iPhone; CPU iPhone OS 16_2 like Mac OS X) AppleWebKit/605.1.15 (KHTML, like Gecko) Version/16.2 Mobile/15E148 Safari/604.1"
94.130.90.54 - - [12/Mar/2023:13:31:13 +0100] "GET /wp-content/uploads/2023/03/Logo-24.svg HTTP/1.1" 200 7834 "https://immofromm.inglory.de/" "Serf/1.3.9 (mod_pagespeed/1.13.35.2-0)"
162.158.111.46 - - [12/Mar/2023:13:31:13 +0100] "GET /wp-content/uploads/elementor/css/custom-widget-icon-box.min.css?ver=1678559893 HTTP/1.0" 200 1647 "https://immofromm.inglory.de/" "Mozilla/5.0 (iPhone; CPU iPhone OS 16_2 like Mac OS X) AppleWebKit/605.1.15 (KHTML, like Gecko) Version/16.2 Mobile/15E148 Safari/604.1"
162.158.111.84 - - [12/Mar/2023:13:31:13 +0100] "GET /wp-content/plugins/elementor/assets/lib/font-awesome/css/v4-shims.min.css?ver=5.6.0 HTTP/1.0" 200 5140 "https://immofromm.inglory.de/" "Mozilla/5.0 (iPhone; CPU iPhone OS 16_2 like Mac OS X) AppleWebKit/605.1.15 (KHTML, like Gecko) Version/16.2 Mobile/15E148 Safari/604.1"
162.158.111.38 - - [12/Mar/2023:13:31:13 +0100] "GET /wp-content/plugins/loftloader-pro/assets/js/loftloader.js?ver=2022112801 HTTP/1.0" 304 2140 "https://immofromm.inglory.de/" "Mozilla/5.0 (iPhone; CPU iPhone OS 16_2 like Mac OS X) AppleWebKit/605.1.15 (KHTML, like Gecko) Version/16.2 Mobile/15E148 Safari/604.1"
94.130.90.54 - - [12/Mar/2023:13:31:13 +0100] "GET /wp-content/uploads/2023/03/Logo-24.svg HTTP/1.1" 200 7834 "https://immofromm.inglory.de/" "Serf/1.3.9 (mod_pagespeed/1.13.35.2-0)"
162.158.110.110 - - [12/Mar/2023:13:31:13 +0100] "GET /wp-content/plugins/elementor/assets/lib/font-awesome/css/all.min.css?ver=5.6.0 HTTP/1.0" 200 13693 "https://immofromm.inglory.de/" "Mozilla/5.0 (iPhone; CPU iPhone OS 16_2 like Mac OS X) AppleWebKit/605.1.15 (KHTML, like Gecko) Version/16.2 Mobile/15E148 Safari/604.1"
162.158.110.89 - - [12/Mar/2023:13:31:13 +0100] "GET /wp-includes/js/dist/vendor/regenerator-runtime.min.js?ver=0.13.9 HTTP/1.0" 200 3453 "https://immofromm.inglory.de/" "Mozilla/5.0 (iPhone; CPU iPhone OS 16_2 like Mac OS X) AppleWebKit/605.1.15 (KHTML, like Gecko) Version/16.2 Mobile/15E148 Safari/604.1"
94.130.90.54 - - [12/Mar/2023:13:31:13 +0100] "GET /wp-content/uploads/2023/03/menu-3.svg HTTP/1.1" 200 5400 "https://immofromm.inglory.de/" "Serf/1.3.9 (mod_pagespeed/1.13.35.2-0)"
162.158.110.40 - - [12/Mar/2023:13:31:13 +0100] "GET /wp-content/uploads/2023/03/menu-3.svg HTTP/1.0" 304 690 "https://immofromm.inglory.de/" "Mozilla/5.0 (iPhone; CPU iPhone OS 16_2 like Mac OS X) AppleWebKit/605.1.15 (KHTML, like Gecko) Version/16.2 Mobile/15E148 Safari/604.1"
162.158.111.101 - - [12/Mar/2023:13:31:13 +0100] "GET /wp-content/plugins/elementor/assets/js/toggle.31881477c45ff5cf9d4d.bundle.min.js HTTP/1.0" 200 2260 "https://immofromm.inglory.de/" "Mozilla/5.0 (iPhone; CPU iPhone OS 16_2 like Mac OS X) AppleWebKit/605.1.15 (KHTML, like Gecko) Version/16.2 Mobile/15E148 Safari/604.1"
94.130.90.54 - - [12/Mar/2023:13:31:13 +0100] "GET /wp-content/uploads/2023/03/Group-4508-1.svg HTTP/1.1" 200 20885 "https://immofromm.inglory.de/" "Serf/1.3.9 (mod_pagespeed/1.13.35.2-0)"
162.158.110.224 - - [12/Mar/2023:13:31:13 +0100] "GET /wp-content/uploads/elementor/css/post-1172.css?ver=1678559893 HTTP/1.0" 200 1798 "https://immofromm.inglory.de/" "Mozilla/5.0 (iPhone; CPU iPhone OS 16_2 like Mac OS X) AppleWebKit/605.1.15 (KHTML, like Gecko) Version/16.2 Mobile/15E148 Safari/604.1"
94.130.90.54 - - [12/Mar/2023:13:31:13 +0100] "GET /wp-content/uploads/2023/03/Group-4516.svg HTTP/1.1" 200 22426 "https://immofromm.inglory.de/" "Serf/1.3.9 (mod_pagespeed/1.13.35.2-0)"
162.158.110.243 - - [12/Mar/2023:13:31:13 +0100] "GET /wp-content/uploads/2023/03/Group-2-1.svg HTTP/1.0" 304 691 "https://immofromm.inglory.de/" "Mozilla/5.0 (iPhone; CPU iPhone OS 16_2 like Mac OS X) AppleWebKit/605.1.15 (KHTML, like Gecko) Version/16.2 Mobile/15E148 Safari/604.1"
94.130.90.54 - - [12/Mar/2023:13:31:13 +0100] "GET /wp-content/uploads/2023/03/provision.svg HTTP/1.1" 200 17835 "https://immofromm.inglory.de/" "Serf/1.3.9 (mod_pagespeed/1.13.35.2-0)"
162.158.110.208 - - [12/Mar/2023:13:31:13 +0100] "GET /wp-content/plugins/elementor-pro/assets/js/form.72b77b99d67b130634d2.bundle.min.js HTTP/1.0" 200 5905 "https://immofromm.inglory.de/" "Mozilla/5.0 (iPhone; CPU iPhone OS 16_2 like Mac OS X) AppleWebKit/605.1.15 (KHTML, like Gecko) Version/16.2 Mobile/15E148 Safari/604.1"
162.158.111.83 - - [12/Mar/2023:13:31:13 +0100] "GET /wp-content/uploads/2023/03/increase.svg HTTP/1.0" 304 691 "https://immofromm.inglory.de/" "Mozilla/5.0 (iPhone; CPU iPhone OS 16_2 like Mac OS X) AppleWebKit/605.1.15 (KHTML, like Gecko) Version/16.2 Mobile/15E148 Safari/604.1"
162.158.110.50 - - [12/Mar/2023:13:31:13 +0100] "GET /wp-includes/js/dist/i18n.min.js?ver=9e794f35a71bb98672ae HTTP/1.0" 304 691 "https://immofromm.inglory.de/" "Mozilla/5.0 (iPhone; CPU iPhone OS 16_2 like Mac OS X) AppleWebKit/605.1.15 (KHTML, like Gecko) Version/16.2 Mobile/15E148 Safari/604.1"
94.130.90.54 - - [12/Mar/2023:13:31:13 +0100] "GET /wp-content/uploads/2023/03/eye.svg HTTP/1.1" 200 17850 "https://immofromm.inglory.de/" "Serf/1.3.9 (mod_pagespeed/1.13.35.2-0)"
162.158.110.245 - - [12/Mar/2023:13:31:13 +0100] "GET /wp-content/uploads/elementor/css/post-1588.css?ver=1678559893 HTTP/1.0" 200 1873 "https://immofromm.inglory.de/" "Mozilla/5.0 (iPhone; CPU iPhone OS 16_2 like Mac OS X) AppleWebKit/605.1.15 (KHTML, like Gecko) Version/16.2 Mobile/15E148 Safari/604.1"
162.158.111.110 - - [12/Mar/2023:13:31:13 +0100] "GET /wp-content/uploads/2023/03/pig.svg HTTP/1.0" 304 691 "https://immofromm.inglory.de/" "Mozilla/5.0 (iPhone; CPU iPhone OS 16_2 like Mac OS X) AppleWebKit/605.1.15 (KHTML, like Gecko) Version/16.2 Mobile/15E148 Safari/604.1"
94.130.90.54 - - [12/Mar/2023:13:31:13 +0100] "GET /wp-content/uploads/2023/03/range.svg HTTP/1.1" 200 17850 "https://immofromm.inglory.de/" "Serf/1.3.9 (mod_pagespeed/1.13.35.2-0)"
162.158.111.55 - - [12/Mar/2023:13:31:13 +0100] "GET /wp-content/plugins/elementor-pro/assets/js/webpack-pro.runtime.min.js?ver=3.11.3 HTTP/1.0" 200 3372 "https://immofromm.inglory.de/" "Mozilla/5.0 (iPhone; CPU iPhone OS 16_2 like Mac OS X) AppleWebKit/605.1.15 (KHTML, like Gecko) Version/16.2 Mobile/15E148 Safari/604.1"
162.158.110.125 - - [12/Mar/2023:13:31:13 +0100] "GET /wp-content/plugins/Funnelforms-free/res/frontend/styles/frontend.css?ver=3.2.3 HTTP/1.0" 304 691 "https://immofromm.inglory.de/" "Mozilla/5.0 (iPhone; CPU iPhone OS 16_2 like Mac OS X) AppleWebKit/605.1.15 (KHTML, like Gecko) Version/16.2 Mobile/15E148 Safari/604.1"
94.130.90.54 - - [12/Mar/2023:13:31:13 +0100] "GET /wp-content/uploads/2023/03/gurantee.svg HTTP/1.1" 200 17862 "https://immofromm.inglory.de/" "Serf/1.3.9 (mod_pagespeed/1.13.35.2-0)"
162.158.110.166 - - [12/Mar/2023:13:31:13 +0100] "GET /wp-content/uploads/2023/03/provision.svg HTTP/1.0" 304 663 "https://immofromm.inglory.de/" "Mozilla/5.0 (iPhone; CPU iPhone OS 16_2 like Mac OS X) AppleWebKit/605.1.15 (KHTML, like Gecko) Version/16.2 Mobile/15E148 Safari/604.1"
162.158.110.199 - - [12/Mar/2023:13:31:13 +0100] "GET /wp-content/uploads/2023/03/Group-4516.svg HTTP/1.0" 304 663 "https://immofromm.inglory.de/" "Mozilla/5.0 (iPhone; CPU iPhone OS 16_2 like Mac OS X) AppleWebKit/605.1.15 (KHTML, like Gecko) Version/16.2 Mobile/15E148 Safari/604.1"
94.130.90.54 - - [12/Mar/2023:13:31:13 +0100] "GET /wp-content/uploads/2023/03/pig.svg HTTP/1.1" 200 17850 "https://immofromm.inglory.de/" "Serf/1.3.9 (mod_pagespeed/1.13.35.2-0)"
162.158.110.232 - - [12/Mar/2023:13:31:13 +0100] "GET /wp-content/plugins/elementor/assets/lib/waypoints/waypoints.min.js?ver=4.0.2 HTTP/1.0" 200 3992 "https://immofromm.inglory.de/" "Mozilla/5.0 (iPhone; CPU iPhone OS 16_2 like Mac OS X) AppleWebKit/605.1.15 (KHTML, like Gecko) Version/16.2 Mobile/15E148 Safari/604.1"
162.158.111.95 - - [12/Mar/2023:13:31:13 +0100] "GET /wp-content/uploads/2023/03/Frame-1261156840.svg HTTP/1.0" 304 691 "https://immofromm.inglory.de/" "Mozilla/5.0 (iPhone; CPU iPhone OS 16_2 like Mac OS X) AppleWebKit/605.1.15 (KHTML, like Gecko) Version/16.2 Mobile/15E148 Safari/604.1"
162.158.110.96 - - [12/Mar/2023:13:31:13 +0100] "GET /wp-content/plugins/elementor/assets/lib/swiper/v8/swiper.min.js?ver=8.4.5 HTTP/1.0" 200 40690 "https://immofromm.inglory.de/" "Mozilla/5.0 (iPhone; CPU iPhone OS 16_2 like Mac OS X) AppleWebKit/605.1.15 (KHTML, like Gecko) Version/16.2 Mobile/15E148 Safari/604.1"
94.130.90.54 - - [12/Mar/2023:13:31:13 +0100] "GET /wp-content/uploads/2023/03/increase.svg HTTP/1.1" 200 17862 "https://immofromm.inglory.de/" "Serf/1.3.9 (mod_pagespeed/1.13.35.2-0)"
162.158.110.235 - - [12/Mar/2023:13:31:13 +0100] "GET /wp-content/themes/hello-elementor/assets/js/hello-frontend.min.js?ver=1.0.0 HTTP/1.0" 304 690 "https://immofromm.inglory.de/" "Mozilla/5.0 (iPhone; CPU iPhone OS 16_2 like Mac OS X) AppleWebKit/605.1.15 (KHTML, like Gecko) Version/16.2 Mobile/15E148 Safari/604.1"
162.158.110.234 - - [12/Mar/2023:13:31:13 +0100] "GET /wp-content/plugins/borlabs-cookie/assets/javascript/borlabs-cookie.min.js?ver=2.2.62 HTTP/1.0" 200 7516 "https://immofromm.inglory.de/" "Mozilla/5.0 (iPhone; CPU iPhone OS 16_2 like Mac OS X) AppleWebKit/605.1.15 (KHTML, like Gecko) Version/16.2 Mobile/15E148 Safari/604.1"
94.130.90.54 - - [12/Mar/2023:13:31:13 +0100] "GET /wp-content/uploads/2023/03/Frame-1261156840.svg HTTP/1.1" 200 11877 "https://immofromm.inglory.de/" "Serf/1.3.9 (mod_pagespeed/1.13.35.2-0)"
162.158.110.33 - - [12/Mar/2023:13:31:13 +0100] "GET /wp-content/plugins/elementor/assets/lib/font-awesome/webfonts/fa-solid-900.woff2 HTTP/1.0" 200 79105 "https://immofromm.inglory.de/" "Mozilla/5.0 (iPhone; CPU iPhone OS 16_2 like Mac OS X) AppleWebKit/605.1.15 (KHTML, like Gecko) Version/16.2 Mobile/15E148 Safari/604.1"
162.158.110.182 - - [12/Mar/2023:13:31:13 +0100] "GET /wp-content/uploads/2023/03/range.svg HTTP/1.0" 304 663 "https://immofromm.inglory.de/" "Mozilla/5.0 (iPhone; CPU iPhone OS 16_2 like Mac OS X) AppleWebKit/605.1.15 (KHTML, like Gecko) Version/16.2 Mobile/15E148 Safari/604.1"
94.130.90.54 - - [12/Mar/2023:13:31:13 +0100] "GET /wp-content/uploads/2023/03/Group-25-1.svg HTTP/1.1" 200 9140 "https://immofromm.inglory.de/" "Serf/1.3.9 (mod_pagespeed/1.13.35.2-0)"
162.158.110.224 - - [12/Mar/2023:13:31:13 +0100] "GET /wp-content/plugins/elementor/assets/lib/animations/animations.min.css?ver=3.11.3 HTTP/1.0" 200 4993 "https://immofromm.inglory.de/" "Mozilla/5.0 (iPhone; CPU iPhone OS 16_2 like Mac OS X) AppleWebKit/605.1.15 (KHTML, like Gecko) Version/16.2 Mobile/15E148 Safari/604.1"
162.158.110.54 - - [12/Mar/2023:13:31:13 +0100] "GET /wp-content/uploads/2023/03/Logo-24-1-1-1.svg HTTP/1.0" 304 690 "https://immofromm.inglory.de/" "Mozilla/5.0 (iPhone; CPU iPhone OS 16_2 like Mac OS X) AppleWebKit/605.1.15 (KHTML, like Gecko) Version/16.2 Mobile/15E148 Safari/604.1"
94.130.90.54 - - [12/Mar/2023:13:31:13 +0100] "GET /wp-content/uploads/2023/03/Group-2-1.svg HTTP/1.1" 200 13352 "https://immofromm.inglory.de/" "Serf/1.3.9 (mod_pagespeed/1.13.35.2-0)"
162.158.111.48 - - [12/Mar/2023:13:31:13 +0100] "GET /wp-content/uploads/2023/03/Frame-1261156839.svg HTTP/1.0" 200 5209 "https://immofromm.inglory.de/" "Mozilla/5.0 (iPhone; CPU iPhone OS 16_2 like Mac OS X) AppleWebKit/605.1.15 (KHTML, like Gecko) Version/16.2 Mobile/15E148 Safari/604.1"
162.158.110.72 - - [12/Mar/2023:13:31:13 +0100] "GET /wp-includes/js/dist/hooks.min.js?ver=4169d3cf8e8d95a3d6d5 HTTP/1.0" 200 2658 "https://immofromm.inglory.de/" "Mozilla/5.0 (iPhone; CPU iPhone OS 16_2 like Mac OS X) AppleWebKit/605.1.15 (KHTML, like Gecko) Version/16.2 Mobile/15E148 Safari/604.1"
94.130.90.54 - - [12/Mar/2023:13:31:13 +0100] "GET /wp-content/uploads/2023/03/Logo-24-1-1-1.svg HTTP/1.1" 200 7834 "https://immofromm.inglory.de/" "Serf/1.3.9 (mod_pagespeed/1.13.35.2-0)"
162.158.111.87 - - [12/Mar/2023:13:31:13 +0100] "GET /wp-content/plugins/elementor-pro/assets/js/nav-menu.c8d112707fd7172d2a9d.bundle.min.js HTTP/1.0" 200 2392 "https://immofromm.inglory.de/" "Mozilla/5.0 (iPhone; CPU iPhone OS 16_2 like Mac OS X) AppleWebKit/605.1.15 (KHTML, like Gecko) Version/16.2 Mobile/15E148 Safari/604.1"
94.130.90.54 - - [12/Mar/2023:13:31:13 +0100] "GET /wp-content/plugins/essential-addons-for-elementor-lite/assets/admin/images/templately/logo-icon.svg HTTP/1.1" 200 5660 "https://immofromm.inglory.de/" "Serf/1.3.9 (mod_pagespeed/1.13.35.2-0)"
162.158.110.221 - - [12/Mar/2023:13:31:13 +0100] "GET /wp-content/plugins/elementor-pro/assets/js/carousel.9b02b45d7826c1c48f33.bundle.min.js HTTP/1.0" 200 2557 "https://immofromm.inglory.de/" "Mozilla/5.0 (iPhone; CPU iPhone OS 16_2 like Mac OS X) AppleWebKit/605.1.15 (KHTML, like Gecko) Version/16.2 Mobile/15E148 Safari/604.1"
162.158.110.154 - - [12/Mar/2023:13:31:13 +0100] "GET /wp-content/uploads/2023/03/Group-4508-1.svg HTTP/1.0" 304 663 "https://immofromm.inglory.de/" "Mozilla/5.0 (iPhone; CPU iPhone OS 16_2 like Mac OS X) AppleWebKit/605.1.15 (KHTML, like Gecko) Version/16.2 Mobile/15E148 Safari/604.1"
94.130.90.54 - - [12/Mar/2023:13:31:13 +0100] "GET /wp-content/plugins/elementor-pro/assets/js/webpack-pro.runtime.min.js?ver=3.11.3 HTTP/1.1" 304 4854 "https://immofromm.inglory.de/" "Serf/1.3.9 (mod_pagespeed/1.13.35.2-0)"
162.158.111.46 - - [12/Mar/2023:13:31:13 +0100] "GET /wp-content/uploads/essential-addons-elementor/eael-54.js?ver=1678557441 HTTP/1.0" 304 690 "https://immofromm.inglory.de/" "Mozilla/5.0 (iPhone; CPU iPhone OS 16_2 like Mac OS X) AppleWebKit/605.1.15 (KHTML, like Gecko) Version/16.2 Mobile/15E148 Safari/604.1"
162.158.111.34 - - [12/Mar/2023:13:31:13 +0100] "GET /wp-includes/js/dist/vendor/wp-polyfill.min.js?ver=3.15.0 HTTP/1.0" 200 7507 "https://immofromm.inglory.de/" "Mozilla/5.0 (iPhone; CPU iPhone OS 16_2 like Mac OS X) AppleWebKit/605.1.15 (KHTML, like Gecko) Version/16.2 Mobile/15E148 Safari/604.1"
94.130.90.54 - - [12/Mar/2023:13:31:13 +0100] "GET /wp-content/plugins/elementor/assets/js/webpack.runtime.min.js?ver=3.11.3 HTTP/1.1" 304 4854 "https://immofromm.inglory.de/" "Serf/1.3.9 (mod_pagespeed/1.13.35.2-0)"
162.158.110.32 - - [12/Mar/2023:13:31:13 +0100] "GET /wp-content/uploads/2023/03/Ellipse-1-4.png HTTP/1.0" 200 54701 "https://immofromm.inglory.de/" "Mozilla/5.0 (iPhone; CPU iPhone OS 16_2 like Mac OS X) AppleWebKit/605.1.15 (KHTML, like Gecko) Version/16.2 Mobile/15E148 Safari/604.1"
162.158.111.93 - - [12/Mar/2023:13:31:13 +0100] "GET /wp-content/uploads/2023/03/xelipse2.2.png HTTP/1.0" 304 691 "https://immofromm.inglory.de/" "Mozilla/5.0 (iPhone; CPU iPhone OS 16_2 like Mac OS X) AppleWebKit/605.1.15 (KHTML, like Gecko) Version/16.2 Mobile/15E148 Safari/604.1"
94.130.90.54 - - [12/Mar/2023:13:31:13 +0100] "GET /wp-content/uploads/2023/03/Ellipse-1-3.png HTTP/1.1" 304 4855 "https://immofromm.inglory.de/" "Serf/1.3.9 (mod_pagespeed/1.13.35.2-0)"
162.158.110.158 - - [12/Mar/2023:13:31:13 +0100] "GET /wp-content/uploads/2023/03/Ellipse-1-3.png HTTP/1.0" 200 303941 "https://immofromm.inglory.de/" "Mozilla/5.0 (iPhone; CPU iPhone OS 16_2 like Mac OS X) AppleWebKit/605.1.15 (KHTML, like Gecko) Version/16.2 Mobile/15E148 Safari/604.1"
162.158.111.66 - - [12/Mar/2023:13:31:13 +0100] "GET /wp-content/plugins/elementor/assets/js/webpack.runtime.min.js?ver=3.11.3 HTTP/1.0" 200 3194 "https://immofromm.inglory.de/" "Mozilla/5.0 (iPhone; CPU iPhone OS 16_2 like Mac OS X) AppleWebKit/605.1.15 (KHTML, like Gecko) Version/16.2 Mobile/15E148 Safari/604.1"
94.130.90.54 - - [12/Mar/2023:13:31:13 +0100] "GET /wp-content/uploads/2023/03/Ellipse-1-4.png HTTP/1.1" 304 4854 "https://immofromm.inglory.de/" "Serf/1.3.9 (mod_pagespeed/1.13.35.2-0)"
162.158.110.95 - - [12/Mar/2023:13:31:13 +0100] "GET /wp-content/uploads/2023/03/Ellipse-2.png HTTP/1.0" 304 691 "https://immofromm.inglory.de/" "Mozilla/5.0 (iPhone; CPU iPhone OS 16_2 like Mac OS X) AppleWebKit/605.1.15 (KHTML, like Gecko) Version/16.2 Mobile/15E148 Safari/604.1"
94.130.90.54 - - [12/Mar/2023:13:31:13 +0100] "GET /wp-content/uploads/2023/03/Frame-1261156839.svg HTTP/1.1" 200 9379 "https://immofromm.inglory.de/" "Serf/1.3.9 (mod_pagespeed/1.13.35.2-0)"
162.158.110.174 - - [12/Mar/2023:13:31:13 +0100] "GET /wp-content/uploads/2023/03/gurantee.svg HTTP/1.0" 304 663 "https://immofromm.inglory.de/" "Mozilla/5.0 (iPhone; CPU iPhone OS 16_2 like Mac OS X) AppleWebKit/605.1.15 (KHTML, like Gecko) Version/16.2 Mobile/15E148 Safari/604.1"
162.158.111.101 - - [12/Mar/2023:13:31:13 +0100] "GET /wp-content/plugins/Funnelforms-free/res/frontend/styles/intlTelInput.css?ver=3.2.3 HTTP/1.0" 304 691 "https://immofromm.inglory.de/" "Mozilla/5.0 (iPhone; CPU iPhone OS 16_2 like Mac OS X) AppleWebKit/605.1.15 (KHTML, like Gecko) Version/16.2 Mobile/15E148 Safari/604.1"
94.130.90.54 - - [12/Mar/2023:13:31:13 +0100] "GET /wp-content/plugins/mystickyelements-pro/intl-tel-input-src/build/img/flags.png HTTP/1.1" 304 4855 "https://immofromm.inglory.de/" "Serf/1.3.9 (mod_pagespeed/1.13.35.2-0)"
162.158.110.252 - - [12/Mar/2023:13:31:13 +0100] "GET /wp-content/plugins/elementor/assets/lib/eicons/fonts/eicons.woff2?5.18.0 HTTP/1.0" 200 94799 "https://immofromm.inglory.de/" "Mozilla/5.0 (iPhone; CPU iPhone OS 16_2 like Mac OS X) AppleWebKit/605.1.15 (KHTML, like Gecko) Version/16.2 Mobile/15E148 Safari/604.1"
162.158.111.40 - - [12/Mar/2023:13:31:13 +0100] "GET /wp-includes/js/jquery/ui/core.min.js?ver=1.13.2 HTTP/1.0" 304 691 "https://immofromm.inglory.de/" "Mozilla/5.0 (iPhone; CPU iPhone OS 16_2 like Mac OS X) AppleWebKit/605.1.15 (KHTML, like Gecko) Version/16.2 Mobile/15E148 Safari/604.1"
94.130.90.54 - - [12/Mar/2023:13:31:13 +0100] "GET /wp-content/plugins/mystickyelements-pro/intl-tel-input-src/build/img/flags@2x.png HTTP/1.1" 304 4855 "https://immofromm.inglory.de/" "Serf/1.3.9 (mod_pagespeed/1.13.35.2-0)"
162.158.111.92 - - [12/Mar/2023:13:31:13 +0100] "GET /wp-content/uploads/elementor/css/post-184.css?ver=1678559893 HTTP/1.0" 200 1870 "https://immofromm.inglory.de/" "Mozilla/5.0 (iPhone; CPU iPhone OS 16_2 like Mac OS X) AppleWebKit/605.1.15 (KHTML, like Gecko) Version/16.2 Mobile/15E148 Safari/604.1"
94.130.90.54 - - [12/Mar/2023:13:31:13 +0100] "GET /wp-content/plugins/Funnelforms-free/res/images/flags.png HTTP/1.1" 304 4855 "https://immofromm.inglory.de/" "Serf/1.3.9 (mod_pagespeed/1.13.35.2-0)"
162.158.110.190 - - [12/Mar/2023:13:31:13 +0100] "GET /wp-content/plugins/elementor-pro/assets/js/popup.483b906ddaa1af17ff14.bundle.min.js HTTP/1.0" 200 1310 "https://immofromm.inglory.de/" "Mozilla/5.0 (iPhone; CPU iPhone OS 16_2 like Mac OS X) AppleWebKit/605.1.15 (KHTML, like Gecko) Version/16.2 Mobile/15E148 Safari/604.1"
162.158.111.50 - - [12/Mar/2023:13:31:13 +0100] "GET /wp-content/plugins/elementor/assets/js/frontend-modules.min.js?ver=3.11.3 HTTP/1.0" 200 12659 "https://immofromm.inglory.de/" "Mozilla/5.0 (iPhone; CPU iPhone OS 16_2 like Mac OS X) AppleWebKit/605.1.15 (KHTML, like Gecko) Version/16.2 Mobile/15E148 Safari/604.1"
162.158.110.105 - - [12/Mar/2023:13:31:13 +0100] "GET /wp-content/uploads/2023/03/Group-25-1.svg HTTP/1.0" 304 663 "https://immofromm.inglory.de/" "Mozilla/5.0 (iPhone; CPU iPhone OS 16_2 like Mac OS X) AppleWebKit/605.1.15 (KHTML, like Gecko) Version/16.2 Mobile/15E148 Safari/604.1"
94.130.90.54 - - [12/Mar/2023:13:31:13 +0100] "GET /wp-content/plugins/Funnelforms-free/res/images/flags@2x.png HTTP/1.1" 304 4855 "https://immofromm.inglory.de/" "Serf/1.3.9 (mod_pagespeed/1.13.35.2-0)"
162.158.111.50 - - [12/Mar/2023:13:31:13 +0100] "GET /wp-content/uploads/2023/03/eye.svg HTTP/1.0" 304 663 "https://immofromm.inglory.de/" "Mozilla/5.0 (iPhone; CPU iPhone OS 16_2 like Mac OS X) AppleWebKit/605.1.15 (KHTML, like Gecko) Version/16.2 Mobile/15E148 Safari/604.1"
162.158.110.201 - - [12/Mar/2023:13:31:13 +0100] "GET /wp-content/plugins/essential-addons-for-elementor-lite/assets/front-end/js/view/general.min.js?ver=5.6.0 HTTP/1.0" 200 4094 "https://immofromm.inglory.de/" "Mozilla/5.0 (iPhone; CPU iPhone OS 16_2 like Mac OS X) AppleWebKit/605.1.15 (KHTML, like Gecko) Version/16.2 Mobile/15E148 Safari/604.1"
162.158.110.199 - - [12/Mar/2023:13:31:13 +0100] "GET /wp-content/cache/borlabs-cookie/borlabs-cookie_1_en.css?ver=2.2.62-30 HTTP/1.0" 304 691 "https://immofromm.inglory.de/" "Mozilla/5.0 (iPhone; CPU iPhone OS 16_2 like Mac OS X) AppleWebKit/605.1.15 (KHTML, like Gecko) Version/16.2 Mobile/15E148 Safari/604.1"
162.158.111.36 - - [12/Mar/2023:13:31:13 +0100] "GET /wp-content/themes/hello-elementor/style.min.css?ver=2.6.1 HTTP/1.0" 304 691 "https://immofromm.inglory.de/" "Mozilla/5.0 (iPhone; CPU iPhone OS 16_2 like Mac OS X) AppleWebKit/605.1.15 (KHTML, like Gecko) Version/16.2 Mobile/15E148 Safari/604.1"
162.158.110.130 - - [12/Mar/2023:13:31:13 +0100] "GET /wp-content/plugins/essential-addons-for-elementor-lite/assets/front-end/css/view/general.min.css?ver=5.6.0 HTTP/1.0" 200 1800 "https://immofromm.inglory.de/" "Mozilla/5.0 (iPhone; CPU iPhone OS 16_2 like Mac OS X) AppleWebKit/605.1.15 (KHTML, like Gecko) Version/16.2 Mobile/15E148 Safari/604.1"
162.158.111.14 - - [12/Mar/2023:13:31:13 +0100] "GET /wp-content/themes/hello-elementor/theme.min.css?ver=2.6.1 HTTP/1.0" 200 5086 "https://immofromm.inglory.de/" "Mozilla/5.0 (iPhone; CPU iPhone OS 16_2 like Mac OS X) AppleWebKit/605.1.15 (KHTML, like Gecko) Version/16.2 Mobile/15E148 Safari/604.1"
162.158.110.219 - - [12/Mar/2023:13:31:13 +0100] "GET /wp-content/uploads/2023/03/Logo-24.svg HTTP/1.0" 304 662 "https://immofromm.inglory.de/" "Mozilla/5.0 (iPhone; CPU iPhone OS 16_2 like Mac OS X) AppleWebKit/605.1.15 (KHTML, like Gecko) Version/16.2 Mobile/15E148 Safari/604.1"
162.158.110.234 - - [12/Mar/2023:13:31:13 +0100] "GET /wp-content/plugins/loftloader-pro/assets/css/loftloader.min.css?ver=2022112801 HTTP/1.0" 304 692 "https://immofromm.inglory.de/" "Mozilla/5.0 (iPhone; CPU iPhone OS 16_2 like Mac OS X) AppleWebKit/605.1.15 (KHTML, like Gecko) Version/16.2 Mobile/15E148 Safari/604.1"
162.158.111.15 - - [12/Mar/2023:13:31:13 +0100] "GET /wp-content/uploads/essential-addons-elementor/eael-54.css?ver=1678561159 HTTP/1.0" 200 3795 "https://immofromm.inglory.de/" "Mozilla/5.0 (iPhone; CPU iPhone OS 16_2 like Mac OS X) AppleWebKit/605.1.15 (KHTML, like Gecko) Version/16.2 Mobile/15E148 Safari/604.1"
