172.70.250.215 - - [12/Mar/2023:19:04:43 +0100] "GET /wp-content/uploads/elementor/css/A.post-1588.css,qver=1678638237.pagespeed.cf.WA9BpAb_DD.css HTTP/1.0" 200 1818 "https://immofromm.inglory.de/" "Mozilla/5.0 (Macintosh; Intel Mac OS X 10_15_7) AppleWebKit/605.1.15 (KHTML, like Gecko) Version/16.3 Safari/605.1.15"
172.70.250.157 - - [12/Mar/2023:19:04:43 +0100] "GET /wp-content/uploads/elementor/css/A.post-180.css,qver=1678638237.pagespeed.cf.r2ELgcPlIM.css HTTP/1.0" 200 1808 "https://immofromm.inglory.de/" "Mozilla/5.0 (Macintosh; Intel Mac OS X 10_15_7) AppleWebKit/605.1.15 (KHTML, like Gecko) Version/16.3 Safari/605.1.15"
172.70.250.131 - - [12/Mar/2023:19:04:43 +0100] "GET /wp-content/plugins/elementor/assets/lib/font-awesome/css/A.v4-shims.min.css,qver=5.6.0.pagespeed.cf.0XlImbwfpC.css HTTP/1.0" 200 4957 "https://immofromm.inglory.de/" "Mozilla/5.0 (Macintosh; Intel Mac OS X 10_15_7) AppleWebKit/605.1.15 (KHTML, like Gecko) Version/16.3 Safari/605.1.15"
172.70.250.131 - - [12/Mar/2023:19:04:43 +0100] "GET /wp-content,_plugins,_elementor,_assets,_js,_frontend-modules.min.js,qver==3.11.3+wp-includes,_js,_dist,_vendor,_regenerator-runtime.min.js,qver==0.13.9+wp-includes,_js,_dist,_vendor,_wp-polyfill.min.js,qver==3.15.0+wp-includes,_js,_dist,_hooks.min.js,qver==4169d3cf8e8d95a3d6d5+wp-includes,_js,_dist,_i18n.min.js,qver==9e794f35a71bb98672ae.pagespeed.jc.miuO85xjTr.js HTTP/1.0" 200 25238 "https://immofromm.inglory.de/" "Mozilla/5.0 (Macintosh; Intel Mac OS X 10_15_7) AppleWebKit/605.1.15 (KHTML, like Gecko) Version/16.3 Safari/605.1.15"
172.70.250.53 - - [12/Mar/2023:19:04:43 +0100] "GET /wp-content/uploads/elementor/css/A.post-1863.css,qver=1678638237.pagespeed.cf.0crfKIBuLN.css HTTP/1.0" 200 1946 "https://immofromm.inglory.de/" "Mozilla/5.0 (Macintosh; Intel Mac OS X 10_15_7) AppleWebKit/605.1.15 (KHTML, like Gecko) Version/16.3 Safari/605.1.15"
94.130.90.54 - - [12/Mar/2023:19:04:43 +0100] "GET /wp-content/plugins/elementor-pro/assets/js/elements-handlers.min.js?ver=3.11.3 HTTP/1.1" 200 34655 "https://immofromm.inglory.de/" "Serf/1.3.9 (mod_pagespeed/1.13.35.2-0)"
172.70.250.31 - - [12/Mar/2023:19:04:43 +0100] "GET /wp-content/plugins/elementor-pro/assets/js/elements-handlers.min.js,qver=3.11.3.pagespeed.ce.BRMXA4bt0K.js HTTP/1.0" 200 7845 "https://immofromm.inglory.de/" "Mozilla/5.0 (Macintosh; Intel Mac OS X 10_15_7) AppleWebKit/605.1.15 (KHTML, like Gecko) Version/16.3 Safari/605.1.15"
94.130.90.54 - - [12/Mar/2023:19:04:43 +0100] "GET /wp-content/plugins/elementor/assets/js/frontend.min.js?ver=3.11.3 HTTP/1.1" 200 46989 "https://immofromm.inglory.de/" "Serf/1.3.9 (mod_pagespeed/1.13.35.2-0)"
172.70.251.33 - - [12/Mar/2023:19:04:43 +0100] "GET /wp-content/plugins/elementor/assets/js/frontend.min.js,qver=3.11.3.pagespeed.ce.IhvSmxdj85.js HTTP/1.0" 200 13396 "https://immofromm.inglory.de/" "Mozilla/5.0 (Macintosh; Intel Mac OS X 10_15_7) AppleWebKit/605.1.15 (KHTML, like Gecko) Version/16.3 Safari/605.1.15"
172.70.251.90 - - [12/Mar/2023:19:04:43 +0100] "GET /wp-content/plugins/elementor/assets/lib/font-awesome/webfonts/fa-solid-900.woff2 HTTP/1.0" 304 664 "https://immofromm.inglory.de/" "Mozilla/5.0 (Macintosh; Intel Mac OS X 10_15_7) AppleWebKit/605.1.15 (KHTML, like Gecko) Version/16.3 Safari/605.1.15"
172.70.250.86 - - [12/Mar/2023:19:04:43 +0100] "GET /wp-content/plugins/elementor/assets/lib/eicons/fonts/eicons.woff2?5.18.0 HTTP/1.0" 304 664 "https://immofromm.inglory.de/" "Mozilla/5.0 (Macintosh; Intel Mac OS X 10_15_7) AppleWebKit/605.1.15 (KHTML, like Gecko) Version/16.3 Safari/605.1.15"
172.70.251.58 - - [12/Mar/2023:19:04:43 +0100] "GET /wp-content/uploads/2023/03/Logo-24.svg HTTP/1.0" 304 662 "https://immofromm.inglory.de/" "Mozilla/5.0 (Macintosh; Intel Mac OS X 10_15_7) AppleWebKit/605.1.15 (KHTML, like Gecko) Version/16.3 Safari/605.1.15"
172.70.250.123 - - [12/Mar/2023:19:04:43 +0100] "GET /wp-content/uploads/2023/03/Group-4508-1.svg HTTP/1.0" 304 663 "https://immofromm.inglory.de/" "Mozilla/5.0 (Macintosh; Intel Mac OS X 10_15_7) AppleWebKit/605.1.15 (KHTML, like Gecko) Version/16.3 Safari/605.1.15"
172.70.250.81 - - [12/Mar/2023:19:04:43 +0100] "GET /wp-content/uploads/2023/03/provision.svg HTTP/1.0" 304 663 "https://immofromm.inglory.de/" "Mozilla/5.0 (Macintosh; Intel Mac OS X 10_15_7) AppleWebKit/605.1.15 (KHTML, like Gecko) Version/16.3 Safari/605.1.15"
172.70.251.196 - - [12/Mar/2023:19:04:43 +0100] "GET /wp-content/uploads/2023/03/Group-2-1.svg HTTP/1.0" 304 663 "https://immofromm.inglory.de/" "Mozilla/5.0 (Macintosh; Intel Mac OS X 10_15_7) AppleWebKit/605.1.15 (KHTML, like Gecko) Version/16.3 Safari/605.1.15"
172.70.250.26 - - [12/Mar/2023:19:04:43 +0100] "GET /wp-content/uploads/2023/03/Group-25-1.svg HTTP/1.0" 304 663 "https://immofromm.inglory.de/" "Mozilla/5.0 (Macintosh; Intel Mac OS X 10_15_7) AppleWebKit/605.1.15 (KHTML, like Gecko) Version/16.3 Safari/605.1.15"
172.70.251.116 - - [12/Mar/2023:19:04:43 +0100] "GET /wp-content/uploads/2023/03/eye.svg HTTP/1.0" 304 663 "https://immofromm.inglory.de/" "Mozilla/5.0 (Macintosh; Intel Mac OS X 10_15_7) AppleWebKit/605.1.15 (KHTML, like Gecko) Version/16.3 Safari/605.1.15"
172.70.250.37 - - [12/Mar/2023:19:04:43 +0100] "GET /wp-content/uploads/2023/03/range.svg HTTP/1.0" 304 663 "https://immofromm.inglory.de/" "Mozilla/5.0 (Macintosh; Intel Mac OS X 10_15_7) AppleWebKit/605.1.15 (KHTML, like Gecko) Version/16.3 Safari/605.1.15"
172.70.250.44 - - [12/Mar/2023:19:04:43 +0100] "GET /wp-content/uploads/2023/03/pig.svg HTTP/1.0" 304 663 "https://immofromm.inglory.de/" "Mozilla/5.0 (Macintosh; Intel Mac OS X 10_15_7) AppleWebKit/605.1.15 (KHTML, like Gecko) Version/16.3 Safari/605.1.15"
172.70.250.68 - - [12/Mar/2023:19:04:43 +0100] "GET /wp-content/uploads/2023/03/gurantee.svg HTTP/1.0" 304 663 "https://immofromm.inglory.de/" "Mozilla/5.0 (Macintosh; Intel Mac OS X 10_15_7) AppleWebKit/605.1.15 (KHTML, like Gecko) Version/16.3 Safari/605.1.15"
172.70.250.200 - - [12/Mar/2023:19:04:43 +0100] "GET /wp-content/uploads/2023/03/Frame-1261156840.svg HTTP/1.0" 304 663 "https://immofromm.inglory.de/" "Mozilla/5.0 (Macintosh; Intel Mac OS X 10_15_7) AppleWebKit/605.1.15 (KHTML, like Gecko) Version/16.3 Safari/605.1.15"
172.70.250.111 - - [12/Mar/2023:19:04:43 +0100] "GET /wp-content/uploads/2023/03/increase.svg HTTP/1.0" 304 663 "https://immofromm.inglory.de/" "Mozilla/5.0 (Macintosh; Intel Mac OS X 10_15_7) AppleWebKit/605.1.15 (KHTML, like Gecko) Version/16.3 Safari/605.1.15"
172.70.250.29 - - [12/Mar/2023:19:04:43 +0100] "GET /wp-content/uploads/2023/03/ximage-2.jpg.pagespeed.ic.9z_fr7CtQu.jpg HTTP/1.0" 200 17220 "https://immofromm.inglory.de/" "Mozilla/5.0 (Macintosh; Intel Mac OS X 10_15_7) AppleWebKit/605.1.15 (KHTML, like Gecko) Version/16.3 Safari/605.1.15"
172.70.250.15 - - [12/Mar/2023:19:04:43 +0100] "GET /wp-content/uploads/2023/03/ximage-3.jpg.pagespeed.ic.MxDePFxAqS.jpg HTTP/1.0" 200 23570 "https://immofromm.inglory.de/" "Mozilla/5.0 (Macintosh; Intel Mac OS X 10_15_7) AppleWebKit/605.1.15 (KHTML, like Gecko) Version/16.3 Safari/605.1.15"
172.70.250.38 - - [12/Mar/2023:19:04:44 +0100] "GET /wp-content/plugins/mystickyelements-pro/fonts/fa-solid-900.woff HTTP/1.0" 304 664 "https://immofromm.inglory.de/" "Mozilla/5.0 (Macintosh; Intel Mac OS X 10_15_7) AppleWebKit/605.1.15 (KHTML, like Gecko) Version/16.3 Safari/605.1.15"
172.70.250.250 - - [12/Mar/2023:19:04:45 +0100] "GET /wp-content/plugins/elementor/assets/lib/dialog/dialog.min.js?ver=4.9.0 HTTP/1.0" 304 663 "https://immofromm.inglory.de/" "Mozilla/5.0 (Macintosh; Intel Mac OS X 10_15_7) AppleWebKit/605.1.15 (KHTML, like Gecko) Version/16.3 Safari/605.1.15"
172.70.250.250 - - [12/Mar/2023:19:04:45 +0100] "GET /wp-content/plugins/elementor-pro/assets/js/nav-menu.c8d112707fd7172d2a9d.bundle.min.js HTTP/1.0" 200 2392 "https://immofromm.inglory.de/" "Mozilla/5.0 (Macintosh; Intel Mac OS X 10_15_7) AppleWebKit/605.1.15 (KHTML, like Gecko) Version/16.3 Safari/605.1.15"
172.70.250.51 - - [12/Mar/2023:19:04:45 +0100] "GET /wp-content/plugins/elementor/assets/js/text-editor.2c35aafbe5bf0e127950.bundle.min.js HTTP/1.0" 200 1524 "https://immofromm.inglory.de/" "Mozilla/5.0 (Macintosh; Intel Mac OS X 10_15_7) AppleWebKit/605.1.15 (KHTML, like Gecko) Version/16.3 Safari/605.1.15"
172.70.250.235 - - [12/Mar/2023:19:04:45 +0100] "GET /wp-content/plugins/elementor/assets/js/toggle.31881477c45ff5cf9d4d.bundle.min.js HTTP/1.0" 200 2260 "https://immofromm.inglory.de/" "Mozilla/5.0 (Macintosh; Intel Mac OS X 10_15_7) AppleWebKit/605.1.15 (KHTML, like Gecko) Version/16.3 Safari/605.1.15"
172.70.251.81 - - [12/Mar/2023:19:04:45 +0100] "GET /wp-content/plugins/elementor-pro/assets/js/carousel.9b02b45d7826c1c48f33.bundle.min.js HTTP/1.0" 200 2557 "https://immofromm.inglory.de/" "Mozilla/5.0 (Macintosh; Intel Mac OS X 10_15_7) AppleWebKit/605.1.15 (KHTML, like Gecko) Version/16.3 Safari/605.1.15"
172.70.251.87 - - [12/Mar/2023:19:04:45 +0100] "GET /wp-content/plugins/elementor-pro/assets/js/popup.483b906ddaa1af17ff14.bundle.min.js HTTP/1.0" 200 1310 "https://immofromm.inglory.de/" "Mozilla/5.0 (Macintosh; Intel Mac OS X 10_15_7) AppleWebKit/605.1.15 (KHTML, like Gecko) Version/16.3 Safari/605.1.15"
172.70.251.166 - - [12/Mar/2023:19:04:45 +0100] "GET /wp-content/plugins/elementor-pro/assets/js/form.72b77b99d67b130634d2.bundle.min.js HTTP/1.0" 200 5905 "https://immofromm.inglory.de/" "Mozilla/5.0 (Macintosh; Intel Mac OS X 10_15_7) AppleWebKit/605.1.15 (KHTML, like Gecko) Version/16.3 Safari/605.1.15"
172.70.251.90 - - [12/Mar/2023:19:04:45 +0100] "GET /wp-admin/admin-ajax.php?_ajax_nonce=f9946b7eb2&action=af2_request_data&ids%5B%5D=1676 HTTP/1.0" 200 3348 "https://immofromm.inglory.de/" "Mozilla/5.0 (Macintosh; Intel Mac OS X 10_15_7) AppleWebKit/605.1.15 (KHTML, like Gecko) Version/16.3 Safari/605.1.15"
172.70.251.118 - - [12/Mar/2023:19:04:46 +0100] "GET /wp-content/plugins/elementor/assets/lib/font-awesome/webfonts/fa-regular-400.woff2 HTTP/1.0" 304 663 "https://immofromm.inglory.de/" "Mozilla/5.0 (Macintosh; Intel Mac OS X 10_15_7) AppleWebKit/605.1.15 (KHTML, like Gecko) Version/16.3 Safari/605.1.15"
172.70.251.90 - - [12/Mar/2023:19:04:46 +0100] "GET /wp-admin/admin-ajax.php?_ajax_nonce=f9946b7eb2&action=af2_request_data&ids%5B%5D=1595&ids%5B%5D=1596&ids%5B%5D=1597&ids%5B%5D=1605&ids%5B%5D=1674&ids%5B%5D=1613&ids%5B%5D=1626&ids%5B%5D=1628&ids%5B%5D=1606&ids%5B%5D=1652&ids%5B%5D=1660 HTTP/1.0" 200 1734 "https://immofromm.inglory.de/" "Mozilla/5.0 (Macintosh; Intel Mac OS X 10_15_7) AppleWebKit/605.1.15 (KHTML, like Gecko) Version/16.3 Safari/605.1.15"
172.70.251.15 - - [12/Mar/2023:19:04:46 +0100] "GET /wp-content/plugins/elementor/assets/lib/swiper/v8/swiper.min.js?ver=8.4.5 HTTP/1.0" 200 40690 "https://immofromm.inglory.de/" "Mozilla/5.0 (Macintosh; Intel Mac OS X 10_15_7) AppleWebKit/605.1.15 (KHTML, like Gecko) Version/16.3 Safari/605.1.15"
172.70.250.68 - - [12/Mar/2023:19:04:47 +0100] "GET /wp-content/uploads/2023/03/menu-3.svg HTTP/1.0" 304 662 "https://immofromm.inglory.de/" "Mozilla/5.0 (Macintosh; Intel Mac OS X 10_15_7) AppleWebKit/605.1.15 (KHTML, like Gecko) Version/16.3 Safari/605.1.15"
172.70.250.38 - - [12/Mar/2023:19:04:47 +0100] "GET /wp-content/uploads/2023/03/Logo-24-1-1-1.svg HTTP/1.0" 304 662 "https://immofromm.inglory.de/" "Mozilla/5.0 (Macintosh; Intel Mac OS X 10_15_7) AppleWebKit/605.1.15 (KHTML, like Gecko) Version/16.3 Safari/605.1.15"
172.70.251.90 - - [12/Mar/2023:19:04:48 +0100] "POST /mod_pagespeed_beacon?url=https%3A%2F%2Fimmofromm.inglory.de%2F HTTP/1.0" 204 669 "https://immofromm.inglory.de/" "Mozilla/5.0 (Macintosh; Intel Mac OS X 10_15_7) AppleWebKit/605.1.15 (KHTML, like Gecko) Version/16.3 Safari/605.1.15"
172.70.250.119 - - [12/Mar/2023:19:04:48 +0100] "GET /wp-content/uploads/2023/03/xcropped-favicon-192x192.png.pagespeed.ic.s-Xrzg75Sg.png HTTP/1.0" 200 6306 "https://immofromm.inglory.de/" "Mozilla/5.0 (Macintosh; Intel Mac OS X 10_15_7) AppleWebKit/605.1.15 (KHTML, like Gecko) Version/16.3 Safari/605.1.15"
172.70.250.40 - - [12/Mar/2023:19:04:48 +0100] "GET /wp-content/uploads/2023/03/cropped-favicon-32x32.png.pagespeed.ce.6s5RYm62Vk.png HTTP/1.0" 200 1984 "https://immofromm.inglory.de/" "Mozilla/5.0 (Macintosh; Intel Mac OS X 10_15_7) AppleWebKit/605.1.15 (KHTML, like Gecko) Version/16.3 Safari/605.1.15"
172.70.251.116 - - [12/Mar/2023:19:06:25 +0100] "POST /wp-cron.php?doing_wp_cron=1678644385.6721770763397216796875 HTTP/1.0" 200 839 "https://immofromm.inglory.de/wp-cron.php?doing_wp_cron=1678644385.6721770763397216796875" "RV0YwobgdajV"
162.158.86.172 - - [12/Mar/2023:19:06:25 +0100] "POST /wp-admin/admin-ajax.php HTTP/1.0" 200 1073 "https://immofromm.inglory.de/wp-admin/admin.php?page=af2_formularbuilder&id=1676" "Mozilla/5.0 (Macintosh; Intel Mac OS X 10_15_7) AppleWebKit/537.36 (KHTML, like Gecko) Chrome/110.0.0.0 Safari/537.36"
172.71.250.59 - - [12/Mar/2023:19:08:39 +0100] "POST /wp-cron.php?doing_wp_cron=1678644519.4927721023559570312500 HTTP/1.0" 200 839 "https://immofromm.inglory.de/wp-cron.php?doing_wp_cron=1678644519.4927721023559570312500" "Vxn5pTZ2CyQW"
162.158.86.173 - - [12/Mar/2023:19:08:39 +0100] "POST /wp-admin/admin-ajax.php HTTP/1.0" 200 1073 "https://immofromm.inglory.de/wp-admin/admin.php?page=af2_formularbuilder&id=1676" "Mozilla/5.0 (Macintosh; Intel Mac OS X 10_15_7) AppleWebKit/537.36 (KHTML, like Gecko) Chrome/110.0.0.0 Safari/537.36"
162.158.94.204 - - [12/Mar/2023:19:10:55 +0100] "POST /wp-cron.php?doing_wp_cron=1678644655.2241389751434326171875 HTTP/1.0" 200 839 "https://immofromm.inglory.de/wp-cron.php?doing_wp_cron=1678644655.2241389751434326171875" "Ruverg8oaO93"
162.158.86.172 - - [12/Mar/2023:19:10:54 +0100] "POST /wp-admin/admin-ajax.php HTTP/1.0" 200 1073 "https://immofromm.inglory.de/wp-admin/admin.php?page=af2_formularbuilder&id=1676" "Mozilla/5.0 (Macintosh; Intel Mac OS X 10_15_7) AppleWebKit/537.36 (KHTML, like Gecko) Chrome/110.0.0.0 Safari/537.36"
172.70.242.207 - - [12/Mar/2023:19:11:29 +0100] "POST /wp-cron.php?doing_wp_cron=1678644689.3751139640808105468750 HTTP/1.0" 200 839 "https://immofromm.inglory.de/wp-cron.php?doing_wp_cron=1678644689.3751139640808105468750" "c2y1bwupmnCW"
94.130.90.54 - - [12/Mar/2023:19:11:30 +0100] "GET /wp-content/uploads/elementor/css/custom-pro-widget-nav-menu.min.css?ver=1678638236 HTTP/1.1" 304 4854 "https://immofromm.inglory.de/" "Serf/1.3.9 (mod_pagespeed/1.13.35.2-0)"
94.130.90.54 - - [12/Mar/2023:19:11:30 +0100] "GET /wp-content/uploads/elementor/css/custom-widget-icon-list.min.css?ver=1678638236 HTTP/1.1" 304 4854 "https://immofromm.inglory.de/" "Serf/1.3.9 (mod_pagespeed/1.13.35.2-0)"
162.158.86.172 - - [12/Mar/2023:19:11:29 +0100] "GET / HTTP/1.0" 200 41198 "-" "Mozilla/5.0 (Macintosh; Intel Mac OS X 10_15_7) AppleWebKit/537.36 (KHTML, like Gecko) Chrome/110.0.0.0 Safari/537.36"
94.130.90.54 - - [12/Mar/2023:19:11:30 +0100] "GET /wp-includes/css/dist/block-library/style.min.css?ver=6.1.1 HTTP/1.1" 200 100046 "https://immofromm.inglory.de/" "Serf/1.3.9 (mod_pagespeed/1.13.35.2-0)"
94.130.90.54 - - [12/Mar/2023:19:11:30 +0100] "GET /wp-includes/css/classic-themes.min.css?ver=1 HTTP/1.1" 200 5195 "https://immofromm.inglory.de/" "Serf/1.3.9 (mod_pagespeed/1.13.35.2-0)"
94.130.90.54 - - [12/Mar/2023:19:11:30 +0100] "GET /wp-content/themes/hello-elementor/style.min.css?ver=2.6.1 HTTP/1.1" 304 4854 "https://immofromm.inglory.de/" "Serf/1.3.9 (mod_pagespeed/1.13.35.2-0)"
94.130.90.54 - - [12/Mar/2023:19:11:30 +0100] "GET /wp-content/themes/hello-elementor/theme.min.css?ver=2.6.1 HTTP/1.1" 304 4854 "https://immofromm.inglory.de/" "Serf/1.3.9 (mod_pagespeed/1.13.35.2-0)"
94.130.90.54 - - [12/Mar/2023:19:11:30 +0100] "GET /wp-content/uploads/elementor/css/custom-frontend-lite.min.css?ver=1678638235 HTTP/1.1" 304 4855 "https://immofromm.inglory.de/" "Serf/1.3.9 (mod_pagespeed/1.13.35.2-0)"
94.130.90.54 - - [12/Mar/2023:19:11:30 +0100] "GET /wp-content/uploads/elementor/css/post-8.css?ver=1678638235 HTTP/1.1" 304 4853 "https://immofromm.inglory.de/" "Serf/1.3.9 (mod_pagespeed/1.13.35.2-0)"
94.130.90.54 - - [12/Mar/2023:19:11:30 +0100] "GET /wp-content/plugins/essential-addons-for-elementor-lite/assets/front-end/css/view/general.min.css?ver=5.6.0 HTTP/1.1" 304 4853 "https://immofromm.inglory.de/" "Serf/1.3.9 (mod_pagespeed/1.13.35.2-0)"
94.130.90.54 - - [12/Mar/2023:19:11:30 +0100] "GET /wp-content/uploads/essential-addons-elementor/eael-54.css?ver=1678638158 HTTP/1.1" 304 4854 "https://immofromm.inglory.de/" "Serf/1.3.9 (mod_pagespeed/1.13.35.2-0)"
94.130.90.54 - - [12/Mar/2023:19:11:30 +0100] "GET /wp-content/plugins/elementor/assets/lib/eicons/css/elementor-icons.min.css?ver=5.18.0 HTTP/1.1" 200 24403 "https://immofromm.inglory.de/" "Serf/1.3.9 (mod_pagespeed/1.13.35.2-0)"
94.130.90.54 - - [12/Mar/2023:19:11:30 +0100] "GET /wp-content/plugins/elementor/assets/lib/swiper/v8/css/swiper.min.css?ver=8.4.5 HTTP/1.1" 200 21511 "https://immofromm.inglory.de/" "Serf/1.3.9 (mod_pagespeed/1.13.35.2-0)"
94.130.90.54 - - [12/Mar/2023:19:11:30 +0100] "GET /wp-content/uploads/elementor/css/custom-pro-frontend-lite.min.css?ver=1678638235 HTTP/1.1" 304 4854 "https://immofromm.inglory.de/" "Serf/1.3.9 (mod_pagespeed/1.13.35.2-0)"
94.130.90.54 - - [12/Mar/2023:19:11:30 +0100] "GET /wp-content/uploads/elementor/css/post-394.css?ver=1678638236 HTTP/1.1" 304 4854 "https://immofromm.inglory.de/" "Serf/1.3.9 (mod_pagespeed/1.13.35.2-0)"
94.130.90.54 - - [12/Mar/2023:19:11:30 +0100] "GET /wp-content/uploads/elementor/css/post-399.css?ver=1678638236 HTTP/1.1" 304 4854 "https://immofromm.inglory.de/" "Serf/1.3.9 (mod_pagespeed/1.13.35.2-0)"
94.130.90.54 - - [12/Mar/2023:19:11:30 +0100] "GET /wp-content/cache/borlabs-cookie/borlabs-cookie_1_en.css?ver=2.2.62-30 HTTP/1.1" 200 46959 "https://immofromm.inglory.de/" "Serf/1.3.9 (mod_pagespeed/1.13.35.2-0)"
94.130.90.54 - - [12/Mar/2023:19:11:30 +0100] "GET /wp-content/plugins/mystickyelements-pro/css/font-awesome.min.css?ver=2.0.7 HTTP/1.1" 200 59343 "https://immofromm.inglory.de/" "Serf/1.3.9 (mod_pagespeed/1.13.35.2-0)"
94.130.90.54 - - [12/Mar/2023:19:11:30 +0100] "GET /wp-content/plugins/elementor/assets/lib/font-awesome/css/fontawesome.min.css?ver=5.15.3 HTTP/1.1" 200 63010 "https://immofromm.inglory.de/" "Serf/1.3.9 (mod_pagespeed/1.13.35.2-0)"
94.130.90.54 - - [12/Mar/2023:19:11:30 +0100] "GET /wp-content/plugins/elementor/assets/lib/font-awesome/css/solid.min.css?ver=5.15.3 HTTP/1.1" 200 5648 "https://immofromm.inglory.de/" "Serf/1.3.9 (mod_pagespeed/1.13.35.2-0)"
94.130.90.54 - - [12/Mar/2023:19:11:30 +0100] "GET /wp-content/plugins/elementor/assets/lib/font-awesome/css/all.min.css?ver=5.6.0 HTTP/1.1" 200 64442 "https://immofromm.inglory.de/" "Serf/1.3.9 (mod_pagespeed/1.13.35.2-0)"
94.130.90.54 - - [12/Mar/2023:19:11:30 +0100] "GET /wp-content/plugins/elementor/assets/lib/font-awesome/css/v4-shims.min.css?ver=5.6.0 HTTP/1.1" 200 31742 "https://immofromm.inglory.de/" "Serf/1.3.9 (mod_pagespeed/1.13.35.2-0)"
94.130.90.54 - - [12/Mar/2023:19:11:30 +0100] "GET /wp-content/uploads/elementor/css/post-180.css?ver=1678638237 HTTP/1.1" 304 4854 "https://immofromm.inglory.de/" "Serf/1.3.9 (mod_pagespeed/1.13.35.2-0)"
94.130.90.54 - - [12/Mar/2023:19:11:30 +0100] "GET /wp-content/uploads/elementor/css/post-184.css?ver=1678638237 HTTP/1.1" 304 4854 "https://immofromm.inglory.de/" "Serf/1.3.9 (mod_pagespeed/1.13.35.2-0)"
94.130.90.54 - - [12/Mar/2023:19:11:30 +0100] "GET /wp-content/uploads/elementor/css/post-1588.css?ver=1678638237 HTTP/1.1" 304 4854 "https://immofromm.inglory.de/" "Serf/1.3.9 (mod_pagespeed/1.13.35.2-0)"
94.130.90.54 - - [12/Mar/2023:19:11:30 +0100] "GET /wp-content/uploads/elementor/css/post-1863.css?ver=1678638237 HTTP/1.1" 304 4854 "https://immofromm.inglory.de/" "Serf/1.3.9 (mod_pagespeed/1.13.35.2-0)"
94.130.90.54 - - [12/Mar/2023:19:11:30 +0100] "GET /wp-content/plugins/elementor/assets/lib/animations/animations.min.css?ver=3.11.3 HTTP/1.1" 304 4854 "https://immofromm.inglory.de/" "Serf/1.3.9 (mod_pagespeed/1.13.35.2-0)"
94.130.90.54 - - [12/Mar/2023:19:11:30 +0100] "GET /wp-content/plugins/loftloader-pro/assets/js/loftloader.js?ver=2022112801 HTTP/1.1" 200 31031 "https://immofromm.inglory.de/" "Serf/1.3.9 (mod_pagespeed/1.13.35.2-0)"
162.158.110.235 - - [12/Mar/2023:19:11:30 +0100] "GET /wp-content/plugins/loftloader-pro/assets/css/loftloader.min.css?ver=2022112801 HTTP/1.0" 304 692 "https://immofromm.inglory.de/" "Mozilla/5.0 (Macintosh; Intel Mac OS X 10_15_7) AppleWebKit/537.36 (KHTML, like Gecko) Chrome/110.0.0.0 Safari/537.36"
94.130.90.54 - - [12/Mar/2023:19:11:30 +0100] "GET /wp-content/themes/hello-elementor/assets/js/hello-frontend.min.js?ver=1.0.0 HTTP/1.1" 200 8187 "https://immofromm.inglory.de/" "Serf/1.3.9 (mod_pagespeed/1.13.35.2-0)"
94.130.90.54 - - [12/Mar/2023:19:11:30 +0100] "GET /wp-content/plugins/essential-addons-for-elementor-lite/assets/front-end/js/view/general.min.js?ver=5.6.0 HTTP/1.1" 200 13794 "https://immofromm.inglory.de/" "Serf/1.3.9 (mod_pagespeed/1.13.35.2-0)"
162.158.111.62 - - [12/Mar/2023:19:11:30 +0100] "GET /wp-includes/css/dist/block-library/style.min.css?ver=6.1.1 HTTP/1.0" 304 692 "https://immofromm.inglory.de/" "Mozilla/5.0 (Macintosh; Intel Mac OS X 10_15_7) AppleWebKit/537.36 (KHTML, like Gecko) Chrome/110.0.0.0 Safari/537.36"
162.158.111.43 - - [12/Mar/2023:19:11:30 +0100] "GET /wp-includes/css/classic-themes.min.css?ver=1 HTTP/1.0" 304 689 "https://immofromm.inglory.de/" "Mozilla/5.0 (Macintosh; Intel Mac OS X 10_15_7) AppleWebKit/537.36 (KHTML, like Gecko) Chrome/110.0.0.0 Safari/537.36"
94.130.90.54 - - [12/Mar/2023:19:11:30 +0100] "GET /wp-content/uploads/essential-addons-elementor/eael-54.js?ver=1678638158 HTTP/1.1" 304 4853 "https://immofromm.inglory.de/" "Serf/1.3.9 (mod_pagespeed/1.13.35.2-0)"
94.130.90.54 - - [12/Mar/2023:19:11:30 +0100] "GET /wp-content/plugins/mystickyelements-pro/intl-tel-input-src/build/js/intlTelInput.js?ver=2.0.7 HTTP/1.1" 200 95859 "https://immofromm.inglory.de/" "Serf/1.3.9 (mod_pagespeed/1.13.35.2-0)"
94.130.90.54 - - [12/Mar/2023:19:11:30 +0100] "GET /wp-content/plugins/mystickyelements-pro/js/jquery.cookie.js?ver=2.0.7 HTTP/1.1" 200 6425 "https://immofromm.inglory.de/" "Serf/1.3.9 (mod_pagespeed/1.13.35.2-0)"
94.130.90.54 - - [12/Mar/2023:19:11:30 +0100] "GET /wp-content/plugins/mystickyelements-pro/js/mystickyelements-fronted.min.js?ver=2.0.7 HTTP/1.1" 200 34197 "https://immofromm.inglory.de/" "Serf/1.3.9 (mod_pagespeed/1.13.35.2-0)"
94.130.90.54 - - [12/Mar/2023:19:11:30 +0100] "GET /wp-content/plugins/elementor-pro/assets/lib/smartmenus/jquery.smartmenus.min.js?ver=1.0.1 HTTP/1.1" 200 30256 "https://immofromm.inglory.de/" "Serf/1.3.9 (mod_pagespeed/1.13.35.2-0)"
94.130.90.54 - - [12/Mar/2023:19:11:30 +0100] "GET /wp-content/plugins/elementor/assets/lib/font-awesome/js/v4-shims.min.js?ver=5.6.0 HTTP/1.1" 200 20080 "https://immofromm.inglory.de/" "Serf/1.3.9 (mod_pagespeed/1.13.35.2-0)"
94.130.90.54 - - [12/Mar/2023:19:11:30 +0100] "GET /wp-includes/js/imagesloaded.min.js?ver=4.1.4 HTTP/1.1" 200 10653 "https://immofromm.inglory.de/" "Serf/1.3.9 (mod_pagespeed/1.13.35.2-0)"
94.130.90.54 - - [12/Mar/2023:19:11:30 +0100] "GET /wp-content/plugins/elementor/assets/js/frontend-modules.min.js?ver=3.11.3 HTTP/1.1" 200 41543 "https://immofromm.inglory.de/" "Serf/1.3.9 (mod_pagespeed/1.13.35.2-0)"
94.130.90.54 - - [12/Mar/2023:19:11:30 +0100] "GET /wp-includes/js/dist/vendor/regenerator-runtime.min.js?ver=0.13.9 HTTP/1.1" 200 11499 "https://immofromm.inglory.de/" "Serf/1.3.9 (mod_pagespeed/1.13.35.2-0)"
94.130.90.54 - - [12/Mar/2023:19:11:30 +0100] "GET /wp-includes/js/dist/vendor/wp-polyfill.min.js?ver=3.15.0 HTTP/1.1" 200 22877 "https://immofromm.inglory.de/" "Serf/1.3.9 (mod_pagespeed/1.13.35.2-0)"
94.130.90.54 - - [12/Mar/2023:19:11:30 +0100] "GET /wp-includes/js/dist/hooks.min.js?ver=4169d3cf8e8d95a3d6d5 HTTP/1.1" 200 9934 "https://immofromm.inglory.de/" "Serf/1.3.9 (mod_pagespeed/1.13.35.2-0)"
94.130.90.54 - - [12/Mar/2023:19:11:30 +0100] "GET /wp-includes/js/dist/i18n.min.js?ver=9e794f35a71bb98672ae HTTP/1.1" 200 15255 "https://immofromm.inglory.de/" "Serf/1.3.9 (mod_pagespeed/1.13.35.2-0)"
94.130.90.54 - - [12/Mar/2023:19:11:30 +0100] "GET /wp-content/plugins/elementor-pro/assets/js/frontend.min.js?ver=3.11.3 HTTP/1.1" 200 27432 "https://immofromm.inglory.de/" "Serf/1.3.9 (mod_pagespeed/1.13.35.2-0)"
94.130.90.54 - - [12/Mar/2023:19:11:30 +0100] "GET /wp-content/plugins/elementor/assets/lib/waypoints/waypoints.min.js?ver=4.0.2 HTTP/1.1" 200 17223 "https://immofromm.inglory.de/" "Serf/1.3.9 (mod_pagespeed/1.13.35.2-0)"
94.130.90.54 - - [12/Mar/2023:19:11:30 +0100] "GET /wp-includes/js/jquery/ui/core.min.js?ver=1.13.2 HTTP/1.1" 200 26494 "https://immofromm.inglory.de/" "Serf/1.3.9 (mod_pagespeed/1.13.35.2-0)"
94.130.90.54 - - [12/Mar/2023:19:11:30 +0100] "GET /wp-content/uploads/2023/03/cropped-favicon-32x32.png HTTP/1.1" 304 4853 "https://immofromm.inglory.de/" "Serf/1.3.9 (mod_pagespeed/1.13.35.2-0)"
94.130.90.54 - - [12/Mar/2023:19:11:30 +0100] "GET /wp-content/uploads/2023/03/cropped-favicon-192x192.png HTTP/1.1" 304 4854 "https://immofromm.inglory.de/" "Serf/1.3.9 (mod_pagespeed/1.13.35.2-0)"
94.130.90.54 - - [12/Mar/2023:19:11:30 +0100] "GET /wp-content/uploads/2023/03/cropped-favicon-180x180.png HTTP/1.1" 304 4854 "https://immofromm.inglory.de/" "Serf/1.3.9 (mod_pagespeed/1.13.35.2-0)"
94.130.90.54 - - [12/Mar/2023:19:11:30 +0100] "GET /wp-content/uploads/2023/03/image-2.jpg HTTP/1.1" 200 22484 "https://immofromm.inglory.de/" "Serf/1.3.9 (mod_pagespeed/1.13.35.2-0)"
94.130.90.54 - - [12/Mar/2023:19:11:30 +0100] "GET /wp-content/uploads/2023/03/image-2.jpg HTTP/1.1" 200 22484 "https://immofromm.inglory.de/" "Serf/1.3.9 (mod_pagespeed/1.13.35.2-0)"
94.130.90.54 - - [12/Mar/2023:19:11:30 +0100] "GET /wp-content/uploads/2023/03/image-2-300x200.jpg HTTP/1.1" 304 4854 "https://immofromm.inglory.de/" "Serf/1.3.9 (mod_pagespeed/1.13.35.2-0)"
94.130.90.54 - - [12/Mar/2023:19:11:30 +0100] "GET /wp-content/uploads/2023/03/image-3.jpg HTTP/1.1" 200 28601 "https://immofromm.inglory.de/" "Serf/1.3.9 (mod_pagespeed/1.13.35.2-0)"
94.130.90.54 - - [12/Mar/2023:19:11:30 +0100] "GET /wp-content/uploads/2023/03/image-3.jpg HTTP/1.1" 200 28601 "https://immofromm.inglory.de/" "Serf/1.3.9 (mod_pagespeed/1.13.35.2-0)"
94.130.90.54 - - [12/Mar/2023:19:11:30 +0100] "GET /wp-content/uploads/2023/03/image-3-300x200.jpg HTTP/1.1" 304 4854 "https://immofromm.inglory.de/" "Serf/1.3.9 (mod_pagespeed/1.13.35.2-0)"
94.130.90.54 - - [12/Mar/2023:19:11:30 +0100] "GET /wp-content/uploads/2023/03/image1.jpg HTTP/1.1" 200 15945 "https://immofromm.inglory.de/" "Serf/1.3.9 (mod_pagespeed/1.13.35.2-0)"
94.130.90.54 - - [12/Mar/2023:19:11:30 +0100] "GET /wp-content/uploads/2023/03/image1.jpg HTTP/1.1" 200 15945 "https://immofromm.inglory.de/" "Serf/1.3.9 (mod_pagespeed/1.13.35.2-0)"
94.130.90.54 - - [12/Mar/2023:19:11:30 +0100] "GET /wp-content/uploads/2023/03/image1-300x200.jpg HTTP/1.1" 304 4854 "https://immofromm.inglory.de/" "Serf/1.3.9 (mod_pagespeed/1.13.35.2-0)"
162.158.111.62 - - [12/Mar/2023:19:11:30 +0100] "GET /wp-content/plugins/mystickyelements-pro/css/mystickyelements-front.min.css?ver=2.0.7 HTTP/1.0" 304 692 "https://immofromm.inglory.de/" "Mozilla/5.0 (Macintosh; Intel Mac OS X 10_15_7) AppleWebKit/537.36 (KHTML, like Gecko) Chrome/110.0.0.0 Safari/537.36"
94.130.90.54 - - [12/Mar/2023:19:11:30 +0100] "GET /wp-content/uploads/2023/03/aboutpicture-300x212.png HTTP/1.1" 304 4854 "https://immofromm.inglory.de/" "Serf/1.3.9 (mod_pagespeed/1.13.35.2-0)"
94.130.90.54 - - [12/Mar/2023:19:11:30 +0100] "GET /wp-content/uploads/2023/03/Ellipse-2.png HTTP/1.1" 200 38897 "https://immofromm.inglory.de/" "Serf/1.3.9 (mod_pagespeed/1.13.35.2-0)"
94.130.90.54 - - [12/Mar/2023:19:11:30 +0100] "GET /wp-content/uploads/2023/03/Ellipse-2.png HTTP/1.1" 200 38897 "https://immofromm.inglory.de/" "Serf/1.3.9 (mod_pagespeed/1.13.35.2-0)"
94.130.90.54 - - [12/Mar/2023:19:11:30 +0100] "GET /wp-content/uploads/2023/03/Ellipse-2-150x150.png HTTP/1.1" 304 4854 "https://immofromm.inglory.de/" "Serf/1.3.9 (mod_pagespeed/1.13.35.2-0)"
94.130.90.54 - - [12/Mar/2023:19:11:30 +0100] "GET /wp-content/uploads/2023/03/Ellipse-2-1.png HTTP/1.1" 200 44208 "https://immofromm.inglory.de/" "Serf/1.3.9 (mod_pagespeed/1.13.35.2-0)"
94.130.90.54 - - [12/Mar/2023:19:11:30 +0100] "GET /wp-content/uploads/2023/03/Ellipse-2-1.png HTTP/1.1" 200 44208 "https://immofromm.inglory.de/" "Serf/1.3.9 (mod_pagespeed/1.13.35.2-0)"
94.130.90.54 - - [12/Mar/2023:19:11:30 +0100] "GET /wp-content/uploads/2023/03/Ellipse-2-1-150x150.png HTTP/1.1" 304 4854 "https://immofromm.inglory.de/" "Serf/1.3.9 (mod_pagespeed/1.13.35.2-0)"
162.158.110.176 - - [12/Mar/2023:19:11:30 +0100] "GET /wp-content/uploads/elementor/css/custom-frontend-lite.min.css?ver=1678638235 HTTP/1.0" 200 12856 "https://immofromm.inglory.de/" "Mozilla/5.0 (Macintosh; Intel Mac OS X 10_15_7) AppleWebKit/537.36 (KHTML, like Gecko) Chrome/110.0.0.0 Safari/537.36"
162.158.111.115 - - [12/Mar/2023:19:11:30 +0100] "GET /wp-content/uploads/essential-addons-elementor/eael-54.css?ver=1678638158 HTTP/1.0" 200 2346 "https://immofromm.inglory.de/" "Mozilla/5.0 (Macintosh; Intel Mac OS X 10_15_7) AppleWebKit/537.36 (KHTML, like Gecko) Chrome/110.0.0.0 Safari/537.36"
94.130.90.54 - - [12/Mar/2023:19:11:30 +0100] "GET /wp-content/uploads/2023/03/xelipse2.2.png HTTP/1.1" 200 45321 "https://immofromm.inglory.de/" "Serf/1.3.9 (mod_pagespeed/1.13.35.2-0)"
162.158.111.35 - - [12/Mar/2023:19:11:30 +0100] "GET /wp-content/themes/hello-elementor/style.min.css?ver=2.6.1 HTTP/1.0" 304 691 "https://immofromm.inglory.de/" "Mozilla/5.0 (Macintosh; Intel Mac OS X 10_15_7) AppleWebKit/537.36 (KHTML, like Gecko) Chrome/110.0.0.0 Safari/537.36"
94.130.90.54 - - [12/Mar/2023:19:11:30 +0100] "GET /wp-content/uploads/2023/03/xelipse2.2.png HTTP/1.1" 200 45321 "https://immofromm.inglory.de/" "Serf/1.3.9 (mod_pagespeed/1.13.35.2-0)"
162.158.111.14 - - [12/Mar/2023:19:11:30 +0100] "GET /wp-content/themes/hello-elementor/theme.min.css?ver=2.6.1 HTTP/1.0" 304 2140 "https://immofromm.inglory.de/" "Mozilla/5.0 (Macintosh; Intel Mac OS X 10_15_7) AppleWebKit/537.36 (KHTML, like Gecko) Chrome/110.0.0.0 Safari/537.36"
162.158.110.183 - - [12/Mar/2023:19:11:30 +0100] "GET /wp-content/uploads/elementor/css/post-8.css?ver=1678638235 HTTP/1.0" 200 3238 "https://immofromm.inglory.de/" "Mozilla/5.0 (Macintosh; Intel Mac OS X 10_15_7) AppleWebKit/537.36 (KHTML, like Gecko) Chrome/110.0.0.0 Safari/537.36"
94.130.90.54 - - [12/Mar/2023:19:11:30 +0100] "GET /wp-content/uploads/2023/03/xelipse2.2-150x150.png HTTP/1.1" 304 4854 "https://immofromm.inglory.de/" "Serf/1.3.9 (mod_pagespeed/1.13.35.2-0)"
162.158.110.220 - - [12/Mar/2023:19:11:30 +0100] "GET /wp-content/uploads/elementor/css/custom-pro-frontend-lite.min.css?ver=1678638235 HTTP/1.0" 200 2366 "https://immofromm.inglory.de/" "Mozilla/5.0 (Macintosh; Intel Mac OS X 10_15_7) AppleWebKit/537.36 (KHTML, like Gecko) Chrome/110.0.0.0 Safari/537.36"
162.158.110.2 - - [12/Mar/2023:19:11:30 +0100] "GET /wp-content/uploads/elementor/css/post-394.css?ver=1678638236 HTTP/1.0" 200 2088 "https://immofromm.inglory.de/" "Mozilla/5.0 (Macintosh; Intel Mac OS X 10_15_7) AppleWebKit/537.36 (KHTML, like Gecko) Chrome/110.0.0.0 Safari/537.36"
94.130.90.54 - - [12/Mar/2023:19:11:30 +0100] "GET /wp-content/uploads/2023/03/stan-1-1.png HTTP/1.1" 200 86616 "https://immofromm.inglory.de/" "Serf/1.3.9 (mod_pagespeed/1.13.35.2-0)"
162.158.110.24 - - [12/Mar/2023:19:11:30 +0100] "GET /wp-content/plugins/elementor/assets/lib/swiper/v8/css/swiper.min.css?ver=8.4.5 HTTP/1.0" 304 691 "https://immofromm.inglory.de/" "Mozilla/5.0 (Macintosh; Intel Mac OS X 10_15_7) AppleWebKit/537.36 (KHTML, like Gecko) Chrome/110.0.0.0 Safari/537.36"
162.158.110.198 - - [12/Mar/2023:19:11:30 +0100] "GET /wp-content/cache/borlabs-cookie/borlabs-cookie_1_en.css?ver=2.2.62-30 HTTP/1.0" 304 691 "https://immofromm.inglory.de/" "Mozilla/5.0 (Macintosh; Intel Mac OS X 10_15_7) AppleWebKit/537.36 (KHTML, like Gecko) Chrome/110.0.0.0 Safari/537.36"
162.158.111.33 - - [12/Mar/2023:19:11:30 +0100] "GET /wp-content/plugins/mystickyelements-pro/css/font-awesome.min.css?ver=2.0.7 HTTP/1.0" 304 691 "https://immofromm.inglory.de/" "Mozilla/5.0 (Macintosh; Intel Mac OS X 10_15_7) AppleWebKit/537.36 (KHTML, like Gecko) Chrome/110.0.0.0 Safari/537.36"
162.158.110.210 - - [12/Mar/2023:19:11:30 +0100] "GET /wp-includes/js/wp-emoji-release.min.js?ver=6.1.1 HTTP/1.0" 200 5914 "https://immofromm.inglory.de/" "Mozilla/5.0 (Macintosh; Intel Mac OS X 10_15_7) AppleWebKit/537.36 (KHTML, like Gecko) Chrome/110.0.0.0 Safari/537.36"
162.158.110.131 - - [12/Mar/2023:19:11:30 +0100] "GET /wp-content/plugins/essential-addons-for-elementor-lite/assets/front-end/css/view/general.min.css?ver=5.6.0 HTTP/1.0" 304 690 "https://immofromm.inglory.de/" "Mozilla/5.0 (Macintosh; Intel Mac OS X 10_15_7) AppleWebKit/537.36 (KHTML, like Gecko) Chrome/110.0.0.0 Safari/537.36"
162.158.110.128 - - [12/Mar/2023:19:11:30 +0100] "GET /wp-content/plugins/borlabs-cookie/assets/javascript/borlabs-cookie-prioritize.min.js?ver=2.2.62 HTTP/1.0" 304 690 "https://immofromm.inglory.de/" "Mozilla/5.0 (Macintosh; Intel Mac OS X 10_15_7) AppleWebKit/537.36 (KHTML, like Gecko) Chrome/110.0.0.0 Safari/537.36"
162.158.111.17 - - [12/Mar/2023:19:11:30 +0100] "GET /wp-content/uploads/elementor/css/post-399.css?ver=1678638236 HTTP/1.0" 200 3003 "https://immofromm.inglory.de/" "Mozilla/5.0 (Macintosh; Intel Mac OS X 10_15_7) AppleWebKit/537.36 (KHTML, like Gecko) Chrome/110.0.0.0 Safari/537.36"
162.158.110.50 - - [12/Mar/2023:19:11:30 +0100] "GET /wp-content/plugins/elementor/assets/lib/eicons/css/elementor-icons.min.css?ver=5.18.0 HTTP/1.0" 304 691 "https://immofromm.inglory.de/" "Mozilla/5.0 (Macintosh; Intel Mac OS X 10_15_7) AppleWebKit/537.36 (KHTML, like Gecko) Chrome/110.0.0.0 Safari/537.36"
162.158.110.244 - - [12/Mar/2023:19:11:30 +0100] "GET /wp-content/plugins/elementor/assets/lib/font-awesome/css/solid.min.css?ver=5.15.3 HTTP/1.0" 304 690 "https://immofromm.inglory.de/" "Mozilla/5.0 (Macintosh; Intel Mac OS X 10_15_7) AppleWebKit/537.36 (KHTML, like Gecko) Chrome/110.0.0.0 Safari/537.36"
162.158.110.75 - - [12/Mar/2023:19:11:30 +0100] "GET /wp-content/plugins/mystickyelements-pro/intl-tel-input-src/build/css/intlTelInput.css?ver=2.0.7 HTTP/1.0" 304 691 "https://immofromm.inglory.de/" "Mozilla/5.0 (Macintosh; Intel Mac OS X 10_15_7) AppleWebKit/537.36 (KHTML, like Gecko) Chrome/110.0.0.0 Safari/537.36"
94.130.90.54 - - [12/Mar/2023:19:11:30 +0100] "GET /wp-content/uploads/2023/03/stan-1-1.png HTTP/1.1" 200 86616 "https://immofromm.inglory.de/" "Serf/1.3.9 (mod_pagespeed/1.13.35.2-0)"
162.158.111.17 - - [12/Mar/2023:19:11:30 +0100] "GET /wp-content/uploads/elementor/css/post-54.css?ver=1678638236 HTTP/1.0" 200 8683 "https://immofromm.inglory.de/" "Mozilla/5.0 (Macintosh; Intel Mac OS X 10_15_7) AppleWebKit/537.36 (KHTML, like Gecko) Chrome/110.0.0.0 Safari/537.36"
162.158.111.101 - - [12/Mar/2023:19:11:30 +0100] "GET /wp-content/plugins/elementor/assets/lib/font-awesome/css/fontawesome.min.css?ver=5.15.3 HTTP/1.0" 304 691 "https://immofromm.inglory.de/" "Mozilla/5.0 (Macintosh; Intel Mac OS X 10_15_7) AppleWebKit/537.36 (KHTML, like Gecko) Chrome/110.0.0.0 Safari/537.36"
94.130.90.54 - - [12/Mar/2023:19:11:30 +0100] "GET /wp-content/uploads/2023/03/stan-1-1-270x300.png HTTP/1.1" 304 4854 "https://immofromm.inglory.de/" "Serf/1.3.9 (mod_pagespeed/1.13.35.2-0)"
94.130.90.54 - - [12/Mar/2023:19:11:30 +0100] "GET /wp-content/uploads/2023/03/widgets-5.png HTTP/1.1" 200 50815 "https://immofromm.inglory.de/" "Serf/1.3.9 (mod_pagespeed/1.13.35.2-0)"
94.130.90.54 - - [12/Mar/2023:19:11:30 +0100] "GET /wp-content/uploads/2023/03/widgets-5.png HTTP/1.1" 200 50815 "https://immofromm.inglory.de/" "Serf/1.3.9 (mod_pagespeed/1.13.35.2-0)"
94.130.90.54 - - [12/Mar/2023:19:11:30 +0100] "GET /wp-content/uploads/2023/03/widgets-5-300x138.png HTTP/1.1" 304 4854 "https://immofromm.inglory.de/" "Serf/1.3.9 (mod_pagespeed/1.13.35.2-0)"
94.130.90.54 - - [12/Mar/2023:19:11:30 +0100] "GET /wp-content/uploads/2023/03/np_check_5542984_2E5955.png HTTP/1.1" 200 12102 "https://immofromm.inglory.de/" "Serf/1.3.9 (mod_pagespeed/1.13.35.2-0)"
94.130.90.54 - - [12/Mar/2023:19:11:30 +0100] "GET /wp-content/plugins/elementor-pro/assets/css/widget-carousel.min.css HTTP/1.1" 200 37558 "https://immofromm.inglory.de/" "Serf/1.3.9 (mod_pagespeed/1.13.35.2-0)"
94.130.90.54 - - [12/Mar/2023:19:11:30 +0100] "GET /wp-content/uploads/elementor/css/custom-widget-icon-box.min.css?ver=1678638237 HTTP/1.1" 304 4854 "https://immofromm.inglory.de/" "Serf/1.3.9 (mod_pagespeed/1.13.35.2-0)"
94.130.90.54 - - [12/Mar/2023:19:11:30 +0100] "GET /wp-includes/js/jquery/jquery.min.js?ver=3.6.1 HTTP/1.1" 200 94855 "https://immofromm.inglory.de/" "Serf/1.3.9 (mod_pagespeed/1.13.35.2-0)"
94.130.90.54 - - [12/Mar/2023:19:11:30 +0100] "GET /wp-includes/js/jquery/jquery-migrate.min.js?ver=3.3.2 HTTP/1.1" 200 16249 "https://immofromm.inglory.de/" "Serf/1.3.9 (mod_pagespeed/1.13.35.2-0)"
94.130.90.54 - - [12/Mar/2023:19:11:30 +0100] "GET /wp-content/plugins/borlabs-cookie/assets/javascript/borlabs-cookie-prioritize.min.js?ver=2.2.62 HTTP/1.1" 200 6619 "https://immofromm.inglory.de/" "Serf/1.3.9 (mod_pagespeed/1.13.35.2-0)"
94.130.90.54 - - [12/Mar/2023:19:11:30 +0100] "GET /wp-content/plugins/loftloader-pro/assets/js/jquery.waitformedias.min.js?ver=2022112801 HTTP/1.1" 200 9501 "https://immofromm.inglory.de/" "Serf/1.3.9 (mod_pagespeed/1.13.35.2-0)"
94.130.90.54 - - [12/Mar/2023:19:11:30 +0100] "GET /wp-content/plugins/Funnelforms-free/res/frontend/scripts/frontend.js?ver=3.2.3 HTTP/1.1" 200 234266 "https://immofromm.inglory.de/" "Serf/1.3.9 (mod_pagespeed/1.13.35.2-0)"
94.130.90.54 - - [12/Mar/2023:19:11:30 +0100] "GET /wp-content/plugins/Funnelforms-free/res/frontend/scripts/intlTelInputSelect2.js?ver=3.2.3 HTTP/1.1" 200 27762 "https://immofromm.inglory.de/" "Serf/1.3.9 (mod_pagespeed/1.13.35.2-0)"
94.130.90.54 - - [12/Mar/2023:19:11:30 +0100] "GET /wp-content/plugins/borlabs-cookie/assets/javascript/borlabs-cookie.min.js?ver=2.2.62 HTTP/1.1" 200 30025 "https://immofromm.inglory.de/" "Serf/1.3.9 (mod_pagespeed/1.13.35.2-0)"
94.130.90.54 - - [12/Mar/2023:19:11:30 +0100] "GET /wp-content/plugins/elementor/assets/js/frontend.min.js?ver=3.11.3 HTTP/1.1" 304 4854 "https://immofromm.inglory.de/" "Serf/1.3.9 (mod_pagespeed/1.13.35.2-0)"
94.130.90.54 - - [12/Mar/2023:19:11:30 +0100] "GET /wp-content/plugins/elementor-pro/assets/js/elements-handlers.min.js?ver=3.11.3 HTTP/1.1" 304 4854 "https://immofromm.inglory.de/" "Serf/1.3.9 (mod_pagespeed/1.13.35.2-0)"
94.130.90.54 - - [12/Mar/2023:19:11:30 +0100] "GET /wp-content/plugins/elementor-pro/assets/lib/sticky/jquery.sticky.min.js?ver=3.11.3 HTTP/1.1" 200 8744 "https://immofromm.inglory.de/" "Serf/1.3.9 (mod_pagespeed/1.13.35.2-0)"
94.130.90.54 - - [12/Mar/2023:19:11:30 +0100] "GET /wp-content/plugins/loftloader-pro/assets/css/loftloader.min.css?ver=2022112801 HTTP/1.1" 200 76870 "https://immofromm.inglory.de/" "Serf/1.3.9 (mod_pagespeed/1.13.35.2-0)"
94.130.90.54 - - [12/Mar/2023:19:11:30 +0100] "GET /wp-content/uploads/elementor/css/post-54.css?ver=1678638236 HTTP/1.1" 304 4855 "https://immofromm.inglory.de/" "Serf/1.3.9 (mod_pagespeed/1.13.35.2-0)"
94.130.90.54 - - [12/Mar/2023:19:11:30 +0100] "GET /wp-content/plugins/mystickyelements-pro/css/mystickyelements-front.min.css?ver=2.0.7 HTTP/1.1" 304 4855 "https://immofromm.inglory.de/" "Serf/1.3.9 (mod_pagespeed/1.13.35.2-0)"
94.130.90.54 - - [12/Mar/2023:19:11:30 +0100] "GET /wp-content/plugins/mystickyelements-pro/intl-tel-input-src/build/css/intlTelInput.css?ver=2.0.7 HTTP/1.1" 304 4854 "https://immofromm.inglory.de/" "Serf/1.3.9 (mod_pagespeed/1.13.35.2-0)"
94.130.90.54 - - [12/Mar/2023:19:11:30 +0100] "GET /wp-content/plugins/Funnelforms-free/res/frontend/styles/frontend.css?ver=3.2.3 HTTP/1.1" 200 46238 "https://immofromm.inglory.de/" "Serf/1.3.9 (mod_pagespeed/1.13.35.2-0)"
94.130.90.54 - - [12/Mar/2023:19:11:30 +0100] "GET /wp-content/plugins/Funnelforms-free/res/frontend/styles/intlTelInput.css?ver=3.2.3 HTTP/1.1" 200 32115 "https://immofromm.inglory.de/" "Serf/1.3.9 (mod_pagespeed/1.13.35.2-0)"
94.130.90.54 - - [12/Mar/2023:19:11:30 +0100] "GET /wp-content/uploads/2023/03/Logo-24.svg HTTP/1.1" 200 7834 "https://immofromm.inglory.de/" "Serf/1.3.9 (mod_pagespeed/1.13.35.2-0)"
94.130.90.54 - - [12/Mar/2023:19:11:30 +0100] "GET /wp-content/uploads/2023/03/Logo-24.svg HTTP/1.1" 200 7834 "https://immofromm.inglory.de/" "Serf/1.3.9 (mod_pagespeed/1.13.35.2-0)"
94.130.90.54 - - [12/Mar/2023:19:11:30 +0100] "GET /wp-content/uploads/2023/03/menu-3.svg HTTP/1.1" 200 5400 "https://immofromm.inglory.de/" "Serf/1.3.9 (mod_pagespeed/1.13.35.2-0)"
94.130.90.54 - - [12/Mar/2023:19:11:30 +0100] "GET /wp-content/uploads/2023/03/Group-4508-1.svg HTTP/1.1" 200 20885 "https://immofromm.inglory.de/" "Serf/1.3.9 (mod_pagespeed/1.13.35.2-0)"
94.130.90.54 - - [12/Mar/2023:19:11:30 +0100] "GET /wp-content/uploads/2023/03/Group-4516.svg HTTP/1.1" 200 22426 "https://immofromm.inglory.de/" "Serf/1.3.9 (mod_pagespeed/1.13.35.2-0)"
94.130.90.54 - - [12/Mar/2023:19:11:30 +0100] "GET /wp-content/uploads/2023/03/provision.svg HTTP/1.1" 200 17835 "https://immofromm.inglory.de/" "Serf/1.3.9 (mod_pagespeed/1.13.35.2-0)"
94.130.90.54 - - [12/Mar/2023:19:11:30 +0100] "GET /wp-content/uploads/2023/03/eye.svg HTTP/1.1" 200 17850 "https://immofromm.inglory.de/" "Serf/1.3.9 (mod_pagespeed/1.13.35.2-0)"
94.130.90.54 - - [12/Mar/2023:19:11:30 +0100] "GET /wp-content/uploads/2023/03/range.svg HTTP/1.1" 200 17850 "https://immofromm.inglory.de/" "Serf/1.3.9 (mod_pagespeed/1.13.35.2-0)"
94.130.90.54 - - [12/Mar/2023:19:11:30 +0100] "GET /wp-content/uploads/2023/03/gurantee.svg HTTP/1.1" 200 17862 "https://immofromm.inglory.de/" "Serf/1.3.9 (mod_pagespeed/1.13.35.2-0)"
94.130.90.54 - - [12/Mar/2023:19:11:30 +0100] "GET /wp-content/uploads/2023/03/pig.svg HTTP/1.1" 200 17850 "https://immofromm.inglory.de/" "Serf/1.3.9 (mod_pagespeed/1.13.35.2-0)"
162.158.110.24 - - [12/Mar/2023:19:11:30 +0100] "GET /wp-content/uploads/elementor/css/custom-widget-icon-box.min.css?ver=1678638237 HTTP/1.0" 200 1649 "https://immofromm.inglory.de/" "Mozilla/5.0 (Macintosh; Intel Mac OS X 10_15_7) AppleWebKit/537.36 (KHTML, like Gecko) Chrome/110.0.0.0 Safari/537.36"
94.130.90.54 - - [12/Mar/2023:19:11:30 +0100] "GET /wp-content/uploads/2023/03/increase.svg HTTP/1.1" 200 17862 "https://immofromm.inglory.de/" "Serf/1.3.9 (mod_pagespeed/1.13.35.2-0)"
162.158.110.217 - - [12/Mar/2023:19:11:30 +0100] "GET /wp-content/uploads/elementor/css/custom-pro-widget-nav-menu.min.css?ver=1678638236 HTTP/1.0" 200 4249 "https://immofromm.inglory.de/" "Mozilla/5.0 (Macintosh; Intel Mac OS X 10_15_7) AppleWebKit/537.36 (KHTML, like Gecko) Chrome/110.0.0.0 Safari/537.36"
94.130.90.54 - - [12/Mar/2023:19:11:30 +0100] "GET /wp-content/uploads/2023/03/aboutpicture.png HTTP/1.1" 200 81951 "https://immofromm.inglory.de/" "Serf/1.3.9 (mod_pagespeed/1.13.35.2-0)"
162.158.110.220 - - [12/Mar/2023:19:11:30 +0100] "GET /wp-content/plugins/loftloader-pro/assets/js/jquery.waitformedias.min.js?ver=2022112801 HTTP/1.0" 304 2140 "https://immofromm.inglory.de/" "Mozilla/5.0 (Macintosh; Intel Mac OS X 10_15_7) AppleWebKit/537.36 (KHTML, like Gecko) Chrome/110.0.0.0 Safari/537.36"
162.158.111.101 - - [12/Mar/2023:19:11:30 +0100] "GET /wp-content/plugins/Funnelforms-free/res/frontend/styles/intlTelInput.css?ver=3.2.3 HTTP/1.0" 304 691 "https://immofromm.inglory.de/" "Mozilla/5.0 (Macintosh; Intel Mac OS X 10_15_7) AppleWebKit/537.36 (KHTML, like Gecko) Chrome/110.0.0.0 Safari/537.36"
94.130.90.54 - - [12/Mar/2023:19:11:30 +0100] "GET /wp-content/uploads/2023/03/aboutpicture.png HTTP/1.1" 200 81951 "https://immofromm.inglory.de/" "Serf/1.3.9 (mod_pagespeed/1.13.35.2-0)"
162.158.110.235 - - [12/Mar/2023:19:11:30 +0100] "GET /wp-content/themes/hello-elementor/assets/js/hello-frontend.min.js?ver=1.0.0 HTTP/1.0" 304 690 "https://immofromm.inglory.de/" "Mozilla/5.0 (Macintosh; Intel Mac OS X 10_15_7) AppleWebKit/537.36 (KHTML, like Gecko) Chrome/110.0.0.0 Safari/537.36"
162.158.110.183 - - [12/Mar/2023:19:11:30 +0100] "GET /wp-content/plugins/mystickyelements-pro/js/jquery.cookie.js?ver=2.0.7 HTTP/1.0" 304 690 "https://immofromm.inglory.de/" "Mozilla/5.0 (Macintosh; Intel Mac OS X 10_15_7) AppleWebKit/537.36 (KHTML, like Gecko) Chrome/110.0.0.0 Safari/537.36"
94.130.90.54 - - [12/Mar/2023:19:11:30 +0100] "GET /wp-content/uploads/2023/03/Frame-1261156840.svg HTTP/1.1" 200 11877 "https://immofromm.inglory.de/" "Serf/1.3.9 (mod_pagespeed/1.13.35.2-0)"
94.130.90.54 - - [12/Mar/2023:19:11:30 +0100] "GET /wp-content/uploads/2023/03/Group-25-1.svg HTTP/1.1" 200 9140 "https://immofromm.inglory.de/" "Serf/1.3.9 (mod_pagespeed/1.13.35.2-0)"
94.130.90.54 - - [12/Mar/2023:19:11:30 +0100] "GET /wp-content/uploads/2023/03/Group-2-1.svg HTTP/1.1" 200 13352 "https://immofromm.inglory.de/" "Serf/1.3.9 (mod_pagespeed/1.13.35.2-0)"
162.158.110.239 - - [12/Mar/2023:19:11:30 +0100] "GET /wp-content/uploads/elementor/css/custom-widget-icon-list.min.css?ver=1678638236 HTTP/1.0" 200 1869 "https://immofromm.inglory.de/" "Mozilla/5.0 (Macintosh; Intel Mac OS X 10_15_7) AppleWebKit/537.36 (KHTML, like Gecko) Chrome/110.0.0.0 Safari/537.36"
94.130.90.54 - - [12/Mar/2023:19:11:30 +0100] "GET /wp-content/uploads/2023/03/Logo-24-1-1-1-1.svg HTTP/1.1" 200 7834 "https://immofromm.inglory.de/" "Serf/1.3.9 (mod_pagespeed/1.13.35.2-0)"
162.158.111.38 - - [12/Mar/2023:19:11:30 +0100] "GET /wp-content/plugins/loftloader-pro/assets/js/loftloader.js?ver=2022112801 HTTP/1.0" 304 691 "https://immofromm.inglory.de/" "Mozilla/5.0 (Macintosh; Intel Mac OS X 10_15_7) AppleWebKit/537.36 (KHTML, like Gecko) Chrome/110.0.0.0 Safari/537.36"
162.158.111.43 - - [12/Mar/2023:19:11:30 +0100] "GET /wp-content/uploads/2023/03/image-2.jpg HTTP/1.0" 304 691 "https://immofromm.inglory.de/" "Mozilla/5.0 (Macintosh; Intel Mac OS X 10_15_7) AppleWebKit/537.36 (KHTML, like Gecko) Chrome/110.0.0.0 Safari/537.36"
94.130.90.54 - - [12/Mar/2023:19:11:30 +0100] "GET /wp-content/plugins/essential-addons-for-elementor-lite/assets/admin/images/templately/logo-icon.svg HTTP/1.1" 200 5660 "https://immofromm.inglory.de/" "Serf/1.3.9 (mod_pagespeed/1.13.35.2-0)"
162.158.110.198 - - [12/Mar/2023:19:11:30 +0100] "GET /wp-content/uploads/2023/03/Group-4516.svg HTTP/1.0" 304 2112 "https://immofromm.inglory.de/" "Mozilla/5.0 (Macintosh; Intel Mac OS X 10_15_7) AppleWebKit/537.36 (KHTML, like Gecko) Chrome/110.0.0.0 Safari/537.36"
94.130.90.54 - - [12/Mar/2023:19:11:30 +0100] "GET /wp-content/plugins/elementor-pro/assets/js/webpack-pro.runtime.min.js?ver=3.11.3 HTTP/1.1" 200 10438 "https://immofromm.inglory.de/" "Serf/1.3.9 (mod_pagespeed/1.13.35.2-0)"
162.158.110.56 - - [12/Mar/2023:19:11:30 +0100] "GET /wp-content/plugins/elementor-pro/assets/css/widget-carousel.min.css HTTP/1.0" 304 2140 "https://immofromm.inglory.de/" "Mozilla/5.0 (Macintosh; Intel Mac OS X 10_15_7) AppleWebKit/537.36 (KHTML, like Gecko) Chrome/110.0.0.0 Safari/537.36"
162.158.111.101 - - [12/Mar/2023:19:11:30 +0100] "GET /wp-content/uploads/2023/03/image1.jpg HTTP/1.0" 304 2140 "https://immofromm.inglory.de/" "Mozilla/5.0 (Macintosh; Intel Mac OS X 10_15_7) AppleWebKit/537.36 (KHTML, like Gecko) Chrome/110.0.0.0 Safari/537.36"
162.158.110.12 - - [12/Mar/2023:19:11:30 +0100] "GET /wp-content/uploads/elementor/css/post-180.css?ver=1678638237 HTTP/1.0" 200 1865 "https://immofromm.inglory.de/" "Mozilla/5.0 (Macintosh; Intel Mac OS X 10_15_7) AppleWebKit/537.36 (KHTML, like Gecko) Chrome/110.0.0.0 Safari/537.36"
162.158.110.131 - - [12/Mar/2023:19:11:30 +0100] "GET /wp-content/uploads/2023/03/aboutpicture.png HTTP/1.0" 304 692 "https://immofromm.inglory.de/" "Mozilla/5.0 (Macintosh; Intel Mac OS X 10_15_7) AppleWebKit/537.36 (KHTML, like Gecko) Chrome/110.0.0.0 Safari/537.36"
94.130.90.54 - - [12/Mar/2023:19:11:30 +0100] "GET /wp-content/plugins/elementor/assets/js/webpack.runtime.min.js?ver=3.11.3 HTTP/1.1" 200 9982 "https://immofromm.inglory.de/" "Serf/1.3.9 (mod_pagespeed/1.13.35.2-0)"
162.158.110.235 - - [12/Mar/2023:19:11:30 +0100] "GET /wp-content/uploads/2023/03/image-3.jpg HTTP/1.0" 304 691 "https://immofromm.inglory.de/" "Mozilla/5.0 (Macintosh; Intel Mac OS X 10_15_7) AppleWebKit/537.36 (KHTML, like Gecko) Chrome/110.0.0.0 Safari/537.36"
162.158.110.110 - - [12/Mar/2023:19:11:30 +0100] "GET /wp-content/plugins/elementor/assets/lib/font-awesome/css/all.min.css?ver=5.6.0 HTTP/1.0" 304 691 "https://immofromm.inglory.de/" "Mozilla/5.0 (Macintosh; Intel Mac OS X 10_15_7) AppleWebKit/537.36 (KHTML, like Gecko) Chrome/110.0.0.0 Safari/537.36"
162.158.111.92 - - [12/Mar/2023:19:11:30 +0100] "GET /wp-content/uploads/elementor/css/post-184.css?ver=1678638237 HTTP/1.0" 200 1872 "https://immofromm.inglory.de/" "Mozilla/5.0 (Macintosh; Intel Mac OS X 10_15_7) AppleWebKit/537.36 (KHTML, like Gecko) Chrome/110.0.0.0 Safari/537.36"
162.158.110.67 - - [12/Mar/2023:19:11:30 +0100] "GET /wp-content/uploads/elementor/css/post-1863.css?ver=1678638237 HTTP/1.0" 200 2011 "https://immofromm.inglory.de/" "Mozilla/5.0 (Macintosh; Intel Mac OS X 10_15_7) AppleWebKit/537.36 (KHTML, like Gecko) Chrome/110.0.0.0 Safari/537.36"
94.130.90.54 - - [12/Mar/2023:19:11:30 +0100] "GET /wp-content/uploads/2023/03/Ellipse-1-3.png HTTP/1.1" 200 308237 "https://immofromm.inglory.de/" "Serf/1.3.9 (mod_pagespeed/1.13.35.2-0)"
162.158.110.50 - - [12/Mar/2023:19:11:30 +0100] "GET /wp-content/uploads/2023/03/widgets-5.png HTTP/1.0" 304 691 "https://immofromm.inglory.de/" "Mozilla/5.0 (Macintosh; Intel Mac OS X 10_15_7) AppleWebKit/537.36 (KHTML, like Gecko) Chrome/110.0.0.0 Safari/537.36"
