HEX
Server: Apache
System: Linux server.inglory.de 5.15.0-139-generic #149~20.04.1-Ubuntu SMP Wed Apr 16 08:29:56 UTC 2025 x86_64
User: inglory.de_9f9idjkoa1i (10000)
PHP: 8.3.30
Disabled: opcache_get_status
Upload Files
File: /var/www/vhosts/inglory.de/logs/immofromm.inglory.de/access_ssl_log
162.158.95.18 - - [05/Apr/2023:23:18:45 +0200] "POST /wp-cron.php?doing_wp_cron=1680729525.5314071178436279296875 HTTP/1.0" 200 839 "-" "yod8huLmNhUU"
94.130.90.54 - - [05/Apr/2023:23:18:46 +0200] "GET /wp-content/uploads/elementor/css/custom-pro-widget-nav-menu.min.css?ver=1680507160 HTTP/1.1" 304 4854 "https://immofromm.inglory.de/" "Serf/1.3.9 (mod_pagespeed/1.13.35.2-0)"
94.130.90.54 - - [05/Apr/2023:23:18:46 +0200] "GET /wp-content/uploads/elementor/css/custom-widget-icon-list.min.css?ver=1680507160 HTTP/1.1" 304 4854 "https://immofromm.inglory.de/" "Serf/1.3.9 (mod_pagespeed/1.13.35.2-0)"
94.130.90.54 - - [05/Apr/2023:23:18:46 +0200] "GET /wp-content/themes/hello-elementor/style.min.css?ver=2.6.1 HTTP/1.1" 304 4854 "https://immofromm.inglory.de/" "Serf/1.3.9 (mod_pagespeed/1.13.35.2-0)"
94.130.90.54 - - [05/Apr/2023:23:18:46 +0200] "GET /wp-content/themes/hello-elementor/theme.min.css?ver=2.6.1 HTTP/1.1" 304 4854 "https://immofromm.inglory.de/" "Serf/1.3.9 (mod_pagespeed/1.13.35.2-0)"
94.130.90.54 - - [05/Apr/2023:23:18:46 +0200] "GET /wp-content/plugins/elementor/assets/lib/eicons/css/elementor-icons.min.css?ver=5.18.0 HTTP/1.1" 304 4854 "https://immofromm.inglory.de/" "Serf/1.3.9 (mod_pagespeed/1.13.35.2-0)"
94.130.90.54 - - [05/Apr/2023:23:18:46 +0200] "GET /wp-content/plugins/elementor/assets/lib/swiper/v8/css/swiper.min.css?ver=8.4.5 HTTP/1.1" 304 4854 "https://immofromm.inglory.de/" "Serf/1.3.9 (mod_pagespeed/1.13.35.2-0)"
162.158.38.55 - - [05/Apr/2023:23:18:44 +0200] "GET / HTTP/1.0" 200 41226 "-" "Plesk screenshot bot https://support.plesk.com/hc/en-us/articles/10301006946066"
94.130.90.54 - - [05/Apr/2023:23:18:46 +0200] "GET /wp-content/plugins/elementor/assets/lib/font-awesome/css/fontawesome.min.css?ver=5.15.3 HTTP/1.1" 304 4854 "https://immofromm.inglory.de/" "Serf/1.3.9 (mod_pagespeed/1.13.35.2-0)"
94.130.90.54 - - [05/Apr/2023:23:18:46 +0200] "GET /wp-content/plugins/elementor/assets/lib/font-awesome/css/solid.min.css?ver=5.15.3 HTTP/1.1" 304 4853 "https://immofromm.inglory.de/" "Serf/1.3.9 (mod_pagespeed/1.13.35.2-0)"
94.130.90.54 - - [05/Apr/2023:23:18:46 +0200] "GET /wp-content/plugins/loftloader-pro/assets/js/loftloader.js?ver=2022112801 HTTP/1.1" 304 4854 "https://immofromm.inglory.de/" "Serf/1.3.9 (mod_pagespeed/1.13.35.2-0)"
94.130.90.54 - - [05/Apr/2023:23:18:46 +0200] "GET /wp-content/themes/hello-elementor/assets/js/hello-frontend.min.js?ver=1.0.0 HTTP/1.1" 304 4853 "https://immofromm.inglory.de/" "Serf/1.3.9 (mod_pagespeed/1.13.35.2-0)"
94.130.90.54 - - [05/Apr/2023:23:18:46 +0200] "GET /wp-content/plugins/essential-addons-for-elementor-lite/assets/front-end/js/view/general.min.js?ver=5.6.4 HTTP/1.1" 304 4854 "https://immofromm.inglory.de/" "Serf/1.3.9 (mod_pagespeed/1.13.35.2-0)"
94.130.90.54 - - [05/Apr/2023:23:18:46 +0200] "GET /wp-content/uploads/essential-addons-elementor/eael-54.js?ver=1678727612 HTTP/1.1" 304 4853 "https://immofromm.inglory.de/" "Serf/1.3.9 (mod_pagespeed/1.13.35.2-0)"
94.130.90.54 - - [05/Apr/2023:23:18:46 +0200] "GET /wp-content/plugins/mystickyelements-pro/intl-tel-input-src/build/js/intlTelInput.js?ver=2.0.7 HTTP/1.1" 304 4855 "https://immofromm.inglory.de/" "Serf/1.3.9 (mod_pagespeed/1.13.35.2-0)"
94.130.90.54 - - [05/Apr/2023:23:18:46 +0200] "GET /wp-content/plugins/mystickyelements-pro/js/jquery.cookie.js?ver=2.0.7 HTTP/1.1" 304 4853 "https://immofromm.inglory.de/" "Serf/1.3.9 (mod_pagespeed/1.13.35.2-0)"
94.130.90.54 - - [05/Apr/2023:23:18:46 +0200] "GET /wp-content/plugins/mystickyelements-pro/js/mystickyelements-fronted.min.js?ver=2.0.7 HTTP/1.1" 304 4854 "https://immofromm.inglory.de/" "Serf/1.3.9 (mod_pagespeed/1.13.35.2-0)"
94.130.90.54 - - [05/Apr/2023:23:18:46 +0200] "GET /wp-content/plugins/elementor-pro/assets/lib/smartmenus/jquery.smartmenus.min.js?ver=1.0.1 HTTP/1.1" 304 4854 "https://immofromm.inglory.de/" "Serf/1.3.9 (mod_pagespeed/1.13.35.2-0)"
94.130.90.54 - - [05/Apr/2023:23:18:46 +0200] "GET /wp-content/plugins/elementor/assets/lib/font-awesome/js/v4-shims.min.js?ver=5.6.4 HTTP/1.1" 304 4854 "https://immofromm.inglory.de/" "Serf/1.3.9 (mod_pagespeed/1.13.35.2-0)"
94.130.90.54 - - [05/Apr/2023:23:18:46 +0200] "GET /wp-includes/js/imagesloaded.min.js?ver=4.1.4 HTTP/1.1" 304 4854 "https://immofromm.inglory.de/" "Serf/1.3.9 (mod_pagespeed/1.13.35.2-0)"
94.130.90.54 - - [05/Apr/2023:23:18:46 +0200] "GET /wp-content/plugins/elementor/assets/js/frontend-modules.min.js?ver=3.12.1 HTTP/1.1" 304 4854 "https://immofromm.inglory.de/" "Serf/1.3.9 (mod_pagespeed/1.13.35.2-0)"
94.130.90.54 - - [05/Apr/2023:23:18:46 +0200] "GET /wp-includes/js/dist/vendor/wp-polyfill-inert.min.js?ver=3.1.2 HTTP/1.1" 304 4854 "https://immofromm.inglory.de/" "Serf/1.3.9 (mod_pagespeed/1.13.35.2-0)"
94.130.90.54 - - [05/Apr/2023:23:18:46 +0200] "GET /wp-includes/js/dist/vendor/regenerator-runtime.min.js?ver=0.13.11 HTTP/1.1" 304 4854 "https://immofromm.inglory.de/" "Serf/1.3.9 (mod_pagespeed/1.13.35.2-0)"
94.130.90.54 - - [05/Apr/2023:23:18:46 +0200] "GET /wp-includes/js/dist/vendor/wp-polyfill.min.js?ver=3.15.0 HTTP/1.1" 304 4854 "https://immofromm.inglory.de/" "Serf/1.3.9 (mod_pagespeed/1.13.35.2-0)"
94.130.90.54 - - [05/Apr/2023:23:18:46 +0200] "GET /wp-includes/js/dist/hooks.min.js?ver=4169d3cf8e8d95a3d6d5 HTTP/1.1" 304 4854 "https://immofromm.inglory.de/" "Serf/1.3.9 (mod_pagespeed/1.13.35.2-0)"
94.130.90.54 - - [05/Apr/2023:23:18:46 +0200] "GET /wp-includes/js/dist/i18n.min.js?ver=9e794f35a71bb98672ae HTTP/1.1" 304 4854 "https://immofromm.inglory.de/" "Serf/1.3.9 (mod_pagespeed/1.13.35.2-0)"
94.130.90.54 - - [05/Apr/2023:23:18:46 +0200] "GET /wp-content/plugins/elementor-pro/assets/js/frontend.min.js?ver=3.11.3 HTTP/1.1" 304 4854 "https://immofromm.inglory.de/" "Serf/1.3.9 (mod_pagespeed/1.13.35.2-0)"
94.130.90.54 - - [05/Apr/2023:23:18:46 +0200] "GET /wp-content/plugins/elementor/assets/lib/waypoints/waypoints.min.js?ver=4.0.2 HTTP/1.1" 304 4854 "https://immofromm.inglory.de/" "Serf/1.3.9 (mod_pagespeed/1.13.35.2-0)"
94.130.90.54 - - [05/Apr/2023:23:18:46 +0200] "GET /wp-content/uploads/2023/03/Ellipse-2.png HTTP/1.1" 304 4854 "https://immofromm.inglory.de/" "Serf/1.3.9 (mod_pagespeed/1.13.35.2-0)"
94.130.90.54 - - [05/Apr/2023:23:18:46 +0200] "GET /wp-content/uploads/2023/03/Ellipse-2.png HTTP/1.1" 304 4854 "https://immofromm.inglory.de/" "Serf/1.3.9 (mod_pagespeed/1.13.35.2-0)"
94.130.90.54 - - [05/Apr/2023:23:18:46 +0200] "GET /wp-content/uploads/2023/03/Ellipse-2-150x150.png HTTP/1.1" 304 4854 "https://immofromm.inglory.de/" "Serf/1.3.9 (mod_pagespeed/1.13.35.2-0)"
94.130.90.54 - - [05/Apr/2023:23:18:46 +0200] "GET /wp-content/uploads/2023/03/Ellipse-2-1.png HTTP/1.1" 304 4854 "https://immofromm.inglory.de/" "Serf/1.3.9 (mod_pagespeed/1.13.35.2-0)"
94.130.90.54 - - [05/Apr/2023:23:18:46 +0200] "GET /wp-content/uploads/2023/03/Ellipse-2-1.png HTTP/1.1" 304 4854 "https://immofromm.inglory.de/" "Serf/1.3.9 (mod_pagespeed/1.13.35.2-0)"
94.130.90.54 - - [05/Apr/2023:23:18:46 +0200] "GET /wp-content/uploads/2023/03/Ellipse-2-1-150x150.png HTTP/1.1" 304 4854 "https://immofromm.inglory.de/" "Serf/1.3.9 (mod_pagespeed/1.13.35.2-0)"
94.130.90.54 - - [05/Apr/2023:23:18:46 +0200] "GET /wp-content/uploads/2023/03/stan-1-1.png HTTP/1.1" 304 4855 "https://immofromm.inglory.de/" "Serf/1.3.9 (mod_pagespeed/1.13.35.2-0)"
94.130.90.54 - - [05/Apr/2023:23:18:46 +0200] "GET /wp-content/uploads/2023/03/widgets-5.png HTTP/1.1" 304 4854 "https://immofromm.inglory.de/" "Serf/1.3.9 (mod_pagespeed/1.13.35.2-0)"
94.130.90.54 - - [05/Apr/2023:23:18:46 +0200] "GET /wp-content/uploads/2023/03/widgets-5.png HTTP/1.1" 304 4854 "https://immofromm.inglory.de/" "Serf/1.3.9 (mod_pagespeed/1.13.35.2-0)"
94.130.90.54 - - [05/Apr/2023:23:18:46 +0200] "GET /wp-content/uploads/2023/03/widgets-5-300x138.png HTTP/1.1" 304 4854 "https://immofromm.inglory.de/" "Serf/1.3.9 (mod_pagespeed/1.13.35.2-0)"
94.130.90.54 - - [05/Apr/2023:23:18:46 +0200] "GET /wp-content/plugins/elementor-pro/assets/css/widget-carousel.min.css HTTP/1.1" 304 4854 "https://immofromm.inglory.de/" "Serf/1.3.9 (mod_pagespeed/1.13.35.2-0)"
94.130.90.54 - - [05/Apr/2023:23:18:46 +0200] "GET /wp-content/uploads/elementor/css/custom-widget-icon-box.min.css?ver=1680507160 HTTP/1.1" 304 4854 "https://immofromm.inglory.de/" "Serf/1.3.9 (mod_pagespeed/1.13.35.2-0)"
162.158.38.55 - - [05/Apr/2023:23:18:46 +0200] "GET /wp-content/uploads/elementor/css/custom-frontend-lite.min.css?ver=1680507159 HTTP/1.0" 200 11664 "https://immofromm.inglory.de/" "Plesk screenshot bot https://support.plesk.com/hc/en-us/articles/10301006946066"
94.130.90.54 - - [05/Apr/2023:23:18:46 +0200] "GET /wp-includes/js/jquery/jquery.min.js?ver=3.6.3 HTTP/1.1" 304 4855 "https://immofromm.inglory.de/" "Serf/1.3.9 (mod_pagespeed/1.13.35.2-0)"
94.130.90.54 - - [05/Apr/2023:23:18:46 +0200] "GET /wp-includes/js/jquery/jquery-migrate.min.js?ver=3.4.0 HTTP/1.1" 304 4854 "https://immofromm.inglory.de/" "Serf/1.3.9 (mod_pagespeed/1.13.35.2-0)"
94.130.90.54 - - [05/Apr/2023:23:18:46 +0200] "GET /wp-content/plugins/borlabs-cookie/assets/javascript/borlabs-cookie-prioritize.min.js?ver=2.2.62 HTTP/1.1" 304 4853 "https://immofromm.inglory.de/" "Serf/1.3.9 (mod_pagespeed/1.13.35.2-0)"
94.130.90.54 - - [05/Apr/2023:23:18:46 +0200] "GET /wp-content/plugins/loftloader-pro/assets/js/jquery.waitformedias.min.js?ver=2022112801 HTTP/1.1" 304 4854 "https://immofromm.inglory.de/" "Serf/1.3.9 (mod_pagespeed/1.13.35.2-0)"
94.130.90.54 - - [05/Apr/2023:23:18:46 +0200] "GET /wp-content/plugins/Funnelforms-free/res/frontend/scripts/frontend.js?ver=3.2.3 HTTP/1.1" 304 4855 "https://immofromm.inglory.de/" "Serf/1.3.9 (mod_pagespeed/1.13.35.2-0)"
94.130.90.54 - - [05/Apr/2023:23:18:46 +0200] "GET /wp-content/plugins/Funnelforms-free/res/frontend/scripts/intlTelInputSelect2.js?ver=3.2.3 HTTP/1.1" 304 4854 "https://immofromm.inglory.de/" "Serf/1.3.9 (mod_pagespeed/1.13.35.2-0)"
94.130.90.54 - - [05/Apr/2023:23:18:46 +0200] "GET /wp-content/plugins/borlabs-cookie/assets/javascript/borlabs-cookie.min.js?ver=2.2.62 HTTP/1.1" 304 4854 "https://immofromm.inglory.de/" "Serf/1.3.9 (mod_pagespeed/1.13.35.2-0)"
94.130.90.54 - - [05/Apr/2023:23:18:46 +0200] "GET /wp-content/plugins/elementor/assets/js/frontend.min.js?ver=3.12.1 HTTP/1.1" 304 4854 "https://immofromm.inglory.de/" "Serf/1.3.9 (mod_pagespeed/1.13.35.2-0)"
94.130.90.54 - - [05/Apr/2023:23:18:46 +0200] "GET /wp-content/plugins/elementor-pro/assets/js/elements-handlers.min.js?ver=3.11.3 HTTP/1.1" 304 4854 "https://immofromm.inglory.de/" "Serf/1.3.9 (mod_pagespeed/1.13.35.2-0)"
94.130.90.54 - - [05/Apr/2023:23:18:46 +0200] "GET /wp-content/plugins/elementor-pro/assets/lib/sticky/jquery.sticky.min.js?ver=3.11.3 HTTP/1.1" 304 4853 "https://immofromm.inglory.de/" "Serf/1.3.9 (mod_pagespeed/1.13.35.2-0)"
94.130.90.54 - - [05/Apr/2023:23:18:46 +0200] "GET /wp-content/plugins/loftloader-pro/assets/css/loftloader.min.css?ver=2022112801 HTTP/1.1" 304 4855 "https://immofromm.inglory.de/" "Serf/1.3.9 (mod_pagespeed/1.13.35.2-0)"
94.130.90.54 - - [05/Apr/2023:23:18:46 +0200] "GET /wp-includes/css/dist/block-library/style.min.css?ver=6.2 HTTP/1.1" 304 4855 "https://immofromm.inglory.de/" "Serf/1.3.9 (mod_pagespeed/1.13.35.2-0)"
94.130.90.54 - - [05/Apr/2023:23:18:46 +0200] "GET /wp-includes/css/classic-themes.min.css?ver=6.2 HTTP/1.1" 304 4853 "https://immofromm.inglory.de/" "Serf/1.3.9 (mod_pagespeed/1.13.35.2-0)"
94.130.90.54 - - [05/Apr/2023:23:18:46 +0200] "GET /wp-content/uploads/elementor/css/custom-frontend-lite.min.css?ver=1680507159 HTTP/1.1" 304 4855 "https://immofromm.inglory.de/" "Serf/1.3.9 (mod_pagespeed/1.13.35.2-0)"
94.130.90.54 - - [05/Apr/2023:23:18:46 +0200] "GET /wp-content/uploads/elementor/css/post-8.css?ver=1680507159 HTTP/1.1" 304 4853 "https://immofromm.inglory.de/" "Serf/1.3.9 (mod_pagespeed/1.13.35.2-0)"
94.130.90.54 - - [05/Apr/2023:23:18:46 +0200] "GET /wp-content/plugins/essential-addons-for-elementor-lite/assets/front-end/css/view/general.min.css?ver=5.6.4 HTTP/1.1" 304 4853 "https://immofromm.inglory.de/" "Serf/1.3.9 (mod_pagespeed/1.13.35.2-0)"
94.130.90.54 - - [05/Apr/2023:23:18:46 +0200] "GET /wp-content/uploads/essential-addons-elementor/eael-54.css?ver=1678727612 HTTP/1.1" 304 4854 "https://immofromm.inglory.de/" "Serf/1.3.9 (mod_pagespeed/1.13.35.2-0)"
94.130.90.54 - - [05/Apr/2023:23:18:46 +0200] "GET /wp-content/uploads/elementor/css/custom-pro-frontend-lite.min.css?ver=1680507159 HTTP/1.1" 304 4854 "https://immofromm.inglory.de/" "Serf/1.3.9 (mod_pagespeed/1.13.35.2-0)"
94.130.90.54 - - [05/Apr/2023:23:18:46 +0200] "GET /wp-content/uploads/elementor/css/post-54.css?ver=1680507159 HTTP/1.1" 304 4855 "https://immofromm.inglory.de/" "Serf/1.3.9 (mod_pagespeed/1.13.35.2-0)"
94.130.90.54 - - [05/Apr/2023:23:18:46 +0200] "GET /wp-content/uploads/elementor/css/post-394.css?ver=1680507159 HTTP/1.1" 304 4854 "https://immofromm.inglory.de/" "Serf/1.3.9 (mod_pagespeed/1.13.35.2-0)"
94.130.90.54 - - [05/Apr/2023:23:18:46 +0200] "GET /wp-content/uploads/elementor/css/post-399.css?ver=1680507159 HTTP/1.1" 304 4854 "https://immofromm.inglory.de/" "Serf/1.3.9 (mod_pagespeed/1.13.35.2-0)"
94.130.90.54 - - [05/Apr/2023:23:18:46 +0200] "GET /wp-content/cache/borlabs-cookie/borlabs-cookie_1_en.css?ver=2.2.62-30 HTTP/1.1" 304 4854 "https://immofromm.inglory.de/" "Serf/1.3.9 (mod_pagespeed/1.13.35.2-0)"
94.130.90.54 - - [05/Apr/2023:23:18:46 +0200] "GET /wp-content/plugins/mystickyelements-pro/css/font-awesome.min.css?ver=2.0.7 HTTP/1.1" 304 4854 "https://immofromm.inglory.de/" "Serf/1.3.9 (mod_pagespeed/1.13.35.2-0)"
94.130.90.54 - - [05/Apr/2023:23:18:46 +0200] "GET /wp-content/plugins/mystickyelements-pro/css/mystickyelements-front.min.css?ver=2.0.7 HTTP/1.1" 304 4855 "https://immofromm.inglory.de/" "Serf/1.3.9 (mod_pagespeed/1.13.35.2-0)"
94.130.90.54 - - [05/Apr/2023:23:18:46 +0200] "GET /wp-content/plugins/mystickyelements-pro/intl-tel-input-src/build/css/intlTelInput.css?ver=2.0.7 HTTP/1.1" 304 4854 "https://immofromm.inglory.de/" "Serf/1.3.9 (mod_pagespeed/1.13.35.2-0)"
162.158.38.82 - - [05/Apr/2023:23:18:46 +0200] "GET /wp-content/plugins/loftloader-pro/assets/css/loftloader.min.css?ver=2022112801 HTTP/1.0" 200 7913 "https://immofromm.inglory.de/" "Plesk screenshot bot https://support.plesk.com/hc/en-us/articles/10301006946066"
94.130.90.54 - - [05/Apr/2023:23:18:46 +0200] "GET /wp-content/plugins/elementor/assets/lib/font-awesome/css/all.min.css?ver=5.6.4 HTTP/1.1" 304 4854 "https://immofromm.inglory.de/" "Serf/1.3.9 (mod_pagespeed/1.13.35.2-0)"
94.130.90.54 - - [05/Apr/2023:23:18:46 +0200] "GET /wp-content/plugins/elementor/assets/lib/font-awesome/css/v4-shims.min.css?ver=5.6.4 HTTP/1.1" 304 4854 "https://immofromm.inglory.de/" "Serf/1.3.9 (mod_pagespeed/1.13.35.2-0)"
162.158.38.46 - - [05/Apr/2023:23:18:46 +0200] "GET /wp-includes/css/classic-themes.min.css?ver=6.2 HTTP/1.0" 200 1168 "https://immofromm.inglory.de/" "Plesk screenshot bot https://support.plesk.com/hc/en-us/articles/10301006946066"
162.158.38.125 - - [05/Apr/2023:23:18:46 +0200] "GET /wp-content/themes/hello-elementor/style.min.css?ver=2.6.1 HTTP/1.0" 200 2922 "https://immofromm.inglory.de/" "Plesk screenshot bot https://support.plesk.com/hc/en-us/articles/10301006946066"
94.130.90.54 - - [05/Apr/2023:23:18:46 +0200] "GET /wp-content/plugins/Funnelforms-free/res/frontend/styles/frontend.css?ver=3.2.3 HTTP/1.1" 304 4854 "https://immofromm.inglory.de/" "Serf/1.3.9 (mod_pagespeed/1.13.35.2-0)"
162.158.38.146 - - [05/Apr/2023:23:18:46 +0200] "GET /wp-includes/css/dist/block-library/style.min.css?ver=6.2 HTTP/1.0" 200 13574 "https://immofromm.inglory.de/" "Plesk screenshot bot https://support.plesk.com/hc/en-us/articles/10301006946066"
162.158.38.240 - - [05/Apr/2023:23:18:46 +0200] "GET /wp-content/themes/hello-elementor/theme.min.css?ver=2.6.1 HTTP/1.0" 200 3637 "https://immofromm.inglory.de/" "Plesk screenshot bot https://support.plesk.com/hc/en-us/articles/10301006946066"
94.130.90.54 - - [05/Apr/2023:23:18:46 +0200] "GET /wp-content/plugins/Funnelforms-free/res/frontend/styles/intlTelInput.css?ver=3.2.3 HTTP/1.1" 304 4854 "https://immofromm.inglory.de/" "Serf/1.3.9 (mod_pagespeed/1.13.35.2-0)"
94.130.90.54 - - [05/Apr/2023:23:18:46 +0200] "GET /wp-content/uploads/elementor/css/post-180.css?ver=1680507160 HTTP/1.1" 304 4854 "https://immofromm.inglory.de/" "Serf/1.3.9 (mod_pagespeed/1.13.35.2-0)"
162.158.38.79 - - [05/Apr/2023:23:18:46 +0200] "GET /wp-content/plugins/elementor/assets/lib/eicons/css/elementor-icons.min.css?ver=5.18.0 HTTP/1.0" 200 4879 "https://immofromm.inglory.de/" "Plesk screenshot bot https://support.plesk.com/hc/en-us/articles/10301006946066"
94.130.90.54 - - [05/Apr/2023:23:18:46 +0200] "GET /wp-content/uploads/elementor/css/post-184.css?ver=1680507160 HTTP/1.1" 304 4854 "https://immofromm.inglory.de/" "Serf/1.3.9 (mod_pagespeed/1.13.35.2-0)"
162.158.38.183 - - [05/Apr/2023:23:18:46 +0200] "GET /wp-content/uploads/elementor/css/post-8.css?ver=1680507159 HTTP/1.0" 200 1789 "https://immofromm.inglory.de/" "Plesk screenshot bot https://support.plesk.com/hc/en-us/articles/10301006946066"
162.158.38.136 - - [05/Apr/2023:23:18:46 +0200] "GET /wp-content/uploads/elementor/css/post-54.css?ver=1680507159 HTTP/1.0" 200 8690 "https://immofromm.inglory.de/" "Plesk screenshot bot https://support.plesk.com/hc/en-us/articles/10301006946066"
94.130.90.54 - - [05/Apr/2023:23:18:46 +0200] "GET /wp-content/uploads/elementor/css/post-1588.css?ver=1680507160 HTTP/1.1" 304 4854 "https://immofromm.inglory.de/" "Serf/1.3.9 (mod_pagespeed/1.13.35.2-0)"
94.130.90.54 - - [05/Apr/2023:23:18:46 +0200] "GET /wp-content/uploads/elementor/css/post-1863.css?ver=1680507161 HTTP/1.1" 304 4854 "https://immofromm.inglory.de/" "Serf/1.3.9 (mod_pagespeed/1.13.35.2-0)"
162.158.38.159 - - [05/Apr/2023:23:18:46 +0200] "GET /wp-content/uploads/essential-addons-elementor/eael-54.css?ver=1678727612 HTTP/1.0" 200 2346 "https://immofromm.inglory.de/" "Plesk screenshot bot https://support.plesk.com/hc/en-us/articles/10301006946066"
94.130.90.54 - - [05/Apr/2023:23:18:46 +0200] "GET /wp-content/plugins/elementor/assets/lib/animations/animations.min.css?ver=3.12.1 HTTP/1.1" 304 4854 "https://immofromm.inglory.de/" "Serf/1.3.9 (mod_pagespeed/1.13.35.2-0)"
162.158.38.78 - - [05/Apr/2023:23:18:46 +0200] "GET /wp-content/plugins/essential-addons-for-elementor-lite/assets/front-end/css/view/general.min.css?ver=5.6.4 HTTP/1.0" 200 1800 "https://immofromm.inglory.de/" "Plesk screenshot bot https://support.plesk.com/hc/en-us/articles/10301006946066"
162.158.38.197 - - [05/Apr/2023:23:18:46 +0200] "GET /wp-content/uploads/elementor/css/post-394.css?ver=1680507159 HTTP/1.0" 200 2088 "https://immofromm.inglory.de/" "Plesk screenshot bot https://support.plesk.com/hc/en-us/articles/10301006946066"
94.130.90.54 - - [05/Apr/2023:23:18:46 +0200] "GET /wp-content/uploads/2023/03/cropped-favicon-32x32.png HTTP/1.1" 304 4853 "https://immofromm.inglory.de/" "Serf/1.3.9 (mod_pagespeed/1.13.35.2-0)"
162.158.38.182 - - [05/Apr/2023:23:18:46 +0200] "GET /wp-content/cache/borlabs-cookie/borlabs-cookie_1_en.css?ver=2.2.62-30 HTTP/1.0" 200 7604 "https://immofromm.inglory.de/" "Plesk screenshot bot https://support.plesk.com/hc/en-us/articles/10301006946066"
162.158.38.170 - - [05/Apr/2023:23:18:46 +0200] "GET /wp-content/plugins/elementor/assets/lib/swiper/v8/css/swiper.min.css?ver=8.4.5 HTTP/1.0" 200 5545 "https://immofromm.inglory.de/" "Plesk screenshot bot https://support.plesk.com/hc/en-us/articles/10301006946066"
94.130.90.54 - - [05/Apr/2023:23:18:46 +0200] "GET /wp-content/uploads/2023/03/cropped-favicon-192x192.png HTTP/1.1" 304 4854 "https://immofromm.inglory.de/" "Serf/1.3.9 (mod_pagespeed/1.13.35.2-0)"
162.158.38.113 - - [05/Apr/2023:23:18:46 +0200] "GET /wp-content/uploads/elementor/css/post-399.css?ver=1680507159 HTTP/1.0" 200 3042 "https://immofromm.inglory.de/" "Plesk screenshot bot https://support.plesk.com/hc/en-us/articles/10301006946066"
162.158.38.86 - - [05/Apr/2023:23:18:46 +0200] "GET /wp-content/plugins/elementor/assets/lib/font-awesome/css/solid.min.css?ver=5.15.3 HTTP/1.0" 200 1267 "https://immofromm.inglory.de/" "Plesk screenshot bot https://support.plesk.com/hc/en-us/articles/10301006946066"
94.130.90.54 - - [05/Apr/2023:23:18:46 +0200] "GET /wp-content/uploads/2023/03/cropped-favicon-180x180.png HTTP/1.1" 304 4854 "https://immofromm.inglory.de/" "Serf/1.3.9 (mod_pagespeed/1.13.35.2-0)"
162.158.38.238 - - [05/Apr/2023:23:18:46 +0200] "GET /wp-content/plugins/mystickyelements-pro/css/font-awesome.min.css?ver=2.0.7 HTTP/1.0" 200 12760 "https://immofromm.inglory.de/" "Plesk screenshot bot https://support.plesk.com/hc/en-us/articles/10301006946066"
94.130.90.54 - - [05/Apr/2023:23:18:46 +0200] "GET /wp-content/uploads/2023/03/Ellipse-1-3.png HTTP/1.1" 304 4855 "https://immofromm.inglory.de/wp-content/uploads/elementor/css/post-54.css?ver=1680507159" "Serf/1.3.9 (mod_pagespeed/1.13.35.2-0)"
162.158.38.190 - - [05/Apr/2023:23:18:46 +0200] "GET /wp-content/uploads/elementor/css/custom-pro-frontend-lite.min.css?ver=1680507159 HTTP/1.0" 200 2366 "https://immofromm.inglory.de/" "Plesk screenshot bot https://support.plesk.com/hc/en-us/articles/10301006946066"
94.130.90.54 - - [05/Apr/2023:23:18:46 +0200] "GET /wp-content/uploads/2023/03/Logo-24.svg HTTP/1.1" 200 7834 "https://immofromm.inglory.de/" "Serf/1.3.9 (mod_pagespeed/1.13.35.2-0)"
162.158.38.183 - - [05/Apr/2023:23:18:46 +0200] "GET /wp-content/plugins/elementor/assets/lib/font-awesome/css/fontawesome.min.css?ver=5.15.3 HTTP/1.0" 200 13406 "https://immofromm.inglory.de/" "Plesk screenshot bot https://support.plesk.com/hc/en-us/articles/10301006946066"
162.158.38.138 - - [05/Apr/2023:23:18:46 +0200] "GET /wp-content/plugins/mystickyelements-pro/css/mystickyelements-front.min.css?ver=2.0.7 HTTP/1.0" 200 15002 "https://immofromm.inglory.de/" "Plesk screenshot bot https://support.plesk.com/hc/en-us/articles/10301006946066"
162.158.38.165 - - [05/Apr/2023:23:18:46 +0200] "GET /wp-content/plugins/mystickyelements-pro/intl-tel-input-src/build/css/intlTelInput.css?ver=2.0.7 HTTP/1.0" 200 5457 "https://immofromm.inglory.de/" "Plesk screenshot bot https://support.plesk.com/hc/en-us/articles/10301006946066"
94.130.90.54 - - [05/Apr/2023:23:18:46 +0200] "GET /wp-content/uploads/2023/03/Ellipse-1-4.png HTTP/1.1" 304 4854 "https://immofromm.inglory.de/wp-content/uploads/elementor/css/post-54.css?ver=1680507159" "Serf/1.3.9 (mod_pagespeed/1.13.35.2-0)"
94.130.90.54 - - [05/Apr/2023:23:18:46 +0200] "GET /wp-content/uploads/2023/03/Logo-24.svg HTTP/1.1" 200 7834 "https://immofromm.inglory.de/" "Serf/1.3.9 (mod_pagespeed/1.13.35.2-0)"
162.158.38.78 - - [05/Apr/2023:23:18:46 +0200] "GET /wp-includes/js/jquery/jquery-migrate.min.js?ver=3.4.0 HTTP/1.0" 200 5790 "https://immofromm.inglory.de/" "Plesk screenshot bot https://support.plesk.com/hc/en-us/articles/10301006946066"
94.130.90.54 - - [05/Apr/2023:23:18:46 +0200] "GET /wp-content/uploads/2023/03/menu-3.svg HTTP/1.1" 200 5400 "https://immofromm.inglory.de/" "Serf/1.3.9 (mod_pagespeed/1.13.35.2-0)"
94.130.90.54 - - [05/Apr/2023:23:18:46 +0200] "GET /wp-content/uploads/2023/03/Frame-1261156839.svg HTTP/1.1" 200 9379 "https://immofromm.inglory.de/wp-content/uploads/elementor/css/post-54.css?ver=1680507159" "Serf/1.3.9 (mod_pagespeed/1.13.35.2-0)"
94.130.90.54 - - [05/Apr/2023:23:18:46 +0200] "GET /wp-content/uploads/2023/03/Group-4508-1.svg HTTP/1.1" 200 20885 "https://immofromm.inglory.de/" "Serf/1.3.9 (mod_pagespeed/1.13.35.2-0)"
162.158.38.115 - - [05/Apr/2023:23:18:46 +0200] "GET /wp-includes/js/jquery/jquery.min.js?ver=3.6.3 HTTP/1.0" 200 32039 "https://immofromm.inglory.de/" "Plesk screenshot bot https://support.plesk.com/hc/en-us/articles/10301006946066"
94.130.90.54 - - [05/Apr/2023:23:18:46 +0200] "GET /wp-content/uploads/2023/03/Group-4516.svg HTTP/1.1" 200 22426 "https://immofromm.inglory.de/" "Serf/1.3.9 (mod_pagespeed/1.13.35.2-0)"
162.158.38.219 - - [05/Apr/2023:23:18:46 +0200] "GET /wp-content/plugins/borlabs-cookie/assets/javascript/borlabs-cookie-prioritize.min.js?ver=2.2.62 HTTP/1.0" 200 1781 "https://immofromm.inglory.de/" "Plesk screenshot bot https://support.plesk.com/hc/en-us/articles/10301006946066"
94.130.90.54 - - [05/Apr/2023:23:18:46 +0200] "GET /wp-content/uploads/2023/03/provision.svg HTTP/1.1" 200 17835 "https://immofromm.inglory.de/" "Serf/1.3.9 (mod_pagespeed/1.13.35.2-0)"
94.130.90.54 - - [05/Apr/2023:23:18:46 +0200] "GET /wp-content/plugins/mystickyelements-pro/intl-tel-input-src/build/img/flags.png HTTP/1.1" 304 4855 "https://immofromm.inglory.de/wp-content/plugins/mystickyelements-pro/css/mystickyelements-front.min.css?ver=2.0.7" "Serf/1.3.9 (mod_pagespeed/1.13.35.2-0)"
94.130.90.54 - - [05/Apr/2023:23:18:46 +0200] "GET /wp-content/uploads/2023/03/eye.svg HTTP/1.1" 200 17850 "https://immofromm.inglory.de/" "Serf/1.3.9 (mod_pagespeed/1.13.35.2-0)"
94.130.90.54 - - [05/Apr/2023:23:18:46 +0200] "GET /wp-content/plugins/mystickyelements-pro/intl-tel-input-src/build/img/flags.png HTTP/1.1" 304 4855 "https://immofromm.inglory.de/wp-content/plugins/mystickyelements-pro/intl-tel-input-src/build/css/intlTelInput.css?ver=2.0.7" "Serf/1.3.9 (mod_pagespeed/1.13.35.2-0)"
94.130.90.54 - - [05/Apr/2023:23:18:46 +0200] "GET /wp-content/uploads/2023/03/range.svg HTTP/1.1" 200 17850 "https://immofromm.inglory.de/" "Serf/1.3.9 (mod_pagespeed/1.13.35.2-0)"
94.130.90.54 - - [05/Apr/2023:23:18:46 +0200] "GET /wp-content/plugins/mystickyelements-pro/intl-tel-input-src/build/img/flags@2x.png HTTP/1.1" 304 4855 "https://immofromm.inglory.de/wp-content/plugins/mystickyelements-pro/intl-tel-input-src/build/css/intlTelInput.css?ver=2.0.7" "Serf/1.3.9 (mod_pagespeed/1.13.35.2-0)"
94.130.90.54 - - [05/Apr/2023:23:18:46 +0200] "GET /wp-content/uploads/2023/03/gurantee.svg HTTP/1.1" 200 17862 "https://immofromm.inglory.de/" "Serf/1.3.9 (mod_pagespeed/1.13.35.2-0)"
94.130.90.54 - - [05/Apr/2023:23:18:46 +0200] "GET /wp-content/uploads/2023/03/pig.svg HTTP/1.1" 200 17850 "https://immofromm.inglory.de/" "Serf/1.3.9 (mod_pagespeed/1.13.35.2-0)"
94.130.90.54 - - [05/Apr/2023:23:18:46 +0200] "GET /wp-content/uploads/2023/03/increase.svg HTTP/1.1" 200 17862 "https://immofromm.inglory.de/" "Serf/1.3.9 (mod_pagespeed/1.13.35.2-0)"
94.130.90.54 - - [05/Apr/2023:23:18:46 +0200] "GET /wp-content/uploads/2023/03/image-2.jpg HTTP/1.1" 304 4854 "https://immofromm.inglory.de/" "Serf/1.3.9 (mod_pagespeed/1.13.35.2-0)"
94.130.90.54 - - [05/Apr/2023:23:18:46 +0200] "GET /wp-content/uploads/2023/03/image-2.jpg HTTP/1.1" 304 4854 "https://immofromm.inglory.de/" "Serf/1.3.9 (mod_pagespeed/1.13.35.2-0)"
94.130.90.54 - - [05/Apr/2023:23:18:46 +0200] "GET /wp-content/uploads/2023/03/image-2-300x200.jpg HTTP/1.1" 304 4854 "https://immofromm.inglory.de/" "Serf/1.3.9 (mod_pagespeed/1.13.35.2-0)"
94.130.90.54 - - [05/Apr/2023:23:18:46 +0200] "GET /wp-content/uploads/2023/03/image-3.jpg HTTP/1.1" 304 4854 "https://immofromm.inglory.de/" "Serf/1.3.9 (mod_pagespeed/1.13.35.2-0)"
94.130.90.54 - - [05/Apr/2023:23:18:46 +0200] "GET /wp-content/uploads/2023/03/image-3.jpg HTTP/1.1" 304 4854 "https://immofromm.inglory.de/" "Serf/1.3.9 (mod_pagespeed/1.13.35.2-0)"
94.130.90.54 - - [05/Apr/2023:23:18:46 +0200] "GET /wp-content/uploads/2023/03/image-3-300x200.jpg HTTP/1.1" 304 4854 "https://immofromm.inglory.de/" "Serf/1.3.9 (mod_pagespeed/1.13.35.2-0)"
94.130.90.54 - - [05/Apr/2023:23:18:46 +0200] "GET /wp-content/uploads/2023/03/image1.jpg HTTP/1.1" 304 4854 "https://immofromm.inglory.de/" "Serf/1.3.9 (mod_pagespeed/1.13.35.2-0)"
94.130.90.54 - - [05/Apr/2023:23:18:46 +0200] "GET /wp-content/uploads/2023/03/image1.jpg HTTP/1.1" 304 4854 "https://immofromm.inglory.de/" "Serf/1.3.9 (mod_pagespeed/1.13.35.2-0)"
94.130.90.54 - - [05/Apr/2023:23:18:46 +0200] "GET /wp-content/uploads/2023/03/image1-300x200.jpg HTTP/1.1" 304 4854 "https://immofromm.inglory.de/" "Serf/1.3.9 (mod_pagespeed/1.13.35.2-0)"
94.130.90.54 - - [05/Apr/2023:23:18:46 +0200] "GET /wp-content/uploads/2023/03/aboutpicture.png HTTP/1.1" 304 4855 "https://immofromm.inglory.de/" "Serf/1.3.9 (mod_pagespeed/1.13.35.2-0)"
94.130.90.54 - - [05/Apr/2023:23:18:46 +0200] "GET /wp-content/uploads/2023/03/aboutpicture.png HTTP/1.1" 304 4855 "https://immofromm.inglory.de/" "Serf/1.3.9 (mod_pagespeed/1.13.35.2-0)"
94.130.90.54 - - [05/Apr/2023:23:18:46 +0200] "GET /wp-content/uploads/2023/03/aboutpicture-300x212.png HTTP/1.1" 304 4854 "https://immofromm.inglory.de/" "Serf/1.3.9 (mod_pagespeed/1.13.35.2-0)"
94.130.90.54 - - [05/Apr/2023:23:18:46 +0200] "GET /wp-content/uploads/2023/03/Frame-1261156840.svg HTTP/1.1" 200 11877 "https://immofromm.inglory.de/" "Serf/1.3.9 (mod_pagespeed/1.13.35.2-0)"
94.130.90.54 - - [05/Apr/2023:23:18:46 +0200] "GET /wp-content/uploads/2023/03/xelipse2.2.png HTTP/1.1" 304 4854 "https://immofromm.inglory.de/" "Serf/1.3.9 (mod_pagespeed/1.13.35.2-0)"
94.130.90.54 - - [05/Apr/2023:23:18:46 +0200] "GET /wp-content/uploads/2023/03/xelipse2.2.png HTTP/1.1" 304 4854 "https://immofromm.inglory.de/" "Serf/1.3.9 (mod_pagespeed/1.13.35.2-0)"
94.130.90.54 - - [05/Apr/2023:23:18:46 +0200] "GET /wp-content/uploads/2023/03/xelipse2.2-150x150.png HTTP/1.1" 304 4854 "https://immofromm.inglory.de/" "Serf/1.3.9 (mod_pagespeed/1.13.35.2-0)"
94.130.90.54 - - [05/Apr/2023:23:18:46 +0200] "GET /wp-content/uploads/2023/03/stan-1-1.png HTTP/1.1" 304 4855 "https://immofromm.inglory.de/" "Serf/1.3.9 (mod_pagespeed/1.13.35.2-0)"
94.130.90.54 - - [05/Apr/2023:23:18:46 +0200] "GET /wp-content/uploads/2023/03/stan-1-1-270x300.png HTTP/1.1" 304 4854 "https://immofromm.inglory.de/" "Serf/1.3.9 (mod_pagespeed/1.13.35.2-0)"
94.130.90.54 - - [05/Apr/2023:23:18:46 +0200] "GET /wp-content/uploads/2023/03/np_check_5542984_2E5955.png HTTP/1.1" 304 4854 "https://immofromm.inglory.de/" "Serf/1.3.9 (mod_pagespeed/1.13.35.2-0)"
94.130.90.54 - - [05/Apr/2023:23:18:46 +0200] "GET /wp-content/uploads/2023/03/Group-25-1.svg HTTP/1.1" 200 9140 "https://immofromm.inglory.de/" "Serf/1.3.9 (mod_pagespeed/1.13.35.2-0)"
94.130.90.54 - - [05/Apr/2023:23:18:46 +0200] "GET /wp-content/uploads/2023/03/Group-2-1.svg HTTP/1.1" 200 13352 "https://immofromm.inglory.de/" "Serf/1.3.9 (mod_pagespeed/1.13.35.2-0)"
94.130.90.54 - - [05/Apr/2023:23:18:46 +0200] "GET /wp-content/uploads/2023/03/Logo-24-1-1-1-1.svg HTTP/1.1" 200 7834 "https://immofromm.inglory.de/" "Serf/1.3.9 (mod_pagespeed/1.13.35.2-0)"
94.130.90.54 - - [05/Apr/2023:23:18:46 +0200] "GET /wp-content/plugins/essential-addons-for-elementor-lite/assets/admin/images/templately/logo-icon.svg HTTP/1.1" 200 5660 "https://immofromm.inglory.de/" "Serf/1.3.9 (mod_pagespeed/1.13.35.2-0)"
94.130.90.54 - - [05/Apr/2023:23:18:46 +0200] "GET /wp-content/plugins/elementor-pro/assets/js/webpack-pro.runtime.min.js?ver=3.11.3 HTTP/1.1" 304 4854 "https://immofromm.inglory.de/" "Serf/1.3.9 (mod_pagespeed/1.13.35.2-0)"
94.130.90.54 - - [05/Apr/2023:23:18:46 +0200] "GET /wp-content/plugins/elementor/assets/js/webpack.runtime.min.js?ver=3.12.1 HTTP/1.1" 304 4854 "https://immofromm.inglory.de/" "Serf/1.3.9 (mod_pagespeed/1.13.35.2-0)"
94.130.90.54 - - [05/Apr/2023:23:18:46 +0200] "GET /wp-includes/js/jquery/ui/core.min.js?ver=1.13.2 HTTP/1.1" 304 4854 "https://immofromm.inglory.de/" "Serf/1.3.9 (mod_pagespeed/1.13.35.2-0)"
94.130.90.54 - - [05/Apr/2023:23:18:46 +0200] "GET /wp-content/uploads/2023/03/Ellipse-1-3.png HTTP/1.1" 304 4855 "https://immofromm.inglory.de/" "Serf/1.3.9 (mod_pagespeed/1.13.35.2-0)"
94.130.90.54 - - [05/Apr/2023:23:18:46 +0200] "GET /wp-content/uploads/2023/03/Ellipse-1-4.png HTTP/1.1" 304 4854 "https://immofromm.inglory.de/" "Serf/1.3.9 (mod_pagespeed/1.13.35.2-0)"
94.130.90.54 - - [05/Apr/2023:23:18:46 +0200] "GET /wp-content/uploads/2023/03/Frame-1261156839.svg HTTP/1.1" 200 9379 "https://immofromm.inglory.de/" "Serf/1.3.9 (mod_pagespeed/1.13.35.2-0)"
94.130.90.54 - - [05/Apr/2023:23:18:46 +0200] "GET /wp-content/plugins/mystickyelements-pro/intl-tel-input-src/build/img/flags.png HTTP/1.1" 304 4855 "https://immofromm.inglory.de/" "Serf/1.3.9 (mod_pagespeed/1.13.35.2-0)"
94.130.90.54 - - [05/Apr/2023:23:18:46 +0200] "GET /wp-content/plugins/mystickyelements-pro/intl-tel-input-src/build/img/flags@2x.png HTTP/1.1" 304 4855 "https://immofromm.inglory.de/" "Serf/1.3.9 (mod_pagespeed/1.13.35.2-0)"
94.130.90.54 - - [05/Apr/2023:23:18:46 +0200] "GET /wp-content/plugins/Funnelforms-free/res/images/flags.png HTTP/1.1" 304 4855 "https://immofromm.inglory.de/" "Serf/1.3.9 (mod_pagespeed/1.13.35.2-0)"
94.130.90.54 - - [05/Apr/2023:23:18:46 +0200] "GET /wp-content/plugins/Funnelforms-free/res/images/flags@2x.png HTTP/1.1" 304 4855 "https://immofromm.inglory.de/" "Serf/1.3.9 (mod_pagespeed/1.13.35.2-0)"
162.158.38.108 - - [05/Apr/2023:23:18:46 +0200] "GET /wp-content/plugins/elementor-pro/assets/css/widget-carousel.min.css HTTP/1.0" 200 4206 "https://immofromm.inglory.de/" "Plesk screenshot bot https://support.plesk.com/hc/en-us/articles/10301006946066"
162.158.38.206 - - [05/Apr/2023:23:18:46 +0200] "GET /wp-content/uploads/elementor/css/custom-pro-widget-nav-menu.min.css,qver==1680507160+custom-widget-icon-list.min.css,qver==1680507160.pagespeed.cc.nP1MOWKu8T.css HTTP/1.0" 200 4928 "https://immofromm.inglory.de/" "Plesk screenshot bot https://support.plesk.com/hc/en-us/articles/10301006946066"
162.158.38.240 - - [05/Apr/2023:23:18:46 +0200] "GET /wp-content/uploads/elementor/css/post-1588.css?ver=1680507160 HTTP/1.0" 200 1873 "https://immofromm.inglory.de/" "Plesk screenshot bot https://support.plesk.com/hc/en-us/articles/10301006946066"
162.158.38.165 - - [05/Apr/2023:23:18:46 +0200] "GET /wp-content/plugins/elementor/assets/js/webpack.runtime.min.js?ver=3.12.1 HTTP/1.0" 200 3192 "https://immofromm.inglory.de/" "Plesk screenshot bot https://support.plesk.com/hc/en-us/articles/10301006946066"
162.158.38.183 - - [05/Apr/2023:23:18:46 +0200] "GET /wp-includes/js/dist/vendor/regenerator-runtime.min.js?ver=0.13.11 HTTP/1.0" 200 3495 "https://immofromm.inglory.de/" "Plesk screenshot bot https://support.plesk.com/hc/en-us/articles/10301006946066"
162.158.38.146 - - [05/Apr/2023:23:18:46 +0200] "GET /wp-content/plugins/elementor/assets/js/frontend-modules.min.js?ver=3.12.1 HTTP/1.0" 200 13959 "https://immofromm.inglory.de/" "Plesk screenshot bot https://support.plesk.com/hc/en-us/articles/10301006946066"
162.158.38.238 - - [05/Apr/2023:23:18:46 +0200] "GET /wp-includes/js/dist/vendor/wp-polyfill.min.js?ver=3.15.0 HTTP/1.0" 200 7507 "https://immofromm.inglory.de/" "Plesk screenshot bot https://support.plesk.com/hc/en-us/articles/10301006946066"
162.158.38.115 - - [05/Apr/2023:23:18:46 +0200] "GET /wp-content/plugins/elementor-pro/assets/lib/sticky/jquery.sticky.min.js?ver=3.11.3 HTTP/1.0" 200 2516 "https://immofromm.inglory.de/" "Plesk screenshot bot https://support.plesk.com/hc/en-us/articles/10301006946066"
162.158.38.55 - - [05/Apr/2023:23:18:47 +0200] "GET /wp-content/uploads/2023/03/np_check_5542984_2E5955.png HTTP/1.0" 200 8018 "https://immofromm.inglory.de/" "Plesk screenshot bot https://support.plesk.com/hc/en-us/articles/10301006946066"
162.158.38.116 - - [05/Apr/2023:23:18:47 +0200] "GET /wp-content/uploads/elementor/css/custom-widget-icon-box.min.css?ver=1680507160 HTTP/1.0" 200 1653 "https://immofromm.inglory.de/" "Plesk screenshot bot https://support.plesk.com/hc/en-us/articles/10301006946066"
162.158.38.108 - - [05/Apr/2023:23:18:47 +0200] "GET /wp-content/plugins/elementor/assets/lib/font-awesome/css/all.min.css?ver=5.6.4 HTTP/1.0" 200 13693 "https://immofromm.inglory.de/" "Plesk screenshot bot https://support.plesk.com/hc/en-us/articles/10301006946066"
162.158.38.99 - - [05/Apr/2023:23:18:47 +0200] "GET /wp-content/plugins/loftloader-pro/assets/js/jquery.waitformedias.min.js?ver=2022112801 HTTP/1.0" 200 2835 "https://immofromm.inglory.de/" "Plesk screenshot bot https://support.plesk.com/hc/en-us/articles/10301006946066"
162.158.38.161 - - [05/Apr/2023:23:18:47 +0200] "GET /wp-content/uploads/essential-addons-elementor/eael-54.js?ver=1678727612 HTTP/1.0" 200 1899 "https://immofromm.inglory.de/" "Plesk screenshot bot https://support.plesk.com/hc/en-us/articles/10301006946066"
162.158.38.91 - - [05/Apr/2023:23:18:47 +0200] "GET /wp-content/plugins/loftloader-pro/assets/js/loftloader.js?ver=2022112801 HTTP/1.0" 200 7082 "https://immofromm.inglory.de/" "Plesk screenshot bot https://support.plesk.com/hc/en-us/articles/10301006946066"
162.158.38.121 - - [05/Apr/2023:23:18:47 +0200] "GET /wp-content/plugins/Funnelforms-free/res/frontend/styles/frontend.css?ver=3.2.3 HTTP/1.0" 200 6696 "https://immofromm.inglory.de/" "Plesk screenshot bot https://support.plesk.com/hc/en-us/articles/10301006946066"
162.158.38.106 - - [05/Apr/2023:23:18:47 +0200] "GET /wp-content/plugins/mystickyelements-pro/intl-tel-input-src/build/js/intlTelInput.js?ver=2.0.7 HTTP/1.0" 200 23270 "https://immofromm.inglory.de/" "Plesk screenshot bot https://support.plesk.com/hc/en-us/articles/10301006946066"
162.158.38.150 - - [05/Apr/2023:23:18:47 +0200] "GET /wp-content/plugins/elementor/assets/lib/font-awesome/css/v4-shims.min.css?ver=5.6.4 HTTP/1.0" 200 5140 "https://immofromm.inglory.de/" "Plesk screenshot bot https://support.plesk.com/hc/en-us/articles/10301006946066"
162.158.38.187 - - [05/Apr/2023:23:18:47 +0200] "GET /wp-content/uploads/elementor/css/post-180.css?ver=1680507160 HTTP/1.0" 200 1863 "https://immofromm.inglory.de/" "Plesk screenshot bot https://support.plesk.com/hc/en-us/articles/10301006946066"
162.158.38.10 - - [05/Apr/2023:23:18:47 +0200] "GET /wp-content/plugins/Funnelforms-free/res/frontend/styles/intlTelInput.css?ver=3.2.3 HTTP/1.0" 200 4363 "https://immofromm.inglory.de/" "Plesk screenshot bot https://support.plesk.com/hc/en-us/articles/10301006946066"
162.158.38.35 - - [05/Apr/2023:23:18:47 +0200] "GET /wp-content/uploads/elementor/css/post-1863.css?ver=1680507161 HTTP/1.0" 200 2065 "https://immofromm.inglory.de/" "Plesk screenshot bot https://support.plesk.com/hc/en-us/articles/10301006946066"
162.158.38.202 - - [05/Apr/2023:23:18:47 +0200] "GET /wp-content/plugins/essential-addons-for-elementor-lite/assets/front-end/js/view/general.min.js?ver=5.6.4 HTTP/1.0" 200 4212 "https://immofromm.inglory.de/" "Plesk screenshot bot https://support.plesk.com/hc/en-us/articles/10301006946066"
162.158.38.163 - - [05/Apr/2023:23:18:47 +0200] "GET /wp-content/uploads/elementor/css/post-184.css?ver=1680507160 HTTP/1.0" 200 1872 "https://immofromm.inglory.de/" "Plesk screenshot bot https://support.plesk.com/hc/en-us/articles/10301006946066"
162.158.38.211 - - [05/Apr/2023:23:18:47 +0200] "GET /wp-content/themes/hello-elementor/assets/js/hello-frontend.min.js?ver=1.0.0 HTTP/1.0" 200 1998 "https://immofromm.inglory.de/" "Plesk screenshot bot https://support.plesk.com/hc/en-us/articles/10301006946066"
162.158.38.157 - - [05/Apr/2023:23:18:47 +0200] "GET /wp-content/plugins/mystickyelements-pro/js/jquery.cookie.js?ver=2.0.7 HTTP/1.0" 200 1766 "https://immofromm.inglory.de/" "Plesk screenshot bot https://support.plesk.com/hc/en-us/articles/10301006946066"
162.158.38.98 - - [05/Apr/2023:23:18:47 +0200] "GET /wp-content/plugins/elementor-pro/assets/lib/smartmenus/jquery.smartmenus.min.js?ver=1.0.1 HTTP/1.0" 200 8125 "https://immofromm.inglory.de/" "Plesk screenshot bot https://support.plesk.com/hc/en-us/articles/10301006946066"
162.158.38.98 - - [05/Apr/2023:23:18:47 +0200] "GET /wp-content/plugins/elementor/assets/lib/font-awesome/js/v4-shims.min.js?ver=5.6.4 HTTP/1.0" 200 6625 "https://immofromm.inglory.de/" "Plesk screenshot bot https://support.plesk.com/hc/en-us/articles/10301006946066"
162.158.38.199 - - [05/Apr/2023:23:18:47 +0200] "GET /wp-content/plugins/elementor/assets/lib/animations/animations.min.css?ver=3.12.1 HTTP/1.0" 200 3544 "https://immofromm.inglory.de/" "Plesk screenshot bot https://support.plesk.com/hc/en-us/articles/10301006946066"
162.158.38.220 - - [05/Apr/2023:23:18:47 +0200] "GET /wp-content/plugins/borlabs-cookie/assets/javascript/borlabs-cookie.min.js?ver=2.2.62 HTTP/1.0" 200 8965 "https://immofromm.inglory.de/" "Plesk screenshot bot https://support.plesk.com/hc/en-us/articles/10301006946066"
162.158.38.26 - - [05/Apr/2023:23:18:47 +0200] "GET /wp-content/plugins/Funnelforms-free/res/frontend/scripts/frontend.js?ver=3.2.3 HTTP/1.0" 200 24064 "https://immofromm.inglory.de/" "Plesk screenshot bot https://support.plesk.com/hc/en-us/articles/10301006946066"
162.158.38.36 - - [05/Apr/2023:23:18:47 +0200] "GET /wp-includes/js/imagesloaded.min.js?ver=4.1.4 HTTP/1.0" 200 2831 "https://immofromm.inglory.de/" "Plesk screenshot bot https://support.plesk.com/hc/en-us/articles/10301006946066"
162.158.38.80 - - [05/Apr/2023:23:18:47 +0200] "GET /wp-content/plugins/mystickyelements-pro/js/mystickyelements-fronted.min.js?ver=2.0.7 HTTP/1.0" 200 6064 "https://immofromm.inglory.de/" "Plesk screenshot bot https://support.plesk.com/hc/en-us/articles/10301006946066"
162.158.38.199 - - [05/Apr/2023:23:18:47 +0200] "GET /wp-includes/js/dist/vendor/wp-polyfill-inert.min.js?ver=3.1.2 HTTP/1.0" 200 3482 "https://immofromm.inglory.de/" "Plesk screenshot bot https://support.plesk.com/hc/en-us/articles/10301006946066"
162.158.38.214 - - [05/Apr/2023:23:18:47 +0200] "GET /wp-content/plugins/elementor-pro/assets/js/frontend.min.js?ver=3.11.3 HTTP/1.0" 200 6997 "https://immofromm.inglory.de/" "Plesk screenshot bot https://support.plesk.com/hc/en-us/articles/10301006946066"
162.158.38.64 - - [05/Apr/2023:23:18:47 +0200] "GET /wp-content/plugins/elementor-pro/assets/js/webpack-pro.runtime.min.js?ver=3.11.3 HTTP/1.0" 200 3458 "https://immofromm.inglory.de/" "Plesk screenshot bot https://support.plesk.com/hc/en-us/articles/10301006946066"
162.158.38.229 - - [05/Apr/2023:23:18:47 +0200] "GET /wp-includes/js/dist/i18n.min.js?ver=9e794f35a71bb98672ae HTTP/1.0" 200 4859 "https://immofromm.inglory.de/" "Plesk screenshot bot https://support.plesk.com/hc/en-us/articles/10301006946066"
162.158.38.68 - - [05/Apr/2023:23:18:47 +0200] "GET /wp-content/plugins/Funnelforms-free/res/frontend/scripts/intlTelInputSelect2.js?ver=3.2.3 HTTP/1.0" 200 8490 "https://immofromm.inglory.de/" "Plesk screenshot bot https://support.plesk.com/hc/en-us/articles/10301006946066"
162.158.38.53 - - [05/Apr/2023:23:18:47 +0200] "GET /wp-includes/js/jquery/ui/core.min.js?ver=1.13.2 HTTP/1.0" 200 8081 "https://immofromm.inglory.de/" "Plesk screenshot bot https://support.plesk.com/hc/en-us/articles/10301006946066"
162.158.38.5 - - [05/Apr/2023:23:18:47 +0200] "GET /wp-content/plugins/elementor/assets/lib/waypoints/waypoints.min.js?ver=4.0.2 HTTP/1.0" 200 5441 "https://immofromm.inglory.de/" "Plesk screenshot bot https://support.plesk.com/hc/en-us/articles/10301006946066"
162.158.38.32 - - [05/Apr/2023:23:18:47 +0200] "GET /wp-includes/js/dist/hooks.min.js?ver=4169d3cf8e8d95a3d6d5 HTTP/1.0" 200 2658 "https://immofromm.inglory.de/" "Plesk screenshot bot https://support.plesk.com/hc/en-us/articles/10301006946066"
162.158.38.131 - - [05/Apr/2023:23:18:47 +0200] "GET /wp-content/plugins/elementor-pro/assets/js/elements-handlers.min.js?ver=3.11.3 HTTP/1.0" 200 7844 "https://immofromm.inglory.de/" "Plesk screenshot bot https://support.plesk.com/hc/en-us/articles/10301006946066"
162.158.38.39 - - [05/Apr/2023:23:18:47 +0200] "GET /wp-content/plugins/elementor/assets/js/frontend.min.js?ver=3.12.1 HTTP/1.0" 200 13168 "https://immofromm.inglory.de/" "Plesk screenshot bot https://support.plesk.com/hc/en-us/articles/10301006946066"
162.158.38.96 - - [05/Apr/2023:23:18:47 +0200] "GET /wp-content/uploads/2023/03/Logo-24.svg HTTP/1.0" 200 3636 "https://immofromm.inglory.de/" "Plesk screenshot bot https://support.plesk.com/hc/en-us/articles/10301006946066"
162.158.38.172 - - [05/Apr/2023:23:18:47 +0200] "GET /wp-includes/js/wp-emoji-release.min.js?ver=6.2 HTTP/1.0" 200 5944 "https://immofromm.inglory.de/" "Plesk screenshot bot https://support.plesk.com/hc/en-us/articles/10301006946066"
162.158.38.125 - - [05/Apr/2023:23:18:47 +0200] "GET /wp-content/uploads/2023/03/Group-4508-1.svg HTTP/1.0" 200 16687 "https://immofromm.inglory.de/" "Plesk screenshot bot https://support.plesk.com/hc/en-us/articles/10301006946066"
162.158.38.64 - - [05/Apr/2023:23:18:47 +0200] "GET /wp-content/uploads/2023/03/Frame-1261156839.svg HTTP/1.0" 200 5181 "https://immofromm.inglory.de/wp-content/uploads/elementor/css/post-54.css?ver=1680507159" "Plesk screenshot bot https://support.plesk.com/hc/en-us/articles/10301006946066"
162.158.38.136 - - [05/Apr/2023:23:18:47 +0200] "GET /wp-content/plugins/elementor/assets/lib/font-awesome/webfonts/fa-solid-900.woff2 HTTP/1.0" 200 79105 "https://immofromm.inglory.de/wp-content/plugins/elementor/assets/lib/font-awesome/css/solid.min.css?ver=5.15.3" "Plesk screenshot bot https://support.plesk.com/hc/en-us/articles/10301006946066"
162.158.38.206 - - [05/Apr/2023:23:18:47 +0200] "GET /wp-content/plugins/elementor/assets/lib/eicons/fonts/eicons.woff2?5.18.0 HTTP/1.0" 200 96248 "https://immofromm.inglory.de/wp-content/plugins/elementor/assets/lib/eicons/css/elementor-icons.min.css?ver=5.18.0" "Plesk screenshot bot https://support.plesk.com/hc/en-us/articles/10301006946066"
162.158.38.194 - - [05/Apr/2023:23:18:47 +0200] "GET /wp-content/uploads/2023/03/Ellipse-1-3.png HTTP/1.0" 200 304027 "https://immofromm.inglory.de/wp-content/uploads/elementor/css/post-54.css?ver=1680507159" "Plesk screenshot bot https://support.plesk.com/hc/en-us/articles/10301006946066"
162.158.38.155 - - [05/Apr/2023:23:18:47 +0200] "GET /wp-content/uploads/2023/03/Group-4516.svg HTTP/1.0" 200 18221 "https://immofromm.inglory.de/" "Plesk screenshot bot https://support.plesk.com/hc/en-us/articles/10301006946066"
162.158.38.84 - - [05/Apr/2023:23:18:47 +0200] "GET /wp-content/uploads/2023/03/Ellipse-1-4.png HTTP/1.0" 200 54787 "https://immofromm.inglory.de/wp-content/uploads/elementor/css/post-54.css?ver=1680507159" "Plesk screenshot bot https://support.plesk.com/hc/en-us/articles/10301006946066"
172.70.250.246 - - [05/Apr/2023:23:18:46 +0200] "GET / HTTP/1.0" 200 43381 "-" "WordPress/6.2; https://immofromm.inglory.de"
162.158.38.84 - - [05/Apr/2023:23:18:47 +0200] "GET /wp-content/uploads/2023/03/eye.svg HTTP/1.0" 200 13652 "https://immofromm.inglory.de/" "Plesk screenshot bot https://support.plesk.com/hc/en-us/articles/10301006946066"
162.158.38.136 - - [05/Apr/2023:23:18:47 +0200] "GET /wp-content/uploads/2023/03/provision.svg HTTP/1.0" 200 13637 "https://immofromm.inglory.de/" "Plesk screenshot bot https://support.plesk.com/hc/en-us/articles/10301006946066"
162.158.38.64 - - [05/Apr/2023:23:18:47 +0200] "GET /wp-content/uploads/2023/03/increase.svg HTTP/1.0" 200 13664 "https://immofromm.inglory.de/" "Plesk screenshot bot https://support.plesk.com/hc/en-us/articles/10301006946066"
162.158.38.214 - - [05/Apr/2023:23:18:47 +0200] "GET /wp-content/uploads/2023/03/aboutpicture.png HTTP/1.0" 200 77839 "https://immofromm.inglory.de/" "Plesk screenshot bot https://support.plesk.com/hc/en-us/articles/10301006946066"
162.158.38.199 - - [05/Apr/2023:23:18:47 +0200] "GET /wp-content/uploads/2023/03/Frame-1261156840.svg HTTP/1.0" 200 7679 "https://immofromm.inglory.de/" "Plesk screenshot bot https://support.plesk.com/hc/en-us/articles/10301006946066"
162.158.38.172 - - [05/Apr/2023:23:18:47 +0200] "GET /wp-content/uploads/2023/03/range.svg HTTP/1.0" 200 13652 "https://immofromm.inglory.de/" "Plesk screenshot bot https://support.plesk.com/hc/en-us/articles/10301006946066"
162.158.38.68 - - [05/Apr/2023:23:18:47 +0200] "GET /wp-content/uploads/2023/03/Ellipse-2.png HTTP/1.0" 200 34799 "https://immofromm.inglory.de/" "Plesk screenshot bot https://support.plesk.com/hc/en-us/articles/10301006946066"
162.158.38.99 - - [05/Apr/2023:23:18:47 +0200] "GET /wp-content/uploads/2023/03/Ellipse-2-1.png HTTP/1.0" 200 41559 "https://immofromm.inglory.de/" "Plesk screenshot bot https://support.plesk.com/hc/en-us/articles/10301006946066"
162.158.38.146 - - [05/Apr/2023:23:18:47 +0200] "GET /wp-content/uploads/2023/03/widgets-5.png HTTP/1.0" 200 46717 "https://immofromm.inglory.de/" "Plesk screenshot bot https://support.plesk.com/hc/en-us/articles/10301006946066"
162.158.38.182 - - [05/Apr/2023:23:18:47 +0200] "GET /wp-content/uploads/2023/03/Group-25-1.svg HTTP/1.0" 200 4942 "https://immofromm.inglory.de/" "Plesk screenshot bot https://support.plesk.com/hc/en-us/articles/10301006946066"
162.158.38.135 - - [05/Apr/2023:23:18:47 +0200] "GET /wp-content/uploads/2023/03/menu-3.svg HTTP/1.0" 200 1209 "https://immofromm.inglory.de/" "Plesk screenshot bot https://support.plesk.com/hc/en-us/articles/10301006946066"
162.158.38.23 - - [05/Apr/2023:23:18:47 +0200] "GET /wp-content/uploads/2023/03/image-3.jpg HTTP/1.0" 200 24510 "https://immofromm.inglory.de/" "Plesk screenshot bot https://support.plesk.com/hc/en-us/articles/10301006946066"
162.158.38.222 - - [05/Apr/2023:23:18:47 +0200] "GET /wp-content/uploads/2023/03/gurantee.svg HTTP/1.0" 200 13664 "https://immofromm.inglory.de/" "Plesk screenshot bot https://support.plesk.com/hc/en-us/articles/10301006946066"
162.158.38.212 - - [05/Apr/2023:23:18:47 +0200] "GET /wp-content/uploads/2023/03/pig.svg HTTP/1.0" 200 13652 "https://immofromm.inglory.de/" "Plesk screenshot bot https://support.plesk.com/hc/en-us/articles/10301006946066"
162.158.38.216 - - [05/Apr/2023:23:18:47 +0200] "GET /wp-content/uploads/2023/03/image-2.jpg HTTP/1.0" 200 18393 "https://immofromm.inglory.de/" "Plesk screenshot bot https://support.plesk.com/hc/en-us/articles/10301006946066"
162.158.38.31 - - [05/Apr/2023:23:18:47 +0200] "GET /wp-content/uploads/2023/03/image1.jpg HTTP/1.0" 200 11861 "https://immofromm.inglory.de/" "Plesk screenshot bot https://support.plesk.com/hc/en-us/articles/10301006946066"
