94.130.90.54 - - [22/May/2023:14:34:29 +0200] "GET /wp-content/uploads/heimelheader2.jpg HTTP/1.1" 304 4833 "https://heimel.inglory.de/" "Serf/1.3.9 (mod_pagespeed/1.13.35.2-0)"
94.130.90.54 - - [22/May/2023:14:34:29 +0200] "GET /wp-content/uploads/heimelkontakt.jpg HTTP/1.1" 304 4833 "https://heimel.inglory.de/" "Serf/1.3.9 (mod_pagespeed/1.13.35.2-0)"
94.130.90.54 - - [22/May/2023:14:34:29 +0200] "GET /wp-content/uploads/heimelcta.jpg HTTP/1.1" 304 4833 "https://heimel.inglory.de/" "Serf/1.3.9 (mod_pagespeed/1.13.35.2-0)"
94.130.90.54 - - [22/May/2023:14:34:29 +0200] "GET /wp-content/plugins/funnelforms-free/res/images/flags.png HTTP/1.1" 304 4833 "https://heimel.inglory.de/" "Serf/1.3.9 (mod_pagespeed/1.13.35.2-0)"
94.130.90.54 - - [22/May/2023:14:34:29 +0200] "GET /wp-content/plugins/funnelforms-free/res/images/flags@2x.png HTTP/1.1" 304 4833 "https://heimel.inglory.de/" "Serf/1.3.9 (mod_pagespeed/1.13.35.2-0)"
188.106.93.204 - - [22/May/2023:14:34:29 +0200] "GET /wp-content/plugins/elementor/assets/css/widget-icon-box.min.css HTTP/1.0" 304 691 "https://heimel.inglory.de/" "Mozilla/5.0 (Macintosh; Intel Mac OS X 10_15_7) AppleWebKit/537.36 (KHTML, like Gecko) Chrome/112.0.0.0 Safari/537.36"
188.106.93.204 - - [22/May/2023:14:34:29 +0200] "GET /wp-content/plugins/pro-elements/assets/css/widget-nav-menu.min.css HTTP/1.0" 200 4283 "https://heimel.inglory.de/" "Mozilla/5.0 (Macintosh; Intel Mac OS X 10_15_7) AppleWebKit/537.36 (KHTML, like Gecko) Chrome/112.0.0.0 Safari/537.36"
188.106.93.204 - - [22/May/2023:14:34:29 +0200] "GET /wp-content/plugins/funnelforms-free/res/frontend/styles/fontawesome_5.15.4.css?ver=3.3.8 HTTP/1.0" 200 14157 "https://heimel.inglory.de/" "Mozilla/5.0 (Macintosh; Intel Mac OS X 10_15_7) AppleWebKit/537.36 (KHTML, like Gecko) Chrome/112.0.0.0 Safari/537.36"
188.106.93.204 - - [22/May/2023:14:34:29 +0200] "GET /wp-content/plugins/funnelforms-free/res/frontend/styles/intlTelInput.css?ver=3.3.8 HTTP/1.0" 200 4361 "https://heimel.inglory.de/" "Mozilla/5.0 (Macintosh; Intel Mac OS X 10_15_7) AppleWebKit/537.36 (KHTML, like Gecko) Chrome/112.0.0.0 Safari/537.36"
188.106.93.204 - - [22/May/2023:14:34:29 +0200] "GET /wp-content/plugins/elementor/assets/lib/animations/animations.min.css?ver=3.13.2 HTTP/1.0" 200 3544 "https://heimel.inglory.de/" "Mozilla/5.0 (Macintosh; Intel Mac OS X 10_15_7) AppleWebKit/537.36 (KHTML, like Gecko) Chrome/112.0.0.0 Safari/537.36"
188.106.93.204 - - [22/May/2023:14:34:29 +0200] "GET /wp-content/plugins/funnelforms-free/res/frontend/styles/frontend.css?ver=3.3.8 HTTP/1.0" 200 6762 "https://heimel.inglory.de/" "Mozilla/5.0 (Macintosh; Intel Mac OS X 10_15_7) AppleWebKit/537.36 (KHTML, like Gecko) Chrome/112.0.0.0 Safari/537.36"
188.106.93.204 - - [22/May/2023:14:34:29 +0200] "GET /wp-content/plugins/mystickyelements-pro/js/mystickyelements-fronted.min.js?ver=2.0.7 HTTP/1.0" 200 6064 "https://heimel.inglory.de/" "Mozilla/5.0 (Macintosh; Intel Mac OS X 10_15_7) AppleWebKit/537.36 (KHTML, like Gecko) Chrome/112.0.0.0 Safari/537.36"
188.106.93.204 - - [22/May/2023:14:34:29 +0200] "GET /wp-content/plugins/mystickyelements-pro/intl-tel-input-src/build/js/intlTelInput.js?ver=2.0.7 HTTP/1.0" 200 21821 "https://heimel.inglory.de/" "Mozilla/5.0 (Macintosh; Intel Mac OS X 10_15_7) AppleWebKit/537.36 (KHTML, like Gecko) Chrome/112.0.0.0 Safari/537.36"
188.106.93.204 - - [22/May/2023:14:34:29 +0200] "GET /wp-content/plugins/funnelforms-free/res/frontend/scripts/frontend.js?ver=3.3.8 HTTP/1.0" 200 24503 "https://heimel.inglory.de/" "Mozilla/5.0 (Macintosh; Intel Mac OS X 10_15_7) AppleWebKit/537.36 (KHTML, like Gecko) Chrome/112.0.0.0 Safari/537.36"
188.106.93.204 - - [22/May/2023:14:34:29 +0200] "GET /wp-content/themes/hello-elementor/assets/js/hello-frontend.min.js?ver=1.0.0 HTTP/1.0" 304 690 "https://heimel.inglory.de/" "Mozilla/5.0 (Macintosh; Intel Mac OS X 10_15_7) AppleWebKit/537.36 (KHTML, like Gecko) Chrome/112.0.0.0 Safari/537.36"
188.106.93.204 - - [22/May/2023:14:34:29 +0200] "GET /wp-content/plugins/pro-elements/assets/lib/smartmenus/jquery.smartmenus.min.js?ver=1.0.1 HTTP/1.0" 200 8125 "https://heimel.inglory.de/" "Mozilla/5.0 (Macintosh; Intel Mac OS X 10_15_7) AppleWebKit/537.36 (KHTML, like Gecko) Chrome/112.0.0.0 Safari/537.36"
188.106.93.204 - - [22/May/2023:14:34:29 +0200] "GET /wp-content/plugins/borlabs-cookie/assets/javascript/borlabs-cookie.min.js?ver=2.2.63 HTTP/1.0" 200 7516 "https://heimel.inglory.de/" "Mozilla/5.0 (Macintosh; Intel Mac OS X 10_15_7) AppleWebKit/537.36 (KHTML, like Gecko) Chrome/112.0.0.0 Safari/537.36"
188.106.93.204 - - [22/May/2023:14:34:29 +0200] "GET /wp-content/plugins/funnelforms-free/res/frontend/scripts/intlTelInputSelect2.js?ver=3.3.8 HTTP/1.0" 200 9971 "https://heimel.inglory.de/" "Mozilla/5.0 (Macintosh; Intel Mac OS X 10_15_7) AppleWebKit/537.36 (KHTML, like Gecko) Chrome/112.0.0.0 Safari/537.36"
188.106.93.204 - - [22/May/2023:14:34:29 +0200] "GET /wp-content/plugins/pro-elements/assets/js/webpack-pro.runtime.min.js?ver=3.12.3 HTTP/1.0" 200 3490 "https://heimel.inglory.de/" "Mozilla/5.0 (Macintosh; Intel Mac OS X 10_15_7) AppleWebKit/537.36 (KHTML, like Gecko) Chrome/112.0.0.0 Safari/537.36"
188.106.93.204 - - [22/May/2023:14:34:29 +0200] "GET /wp-content/plugins/elementor/assets/js/webpack.runtime.min.js?ver=3.13.2 HTTP/1.0" 200 3195 "https://heimel.inglory.de/" "Mozilla/5.0 (Macintosh; Intel Mac OS X 10_15_7) AppleWebKit/537.36 (KHTML, like Gecko) Chrome/112.0.0.0 Safari/537.36"
188.106.93.204 - - [22/May/2023:14:34:29 +0200] "GET /wp-content/plugins/mystickyelements-pro/js/jquery.cookie.js?ver=2.0.7 HTTP/1.0" 304 690 "https://heimel.inglory.de/" "Mozilla/5.0 (Macintosh; Intel Mac OS X 10_15_7) AppleWebKit/537.36 (KHTML, like Gecko) Chrome/112.0.0.0 Safari/537.36"
188.106.93.204 - - [22/May/2023:14:34:29 +0200] "GET /wp-includes/js/dist/vendor/wp-polyfill-inert.min.js?ver=3.1.2 HTTP/1.0" 200 3482 "https://heimel.inglory.de/" "Mozilla/5.0 (Macintosh; Intel Mac OS X 10_15_7) AppleWebKit/537.36 (KHTML, like Gecko) Chrome/112.0.0.0 Safari/537.36"
188.106.93.204 - - [22/May/2023:14:34:29 +0200] "GET /wp-content/plugins/elementor/assets/js/frontend-modules.min.js?ver=3.13.2 HTTP/1.0" 200 14896 "https://heimel.inglory.de/" "Mozilla/5.0 (Macintosh; Intel Mac OS X 10_15_7) AppleWebKit/537.36 (KHTML, like Gecko) Chrome/112.0.0.0 Safari/537.36"
188.106.93.204 - - [22/May/2023:14:34:29 +0200] "GET /wp-includes/js/dist/vendor/regenerator-runtime.min.js?ver=0.13.11 HTTP/1.0" 200 3495 "https://heimel.inglory.de/" "Mozilla/5.0 (Macintosh; Intel Mac OS X 10_15_7) AppleWebKit/537.36 (KHTML, like Gecko) Chrome/112.0.0.0 Safari/537.36"
188.106.93.204 - - [22/May/2023:14:34:29 +0200] "GET /wp-includes/js/dist/vendor/wp-polyfill.min.js?ver=3.15.0 HTTP/1.0" 200 7507 "https://heimel.inglory.de/" "Mozilla/5.0 (Macintosh; Intel Mac OS X 10_15_7) AppleWebKit/537.36 (KHTML, like Gecko) Chrome/112.0.0.0 Safari/537.36"
188.106.93.204 - - [22/May/2023:14:34:29 +0200] "GET /wp-includes/js/dist/i18n.min.js?ver=9e794f35a71bb98672ae HTTP/1.0" 200 4859 "https://heimel.inglory.de/" "Mozilla/5.0 (Macintosh; Intel Mac OS X 10_15_7) AppleWebKit/537.36 (KHTML, like Gecko) Chrome/112.0.0.0 Safari/537.36"
188.106.93.204 - - [22/May/2023:14:34:29 +0200] "GET /wp-content/plugins/pro-elements/assets/js/frontend.min.js?ver=3.12.3 HTTP/1.0" 200 7529 "https://heimel.inglory.de/" "Mozilla/5.0 (Macintosh; Intel Mac OS X 10_15_7) AppleWebKit/537.36 (KHTML, like Gecko) Chrome/112.0.0.0 Safari/537.36"
188.106.93.204 - - [22/May/2023:14:34:29 +0200] "GET /wp-content/plugins/elementor/assets/lib/waypoints/waypoints.min.js?ver=4.0.2 HTTP/1.0" 200 3992 "https://heimel.inglory.de/" "Mozilla/5.0 (Macintosh; Intel Mac OS X 10_15_7) AppleWebKit/537.36 (KHTML, like Gecko) Chrome/112.0.0.0 Safari/537.36"
188.106.93.204 - - [22/May/2023:14:34:29 +0200] "GET /wp-includes/js/jquery/ui/core.min.js?ver=1.13.2 HTTP/1.0" 200 8081 "https://heimel.inglory.de/" "Mozilla/5.0 (Macintosh; Intel Mac OS X 10_15_7) AppleWebKit/537.36 (KHTML, like Gecko) Chrome/112.0.0.0 Safari/537.36"
188.106.93.204 - - [22/May/2023:14:34:29 +0200] "GET /wp-content/plugins/elementor/assets/js/frontend.min.js?ver=3.13.2 HTTP/1.0" 200 13174 "https://heimel.inglory.de/" "Mozilla/5.0 (Macintosh; Intel Mac OS X 10_15_7) AppleWebKit/537.36 (KHTML, like Gecko) Chrome/112.0.0.0 Safari/537.36"
188.106.93.204 - - [22/May/2023:14:34:29 +0200] "GET /wp-content/plugins/pro-elements/assets/js/elements-handlers.min.js?ver=3.12.3 HTTP/1.0" 200 7865 "https://heimel.inglory.de/" "Mozilla/5.0 (Macintosh; Intel Mac OS X 10_15_7) AppleWebKit/537.36 (KHTML, like Gecko) Chrome/112.0.0.0 Safari/537.36"
188.106.93.204 - - [22/May/2023:14:34:29 +0200] "GET /wp-content/uploads/Bette.png.webp HTTP/1.0" 200 14496 "https://heimel.inglory.de/" "Mozilla/5.0 (Macintosh; Intel Mac OS X 10_15_7) AppleWebKit/537.36 (KHTML, like Gecko) Chrome/112.0.0.0 Safari/537.36"
188.106.93.204 - - [22/May/2023:14:34:29 +0200] "GET /wp-content/uploads/Burgbad.png.webp HTTP/1.0" 200 10107 "https://heimel.inglory.de/" "Mozilla/5.0 (Macintosh; Intel Mac OS X 10_15_7) AppleWebKit/537.36 (KHTML, like Gecko) Chrome/112.0.0.0 Safari/537.36"
188.106.93.204 - - [22/May/2023:14:34:29 +0200] "GET /wp-content/uploads/Duravit.png.webp HTTP/1.0" 200 13786 "https://heimel.inglory.de/" "Mozilla/5.0 (Macintosh; Intel Mac OS X 10_15_7) AppleWebKit/537.36 (KHTML, like Gecko) Chrome/112.0.0.0 Safari/537.36"
188.106.93.204 - - [22/May/2023:14:34:29 +0200] "GET /wp-content/uploads/Grohe.png.webp HTTP/1.0" 200 14326 "https://heimel.inglory.de/" "Mozilla/5.0 (Macintosh; Intel Mac OS X 10_15_7) AppleWebKit/537.36 (KHTML, like Gecko) Chrome/112.0.0.0 Safari/537.36"
188.106.93.204 - - [22/May/2023:14:34:29 +0200] "GET /wp-includes/js/dist/hooks.min.js?ver=4169d3cf8e8d95a3d6d5 HTTP/1.0" 304 691 "https://heimel.inglory.de/" "Mozilla/5.0 (Macintosh; Intel Mac OS X 10_15_7) AppleWebKit/537.36 (KHTML, like Gecko) Chrome/112.0.0.0 Safari/537.36"
188.106.93.204 - - [22/May/2023:14:34:29 +0200] "GET /wp-content/uploads/hansgrohe.png.webp HTTP/1.0" 200 7355 "https://heimel.inglory.de/" "Mozilla/5.0 (Macintosh; Intel Mac OS X 10_15_7) AppleWebKit/537.36 (KHTML, like Gecko) Chrome/112.0.0.0 Safari/537.36"
188.106.93.204 - - [22/May/2023:14:34:29 +0200] "GET /wp-content/uploads/hewi.png.webp HTTP/1.0" 200 7261 "https://heimel.inglory.de/" "Mozilla/5.0 (Macintosh; Intel Mac OS X 10_15_7) AppleWebKit/537.36 (KHTML, like Gecko) Chrome/112.0.0.0 Safari/537.36"
188.106.93.204 - - [22/May/2023:14:34:29 +0200] "GET /wp-content/uploads/heiler.png.webp HTTP/1.0" 200 7055 "https://heimel.inglory.de/" "Mozilla/5.0 (Macintosh; Intel Mac OS X 10_15_7) AppleWebKit/537.36 (KHTML, like Gecko) Chrome/112.0.0.0 Safari/537.36"
188.106.93.204 - - [22/May/2023:14:34:29 +0200] "GET /wp-content/uploads/hsk.png.webp HTTP/1.0" 200 8761 "https://heimel.inglory.de/" "Mozilla/5.0 (Macintosh; Intel Mac OS X 10_15_7) AppleWebKit/537.36 (KHTML, like Gecko) Chrome/112.0.0.0 Safari/537.36"
188.106.93.204 - - [22/May/2023:14:34:29 +0200] "GET /wp-content/uploads/keuco.png.webp HTTP/1.0" 200 7369 "https://heimel.inglory.de/" "Mozilla/5.0 (Macintosh; Intel Mac OS X 10_15_7) AppleWebKit/537.36 (KHTML, like Gecko) Chrome/112.0.0.0 Safari/537.36"
188.106.93.204 - - [22/May/2023:14:34:29 +0200] "GET /wp-content/uploads/syr.png.webp HTTP/1.0" 200 9815 "https://heimel.inglory.de/" "Mozilla/5.0 (Macintosh; Intel Mac OS X 10_15_7) AppleWebKit/537.36 (KHTML, like Gecko) Chrome/112.0.0.0 Safari/537.36"
188.106.93.204 - - [22/May/2023:14:34:29 +0200] "GET /wp-content/uploads/vaillant.png.webp HTTP/1.0" 200 19566 "https://heimel.inglory.de/" "Mozilla/5.0 (Macintosh; Intel Mac OS X 10_15_7) AppleWebKit/537.36 (KHTML, like Gecko) Chrome/112.0.0.0 Safari/537.36"
188.106.93.204 - - [22/May/2023:14:34:29 +0200] "GET /wp-content/uploads/viessmann.png.webp HTTP/1.0" 200 13754 "https://heimel.inglory.de/" "Mozilla/5.0 (Macintosh; Intel Mac OS X 10_15_7) AppleWebKit/537.36 (KHTML, like Gecko) Chrome/112.0.0.0 Safari/537.36"
188.106.93.204 - - [22/May/2023:14:34:29 +0200] "GET /wp-content/uploads/villeroy_boch.png.webp HTTP/1.0" 200 7631 "https://heimel.inglory.de/" "Mozilla/5.0 (Macintosh; Intel Mac OS X 10_15_7) AppleWebKit/537.36 (KHTML, like Gecko) Chrome/112.0.0.0 Safari/537.36"
188.106.93.204 - - [22/May/2023:14:34:29 +0200] "GET /wp-content/uploads/zehnder.png.webp HTTP/1.0" 200 7907 "https://heimel.inglory.de/" "Mozilla/5.0 (Macintosh; Intel Mac OS X 10_15_7) AppleWebKit/537.36 (KHTML, like Gecko) Chrome/112.0.0.0 Safari/537.36"
188.106.93.204 - - [22/May/2023:14:34:29 +0200] "GET /wp-content/uploads/np_check_45889_008F8E.png.webp HTTP/1.0" 200 31420 "https://heimel.inglory.de/" "Mozilla/5.0 (Macintosh; Intel Mac OS X 10_15_7) AppleWebKit/537.36 (KHTML, like Gecko) Chrome/112.0.0.0 Safari/537.36"
188.106.93.204 - - [22/May/2023:14:34:29 +0200] "GET /wp-content/uploads/heimellogo.png.webp HTTP/1.0" 200 11172 "https://heimel.inglory.de/" "Mozilla/5.0 (Macintosh; Intel Mac OS X 10_15_7) AppleWebKit/537.36 (KHTML, like Gecko) Chrome/112.0.0.0 Safari/537.36"
188.106.93.204 - - [22/May/2023:14:34:29 +0200] "GET /wp-content/uploads/heimelheader2.jpg HTTP/1.0" 200 88374 "https://heimel.inglory.de/wp-content/uploads/elementor/css/post-7.css?ver=1684250525" "Mozilla/5.0 (Macintosh; Intel Mac OS X 10_15_7) AppleWebKit/537.36 (KHTML, like Gecko) Chrome/112.0.0.0 Safari/537.36"
188.106.93.204 - - [22/May/2023:14:34:29 +0200] "GET /wp-content/uploads/heimelkontakt.jpg HTTP/1.0" 200 540060 "https://heimel.inglory.de/wp-content/uploads/elementor/css/post-7.css?ver=1684250525" "Mozilla/5.0 (Macintosh; Intel Mac OS X 10_15_7) AppleWebKit/537.36 (KHTML, like Gecko) Chrome/112.0.0.0 Safari/537.36"
188.106.93.204 - - [22/May/2023:14:34:29 +0200] "GET /wp-content/uploads/heimelcta.jpg HTTP/1.0" 200 523650 "https://heimel.inglory.de/wp-content/uploads/elementor/css/post-7.css?ver=1684250525" "Mozilla/5.0 (Macintosh; Intel Mac OS X 10_15_7) AppleWebKit/537.36 (KHTML, like Gecko) Chrome/112.0.0.0 Safari/537.36"
188.106.93.204 - - [22/May/2023:14:34:29 +0200] "GET /wp-content/uploads/heimelheader1-1536x991.jpg.webp HTTP/1.0" 200 129174 "https://heimel.inglory.de/" "Mozilla/5.0 (Macintosh; Intel Mac OS X 10_15_7) AppleWebKit/537.36 (KHTML, like Gecko) Chrome/112.0.0.0 Safari/537.36"
188.106.93.204 - - [22/May/2023:14:34:29 +0200] "GET /wp-content/plugins/elementor/assets/lib/font-awesome/webfonts/fa-solid-900.woff2 HTTP/1.0" 200 79105 "https://heimel.inglory.de/wp-content/plugins/elementor/assets/lib/font-awesome/css/all.min.css?ver=3.13.2" "Mozilla/5.0 (Macintosh; Intel Mac OS X 10_15_7) AppleWebKit/537.36 (KHTML, like Gecko) Chrome/112.0.0.0 Safari/537.36"
188.106.93.204 - - [22/May/2023:14:34:29 +0200] "GET /wp-content/uploads/christophdaub.png.webp HTTP/1.0" 200 193476 "https://heimel.inglory.de/" "Mozilla/5.0 (Macintosh; Intel Mac OS X 10_15_7) AppleWebKit/537.36 (KHTML, like Gecko) Chrome/112.0.0.0 Safari/537.36"
188.106.93.204 - - [22/May/2023:14:34:29 +0200] "GET /wp-content/plugins/elementor/assets/lib/font-awesome/webfonts/fa-regular-400.woff2 HTTP/1.0" 200 15545 "https://heimel.inglory.de/wp-content/plugins/elementor/assets/lib/font-awesome/css/all.min.css?ver=3.13.2" "Mozilla/5.0 (Macintosh; Intel Mac OS X 10_15_7) AppleWebKit/537.36 (KHTML, like Gecko) Chrome/112.0.0.0 Safari/537.36"
188.106.93.204 - - [22/May/2023:14:34:29 +0200] "GET /wp-content/plugins/funnelforms-free/fonts/FontAwesome/fa-regular-400.woff2 HTTP/1.0" 200 14044 "https://heimel.inglory.de/wp-content/plugins/funnelforms-free/res/frontend/styles/fontawesome_5.15.4.css?ver=3.3.8" "Mozilla/5.0 (Macintosh; Intel Mac OS X 10_15_7) AppleWebKit/537.36 (KHTML, like Gecko) Chrome/112.0.0.0 Safari/537.36"
188.106.93.204 - - [22/May/2023:14:34:29 +0200] "GET /wp-content/plugins/funnelforms-free/fonts/FontAwesome/fa-solid-900.woff2 HTTP/1.0" 200 79177 "https://heimel.inglory.de/wp-content/plugins/funnelforms-free/res/frontend/styles/fontawesome_5.15.4.css?ver=3.3.8" "Mozilla/5.0 (Macintosh; Intel Mac OS X 10_15_7) AppleWebKit/537.36 (KHTML, like Gecko) Chrome/112.0.0.0 Safari/537.36"
188.106.93.204 - - [22/May/2023:14:34:29 +0200] "GET /wp-content/uploads/cropped-favicon.png.webp HTTP/1.0" 200 35048 "https://heimel.inglory.de/" "Mozilla/5.0 (Macintosh; Intel Mac OS X 10_15_7) AppleWebKit/537.36 (KHTML, like Gecko) Chrome/112.0.0.0 Safari/537.36"
188.106.93.204 - - [22/May/2023:14:34:29 +0200] "GET /wp-content/plugins/elementor/assets/js/image-carousel.4455c6362492d9067512.bundle.min.js HTTP/1.0" 200 1157 "https://heimel.inglory.de/" "Mozilla/5.0 (Macintosh; Intel Mac OS X 10_15_7) AppleWebKit/537.36 (KHTML, like Gecko) Chrome/112.0.0.0 Safari/537.36"
188.106.93.204 - - [22/May/2023:14:34:29 +0200] "GET /wp-content/plugins/elementor/assets/js/text-editor.2c35aafbe5bf0e127950.bundle.min.js HTTP/1.0" 200 1524 "https://heimel.inglory.de/" "Mozilla/5.0 (Macintosh; Intel Mac OS X 10_15_7) AppleWebKit/537.36 (KHTML, like Gecko) Chrome/112.0.0.0 Safari/537.36"
188.106.93.204 - - [22/May/2023:14:34:29 +0200] "GET /wp-content/plugins/pro-elements/assets/js/nav-menu.bb5cce0a50480cdf695d.bundle.min.js HTTP/1.0" 200 2328 "https://heimel.inglory.de/" "Mozilla/5.0 (Macintosh; Intel Mac OS X 10_15_7) AppleWebKit/537.36 (KHTML, like Gecko) Chrome/112.0.0.0 Safari/537.36"
188.106.93.204 - - [22/May/2023:14:34:29 +0200] "GET /wp-content/plugins/elementor/assets/lib/swiper/v8/swiper.min.js?ver=8.4.5 HTTP/1.0" 200 40690 "https://heimel.inglory.de/" "Mozilla/5.0 (Macintosh; Intel Mac OS X 10_15_7) AppleWebKit/537.36 (KHTML, like Gecko) Chrome/112.0.0.0 Safari/537.36"
188.106.93.204 - - [22/May/2023:14:34:29 +0200] "POST /mod_pagespeed_beacon?url=https%3A%2F%2Fheimel.inglory.de%2F HTTP/1.0" 204 669 "https://heimel.inglory.de/" "Mozilla/5.0 (Macintosh; Intel Mac OS X 10_15_7) AppleWebKit/537.36 (KHTML, like Gecko) Chrome/112.0.0.0 Safari/537.36"
188.106.93.204 - - [22/May/2023:14:34:29 +0200] "GET /wp-admin/admin-ajax.php?_ajax_nonce=4afdc19e81&action=af2_request_data&ids%5B%5D=137 HTTP/1.0" 200 2661 "https://heimel.inglory.de/" "Mozilla/5.0 (Macintosh; Intel Mac OS X 10_15_7) AppleWebKit/537.36 (KHTML, like Gecko) Chrome/112.0.0.0 Safari/537.36"
188.106.93.204 - - [22/May/2023:14:34:30 +0200] "GET /wp-admin/admin-ajax.php?_ajax_nonce=4afdc19e81&action=af2_request_data&ids%5B%5D=286&ids%5B%5D=317&ids%5B%5D=319 HTTP/1.0" 200 1501 "https://heimel.inglory.de/" "Mozilla/5.0 (Macintosh; Intel Mac OS X 10_15_7) AppleWebKit/537.36 (KHTML, like Gecko) Chrome/112.0.0.0 Safari/537.36"
188.106.93.204 - - [22/May/2023:14:34:31 +0200] "GET /wp-content/uploads/oel.png HTTP/1.0" 200 5570 "https://heimel.inglory.de/" "Mozilla/5.0 (Macintosh; Intel Mac OS X 10_15_7) AppleWebKit/537.36 (KHTML, like Gecko) Chrome/112.0.0.0 Safari/537.36"
188.106.93.204 - - [22/May/2023:14:34:31 +0200] "GET /wp-content/uploads/gas.png HTTP/1.0" 200 6175 "https://heimel.inglory.de/" "Mozilla/5.0 (Macintosh; Intel Mac OS X 10_15_7) AppleWebKit/537.36 (KHTML, like Gecko) Chrome/112.0.0.0 Safari/537.36"
188.106.93.204 - - [22/May/2023:14:34:31 +0200] "GET /wp-content/uploads/sonstige.png HTTP/1.0" 200 4448 "https://heimel.inglory.de/" "Mozilla/5.0 (Macintosh; Intel Mac OS X 10_15_7) AppleWebKit/537.36 (KHTML, like Gecko) Chrome/112.0.0.0 Safari/537.36"
188.106.93.204 - - [22/May/2023:14:34:31 +0200] "GET /wp-content/uploads/nachtspoeicher-elektro.png HTTP/1.0" 304 690 "https://heimel.inglory.de/" "Mozilla/5.0 (Macintosh; Intel Mac OS X 10_15_7) AppleWebKit/537.36 (KHTML, like Gecko) Chrome/112.0.0.0 Safari/537.36"
188.106.93.204 - - [22/May/2023:14:34:33 +0200] "GET /wp-content/uploads/heimelheader1.jpg.webp HTTP/1.0" 200 200394 "https://heimel.inglory.de/" "Mozilla/5.0 (Macintosh; Intel Mac OS X 10_15_7) AppleWebKit/537.36 (KHTML, like Gecko) Chrome/112.0.0.0 Safari/537.36"
188.106.93.204 - - [22/May/2023:17:13:03 +0200] "GET /wp-admin HTTP/1.0" 301 1064 "-" "Mozilla/5.0 (Macintosh; Intel Mac OS X 10_15_7) AppleWebKit/537.36 (KHTML, like Gecko) Chrome/112.0.0.0 Safari/537.36"
94.130.90.54 - - [22/May/2023:17:13:03 +0200] "POST /wp-cron.php?doing_wp_cron=1684768383.6004209518432617187500 HTTP/1.0" 200 839 "-" "1Z6ZMoxYQM7V"
188.106.93.204 - - [22/May/2023:17:13:03 +0200] "GET /wp-admin/ HTTP/1.0" 302 949 "-" "Mozilla/5.0 (Macintosh; Intel Mac OS X 10_15_7) AppleWebKit/537.36 (KHTML, like Gecko) Chrome/112.0.0.0 Safari/537.36"
94.130.90.54 - - [22/May/2023:17:13:04 +0200] "GET /wp-content/uploads/cropped-favicon-32x32.png HTTP/1.1" 304 4831 "https://heimel.inglory.de/wp-login.php?redirect_to=https%3A%2F%2Fheimel.inglory.de%2Fwp-admin%2F&reauth=1" "Serf/1.3.9 (mod_pagespeed/1.13.35.2-0)"
188.106.93.204 - - [22/May/2023:17:13:03 +0200] "GET /wp-login.php?redirect_to=https%3A%2F%2Fheimel.inglory.de%2Fwp-admin%2F&reauth=1 HTTP/1.0" 200 5780 "-" "Mozilla/5.0 (Macintosh; Intel Mac OS X 10_15_7) AppleWebKit/537.36 (KHTML, like Gecko) Chrome/112.0.0.0 Safari/537.36"
94.130.90.54 - - [22/May/2023:17:13:04 +0200] "GET /wp-content/uploads/cropped-favicon-192x192.png HTTP/1.1" 304 4832 "https://heimel.inglory.de/wp-login.php?redirect_to=https%3A%2F%2Fheimel.inglory.de%2Fwp-admin%2F&reauth=1" "Serf/1.3.9 (mod_pagespeed/1.13.35.2-0)"
94.130.90.54 - - [22/May/2023:17:13:04 +0200] "GET /wp-content/uploads/cropped-favicon-180x180.png HTTP/1.1" 304 4832 "https://heimel.inglory.de/wp-login.php?redirect_to=https%3A%2F%2Fheimel.inglory.de%2Fwp-admin%2F&reauth=1" "Serf/1.3.9 (mod_pagespeed/1.13.35.2-0)"
94.130.90.54 - - [22/May/2023:17:13:04 +0200] "GET /wp-includes/js/jquery/jquery.min.js?ver=3.6.4 HTTP/1.1" 200 94964 "https://heimel.inglory.de/wp-login.php?redirect_to=https%3A%2F%2Fheimel.inglory.de%2Fwp-admin%2F&reauth=1" "Serf/1.3.9 (mod_pagespeed/1.13.35.2-0)"
94.130.90.54 - - [22/May/2023:17:13:04 +0200] "GET /wp-includes/js/jquery/jquery-migrate.min.js?ver=3.4.0 HTTP/1.1" 304 4832 "https://heimel.inglory.de/wp-login.php?redirect_to=https%3A%2F%2Fheimel.inglory.de%2Fwp-admin%2F&reauth=1" "Serf/1.3.9 (mod_pagespeed/1.13.35.2-0)"
94.130.90.54 - - [22/May/2023:17:13:04 +0200] "GET /wp-includes/js/zxcvbn-async.min.js?ver=1.0 HTTP/1.1" 200 5322 "https://heimel.inglory.de/wp-login.php?redirect_to=https%3A%2F%2Fheimel.inglory.de%2Fwp-admin%2F&reauth=1" "Serf/1.3.9 (mod_pagespeed/1.13.35.2-0)"
94.130.90.54 - - [22/May/2023:17:13:04 +0200] "GET /wp-includes/js/dist/vendor/wp-polyfill-inert.min.js?ver=3.1.2 HTTP/1.1" 304 4832 "https://heimel.inglory.de/wp-login.php?redirect_to=https%3A%2F%2Fheimel.inglory.de%2Fwp-admin%2F&reauth=1" "Serf/1.3.9 (mod_pagespeed/1.13.35.2-0)"
94.130.90.54 - - [22/May/2023:17:13:04 +0200] "GET /wp-includes/js/dist/vendor/regenerator-runtime.min.js?ver=0.13.11 HTTP/1.1" 304 4832 "https://heimel.inglory.de/wp-login.php?redirect_to=https%3A%2F%2Fheimel.inglory.de%2Fwp-admin%2F&reauth=1" "Serf/1.3.9 (mod_pagespeed/1.13.35.2-0)"
94.130.90.54 - - [22/May/2023:17:13:04 +0200] "GET /wp-includes/js/dist/vendor/wp-polyfill.min.js?ver=3.15.0 HTTP/1.1" 304 4832 "https://heimel.inglory.de/wp-login.php?redirect_to=https%3A%2F%2Fheimel.inglory.de%2Fwp-admin%2F&reauth=1" "Serf/1.3.9 (mod_pagespeed/1.13.35.2-0)"
94.130.90.54 - - [22/May/2023:17:13:04 +0200] "GET /wp-includes/js/dist/hooks.min.js?ver=4169d3cf8e8d95a3d6d5 HTTP/1.1" 200 9912 "https://heimel.inglory.de/wp-login.php?redirect_to=https%3A%2F%2Fheimel.inglory.de%2Fwp-admin%2F&reauth=1" "Serf/1.3.9 (mod_pagespeed/1.13.35.2-0)"
94.130.90.54 - - [22/May/2023:17:13:04 +0200] "GET /wp-includes/js/dist/i18n.min.js?ver=9e794f35a71bb98672ae HTTP/1.1" 304 4832 "https://heimel.inglory.de/wp-login.php?redirect_to=https%3A%2F%2Fheimel.inglory.de%2Fwp-admin%2F&reauth=1" "Serf/1.3.9 (mod_pagespeed/1.13.35.2-0)"
94.130.90.54 - - [22/May/2023:17:13:04 +0200] "GET /wp-includes/js/underscore.min.js?ver=1.13.4 HTTP/1.1" 200 23865 "https://heimel.inglory.de/wp-login.php?redirect_to=https%3A%2F%2Fheimel.inglory.de%2Fwp-admin%2F&reauth=1" "Serf/1.3.9 (mod_pagespeed/1.13.35.2-0)"
94.130.90.54 - - [22/May/2023:17:13:04 +0200] "GET /wp-includes/js/wp-util.min.js?ver=6.2.2 HTTP/1.1" 200 6398 "https://heimel.inglory.de/wp-login.php?redirect_to=https%3A%2F%2Fheimel.inglory.de%2Fwp-admin%2F&reauth=1" "Serf/1.3.9 (mod_pagespeed/1.13.35.2-0)"
94.130.90.54 - - [22/May/2023:17:13:04 +0200] "GET /wp-includes/css/dashicons.min.css?ver=6.2.2 HTTP/1.1" 200 64092 "https://heimel.inglory.de/wp-login.php?redirect_to=https%3A%2F%2Fheimel.inglory.de%2Fwp-admin%2F&reauth=1" "Serf/1.3.9 (mod_pagespeed/1.13.35.2-0)"
94.130.90.54 - - [22/May/2023:17:13:04 +0200] "GET /wp-includes/css/buttons.min.css?ver=6.2.2 HTTP/1.1" 200 10842 "https://heimel.inglory.de/wp-login.php?redirect_to=https%3A%2F%2Fheimel.inglory.de%2Fwp-admin%2F&reauth=1" "Serf/1.3.9 (mod_pagespeed/1.13.35.2-0)"
188.106.93.204 - - [22/May/2023:17:13:04 +0200] "GET /wp-includes/css/dashicons.min.css?ver=6.2.2 HTTP/1.0" 200 36713 "https://heimel.inglory.de/wp-login.php?redirect_to=https%3A%2F%2Fheimel.inglory.de%2Fwp-admin%2F&reauth=1" "Mozilla/5.0 (Macintosh; Intel Mac OS X 10_15_7) AppleWebKit/537.36 (KHTML, like Gecko) Chrome/112.0.0.0 Safari/537.36"
188.106.93.204 - - [22/May/2023:17:13:04 +0200] "GET /wp-includes/css/buttons.min.css?ver=6.2.2 HTTP/1.0" 200 2405 "https://heimel.inglory.de/wp-login.php?redirect_to=https%3A%2F%2Fheimel.inglory.de%2Fwp-admin%2F&reauth=1" "Mozilla/5.0 (Macintosh; Intel Mac OS X 10_15_7) AppleWebKit/537.36 (KHTML, like Gecko) Chrome/112.0.0.0 Safari/537.36"
188.106.93.204 - - [22/May/2023:17:13:04 +0200] "GET /wp-admin/css/l10n.min.css?ver=6.2.2 HTTP/1.0" 200 1503 "https://heimel.inglory.de/wp-login.php?redirect_to=https%3A%2F%2Fheimel.inglory.de%2Fwp-admin%2F&reauth=1" "Mozilla/5.0 (Macintosh; Intel Mac OS X 10_15_7) AppleWebKit/537.36 (KHTML, like Gecko) Chrome/112.0.0.0 Safari/537.36"
188.106.93.204 - - [22/May/2023:17:13:04 +0200] "GET /wp-admin/css/login.min.css?ver=6.2.2 HTTP/1.0" 200 3020 "https://heimel.inglory.de/wp-login.php?redirect_to=https%3A%2F%2Fheimel.inglory.de%2Fwp-admin%2F&reauth=1" "Mozilla/5.0 (Macintosh; Intel Mac OS X 10_15_7) AppleWebKit/537.36 (KHTML, like Gecko) Chrome/112.0.0.0 Safari/537.36"
188.106.93.204 - - [22/May/2023:17:13:04 +0200] "GET /wp-includes/js/zxcvbn-async.min.js?ver=1.0 HTTP/1.0" 200 1228 "https://heimel.inglory.de/wp-login.php?redirect_to=https%3A%2F%2Fheimel.inglory.de%2Fwp-admin%2F&reauth=1" "Mozilla/5.0 (Macintosh; Intel Mac OS X 10_15_7) AppleWebKit/537.36 (KHTML, like Gecko) Chrome/112.0.0.0 Safari/537.36"
188.106.93.204 - - [22/May/2023:17:13:04 +0200] "GET /wp-includes/js/dist/vendor/wp-polyfill-inert.min.js?ver=3.1.2 HTTP/1.0" 304 691 "https://heimel.inglory.de/wp-login.php?redirect_to=https%3A%2F%2Fheimel.inglory.de%2Fwp-admin%2F&reauth=1" "Mozilla/5.0 (Macintosh; Intel Mac OS X 10_15_7) AppleWebKit/537.36 (KHTML, like Gecko) Chrome/112.0.0.0 Safari/537.36"
188.106.93.204 - - [22/May/2023:17:13:04 +0200] "GET /wp-admin/css/forms.min.css?ver=6.2.2 HTTP/1.0" 200 8705 "https://heimel.inglory.de/wp-login.php?redirect_to=https%3A%2F%2Fheimel.inglory.de%2Fwp-admin%2F&reauth=1" "Mozilla/5.0 (Macintosh; Intel Mac OS X 10_15_7) AppleWebKit/537.36 (KHTML, like Gecko) Chrome/112.0.0.0 Safari/537.36"
188.106.93.204 - - [22/May/2023:17:13:04 +0200] "GET /wp-includes/js/dist/vendor/regenerator-runtime.min.js?ver=0.13.11 HTTP/1.0" 304 691 "https://heimel.inglory.de/wp-login.php?redirect_to=https%3A%2F%2Fheimel.inglory.de%2Fwp-admin%2F&reauth=1" "Mozilla/5.0 (Macintosh; Intel Mac OS X 10_15_7) AppleWebKit/537.36 (KHTML, like Gecko) Chrome/112.0.0.0 Safari/537.36"
188.106.93.204 - - [22/May/2023:17:13:04 +0200] "GET /wp-includes/js/jquery/jquery-migrate.min.js?ver=3.4.0 HTTP/1.0" 304 2140 "https://heimel.inglory.de/wp-login.php?redirect_to=https%3A%2F%2Fheimel.inglory.de%2Fwp-admin%2F&reauth=1" "Mozilla/5.0 (Macintosh; Intel Mac OS X 10_15_7) AppleWebKit/537.36 (KHTML, like Gecko) Chrome/112.0.0.0 Safari/537.36"
188.106.93.204 - - [22/May/2023:17:13:04 +0200] "GET /wp-admin/js/password-strength-meter.min.js?ver=6.2.2 HTTP/1.0" 200 1452 "https://heimel.inglory.de/wp-login.php?redirect_to=https%3A%2F%2Fheimel.inglory.de%2Fwp-admin%2F&reauth=1" "Mozilla/5.0 (Macintosh; Intel Mac OS X 10_15_7) AppleWebKit/537.36 (KHTML, like Gecko) Chrome/112.0.0.0 Safari/537.36"
188.106.93.204 - - [22/May/2023:17:13:04 +0200] "GET /wp-includes/js/dist/vendor/wp-polyfill.min.js?ver=3.15.0 HTTP/1.0" 304 691 "https://heimel.inglory.de/wp-login.php?redirect_to=https%3A%2F%2Fheimel.inglory.de%2Fwp-admin%2F&reauth=1" "Mozilla/5.0 (Macintosh; Intel Mac OS X 10_15_7) AppleWebKit/537.36 (KHTML, like Gecko) Chrome/112.0.0.0 Safari/537.36"
188.106.93.204 - - [22/May/2023:17:13:04 +0200] "GET /wp-includes/js/underscore.min.js?ver=1.13.4 HTTP/1.0" 200 8292 "https://heimel.inglory.de/wp-login.php?redirect_to=https%3A%2F%2Fheimel.inglory.de%2Fwp-admin%2F&reauth=1" "Mozilla/5.0 (Macintosh; Intel Mac OS X 10_15_7) AppleWebKit/537.36 (KHTML, like Gecko) Chrome/112.0.0.0 Safari/537.36"
188.106.93.204 - - [22/May/2023:17:13:04 +0200] "GET /wp-includes/js/wp-util.min.js?ver=6.2.2 HTTP/1.0" 200 1729 "https://heimel.inglory.de/wp-login.php?redirect_to=https%3A%2F%2Fheimel.inglory.de%2Fwp-admin%2F&reauth=1" "Mozilla/5.0 (Macintosh; Intel Mac OS X 10_15_7) AppleWebKit/537.36 (KHTML, like Gecko) Chrome/112.0.0.0 Safari/537.36"
188.106.93.204 - - [22/May/2023:17:13:04 +0200] "GET /wp-admin/js/user-profile.min.js?ver=6.2.2 HTTP/1.0" 200 3203 "https://heimel.inglory.de/wp-login.php?redirect_to=https%3A%2F%2Fheimel.inglory.de%2Fwp-admin%2F&reauth=1" "Mozilla/5.0 (Macintosh; Intel Mac OS X 10_15_7) AppleWebKit/537.36 (KHTML, like Gecko) Chrome/112.0.0.0 Safari/537.36"
188.106.93.204 - - [22/May/2023:17:13:04 +0200] "GET /wp-includes/js/dist/hooks.min.js?ver=4169d3cf8e8d95a3d6d5 HTTP/1.0" 304 691 "https://heimel.inglory.de/wp-login.php?redirect_to=https%3A%2F%2Fheimel.inglory.de%2Fwp-admin%2F&reauth=1" "Mozilla/5.0 (Macintosh; Intel Mac OS X 10_15_7) AppleWebKit/537.36 (KHTML, like Gecko) Chrome/112.0.0.0 Safari/537.36"
188.106.93.204 - - [22/May/2023:17:13:04 +0200] "GET /wp-includes/js/dist/i18n.min.js?ver=9e794f35a71bb98672ae HTTP/1.0" 304 691 "https://heimel.inglory.de/wp-login.php?redirect_to=https%3A%2F%2Fheimel.inglory.de%2Fwp-admin%2F&reauth=1" "Mozilla/5.0 (Macintosh; Intel Mac OS X 10_15_7) AppleWebKit/537.36 (KHTML, like Gecko) Chrome/112.0.0.0 Safari/537.36"
188.106.93.204 - - [22/May/2023:17:13:04 +0200] "GET /wp-admin/images/wordpress-logo.svg?ver=20131107 HTTP/1.0" 200 2292 "https://heimel.inglory.de/wp-admin/css/login.min.css?ver=6.2.2" "Mozilla/5.0 (Macintosh; Intel Mac OS X 10_15_7) AppleWebKit/537.36 (KHTML, like Gecko) Chrome/112.0.0.0 Safari/537.36"
188.106.93.204 - - [22/May/2023:17:13:04 +0200] "GET /wp-content/uploads/cropped-favicon-32x32.png HTTP/1.0" 304 2139 "https://heimel.inglory.de/wp-login.php?redirect_to=https%3A%2F%2Fheimel.inglory.de%2Fwp-admin%2F&reauth=1" "Mozilla/5.0 (Macintosh; Intel Mac OS X 10_15_7) AppleWebKit/537.36 (KHTML, like Gecko) Chrome/112.0.0.0 Safari/537.36"
188.106.93.204 - - [22/May/2023:17:13:04 +0200] "GET /wp-includes/js/zxcvbn.min.js HTTP/1.0" 200 401623 "https://heimel.inglory.de/wp-login.php?redirect_to=https%3A%2F%2Fheimel.inglory.de%2Fwp-admin%2F&reauth=1" "Mozilla/5.0 (Macintosh; Intel Mac OS X 10_15_7) AppleWebKit/537.36 (KHTML, like Gecko) Chrome/112.0.0.0 Safari/537.36"
94.130.90.54 - - [22/May/2023:17:32:21 +0200] "POST /wp-cron.php?doing_wp_cron=1684769540.9872229099273681640625 HTTP/1.0" 200 839 "-" "x7WajOyT9UYI"
94.130.90.54 - - [22/May/2023:17:32:21 +0200] "GET /wp-includes/css/dist/block-library/style.min.css?ver=6.2.2 HTTP/1.1" 304 4833 "https://heimel.inglory.de/" "Serf/1.3.9 (mod_pagespeed/1.13.35.2-0)"
94.130.90.54 - - [22/May/2023:17:32:21 +0200] "GET /wp-includes/css/classic-themes.min.css?ver=6.2.2 HTTP/1.1" 304 4831 "https://heimel.inglory.de/" "Serf/1.3.9 (mod_pagespeed/1.13.35.2-0)"
94.130.90.54 - - [22/May/2023:17:32:21 +0200] "GET /wp-content/themes/hello-elementor/style.min.css?ver=2.7.1 HTTP/1.1" 304 4832 "https://heimel.inglory.de/" "Serf/1.3.9 (mod_pagespeed/1.13.35.2-0)"
94.130.90.54 - - [22/May/2023:17:32:21 +0200] "GET /wp-content/themes/hello-elementor/theme.min.css?ver=2.7.1 HTTP/1.1" 304 4832 "https://heimel.inglory.de/" "Serf/1.3.9 (mod_pagespeed/1.13.35.2-0)"
54.216.52.5 - - [22/May/2023:17:32:20 +0200] "GET / HTTP/1.0" 200 27887 "-" "Plesk screenshot bot https://support.plesk.com/hc/en-us/articles/10301006946066"
94.130.90.54 - - [22/May/2023:17:32:21 +0200] "GET /wp-content/plugins/elementor/assets/css/frontend-lite.min.css?ver=3.13.2 HTTP/1.1" 304 4833 "https://heimel.inglory.de/" "Serf/1.3.9 (mod_pagespeed/1.13.35.2-0)"
94.130.90.54 - - [22/May/2023:17:32:21 +0200] "GET /wp-content/uploads/elementor/css/post-6.css?ver=1684188261 HTTP/1.1" 200 7850 "https://heimel.inglory.de/" "Serf/1.3.9 (mod_pagespeed/1.13.35.2-0)"
94.130.90.54 - - [22/May/2023:17:32:21 +0200] "GET /wp-content/plugins/elementor/assets/lib/eicons/css/elementor-icons.min.css?ver=5.20.0 HTTP/1.1" 304 4832 "https://heimel.inglory.de/" "Serf/1.3.9 (mod_pagespeed/1.13.35.2-0)"
94.130.90.54 - - [22/May/2023:17:32:21 +0200] "GET /wp-content/plugins/elementor/assets/lib/swiper/v8/css/swiper.min.css?ver=8.4.5 HTTP/1.1" 304 4832 "https://heimel.inglory.de/" "Serf/1.3.9 (mod_pagespeed/1.13.35.2-0)"
94.130.90.54 - - [22/May/2023:17:32:21 +0200] "GET /wp-content/plugins/pro-elements/assets/css/frontend-lite.min.css?ver=3.12.3 HTTP/1.1" 200 14042 "https://heimel.inglory.de/" "Serf/1.3.9 (mod_pagespeed/1.13.35.2-0)"
94.130.90.54 - - [22/May/2023:17:32:21 +0200] "GET /wp-content/plugins/elementor/assets/lib/font-awesome/css/all.min.css?ver=3.13.2 HTTP/1.1" 304 4832 "https://heimel.inglory.de/" "Serf/1.3.9 (mod_pagespeed/1.13.35.2-0)"
94.130.90.54 - - [22/May/2023:17:32:21 +0200] "GET /wp-content/plugins/elementor/assets/lib/font-awesome/css/v4-shims.min.css?ver=3.13.2 HTTP/1.1" 304 4832 "https://heimel.inglory.de/" "Serf/1.3.9 (mod_pagespeed/1.13.35.2-0)"
94.130.90.54 - - [22/May/2023:17:32:21 +0200] "GET /wp-content/uploads/elementor/css/post-84.css?ver=1684188434 HTTP/1.1" 200 11327 "https://heimel.inglory.de/" "Serf/1.3.9 (mod_pagespeed/1.13.35.2-0)"
94.130.90.54 - - [22/May/2023:17:32:21 +0200] "GET /wp-content/uploads/elementor/css/post-91.css?ver=1684188389 HTTP/1.1" 200 7329 "https://heimel.inglory.de/" "Serf/1.3.9 (mod_pagespeed/1.13.35.2-0)"
94.130.90.54 - - [22/May/2023:17:32:21 +0200] "GET /wp-content/cache/borlabs-cookie/borlabs-cookie_1_de.css?ver=2.2.63-29 HTTP/1.1" 304 4832 "https://heimel.inglory.de/" "Serf/1.3.9 (mod_pagespeed/1.13.35.2-0)"
94.130.90.54 - - [22/May/2023:17:32:21 +0200] "GET /wp-content/plugins/mystickyelements-pro/css/font-awesome.min.css?ver=2.0.7 HTTP/1.1" 304 4832 "https://heimel.inglory.de/" "Serf/1.3.9 (mod_pagespeed/1.13.35.2-0)"
94.130.90.54 - - [22/May/2023:17:32:21 +0200] "GET /wp-content/plugins/elementor/assets/lib/font-awesome/css/fontawesome.min.css?ver=5.15.3 HTTP/1.1" 304 4832 "https://heimel.inglory.de/" "Serf/1.3.9 (mod_pagespeed/1.13.35.2-0)"
94.130.90.54 - - [22/May/2023:17:32:21 +0200] "GET /wp-content/plugins/elementor/assets/lib/font-awesome/css/solid.min.css?ver=5.15.3 HTTP/1.1" 200 5626 "https://heimel.inglory.de/" "Serf/1.3.9 (mod_pagespeed/1.13.35.2-0)"
94.130.90.54 - - [22/May/2023:17:32:21 +0200] "GET /wp-content/plugins/elementor/assets/lib/font-awesome/css/regular.min.css?ver=5.15.3 HTTP/1.1" 200 5634 "https://heimel.inglory.de/" "Serf/1.3.9 (mod_pagespeed/1.13.35.2-0)"
54.216.52.5 - - [22/May/2023:17:32:21 +0200] "GET /wp-includes/css/dist/block-library/A.style.min.css,qver=6.2.2.pagespeed.cf.1qpRdvAQUt.css HTTP/1.0" 200 13465 "https://heimel.inglory.de/" "Plesk screenshot bot https://support.plesk.com/hc/en-us/articles/10301006946066"
94.130.90.54 - - [22/May/2023:17:32:21 +0200] "GET /wp-content/plugins/funnelforms-free/res/frontend/styles/fontawesome_5.15.4.css?ver=3.3.8 HTTP/1.1" 304 4833 "https://heimel.inglory.de/" "Serf/1.3.9 (mod_pagespeed/1.13.35.2-0)"
54.216.52.5 - - [22/May/2023:17:32:21 +0200] "GET /wp-content/themes/hello-elementor/style.min.css,qver=2.7.1.pagespeed.ce.82qk7dnSQM.css HTTP/1.0" 200 2853 "https://heimel.inglory.de/" "Plesk screenshot bot https://support.plesk.com/hc/en-us/articles/10301006946066"
54.216.52.5 - - [22/May/2023:17:32:21 +0200] "GET /wp-content/themes/hello-elementor/theme.min.css?ver=2.7.1 HTTP/1.0" 200 3441 "https://heimel.inglory.de/" "Plesk screenshot bot https://support.plesk.com/hc/en-us/articles/10301006946066"
94.130.90.54 - - [22/May/2023:17:32:21 +0200] "GET /wp-content/plugins/funnelforms-free/res/frontend/styles/frontend.css?ver=3.3.8 HTTP/1.1" 304 4832 "https://heimel.inglory.de/" "Serf/1.3.9 (mod_pagespeed/1.13.35.2-0)"
54.216.52.5 - - [22/May/2023:17:32:21 +0200] "GET /wp-content/plugins/elementor/assets/css/frontend-lite.min.css?ver=3.13.2 HTTP/1.0" 200 12038 "https://heimel.inglory.de/" "Plesk screenshot bot https://support.plesk.com/hc/en-us/articles/10301006946066"
54.216.52.5 - - [22/May/2023:17:32:21 +0200] "GET /wp-content/uploads/elementor/css/post-6.css?ver=1684188261 HTTP/1.0" 200 1621 "https://heimel.inglory.de/" "Plesk screenshot bot https://support.plesk.com/hc/en-us/articles/10301006946066"
94.130.90.54 - - [22/May/2023:17:32:21 +0200] "GET /wp-content/plugins/elementor/assets/lib/animations/animations.min.css?ver=3.13.2 HTTP/1.1" 304 4832 "https://heimel.inglory.de/" "Serf/1.3.9 (mod_pagespeed/1.13.35.2-0)"
54.216.52.5 - - [22/May/2023:17:32:21 +0200] "GET /wp-content/plugins/elementor/assets/lib/eicons/css/elementor-icons.min.css?ver=5.20.0 HTTP/1.0" 200 4892 "https://heimel.inglory.de/" "Plesk screenshot bot https://support.plesk.com/hc/en-us/articles/10301006946066"
54.216.52.5 - - [22/May/2023:17:32:21 +0200] "GET /wp-content/plugins/elementor/assets/lib/swiper/v8/css/swiper.min.css?ver=8.4.5 HTTP/1.0" 200 5545 "https://heimel.inglory.de/" "Plesk screenshot bot https://support.plesk.com/hc/en-us/articles/10301006946066"
54.216.52.5 - - [22/May/2023:17:32:21 +0200] "GET /wp-content/plugins/pro-elements/assets/css/frontend-lite.min.css?ver=3.12.3 HTTP/1.0" 200 2391 "https://heimel.inglory.de/" "Plesk screenshot bot https://support.plesk.com/hc/en-us/articles/10301006946066"
94.130.90.54 - - [22/May/2023:17:32:21 +0200] "GET /wp-includes/js/jquery/jquery-migrate.min.js?ver=3.4.0 HTTP/1.1" 200 18427 "https://heimel.inglory.de/" "Serf/1.3.9 (mod_pagespeed/1.13.35.2-0)"
94.130.90.54 - - [22/May/2023:17:32:21 +0200] "GET /wp-content/plugins/elementor/assets/lib/font-awesome/js/v4-shims.min.js?ver=3.13.2 HTTP/1.1" 304 4832 "https://heimel.inglory.de/" "Serf/1.3.9 (mod_pagespeed/1.13.35.2-0)"
54.216.52.5 - - [22/May/2023:17:32:21 +0200] "GET /wp-content/plugins/elementor/assets/lib/font-awesome/css/v4-shims.min.css?ver=3.13.2 HTTP/1.0" 200 5140 "https://heimel.inglory.de/" "Plesk screenshot bot https://support.plesk.com/hc/en-us/articles/10301006946066"
54.216.52.5 - - [22/May/2023:17:32:21 +0200] "GET /wp-content/plugins/elementor/assets/lib/font-awesome/css/all.min.css?ver=3.13.2 HTTP/1.0" 200 13693 "https://heimel.inglory.de/" "Plesk screenshot bot https://support.plesk.com/hc/en-us/articles/10301006946066"
94.130.90.54 - - [22/May/2023:17:32:21 +0200] "GET /wp-content/plugins/mystickyelements-pro/intl-tel-input-src/build/js/intlTelInput.js?ver=2.0.7 HTTP/1.1" 304 4833 "https://heimel.inglory.de/" "Serf/1.3.9 (mod_pagespeed/1.13.35.2-0)"
94.130.90.54 - - [22/May/2023:17:32:21 +0200] "GET /wp-content/plugins/mystickyelements-pro/js/jquery.cookie.js?ver=2.0.7 HTTP/1.1" 200 6403 "https://heimel.inglory.de/" "Serf/1.3.9 (mod_pagespeed/1.13.35.2-0)"
94.130.90.54 - - [22/May/2023:17:32:21 +0200] "GET /wp-content/plugins/funnelforms-free/res/frontend/scripts/intlTelInputSelect2.js?ver=3.3.8 HTTP/1.1" 304 4832 "https://heimel.inglory.de/" "Serf/1.3.9 (mod_pagespeed/1.13.35.2-0)"
94.130.90.54 - - [22/May/2023:17:32:21 +0200] "GET /wp-content/plugins/pro-elements/assets/lib/smartmenus/jquery.smartmenus.min.js?ver=1.0.1 HTTP/1.1" 304 4832 "https://heimel.inglory.de/" "Serf/1.3.9 (mod_pagespeed/1.13.35.2-0)"
94.130.90.54 - - [22/May/2023:17:32:21 +0200] "GET /wp-content/plugins/elementor/assets/js/frontend-modules.min.js?ver=3.13.2 HTTP/1.1" 304 4832 "https://heimel.inglory.de/" "Serf/1.3.9 (mod_pagespeed/1.13.35.2-0)"
94.130.90.54 - - [22/May/2023:17:32:21 +0200] "GET /wp-includes/js/dist/vendor/wp-polyfill-inert.min.js?ver=3.1.2 HTTP/1.1" 200 13173 "https://heimel.inglory.de/" "Serf/1.3.9 (mod_pagespeed/1.13.35.2-0)"
94.130.90.54 - - [22/May/2023:17:32:21 +0200] "GET /wp-includes/js/dist/vendor/regenerator-runtime.min.js?ver=0.13.11 HTTP/1.1" 200 11609 "https://heimel.inglory.de/" "Serf/1.3.9 (mod_pagespeed/1.13.35.2-0)"
54.216.52.5 - - [22/May/2023:17:32:21 +0200] "GET /wp-content/uploads/elementor/css/post-84.css?ver=1684188434 HTTP/1.0" 200 1774 "https://heimel.inglory.de/" "Plesk screenshot bot https://support.plesk.com/hc/en-us/articles/10301006946066"
54.216.52.5 - - [22/May/2023:17:32:21 +0200] "GET /wp-content/uploads/elementor/css/post-91.css?ver=1684188389 HTTP/1.0" 200 1436 "https://heimel.inglory.de/" "Plesk screenshot bot https://support.plesk.com/hc/en-us/articles/10301006946066"
54.216.52.5 - - [22/May/2023:17:32:21 +0200] "GET /wp-content/uploads/elementor/css/post-7.css?ver=1684250525 HTTP/1.0" 200 3627 "https://heimel.inglory.de/" "Plesk screenshot bot https://support.plesk.com/hc/en-us/articles/10301006946066"
94.130.90.54 - - [22/May/2023:17:32:21 +0200] "GET /wp-includes/js/dist/vendor/wp-polyfill.min.js?ver=3.15.0 HTTP/1.1" 200 22855 "https://heimel.inglory.de/" "Serf/1.3.9 (mod_pagespeed/1.13.35.2-0)"
94.130.90.54 - - [22/May/2023:17:32:21 +0200] "GET /wp-includes/js/dist/hooks.min.js?ver=4169d3cf8e8d95a3d6d5 HTTP/1.1" 200 9912 "https://heimel.inglory.de/" "Serf/1.3.9 (mod_pagespeed/1.13.35.2-0)"
94.130.90.54 - - [22/May/2023:17:32:21 +0200] "GET /wp-content/plugins/pro-elements/assets/js/frontend.min.js?ver=3.12.3 HTTP/1.1" 304 4832 "https://heimel.inglory.de/" "Serf/1.3.9 (mod_pagespeed/1.13.35.2-0)"
54.216.52.5 - - [22/May/2023:17:32:21 +0200] "GET /wp-content/cache/borlabs-cookie/borlabs-cookie_1_de.css?ver=2.2.63-29 HTTP/1.0" 200 7639 "https://heimel.inglory.de/" "Plesk screenshot bot https://support.plesk.com/hc/en-us/articles/10301006946066"
54.216.52.5 - - [22/May/2023:17:32:21 +0200] "GET /wp-content/plugins/mystickyelements-pro/css/font-awesome.min.css?ver=2.0.7 HTTP/1.0" 200 12760 "https://heimel.inglory.de/" "Plesk screenshot bot https://support.plesk.com/hc/en-us/articles/10301006946066"
94.130.90.54 - - [22/May/2023:17:32:21 +0200] "GET /wp-content/plugins/elementor/assets/lib/waypoints/waypoints.min.js?ver=4.0.2 HTTP/1.1" 304 4832 "https://heimel.inglory.de/" "Serf/1.3.9 (mod_pagespeed/1.13.35.2-0)"
54.216.52.5 - - [22/May/2023:17:32:21 +0200] "GET /wp-content/plugins/elementor/assets/lib/font-awesome/css/regular.min.css?ver=5.15.3 HTTP/1.0" 200 1266 "https://heimel.inglory.de/" "Plesk screenshot bot https://support.plesk.com/hc/en-us/articles/10301006946066"
54.216.52.5 - - [22/May/2023:17:32:21 +0200] "GET /wp-content/plugins/mystickyelements-pro/intl-tel-input-src/build/css/intlTelInput.css?ver=2.0.7 HTTP/1.0" 200 4071 "https://heimel.inglory.de/" "Plesk screenshot bot https://support.plesk.com/hc/en-us/articles/10301006946066"
54.216.52.5 - - [22/May/2023:17:32:21 +0200] "GET /wp-includes/js/jquery/jquery-migrate.min.js?ver=3.4.0 HTTP/1.0" 200 5790 "https://heimel.inglory.de/" "Plesk screenshot bot https://support.plesk.com/hc/en-us/articles/10301006946066"
54.216.52.5 - - [22/May/2023:17:32:21 +0200] "GET /wp-content/plugins/elementor/assets/lib/font-awesome/js/v4-shims.min.js?ver=3.13.2 HTTP/1.0" 200 5176 "https://heimel.inglory.de/" "Plesk screenshot bot https://support.plesk.com/hc/en-us/articles/10301006946066"
94.130.90.54 - - [22/May/2023:17:32:21 +0200] "GET /wp-includes/js/jquery/ui/core.min.js?ver=1.13.2 HTTP/1.1" 304 4832 "https://heimel.inglory.de/" "Serf/1.3.9 (mod_pagespeed/1.13.35.2-0)"
54.216.52.5 - - [22/May/2023:17:32:21 +0200] "GET /wp-content/plugins/borlabs-cookie/assets/javascript/borlabs-cookie-prioritize.min.js?ver=2.2.63 HTTP/1.0" 200 1667 "https://heimel.inglory.de/" "Plesk screenshot bot https://support.plesk.com/hc/en-us/articles/10301006946066"
54.216.52.5 - - [22/May/2023:17:32:21 +0200] "GET /wp-content/plugins/elementor/assets/css/widget-icon-box.min.css HTTP/1.0" 200 1579 "https://heimel.inglory.de/" "Plesk screenshot bot https://support.plesk.com/hc/en-us/articles/10301006946066"
54.216.52.5 - - [22/May/2023:17:32:21 +0200] "GET /wp-content/plugins/elementor/assets/lib/font-awesome/css/fontawesome.min.css?ver=5.15.3 HTTP/1.0" 200 13406 "https://heimel.inglory.de/" "Plesk screenshot bot https://support.plesk.com/hc/en-us/articles/10301006946066"
54.216.52.5 - - [22/May/2023:17:32:21 +0200] "GET /wp-content/plugins/elementor/assets/lib/font-awesome/css/solid.min.css?ver=5.15.3 HTTP/1.0" 200 1267 "https://heimel.inglory.de/" "Plesk screenshot bot https://support.plesk.com/hc/en-us/articles/10301006946066"
94.130.90.54 - - [22/May/2023:17:32:21 +0200] "GET /wp-content/uploads/cropped-favicon-32x32.png HTTP/1.1" 200 6602 "https://heimel.inglory.de/" "Serf/1.3.9 (mod_pagespeed/1.13.35.2-0)"
94.130.90.54 - - [22/May/2023:17:32:21 +0200] "GET /wp-content/uploads/cropped-favicon-192x192.png HTTP/1.1" 304 4832 "https://heimel.inglory.de/" "Serf/1.3.9 (mod_pagespeed/1.13.35.2-0)"
54.216.52.5 - - [22/May/2023:17:32:21 +0200] "GET /wp-content/plugins/mystickyelements-pro/css/mystickyelements-front.min.css?ver=2.0.7 HTTP/1.0" 200 15333 "https://heimel.inglory.de/" "Plesk screenshot bot https://support.plesk.com/hc/en-us/articles/10301006946066"
94.130.90.54 - - [22/May/2023:17:32:21 +0200] "GET /wp-content/uploads/cropped-favicon-180x180.png HTTP/1.1" 304 4832 "https://heimel.inglory.de/" "Serf/1.3.9 (mod_pagespeed/1.13.35.2-0)"
54.216.52.5 - - [22/May/2023:17:32:21 +0200] "GET /wp-includes/js/jquery/jquery.min.js?ver=3.6.4 HTTP/1.0" 200 32022 "https://heimel.inglory.de/" "Plesk screenshot bot https://support.plesk.com/hc/en-us/articles/10301006946066"
94.130.90.54 - - [22/May/2023:17:32:21 +0200] "GET /wp-content/uploads/heimellogo.png HTTP/1.1" 304 4832 "https://heimel.inglory.de/" "Serf/1.3.9 (mod_pagespeed/1.13.35.2-0)"
94.130.90.54 - - [22/May/2023:17:32:21 +0200] "GET /wp-content/uploads/heimellogo.png HTTP/1.1" 304 4832 "https://heimel.inglory.de/" "Serf/1.3.9 (mod_pagespeed/1.13.35.2-0)"
94.130.90.54 - - [22/May/2023:17:32:21 +0200] "GET /wp-content/uploads/heimellogo-300x122.png HTTP/1.1" 304 4832 "https://heimel.inglory.de/" "Serf/1.3.9 (mod_pagespeed/1.13.35.2-0)"
94.130.90.54 - - [22/May/2023:17:32:21 +0200] "GET /wp-content/uploads/heimelheader1.jpg HTTP/1.1" 304 4833 "https://heimel.inglory.de/" "Serf/1.3.9 (mod_pagespeed/1.13.35.2-0)"
94.130.90.54 - - [22/May/2023:17:32:21 +0200] "GET /wp-content/uploads/heimelheader1.jpg HTTP/1.1" 304 4833 "https://heimel.inglory.de/" "Serf/1.3.9 (mod_pagespeed/1.13.35.2-0)"
94.130.90.54 - - [22/May/2023:17:32:21 +0200] "GET /wp-content/uploads/heimelheader1-300x194.jpg HTTP/1.1" 304 4832 "https://heimel.inglory.de/" "Serf/1.3.9 (mod_pagespeed/1.13.35.2-0)"
94.130.90.54 - - [22/May/2023:17:32:21 +0200] "GET /wp-content/uploads/heimelheader1-1024x661.jpg HTTP/1.1" 304 4833 "https://heimel.inglory.de/" "Serf/1.3.9 (mod_pagespeed/1.13.35.2-0)"
94.130.90.54 - - [22/May/2023:17:32:21 +0200] "GET /wp-content/uploads/heimelheader1-768x496.jpg HTTP/1.1" 304 4832 "https://heimel.inglory.de/" "Serf/1.3.9 (mod_pagespeed/1.13.35.2-0)"
94.130.90.54 - - [22/May/2023:17:32:21 +0200] "GET /wp-content/uploads/heimelheader1-1536x991.jpg HTTP/1.1" 304 4833 "https://heimel.inglory.de/" "Serf/1.3.9 (mod_pagespeed/1.13.35.2-0)"
94.130.90.54 - - [22/May/2023:17:32:21 +0200] "GET /wp-content/uploads/Bette.png HTTP/1.1" 304 4831 "https://heimel.inglory.de/" "Serf/1.3.9 (mod_pagespeed/1.13.35.2-0)"
94.130.90.54 - - [22/May/2023:17:32:21 +0200] "GET /wp-content/uploads/Burgbad.png HTTP/1.1" 304 4832 "https://heimel.inglory.de/" "Serf/1.3.9 (mod_pagespeed/1.13.35.2-0)"
94.130.90.54 - - [22/May/2023:17:32:21 +0200] "GET /wp-content/uploads/Duravit.png HTTP/1.1" 304 4831 "https://heimel.inglory.de/" "Serf/1.3.9 (mod_pagespeed/1.13.35.2-0)"
94.130.90.54 - - [22/May/2023:17:32:21 +0200] "GET /wp-content/uploads/Grohe.png HTTP/1.1" 304 4831 "https://heimel.inglory.de/" "Serf/1.3.9 (mod_pagespeed/1.13.35.2-0)"
94.130.90.54 - - [22/May/2023:17:32:21 +0200] "GET /wp-content/uploads/hansgrohe.png HTTP/1.1" 304 4831 "https://heimel.inglory.de/" "Serf/1.3.9 (mod_pagespeed/1.13.35.2-0)"
94.130.90.54 - - [22/May/2023:17:32:21 +0200] "GET /wp-content/uploads/heiler.png HTTP/1.1" 304 4831 "https://heimel.inglory.de/" "Serf/1.3.9 (mod_pagespeed/1.13.35.2-0)"
94.130.90.54 - - [22/May/2023:17:32:21 +0200] "GET /wp-content/uploads/hewi.png HTTP/1.1" 304 4831 "https://heimel.inglory.de/" "Serf/1.3.9 (mod_pagespeed/1.13.35.2-0)"
94.130.90.54 - - [22/May/2023:17:32:21 +0200] "GET /wp-content/uploads/hsk.png HTTP/1.1" 304 4832 "https://heimel.inglory.de/" "Serf/1.3.9 (mod_pagespeed/1.13.35.2-0)"
94.130.90.54 - - [22/May/2023:17:32:21 +0200] "GET /wp-content/uploads/keuco.png HTTP/1.1" 304 4831 "https://heimel.inglory.de/" "Serf/1.3.9 (mod_pagespeed/1.13.35.2-0)"
94.130.90.54 - - [22/May/2023:17:32:21 +0200] "GET /wp-content/uploads/syr.png HTTP/1.1" 304 4832 "https://heimel.inglory.de/" "Serf/1.3.9 (mod_pagespeed/1.13.35.2-0)"
94.130.90.54 - - [22/May/2023:17:32:21 +0200] "GET /wp-content/uploads/vaillant.png HTTP/1.1" 304 4832 "https://heimel.inglory.de/" "Serf/1.3.9 (mod_pagespeed/1.13.35.2-0)"
94.130.90.54 - - [22/May/2023:17:32:21 +0200] "GET /wp-content/uploads/viessmann.png HTTP/1.1" 304 4831 "https://heimel.inglory.de/" "Serf/1.3.9 (mod_pagespeed/1.13.35.2-0)"
94.130.90.54 - - [22/May/2023:17:32:21 +0200] "GET /wp-content/uploads/villeroy_boch.png HTTP/1.1" 304 4831 "https://heimel.inglory.de/" "Serf/1.3.9 (mod_pagespeed/1.13.35.2-0)"
