80.187.67.145 - - [08/Mar/2026:21:41:57 +0100] "POST /wp-admin/admin-ajax.php HTTP/1.0" 200 5409 "https://halkfinanz.inglory.de/wp-admin/post.php?post=16&action=elementor" "Mozilla/5.0 (Macintosh; Intel Mac OS X 10_15_7) AppleWebKit/537.36 (KHTML, like Gecko) Chrome/145.0.0.0 Safari/537.36"
80.187.67.145 - - [08/Mar/2026:21:42:04 +0100] "POST /wp-admin/admin-ajax.php HTTP/1.0" 200 4408 "https://halkfinanz.inglory.de/wp-admin/post.php?post=16&action=elementor" "Mozilla/5.0 (Macintosh; Intel Mac OS X 10_15_7) AppleWebKit/537.36 (KHTML, like Gecko) Chrome/145.0.0.0 Safari/537.36"
80.187.67.145 - - [08/Mar/2026:21:42:12 +0100] "GET /wp-content/uploads/logo-5.png HTTP/1.0" 304 3899 "https://halkfinanz.inglory.de/?elementor-preview=16&ver=1773002507" "Mozilla/5.0 (Macintosh; Intel Mac OS X 10_15_7) AppleWebKit/537.36 (KHTML, like Gecko) Chrome/145.0.0.0 Safari/537.36"
80.187.67.145 - - [08/Mar/2026:21:42:16 +0100] "GET /wp-content/uploads/users-1-1.png HTTP/1.0" 304 3899 "https://halkfinanz.inglory.de/?elementor-preview=16&ver=1773002507" "Mozilla/5.0 (Macintosh; Intel Mac OS X 10_15_7) AppleWebKit/537.36 (KHTML, like Gecko) Chrome/145.0.0.0 Safari/537.36"
80.187.67.145 - - [08/Mar/2026:21:42:19 +0100] "POST /wp-admin/admin-ajax.php HTTP/1.0" 200 4408 "https://halkfinanz.inglory.de/wp-admin/post.php?post=16&action=elementor" "Mozilla/5.0 (Macintosh; Intel Mac OS X 10_15_7) AppleWebKit/537.36 (KHTML, like Gecko) Chrome/145.0.0.0 Safari/537.36"
80.187.67.145 - - [08/Mar/2026:21:42:20 +0100] "GET /wp-content/plugins/elementor/assets/lib/font-awesome/css/regular.min.css?ver=5.15.3 HTTP/1.0" 200 4502 "https://halkfinanz.inglory.de/wp-admin/post.php?post=16&action=elementor" "Mozilla/5.0 (Macintosh; Intel Mac OS X 10_15_7) AppleWebKit/537.36 (KHTML, like Gecko) Chrome/145.0.0.0 Safari/537.36"
80.187.67.145 - - [08/Mar/2026:21:42:20 +0100] "GET /wp-content/plugins/elementor/assets/lib/font-awesome/js/regular.js HTTP/1.0" 200 4846 "https://halkfinanz.inglory.de/wp-admin/post.php?post=16&action=elementor" "Mozilla/5.0 (Macintosh; Intel Mac OS X 10_15_7) AppleWebKit/537.36 (KHTML, like Gecko) Chrome/145.0.0.0 Safari/537.36"
80.187.67.145 - - [08/Mar/2026:21:42:20 +0100] "GET /wp-content/plugins/elementor/assets/lib/font-awesome/js/solid.js HTTP/1.0" 200 8616 "https://halkfinanz.inglory.de/wp-admin/post.php?post=16&action=elementor" "Mozilla/5.0 (Macintosh; Intel Mac OS X 10_15_7) AppleWebKit/537.36 (KHTML, like Gecko) Chrome/145.0.0.0 Safari/537.36"
80.187.67.145 - - [08/Mar/2026:21:42:20 +0100] "GET /wp-content/plugins/elementor/assets/lib/font-awesome/js/brands.js HTTP/1.0" 200 6469 "https://halkfinanz.inglory.de/wp-admin/post.php?post=16&action=elementor" "Mozilla/5.0 (Macintosh; Intel Mac OS X 10_15_7) AppleWebKit/537.36 (KHTML, like Gecko) Chrome/145.0.0.0 Safari/537.36"
80.187.67.145 - - [08/Mar/2026:21:42:26 +0100] "GET /wp-json/elementor/v1/checklist/user-progress HTTP/1.0" 200 5128 "https://halkfinanz.inglory.de/wp-admin/post.php?post=16&action=elementor" "Mozilla/5.0 (Macintosh; Intel Mac OS X 10_15_7) AppleWebKit/537.36 (KHTML, like Gecko) Chrome/145.0.0.0 Safari/537.36"
80.187.67.145 - - [08/Mar/2026:21:42:26 +0100] "GET /wp-content/uploads/users-1-1.png HTTP/1.0" 304 3899 "https://halkfinanz.inglory.de/?elementor-preview=16&ver=1773002507" "Mozilla/5.0 (Macintosh; Intel Mac OS X 10_15_7) AppleWebKit/537.36 (KHTML, like Gecko) Chrome/145.0.0.0 Safari/537.36"
80.187.67.145 - - [08/Mar/2026:21:42:34 +0100] "POST /wp-admin/admin-ajax.php HTTP/1.0" 200 4408 "https://halkfinanz.inglory.de/wp-admin/post.php?post=16&action=elementor" "Mozilla/5.0 (Macintosh; Intel Mac OS X 10_15_7) AppleWebKit/537.36 (KHTML, like Gecko) Chrome/145.0.0.0 Safari/537.36"
80.187.67.145 - - [08/Mar/2026:21:42:34 +0100] "GET /wp-json/elementor/v1/checklist/user-progress HTTP/1.0" 200 5128 "https://halkfinanz.inglory.de/wp-admin/post.php?post=16&action=elementor" "Mozilla/5.0 (Macintosh; Intel Mac OS X 10_15_7) AppleWebKit/537.36 (KHTML, like Gecko) Chrome/145.0.0.0 Safari/537.36"
80.187.67.145 - - [08/Mar/2026:21:42:35 +0100] "GET /wp-json/elementor/v1/checklist/user-progress HTTP/1.0" 200 5128 "https://halkfinanz.inglory.de/wp-admin/post.php?post=16&action=elementor" "Mozilla/5.0 (Macintosh; Intel Mac OS X 10_15_7) AppleWebKit/537.36 (KHTML, like Gecko) Chrome/145.0.0.0 Safari/537.36"
80.187.67.145 - - [08/Mar/2026:21:42:36 +0100] "POST /wp-admin/admin-ajax.php HTTP/1.0" 200 5327 "https://halkfinanz.inglory.de/wp-admin/post.php?post=16&action=elementor" "Mozilla/5.0 (Macintosh; Intel Mac OS X 10_15_7) AppleWebKit/537.36 (KHTML, like Gecko) Chrome/145.0.0.0 Safari/537.36"
80.187.67.145 - - [08/Mar/2026:21:42:37 +0100] "GET /wp-json/elementor/v1/checklist/user-progress HTTP/1.0" 200 5128 "https://halkfinanz.inglory.de/wp-admin/post.php?post=16&action=elementor" "Mozilla/5.0 (Macintosh; Intel Mac OS X 10_15_7) AppleWebKit/537.36 (KHTML, like Gecko) Chrome/145.0.0.0 Safari/537.36"
80.187.67.145 - - [08/Mar/2026:21:42:38 +0100] "POST /wp-admin/admin-ajax.php HTTP/1.0" 200 13355 "https://halkfinanz.inglory.de/wp-admin/post.php?post=16&action=elementor" "Mozilla/5.0 (Macintosh; Intel Mac OS X 10_15_7) AppleWebKit/537.36 (KHTML, like Gecko) Chrome/145.0.0.0 Safari/537.36"
94.130.90.54 - - [08/Mar/2026:21:42:40 +0100] "GET /wp-content/uploads/elementor/css/post-16.css?ver=1773002559 HTTP/1.1" 200 161538 "https://halkfinanz.inglory.de/?preview_id=16&preview_nonce=b579bd6e7d&preview=true" "Serf/1.3.9 (mod_pagespeed/1.13.35.2-0)"
80.187.67.145 - - [08/Mar/2026:21:42:37 +0100] "GET /?preview_id=16&preview_nonce=b579bd6e7d&preview=true HTTP/1.0" 200 74976 "https://halkfinanz.inglory.de/wp-admin/post.php?post=16&action=elementor" "Mozilla/5.0 (Macintosh; Intel Mac OS X 10_15_7) AppleWebKit/537.36 (KHTML, like Gecko) Chrome/145.0.0.0 Safari/537.36"
80.187.67.145 - - [08/Mar/2026:21:42:40 +0100] "GET /wp-content/uploads/elementor/css/post-16.css?ver=1773002559 HTTP/1.0" 200 13387 "https://halkfinanz.inglory.de/?preview_id=16&preview_nonce=b579bd6e7d&preview=true" "Mozilla/5.0 (Macintosh; Intel Mac OS X 10_15_7) AppleWebKit/537.36 (KHTML, like Gecko) Chrome/145.0.0.0 Safari/537.36"
80.187.67.145 - - [08/Mar/2026:21:42:40 +0100] "GET /wp-content/plugins/elementor/assets/css/common.min.css,qver=3.35.6.pagespeed.ce.6ZaL5QZ24x.css HTTP/1.0" 200 7571 "https://halkfinanz.inglory.de/?preview_id=16&preview_nonce=b579bd6e7d&preview=true" "Mozilla/5.0 (Macintosh; Intel Mac OS X 10_15_7) AppleWebKit/537.36 (KHTML, like Gecko) Chrome/145.0.0.0 Safari/537.36"
80.187.67.145 - - [08/Mar/2026:21:42:40 +0100] "GET /wp-content/plugins/elementor/assets/js/web-cli.min.js,qver=3.35.6.pagespeed.ce.LCpuCZwkj9.js HTTP/1.0" 200 45124 "https://halkfinanz.inglory.de/?preview_id=16&preview_nonce=b579bd6e7d&preview=true" "Mozilla/5.0 (Macintosh; Intel Mac OS X 10_15_7) AppleWebKit/537.36 (KHTML, like Gecko) Chrome/145.0.0.0 Safari/537.36"
80.187.67.145 - - [08/Mar/2026:21:42:40 +0100] "GET /wp-includes/js/dist/vendor/react-dom.min.js,qver=18.3.1.1.pagespeed.jm.HL0kIjHG8Y.js HTTP/1.0" 200 133304 "https://halkfinanz.inglory.de/?preview_id=16&preview_nonce=b579bd6e7d&preview=true" "Mozilla/5.0 (Macintosh; Intel Mac OS X 10_15_7) AppleWebKit/537.36 (KHTML, like Gecko) Chrome/145.0.0.0 Safari/537.36"
80.187.67.145 - - [08/Mar/2026:21:42:40 +0100] "GET /wp-content/plugins/elementor-pro/assets/js/notes/notes.min.js,qver=3.35.1.pagespeed.ce.JdnDgBJyV5.js HTTP/1.0" 200 8936 "https://halkfinanz.inglory.de/?preview_id=16&preview_nonce=b579bd6e7d&preview=true" "Mozilla/5.0 (Macintosh; Intel Mac OS X 10_15_7) AppleWebKit/537.36 (KHTML, like Gecko) Chrome/145.0.0.0 Safari/537.36"
80.187.67.145 - - [08/Mar/2026:21:42:40 +0100] "GET /wp-includes/js/dist/hooks.min.js?ver=dd5603f07f9220ed27f1 HTTP/1.0" 304 3899 "https://halkfinanz.inglory.de/?preview_id=16&preview_nonce=b579bd6e7d&preview=true" "Mozilla/5.0 (Macintosh; Intel Mac OS X 10_15_7) AppleWebKit/537.36 (KHTML, like Gecko) Chrome/145.0.0.0 Safari/537.36"
80.187.67.145 - - [08/Mar/2026:21:42:40 +0100] "GET /wp-includes/js/dist/i18n.min.js?ver=c26c3dc7bed366793375 HTTP/1.0" 304 3899 "https://halkfinanz.inglory.de/?preview_id=16&preview_nonce=b579bd6e7d&preview=true" "Mozilla/5.0 (Macintosh; Intel Mac OS X 10_15_7) AppleWebKit/537.36 (KHTML, like Gecko) Chrome/145.0.0.0 Safari/537.36"
80.187.67.145 - - [08/Mar/2026:21:42:40 +0100] "GET /wp-includes/js/jquery/ui/core.min.js,qver==1.13.3+mouse.min.js,qver==1.13.3+draggable.min.js,qver==1.13.3.pagespeed.jc.G3DJ4Y3dwY.js HTTP/1.0" 200 15895 "https://halkfinanz.inglory.de/?preview_id=16&preview_nonce=b579bd6e7d&preview=true" "Mozilla/5.0 (Macintosh; Intel Mac OS X 10_15_7) AppleWebKit/537.36 (KHTML, like Gecko) Chrome/145.0.0.0 Safari/537.36"
80.187.67.145 - - [08/Mar/2026:21:42:40 +0100] "GET /wp-includes,_js,_backbone.min.js,qver==1.6.0+wp-content,_plugins,_elementor,_assets,_lib,_backbone,_backbone.marionette.min.js,qver==2.4.5.e1+wp-content,_plugins,_elementor,_assets,_lib,_backbone,_backbone.radio.min.js,qver==1.0.4.pagespeed.jc.WIskYNlKtc.js HTTP/1.0" 200 24474 "https://halkfinanz.inglory.de/?preview_id=16&preview_nonce=b579bd6e7d&preview=true" "Mozilla/5.0 (Macintosh; Intel Mac OS X 10_15_7) AppleWebKit/537.36 (KHTML, like Gecko) Chrome/145.0.0.0 Safari/537.36"
80.187.67.145 - - [08/Mar/2026:21:42:40 +0100] "GET /wp-content/plugins/elementor-pro/assets/lib/sticky/jquery.sticky.min.js,qver=3.35.1.pagespeed.ce.PjGg3bH5EP.js HTTP/1.0" 200 5702 "https://halkfinanz.inglory.de/?preview_id=16&preview_nonce=b579bd6e7d&preview=true" "Mozilla/5.0 (Macintosh; Intel Mac OS X 10_15_7) AppleWebKit/537.36 (KHTML, like Gecko) Chrome/145.0.0.0 Safari/537.36"
80.187.67.145 - - [08/Mar/2026:21:42:40 +0100] "GET /wp-content/plugins/elementor/assets/js/dev-tools.min.js,qver=3.35.6.pagespeed.ce.52TqbegWEN.js HTTP/1.0" 200 6673 "https://halkfinanz.inglory.de/?preview_id=16&preview_nonce=b579bd6e7d&preview=true" "Mozilla/5.0 (Macintosh; Intel Mac OS X 10_15_7) AppleWebKit/537.36 (KHTML, like Gecko) Chrome/145.0.0.0 Safari/537.36"
80.187.67.145 - - [08/Mar/2026:21:42:40 +0100] "GET /wp-content/plugins/elementor/assets/js/webpack.runtime.min.js?ver=3.35.6 HTTP/1.0" 304 3899 "https://halkfinanz.inglory.de/?preview_id=16&preview_nonce=b579bd6e7d&preview=true" "Mozilla/5.0 (Macintosh; Intel Mac OS X 10_15_7) AppleWebKit/537.36 (KHTML, like Gecko) Chrome/145.0.0.0 Safari/537.36"
80.187.67.145 - - [08/Mar/2026:21:42:40 +0100] "GET /wp-content/plugins/elementor/assets/js/frontend-modules.min.js,qver=3.35.6.pagespeed.ce.c8B-ljDbKt.js HTTP/1.0" 200 20172 "https://halkfinanz.inglory.de/?preview_id=16&preview_nonce=b579bd6e7d&preview=true" "Mozilla/5.0 (Macintosh; Intel Mac OS X 10_15_7) AppleWebKit/537.36 (KHTML, like Gecko) Chrome/145.0.0.0 Safari/537.36"
80.187.67.145 - - [08/Mar/2026:21:42:40 +0100] "GET /wp-includes/js/admin-bar.min.js?ver=6.9.1 HTTP/1.0" 304 3898 "https://halkfinanz.inglory.de/?preview_id=16&preview_nonce=b579bd6e7d&preview=true" "Mozilla/5.0 (Macintosh; Intel Mac OS X 10_15_7) AppleWebKit/537.36 (KHTML, like Gecko) Chrome/145.0.0.0 Safari/537.36"
80.187.67.145 - - [08/Mar/2026:21:42:40 +0100] "GET /wp-content/plugins/elementor/assets/js/common-modules.min.js,qver=3.35.6.pagespeed.ce.tzxD9_xnHg.js HTTP/1.0" 200 32852 "https://halkfinanz.inglory.de/?preview_id=16&preview_nonce=b579bd6e7d&preview=true" "Mozilla/5.0 (Macintosh; Intel Mac OS X 10_15_7) AppleWebKit/537.36 (KHTML, like Gecko) Chrome/145.0.0.0 Safari/537.36"
80.187.67.145 - - [08/Mar/2026:21:42:40 +0100] "GET /wp-content/plugins/elementor/assets/js/app-loader.min.js,qver=3.35.6.pagespeed.ce._yl-Em7QNW.js HTTP/1.0" 200 28889 "https://halkfinanz.inglory.de/?preview_id=16&preview_nonce=b579bd6e7d&preview=true" "Mozilla/5.0 (Macintosh; Intel Mac OS X 10_15_7) AppleWebKit/537.36 (KHTML, like Gecko) Chrome/145.0.0.0 Safari/537.36"
80.187.67.145 - - [08/Mar/2026:21:42:40 +0100] "GET /wp-content/plugins/elementor-pro/assets/lib/smartmenus/jquery.smartmenus.min.js?ver=1.2.1 HTTP/1.0" 200 11200 "https://halkfinanz.inglory.de/?preview_id=16&preview_nonce=b579bd6e7d&preview=true" "Mozilla/5.0 (Macintosh; Intel Mac OS X 10_15_7) AppleWebKit/537.36 (KHTML, like Gecko) Chrome/145.0.0.0 Safari/537.36"
80.187.67.145 - - [08/Mar/2026:21:42:40 +0100] "GET /wp-content/plugins/elementor/assets/js/common.min.js,qver=3.35.6.pagespeed.ce.vN805R0IjN.js HTTP/1.0" 200 149354 "https://halkfinanz.inglory.de/?preview_id=16&preview_nonce=b579bd6e7d&preview=true" "Mozilla/5.0 (Macintosh; Intel Mac OS X 10_15_7) AppleWebKit/537.36 (KHTML, like Gecko) Chrome/145.0.0.0 Safari/537.36"
80.187.67.145 - - [08/Mar/2026:21:42:40 +0100] "POST /mod_pagespeed_beacon?url=https%3A%2F%2Fhalkfinanz.inglory.de%2F%3Fpreview_id%3D16%26preview_nonce%3Db579bd6e7d%26preview%3Dtrue HTTP/1.0" 204 3905 "https://halkfinanz.inglory.de/?preview_id=16&preview_nonce=b579bd6e7d&preview=true" "Mozilla/5.0 (Macintosh; Intel Mac OS X 10_15_7) AppleWebKit/537.36 (KHTML, like Gecko) Chrome/145.0.0.0 Safari/537.36"
80.187.67.145 - - [08/Mar/2026:21:42:40 +0100] "GET /wp-admin/admin-ajax.php?_ajax_nonce=56b763cdb8&action=af2_request_data&ids%5B%5D=580&ids%5B%5D=581 HTTP/1.0" 200 5005 "https://halkfinanz.inglory.de/?preview_id=16&preview_nonce=b579bd6e7d&preview=true" "Mozilla/5.0 (Macintosh; Intel Mac OS X 10_15_7) AppleWebKit/537.36 (KHTML, like Gecko) Chrome/145.0.0.0 Safari/537.36"
80.187.67.145 - - [08/Mar/2026:21:42:43 +0100] "GET /wp-json/elementor/v1/checklist/user-progress HTTP/1.0" 200 5128 "https://halkfinanz.inglory.de/wp-admin/post.php?post=16&action=elementor" "Mozilla/5.0 (Macintosh; Intel Mac OS X 10_15_7) AppleWebKit/537.36 (KHTML, like Gecko) Chrome/145.0.0.0 Safari/537.36"
80.187.67.145 - - [08/Mar/2026:21:42:49 +0100] "POST /wp-admin/admin-ajax.php HTTP/1.0" 200 4408 "https://halkfinanz.inglory.de/wp-admin/post.php?post=16&action=elementor" "Mozilla/5.0 (Macintosh; Intel Mac OS X 10_15_7) AppleWebKit/537.36 (KHTML, like Gecko) Chrome/145.0.0.0 Safari/537.36"
80.187.67.145 - - [08/Mar/2026:21:42:55 +0100] "GET /wp-content/plugins/elementor/assets/css/conditionals/dialog.min.css?ver=3.35.6 HTTP/1.0" 200 5661 "https://halkfinanz.inglory.de/?preview_id=16&preview_nonce=b579bd6e7d&preview=true" "Mozilla/5.0 (Macintosh; Intel Mac OS X 10_15_7) AppleWebKit/537.36 (KHTML, like Gecko) Chrome/145.0.0.0 Safari/537.36"
80.187.67.145 - - [08/Mar/2026:21:43:00 +0100] "GET /wp-content/uploads/800x762xfreebiemockupv2.png.pagespeed.ic.7wlrcEdFPB.webp HTTP/1.0" 304 3871 "https://halkfinanz.inglory.de/?preview_id=16&preview_nonce=b579bd6e7d&preview=true" "Mozilla/5.0 (Macintosh; Intel Mac OS X 10_15_7) AppleWebKit/537.36 (KHTML, like Gecko) Chrome/145.0.0.0 Safari/537.36"
80.187.67.145 - - [08/Mar/2026:21:43:04 +0100] "POST /wp-admin/admin-ajax.php HTTP/1.0" 200 4408 "https://halkfinanz.inglory.de/wp-admin/post.php?post=16&action=elementor" "Mozilla/5.0 (Macintosh; Intel Mac OS X 10_15_7) AppleWebKit/537.36 (KHTML, like Gecko) Chrome/145.0.0.0 Safari/537.36"
80.187.67.145 - - [08/Mar/2026:21:43:18 +0100] "GET /wp-content/plugins/elementor/assets/js/397f2d183c19202777d6.bundle.min.js HTTP/1.0" 200 12948 "https://halkfinanz.inglory.de/?preview_id=16&preview_nonce=b579bd6e7d&preview=true" "Mozilla/5.0 (Macintosh; Intel Mac OS X 10_15_7) AppleWebKit/537.36 (KHTML, like Gecko) Chrome/145.0.0.0 Safari/537.36"
80.187.67.145 - - [08/Mar/2026:21:43:18 +0100] "GET /wp-content/plugins/elementor/assets/lib/share-link/share-link.min.js?ver=3.35.6 HTTP/1.0" 200 5265 "https://halkfinanz.inglory.de/?preview_id=16&preview_nonce=b579bd6e7d&preview=true" "Mozilla/5.0 (Macintosh; Intel Mac OS X 10_15_7) AppleWebKit/537.36 (KHTML, like Gecko) Chrome/145.0.0.0 Safari/537.36"
80.187.67.145 - - [08/Mar/2026:21:43:18 +0100] "GET /wp-content/plugins/elementor/assets/css/conditionals/lightbox.min.css?ver=3.35.6 HTTP/1.0" 200 6090 "https://halkfinanz.inglory.de/?preview_id=16&preview_nonce=b579bd6e7d&preview=true" "Mozilla/5.0 (Macintosh; Intel Mac OS X 10_15_7) AppleWebKit/537.36 (KHTML, like Gecko) Chrome/145.0.0.0 Safari/537.36"
80.187.67.145 - - [08/Mar/2026:21:43:18 +0100] "GET /wp-content/plugins/elementor/assets/js/lightbox.570c05c5a283cfb6b223.bundle.min.js HTTP/1.0" 200 13776 "https://halkfinanz.inglory.de/?preview_id=16&preview_nonce=b579bd6e7d&preview=true" "Mozilla/5.0 (Macintosh; Intel Mac OS X 10_15_7) AppleWebKit/537.36 (KHTML, like Gecko) Chrome/145.0.0.0 Safari/537.36"
80.187.67.145 - - [08/Mar/2026:21:43:18 +0100] "GET /wp-content/uploads/xcropped-favicon-192x192.png.pagespeed.ic.6XmezSf95_.webp HTTP/1.0" 304 3871 "https://halkfinanz.inglory.de/?preview_id=16&preview_nonce=b579bd6e7d&preview=true" "Mozilla/5.0 (Macintosh; Intel Mac OS X 10_15_7) AppleWebKit/537.36 (KHTML, like Gecko) Chrome/145.0.0.0 Safari/537.36"
80.187.67.145 - - [08/Mar/2026:21:52:08 +0100] "POST /wp-admin/admin-ajax.php HTTP/1.0" 200 5327 "https://halkfinanz.inglory.de/wp-admin/post.php?post=16&action=elementor" "Mozilla/5.0 (Macintosh; Intel Mac OS X 10_15_7) AppleWebKit/537.36 (KHTML, like Gecko) Chrome/145.0.0.0 Safari/537.36"
94.130.90.54 - - [08/Mar/2026:21:52:12 +0100] "GET /wp-includes/css/dashicons.min.css?ver=6.9.1 HTTP/1.1" 304 3412 "https://halkfinanz.inglory.de/?preview_id=16&preview_nonce=b579bd6e7d&preview=true" "Serf/1.3.9 (mod_pagespeed/1.13.35.2-0)"
94.130.90.54 - - [08/Mar/2026:21:52:12 +0100] "GET /wp-includes/css/admin-bar.min.css?ver=6.9.1 HTTP/1.1" 304 3412 "https://halkfinanz.inglory.de/?preview_id=16&preview_nonce=b579bd6e7d&preview=true" "Serf/1.3.9 (mod_pagespeed/1.13.35.2-0)"
94.130.90.54 - - [08/Mar/2026:21:52:12 +0100] "GET /wp-content/plugins/elementor/assets/lib/eicons/css/elementor-icons.min.css?ver=5.47.0 HTTP/1.1" 304 3412 "https://halkfinanz.inglory.de/?preview_id=16&preview_nonce=b579bd6e7d&preview=true" "Serf/1.3.9 (mod_pagespeed/1.13.35.2-0)"
94.130.90.54 - - [08/Mar/2026:21:52:12 +0100] "GET /wp-content/plugins/elementor/assets/css/common.min.css?ver=3.35.6 HTTP/1.1" 200 28684 "https://halkfinanz.inglory.de/?preview_id=16&preview_nonce=b579bd6e7d&preview=true" "Serf/1.3.9 (mod_pagespeed/1.13.35.2-0)"
80.187.67.145 - - [08/Mar/2026:21:52:10 +0100] "GET /?preview_id=16&preview_nonce=b579bd6e7d&preview=true HTTP/1.0" 200 51914 "https://halkfinanz.inglory.de/wp-admin/post.php?post=16&action=elementor" "Mozilla/5.0 (Macintosh; Intel Mac OS X 10_15_7) AppleWebKit/537.36 (KHTML, like Gecko) Chrome/145.0.0.0 Safari/537.36"
94.130.90.54 - - [08/Mar/2026:21:52:12 +0100] "GET /wp-content/plugins/elementor/assets/css/theme-light.min.css?ver=3.35.6 HTTP/1.1" 200 5839 "https://halkfinanz.inglory.de/?preview_id=16&preview_nonce=b579bd6e7d&preview=true" "Serf/1.3.9 (mod_pagespeed/1.13.35.2-0)"
94.130.90.54 - - [08/Mar/2026:21:52:12 +0100] "GET /wp-content/themes/hello-elementor/assets/css/reset.css?ver=3.4.6 HTTP/1.1" 200 9024 "https://halkfinanz.inglory.de/?preview_id=16&preview_nonce=b579bd6e7d&preview=true" "Serf/1.3.9 (mod_pagespeed/1.13.35.2-0)"
94.130.90.54 - - [08/Mar/2026:21:52:12 +0100] "GET /wp-content/themes/hello-elementor/assets/css/theme.css?ver=3.4.6 HTTP/1.1" 200 8665 "https://halkfinanz.inglory.de/?preview_id=16&preview_nonce=b579bd6e7d&preview=true" "Serf/1.3.9 (mod_pagespeed/1.13.35.2-0)"
94.130.90.54 - - [08/Mar/2026:21:52:12 +0100] "GET /wp-content/themes/hello-elementor/assets/css/header-footer.css?ver=3.4.6 HTTP/1.1" 200 10750 "https://halkfinanz.inglory.de/?preview_id=16&preview_nonce=b579bd6e7d&preview=true" "Serf/1.3.9 (mod_pagespeed/1.13.35.2-0)"
94.130.90.54 - - [08/Mar/2026:21:52:12 +0100] "GET /wp-content/plugins/elementor/assets/css/frontend.min.css?ver=3.35.6 HTTP/1.1" 304 3412 "https://halkfinanz.inglory.de/?preview_id=16&preview_nonce=b579bd6e7d&preview=true" "Serf/1.3.9 (mod_pagespeed/1.13.35.2-0)"
94.130.90.54 - - [08/Mar/2026:21:52:12 +0100] "GET /wp-content/plugins/elementor/assets/css/widget-image.min.css?ver=3.35.6 HTTP/1.1" 304 3410 "https://halkfinanz.inglory.de/?preview_id=16&preview_nonce=b579bd6e7d&preview=true" "Serf/1.3.9 (mod_pagespeed/1.13.35.2-0)"
94.130.90.54 - - [08/Mar/2026:21:52:12 +0100] "GET /wp-content/plugins/elementor-pro/assets/css/widget-nav-menu.min.css?ver=3.35.1 HTTP/1.1" 304 3412 "https://halkfinanz.inglory.de/?preview_id=16&preview_nonce=b579bd6e7d&preview=true" "Serf/1.3.9 (mod_pagespeed/1.13.35.2-0)"
94.130.90.54 - - [08/Mar/2026:21:52:12 +0100] "GET /wp-content/plugins/elementor-pro/assets/css/modules/sticky.min.css?ver=3.35.1 HTTP/1.1" 304 3410 "https://halkfinanz.inglory.de/?preview_id=16&preview_nonce=b579bd6e7d&preview=true" "Serf/1.3.9 (mod_pagespeed/1.13.35.2-0)"
94.130.90.54 - - [08/Mar/2026:21:52:12 +0100] "GET /wp-content/plugins/elementor/assets/css/widget-heading.min.css?ver=3.35.6 HTTP/1.1" 304 3411 "https://halkfinanz.inglory.de/?preview_id=16&preview_nonce=b579bd6e7d&preview=true" "Serf/1.3.9 (mod_pagespeed/1.13.35.2-0)"
94.130.90.54 - - [08/Mar/2026:21:52:12 +0100] "GET /wp-content/plugins/elementor/assets/css/widget-icon-box.min.css?ver=3.35.6 HTTP/1.1" 304 3412 "https://halkfinanz.inglory.de/?preview_id=16&preview_nonce=b579bd6e7d&preview=true" "Serf/1.3.9 (mod_pagespeed/1.13.35.2-0)"
94.130.90.54 - - [08/Mar/2026:21:52:12 +0100] "GET /wp-content/plugins/elementor/assets/css/widget-icon-list.min.css?ver=3.35.6 HTTP/1.1" 304 3412 "https://halkfinanz.inglory.de/?preview_id=16&preview_nonce=b579bd6e7d&preview=true" "Serf/1.3.9 (mod_pagespeed/1.13.35.2-0)"
94.130.90.54 - - [08/Mar/2026:21:52:12 +0100] "GET /wp-content/plugins/elementor/assets/css/widget-divider.min.css?ver=3.35.6 HTTP/1.1" 304 3412 "https://halkfinanz.inglory.de/?preview_id=16&preview_nonce=b579bd6e7d&preview=true" "Serf/1.3.9 (mod_pagespeed/1.13.35.2-0)"
94.130.90.54 - - [08/Mar/2026:21:52:12 +0100] "GET /wp-content/plugins/elementor-pro/assets/css/widget-form.min.css?ver=3.35.1 HTTP/1.1" 304 3412 "https://halkfinanz.inglory.de/?preview_id=16&preview_nonce=b579bd6e7d&preview=true" "Serf/1.3.9 (mod_pagespeed/1.13.35.2-0)"
94.130.90.54 - - [08/Mar/2026:21:52:12 +0100] "GET /wp-content/plugins/elementor/assets/lib/animations/styles/zoomIn.min.css?ver=3.35.6 HTTP/1.1" 304 3410 "https://halkfinanz.inglory.de/?preview_id=16&preview_nonce=b579bd6e7d&preview=true" "Serf/1.3.9 (mod_pagespeed/1.13.35.2-0)"
94.130.90.54 - - [08/Mar/2026:21:52:12 +0100] "GET /wp-content/plugins/elementor-pro/assets/css/conditionals/popup.min.css?ver=3.35.1 HTTP/1.1" 304 3411 "https://halkfinanz.inglory.de/?preview_id=16&preview_nonce=b579bd6e7d&preview=true" "Serf/1.3.9 (mod_pagespeed/1.13.35.2-0)"
94.130.90.54 - - [08/Mar/2026:21:52:12 +0100] "GET /wp-content/plugins/elementor/assets/lib/animations/styles/fadeInDown.min.css?ver=3.35.6 HTTP/1.1" 304 3410 "https://halkfinanz.inglory.de/?preview_id=16&preview_nonce=b579bd6e7d&preview=true" "Serf/1.3.9 (mod_pagespeed/1.13.35.2-0)"
94.130.90.54 - - [08/Mar/2026:21:52:12 +0100] "GET /wp-content/plugins/elementor/assets/lib/animations/styles/fadeInRight.min.css?ver=3.35.6 HTTP/1.1" 304 3410 "https://halkfinanz.inglory.de/?preview_id=16&preview_nonce=b579bd6e7d&preview=true" "Serf/1.3.9 (mod_pagespeed/1.13.35.2-0)"
94.130.90.54 - - [08/Mar/2026:21:52:12 +0100] "GET /wp-content/plugins/elementor/assets/lib/animations/styles/fadeInUp.min.css?ver=3.35.6 HTTP/1.1" 304 3410 "https://halkfinanz.inglory.de/?preview_id=16&preview_nonce=b579bd6e7d&preview=true" "Serf/1.3.9 (mod_pagespeed/1.13.35.2-0)"
94.130.90.54 - - [08/Mar/2026:21:52:12 +0100] "GET /wp-content/plugins/elementor-pro/assets/css/modules/notes.min.css?ver=3.35.1 HTTP/1.1" 304 3411 "https://halkfinanz.inglory.de/?preview_id=16&preview_nonce=b579bd6e7d&preview=true" "Serf/1.3.9 (mod_pagespeed/1.13.35.2-0)"
94.130.90.54 - - [08/Mar/2026:21:52:12 +0100] "GET /wp-content/plugins/elementor/assets/css/admin-bar.min.css?ver=3.35.6 HTTP/1.1" 304 3411 "https://halkfinanz.inglory.de/?preview_id=16&preview_nonce=b579bd6e7d&preview=true" "Serf/1.3.9 (mod_pagespeed/1.13.35.2-0)"
94.130.90.54 - - [08/Mar/2026:21:52:12 +0100] "GET /wp-content/uploads/elementor/css/post-6.css?ver=1773002502 HTTP/1.1" 304 3412 "https://halkfinanz.inglory.de/?preview_id=16&preview_nonce=b579bd6e7d&preview=true" "Serf/1.3.9 (mod_pagespeed/1.13.35.2-0)"
94.130.90.54 - - [08/Mar/2026:21:52:12 +0100] "GET /wp-content/plugins/elementor/assets/lib/swiper/v8/css/swiper.min.css?ver=8.4.5 HTTP/1.1" 304 3412 "https://halkfinanz.inglory.de/?preview_id=16&preview_nonce=b579bd6e7d&preview=true" "Serf/1.3.9 (mod_pagespeed/1.13.35.2-0)"
94.130.90.54 - - [08/Mar/2026:21:52:12 +0100] "GET /wp-content/plugins/elementor/assets/css/conditionals/e-swiper.min.css?ver=3.35.6 HTTP/1.1" 304 3412 "https://halkfinanz.inglory.de/?preview_id=16&preview_nonce=b579bd6e7d&preview=true" "Serf/1.3.9 (mod_pagespeed/1.13.35.2-0)"
94.130.90.54 - - [08/Mar/2026:21:52:12 +0100] "GET /wp-content/plugins/elementor/assets/css/widget-image-carousel.min.css?ver=3.35.6 HTTP/1.1" 304 3411 "https://halkfinanz.inglory.de/?preview_id=16&preview_nonce=b579bd6e7d&preview=true" "Serf/1.3.9 (mod_pagespeed/1.13.35.2-0)"
94.130.90.54 - - [08/Mar/2026:21:52:12 +0100] "GET /wp-content/plugins/elementor/assets/css/widget-rating.min.css?ver=3.35.6 HTTP/1.1" 304 3411 "https://halkfinanz.inglory.de/?preview_id=16&preview_nonce=b579bd6e7d&preview=true" "Serf/1.3.9 (mod_pagespeed/1.13.35.2-0)"
94.130.90.54 - - [08/Mar/2026:21:52:12 +0100] "GET /wp-content/plugins/elementor-pro/assets/css/widget-nested-carousel.min.css?ver=3.35.1 HTTP/1.1" 304 3412 "https://halkfinanz.inglory.de/?preview_id=16&preview_nonce=b579bd6e7d&preview=true" "Serf/1.3.9 (mod_pagespeed/1.13.35.2-0)"
94.130.90.54 - - [08/Mar/2026:21:52:12 +0100] "GET /wp-content/uploads/elementor/css/post-19.css?ver=1773002503 HTTP/1.1" 304 3412 "https://halkfinanz.inglory.de/?preview_id=16&preview_nonce=b579bd6e7d&preview=true" "Serf/1.3.9 (mod_pagespeed/1.13.35.2-0)"
94.130.90.54 - - [08/Mar/2026:21:52:12 +0100] "GET /wp-content/uploads/elementor/css/post-20.css?ver=1773002503 HTTP/1.1" 304 3412 "https://halkfinanz.inglory.de/?preview_id=16&preview_nonce=b579bd6e7d&preview=true" "Serf/1.3.9 (mod_pagespeed/1.13.35.2-0)"
94.130.90.54 - - [08/Mar/2026:21:52:12 +0100] "GET /wp-content/uploads/elementor/css/post-760.css?ver=1773002503 HTTP/1.1" 304 3412 "https://halkfinanz.inglory.de/?preview_id=16&preview_nonce=b579bd6e7d&preview=true" "Serf/1.3.9 (mod_pagespeed/1.13.35.2-0)"
94.130.90.54 - - [08/Mar/2026:21:52:12 +0100] "GET /wp-content/uploads/elementor/css/post-111.css?ver=1773002503 HTTP/1.1" 304 3412 "https://halkfinanz.inglory.de/?preview_id=16&preview_nonce=b579bd6e7d&preview=true" "Serf/1.3.9 (mod_pagespeed/1.13.35.2-0)"
94.130.90.54 - - [08/Mar/2026:21:52:12 +0100] "GET /wp-content/uploads/elementor/css/post-432.css?ver=1773002503 HTTP/1.1" 304 3412 "https://halkfinanz.inglory.de/?preview_id=16&preview_nonce=b579bd6e7d&preview=true" "Serf/1.3.9 (mod_pagespeed/1.13.35.2-0)"
94.130.90.54 - - [08/Mar/2026:21:52:12 +0100] "GET /wp-content/plugins/elementor/assets/lib/font-awesome/css/fontawesome.min.css?ver=5.15.3 HTTP/1.1" 304 3412 "https://halkfinanz.inglory.de/?preview_id=16&preview_nonce=b579bd6e7d&preview=true" "Serf/1.3.9 (mod_pagespeed/1.13.35.2-0)"
94.130.90.54 - - [08/Mar/2026:21:52:12 +0100] "GET /wp-content/plugins/elementor/assets/lib/font-awesome/css/solid.min.css?ver=5.15.3 HTTP/1.1" 304 3411 "https://halkfinanz.inglory.de/?preview_id=16&preview_nonce=b579bd6e7d&preview=true" "Serf/1.3.9 (mod_pagespeed/1.13.35.2-0)"
94.130.90.54 - - [08/Mar/2026:21:52:12 +0100] "GET /wp-content/plugins/elementor/assets/lib/font-awesome/css/brands.min.css?ver=5.15.3 HTTP/1.1" 304 3411 "https://halkfinanz.inglory.de/?preview_id=16&preview_nonce=b579bd6e7d&preview=true" "Serf/1.3.9 (mod_pagespeed/1.13.35.2-0)"
94.130.90.54 - - [08/Mar/2026:21:52:12 +0100] "GET /wp-content/plugins/Funnelforms-pro/res/frontend/styles/select.css?ver=3.8.1 HTTP/1.1" 200 19392 "https://halkfinanz.inglory.de/?preview_id=16&preview_nonce=b579bd6e7d&preview=true" "Serf/1.3.9 (mod_pagespeed/1.13.35.2-0)"
80.187.67.145 - - [08/Mar/2026:21:52:12 +0100] "GET /wp-content/themes/hello-elementor/assets/css/theme.css?ver=3.4.6 HTTP/1.0" 304 3927 "https://halkfinanz.inglory.de/?preview_id=16&preview_nonce=b579bd6e7d&preview=true" "Mozilla/5.0 (Macintosh; Intel Mac OS X 10_15_7) AppleWebKit/537.36 (KHTML, like Gecko) Chrome/145.0.0.0 Safari/537.36"
94.130.90.54 - - [08/Mar/2026:21:52:12 +0100] "GET /wp-content/plugins/Funnelforms-pro/res/frontend/styles/fontawesome_5.15.4.css?ver=3.8.1 HTTP/1.1" 200 80611 "https://halkfinanz.inglory.de/?preview_id=16&preview_nonce=b579bd6e7d&preview=true" "Serf/1.3.9 (mod_pagespeed/1.13.35.2-0)"
80.187.67.145 - - [08/Mar/2026:21:52:12 +0100] "GET /wp-content/plugins/elementor/assets/lib/eicons/css/elementor-icons.min.css?ver=5.47.0 HTTP/1.0" 304 3927 "https://halkfinanz.inglory.de/?preview_id=16&preview_nonce=b579bd6e7d&preview=true" "Mozilla/5.0 (Macintosh; Intel Mac OS X 10_15_7) AppleWebKit/537.36 (KHTML, like Gecko) Chrome/145.0.0.0 Safari/537.36"
80.187.67.145 - - [08/Mar/2026:21:52:12 +0100] "GET /wp-content/plugins/elementor-pro/assets/css/widget-nav-menu.min.css?ver=3.35.1 HTTP/1.0" 304 3927 "https://halkfinanz.inglory.de/?preview_id=16&preview_nonce=b579bd6e7d&preview=true" "Mozilla/5.0 (Macintosh; Intel Mac OS X 10_15_7) AppleWebKit/537.36 (KHTML, like Gecko) Chrome/145.0.0.0 Safari/537.36"
80.187.67.145 - - [08/Mar/2026:21:52:12 +0100] "GET /wp-content/plugins/elementor/assets/lib/animations/styles/zoomIn.min.css?ver=3.35.6 HTTP/1.0" 304 3925 "https://halkfinanz.inglory.de/?preview_id=16&preview_nonce=b579bd6e7d&preview=true" "Mozilla/5.0 (Macintosh; Intel Mac OS X 10_15_7) AppleWebKit/537.36 (KHTML, like Gecko) Chrome/145.0.0.0 Safari/537.36"
80.187.67.145 - - [08/Mar/2026:21:52:12 +0100] "GET /wp-content/plugins/elementor-pro/assets/css/widget-form.min.css?ver=3.35.1 HTTP/1.0" 304 3927 "https://halkfinanz.inglory.de/?preview_id=16&preview_nonce=b579bd6e7d&preview=true" "Mozilla/5.0 (Macintosh; Intel Mac OS X 10_15_7) AppleWebKit/537.36 (KHTML, like Gecko) Chrome/145.0.0.0 Safari/537.36"
94.130.90.54 - - [08/Mar/2026:21:52:12 +0100] "GET /wp-includes/js/jquery/ui/core.min.js?ver=1.13.3 HTTP/1.1" 304 3412 "https://halkfinanz.inglory.de/?preview_id=16&preview_nonce=b579bd6e7d&preview=true" "Serf/1.3.9 (mod_pagespeed/1.13.35.2-0)"
80.187.67.145 - - [08/Mar/2026:21:52:12 +0100] "GET /wp-content/plugins/elementor/assets/lib/animations/styles/fadeInDown.min.css?ver=3.35.6 HTTP/1.0" 304 3925 "https://halkfinanz.inglory.de/?preview_id=16&preview_nonce=b579bd6e7d&preview=true" "Mozilla/5.0 (Macintosh; Intel Mac OS X 10_15_7) AppleWebKit/537.36 (KHTML, like Gecko) Chrome/145.0.0.0 Safari/537.36"
80.187.67.145 - - [08/Mar/2026:21:52:12 +0100] "GET /wp-content/plugins/elementor/assets/css/widget-image.min.css?ver=3.35.6 HTTP/1.0" 304 3925 "https://halkfinanz.inglory.de/?preview_id=16&preview_nonce=b579bd6e7d&preview=true" "Mozilla/5.0 (Macintosh; Intel Mac OS X 10_15_7) AppleWebKit/537.36 (KHTML, like Gecko) Chrome/145.0.0.0 Safari/537.36"
80.187.67.145 - - [08/Mar/2026:21:52:12 +0100] "GET /wp-content/plugins/elementor/assets/css/widget-heading.min.css?ver=3.35.6 HTTP/1.0" 304 3926 "https://halkfinanz.inglory.de/?preview_id=16&preview_nonce=b579bd6e7d&preview=true" "Mozilla/5.0 (Macintosh; Intel Mac OS X 10_15_7) AppleWebKit/537.36 (KHTML, like Gecko) Chrome/145.0.0.0 Safari/537.36"
80.187.67.145 - - [08/Mar/2026:21:52:12 +0100] "GET /wp-content/plugins/elementor/assets/lib/animations/styles/fadeInRight.min.css?ver=3.35.6 HTTP/1.0" 304 3925 "https://halkfinanz.inglory.de/?preview_id=16&preview_nonce=b579bd6e7d&preview=true" "Mozilla/5.0 (Macintosh; Intel Mac OS X 10_15_7) AppleWebKit/537.36 (KHTML, like Gecko) Chrome/145.0.0.0 Safari/537.36"
80.187.67.145 - - [08/Mar/2026:21:52:12 +0100] "GET /wp-content/plugins/elementor/assets/css/widget-icon-list.min.css?ver=3.35.6 HTTP/1.0" 304 3927 "https://halkfinanz.inglory.de/?preview_id=16&preview_nonce=b579bd6e7d&preview=true" "Mozilla/5.0 (Macintosh; Intel Mac OS X 10_15_7) AppleWebKit/537.36 (KHTML, like Gecko) Chrome/145.0.0.0 Safari/537.36"
80.187.67.145 - - [08/Mar/2026:21:52:12 +0100] "GET /wp-content/plugins/elementor/assets/css/frontend.min.css?ver=3.35.6 HTTP/1.0" 304 3927 "https://halkfinanz.inglory.de/?preview_id=16&preview_nonce=b579bd6e7d&preview=true" "Mozilla/5.0 (Macintosh; Intel Mac OS X 10_15_7) AppleWebKit/537.36 (KHTML, like Gecko) Chrome/145.0.0.0 Safari/537.36"
80.187.67.145 - - [08/Mar/2026:21:52:12 +0100] "GET /wp-content/plugins/elementor/assets/css/widget-icon-box.min.css?ver=3.35.6 HTTP/1.0" 304 3927 "https://halkfinanz.inglory.de/?preview_id=16&preview_nonce=b579bd6e7d&preview=true" "Mozilla/5.0 (Macintosh; Intel Mac OS X 10_15_7) AppleWebKit/537.36 (KHTML, like Gecko) Chrome/145.0.0.0 Safari/537.36"
80.187.67.145 - - [08/Mar/2026:21:52:12 +0100] "GET /wp-content/plugins/elementor-pro/assets/css/conditionals/popup.min.css?ver=3.35.1 HTTP/1.0" 304 3926 "https://halkfinanz.inglory.de/?preview_id=16&preview_nonce=b579bd6e7d&preview=true" "Mozilla/5.0 (Macintosh; Intel Mac OS X 10_15_7) AppleWebKit/537.36 (KHTML, like Gecko) Chrome/145.0.0.0 Safari/537.36"
80.187.67.145 - - [08/Mar/2026:21:52:12 +0100] "GET /wp-content/plugins/elementor/assets/css/widget-divider.min.css?ver=3.35.6 HTTP/1.0" 304 3927 "https://halkfinanz.inglory.de/?preview_id=16&preview_nonce=b579bd6e7d&preview=true" "Mozilla/5.0 (Macintosh; Intel Mac OS X 10_15_7) AppleWebKit/537.36 (KHTML, like Gecko) Chrome/145.0.0.0 Safari/537.36"
80.187.67.145 - - [08/Mar/2026:21:52:12 +0100] "GET /wp-content/plugins/elementor/assets/lib/animations/styles/fadeInUp.min.css?ver=3.35.6 HTTP/1.0" 304 3925 "https://halkfinanz.inglory.de/?preview_id=16&preview_nonce=b579bd6e7d&preview=true" "Mozilla/5.0 (Macintosh; Intel Mac OS X 10_15_7) AppleWebKit/537.36 (KHTML, like Gecko) Chrome/145.0.0.0 Safari/537.36"
80.187.67.145 - - [08/Mar/2026:21:52:12 +0100] "GET /wp-content/plugins/elementor/assets/css/admin-bar.min.css?ver=3.35.6 HTTP/1.0" 304 3926 "https://halkfinanz.inglory.de/?preview_id=16&preview_nonce=b579bd6e7d&preview=true" "Mozilla/5.0 (Macintosh; Intel Mac OS X 10_15_7) AppleWebKit/537.36 (KHTML, like Gecko) Chrome/145.0.0.0 Safari/537.36"
80.187.67.145 - - [08/Mar/2026:21:52:12 +0100] "GET /wp-content/plugins/elementor-pro/assets/css/modules/sticky.min.css?ver=3.35.1 HTTP/1.0" 304 3925 "https://halkfinanz.inglory.de/?preview_id=16&preview_nonce=b579bd6e7d&preview=true" "Mozilla/5.0 (Macintosh; Intel Mac OS X 10_15_7) AppleWebKit/537.36 (KHTML, like Gecko) Chrome/145.0.0.0 Safari/537.36"
80.187.67.145 - - [08/Mar/2026:21:52:12 +0100] "GET /wp-content/plugins/elementor-pro/assets/css/modules/notes.min.css?ver=3.35.1 HTTP/1.0" 304 3926 "https://halkfinanz.inglory.de/?preview_id=16&preview_nonce=b579bd6e7d&preview=true" "Mozilla/5.0 (Macintosh; Intel Mac OS X 10_15_7) AppleWebKit/537.36 (KHTML, like Gecko) Chrome/145.0.0.0 Safari/537.36"
80.187.67.145 - - [08/Mar/2026:21:52:12 +0100] "GET /wp-content/themes/hello-elementor/assets/css/reset.css?ver=3.4.6 HTTP/1.0" 304 3927 "https://halkfinanz.inglory.de/?preview_id=16&preview_nonce=b579bd6e7d&preview=true" "Mozilla/5.0 (Macintosh; Intel Mac OS X 10_15_7) AppleWebKit/537.36 (KHTML, like Gecko) Chrome/145.0.0.0 Safari/537.36"
80.187.67.145 - - [08/Mar/2026:21:52:12 +0100] "GET /wp-includes/css/admin-bar.min.css?ver=6.9.1 HTTP/1.0" 304 3927 "https://halkfinanz.inglory.de/?preview_id=16&preview_nonce=b579bd6e7d&preview=true" "Mozilla/5.0 (Macintosh; Intel Mac OS X 10_15_7) AppleWebKit/537.36 (KHTML, like Gecko) Chrome/145.0.0.0 Safari/537.36"
80.187.67.145 - - [08/Mar/2026:21:52:12 +0100] "GET /wp-content/themes/hello-elementor/assets/css/header-footer.css?ver=3.4.6 HTTP/1.0" 304 3927 "https://halkfinanz.inglory.de/?preview_id=16&preview_nonce=b579bd6e7d&preview=true" "Mozilla/5.0 (Macintosh; Intel Mac OS X 10_15_7) AppleWebKit/537.36 (KHTML, like Gecko) Chrome/145.0.0.0 Safari/537.36"
80.187.67.145 - - [08/Mar/2026:21:52:12 +0100] "GET /wp-content/uploads/elementor/css/post-6.css?ver=1773002502 HTTP/1.0" 304 3927 "https://halkfinanz.inglory.de/?preview_id=16&preview_nonce=b579bd6e7d&preview=true" "Mozilla/5.0 (Macintosh; Intel Mac OS X 10_15_7) AppleWebKit/537.36 (KHTML, like Gecko) Chrome/145.0.0.0 Safari/537.36"
80.187.67.145 - - [08/Mar/2026:21:52:12 +0100] "GET /wp-content/plugins/elementor/assets/lib/swiper/v8/css/swiper.min.css?ver=8.4.5 HTTP/1.0" 304 3927 "https://halkfinanz.inglory.de/?preview_id=16&preview_nonce=b579bd6e7d&preview=true" "Mozilla/5.0 (Macintosh; Intel Mac OS X 10_15_7) AppleWebKit/537.36 (KHTML, like Gecko) Chrome/145.0.0.0 Safari/537.36"
80.187.67.145 - - [08/Mar/2026:21:52:12 +0100] "GET /wp-content/plugins/elementor/assets/css/conditionals/e-swiper.min.css?ver=3.35.6 HTTP/1.0" 304 3927 "https://halkfinanz.inglory.de/?preview_id=16&preview_nonce=b579bd6e7d&preview=true" "Mozilla/5.0 (Macintosh; Intel Mac OS X 10_15_7) AppleWebKit/537.36 (KHTML, like Gecko) Chrome/145.0.0.0 Safari/537.36"
80.187.67.145 - - [08/Mar/2026:21:52:12 +0100] "GET /wp-content/plugins/elementor/assets/css/widget-image-carousel.min.css?ver=3.35.6 HTTP/1.0" 304 3926 "https://halkfinanz.inglory.de/?preview_id=16&preview_nonce=b579bd6e7d&preview=true" "Mozilla/5.0 (Macintosh; Intel Mac OS X 10_15_7) AppleWebKit/537.36 (KHTML, like Gecko) Chrome/145.0.0.0 Safari/537.36"
80.187.67.145 - - [08/Mar/2026:21:52:12 +0100] "GET /wp-content/uploads/elementor/css/post-20.css?ver=1773002503 HTTP/1.0" 304 3927 "https://halkfinanz.inglory.de/?preview_id=16&preview_nonce=b579bd6e7d&preview=true" "Mozilla/5.0 (Macintosh; Intel Mac OS X 10_15_7) AppleWebKit/537.36 (KHTML, like Gecko) Chrome/145.0.0.0 Safari/537.36"
94.130.90.54 - - [08/Mar/2026:21:52:12 +0100] "GET /wp-includes/js/jquery/ui/mouse.min.js?ver=1.13.3 HTTP/1.1" 304 3411 "https://halkfinanz.inglory.de/?preview_id=16&preview_nonce=b579bd6e7d&preview=true" "Serf/1.3.9 (mod_pagespeed/1.13.35.2-0)"
80.187.67.145 - - [08/Mar/2026:21:52:12 +0100] "GET /wp-content/plugins/elementor-pro/assets/css/widget-nested-carousel.min.css?ver=3.35.1 HTTP/1.0" 304 3927 "https://halkfinanz.inglory.de/?preview_id=16&preview_nonce=b579bd6e7d&preview=true" "Mozilla/5.0 (Macintosh; Intel Mac OS X 10_15_7) AppleWebKit/537.36 (KHTML, like Gecko) Chrome/145.0.0.0 Safari/537.36"
80.187.67.145 - - [08/Mar/2026:21:52:12 +0100] "GET /wp-content/uploads/elementor/css/post-19.css?ver=1773002503 HTTP/1.0" 304 3927 "https://halkfinanz.inglory.de/?preview_id=16&preview_nonce=b579bd6e7d&preview=true" "Mozilla/5.0 (Macintosh; Intel Mac OS X 10_15_7) AppleWebKit/537.36 (KHTML, like Gecko) Chrome/145.0.0.0 Safari/537.36"
80.187.67.145 - - [08/Mar/2026:21:52:12 +0100] "GET /wp-content/uploads/elementor/css/post-111.css?ver=1773002503 HTTP/1.0" 304 3927 "https://halkfinanz.inglory.de/?preview_id=16&preview_nonce=b579bd6e7d&preview=true" "Mozilla/5.0 (Macintosh; Intel Mac OS X 10_15_7) AppleWebKit/537.36 (KHTML, like Gecko) Chrome/145.0.0.0 Safari/537.36"
80.187.67.145 - - [08/Mar/2026:21:52:12 +0100] "GET /wp-content/plugins/elementor/assets/css/widget-rating.min.css?ver=3.35.6 HTTP/1.0" 304 3926 "https://halkfinanz.inglory.de/?preview_id=16&preview_nonce=b579bd6e7d&preview=true" "Mozilla/5.0 (Macintosh; Intel Mac OS X 10_15_7) AppleWebKit/537.36 (KHTML, like Gecko) Chrome/145.0.0.0 Safari/537.36"
80.187.67.145 - - [08/Mar/2026:21:52:12 +0100] "GET /wp-content/uploads/elementor/css/post-760.css?ver=1773002503 HTTP/1.0" 304 3927 "https://halkfinanz.inglory.de/?preview_id=16&preview_nonce=b579bd6e7d&preview=true" "Mozilla/5.0 (Macintosh; Intel Mac OS X 10_15_7) AppleWebKit/537.36 (KHTML, like Gecko) Chrome/145.0.0.0 Safari/537.36"
80.187.67.145 - - [08/Mar/2026:21:52:12 +0100] "GET /wp-content/uploads/elementor/css/post-432.css?ver=1773002503 HTTP/1.0" 304 3927 "https://halkfinanz.inglory.de/?preview_id=16&preview_nonce=b579bd6e7d&preview=true" "Mozilla/5.0 (Macintosh; Intel Mac OS X 10_15_7) AppleWebKit/537.36 (KHTML, like Gecko) Chrome/145.0.0.0 Safari/537.36"
80.187.67.145 - - [08/Mar/2026:21:52:12 +0100] "GET /wp-content/plugins/elementor/assets/lib/font-awesome/css/fontawesome.min.css?ver=5.15.3 HTTP/1.0" 304 3927 "https://halkfinanz.inglory.de/?preview_id=16&preview_nonce=b579bd6e7d&preview=true" "Mozilla/5.0 (Macintosh; Intel Mac OS X 10_15_7) AppleWebKit/537.36 (KHTML, like Gecko) Chrome/145.0.0.0 Safari/537.36"
80.187.67.145 - - [08/Mar/2026:21:52:12 +0100] "GET /wp-content/uploads/users-1-1.png HTTP/1.0" 304 3927 "https://halkfinanz.inglory.de/?preview_id=16&preview_nonce=b579bd6e7d&preview=true" "Mozilla/5.0 (Macintosh; Intel Mac OS X 10_15_7) AppleWebKit/537.36 (KHTML, like Gecko) Chrome/145.0.0.0 Safari/537.36"
94.130.90.54 - - [08/Mar/2026:21:52:12 +0100] "GET /wp-includes/js/jquery/ui/draggable.min.js?ver=1.13.3 HTTP/1.1" 304 3412 "https://halkfinanz.inglory.de/?preview_id=16&preview_nonce=b579bd6e7d&preview=true" "Serf/1.3.9 (mod_pagespeed/1.13.35.2-0)"
80.187.67.145 - - [08/Mar/2026:21:52:12 +0100] "GET /wp-content/uploads/logo.png HTTP/1.0" 304 3927 "https://halkfinanz.inglory.de/?preview_id=16&preview_nonce=b579bd6e7d&preview=true" "Mozilla/5.0 (Macintosh; Intel Mac OS X 10_15_7) AppleWebKit/537.36 (KHTML, like Gecko) Chrome/145.0.0.0 Safari/537.36"
80.187.67.145 - - [08/Mar/2026:21:52:12 +0100] "GET /wp-content/uploads/elementor/css/post-16.css?ver=1773003131 HTTP/1.0" 200 13794 "https://halkfinanz.inglory.de/?preview_id=16&preview_nonce=b579bd6e7d&preview=true" "Mozilla/5.0 (Macintosh; Intel Mac OS X 10_15_7) AppleWebKit/537.36 (KHTML, like Gecko) Chrome/145.0.0.0 Safari/537.36"
94.130.90.54 - - [08/Mar/2026:21:52:12 +0100] "GET /wp-includes/js/backbone.min.js?ver=1.6.0 HTTP/1.1" 304 3412 "https://halkfinanz.inglory.de/?preview_id=16&preview_nonce=b579bd6e7d&preview=true" "Serf/1.3.9 (mod_pagespeed/1.13.35.2-0)"
94.130.90.54 - - [08/Mar/2026:21:52:12 +0100] "GET /wp-content/plugins/elementor/assets/lib/backbone/backbone.marionette.min.js?ver=2.4.5.e1 HTTP/1.1" 200 48797 "https://halkfinanz.inglory.de/?preview_id=16&preview_nonce=b579bd6e7d&preview=true" "Serf/1.3.9 (mod_pagespeed/1.13.35.2-0)"
94.130.90.54 - - [08/Mar/2026:21:52:12 +0100] "GET /wp-content/plugins/elementor/assets/lib/backbone/backbone.radio.min.js?ver=1.0.4 HTTP/1.1" 200 7334 "https://halkfinanz.inglory.de/?preview_id=16&preview_nonce=b579bd6e7d&preview=true" "Serf/1.3.9 (mod_pagespeed/1.13.35.2-0)"
94.130.90.54 - - [08/Mar/2026:21:52:12 +0100] "GET /wp-content/plugins/elementor/assets/js/elementor-admin-bar.min.js?ver=3.35.6 HTTP/1.1" 304 3412 "https://halkfinanz.inglory.de/?preview_id=16&preview_nonce=b579bd6e7d&preview=true" "Serf/1.3.9 (mod_pagespeed/1.13.35.2-0)"
94.130.90.54 - - [08/Mar/2026:21:52:12 +0100] "GET /wp-includes/js/hoverintent-js.min.js?ver=2.2.1 HTTP/1.1" 304 3411 "https://halkfinanz.inglory.de/?preview_id=16&preview_nonce=b579bd6e7d&preview=true" "Serf/1.3.9 (mod_pagespeed/1.13.35.2-0)"
94.130.90.54 - - [08/Mar/2026:21:52:12 +0100] "GET /wp-content/uploads/cropped-favicon-32x32.png HTTP/1.1" 200 4375 "https://halkfinanz.inglory.de/?preview_id=16&preview_nonce=b579bd6e7d&preview=true" "Serf/1.3.9 (mod_pagespeed/1.13.35.2-0)"
94.130.90.54 - - [08/Mar/2026:21:52:12 +0100] "GET /wp-content/uploads/cropped-favicon-192x192.png HTTP/1.1" 304 3412 "https://halkfinanz.inglory.de/?preview_id=16&preview_nonce=b579bd6e7d&preview=true" "Serf/1.3.9 (mod_pagespeed/1.13.35.2-0)"
94.130.90.54 - - [08/Mar/2026:21:52:12 +0100] "GET /wp-content/uploads/cropped-favicon-180x180.png HTTP/1.1" 304 3412 "https://halkfinanz.inglory.de/?preview_id=16&preview_nonce=b579bd6e7d&preview=true" "Serf/1.3.9 (mod_pagespeed/1.13.35.2-0)"
94.130.90.54 - - [08/Mar/2026:21:52:12 +0100] "GET /wp-content/uploads/users-1-1.png HTTP/1.1" 200 19726 "https://halkfinanz.inglory.de/?preview_id=16&preview_nonce=b579bd6e7d&preview=true" "Serf/1.3.9 (mod_pagespeed/1.13.35.2-0)"
94.130.90.54 - - [08/Mar/2026:21:52:12 +0100] "GET /wp-content/uploads/users-1-1.png HTTP/1.1" 200 19726 "https://halkfinanz.inglory.de/?preview_id=16&preview_nonce=b579bd6e7d&preview=true" "Serf/1.3.9 (mod_pagespeed/1.13.35.2-0)"
94.130.90.54 - - [08/Mar/2026:21:52:12 +0100] "GET /wp-content/uploads/users-1-1-300x75.png HTTP/1.1" 304 3412 "https://halkfinanz.inglory.de/?preview_id=16&preview_nonce=b579bd6e7d&preview=true" "Serf/1.3.9 (mod_pagespeed/1.13.35.2-0)"
94.130.90.54 - - [08/Mar/2026:21:52:12 +0100] "GET /wp-content/uploads/img-1.jpg HTTP/1.1" 304 3413 "https://halkfinanz.inglory.de/?preview_id=16&preview_nonce=b579bd6e7d&preview=true" "Serf/1.3.9 (mod_pagespeed/1.13.35.2-0)"
94.130.90.54 - - [08/Mar/2026:21:52:12 +0100] "GET /wp-content/uploads/img-1.jpg HTTP/1.1" 304 3413 "https://halkfinanz.inglory.de/?preview_id=16&preview_nonce=b579bd6e7d&preview=true" "Serf/1.3.9 (mod_pagespeed/1.13.35.2-0)"
94.130.90.54 - - [08/Mar/2026:21:52:12 +0100] "GET /wp-content/uploads/img-1-286x300.jpg HTTP/1.1" 304 3412 "https://halkfinanz.inglory.de/?preview_id=16&preview_nonce=b579bd6e7d&preview=true" "Serf/1.3.9 (mod_pagespeed/1.13.35.2-0)"
94.130.90.54 - - [08/Mar/2026:21:52:12 +0100] "GET /wp-content/uploads/img-1-975x1024.jpg HTTP/1.1" 304 3413 "https://halkfinanz.inglory.de/?preview_id=16&preview_nonce=b579bd6e7d&preview=true" "Serf/1.3.9 (mod_pagespeed/1.13.35.2-0)"
94.130.90.54 - - [08/Mar/2026:21:52:12 +0100] "GET /wp-content/uploads/img-1-768x807.jpg HTTP/1.1" 304 3413 "https://halkfinanz.inglory.de/?preview_id=16&preview_nonce=b579bd6e7d&preview=true" "Serf/1.3.9 (mod_pagespeed/1.13.35.2-0)"
94.130.90.54 - - [08/Mar/2026:21:52:12 +0100] "GET /wp-content/uploads/img-1-1462x1536.jpg HTTP/1.1" 304 3413 "https://halkfinanz.inglory.de/?preview_id=16&preview_nonce=b579bd6e7d&preview=true" "Serf/1.3.9 (mod_pagespeed/1.13.35.2-0)"
94.130.90.54 - - [08/Mar/2026:21:52:12 +0100] "GET /wp-content/uploads/logo.png HTTP/1.1" 200 12809 "https://halkfinanz.inglory.de/?preview_id=16&preview_nonce=b579bd6e7d&preview=true" "Serf/1.3.9 (mod_pagespeed/1.13.35.2-0)"
94.130.90.54 - - [08/Mar/2026:21:52:12 +0100] "GET /wp-content/uploads/logo-1.png HTTP/1.1" 200 8885 "https://halkfinanz.inglory.de/?preview_id=16&preview_nonce=b579bd6e7d&preview=true" "Serf/1.3.9 (mod_pagespeed/1.13.35.2-0)"
94.130.90.54 - - [08/Mar/2026:21:52:12 +0100] "GET /wp-content/uploads/logo-2.png HTTP/1.1" 200 9487 "https://halkfinanz.inglory.de/?preview_id=16&preview_nonce=b579bd6e7d&preview=true" "Serf/1.3.9 (mod_pagespeed/1.13.35.2-0)"
94.130.90.54 - - [08/Mar/2026:21:52:12 +0100] "GET /wp-content/uploads/logo-3.png HTTP/1.1" 200 8951 "https://halkfinanz.inglory.de/?preview_id=16&preview_nonce=b579bd6e7d&preview=true" "Serf/1.3.9 (mod_pagespeed/1.13.35.2-0)"
94.130.90.54 - - [08/Mar/2026:21:52:12 +0100] "GET /wp-content/uploads/logo-4.png HTTP/1.1" 200 9387 "https://halkfinanz.inglory.de/?preview_id=16&preview_nonce=b579bd6e7d&preview=true" "Serf/1.3.9 (mod_pagespeed/1.13.35.2-0)"
80.187.67.145 - - [08/Mar/2026:21:52:12 +0100] "GET /wp-content/uploads/logo-1.png HTTP/1.0" 304 3927 "https://halkfinanz.inglory.de/?preview_id=16&preview_nonce=b579bd6e7d&preview=true" "Mozilla/5.0 (Macintosh; Intel Mac OS X 10_15_7) AppleWebKit/537.36 (KHTML, like Gecko) Chrome/145.0.0.0 Safari/537.36"
94.130.90.54 - - [08/Mar/2026:21:52:12 +0100] "GET /wp-content/uploads/logo-5.png HTTP/1.1" 200 7741 "https://halkfinanz.inglory.de/?preview_id=16&preview_nonce=b579bd6e7d&preview=true" "Serf/1.3.9 (mod_pagespeed/1.13.35.2-0)"
94.130.90.54 - - [08/Mar/2026:21:52:12 +0100] "GET /wp-content/uploads/img-1-1.jpg HTTP/1.1" 304 3413 "https://halkfinanz.inglory.de/?preview_id=16&preview_nonce=b579bd6e7d&preview=true" "Serf/1.3.9 (mod_pagespeed/1.13.35.2-0)"
80.187.67.145 - - [08/Mar/2026:21:52:12 +0100] "GET /wp-content/plugins/Funnelforms-pro/res/frontend/styles/select.css?ver=3.8.1 HTTP/1.0" 304 3927 "https://halkfinanz.inglory.de/?preview_id=16&preview_nonce=b579bd6e7d&preview=true" "Mozilla/5.0 (Macintosh; Intel Mac OS X 10_15_7) AppleWebKit/537.36 (KHTML, like Gecko) Chrome/145.0.0.0 Safari/537.36"
94.130.90.54 - - [08/Mar/2026:21:52:12 +0100] "GET /wp-content/uploads/img-1-1.jpg HTTP/1.1" 304 3413 "https://halkfinanz.inglory.de/?preview_id=16&preview_nonce=b579bd6e7d&preview=true" "Serf/1.3.9 (mod_pagespeed/1.13.35.2-0)"
80.187.67.145 - - [08/Mar/2026:21:52:12 +0100] "GET /wp-content/plugins/Funnelforms-pro/res/frontend/styles/fontawesome_5.15.4.css?ver=3.8.1 HTTP/1.0" 304 3928 "https://halkfinanz.inglory.de/?preview_id=16&preview_nonce=b579bd6e7d&preview=true" "Mozilla/5.0 (Macintosh; Intel Mac OS X 10_15_7) AppleWebKit/537.36 (KHTML, like Gecko) Chrome/145.0.0.0 Safari/537.36"
94.130.90.54 - - [08/Mar/2026:21:52:12 +0100] "GET /wp-content/uploads/img-1-1-221x300.jpg HTTP/1.1" 304 3412 "https://halkfinanz.inglory.de/?preview_id=16&preview_nonce=b579bd6e7d&preview=true" "Serf/1.3.9 (mod_pagespeed/1.13.35.2-0)"
80.187.67.145 - - [08/Mar/2026:21:52:12 +0100] "GET /wp-content/uploads/elementor/css/post-16.css?ver=1773003132 HTTP/1.0" 200 13794 "https://halkfinanz.inglory.de/?preview_id=16&preview_nonce=b579bd6e7d&preview=true" "Mozilla/5.0 (Macintosh; Intel Mac OS X 10_15_7) AppleWebKit/537.36 (KHTML, like Gecko) Chrome/145.0.0.0 Safari/537.36"
80.187.67.145 - - [08/Mar/2026:21:52:12 +0100] "GET /wp-content/plugins/Funnelforms-pro/res/frontend/styles/frontend.css?ver=3.8.1 HTTP/1.0" 304 3927 "https://halkfinanz.inglory.de/?preview_id=16&preview_nonce=b579bd6e7d&preview=true" "Mozilla/5.0 (Macintosh; Intel Mac OS X 10_15_7) AppleWebKit/537.36 (KHTML, like Gecko) Chrome/145.0.0.0 Safari/537.36"
94.130.90.54 - - [08/Mar/2026:21:52:12 +0100] "GET /wp-content/uploads/img-1-1-756x1024.jpg HTTP/1.1" 304 3413 "https://halkfinanz.inglory.de/?preview_id=16&preview_nonce=b579bd6e7d&preview=true" "Serf/1.3.9 (mod_pagespeed/1.13.35.2-0)"
80.187.67.145 - - [08/Mar/2026:21:52:12 +0100] "GET /wp-content/plugins/Funnelforms-pro/res/frontend/styles/intlTelInput.css?ver=3.8.1 HTTP/1.0" 304 3927 "https://halkfinanz.inglory.de/?preview_id=16&preview_nonce=b579bd6e7d&preview=true" "Mozilla/5.0 (Macintosh; Intel Mac OS X 10_15_7) AppleWebKit/537.36 (KHTML, like Gecko) Chrome/145.0.0.0 Safari/537.36"
