80.187.67.145 - - [08/Mar/2026:22:43:42 +0100] "GET /wp-content/plugins/elementor/assets/css/widget-image.min.css?ver=3.35.6 HTTP/1.0" 304 3925 "https://halkfinanz.inglory.de/?preview_id=16&preview_nonce=b579bd6e7d&preview=true" "Mozilla/5.0 (Macintosh; Intel Mac OS X 10_15_7) AppleWebKit/537.36 (KHTML, like Gecko) Chrome/145.0.0.0 Safari/537.36"
80.187.67.145 - - [08/Mar/2026:22:43:42 +0100] "GET /wp-content/plugins/elementor/assets/css/admin-bar.min.css?ver=3.35.6 HTTP/1.0" 304 3926 "https://halkfinanz.inglory.de/?preview_id=16&preview_nonce=b579bd6e7d&preview=true" "Mozilla/5.0 (Macintosh; Intel Mac OS X 10_15_7) AppleWebKit/537.36 (KHTML, like Gecko) Chrome/145.0.0.0 Safari/537.36"
80.187.67.145 - - [08/Mar/2026:22:43:42 +0100] "GET /wp-content/plugins/elementor/assets/css/conditionals/e-swiper.min.css?ver=3.35.6 HTTP/1.0" 304 3927 "https://halkfinanz.inglory.de/?preview_id=16&preview_nonce=b579bd6e7d&preview=true" "Mozilla/5.0 (Macintosh; Intel Mac OS X 10_15_7) AppleWebKit/537.36 (KHTML, like Gecko) Chrome/145.0.0.0 Safari/537.36"
80.187.67.145 - - [08/Mar/2026:22:43:42 +0100] "GET /wp-content/plugins/elementor-pro/assets/css/conditionals/popup.min.css?ver=3.35.1 HTTP/1.0" 304 3926 "https://halkfinanz.inglory.de/?preview_id=16&preview_nonce=b579bd6e7d&preview=true" "Mozilla/5.0 (Macintosh; Intel Mac OS X 10_15_7) AppleWebKit/537.36 (KHTML, like Gecko) Chrome/145.0.0.0 Safari/537.36"
80.187.67.145 - - [08/Mar/2026:22:43:42 +0100] "GET /wp-content/plugins/elementor/assets/css/widget-image-carousel.min.css?ver=3.35.6 HTTP/1.0" 304 3926 "https://halkfinanz.inglory.de/?preview_id=16&preview_nonce=b579bd6e7d&preview=true" "Mozilla/5.0 (Macintosh; Intel Mac OS X 10_15_7) AppleWebKit/537.36 (KHTML, like Gecko) Chrome/145.0.0.0 Safari/537.36"
80.187.67.145 - - [08/Mar/2026:22:43:42 +0100] "GET /wp-content/uploads/users-1-1.png HTTP/1.0" 304 3899 "https://halkfinanz.inglory.de/?preview_id=16&preview_nonce=b579bd6e7d&preview=true" "Mozilla/5.0 (Macintosh; Intel Mac OS X 10_15_7) AppleWebKit/537.36 (KHTML, like Gecko) Chrome/145.0.0.0 Safari/537.36"
80.187.67.145 - - [08/Mar/2026:22:43:42 +0100] "GET /wp-content/uploads/elementor/css/post-20.css?ver=1773002503 HTTP/1.0" 304 3927 "https://halkfinanz.inglory.de/?preview_id=16&preview_nonce=b579bd6e7d&preview=true" "Mozilla/5.0 (Macintosh; Intel Mac OS X 10_15_7) AppleWebKit/537.36 (KHTML, like Gecko) Chrome/145.0.0.0 Safari/537.36"
80.187.67.145 - - [08/Mar/2026:22:43:42 +0100] "GET /wp-content/uploads/elementor/css/post-19.css?ver=1773002503 HTTP/1.0" 304 3927 "https://halkfinanz.inglory.de/?preview_id=16&preview_nonce=b579bd6e7d&preview=true" "Mozilla/5.0 (Macintosh; Intel Mac OS X 10_15_7) AppleWebKit/537.36 (KHTML, like Gecko) Chrome/145.0.0.0 Safari/537.36"
80.187.67.145 - - [08/Mar/2026:22:43:42 +0100] "GET /wp-content/uploads/elementor/css/post-760.css?ver=1773002503 HTTP/1.0" 304 3927 "https://halkfinanz.inglory.de/?preview_id=16&preview_nonce=b579bd6e7d&preview=true" "Mozilla/5.0 (Macintosh; Intel Mac OS X 10_15_7) AppleWebKit/537.36 (KHTML, like Gecko) Chrome/145.0.0.0 Safari/537.36"
80.187.67.145 - - [08/Mar/2026:22:43:42 +0100] "GET /wp-content/uploads/elementor/css/post-111.css?ver=1773002503 HTTP/1.0" 304 3927 "https://halkfinanz.inglory.de/?preview_id=16&preview_nonce=b579bd6e7d&preview=true" "Mozilla/5.0 (Macintosh; Intel Mac OS X 10_15_7) AppleWebKit/537.36 (KHTML, like Gecko) Chrome/145.0.0.0 Safari/537.36"
80.187.67.145 - - [08/Mar/2026:22:43:42 +0100] "GET /wp-content/uploads/elementor/css/post-432.css?ver=1773002503 HTTP/1.0" 304 3927 "https://halkfinanz.inglory.de/?preview_id=16&preview_nonce=b579bd6e7d&preview=true" "Mozilla/5.0 (Macintosh; Intel Mac OS X 10_15_7) AppleWebKit/537.36 (KHTML, like Gecko) Chrome/145.0.0.0 Safari/537.36"
80.187.67.145 - - [08/Mar/2026:22:43:42 +0100] "GET /wp-content/uploads/logo-1.png HTTP/1.0" 304 3899 "https://halkfinanz.inglory.de/?preview_id=16&preview_nonce=b579bd6e7d&preview=true" "Mozilla/5.0 (Macintosh; Intel Mac OS X 10_15_7) AppleWebKit/537.36 (KHTML, like Gecko) Chrome/145.0.0.0 Safari/537.36"
80.187.67.145 - - [08/Mar/2026:22:43:42 +0100] "GET /wp-content/plugins/Funnelforms-pro/res/frontend/styles/frontend.css?ver=3.8.1 HTTP/1.0" 304 3927 "https://halkfinanz.inglory.de/?preview_id=16&preview_nonce=b579bd6e7d&preview=true" "Mozilla/5.0 (Macintosh; Intel Mac OS X 10_15_7) AppleWebKit/537.36 (KHTML, like Gecko) Chrome/145.0.0.0 Safari/537.36"
80.187.67.145 - - [08/Mar/2026:22:43:42 +0100] "GET /wp-content/plugins/Funnelforms-pro/res/frontend/styles/intlTelInput.css?ver=3.8.1 HTTP/1.0" 304 3927 "https://halkfinanz.inglory.de/?preview_id=16&preview_nonce=b579bd6e7d&preview=true" "Mozilla/5.0 (Macintosh; Intel Mac OS X 10_15_7) AppleWebKit/537.36 (KHTML, like Gecko) Chrome/145.0.0.0 Safari/537.36"
80.187.67.145 - - [08/Mar/2026:22:43:42 +0100] "GET /wp-content/plugins/elementor-pro/assets/js/notes/notes.min.js?ver=3.35.1 HTTP/1.0" 304 3927 "https://halkfinanz.inglory.de/?preview_id=16&preview_nonce=b579bd6e7d&preview=true" "Mozilla/5.0 (Macintosh; Intel Mac OS X 10_15_7) AppleWebKit/537.36 (KHTML, like Gecko) Chrome/145.0.0.0 Safari/537.36"
80.187.67.145 - - [08/Mar/2026:22:43:42 +0100] "GET /wp-content/plugins/elementor-pro/assets/js/notes/notes-app-initiator.min.js?ver=3.35.1 HTTP/1.0" 304 3926 "https://halkfinanz.inglory.de/?preview_id=16&preview_nonce=b579bd6e7d&preview=true" "Mozilla/5.0 (Macintosh; Intel Mac OS X 10_15_7) AppleWebKit/537.36 (KHTML, like Gecko) Chrome/145.0.0.0 Safari/537.36"
80.187.67.145 - - [08/Mar/2026:22:43:42 +0100] "GET /wp-includes/js/underscore.min.js?ver=1.13.7 HTTP/1.0" 304 3927 "https://halkfinanz.inglory.de/?preview_id=16&preview_nonce=b579bd6e7d&preview=true" "Mozilla/5.0 (Macintosh; Intel Mac OS X 10_15_7) AppleWebKit/537.36 (KHTML, like Gecko) Chrome/145.0.0.0 Safari/537.36"
80.187.67.145 - - [08/Mar/2026:22:43:42 +0100] "GET /wp-content/plugins/elementor/assets/lib/dialog/dialog.min.js?ver=4.9.4 HTTP/1.0" 304 3927 "https://halkfinanz.inglory.de/?preview_id=16&preview_nonce=b579bd6e7d&preview=true" "Mozilla/5.0 (Macintosh; Intel Mac OS X 10_15_7) AppleWebKit/537.36 (KHTML, like Gecko) Chrome/145.0.0.0 Safari/537.36"
80.187.67.145 - - [08/Mar/2026:22:43:42 +0100] "GET /wp-content/plugins/elementor/assets/js/webpack.runtime.min.js?ver=3.35.6 HTTP/1.0" 304 3927 "https://halkfinanz.inglory.de/?preview_id=16&preview_nonce=b579bd6e7d&preview=true" "Mozilla/5.0 (Macintosh; Intel Mac OS X 10_15_7) AppleWebKit/537.36 (KHTML, like Gecko) Chrome/145.0.0.0 Safari/537.36"
80.187.67.145 - - [08/Mar/2026:22:43:42 +0100] "GET /wp-content/plugins/elementor/assets/js/frontend-modules.min.js?ver=3.35.6 HTTP/1.0" 304 3927 "https://halkfinanz.inglory.de/?preview_id=16&preview_nonce=b579bd6e7d&preview=true" "Mozilla/5.0 (Macintosh; Intel Mac OS X 10_15_7) AppleWebKit/537.36 (KHTML, like Gecko) Chrome/145.0.0.0 Safari/537.36"
80.187.67.145 - - [08/Mar/2026:22:43:42 +0100] "GET /wp-content/plugins/elementor-pro/assets/lib/sticky/jquery.sticky.min.js?ver=3.35.1 HTTP/1.0" 304 3926 "https://halkfinanz.inglory.de/?preview_id=16&preview_nonce=b579bd6e7d&preview=true" "Mozilla/5.0 (Macintosh; Intel Mac OS X 10_15_7) AppleWebKit/537.36 (KHTML, like Gecko) Chrome/145.0.0.0 Safari/537.36"
80.187.67.145 - - [08/Mar/2026:22:43:42 +0100] "GET /wp-content/plugins/elementor-pro/assets/lib/smartmenus/jquery.smartmenus.min.js?ver=1.2.1 HTTP/1.0" 304 3927 "https://halkfinanz.inglory.de/?preview_id=16&preview_nonce=b579bd6e7d&preview=true" "Mozilla/5.0 (Macintosh; Intel Mac OS X 10_15_7) AppleWebKit/537.36 (KHTML, like Gecko) Chrome/145.0.0.0 Safari/537.36"
80.187.67.145 - - [08/Mar/2026:22:43:42 +0100] "GET /wp-content/plugins/elementor-pro/assets/js/webpack-pro.runtime.min.js?ver=3.35.1 HTTP/1.0" 304 3927 "https://halkfinanz.inglory.de/?preview_id=16&preview_nonce=b579bd6e7d&preview=true" "Mozilla/5.0 (Macintosh; Intel Mac OS X 10_15_7) AppleWebKit/537.36 (KHTML, like Gecko) Chrome/145.0.0.0 Safari/537.36"
80.187.67.145 - - [08/Mar/2026:22:43:42 +0100] "GET /wp-content/plugins/Funnelforms-pro/res/frontend/scripts/intlTelInputSelect2.js?ver=3.8.1 HTTP/1.0" 304 3927 "https://halkfinanz.inglory.de/?preview_id=16&preview_nonce=b579bd6e7d&preview=true" "Mozilla/5.0 (Macintosh; Intel Mac OS X 10_15_7) AppleWebKit/537.36 (KHTML, like Gecko) Chrome/145.0.0.0 Safari/537.36"
80.187.67.145 - - [08/Mar/2026:22:43:42 +0100] "GET /wp-content/plugins/elementor-pro/assets/js/frontend.min.js?ver=3.35.1 HTTP/1.0" 304 3927 "https://halkfinanz.inglory.de/?preview_id=16&preview_nonce=b579bd6e7d&preview=true" "Mozilla/5.0 (Macintosh; Intel Mac OS X 10_15_7) AppleWebKit/537.36 (KHTML, like Gecko) Chrome/145.0.0.0 Safari/537.36"
80.187.67.145 - - [08/Mar/2026:22:43:42 +0100] "GET /wp-content/plugins/elementor-pro/assets/js/elements-handlers.min.js?ver=3.35.1 HTTP/1.0" 304 3927 "https://halkfinanz.inglory.de/?preview_id=16&preview_nonce=b579bd6e7d&preview=true" "Mozilla/5.0 (Macintosh; Intel Mac OS X 10_15_7) AppleWebKit/537.36 (KHTML, like Gecko) Chrome/145.0.0.0 Safari/537.36"
80.187.67.145 - - [08/Mar/2026:22:43:42 +0100] "GET /wp-includes/js/admin-bar.min.js?ver=6.9.1 HTTP/1.0" 304 3926 "https://halkfinanz.inglory.de/?preview_id=16&preview_nonce=b579bd6e7d&preview=true" "Mozilla/5.0 (Macintosh; Intel Mac OS X 10_15_7) AppleWebKit/537.36 (KHTML, like Gecko) Chrome/145.0.0.0 Safari/537.36"
80.187.67.145 - - [08/Mar/2026:22:43:42 +0100] "GET /wp-content/plugins/elementor/assets/js/elementor-admin-bar.min.js?ver=3.35.6 HTTP/1.0" 304 3927 "https://halkfinanz.inglory.de/?preview_id=16&preview_nonce=b579bd6e7d&preview=true" "Mozilla/5.0 (Macintosh; Intel Mac OS X 10_15_7) AppleWebKit/537.36 (KHTML, like Gecko) Chrome/145.0.0.0 Safari/537.36"
80.187.67.145 - - [08/Mar/2026:22:43:42 +0100] "GET /wp-content/plugins/Funnelforms-pro/res/frontend/scripts/dropzone.js?ver=3.8.1 HTTP/1.0" 304 3927 "https://halkfinanz.inglory.de/?preview_id=16&preview_nonce=b579bd6e7d&preview=true" "Mozilla/5.0 (Macintosh; Intel Mac OS X 10_15_7) AppleWebKit/537.36 (KHTML, like Gecko) Chrome/145.0.0.0 Safari/537.36"
80.187.67.145 - - [08/Mar/2026:22:43:42 +0100] "GET /wp-content/uploads/img-1-1.jpg HTTP/1.0" 304 3928 "https://halkfinanz.inglory.de/wp-content/uploads/elementor/css/post-16.css?ver=1773006221" "Mozilla/5.0 (Macintosh; Intel Mac OS X 10_15_7) AppleWebKit/537.36 (KHTML, like Gecko) Chrome/145.0.0.0 Safari/537.36"
80.187.67.145 - - [08/Mar/2026:22:43:42 +0100] "GET /wp-content/uploads/img-1.jpg HTTP/1.0" 304 3928 "https://halkfinanz.inglory.de/wp-content/uploads/elementor/css/post-16.css?ver=1773006221" "Mozilla/5.0 (Macintosh; Intel Mac OS X 10_15_7) AppleWebKit/537.36 (KHTML, like Gecko) Chrome/145.0.0.0 Safari/537.36"
80.187.67.145 - - [08/Mar/2026:22:43:42 +0100] "GET /wp-admin/admin-ajax.php?_ajax_nonce=56b763cdb8&action=af2_request_data&ids%5B%5D=580&ids%5B%5D=581 HTTP/1.0" 200 5005 "https://halkfinanz.inglory.de/?preview_id=16&preview_nonce=b579bd6e7d&preview=true" "Mozilla/5.0 (Macintosh; Intel Mac OS X 10_15_7) AppleWebKit/537.36 (KHTML, like Gecko) Chrome/145.0.0.0 Safari/537.36"
80.187.67.145 - - [08/Mar/2026:22:43:44 +0100] "POST /wp-admin/admin-ajax.php HTTP/1.0" 200 4408 "https://halkfinanz.inglory.de/wp-admin/post.php?post=16&action=elementor" "Mozilla/5.0 (Macintosh; Intel Mac OS X 10_15_7) AppleWebKit/537.36 (KHTML, like Gecko) Chrome/145.0.0.0 Safari/537.36"
80.187.67.145 - - [08/Mar/2026:22:43:56 +0100] "GET /wp-content/uploads/img-1.png HTTP/1.0" 304 3900 "https://halkfinanz.inglory.de/?preview_id=16&preview_nonce=b579bd6e7d&preview=true" "Mozilla/5.0 (Macintosh; Intel Mac OS X 10_15_7) AppleWebKit/537.36 (KHTML, like Gecko) Chrome/145.0.0.0 Safari/537.36"
80.187.67.145 - - [08/Mar/2026:22:43:56 +0100] "GET /wp-content/uploads/img-2-1.png HTTP/1.0" 304 3899 "https://halkfinanz.inglory.de/?preview_id=16&preview_nonce=b579bd6e7d&preview=true" "Mozilla/5.0 (Macintosh; Intel Mac OS X 10_15_7) AppleWebKit/537.36 (KHTML, like Gecko) Chrome/145.0.0.0 Safari/537.36"
80.187.67.145 - - [08/Mar/2026:22:44:02 +0100] "GET /wp-content/uploads/img-3-1-scaled.jpg HTTP/1.0" 304 3900 "https://halkfinanz.inglory.de/wp-content/uploads/elementor/css/post-16.css?ver=1773006221" "Mozilla/5.0 (Macintosh; Intel Mac OS X 10_15_7) AppleWebKit/537.36 (KHTML, like Gecko) Chrome/145.0.0.0 Safari/537.36"
80.187.67.145 - - [08/Mar/2026:22:44:03 +0100] "GET /wp-content/uploads/video-3-1.jpg HTTP/1.0" 304 3899 "https://halkfinanz.inglory.de/wp-content/uploads/elementor/css/post-16.css?ver=1773006221" "Mozilla/5.0 (Macintosh; Intel Mac OS X 10_15_7) AppleWebKit/537.36 (KHTML, like Gecko) Chrome/145.0.0.0 Safari/537.36"
80.187.67.145 - - [08/Mar/2026:22:44:10 +0100] "GET /wp-content/uploads/xfreebiemockupv3.png.pagespeed.ic.TQQLYSOpYF.webp HTTP/1.0" 304 3871 "https://halkfinanz.inglory.de/?preview_id=16&preview_nonce=b579bd6e7d&preview=true" "Mozilla/5.0 (Macintosh; Intel Mac OS X 10_15_7) AppleWebKit/537.36 (KHTML, like Gecko) Chrome/145.0.0.0 Safari/537.36"
80.187.67.145 - - [08/Mar/2026:22:44:14 +0100] "GET /wp-content/uploads/users-1-1.png HTTP/1.0" 304 3899 "https://halkfinanz.inglory.de/?preview_id=16&preview_nonce=b579bd6e7d&preview=true" "Mozilla/5.0 (Macintosh; Intel Mac OS X 10_15_7) AppleWebKit/537.36 (KHTML, like Gecko) Chrome/145.0.0.0 Safari/537.36"
80.187.67.145 - - [08/Mar/2026:22:44:19 +0100] "GET /wp-json/elementor/v1/checklist/user-progress HTTP/1.0" 200 5128 "https://halkfinanz.inglory.de/wp-admin/post.php?post=16&action=elementor" "Mozilla/5.0 (Macintosh; Intel Mac OS X 10_15_7) AppleWebKit/537.36 (KHTML, like Gecko) Chrome/145.0.0.0 Safari/537.36"
80.187.67.145 - - [08/Mar/2026:22:44:19 +0100] "POST /wp-admin/admin-ajax.php HTTP/1.0" 200 4408 "https://halkfinanz.inglory.de/wp-admin/post.php?post=16&action=elementor" "Mozilla/5.0 (Macintosh; Intel Mac OS X 10_15_7) AppleWebKit/537.36 (KHTML, like Gecko) Chrome/145.0.0.0 Safari/537.36"
80.187.67.145 - - [08/Mar/2026:22:44:20 +0100] "GET /wp-content/uploads/users-1-1.png HTTP/1.0" 304 3899 "https://halkfinanz.inglory.de/?elementor-preview=16&ver=1773002507" "Mozilla/5.0 (Macintosh; Intel Mac OS X 10_15_7) AppleWebKit/537.36 (KHTML, like Gecko) Chrome/145.0.0.0 Safari/537.36"
80.187.67.145 - - [08/Mar/2026:22:44:22 +0100] "GET /wp-content/uploads/logo-5.png HTTP/1.0" 304 3927 "https://halkfinanz.inglory.de/?elementor-preview=16&ver=1773002507" "Mozilla/5.0 (Macintosh; Intel Mac OS X 10_15_7) AppleWebKit/537.36 (KHTML, like Gecko) Chrome/145.0.0.0 Safari/537.36"
80.187.67.145 - - [08/Mar/2026:22:44:23 +0100] "GET /wp-content/uploads/img-1.png HTTP/1.0" 304 3900 "https://halkfinanz.inglory.de/?elementor-preview=16&ver=1773002507" "Mozilla/5.0 (Macintosh; Intel Mac OS X 10_15_7) AppleWebKit/537.36 (KHTML, like Gecko) Chrome/145.0.0.0 Safari/537.36"
80.187.67.145 - - [08/Mar/2026:22:44:23 +0100] "GET /wp-content/uploads/img-2-1.png HTTP/1.0" 304 3899 "https://halkfinanz.inglory.de/?elementor-preview=16&ver=1773002507" "Mozilla/5.0 (Macintosh; Intel Mac OS X 10_15_7) AppleWebKit/537.36 (KHTML, like Gecko) Chrome/145.0.0.0 Safari/537.36"
80.187.67.145 - - [08/Mar/2026:22:44:23 +0100] "GET /wp-content/uploads/logo.png HTTP/1.0" 304 3927 "https://halkfinanz.inglory.de/?elementor-preview=16&ver=1773002507" "Mozilla/5.0 (Macintosh; Intel Mac OS X 10_15_7) AppleWebKit/537.36 (KHTML, like Gecko) Chrome/145.0.0.0 Safari/537.36"
80.187.67.145 - - [08/Mar/2026:22:44:24 +0100] "GET /wp-json/wp/v2/users/me?_fields=capabilities&context=edit&_locale=user HTTP/1.0" 200 6151 "https://halkfinanz.inglory.de/wp-admin/post.php?post=16&action=elementor" "Mozilla/5.0 (Macintosh; Intel Mac OS X 10_15_7) AppleWebKit/537.36 (KHTML, like Gecko) Chrome/145.0.0.0 Safari/537.36"
80.187.67.145 - - [08/Mar/2026:22:44:24 +0100] "GET / HTTP/1.0" 200 55515 "https://halkfinanz.inglory.de/?elementor-preview=16&ver=1773002507" "Mozilla/5.0 (Macintosh; Intel Mac OS X 10_15_7) AppleWebKit/537.36 (KHTML, like Gecko) Chrome/145.0.0.0 Safari/537.36"
80.187.67.145 - - [08/Mar/2026:22:44:27 +0100] "POST /wp-admin/admin-ajax.php HTTP/1.0" 200 1039392 "https://halkfinanz.inglory.de/wp-admin/post.php?post=16&action=elementor" "Mozilla/5.0 (Macintosh; Intel Mac OS X 10_15_7) AppleWebKit/537.36 (KHTML, like Gecko) Chrome/145.0.0.0 Safari/537.36"
80.187.67.145 - - [08/Mar/2026:22:44:27 +0100] "POST /wp-admin/admin-ajax.php HTTP/1.0" 200 4408 "https://halkfinanz.inglory.de/wp-admin/post.php?post=16&action=elementor" "Mozilla/5.0 (Macintosh; Intel Mac OS X 10_15_7) AppleWebKit/537.36 (KHTML, like Gecko) Chrome/145.0.0.0 Safari/537.36"
80.187.67.145 - - [08/Mar/2026:22:44:27 +0100] "GET /wp-json/elementor/v1/checklist/user-progress HTTP/1.0" 200 5128 "https://halkfinanz.inglory.de/wp-admin/post.php?post=16&action=elementor" "Mozilla/5.0 (Macintosh; Intel Mac OS X 10_15_7) AppleWebKit/537.36 (KHTML, like Gecko) Chrome/145.0.0.0 Safari/537.36"
94.130.90.54 - - [08/Mar/2026:22:44:28 +0100] "GET /wp-content/plugins/elementor/assets/css/widget-nested-tabs.min.css?ver=3.35.6 HTTP/1.1" 304 3412 "https://halkfinanz.inglory.de/?elementor_library=footer&elementor-preview=20&ver=1773006267" "Serf/1.3.9 (mod_pagespeed/1.13.35.2-0)"
94.130.90.54 - - [08/Mar/2026:22:44:28 +0100] "GET /wp-content/plugins/elementor/assets/css/widget-nested-accordion.min.css?ver=3.35.6 HTTP/1.1" 304 3412 "https://halkfinanz.inglory.de/?elementor_library=footer&elementor-preview=20&ver=1773006267" "Serf/1.3.9 (mod_pagespeed/1.13.35.2-0)"
94.130.90.54 - - [08/Mar/2026:22:44:28 +0100] "GET /wp-content/plugins/elementor/assets/css/widget-text-editor.min.css?ver=3.35.6 HTTP/1.1" 304 3411 "https://halkfinanz.inglory.de/?elementor_library=footer&elementor-preview=20&ver=1773006267" "Serf/1.3.9 (mod_pagespeed/1.13.35.2-0)"
94.130.90.54 - - [08/Mar/2026:22:44:28 +0100] "GET /wp-content/plugins/elementor/assets/css/widget-video.min.css?ver=3.35.6 HTTP/1.1" 304 3411 "https://halkfinanz.inglory.de/?elementor_library=footer&elementor-preview=20&ver=1773006267" "Serf/1.3.9 (mod_pagespeed/1.13.35.2-0)"
94.130.90.54 - - [08/Mar/2026:22:44:28 +0100] "GET /wp-content/plugins/elementor/assets/css/widget-spacer.min.css?ver=3.35.6 HTTP/1.1" 304 3411 "https://halkfinanz.inglory.de/?elementor_library=footer&elementor-preview=20&ver=1773006267" "Serf/1.3.9 (mod_pagespeed/1.13.35.2-0)"
94.130.90.54 - - [08/Mar/2026:22:44:28 +0100] "GET /wp-content/plugins/elementor/assets/css/widget-image-box.min.css?ver=3.35.6 HTTP/1.1" 304 3411 "https://halkfinanz.inglory.de/?elementor_library=footer&elementor-preview=20&ver=1773006267" "Serf/1.3.9 (mod_pagespeed/1.13.35.2-0)"
80.187.67.145 - - [08/Mar/2026:22:44:27 +0100] "GET /?elementor_library=footer&elementor-preview=20&ver=1773006267 HTTP/1.0" 200 26402 "https://halkfinanz.inglory.de/wp-admin/post.php?post=16&action=elementor" "Mozilla/5.0 (Macintosh; Intel Mac OS X 10_15_7) AppleWebKit/537.36 (KHTML, like Gecko) Chrome/145.0.0.0 Safari/537.36"
94.130.90.54 - - [08/Mar/2026:22:44:28 +0100] "GET /wp-content/plugins/elementor/assets/css/widget-google_maps.min.css?ver=3.35.6 HTTP/1.1" 304 3411 "https://halkfinanz.inglory.de/?elementor_library=footer&elementor-preview=20&ver=1773006267" "Serf/1.3.9 (mod_pagespeed/1.13.35.2-0)"
94.130.90.54 - - [08/Mar/2026:22:44:28 +0100] "GET /wp-content/plugins/elementor/assets/css/widget-star-rating.min.css?ver=3.35.6 HTTP/1.1" 304 3412 "https://halkfinanz.inglory.de/?elementor_library=footer&elementor-preview=20&ver=1773006267" "Serf/1.3.9 (mod_pagespeed/1.13.35.2-0)"
94.130.90.54 - - [08/Mar/2026:22:44:28 +0100] "GET /wp-content/plugins/elementor/assets/css/widget-image-gallery.min.css?ver=3.35.6 HTTP/1.1" 304 3411 "https://halkfinanz.inglory.de/?elementor_library=footer&elementor-preview=20&ver=1773006267" "Serf/1.3.9 (mod_pagespeed/1.13.35.2-0)"
94.130.90.54 - - [08/Mar/2026:22:44:28 +0100] "GET /wp-content/plugins/elementor/assets/css/widget-counter.min.css?ver=3.35.6 HTTP/1.1" 304 3411 "https://halkfinanz.inglory.de/?elementor_library=footer&elementor-preview=20&ver=1773006267" "Serf/1.3.9 (mod_pagespeed/1.13.35.2-0)"
94.130.90.54 - - [08/Mar/2026:22:44:28 +0100] "GET /wp-content/plugins/elementor/assets/css/widget-progress.min.css?ver=3.35.6 HTTP/1.1" 304 3411 "https://halkfinanz.inglory.de/?elementor_library=footer&elementor-preview=20&ver=1773006267" "Serf/1.3.9 (mod_pagespeed/1.13.35.2-0)"
94.130.90.54 - - [08/Mar/2026:22:44:28 +0100] "GET /wp-content/plugins/elementor/assets/css/widget-testimonial.min.css?ver=3.35.6 HTTP/1.1" 304 3411 "https://halkfinanz.inglory.de/?elementor_library=footer&elementor-preview=20&ver=1773006267" "Serf/1.3.9 (mod_pagespeed/1.13.35.2-0)"
94.130.90.54 - - [08/Mar/2026:22:44:28 +0100] "GET /wp-content/plugins/elementor/assets/css/widget-tabs.min.css?ver=3.35.6 HTTP/1.1" 304 3412 "https://halkfinanz.inglory.de/?elementor_library=footer&elementor-preview=20&ver=1773006267" "Serf/1.3.9 (mod_pagespeed/1.13.35.2-0)"
94.130.90.54 - - [08/Mar/2026:22:44:28 +0100] "GET /wp-content/plugins/elementor/assets/css/widget-accordion.min.css?ver=3.35.6 HTTP/1.1" 304 3411 "https://halkfinanz.inglory.de/?elementor_library=footer&elementor-preview=20&ver=1773006267" "Serf/1.3.9 (mod_pagespeed/1.13.35.2-0)"
94.130.90.54 - - [08/Mar/2026:22:44:28 +0100] "GET /wp-content/plugins/elementor/assets/css/widget-toggle.min.css?ver=3.35.6 HTTP/1.1" 304 3411 "https://halkfinanz.inglory.de/?elementor_library=footer&elementor-preview=20&ver=1773006267" "Serf/1.3.9 (mod_pagespeed/1.13.35.2-0)"
94.130.90.54 - - [08/Mar/2026:22:44:28 +0100] "GET /wp-content/plugins/elementor/assets/css/widget-social-icons.min.css?ver=3.35.6 HTTP/1.1" 304 3412 "https://halkfinanz.inglory.de/?elementor_library=footer&elementor-preview=20&ver=1773006267" "Serf/1.3.9 (mod_pagespeed/1.13.35.2-0)"
94.130.90.54 - - [08/Mar/2026:22:44:28 +0100] "GET /wp-content/plugins/elementor/assets/css/conditionals/apple-webkit.min.css?ver=3.35.6 HTTP/1.1" 304 3412 "https://halkfinanz.inglory.de/?elementor_library=footer&elementor-preview=20&ver=1773006267" "Serf/1.3.9 (mod_pagespeed/1.13.35.2-0)"
94.130.90.54 - - [08/Mar/2026:22:44:28 +0100] "GET /wp-content/plugins/elementor/assets/css/widget-alert.min.css?ver=3.35.6 HTTP/1.1" 304 3411 "https://halkfinanz.inglory.de/?elementor_library=footer&elementor-preview=20&ver=1773006267" "Serf/1.3.9 (mod_pagespeed/1.13.35.2-0)"
94.130.90.54 - - [08/Mar/2026:22:44:28 +0100] "GET /wp-content/plugins/elementor/assets/css/widget-menu-anchor.min.css?ver=3.35.6 HTTP/1.1" 304 3410 "https://halkfinanz.inglory.de/?elementor_library=footer&elementor-preview=20&ver=1773006267" "Serf/1.3.9 (mod_pagespeed/1.13.35.2-0)"
94.130.90.54 - - [08/Mar/2026:22:44:28 +0100] "GET /wp-content/plugins/elementor/assets/css/widget-text-path.min.css?ver=3.35.6 HTTP/1.1" 304 3411 "https://halkfinanz.inglory.de/?elementor_library=footer&elementor-preview=20&ver=1773006267" "Serf/1.3.9 (mod_pagespeed/1.13.35.2-0)"
94.130.90.54 - - [08/Mar/2026:22:44:28 +0100] "GET /wp-content/plugins/elementor/assets/lib/font-awesome/css/regular.min.css?ver=5.15.3 HTTP/1.1" 304 3411 "https://halkfinanz.inglory.de/?elementor_library=footer&elementor-preview=20&ver=1773006267" "Serf/1.3.9 (mod_pagespeed/1.13.35.2-0)"
94.130.90.54 - - [08/Mar/2026:22:44:28 +0100] "GET /wp-content/plugins/elementor/assets/css/widget-link-in-bio-base.min.css?ver=3.35.6 HTTP/1.1" 304 3412 "https://halkfinanz.inglory.de/?elementor_library=footer&elementor-preview=20&ver=1773006267" "Serf/1.3.9 (mod_pagespeed/1.13.35.2-0)"
94.130.90.54 - - [08/Mar/2026:22:44:28 +0100] "GET /wp-content/plugins/elementor/assets/css/widget-contact-buttons-base.min.css?ver=3.35.6 HTTP/1.1" 304 3412 "https://halkfinanz.inglory.de/?elementor_library=footer&elementor-preview=20&ver=1773006267" "Serf/1.3.9 (mod_pagespeed/1.13.35.2-0)"
94.130.90.54 - - [08/Mar/2026:22:44:28 +0100] "GET /wp-content/plugins/elementor/assets/css/widget-floating-bars-base.min.css?ver=3.35.6 HTTP/1.1" 304 3412 "https://halkfinanz.inglory.de/?elementor_library=footer&elementor-preview=20&ver=1773006267" "Serf/1.3.9 (mod_pagespeed/1.13.35.2-0)"
94.130.90.54 - - [08/Mar/2026:22:44:28 +0100] "GET /wp-content/plugins/elementor-pro/assets/css/widget-posts.min.css?ver=3.35.1 HTTP/1.1" 304 3412 "https://halkfinanz.inglory.de/?elementor_library=footer&elementor-preview=20&ver=1773006267" "Serf/1.3.9 (mod_pagespeed/1.13.35.2-0)"
94.130.90.54 - - [08/Mar/2026:22:44:28 +0100] "GET /wp-content/plugins/elementor-pro/assets/css/widget-loop-common.min.css?ver=3.35.1 HTTP/1.1" 304 3410 "https://halkfinanz.inglory.de/?elementor_library=footer&elementor-preview=20&ver=1773006267" "Serf/1.3.9 (mod_pagespeed/1.13.35.2-0)"
94.130.90.54 - - [08/Mar/2026:22:44:28 +0100] "GET /wp-content/plugins/elementor-pro/assets/css/widget-loop-grid.min.css?ver=3.35.1 HTTP/1.1" 304 3412 "https://halkfinanz.inglory.de/?elementor_library=footer&elementor-preview=20&ver=1773006267" "Serf/1.3.9 (mod_pagespeed/1.13.35.2-0)"
94.130.90.54 - - [08/Mar/2026:22:44:28 +0100] "GET /wp-content/plugins/elementor-pro/assets/css/widget-loop-carousel.min.css?ver=3.35.1 HTTP/1.1" 304 3412 "https://halkfinanz.inglory.de/?elementor_library=footer&elementor-preview=20&ver=1773006267" "Serf/1.3.9 (mod_pagespeed/1.13.35.2-0)"
94.130.90.54 - - [08/Mar/2026:22:44:28 +0100] "GET /wp-content/plugins/elementor-pro/assets/css/widget-off-canvas.min.css?ver=3.35.1 HTTP/1.1" 304 3411 "https://halkfinanz.inglory.de/?elementor_library=footer&elementor-preview=20&ver=1773006267" "Serf/1.3.9 (mod_pagespeed/1.13.35.2-0)"
94.130.90.54 - - [08/Mar/2026:22:44:28 +0100] "GET /wp-content/plugins/elementor-pro/assets/css/widget-gallery.min.css?ver=3.35.1 HTTP/1.1" 304 3412 "https://halkfinanz.inglory.de/?elementor_library=footer&elementor-preview=20&ver=1773006267" "Serf/1.3.9 (mod_pagespeed/1.13.35.2-0)"
94.130.90.54 - - [08/Mar/2026:22:44:28 +0100] "GET /wp-content/plugins/elementor/assets/lib/e-gallery/css/e-gallery.min.css?ver=1.2.0 HTTP/1.1" 304 3411 "https://halkfinanz.inglory.de/?elementor_library=footer&elementor-preview=20&ver=1773006267" "Serf/1.3.9 (mod_pagespeed/1.13.35.2-0)"
80.187.67.145 - - [08/Mar/2026:22:44:28 +0100] "GET /wp-content/plugins/elementor/assets/css/A.widget-nested-accordion.min.css,qver=3.35.6.pagespeed.cf.Wl8XufCNDV.css HTTP/1.0" 200 4934 "https://halkfinanz.inglory.de/?elementor_library=footer&elementor-preview=20&ver=1773006267" "Mozilla/5.0 (Macintosh; Intel Mac OS X 10_15_7) AppleWebKit/537.36 (KHTML, like Gecko) Chrome/145.0.0.0 Safari/537.36"
94.130.90.54 - - [08/Mar/2026:22:44:28 +0100] "GET /wp-content/plugins/elementor-pro/assets/css/conditionals/transitions.min.css?ver=3.35.1 HTTP/1.1" 304 3412 "https://halkfinanz.inglory.de/?elementor_library=footer&elementor-preview=20&ver=1773006267" "Serf/1.3.9 (mod_pagespeed/1.13.35.2-0)"
94.130.90.54 - - [08/Mar/2026:22:44:28 +0100] "GET /wp-content/plugins/elementor-pro/assets/css/widget-login.min.css?ver=3.35.1 HTTP/1.1" 304 3410 "https://halkfinanz.inglory.de/?elementor_library=footer&elementor-preview=20&ver=1773006267" "Serf/1.3.9 (mod_pagespeed/1.13.35.2-0)"
80.187.67.145 - - [08/Mar/2026:22:44:28 +0100] "GET /wp-content/plugins/elementor/assets/css/widget-text-editor.min.css?ver=3.35.6 HTTP/1.0" 304 3926 "https://halkfinanz.inglory.de/?elementor_library=footer&elementor-preview=20&ver=1773006267" "Mozilla/5.0 (Macintosh; Intel Mac OS X 10_15_7) AppleWebKit/537.36 (KHTML, like Gecko) Chrome/145.0.0.0 Safari/537.36"
80.187.67.145 - - [08/Mar/2026:22:44:28 +0100] "GET /wp-content/plugins/elementor/assets/css/widget-image-box.min.css?ver=3.35.6 HTTP/1.0" 304 3926 "https://halkfinanz.inglory.de/?elementor_library=footer&elementor-preview=20&ver=1773006267" "Mozilla/5.0 (Macintosh; Intel Mac OS X 10_15_7) AppleWebKit/537.36 (KHTML, like Gecko) Chrome/145.0.0.0 Safari/537.36"
80.187.67.145 - - [08/Mar/2026:22:44:28 +0100] "GET /wp-content/plugins/elementor/assets/css/widget-nested-tabs.min.css?ver=3.35.6 HTTP/1.0" 304 3927 "https://halkfinanz.inglory.de/?elementor_library=footer&elementor-preview=20&ver=1773006267" "Mozilla/5.0 (Macintosh; Intel Mac OS X 10_15_7) AppleWebKit/537.36 (KHTML, like Gecko) Chrome/145.0.0.0 Safari/537.36"
80.187.67.145 - - [08/Mar/2026:22:44:28 +0100] "GET /wp-content/plugins/elementor/assets/css/widget-google_maps.min.css?ver=3.35.6 HTTP/1.0" 304 3926 "https://halkfinanz.inglory.de/?elementor_library=footer&elementor-preview=20&ver=1773006267" "Mozilla/5.0 (Macintosh; Intel Mac OS X 10_15_7) AppleWebKit/537.36 (KHTML, like Gecko) Chrome/145.0.0.0 Safari/537.36"
94.130.90.54 - - [08/Mar/2026:22:44:28 +0100] "GET /wp-content/plugins/elementor-pro/assets/css/widget-slides.min.css?ver=3.35.1 HTTP/1.1" 304 3411 "https://halkfinanz.inglory.de/?elementor_library=footer&elementor-preview=20&ver=1773006267" "Serf/1.3.9 (mod_pagespeed/1.13.35.2-0)"
80.187.67.145 - - [08/Mar/2026:22:44:28 +0100] "GET /wp-content/plugins/elementor/assets/css/widget-star-rating.min.css?ver=3.35.6 HTTP/1.0" 304 3927 "https://halkfinanz.inglory.de/?elementor_library=footer&elementor-preview=20&ver=1773006267" "Mozilla/5.0 (Macintosh; Intel Mac OS X 10_15_7) AppleWebKit/537.36 (KHTML, like Gecko) Chrome/145.0.0.0 Safari/537.36"
80.187.67.145 - - [08/Mar/2026:22:44:28 +0100] "GET /wp-content/plugins/elementor/assets/css/widget-image-gallery.min.css?ver=3.35.6 HTTP/1.0" 304 3926 "https://halkfinanz.inglory.de/?elementor_library=footer&elementor-preview=20&ver=1773006267" "Mozilla/5.0 (Macintosh; Intel Mac OS X 10_15_7) AppleWebKit/537.36 (KHTML, like Gecko) Chrome/145.0.0.0 Safari/537.36"
80.187.67.145 - - [08/Mar/2026:22:44:28 +0100] "GET /wp-content/plugins/elementor/assets/css/widget-testimonial.min.css?ver=3.35.6 HTTP/1.0" 304 3926 "https://halkfinanz.inglory.de/?elementor_library=footer&elementor-preview=20&ver=1773006267" "Mozilla/5.0 (Macintosh; Intel Mac OS X 10_15_7) AppleWebKit/537.36 (KHTML, like Gecko) Chrome/145.0.0.0 Safari/537.36"
80.187.67.145 - - [08/Mar/2026:22:44:28 +0100] "GET /wp-content/plugins/elementor/assets/css/widget-progress.min.css?ver=3.35.6 HTTP/1.0" 304 3926 "https://halkfinanz.inglory.de/?elementor_library=footer&elementor-preview=20&ver=1773006267" "Mozilla/5.0 (Macintosh; Intel Mac OS X 10_15_7) AppleWebKit/537.36 (KHTML, like Gecko) Chrome/145.0.0.0 Safari/537.36"
80.187.67.145 - - [08/Mar/2026:22:44:28 +0100] "GET /wp-content/plugins/elementor/assets/css/widget-counter.min.css?ver=3.35.6 HTTP/1.0" 304 3926 "https://halkfinanz.inglory.de/?elementor_library=footer&elementor-preview=20&ver=1773006267" "Mozilla/5.0 (Macintosh; Intel Mac OS X 10_15_7) AppleWebKit/537.36 (KHTML, like Gecko) Chrome/145.0.0.0 Safari/537.36"
94.130.90.54 - - [08/Mar/2026:22:44:28 +0100] "GET /wp-content/plugins/elementor-pro/assets/css/widget-animated-headline.min.css?ver=3.35.1 HTTP/1.1" 304 3412 "https://halkfinanz.inglory.de/?elementor_library=footer&elementor-preview=20&ver=1773006267" "Serf/1.3.9 (mod_pagespeed/1.13.35.2-0)"
80.187.67.145 - - [08/Mar/2026:22:44:28 +0100] "GET /wp-content/plugins/elementor/assets/css/widget-tabs.min.css?ver=3.35.6 HTTP/1.0" 304 3927 "https://halkfinanz.inglory.de/?elementor_library=footer&elementor-preview=20&ver=1773006267" "Mozilla/5.0 (Macintosh; Intel Mac OS X 10_15_7) AppleWebKit/537.36 (KHTML, like Gecko) Chrome/145.0.0.0 Safari/537.36"
80.187.67.145 - - [08/Mar/2026:22:44:28 +0100] "GET /wp-content/plugins/elementor/assets/css/widget-accordion.min.css?ver=3.35.6 HTTP/1.0" 304 3926 "https://halkfinanz.inglory.de/?elementor_library=footer&elementor-preview=20&ver=1773006267" "Mozilla/5.0 (Macintosh; Intel Mac OS X 10_15_7) AppleWebKit/537.36 (KHTML, like Gecko) Chrome/145.0.0.0 Safari/537.36"
80.187.67.145 - - [08/Mar/2026:22:44:28 +0100] "GET /wp-content/plugins/elementor/assets/css/widget-toggle.min.css?ver=3.35.6 HTTP/1.0" 304 3926 "https://halkfinanz.inglory.de/?elementor_library=footer&elementor-preview=20&ver=1773006267" "Mozilla/5.0 (Macintosh; Intel Mac OS X 10_15_7) AppleWebKit/537.36 (KHTML, like Gecko) Chrome/145.0.0.0 Safari/537.36"
80.187.67.145 - - [08/Mar/2026:22:44:28 +0100] "GET /wp-content/plugins/elementor/assets/css/widget-menu-anchor.min.css?ver=3.35.6 HTTP/1.0" 304 3925 "https://halkfinanz.inglory.de/?elementor_library=footer&elementor-preview=20&ver=1773006267" "Mozilla/5.0 (Macintosh; Intel Mac OS X 10_15_7) AppleWebKit/537.36 (KHTML, like Gecko) Chrome/145.0.0.0 Safari/537.36"
94.130.90.54 - - [08/Mar/2026:22:44:28 +0100] "GET /wp-content/plugins/elementor-pro/assets/css/widget-hotspot.min.css?ver=3.35.1 HTTP/1.1" 304 3412 "https://halkfinanz.inglory.de/?elementor_library=footer&elementor-preview=20&ver=1773006267" "Serf/1.3.9 (mod_pagespeed/1.13.35.2-0)"
80.187.67.145 - - [08/Mar/2026:22:44:28 +0100] "GET /wp-content/plugins/elementor/assets/css/widget-social-icons.min.css?ver=3.35.6 HTTP/1.0" 304 3927 "https://halkfinanz.inglory.de/?elementor_library=footer&elementor-preview=20&ver=1773006267" "Mozilla/5.0 (Macintosh; Intel Mac OS X 10_15_7) AppleWebKit/537.36 (KHTML, like Gecko) Chrome/145.0.0.0 Safari/537.36"
80.187.67.145 - - [08/Mar/2026:22:44:28 +0100] "GET /wp-content/plugins/elementor-pro/assets/css/widget-post-navigation.min.css?ver=3.35.1 HTTP/1.0" 200 4657 "https://halkfinanz.inglory.de/?elementor_library=footer&elementor-preview=20&ver=1773006267" "Mozilla/5.0 (Macintosh; Intel Mac OS X 10_15_7) AppleWebKit/537.36 (KHTML, like Gecko) Chrome/145.0.0.0 Safari/537.36"
80.187.67.145 - - [08/Mar/2026:22:44:28 +0100] "GET /wp-content/plugins/elementor/assets/css/conditionals/apple-webkit.min.css?ver=3.35.6 HTTP/1.0" 304 3927 "https://halkfinanz.inglory.de/?elementor_library=footer&elementor-preview=20&ver=1773006267" "Mozilla/5.0 (Macintosh; Intel Mac OS X 10_15_7) AppleWebKit/537.36 (KHTML, like Gecko) Chrome/145.0.0.0 Safari/537.36"
94.130.90.54 - - [08/Mar/2026:22:44:28 +0100] "GET /wp-content/plugins/elementor-pro/assets/css/widget-price-list.min.css?ver=3.35.1 HTTP/1.1" 304 3411 "https://halkfinanz.inglory.de/?elementor_library=footer&elementor-preview=20&ver=1773006267" "Serf/1.3.9 (mod_pagespeed/1.13.35.2-0)"
80.187.67.145 - - [08/Mar/2026:22:44:28 +0100] "GET /wp-content/plugins/elementor/assets/css/widget-alert.min.css?ver=3.35.6 HTTP/1.0" 304 3926 "https://halkfinanz.inglory.de/?elementor_library=footer&elementor-preview=20&ver=1773006267" "Mozilla/5.0 (Macintosh; Intel Mac OS X 10_15_7) AppleWebKit/537.36 (KHTML, like Gecko) Chrome/145.0.0.0 Safari/537.36"
80.187.67.145 - - [08/Mar/2026:22:44:28 +0100] "GET /wp-content/plugins/elementor-pro/assets/css/widget-loop-carousel.min.css?ver=3.35.1 HTTP/1.0" 304 3927 "https://halkfinanz.inglory.de/?elementor_library=footer&elementor-preview=20&ver=1773006267" "Mozilla/5.0 (Macintosh; Intel Mac OS X 10_15_7) AppleWebKit/537.36 (KHTML, like Gecko) Chrome/145.0.0.0 Safari/537.36"
80.187.67.145 - - [08/Mar/2026:22:44:28 +0100] "GET /wp-content/plugins/elementor/assets/css/widget-text-path.min.css?ver=3.35.6 HTTP/1.0" 304 3926 "https://halkfinanz.inglory.de/?elementor_library=footer&elementor-preview=20&ver=1773006267" "Mozilla/5.0 (Macintosh; Intel Mac OS X 10_15_7) AppleWebKit/537.36 (KHTML, like Gecko) Chrome/145.0.0.0 Safari/537.36"
80.187.67.145 - - [08/Mar/2026:22:44:28 +0100] "GET /wp-content/plugins/elementor/assets/css/widget-contact-buttons-base.min.css?ver=3.35.6 HTTP/1.0" 304 3927 "https://halkfinanz.inglory.de/?elementor_library=footer&elementor-preview=20&ver=1773006267" "Mozilla/5.0 (Macintosh; Intel Mac OS X 10_15_7) AppleWebKit/537.36 (KHTML, like Gecko) Chrome/145.0.0.0 Safari/537.36"
80.187.67.145 - - [08/Mar/2026:22:44:28 +0100] "GET /wp-content/plugins/elementor/assets/css/widget-link-in-bio-base.min.css?ver=3.35.6 HTTP/1.0" 304 3927 "https://halkfinanz.inglory.de/?elementor_library=footer&elementor-preview=20&ver=1773006267" "Mozilla/5.0 (Macintosh; Intel Mac OS X 10_15_7) AppleWebKit/537.36 (KHTML, like Gecko) Chrome/145.0.0.0 Safari/537.36"
94.130.90.54 - - [08/Mar/2026:22:44:28 +0100] "GET /wp-content/plugins/elementor-pro/assets/css/widget-price-table.min.css?ver=3.35.1 HTTP/1.1" 304 3411 "https://halkfinanz.inglory.de/?elementor_library=footer&elementor-preview=20&ver=1773006267" "Serf/1.3.9 (mod_pagespeed/1.13.35.2-0)"
80.187.67.145 - - [08/Mar/2026:22:44:28 +0100] "GET /wp-content/plugins/elementor/assets/css/widget-floating-bars-base.min.css?ver=3.35.6 HTTP/1.0" 304 3927 "https://halkfinanz.inglory.de/?elementor_library=footer&elementor-preview=20&ver=1773006267" "Mozilla/5.0 (Macintosh; Intel Mac OS X 10_15_7) AppleWebKit/537.36 (KHTML, like Gecko) Chrome/145.0.0.0 Safari/537.36"
80.187.67.145 - - [08/Mar/2026:22:44:28 +0100] "GET /wp-content/plugins/elementor-pro/assets/css/widget-loop-grid.min.css?ver=3.35.1 HTTP/1.0" 304 3927 "https://halkfinanz.inglory.de/?elementor_library=footer&elementor-preview=20&ver=1773006267" "Mozilla/5.0 (Macintosh; Intel Mac OS X 10_15_7) AppleWebKit/537.36 (KHTML, like Gecko) Chrome/145.0.0.0 Safari/537.36"
80.187.67.145 - - [08/Mar/2026:22:44:28 +0100] "GET /wp-content/plugins/elementor-pro/assets/css/widget-loop-common.min.css?ver=3.35.1 HTTP/1.0" 304 3925 "https://halkfinanz.inglory.de/?elementor_library=footer&elementor-preview=20&ver=1773006267" "Mozilla/5.0 (Macintosh; Intel Mac OS X 10_15_7) AppleWebKit/537.36 (KHTML, like Gecko) Chrome/145.0.0.0 Safari/537.36"
80.187.67.145 - - [08/Mar/2026:22:44:28 +0100] "GET /wp-content/plugins/elementor-pro/assets/css/widget-off-canvas.min.css?ver=3.35.1 HTTP/1.0" 304 3926 "https://halkfinanz.inglory.de/?elementor_library=footer&elementor-preview=20&ver=1773006267" "Mozilla/5.0 (Macintosh; Intel Mac OS X 10_15_7) AppleWebKit/537.36 (KHTML, like Gecko) Chrome/145.0.0.0 Safari/537.36"
80.187.67.145 - - [08/Mar/2026:22:44:28 +0100] "GET /wp-content/plugins/elementor-pro/assets/css/widget-posts.min.css?ver=3.35.1 HTTP/1.0" 304 3927 "https://halkfinanz.inglory.de/?elementor_library=footer&elementor-preview=20&ver=1773006267" "Mozilla/5.0 (Macintosh; Intel Mac OS X 10_15_7) AppleWebKit/537.36 (KHTML, like Gecko) Chrome/145.0.0.0 Safari/537.36"
80.187.67.145 - - [08/Mar/2026:22:44:28 +0100] "GET /wp-content/plugins/elementor-pro/assets/css/widget-gallery.min.css?ver=3.35.1 HTTP/1.0" 200 5299 "https://halkfinanz.inglory.de/?elementor_library=footer&elementor-preview=20&ver=1773006267" "Mozilla/5.0 (Macintosh; Intel Mac OS X 10_15_7) AppleWebKit/537.36 (KHTML, like Gecko) Chrome/145.0.0.0 Safari/537.36"
80.187.67.145 - - [08/Mar/2026:22:44:28 +0100] "GET /wp-content/plugins/elementor-pro/assets/css/conditionals/transitions.min.css?ver=3.35.1 HTTP/1.0" 200 4807 "https://halkfinanz.inglory.de/?elementor_library=footer&elementor-preview=20&ver=1773006267" "Mozilla/5.0 (Macintosh; Intel Mac OS X 10_15_7) AppleWebKit/537.36 (KHTML, like Gecko) Chrome/145.0.0.0 Safari/537.36"
80.187.67.145 - - [08/Mar/2026:22:44:28 +0100] "GET /wp-content/plugins/elementor-pro/assets/css/widget-slides.min.css?ver=3.35.1 HTTP/1.0" 200 4815 "https://halkfinanz.inglory.de/?elementor_library=footer&elementor-preview=20&ver=1773006267" "Mozilla/5.0 (Macintosh; Intel Mac OS X 10_15_7) AppleWebKit/537.36 (KHTML, like Gecko) Chrome/145.0.0.0 Safari/537.36"
94.130.90.54 - - [08/Mar/2026:22:44:28 +0100] "GET /wp-content/plugins/elementor-pro/assets/css/widget-flip-box.min.css?ver=3.35.1 HTTP/1.1" 304 3412 "https://halkfinanz.inglory.de/?elementor_library=footer&elementor-preview=20&ver=1773006267" "Serf/1.3.9 (mod_pagespeed/1.13.35.2-0)"
80.187.67.145 - - [08/Mar/2026:22:44:28 +0100] "GET /wp-content/plugins/elementor/assets/lib/font-awesome/css/regular.min.css?ver=5.15.3 HTTP/1.0" 304 3926 "https://halkfinanz.inglory.de/?elementor_library=footer&elementor-preview=20&ver=1773006267" "Mozilla/5.0 (Macintosh; Intel Mac OS X 10_15_7) AppleWebKit/537.36 (KHTML, like Gecko) Chrome/145.0.0.0 Safari/537.36"
80.187.67.145 - - [08/Mar/2026:22:44:28 +0100] "GET /wp-content/plugins/elementor-pro/assets/css/widget-call-to-action.min.css?ver=3.35.1 HTTP/1.0" 200 5419 "https://halkfinanz.inglory.de/?elementor_library=footer&elementor-preview=20&ver=1773006267" "Mozilla/5.0 (Macintosh; Intel Mac OS X 10_15_7) AppleWebKit/537.36 (KHTML, like Gecko) Chrome/145.0.0.0 Safari/537.36"
80.187.67.145 - - [08/Mar/2026:22:44:28 +0100] "GET /wp-content/plugins/elementor/assets/lib/e-gallery/css/e-gallery.min.css?ver=1.2.0 HTTP/1.0" 200 5039 "https://halkfinanz.inglory.de/?elementor_library=footer&elementor-preview=20&ver=1773006267" "Mozilla/5.0 (Macintosh; Intel Mac OS X 10_15_7) AppleWebKit/537.36 (KHTML, like Gecko) Chrome/145.0.0.0 Safari/537.36"
80.187.67.145 - - [08/Mar/2026:22:44:28 +0100] "GET /wp-content/plugins/elementor-pro/assets/css/widget-login.min.css?ver=3.35.1 HTTP/1.0" 200 4306 "https://halkfinanz.inglory.de/?elementor_library=footer&elementor-preview=20&ver=1773006267" "Mozilla/5.0 (Macintosh; Intel Mac OS X 10_15_7) AppleWebKit/537.36 (KHTML, like Gecko) Chrome/145.0.0.0 Safari/537.36"
94.130.90.54 - - [08/Mar/2026:22:44:28 +0100] "GET /wp-content/plugins/elementor-pro/assets/css/widget-call-to-action.min.css?ver=3.35.1 HTTP/1.1" 304 3412 "https://halkfinanz.inglory.de/?elementor_library=footer&elementor-preview=20&ver=1773006267" "Serf/1.3.9 (mod_pagespeed/1.13.35.2-0)"
80.187.67.145 - - [08/Mar/2026:22:44:28 +0100] "GET /wp-content/plugins/elementor-pro/assets/css/widget-price-table.min.css?ver=3.35.1 HTTP/1.0" 200 4966 "https://halkfinanz.inglory.de/?elementor_library=footer&elementor-preview=20&ver=1773006267" "Mozilla/5.0 (Macintosh; Intel Mac OS X 10_15_7) AppleWebKit/537.36 (KHTML, like Gecko) Chrome/145.0.0.0 Safari/537.36"
80.187.67.145 - - [08/Mar/2026:22:44:28 +0100] "GET /wp-content/plugins/elementor-pro/assets/css/widget-animated-headline.min.css?ver=3.35.1 HTTP/1.0" 200 5881 "https://halkfinanz.inglory.de/?elementor_library=footer&elementor-preview=20&ver=1773006267" "Mozilla/5.0 (Macintosh; Intel Mac OS X 10_15_7) AppleWebKit/537.36 (KHTML, like Gecko) Chrome/145.0.0.0 Safari/537.36"
80.187.67.145 - - [08/Mar/2026:22:44:28 +0100] "GET /wp-content/plugins/elementor-pro/assets/css/widget-media-carousel.min.css?ver=3.35.1 HTTP/1.0" 200 4551 "https://halkfinanz.inglory.de/?elementor_library=footer&elementor-preview=20&ver=1773006267" "Mozilla/5.0 (Macintosh; Intel Mac OS X 10_15_7) AppleWebKit/537.36 (KHTML, like Gecko) Chrome/145.0.0.0 Safari/537.36"
80.187.67.145 - - [08/Mar/2026:22:44:28 +0100] "GET /wp-content/plugins/elementor-pro/assets/css/widget-hotspot.min.css?ver=3.35.1 HTTP/1.0" 200 5504 "https://halkfinanz.inglory.de/?elementor_library=footer&elementor-preview=20&ver=1773006267" "Mozilla/5.0 (Macintosh; Intel Mac OS X 10_15_7) AppleWebKit/537.36 (KHTML, like Gecko) Chrome/145.0.0.0 Safari/537.36"
80.187.67.145 - - [08/Mar/2026:22:44:28 +0100] "GET /wp-content/plugins/elementor-pro/assets/css/widget-price-list.min.css?ver=3.35.1 HTTP/1.0" 200 4656 "https://halkfinanz.inglory.de/?elementor_library=footer&elementor-preview=20&ver=1773006267" "Mozilla/5.0 (Macintosh; Intel Mac OS X 10_15_7) AppleWebKit/537.36 (KHTML, like Gecko) Chrome/145.0.0.0 Safari/537.36"
80.187.67.145 - - [08/Mar/2026:22:44:28 +0100] "GET /wp-content/plugins/elementor-pro/assets/css/widget-table-of-contents.min.css?ver=3.35.1 HTTP/1.0" 200 5027 "https://halkfinanz.inglory.de/?elementor_library=footer&elementor-preview=20&ver=1773006267" "Mozilla/5.0 (Macintosh; Intel Mac OS X 10_15_7) AppleWebKit/537.36 (KHTML, like Gecko) Chrome/145.0.0.0 Safari/537.36"
80.187.67.145 - - [08/Mar/2026:22:44:28 +0100] "GET /wp-content/plugins/elementor-pro/assets/css/widget-testimonial-carousel.min.css?ver=3.35.1 HTTP/1.0" 200 5581 "https://halkfinanz.inglory.de/?elementor_library=footer&elementor-preview=20&ver=1773006267" "Mozilla/5.0 (Macintosh; Intel Mac OS X 10_15_7) AppleWebKit/537.36 (KHTML, like Gecko) Chrome/145.0.0.0 Safari/537.36"
80.187.67.145 - - [08/Mar/2026:22:44:28 +0100] "GET /wp-content/plugins/elementor-pro/assets/css/widget-search-form.min.css?ver=3.35.1 HTTP/1.0" 200 5143 "https://halkfinanz.inglory.de/?elementor_library=footer&elementor-preview=20&ver=1773006267" "Mozilla/5.0 (Macintosh; Intel Mac OS X 10_15_7) AppleWebKit/537.36 (KHTML, like Gecko) Chrome/145.0.0.0 Safari/537.36"
94.130.90.54 - - [08/Mar/2026:22:44:28 +0100] "GET /wp-content/plugins/elementor-pro/assets/css/widget-media-carousel.min.css?ver=3.35.1 HTTP/1.1" 304 3411 "https://halkfinanz.inglory.de/?elementor_library=footer&elementor-preview=20&ver=1773006267" "Serf/1.3.9 (mod_pagespeed/1.13.35.2-0)"
80.187.67.145 - - [08/Mar/2026:22:44:28 +0100] "GET /wp-content/plugins/elementor-pro/assets/css/widget-reviews.min.css?ver=3.35.1 HTTP/1.0" 200 5264 "https://halkfinanz.inglory.de/?elementor_library=footer&elementor-preview=20&ver=1773006267" "Mozilla/5.0 (Macintosh; Intel Mac OS X 10_15_7) AppleWebKit/537.36 (KHTML, like Gecko) Chrome/145.0.0.0 Safari/537.36"
80.187.67.145 - - [08/Mar/2026:22:44:28 +0100] "GET /wp-content/plugins/elementor-pro/assets/css/widget-flip-box.min.css?ver=3.35.1 HTTP/1.0" 200 5560 "https://halkfinanz.inglory.de/?elementor_library=footer&elementor-preview=20&ver=1773006267" "Mozilla/5.0 (Macintosh; Intel Mac OS X 10_15_7) AppleWebKit/537.36 (KHTML, like Gecko) Chrome/145.0.0.0 Safari/537.36"
80.187.67.145 - - [08/Mar/2026:22:44:28 +0100] "GET /wp-content/plugins/elementor-pro/assets/css/widget-countdown.min.css?ver=3.35.1 HTTP/1.0" 200 4418 "https://halkfinanz.inglory.de/?elementor_library=footer&elementor-preview=20&ver=1773006267" "Mozilla/5.0 (Macintosh; Intel Mac OS X 10_15_7) AppleWebKit/537.36 (KHTML, like Gecko) Chrome/145.0.0.0 Safari/537.36"
80.187.67.145 - - [08/Mar/2026:22:44:28 +0100] "GET /wp-content/plugins/elementor-pro/assets/css/widget-carousel-module-base.min.css?ver=3.35.1 HTTP/1.0" 200 4753 "https://halkfinanz.inglory.de/?elementor_library=footer&elementor-preview=20&ver=1773006267" "Mozilla/5.0 (Macintosh; Intel Mac OS X 10_15_7) AppleWebKit/537.36 (KHTML, like Gecko) Chrome/145.0.0.0 Safari/537.36"
80.187.67.145 - - [08/Mar/2026:22:44:28 +0100] "GET /wp-content/plugins/elementor-pro/assets/css/widget-post-info.min.css?ver=3.35.1 HTTP/1.0" 200 4282 "https://halkfinanz.inglory.de/?elementor_library=footer&elementor-preview=20&ver=1773006267" "Mozilla/5.0 (Macintosh; Intel Mac OS X 10_15_7) AppleWebKit/537.36 (KHTML, like Gecko) Chrome/145.0.0.0 Safari/537.36"
94.130.90.54 - - [08/Mar/2026:22:44:28 +0100] "GET /wp-content/plugins/elementor-pro/assets/css/widget-carousel-module-base.min.css?ver=3.35.1 HTTP/1.1" 304 3411 "https://halkfinanz.inglory.de/?elementor_library=footer&elementor-preview=20&ver=1773006267" "Serf/1.3.9 (mod_pagespeed/1.13.35.2-0)"
80.187.67.145 - - [08/Mar/2026:22:44:28 +0100] "GET /wp-content/plugins/elementor-pro/assets/css/widget-sitemap.min.css?ver=3.35.1 HTTP/1.0" 200 4186 "https://halkfinanz.inglory.de/?elementor_library=footer&elementor-preview=20&ver=1773006267" "Mozilla/5.0 (Macintosh; Intel Mac OS X 10_15_7) AppleWebKit/537.36 (KHTML, like Gecko) Chrome/145.0.0.0 Safari/537.36"
80.187.67.145 - - [08/Mar/2026:22:44:28 +0100] "GET /wp-content/plugins/elementor-pro/assets/css/widget-video-playlist.min.css?ver=3.35.1 HTTP/1.0" 200 6023 "https://halkfinanz.inglory.de/?elementor_library=footer&elementor-preview=20&ver=1773006267" "Mozilla/5.0 (Macintosh; Intel Mac OS X 10_15_7) AppleWebKit/537.36 (KHTML, like Gecko) Chrome/145.0.0.0 Safari/537.36"
94.130.90.54 - - [08/Mar/2026:22:44:28 +0100] "GET /wp-content/plugins/elementor-pro/assets/css/widget-testimonial-carousel.min.css?ver=3.35.1 HTTP/1.1" 304 3412 "https://halkfinanz.inglory.de/?elementor_library=footer&elementor-preview=20&ver=1773006267" "Serf/1.3.9 (mod_pagespeed/1.13.35.2-0)"
80.187.67.145 - - [08/Mar/2026:22:44:28 +0100] "GET /wp-content/plugins/elementor-pro/assets/css/preview.min.css?ver=3.35.1 HTTP/1.0" 200 5495 "https://halkfinanz.inglory.de/?elementor_library=footer&elementor-preview=20&ver=1773006267" "Mozilla/5.0 (Macintosh; Intel Mac OS X 10_15_7) AppleWebKit/537.36 (KHTML, like Gecko) Chrome/145.0.0.0 Safari/537.36"
80.187.67.145 - - [08/Mar/2026:22:44:28 +0100] "GET /wp-content/plugins/elementor-pro/assets/css/widget-author-box.min.css?ver=3.35.1 HTTP/1.0" 200 4632 "https://halkfinanz.inglory.de/?elementor_library=footer&elementor-preview=20&ver=1773006267" "Mozilla/5.0 (Macintosh; Intel Mac OS X 10_15_7) AppleWebKit/537.36 (KHTML, like Gecko) Chrome/145.0.0.0 Safari/537.36"
80.187.67.145 - - [08/Mar/2026:22:44:28 +0100] "GET /wp-content/plugins/elementor-pro/assets/css/widget-share-buttons.min.css?ver=3.35.1 HTTP/1.0" 200 6412 "https://halkfinanz.inglory.de/?elementor_library=footer&elementor-preview=20&ver=1773006267" "Mozilla/5.0 (Macintosh; Intel Mac OS X 10_15_7) AppleWebKit/537.36 (KHTML, like Gecko) Chrome/145.0.0.0 Safari/537.36"
80.187.67.145 - - [08/Mar/2026:22:44:28 +0100] "GET /wp-content/plugins/elementor-pro/assets/css/widget-social.min.css?ver=3.35.1 HTTP/1.0" 200 4253 "https://halkfinanz.inglory.de/?elementor_library=footer&elementor-preview=20&ver=1773006267" "Mozilla/5.0 (Macintosh; Intel Mac OS X 10_15_7) AppleWebKit/537.36 (KHTML, like Gecko) Chrome/145.0.0.0 Safari/537.36"
80.187.67.145 - - [08/Mar/2026:22:44:28 +0100] "GET /wp-content/plugins/elementor-pro/assets/css/widget-code-highlight.min.css?ver=3.35.1 HTTP/1.0" 200 7283 "https://halkfinanz.inglory.de/?elementor_library=footer&elementor-preview=20&ver=1773006267" "Mozilla/5.0 (Macintosh; Intel Mac OS X 10_15_7) AppleWebKit/537.36 (KHTML, like Gecko) Chrome/145.0.0.0 Safari/537.36"
80.187.67.145 - - [08/Mar/2026:22:44:28 +0100] "GET /wp-content/plugins/elementor-pro/assets/css/widget-blockquote.min.css?ver=3.35.1 HTTP/1.0" 200 5206 "https://halkfinanz.inglory.de/?elementor_library=footer&elementor-preview=20&ver=1773006267" "Mozilla/5.0 (Macintosh; Intel Mac OS X 10_15_7) AppleWebKit/537.36 (KHTML, like Gecko) Chrome/145.0.0.0 Safari/537.36"
94.130.90.54 - - [08/Mar/2026:22:44:28 +0100] "GET /wp-content/plugins/elementor-pro/assets/css/widget-reviews.min.css?ver=3.35.1 HTTP/1.1" 304 3412 "https://halkfinanz.inglory.de/?elementor_library=footer&elementor-preview=20&ver=1773006267" "Serf/1.3.9 (mod_pagespeed/1.13.35.2-0)"
