94.130.90.54 - - [09/Mar/2026:09:16:44 +0100] "GET /wp-content/plugins/elementor/assets/css/widget-contact-buttons-var-3.min.css?ver=3.35.6 HTTP/1.1" 200 15457 "https://halkfinanz.inglory.de/?elementor-preview=16&ver=1773044195" "Serf/1.3.9 (mod_pagespeed/1.13.35.2-0)"
103.164.254.165 - - [09/Mar/2026:09:16:44 +0100] "GET /wp-content/plugins/elementor/assets/css/widget-contact-buttons-var-3.min.css,qver=3.35.6.pagespeed.ce.4GKRMekiB3.css HTTP/1.0" 200 5469 "https://halkfinanz.inglory.de/?elementor-preview=16&ver=1773044195" "Mozilla/5.0 (Macintosh; Intel Mac OS X 10_15_7) AppleWebKit/537.36 (KHTML, like Gecko) Chrome/145.0.0.0 Safari/537.36"
94.130.90.54 - - [09/Mar/2026:09:16:44 +0100] "GET /wp-content/plugins/elementor/assets/css/widget-contact-buttons-var-4.min.css?ver=3.35.6 HTTP/1.1" 200 11557 "https://halkfinanz.inglory.de/?elementor-preview=16&ver=1773044195" "Serf/1.3.9 (mod_pagespeed/1.13.35.2-0)"
103.164.254.165 - - [09/Mar/2026:09:16:44 +0100] "GET /wp-content/plugins/elementor/assets/css/widget-contact-buttons-var-4.min.css,qver=3.35.6.pagespeed.ce.MLx4dyFfEi.css HTTP/1.0" 200 5255 "https://halkfinanz.inglory.de/?elementor-preview=16&ver=1773044195" "Mozilla/5.0 (Macintosh; Intel Mac OS X 10_15_7) AppleWebKit/537.36 (KHTML, like Gecko) Chrome/145.0.0.0 Safari/537.36"
94.130.90.54 - - [09/Mar/2026:09:16:44 +0100] "GET /wp-content/plugins/elementor/assets/css/widget-contact-buttons-var-6.min.css?ver=3.35.6 HTTP/1.1" 200 6795 "https://halkfinanz.inglory.de/?elementor-preview=16&ver=1773044195" "Serf/1.3.9 (mod_pagespeed/1.13.35.2-0)"
103.164.254.165 - - [09/Mar/2026:09:16:44 +0100] "GET /wp-content/plugins/elementor/assets/css/widget-contact-buttons-var-6.min.css,qver=3.35.6.pagespeed.ce.tiEb_59NIR.css HTTP/1.0" 200 4651 "https://halkfinanz.inglory.de/?elementor-preview=16&ver=1773044195" "Mozilla/5.0 (Macintosh; Intel Mac OS X 10_15_7) AppleWebKit/537.36 (KHTML, like Gecko) Chrome/145.0.0.0 Safari/537.36"
94.130.90.54 - - [09/Mar/2026:09:16:45 +0100] "GET /wp-content/plugins/elementor/assets/css/widget-contact-buttons-var-7.min.css?ver=3.35.6 HTTP/1.1" 200 5944 "https://halkfinanz.inglory.de/?elementor-preview=16&ver=1773044195" "Serf/1.3.9 (mod_pagespeed/1.13.35.2-0)"
103.164.254.165 - - [09/Mar/2026:09:16:45 +0100] "GET /wp-content/plugins/elementor/assets/css/widget-contact-buttons-var-7.min.css,qver=3.35.6.pagespeed.ce.pxk6sskLrr.css HTTP/1.0" 200 4612 "https://halkfinanz.inglory.de/?elementor-preview=16&ver=1773044195" "Mozilla/5.0 (Macintosh; Intel Mac OS X 10_15_7) AppleWebKit/537.36 (KHTML, like Gecko) Chrome/145.0.0.0 Safari/537.36"
94.130.90.54 - - [09/Mar/2026:09:16:45 +0100] "GET /wp-content/plugins/elementor/assets/css/widget-contact-buttons-var-8.min.css?ver=3.35.6 HTTP/1.1" 200 9073 "https://halkfinanz.inglory.de/?elementor-preview=16&ver=1773044195" "Serf/1.3.9 (mod_pagespeed/1.13.35.2-0)"
103.164.254.165 - - [09/Mar/2026:09:16:45 +0100] "GET /wp-content/plugins/elementor/assets/css/widget-contact-buttons-var-8.min.css,qver=3.35.6.pagespeed.ce.81SY5cly3g.css HTTP/1.0" 200 5093 "https://halkfinanz.inglory.de/?elementor-preview=16&ver=1773044195" "Mozilla/5.0 (Macintosh; Intel Mac OS X 10_15_7) AppleWebKit/537.36 (KHTML, like Gecko) Chrome/145.0.0.0 Safari/537.36"
94.130.90.54 - - [09/Mar/2026:09:16:45 +0100] "GET /wp-content/plugins/elementor/assets/css/widget-contact-buttons-var-10.min.css?ver=3.35.6 HTTP/1.1" 200 13151 "https://halkfinanz.inglory.de/?elementor-preview=16&ver=1773044195" "Serf/1.3.9 (mod_pagespeed/1.13.35.2-0)"
94.130.90.54 - - [09/Mar/2026:09:16:45 +0100] "GET /wp-content/plugins/elementor/assets/css/widget-contact-buttons-var-9.min.css?ver=3.35.6 HTTP/1.1" 200 13042 "https://halkfinanz.inglory.de/?elementor-preview=16&ver=1773044195" "Serf/1.3.9 (mod_pagespeed/1.13.35.2-0)"
103.164.254.165 - - [09/Mar/2026:09:16:45 +0100] "GET /wp-content/plugins/elementor/assets/css/widget-contact-buttons-var-10.min.css,qver=3.35.6.pagespeed.ce.NgG9W80GYo.css HTTP/1.0" 200 5174 "https://halkfinanz.inglory.de/?elementor-preview=16&ver=1773044195" "Mozilla/5.0 (Macintosh; Intel Mac OS X 10_15_7) AppleWebKit/537.36 (KHTML, like Gecko) Chrome/145.0.0.0 Safari/537.36"
103.164.254.165 - - [09/Mar/2026:09:16:45 +0100] "GET /wp-content/plugins/elementor/assets/css/widget-contact-buttons-var-9.min.css,qver=3.35.6.pagespeed.ce.u1xty37MLS.css HTTP/1.0" 200 5126 "https://halkfinanz.inglory.de/?elementor-preview=16&ver=1773044195" "Mozilla/5.0 (Macintosh; Intel Mac OS X 10_15_7) AppleWebKit/537.36 (KHTML, like Gecko) Chrome/145.0.0.0 Safari/537.36"
94.130.90.54 - - [09/Mar/2026:09:16:45 +0100] "GET /wp-content/plugins/elementor/assets/css/widget-floating-bars-var-2.min.css?ver=3.35.6 HTTP/1.1" 200 8802 "https://halkfinanz.inglory.de/?elementor-preview=16&ver=1773044195" "Serf/1.3.9 (mod_pagespeed/1.13.35.2-0)"
103.164.254.165 - - [09/Mar/2026:09:16:45 +0100] "GET /wp-content/plugins/elementor/assets/css/widget-floating-bars-var-2.min.css,qver=3.35.6.pagespeed.ce.GeTxGS2-Oz.css HTTP/1.0" 200 5083 "https://halkfinanz.inglory.de/?elementor-preview=16&ver=1773044195" "Mozilla/5.0 (Macintosh; Intel Mac OS X 10_15_7) AppleWebKit/537.36 (KHTML, like Gecko) Chrome/145.0.0.0 Safari/537.36"
94.130.90.54 - - [09/Mar/2026:09:16:45 +0100] "GET /wp-content/plugins/elementor/assets/css/widget-floating-bars-var-3.min.css?ver=3.35.6 HTTP/1.1" 200 8499 "https://halkfinanz.inglory.de/?elementor-preview=16&ver=1773044195" "Serf/1.3.9 (mod_pagespeed/1.13.35.2-0)"
103.164.254.165 - - [09/Mar/2026:09:16:45 +0100] "GET /wp-content/plugins/elementor/assets/css/widget-floating-bars-var-3.min.css,qver=3.35.6.pagespeed.ce.IO20248FGF.css HTTP/1.0" 200 5012 "https://halkfinanz.inglory.de/?elementor-preview=16&ver=1773044195" "Mozilla/5.0 (Macintosh; Intel Mac OS X 10_15_7) AppleWebKit/537.36 (KHTML, like Gecko) Chrome/145.0.0.0 Safari/537.36"
94.130.90.54 - - [09/Mar/2026:09:16:45 +0100] "GET /wp-content/plugins/elementor-pro/assets/css/widget-search.min.css?ver=3.35.1 HTTP/1.1" 200 17016 "https://halkfinanz.inglory.de/?elementor-preview=16&ver=1773044195" "Serf/1.3.9 (mod_pagespeed/1.13.35.2-0)"
103.164.254.165 - - [09/Mar/2026:09:16:45 +0100] "GET /wp-content/plugins/elementor/assets/lib/e-select2/css/e-select2.min.css,qver=4.0.6-rc.1.pagespeed.ce.6aaIXMUpPr.css HTTP/1.0" 200 6150 "https://halkfinanz.inglory.de/?elementor-preview=16&ver=1773044195" "Mozilla/5.0 (Macintosh; Intel Mac OS X 10_15_7) AppleWebKit/537.36 (KHTML, like Gecko) Chrome/145.0.0.0 Safari/537.36"
103.164.254.165 - - [09/Mar/2026:09:16:45 +0100] "GET /wp-content/plugins/elementor-pro/assets/css/A.widget-search.min.css,qver=3.35.1.pagespeed.cf.qLwqjUQDlZ.css HTTP/1.0" 200 6258 "https://halkfinanz.inglory.de/?elementor-preview=16&ver=1773044195" "Mozilla/5.0 (Macintosh; Intel Mac OS X 10_15_7) AppleWebKit/537.36 (KHTML, like Gecko) Chrome/145.0.0.0 Safari/537.36"
103.164.254.165 - - [09/Mar/2026:09:16:46 +0100] "GET /wp-content/plugins/elementor/assets/css/A.editor-preview.min.css,qver=3.35.6.pagespeed.cf.g5H8nkQtwK.css HTTP/1.0" 200 20489 "https://halkfinanz.inglory.de/?elementor-preview=16&ver=1773044195" "Mozilla/5.0 (Macintosh; Intel Mac OS X 10_15_7) AppleWebKit/537.36 (KHTML, like Gecko) Chrome/145.0.0.0 Safari/537.36"
103.164.254.165 - - [09/Mar/2026:09:16:46 +0100] "GET /wp-includes/js/mediaelement/mediaelementplayer-legacy.min.css,qver=4.2.17.pagespeed.ce.Kw3X7s6gO0.css HTTP/1.0" 200 6783 "https://halkfinanz.inglory.de/?elementor-preview=16&ver=1773044195" "Mozilla/5.0 (Macintosh; Intel Mac OS X 10_15_7) AppleWebKit/537.36 (KHTML, like Gecko) Chrome/145.0.0.0 Safari/537.36"
103.164.254.165 - - [09/Mar/2026:09:16:46 +0100] "GET /wp-includes/js/mediaelement/wp-mediaelement.min.css,qver=6.9.1.pagespeed.ce.6pWCdrfeRU.css HTTP/1.0" 200 5302 "https://halkfinanz.inglory.de/?elementor-preview=16&ver=1773044195" "Mozilla/5.0 (Macintosh; Intel Mac OS X 10_15_7) AppleWebKit/537.36 (KHTML, like Gecko) Chrome/145.0.0.0 Safari/537.36"
94.130.90.54 - - [09/Mar/2026:09:16:46 +0100] "GET /wp-content/plugins/elementor-pro/assets/css/preview.min.css?ver=3.35.1 HTTP/1.1" 200 12684 "https://halkfinanz.inglory.de/?elementor-preview=16&ver=1773044195" "Serf/1.3.9 (mod_pagespeed/1.13.35.2-0)"
103.164.254.165 - - [09/Mar/2026:09:16:46 +0100] "GET /wp-content/plugins/elementor-pro/assets/css/preview.min.css,qver=3.35.1.pagespeed.ce.o9W1Fwkwlz.css HTTP/1.0" 200 5558 "https://halkfinanz.inglory.de/?elementor-preview=16&ver=1773044195" "Mozilla/5.0 (Macintosh; Intel Mac OS X 10_15_7) AppleWebKit/537.36 (KHTML, like Gecko) Chrome/145.0.0.0 Safari/537.36"
103.164.254.165 - - [09/Mar/2026:09:16:46 +0100] "GET /wp-content/plugins/elementor/assets/lib/flatpickr/flatpickr.min.css,qver=4.6.13.pagespeed.ce.PVtSNAoy5q.css HTTP/1.0" 200 7195 "https://halkfinanz.inglory.de/?elementor-preview=16&ver=1773044195" "Mozilla/5.0 (Macintosh; Intel Mac OS X 10_15_7) AppleWebKit/537.36 (KHTML, like Gecko) Chrome/145.0.0.0 Safari/537.36"
94.130.90.54 - - [09/Mar/2026:09:16:46 +0100] "GET /wp-content/plugins/elementor/assets/css/modules/ai/layout-preview.min.css?ver=3.35.6 HTTP/1.1" 200 7702 "https://halkfinanz.inglory.de/?elementor-preview=16&ver=1773044195" "Serf/1.3.9 (mod_pagespeed/1.13.35.2-0)"
103.164.254.165 - - [09/Mar/2026:09:16:46 +0100] "GET /wp-content/plugins/elementor/assets/css/modules/ai/layout-preview.min.css,qver=3.35.6.pagespeed.ce.sBGuZi4AiF.css HTTP/1.0" 200 5262 "https://halkfinanz.inglory.de/?elementor-preview=16&ver=1773044195" "Mozilla/5.0 (Macintosh; Intel Mac OS X 10_15_7) AppleWebKit/537.36 (KHTML, like Gecko) Chrome/145.0.0.0 Safari/537.36"
103.164.254.165 - - [09/Mar/2026:09:16:47 +0100] "GET /wp-content/plugins/elementor-pro/assets/js/page-transitions.min.js,qver=3.35.1.pagespeed.ce.vpZhysjeaU.js HTTP/1.0" 200 8578 "https://halkfinanz.inglory.de/?elementor-preview=16&ver=1773044195" "Mozilla/5.0 (Macintosh; Intel Mac OS X 10_15_7) AppleWebKit/537.36 (KHTML, like Gecko) Chrome/145.0.0.0 Safari/537.36"
103.164.254.165 - - [09/Mar/2026:09:16:47 +0100] "GET /wp-content/uploads/xfreebiemockupv2-300x286.png.pagespeed.ic.dwbnkEeH1_.webp HTTP/1.0" 304 3871 "https://halkfinanz.inglory.de/?elementor-preview=16&ver=1773044195" "Mozilla/5.0 (Macintosh; Intel Mac OS X 10_15_7) AppleWebKit/537.36 (KHTML, like Gecko) Chrome/145.0.0.0 Safari/537.36"
94.130.90.54 - - [09/Mar/2026:09:16:47 +0100] "GET /wp-includes/js/dist/hooks.min.js?ver=dd5603f07f9220ed27f1 HTTP/1.1" 200 9243 "https://halkfinanz.inglory.de/?elementor-preview=16&ver=1773044195" "Serf/1.3.9 (mod_pagespeed/1.13.35.2-0)"
103.164.254.165 - - [09/Mar/2026:09:16:47 +0100] "GET /wp-includes/js/dist/hooks.min.js,qver=dd5603f07f9220ed27f1.pagespeed.ce.kOkyvZ5iWD.js HTTP/1.0" 200 6145 "https://halkfinanz.inglory.de/?elementor-preview=16&ver=1773044195" "Mozilla/5.0 (Macintosh; Intel Mac OS X 10_15_7) AppleWebKit/537.36 (KHTML, like Gecko) Chrome/145.0.0.0 Safari/537.36"
103.164.254.165 - - [09/Mar/2026:09:16:47 +0100] "GET /wp-includes/js/dist/vendor/react.min.js,qver=18.3.1.1.pagespeed.ce.O5fBlYWr4j.js HTTP/1.0" 200 8370 "https://halkfinanz.inglory.de/?elementor-preview=16&ver=1773044195" "Mozilla/5.0 (Macintosh; Intel Mac OS X 10_15_7) AppleWebKit/537.36 (KHTML, like Gecko) Chrome/145.0.0.0 Safari/537.36"
103.164.254.165 - - [09/Mar/2026:09:16:47 +0100] "GET /wp-includes/js/dist/i18n.min.js?ver=c26c3dc7bed366793375 HTTP/1.0" 304 3899 "https://halkfinanz.inglory.de/?elementor-preview=16&ver=1773044195" "Mozilla/5.0 (Macintosh; Intel Mac OS X 10_15_7) AppleWebKit/537.36 (KHTML, like Gecko) Chrome/145.0.0.0 Safari/537.36"
103.164.254.165 - - [09/Mar/2026:09:16:47 +0100] "GET /wp-content/plugins/elementor/assets/js/styleguide-app-initiator.min.js?ver=3.35.6 HTTP/1.0" 304 3899 "https://halkfinanz.inglory.de/?elementor-preview=16&ver=1773044195" "Mozilla/5.0 (Macintosh; Intel Mac OS X 10_15_7) AppleWebKit/537.36 (KHTML, like Gecko) Chrome/145.0.0.0 Safari/537.36"
103.164.254.165 - - [09/Mar/2026:09:16:47 +0100] "GET /wp-includes/js/dist/vendor/react-dom.min.js,qver=18.3.1.1.pagespeed.jm.HL0kIjHG8Y.js HTTP/1.0" 200 133304 "https://halkfinanz.inglory.de/?elementor-preview=16&ver=1773044195" "Mozilla/5.0 (Macintosh; Intel Mac OS X 10_15_7) AppleWebKit/537.36 (KHTML, like Gecko) Chrome/145.0.0.0 Safari/537.36"
103.164.254.165 - - [09/Mar/2026:09:16:47 +0100] "GET /wp-content/plugins/elementor-pro/assets/js/notes/notes-app-initiator.min.js?ver=3.35.1 HTTP/1.0" 304 3898 "https://halkfinanz.inglory.de/?elementor-preview=16&ver=1773044195" "Mozilla/5.0 (Macintosh; Intel Mac OS X 10_15_7) AppleWebKit/537.36 (KHTML, like Gecko) Chrome/145.0.0.0 Safari/537.36"
94.130.90.54 - - [09/Mar/2026:09:16:47 +0100] "GET /wp-content/plugins/elementor-pro/assets//lib/instant-page/instant-page.min.js?ver=3.35.1 HTTP/1.1" 200 6440 "https://halkfinanz.inglory.de/?elementor-preview=16&ver=1773044195" "Serf/1.3.9 (mod_pagespeed/1.13.35.2-0)"
103.164.254.165 - - [09/Mar/2026:09:16:47 +0100] "GET /wp-content/plugins/elementor-pro/assets//lib/instant-page/instant-page.min.js,qver=3.35.1.pagespeed.ce.h0jmnNzYEw.js HTTP/1.0" 200 5336 "https://halkfinanz.inglory.de/?elementor-preview=16&ver=1773044195" "Mozilla/5.0 (Macintosh; Intel Mac OS X 10_15_7) AppleWebKit/537.36 (KHTML, like Gecko) Chrome/145.0.0.0 Safari/537.36"
103.164.254.165 - - [09/Mar/2026:09:16:48 +0100] "GET /wp-content/plugins/elementor/assets/js/webpack.runtime.min.js?ver=3.35.6 HTTP/1.0" 304 3899 "https://halkfinanz.inglory.de/?elementor-preview=16&ver=1773044195" "Mozilla/5.0 (Macintosh; Intel Mac OS X 10_15_7) AppleWebKit/537.36 (KHTML, like Gecko) Chrome/145.0.0.0 Safari/537.36"
94.130.90.54 - - [09/Mar/2026:09:16:48 +0100] "GET /wp-content/plugins/elementor/assets/js/frontend-modules.min.js?ver=3.35.6 HTTP/1.1" 200 54173 "https://halkfinanz.inglory.de/?elementor-preview=16&ver=1773044195" "Serf/1.3.9 (mod_pagespeed/1.13.35.2-0)"
103.164.254.165 - - [09/Mar/2026:09:16:48 +0100] "GET /wp-content/plugins/elementor/assets/js/frontend-modules.min.js,qver=3.35.6.pagespeed.ce.c8B-ljDbKt.js HTTP/1.0" 200 20172 "https://halkfinanz.inglory.de/?elementor-preview=16&ver=1773044195" "Mozilla/5.0 (Macintosh; Intel Mac OS X 10_15_7) AppleWebKit/537.36 (KHTML, like Gecko) Chrome/145.0.0.0 Safari/537.36"
103.164.254.165 - - [09/Mar/2026:09:16:48 +0100] "GET /wp-includes/js/jquery/ui/core.min.js?ver=1.13.3 HTTP/1.0" 304 3899 "https://halkfinanz.inglory.de/?elementor-preview=16&ver=1773044195" "Mozilla/5.0 (Macintosh; Intel Mac OS X 10_15_7) AppleWebKit/537.36 (KHTML, like Gecko) Chrome/145.0.0.0 Safari/537.36"
94.130.90.54 - - [09/Mar/2026:09:16:48 +0100] "GET /wp-content/plugins/elementor/assets/js/frontend.min.js?ver=3.35.6 HTTP/1.1" 200 35540 "https://halkfinanz.inglory.de/?elementor-preview=16&ver=1773044195" "Serf/1.3.9 (mod_pagespeed/1.13.35.2-0)"
103.164.254.165 - - [09/Mar/2026:09:16:48 +0100] "GET /wp-content/plugins/elementor/assets/js/frontend.min.js,qver=3.35.6.pagespeed.ce.BwBI7dCVCx.js HTTP/1.0" 200 14567 "https://halkfinanz.inglory.de/?elementor-preview=16&ver=1773044195" "Mozilla/5.0 (Macintosh; Intel Mac OS X 10_15_7) AppleWebKit/537.36 (KHTML, like Gecko) Chrome/145.0.0.0 Safari/537.36"
103.164.254.165 - - [09/Mar/2026:09:16:48 +0100] "GET /wp-content/plugins/elementor-pro/assets/lib/smartmenus/jquery.smartmenus.min.js?ver=1.2.1 HTTP/1.0" 304 3899 "https://halkfinanz.inglory.de/?elementor-preview=16&ver=1773044195" "Mozilla/5.0 (Macintosh; Intel Mac OS X 10_15_7) AppleWebKit/537.36 (KHTML, like Gecko) Chrome/145.0.0.0 Safari/537.36"
103.164.254.165 - - [09/Mar/2026:09:16:48 +0100] "GET /wp-content/plugins/elementor-pro/assets/lib/sticky/jquery.sticky.min.js?ver=3.35.1 HTTP/1.0" 304 3898 "https://halkfinanz.inglory.de/?elementor-preview=16&ver=1773044195" "Mozilla/5.0 (Macintosh; Intel Mac OS X 10_15_7) AppleWebKit/537.36 (KHTML, like Gecko) Chrome/145.0.0.0 Safari/537.36"
94.130.90.54 - - [09/Mar/2026:09:16:49 +0100] "GET /wp-content/plugins/elementor/assets/lib/jquery-numerator/jquery-numerator.min.js?ver=0.2.1 HTTP/1.1" 200 5382 "https://halkfinanz.inglory.de/?elementor-preview=16&ver=1773044195" "Serf/1.3.9 (mod_pagespeed/1.13.35.2-0)"
94.130.90.54 - - [09/Mar/2026:09:16:49 +0100] "GET /wp-content/plugins/elementor/assets/lib/swiper/v8/swiper.min.js?ver=8.4.5 HTTP/1.1" 200 147526 "https://halkfinanz.inglory.de/?elementor-preview=16&ver=1773044195" "Serf/1.3.9 (mod_pagespeed/1.13.35.2-0)"
94.130.90.54 - - [09/Mar/2026:09:16:49 +0100] "GET /wp-content/plugins/elementor/assets/lib/e-gallery/js/e-gallery.min.js?ver=1.2.0 HTTP/1.1" 200 18930 "https://halkfinanz.inglory.de/?elementor-preview=16&ver=1773044195" "Serf/1.3.9 (mod_pagespeed/1.13.35.2-0)"
103.164.254.165 - - [09/Mar/2026:09:16:49 +0100] "GET /wp-content,_plugins,_elementor,_assets,_lib,_jquery-numerator,_jquery-numerator.min.js,qver==0.2.1+wp-includes,_js,_imagesloaded.min.js,qver==5.0.0+wp-content,_plugins,_elementor,_assets,_lib,_e-gallery,_js,_e-gallery.min.js,qver==1.2.0.pagespeed.jc.OOZtw1GJa4.js HTTP/1.0" 200 11118 "https://halkfinanz.inglory.de/?elementor-preview=16&ver=1773044195" "Mozilla/5.0 (Macintosh; Intel Mac OS X 10_15_7) AppleWebKit/537.36 (KHTML, like Gecko) Chrome/145.0.0.0 Safari/537.36"
103.164.254.165 - - [09/Mar/2026:09:16:49 +0100] "GET /wp-content/plugins/elementor/assets/lib/swiper/v8/swiper.min.js,qver=8.4.5.pagespeed.ce.g-mynwCGu6.js HTTP/1.0" 200 43990 "https://halkfinanz.inglory.de/?elementor-preview=16&ver=1773044195" "Mozilla/5.0 (Macintosh; Intel Mac OS X 10_15_7) AppleWebKit/537.36 (KHTML, like Gecko) Chrome/145.0.0.0 Safari/537.36"
103.164.254.165 - - [09/Mar/2026:09:16:49 +0100] "GET /wp-content/plugins/elementor-pro/assets/lib/lottie/lottie.min.js?ver=5.6.6 HTTP/1.0" 304 3900 "https://halkfinanz.inglory.de/?elementor-preview=16&ver=1773044195" "Mozilla/5.0 (Macintosh; Intel Mac OS X 10_15_7) AppleWebKit/537.36 (KHTML, like Gecko) Chrome/145.0.0.0 Safari/537.36"
94.130.90.54 - - [09/Mar/2026:09:16:49 +0100] "GET /wp-content/plugins/elementor/assets/lib/inline-editor/js/inline-editor.min.js?ver=3.35.6 HTTP/1.1" 200 21267 "https://halkfinanz.inglory.de/?elementor-preview=16&ver=1773044195" "Serf/1.3.9 (mod_pagespeed/1.13.35.2-0)"
103.164.254.165 - - [09/Mar/2026:09:16:49 +0100] "GET /wp-content/plugins/elementor/assets/lib/inline-editor/js/inline-editor.min.js,qver=3.35.6.pagespeed.ce.BvETMzXPZG.js HTTP/1.0" 200 10450 "https://halkfinanz.inglory.de/?elementor-preview=16&ver=1773044195" "Mozilla/5.0 (Macintosh; Intel Mac OS X 10_15_7) AppleWebKit/537.36 (KHTML, like Gecko) Chrome/145.0.0.0 Safari/537.36"
103.164.254.165 - - [09/Mar/2026:09:16:49 +0100] "GET /wp-includes/js/mediaelement/mediaelement-and-player.min.js,qver=4.2.17.pagespeed.jm.LVhVlU2M6U.js HTTP/1.0" 200 42907 "https://halkfinanz.inglory.de/?elementor-preview=16&ver=1773044195" "Mozilla/5.0 (Macintosh; Intel Mac OS X 10_15_7) AppleWebKit/537.36 (KHTML, like Gecko) Chrome/145.0.0.0 Safari/537.36"
103.164.254.165 - - [09/Mar/2026:09:16:49 +0100] "GET /wp-content/plugins/elementor-pro/assets/js/preview.min.js?ver=3.35.1 HTTP/1.0" 304 3899 "https://halkfinanz.inglory.de/?elementor-preview=16&ver=1773044195" "Mozilla/5.0 (Macintosh; Intel Mac OS X 10_15_7) AppleWebKit/537.36 (KHTML, like Gecko) Chrome/145.0.0.0 Safari/537.36"
103.164.254.165 - - [09/Mar/2026:09:16:49 +0100] "GET /wp-content/plugins/Funnelforms-pro/res/frontend/scripts/libs/jquery_ui.js?ver=3.8.1 HTTP/1.0" 304 3928 "https://halkfinanz.inglory.de/?elementor-preview=16&ver=1773044195" "Mozilla/5.0 (Macintosh; Intel Mac OS X 10_15_7) AppleWebKit/537.36 (KHTML, like Gecko) Chrome/145.0.0.0 Safari/537.36"
103.164.254.165 - - [09/Mar/2026:09:16:49 +0100] "GET /wp-content/plugins/elementor-pro/assets/js/webpack-pro.runtime.min.js?ver=3.35.1 HTTP/1.0" 304 3899 "https://halkfinanz.inglory.de/?elementor-preview=16&ver=1773044195" "Mozilla/5.0 (Macintosh; Intel Mac OS X 10_15_7) AppleWebKit/537.36 (KHTML, like Gecko) Chrome/145.0.0.0 Safari/537.36"
103.164.254.165 - - [09/Mar/2026:09:16:50 +0100] "GET /wp-content/plugins/elementor/assets/js/elementor-admin-bar.min.js?ver=3.35.6 HTTP/1.0" 304 3927 "https://halkfinanz.inglory.de/?elementor-preview=16&ver=1773044195" "Mozilla/5.0 (Macintosh; Intel Mac OS X 10_15_7) AppleWebKit/537.36 (KHTML, like Gecko) Chrome/145.0.0.0 Safari/537.36"
103.164.254.165 - - [09/Mar/2026:09:16:51 +0100] "POST /wp-admin/admin-ajax.php HTTP/1.0" 200 4408 "https://halkfinanz.inglory.de/wp-admin/post.php?post=760&action=elementor" "Mozilla/5.0 (Macintosh; Intel Mac OS X 10_15_7) AppleWebKit/537.36 (KHTML, like Gecko) Chrome/145.0.0.0 Safari/537.36"
103.164.254.165 - - [09/Mar/2026:09:16:53 +0100] "GET /wp-content/uploads/img-1.jpg HTTP/1.0" 304 3900 "https://halkfinanz.inglory.de/?elementor-preview=16&ver=1773044195" "Mozilla/5.0 (Macintosh; Intel Mac OS X 10_15_7) AppleWebKit/537.36 (KHTML, like Gecko) Chrome/145.0.0.0 Safari/537.36"
103.164.254.165 - - [09/Mar/2026:09:16:53 +0100] "GET /wp-content/uploads/img-1-1.jpg HTTP/1.0" 304 3900 "https://halkfinanz.inglory.de/?elementor-preview=16&ver=1773044195" "Mozilla/5.0 (Macintosh; Intel Mac OS X 10_15_7) AppleWebKit/537.36 (KHTML, like Gecko) Chrome/145.0.0.0 Safari/537.36"
103.164.254.165 - - [09/Mar/2026:09:16:54 +0100] "POST /mod_pagespeed_beacon?url=https%3A%2F%2Fhalkfinanz.inglory.de%2F%3Felementor-preview%3D16%26ver%3D1773044195 HTTP/1.0" 204 3905 "https://halkfinanz.inglory.de/?elementor-preview=16&ver=1773044195" "Mozilla/5.0 (Macintosh; Intel Mac OS X 10_15_7) AppleWebKit/537.36 (KHTML, like Gecko) Chrome/145.0.0.0 Safari/537.36"
103.164.254.165 - - [09/Mar/2026:09:16:54 +0100] "GET /wp-content/uploads/video-3-1.jpg HTTP/1.0" 304 3899 "https://halkfinanz.inglory.de/?elementor-preview=16&ver=1773044195" "Mozilla/5.0 (Macintosh; Intel Mac OS X 10_15_7) AppleWebKit/537.36 (KHTML, like Gecko) Chrome/145.0.0.0 Safari/537.36"
103.164.254.165 - - [09/Mar/2026:09:16:54 +0100] "GET /wp-content/uploads/img-3-1-scaled.jpg HTTP/1.0" 304 3900 "https://halkfinanz.inglory.de/?elementor-preview=16&ver=1773044195" "Mozilla/5.0 (Macintosh; Intel Mac OS X 10_15_7) AppleWebKit/537.36 (KHTML, like Gecko) Chrome/145.0.0.0 Safari/537.36"
103.164.254.165 - - [09/Mar/2026:09:16:54 +0100] "GET /wp-json/elementor/v1/user-data/current-user?context=edit HTTP/1.0" 200 5865 "https://halkfinanz.inglory.de/wp-admin/post.php?post=16&action=elementor" "Mozilla/5.0 (Macintosh; Intel Mac OS X 10_15_7) AppleWebKit/537.36 (KHTML, like Gecko) Chrome/145.0.0.0 Safari/537.36"
103.164.254.165 - - [09/Mar/2026:09:16:54 +0100] "GET /wp-content/uploads/users-1-1.png HTTP/1.0" 304 3927 "https://halkfinanz.inglory.de/?elementor-preview=16&ver=1773044195" "Mozilla/5.0 (Macintosh; Intel Mac OS X 10_15_7) AppleWebKit/537.36 (KHTML, like Gecko) Chrome/145.0.0.0 Safari/537.36"
103.164.254.165 - - [09/Mar/2026:09:16:54 +0100] "GET /wp-content/uploads/users-1-1.png HTTP/1.0" 304 3899 "https://halkfinanz.inglory.de/wp-admin/post.php?post=16&action=elementor" "Mozilla/5.0 (Macintosh; Intel Mac OS X 10_15_7) AppleWebKit/537.36 (KHTML, like Gecko) Chrome/145.0.0.0 Safari/537.36"
103.164.254.165 - - [09/Mar/2026:09:16:54 +0100] "POST /wp-admin/admin-ajax.php HTTP/1.0" 200 11358 "https://halkfinanz.inglory.de/wp-admin/post.php?post=16&action=elementor" "Mozilla/5.0 (Macintosh; Intel Mac OS X 10_15_7) AppleWebKit/537.36 (KHTML, like Gecko) Chrome/145.0.0.0 Safari/537.36"
103.164.254.165 - - [09/Mar/2026:09:16:56 +0100] "GET /wp-content/uploads/logo.png HTTP/1.0" 304 3899 "https://halkfinanz.inglory.de/wp-admin/post.php?post=16&action=elementor" "Mozilla/5.0 (Macintosh; Intel Mac OS X 10_15_7) AppleWebKit/537.36 (KHTML, like Gecko) Chrome/145.0.0.0 Safari/537.36"
103.164.254.165 - - [09/Mar/2026:09:16:56 +0100] "GET /wp-content/uploads/logo-1.png HTTP/1.0" 304 3899 "https://halkfinanz.inglory.de/wp-admin/post.php?post=16&action=elementor" "Mozilla/5.0 (Macintosh; Intel Mac OS X 10_15_7) AppleWebKit/537.36 (KHTML, like Gecko) Chrome/145.0.0.0 Safari/537.36"
103.164.254.165 - - [09/Mar/2026:09:16:57 +0100] "GET /wp-content/uploads/logo-2.png HTTP/1.0" 304 3899 "https://halkfinanz.inglory.de/wp-admin/post.php?post=16&action=elementor" "Mozilla/5.0 (Macintosh; Intel Mac OS X 10_15_7) AppleWebKit/537.36 (KHTML, like Gecko) Chrome/145.0.0.0 Safari/537.36"
103.164.254.165 - - [09/Mar/2026:09:16:57 +0100] "GET /wp-content/uploads/logo-3.png HTTP/1.0" 304 3899 "https://halkfinanz.inglory.de/wp-admin/post.php?post=16&action=elementor" "Mozilla/5.0 (Macintosh; Intel Mac OS X 10_15_7) AppleWebKit/537.36 (KHTML, like Gecko) Chrome/145.0.0.0 Safari/537.36"
103.164.254.165 - - [09/Mar/2026:09:16:57 +0100] "GET /wp-content/uploads/logo-4.png HTTP/1.0" 304 3899 "https://halkfinanz.inglory.de/wp-admin/post.php?post=16&action=elementor" "Mozilla/5.0 (Macintosh; Intel Mac OS X 10_15_7) AppleWebKit/537.36 (KHTML, like Gecko) Chrome/145.0.0.0 Safari/537.36"
103.164.254.165 - - [09/Mar/2026:09:16:57 +0100] "GET /wp-content/uploads/logo-5.png HTTP/1.0" 304 3899 "https://halkfinanz.inglory.de/wp-admin/post.php?post=16&action=elementor" "Mozilla/5.0 (Macintosh; Intel Mac OS X 10_15_7) AppleWebKit/537.36 (KHTML, like Gecko) Chrome/145.0.0.0 Safari/537.36"
103.164.254.165 - - [09/Mar/2026:09:16:57 +0100] "GET /wp-content/uploads/img-1.png HTTP/1.0" 304 3900 "https://halkfinanz.inglory.de/wp-admin/post.php?post=16&action=elementor" "Mozilla/5.0 (Macintosh; Intel Mac OS X 10_15_7) AppleWebKit/537.36 (KHTML, like Gecko) Chrome/145.0.0.0 Safari/537.36"
103.164.254.165 - - [09/Mar/2026:09:16:57 +0100] "GET /wp-content/uploads/img-2-1.png HTTP/1.0" 304 3899 "https://halkfinanz.inglory.de/wp-admin/post.php?post=16&action=elementor" "Mozilla/5.0 (Macintosh; Intel Mac OS X 10_15_7) AppleWebKit/537.36 (KHTML, like Gecko) Chrome/145.0.0.0 Safari/537.36"
103.164.254.165 - - [09/Mar/2026:09:16:57 +0100] "GET /wp-content/uploads/img-4.jpg HTTP/1.0" 304 3899 "https://halkfinanz.inglory.de/wp-admin/post.php?post=16&action=elementor" "Mozilla/5.0 (Macintosh; Intel Mac OS X 10_15_7) AppleWebKit/537.36 (KHTML, like Gecko) Chrome/145.0.0.0 Safari/537.36"
103.164.254.165 - - [09/Mar/2026:09:16:57 +0100] "POST /wp-admin/admin-ajax.php HTTP/1.0" 200 5409 "https://halkfinanz.inglory.de/wp-admin/post.php?post=16&action=elementor" "Mozilla/5.0 (Macintosh; Intel Mac OS X 10_15_7) AppleWebKit/537.36 (KHTML, like Gecko) Chrome/145.0.0.0 Safari/537.36"
103.164.254.165 - - [09/Mar/2026:09:16:58 +0100] "GET /wp-content/uploads/logo.png HTTP/1.0" 304 3899 "https://halkfinanz.inglory.de/?elementor-preview=16&ver=1773044195" "Mozilla/5.0 (Macintosh; Intel Mac OS X 10_15_7) AppleWebKit/537.36 (KHTML, like Gecko) Chrome/145.0.0.0 Safari/537.36"
103.164.254.165 - - [09/Mar/2026:09:16:58 +0100] "GET /wp-content/uploads/quote.png HTTP/1.0" 304 3898 "https://halkfinanz.inglory.de/wp-admin/post.php?post=16&action=elementor" "Mozilla/5.0 (Macintosh; Intel Mac OS X 10_15_7) AppleWebKit/537.36 (KHTML, like Gecko) Chrome/145.0.0.0 Safari/537.36"
103.164.254.165 - - [09/Mar/2026:09:16:58 +0100] "GET /wp-content/uploads/img-5.jpg HTTP/1.0" 304 3899 "https://halkfinanz.inglory.de/wp-admin/post.php?post=16&action=elementor" "Mozilla/5.0 (Macintosh; Intel Mac OS X 10_15_7) AppleWebKit/537.36 (KHTML, like Gecko) Chrome/145.0.0.0 Safari/537.36"
103.164.254.165 - - [09/Mar/2026:09:16:58 +0100] "GET /wp-content/uploads/logo-1.png HTTP/1.0" 304 3899 "https://halkfinanz.inglory.de/?elementor-preview=16&ver=1773044195" "Mozilla/5.0 (Macintosh; Intel Mac OS X 10_15_7) AppleWebKit/537.36 (KHTML, like Gecko) Chrome/145.0.0.0 Safari/537.36"
103.164.254.165 - - [09/Mar/2026:09:16:58 +0100] "GET /wp-content/uploads/freebiemockupv3.png HTTP/1.0" 304 3901 "https://halkfinanz.inglory.de/wp-admin/post.php?post=16&action=elementor" "Mozilla/5.0 (Macintosh; Intel Mac OS X 10_15_7) AppleWebKit/537.36 (KHTML, like Gecko) Chrome/145.0.0.0 Safari/537.36"
103.164.254.165 - - [09/Mar/2026:09:16:58 +0100] "GET /wp-content/uploads/logo-2.png HTTP/1.0" 304 3899 "https://halkfinanz.inglory.de/?elementor-preview=16&ver=1773044195" "Mozilla/5.0 (Macintosh; Intel Mac OS X 10_15_7) AppleWebKit/537.36 (KHTML, like Gecko) Chrome/145.0.0.0 Safari/537.36"
103.164.254.165 - - [09/Mar/2026:09:16:58 +0100] "GET /wp-content/uploads/logo-3.png HTTP/1.0" 304 3899 "https://halkfinanz.inglory.de/?elementor-preview=16&ver=1773044195" "Mozilla/5.0 (Macintosh; Intel Mac OS X 10_15_7) AppleWebKit/537.36 (KHTML, like Gecko) Chrome/145.0.0.0 Safari/537.36"
103.164.254.165 - - [09/Mar/2026:09:16:59 +0100] "GET /wp-content/uploads/logo-4.png HTTP/1.0" 304 3899 "https://halkfinanz.inglory.de/?elementor-preview=16&ver=1773044195" "Mozilla/5.0 (Macintosh; Intel Mac OS X 10_15_7) AppleWebKit/537.36 (KHTML, like Gecko) Chrome/145.0.0.0 Safari/537.36"
103.164.254.165 - - [09/Mar/2026:09:16:59 +0100] "GET /wp-content/uploads/logo-5.png HTTP/1.0" 304 3899 "https://halkfinanz.inglory.de/?elementor-preview=16&ver=1773044195" "Mozilla/5.0 (Macintosh; Intel Mac OS X 10_15_7) AppleWebKit/537.36 (KHTML, like Gecko) Chrome/145.0.0.0 Safari/537.36"
103.164.254.165 - - [09/Mar/2026:09:16:59 +0100] "GET /wp-content/uploads/img-1.png HTTP/1.0" 304 3900 "https://halkfinanz.inglory.de/?elementor-preview=16&ver=1773044195" "Mozilla/5.0 (Macintosh; Intel Mac OS X 10_15_7) AppleWebKit/537.36 (KHTML, like Gecko) Chrome/145.0.0.0 Safari/537.36"
103.164.254.165 - - [09/Mar/2026:09:16:59 +0100] "GET /wp-content/uploads/img-2-1.png HTTP/1.0" 304 3899 "https://halkfinanz.inglory.de/?elementor-preview=16&ver=1773044195" "Mozilla/5.0 (Macintosh; Intel Mac OS X 10_15_7) AppleWebKit/537.36 (KHTML, like Gecko) Chrome/145.0.0.0 Safari/537.36"
103.164.254.165 - - [09/Mar/2026:09:16:59 +0100] "GET /wp-content/uploads/img-4.jpg HTTP/1.0" 304 3899 "https://halkfinanz.inglory.de/?elementor-preview=16&ver=1773044195" "Mozilla/5.0 (Macintosh; Intel Mac OS X 10_15_7) AppleWebKit/537.36 (KHTML, like Gecko) Chrome/145.0.0.0 Safari/537.36"
103.164.254.165 - - [09/Mar/2026:09:16:59 +0100] "GET /wp-content/uploads/quote.png HTTP/1.0" 304 3898 "https://halkfinanz.inglory.de/?elementor-preview=16&ver=1773044195" "Mozilla/5.0 (Macintosh; Intel Mac OS X 10_15_7) AppleWebKit/537.36 (KHTML, like Gecko) Chrome/145.0.0.0 Safari/537.36"
103.164.254.165 - - [09/Mar/2026:09:16:59 +0100] "GET /wp-content/uploads/img-5.jpg HTTP/1.0" 304 3899 "https://halkfinanz.inglory.de/?elementor-preview=16&ver=1773044195" "Mozilla/5.0 (Macintosh; Intel Mac OS X 10_15_7) AppleWebKit/537.36 (KHTML, like Gecko) Chrome/145.0.0.0 Safari/537.36"
103.164.254.165 - - [09/Mar/2026:09:17:00 +0100] "GET /wp-content/uploads/freebiemockupv3.png HTTP/1.0" 304 3901 "https://halkfinanz.inglory.de/?elementor-preview=16&ver=1773044195" "Mozilla/5.0 (Macintosh; Intel Mac OS X 10_15_7) AppleWebKit/537.36 (KHTML, like Gecko) Chrome/145.0.0.0 Safari/537.36"
103.164.254.165 - - [09/Mar/2026:09:17:00 +0100] "GET /wp-content/uploads/logo.png HTTP/1.0" 304 3899 "https://halkfinanz.inglory.de/?elementor-preview=16&ver=1773044195" "Mozilla/5.0 (Macintosh; Intel Mac OS X 10_15_7) AppleWebKit/537.36 (KHTML, like Gecko) Chrome/145.0.0.0 Safari/537.36"
103.164.254.165 - - [09/Mar/2026:09:17:00 +0100] "GET /wp-content/uploads/logo-1.png HTTP/1.0" 304 3899 "https://halkfinanz.inglory.de/?elementor-preview=16&ver=1773044195" "Mozilla/5.0 (Macintosh; Intel Mac OS X 10_15_7) AppleWebKit/537.36 (KHTML, like Gecko) Chrome/145.0.0.0 Safari/537.36"
103.164.254.165 - - [09/Mar/2026:09:17:00 +0100] "GET /wp-content/uploads/logo-2.png HTTP/1.0" 304 3899 "https://halkfinanz.inglory.de/?elementor-preview=16&ver=1773044195" "Mozilla/5.0 (Macintosh; Intel Mac OS X 10_15_7) AppleWebKit/537.36 (KHTML, like Gecko) Chrome/145.0.0.0 Safari/537.36"
103.164.254.165 - - [09/Mar/2026:09:17:00 +0100] "GET /wp-content/uploads/logo-3.png HTTP/1.0" 304 3899 "https://halkfinanz.inglory.de/?elementor-preview=16&ver=1773044195" "Mozilla/5.0 (Macintosh; Intel Mac OS X 10_15_7) AppleWebKit/537.36 (KHTML, like Gecko) Chrome/145.0.0.0 Safari/537.36"
103.164.254.165 - - [09/Mar/2026:09:17:01 +0100] "GET /wp-content/uploads/logo-4.png HTTP/1.0" 304 3899 "https://halkfinanz.inglory.de/?elementor-preview=16&ver=1773044195" "Mozilla/5.0 (Macintosh; Intel Mac OS X 10_15_7) AppleWebKit/537.36 (KHTML, like Gecko) Chrome/145.0.0.0 Safari/537.36"
103.164.254.165 - - [09/Mar/2026:09:17:01 +0100] "GET /wp-content/uploads/logo-5.png HTTP/1.0" 304 3899 "https://halkfinanz.inglory.de/?elementor-preview=16&ver=1773044195" "Mozilla/5.0 (Macintosh; Intel Mac OS X 10_15_7) AppleWebKit/537.36 (KHTML, like Gecko) Chrome/145.0.0.0 Safari/537.36"
103.164.254.165 - - [09/Mar/2026:09:17:01 +0100] "GET /wp-content/uploads/xfreebiemockupv2.png.pagespeed.ic._R8TIrXTuy.webp HTTP/1.0" 304 3871 "https://halkfinanz.inglory.de/?elementor-preview=16&ver=1773044195" "Mozilla/5.0 (Macintosh; Intel Mac OS X 10_15_7) AppleWebKit/537.36 (KHTML, like Gecko) Chrome/145.0.0.0 Safari/537.36"
103.164.254.165 - - [09/Mar/2026:09:17:01 +0100] "GET /wp-json/elementor/v1/checklist/user-progress HTTP/1.0" 200 5128 "https://halkfinanz.inglory.de/wp-admin/post.php?post=16&action=elementor" "Mozilla/5.0 (Macintosh; Intel Mac OS X 10_15_7) AppleWebKit/537.36 (KHTML, like Gecko) Chrome/145.0.0.0 Safari/537.36"
103.164.254.165 - - [09/Mar/2026:09:17:01 +0100] "POST /wp-admin/admin-ajax.php HTTP/1.0" 200 4408 "https://halkfinanz.inglory.de/wp-admin/post.php?post=16&action=elementor" "Mozilla/5.0 (Macintosh; Intel Mac OS X 10_15_7) AppleWebKit/537.36 (KHTML, like Gecko) Chrome/145.0.0.0 Safari/537.36"
103.164.254.165 - - [09/Mar/2026:09:17:07 +0100] "POST /wp-admin/admin-ajax.php HTTP/1.0" 200 4408 "https://halkfinanz.inglory.de/wp-admin/post.php?post=760&action=elementor" "Mozilla/5.0 (Macintosh; Intel Mac OS X 10_15_7) AppleWebKit/537.36 (KHTML, like Gecko) Chrome/145.0.0.0 Safari/537.36"
103.164.254.165 - - [09/Mar/2026:09:17:08 +0100] "GET /wp-content/plugins/elementor/assets/lib/font-awesome/css/fontawesome.min.css?ver=5.15.3 HTTP/1.0" 304 3899 "https://halkfinanz.inglory.de/wp-admin/post.php?post=16&action=elementor" "Mozilla/5.0 (Macintosh; Intel Mac OS X 10_15_7) AppleWebKit/537.36 (KHTML, like Gecko) Chrome/145.0.0.0 Safari/537.36"
103.164.254.165 - - [09/Mar/2026:09:17:08 +0100] "GET /wp-content/plugins/elementor/assets/lib/font-awesome/css/regular.min.css?ver=5.15.3 HTTP/1.0" 304 3898 "https://halkfinanz.inglory.de/wp-admin/post.php?post=16&action=elementor" "Mozilla/5.0 (Macintosh; Intel Mac OS X 10_15_7) AppleWebKit/537.36 (KHTML, like Gecko) Chrome/145.0.0.0 Safari/537.36"
103.164.254.165 - - [09/Mar/2026:09:17:08 +0100] "GET /wp-content/plugins/elementor/assets/lib/font-awesome/css/solid.min.css?ver=5.15.3 HTTP/1.0" 304 3898 "https://halkfinanz.inglory.de/wp-admin/post.php?post=16&action=elementor" "Mozilla/5.0 (Macintosh; Intel Mac OS X 10_15_7) AppleWebKit/537.36 (KHTML, like Gecko) Chrome/145.0.0.0 Safari/537.36"
103.164.254.165 - - [09/Mar/2026:09:17:08 +0100] "GET /wp-content/plugins/elementor/assets/lib/font-awesome/css/brands.min.css?ver=5.15.3 HTTP/1.0" 304 3898 "https://halkfinanz.inglory.de/wp-admin/post.php?post=16&action=elementor" "Mozilla/5.0 (Macintosh; Intel Mac OS X 10_15_7) AppleWebKit/537.36 (KHTML, like Gecko) Chrome/145.0.0.0 Safari/537.36"
103.164.254.165 - - [09/Mar/2026:09:17:08 +0100] "GET /wp-content/plugins/elementor/assets/lib/font-awesome/css/fontawesome.min.css?ver=5.15.3 HTTP/1.0" 304 3899 "https://halkfinanz.inglory.de/?elementor-preview=16&ver=1773044195" "Mozilla/5.0 (Macintosh; Intel Mac OS X 10_15_7) AppleWebKit/537.36 (KHTML, like Gecko) Chrome/145.0.0.0 Safari/537.36"
103.164.254.165 - - [09/Mar/2026:09:17:08 +0100] "GET /wp-content/plugins/elementor/assets/lib/font-awesome/css/solid.min.css?ver=5.15.3 HTTP/1.0" 304 3898 "https://halkfinanz.inglory.de/?elementor-preview=16&ver=1773044195" "Mozilla/5.0 (Macintosh; Intel Mac OS X 10_15_7) AppleWebKit/537.36 (KHTML, like Gecko) Chrome/145.0.0.0 Safari/537.36"
103.164.254.165 - - [09/Mar/2026:09:17:16 +0100] "POST /wp-admin/admin-ajax.php HTTP/1.0" 200 4408 "https://halkfinanz.inglory.de/wp-admin/post.php?post=16&action=elementor" "Mozilla/5.0 (Macintosh; Intel Mac OS X 10_15_7) AppleWebKit/537.36 (KHTML, like Gecko) Chrome/145.0.0.0 Safari/537.36"
103.164.254.165 - - [09/Mar/2026:09:17:25 +0100] "POST /wp-admin/admin-ajax.php HTTP/1.0" 200 4378 "https://halkfinanz.inglory.de/wp-admin/admin.php?page=e-form-submissions" "Mozilla/5.0 (Macintosh; Intel Mac OS X 10_15_7) AppleWebKit/537.36 (KHTML, like Gecko) Chrome/145.0.0.0 Safari/537.36"
103.164.254.165 - - [09/Mar/2026:09:17:27 +0100] "GET /wp-content/plugins/Funnelforms-pro/fonts/FontAwesome/fa-solid-900.woff2 HTTP/1.0" 200 82445 "https://halkfinanz.inglory.de/wp-content/plugins/Funnelforms-pro/res/frontend/styles/fontawesome_5.15.4.css?ver=3.8.1" "Mozilla/5.0 (Macintosh; Intel Mac OS X 10_15_7) AppleWebKit/537.36 (KHTML, like Gecko) Chrome/145.0.0.0 Safari/537.36"
103.164.254.165 - - [09/Mar/2026:09:17:27 +0100] "POST /wp-admin/admin-ajax.php HTTP/1.0" 200 4410 "https://halkfinanz.inglory.de/" "Mozilla/5.0 (Macintosh; Intel Mac OS X 10_15_7) AppleWebKit/537.36 (KHTML, like Gecko) Chrome/145.0.0.0 Safari/537.36"
103.164.254.165 - - [09/Mar/2026:09:17:32 +0100] "POST /wp-admin/admin-ajax.php HTTP/1.0" 200 4408 "https://halkfinanz.inglory.de/wp-admin/post.php?post=16&action=elementor" "Mozilla/5.0 (Macintosh; Intel Mac OS X 10_15_7) AppleWebKit/537.36 (KHTML, like Gecko) Chrome/145.0.0.0 Safari/537.36"
103.164.254.165 - - [09/Mar/2026:09:17:37 +0100] "GET /wp-admin/admin.php?page=e-form-submissions HTTP/1.0" 200 23194 "https://halkfinanz.inglory.de/wp-admin/admin.php?page=elementor-settings" "Mozilla/5.0 (Macintosh; Intel Mac OS X 10_15_7) AppleWebKit/537.36 (KHTML, like Gecko) Chrome/145.0.0.0 Safari/537.36"
103.164.254.165 - - [09/Mar/2026:09:17:38 +0100] "GET /wp-content/plugins/elementor/assets/lib/eicons/css/elementor-icons.min.css?ver=5.47.0 HTTP/1.0" 304 3927 "https://halkfinanz.inglory.de/wp-admin/admin.php?page=e-form-submissions" "Mozilla/5.0 (Macintosh; Intel Mac OS X 10_15_7) AppleWebKit/537.36 (KHTML, like Gecko) Chrome/145.0.0.0 Safari/537.36"
103.164.254.165 - - [09/Mar/2026:09:17:38 +0100] "GET /wp-includes/js/dist/i18n.min.js?ver=c26c3dc7bed366793375 HTTP/1.0" 304 3927 "https://halkfinanz.inglory.de/wp-admin/admin.php?page=e-form-submissions" "Mozilla/5.0 (Macintosh; Intel Mac OS X 10_15_7) AppleWebKit/537.36 (KHTML, like Gecko) Chrome/145.0.0.0 Safari/537.36"
103.164.254.165 - - [09/Mar/2026:09:17:38 +0100] "GET /wp-includes/js/dist/a11y.min.js?ver=cb460b4676c94bd228ed HTTP/1.0" 304 3926 "https://halkfinanz.inglory.de/wp-admin/admin.php?page=e-form-submissions" "Mozilla/5.0 (Macintosh; Intel Mac OS X 10_15_7) AppleWebKit/537.36 (KHTML, like Gecko) Chrome/145.0.0.0 Safari/537.36"
103.164.254.165 - - [09/Mar/2026:09:17:38 +0100] "GET /wp-includes/js/underscore.min.js?ver=1.13.7 HTTP/1.0" 304 3927 "https://halkfinanz.inglory.de/wp-admin/admin.php?page=e-form-submissions" "Mozilla/5.0 (Macintosh; Intel Mac OS X 10_15_7) AppleWebKit/537.36 (KHTML, like Gecko) Chrome/145.0.0.0 Safari/537.36"
103.164.254.165 - - [09/Mar/2026:09:17:38 +0100] "GET /wp-includes/js/jquery/ui/core.min.js?ver=1.13.3 HTTP/1.0" 304 3927 "https://halkfinanz.inglory.de/wp-admin/admin.php?page=e-form-submissions" "Mozilla/5.0 (Macintosh; Intel Mac OS X 10_15_7) AppleWebKit/537.36 (KHTML, like Gecko) Chrome/145.0.0.0 Safari/537.36"
103.164.254.165 - - [09/Mar/2026:09:17:38 +0100] "GET /wp-content/plugins/elementor-pro/assets/css/modules/forms/submissions/admin.min.css?ver=3.35.1 HTTP/1.0" 404 130629 "https://halkfinanz.inglory.de/wp-admin/admin.php?page=e-form-submissions" "Mozilla/5.0 (Macintosh; Intel Mac OS X 10_15_7) AppleWebKit/537.36 (KHTML, like Gecko) Chrome/145.0.0.0 Safari/537.36"
103.164.254.165 - - [09/Mar/2026:09:17:39 +0100] "GET /wp-content/uploads/cropped-favicon-32x32.png HTTP/1.0" 304 3926 "https://halkfinanz.inglory.de/wp-admin/admin.php?page=e-form-submissions" "Mozilla/5.0 (Macintosh; Intel Mac OS X 10_15_7) AppleWebKit/537.36 (KHTML, like Gecko) Chrome/145.0.0.0 Safari/537.36"
103.164.254.165 - - [09/Mar/2026:09:17:39 +0100] "GET /wp-json/elementor/v1/forms?context=options HTTP/1.0" 200 4568 "https://halkfinanz.inglory.de/wp-admin/admin.php?page=e-form-submissions" "Mozilla/5.0 (Macintosh; Intel Mac OS X 10_15_7) AppleWebKit/537.36 (KHTML, like Gecko) Chrome/145.0.0.0 Safari/537.36"
103.164.254.165 - - [09/Mar/2026:09:17:39 +0100] "GET /wp-json/elementor/v1/form-submissions?status=all&page=1&per_page=50&order=desc&order_by=created_at HTTP/1.0" 200 5353 "https://halkfinanz.inglory.de/wp-admin/admin.php?page=e-form-submissions" "Mozilla/5.0 (Macintosh; Intel Mac OS X 10_15_7) AppleWebKit/537.36 (KHTML, like Gecko) Chrome/145.0.0.0 Safari/537.36"
103.164.254.165 - - [09/Mar/2026:09:17:39 +0100] "GET /wp-json/elementor-one/v1/settings?sb_time=1773044259464&_locale=user HTTP/1.0" 200 4843 "https://halkfinanz.inglory.de/wp-admin/admin.php?page=e-form-submissions" "Mozilla/5.0 (Macintosh; Intel Mac OS X 10_15_7) AppleWebKit/537.36 (KHTML, like Gecko) Chrome/145.0.0.0 Safari/537.36"
103.164.254.165 - - [09/Mar/2026:09:17:43 +0100] "GET /wp-admin/admin.php?page=e-form-submissions HTTP/1.0" 200 23190 "https://halkfinanz.inglory.de/wp-admin/admin.php?page=e-form-submissions" "Mozilla/5.0 (Macintosh; Intel Mac OS X 10_15_7) AppleWebKit/537.36 (KHTML, like Gecko) Chrome/145.0.0.0 Safari/537.36"
103.164.254.165 - - [09/Mar/2026:09:17:43 +0100] "GET /wp-content/plugins/elementor/assets/lib/eicons/css/elementor-icons.min.css?ver=5.47.0 HTTP/1.0" 304 3899 "https://halkfinanz.inglory.de/wp-admin/admin.php?page=e-form-submissions" "Mozilla/5.0 (Macintosh; Intel Mac OS X 10_15_7) AppleWebKit/537.36 (KHTML, like Gecko) Chrome/145.0.0.0 Safari/537.36"
103.164.254.165 - - [09/Mar/2026:09:17:43 +0100] "GET /wp-includes/js/dist/i18n.min.js?ver=c26c3dc7bed366793375 HTTP/1.0" 304 3899 "https://halkfinanz.inglory.de/wp-admin/admin.php?page=e-form-submissions" "Mozilla/5.0 (Macintosh; Intel Mac OS X 10_15_7) AppleWebKit/537.36 (KHTML, like Gecko) Chrome/145.0.0.0 Safari/537.36"
103.164.254.165 - - [09/Mar/2026:09:17:43 +0100] "GET /wp-includes/js/dist/a11y.min.js?ver=cb460b4676c94bd228ed HTTP/1.0" 304 3898 "https://halkfinanz.inglory.de/wp-admin/admin.php?page=e-form-submissions" "Mozilla/5.0 (Macintosh; Intel Mac OS X 10_15_7) AppleWebKit/537.36 (KHTML, like Gecko) Chrome/145.0.0.0 Safari/537.36"
103.164.254.165 - - [09/Mar/2026:09:17:44 +0100] "GET /wp-includes/js/underscore.min.js?ver=1.13.7 HTTP/1.0" 304 3899 "https://halkfinanz.inglory.de/wp-admin/admin.php?page=e-form-submissions" "Mozilla/5.0 (Macintosh; Intel Mac OS X 10_15_7) AppleWebKit/537.36 (KHTML, like Gecko) Chrome/145.0.0.0 Safari/537.36"
103.164.254.165 - - [09/Mar/2026:09:17:44 +0100] "GET /wp-includes/js/jquery/ui/core.min.js?ver=1.13.3 HTTP/1.0" 304 3899 "https://halkfinanz.inglory.de/wp-admin/admin.php?page=e-form-submissions" "Mozilla/5.0 (Macintosh; Intel Mac OS X 10_15_7) AppleWebKit/537.36 (KHTML, like Gecko) Chrome/145.0.0.0 Safari/537.36"
103.164.254.165 - - [09/Mar/2026:09:17:43 +0100] "GET /wp-content/plugins/elementor-pro/assets/css/modules/forms/submissions/admin.min.css?ver=3.35.1 HTTP/1.0" 404 130629 "https://halkfinanz.inglory.de/wp-admin/admin.php?page=e-form-submissions" "Mozilla/5.0 (Macintosh; Intel Mac OS X 10_15_7) AppleWebKit/537.36 (KHTML, like Gecko) Chrome/145.0.0.0 Safari/537.36"
103.164.254.165 - - [09/Mar/2026:09:17:45 +0100] "GET /wp-json/wp/v2/ HTTP/1.0" 200 236986 "https://halkfinanz.inglory.de/wp-admin/admin.php?page=e-form-submissions" "Mozilla/5.0 (Macintosh; Intel Mac OS X 10_15_7) AppleWebKit/537.36 (KHTML, like Gecko) Chrome/145.0.0.0 Safari/537.36"
103.164.254.165 - - [09/Mar/2026:09:17:45 +0100] "GET /wp-json/elementor/v1/form-submissions/1 HTTP/1.0" 200 5782 "https://halkfinanz.inglory.de/wp-admin/admin.php?page=e-form-submissions" "Mozilla/5.0 (Macintosh; Intel Mac OS X 10_15_7) AppleWebKit/537.36 (KHTML, like Gecko) Chrome/145.0.0.0 Safari/537.36"
103.164.254.165 - - [09/Mar/2026:09:17:45 +0100] "GET /wp-json/elementor-one/v1/settings?sb_time=1773044265104&_locale=user HTTP/1.0" 200 4843 "https://halkfinanz.inglory.de/wp-admin/admin.php?page=e-form-submissions" "Mozilla/5.0 (Macintosh; Intel Mac OS X 10_15_7) AppleWebKit/537.36 (KHTML, like Gecko) Chrome/145.0.0.0 Safari/537.36"
103.164.254.165 - - [09/Mar/2026:09:17:45 +0100] "PUT /wp-json/elementor/v1/form-submissions/1 HTTP/1.0" 200 5753 "https://halkfinanz.inglory.de/wp-admin/admin.php?page=e-form-submissions" "Mozilla/5.0 (Macintosh; Intel Mac OS X 10_15_7) AppleWebKit/537.36 (KHTML, like Gecko) Chrome/145.0.0.0 Safari/537.36"
103.164.254.165 - - [09/Mar/2026:09:17:55 +0100] "GET /wp-json/elementor/v1/checklist/user-progress HTTP/1.0" 200 5128 "https://halkfinanz.inglory.de/wp-admin/post.php?post=16&action=elementor" "Mozilla/5.0 (Macintosh; Intel Mac OS X 10_15_7) AppleWebKit/537.36 (KHTML, like Gecko) Chrome/145.0.0.0 Safari/537.36"
103.164.254.165 - - [09/Mar/2026:09:17:55 +0100] "POST /wp-admin/admin-ajax.php HTTP/1.0" 200 4408 "https://halkfinanz.inglory.de/wp-admin/post.php?post=16&action=elementor" "Mozilla/5.0 (Macintosh; Intel Mac OS X 10_15_7) AppleWebKit/537.36 (KHTML, like Gecko) Chrome/145.0.0.0 Safari/537.36"
103.164.254.165 - - [09/Mar/2026:09:17:56 +0100] "GET /wp-json/elementor/v1/checklist/user-progress HTTP/1.0" 200 5128 "https://halkfinanz.inglory.de/wp-admin/post.php?post=760&action=elementor" "Mozilla/5.0 (Macintosh; Intel Mac OS X 10_15_7) AppleWebKit/537.36 (KHTML, like Gecko) Chrome/145.0.0.0 Safari/537.36"
103.164.254.165 - - [09/Mar/2026:09:17:56 +0100] "POST /wp-admin/admin-ajax.php HTTP/1.0" 200 4408 "https://halkfinanz.inglory.de/wp-admin/post.php?post=760&action=elementor" "Mozilla/5.0 (Macintosh; Intel Mac OS X 10_15_7) AppleWebKit/537.36 (KHTML, like Gecko) Chrome/145.0.0.0 Safari/537.36"
103.164.254.165 - - [09/Mar/2026:09:17:58 +0100] "GET /wp-json/elementor/v1/checklist/user-progress HTTP/1.0" 200 5128 "https://halkfinanz.inglory.de/wp-admin/post.php?post=16&action=elementor" "Mozilla/5.0 (Macintosh; Intel Mac OS X 10_15_7) AppleWebKit/537.36 (KHTML, like Gecko) Chrome/145.0.0.0 Safari/537.36"
94.130.90.54 - - [09/Mar/2026:09:18:04 +0100] "GET /wp-content/plugins/elementor/assets/css/common.min.css?ver=3.35.6 HTTP/1.1" 304 3412 "https://halkfinanz.inglory.de/" "Serf/1.3.9 (mod_pagespeed/1.13.35.2-0)"
103.164.254.165 - - [09/Mar/2026:09:18:03 +0100] "GET / HTTP/1.0" 200 52769 "https://halkfinanz.inglory.de/?elementor-preview=16&ver=1773044195" "Mozilla/5.0 (Macintosh; Intel Mac OS X 10_15_7) AppleWebKit/537.36 (KHTML, like Gecko) Chrome/145.0.0.0 Safari/537.36"
94.130.90.54 - - [09/Mar/2026:09:18:04 +0100] "GET /wp-content/plugins/elementor-pro/assets/css/modules/notes.min.css?ver=3.35.1 HTTP/1.1" 200 4722 "https://halkfinanz.inglory.de/" "Serf/1.3.9 (mod_pagespeed/1.13.35.2-0)"
94.130.90.54 - - [09/Mar/2026:09:18:04 +0100] "GET /wp-content/plugins/elementor/assets/css/admin-bar.min.css?ver=3.35.6 HTTP/1.1" 200 4156 "https://halkfinanz.inglory.de/" "Serf/1.3.9 (mod_pagespeed/1.13.35.2-0)"
94.130.90.54 - - [09/Mar/2026:09:18:04 +0100] "GET /wp-includes/js/jquery/ui/mouse.min.js?ver=1.13.3 HTTP/1.1" 304 3411 "https://halkfinanz.inglory.de/" "Serf/1.3.9 (mod_pagespeed/1.13.35.2-0)"
94.130.90.54 - - [09/Mar/2026:09:18:04 +0100] "GET /wp-includes/js/jquery/ui/draggable.min.js?ver=1.13.3 HTTP/1.1" 304 3412 "https://halkfinanz.inglory.de/" "Serf/1.3.9 (mod_pagespeed/1.13.35.2-0)"
94.130.90.54 - - [09/Mar/2026:09:18:04 +0100] "GET /wp-includes/js/backbone.min.js?ver=1.6.0 HTTP/1.1" 304 3412 "https://halkfinanz.inglory.de/" "Serf/1.3.9 (mod_pagespeed/1.13.35.2-0)"
94.130.90.54 - - [09/Mar/2026:09:18:04 +0100] "GET /wp-content/plugins/elementor/assets/lib/backbone/backbone.marionette.min.js?ver=2.4.5.e1 HTTP/1.1" 304 3412 "https://halkfinanz.inglory.de/" "Serf/1.3.9 (mod_pagespeed/1.13.35.2-0)"
94.130.90.54 - - [09/Mar/2026:09:18:04 +0100] "GET /wp-content/plugins/elementor/assets/lib/backbone/backbone.radio.min.js?ver=1.0.4 HTTP/1.1" 304 3411 "https://halkfinanz.inglory.de/" "Serf/1.3.9 (mod_pagespeed/1.13.35.2-0)"
94.130.90.54 - - [09/Mar/2026:09:18:04 +0100] "GET /wp-content/plugins/elementor-pro/assets/lib/smartmenus/jquery.smartmenus.min.js?ver=1.2.1 HTTP/1.1" 200 27721 "https://halkfinanz.inglory.de/" "Serf/1.3.9 (mod_pagespeed/1.13.35.2-0)"
94.130.90.54 - - [09/Mar/2026:09:18:04 +0100] "GET /wp-content/plugins/elementor-pro/assets/lib/sticky/jquery.sticky.min.js?ver=3.35.1 HTTP/1.1" 200 7302 "https://halkfinanz.inglory.de/" "Serf/1.3.9 (mod_pagespeed/1.13.35.2-0)"
94.130.90.54 - - [09/Mar/2026:09:18:04 +0100] "GET /wp-content/uploads/img-1.jpg HTTP/1.1" 200 219746 "https://halkfinanz.inglory.de/" "Serf/1.3.9 (mod_pagespeed/1.13.35.2-0)"
94.130.90.54 - - [09/Mar/2026:09:18:04 +0100] "GET /wp-content/uploads/img-1.jpg HTTP/1.1" 200 219746 "https://halkfinanz.inglory.de/" "Serf/1.3.9 (mod_pagespeed/1.13.35.2-0)"
94.130.90.54 - - [09/Mar/2026:09:18:04 +0100] "GET /wp-content/uploads/img-1-286x300.jpg HTTP/1.1" 304 3412 "https://halkfinanz.inglory.de/" "Serf/1.3.9 (mod_pagespeed/1.13.35.2-0)"
94.130.90.54 - - [09/Mar/2026:09:18:04 +0100] "GET /wp-content/uploads/img-1-975x1024.jpg HTTP/1.1" 304 3413 "https://halkfinanz.inglory.de/" "Serf/1.3.9 (mod_pagespeed/1.13.35.2-0)"
94.130.90.54 - - [09/Mar/2026:09:18:04 +0100] "GET /wp-content/uploads/img-1-768x807.jpg HTTP/1.1" 304 3413 "https://halkfinanz.inglory.de/" "Serf/1.3.9 (mod_pagespeed/1.13.35.2-0)"
94.130.90.54 - - [09/Mar/2026:09:18:04 +0100] "GET /wp-content/uploads/img-1-1462x1536.jpg HTTP/1.1" 304 3413 "https://halkfinanz.inglory.de/" "Serf/1.3.9 (mod_pagespeed/1.13.35.2-0)"
94.130.90.54 - - [09/Mar/2026:09:18:04 +0100] "GET /wp-content/uploads/logo.png HTTP/1.1" 200 12809 "https://halkfinanz.inglory.de/" "Serf/1.3.9 (mod_pagespeed/1.13.35.2-0)"
94.130.90.54 - - [09/Mar/2026:09:18:04 +0100] "GET /wp-content/uploads/logo-1.png HTTP/1.1" 200 8885 "https://halkfinanz.inglory.de/" "Serf/1.3.9 (mod_pagespeed/1.13.35.2-0)"
