94.130.90.54 - - [08/Mar/2026:23:14:08 +0100] "GET /wp-content/plugins/elementor-pro/assets/css/modules/notes.min.css?ver=3.35.1 HTTP/1.1" 200 4722 "https://halkfinanz.inglory.de/?elementor_library=freebie&preview_id=760&preview_nonce=e93434c6b4&preview=true" "Serf/1.3.9 (mod_pagespeed/1.13.35.2-0)"
94.130.90.54 - - [08/Mar/2026:23:14:08 +0100] "GET /wp-content/plugins/elementor/assets/css/admin-bar.min.css?ver=3.35.6 HTTP/1.1" 200 4156 "https://halkfinanz.inglory.de/?elementor_library=freebie&preview_id=760&preview_nonce=e93434c6b4&preview=true" "Serf/1.3.9 (mod_pagespeed/1.13.35.2-0)"
94.130.90.54 - - [08/Mar/2026:23:14:08 +0100] "GET /wp-content/uploads/elementor/css/post-6.css?ver=1773002502 HTTP/1.1" 200 7749 "https://halkfinanz.inglory.de/?elementor_library=freebie&preview_id=760&preview_nonce=e93434c6b4&preview=true" "Serf/1.3.9 (mod_pagespeed/1.13.35.2-0)"
94.130.90.54 - - [08/Mar/2026:23:14:08 +0100] "GET /wp-content/plugins/elementor/assets/css/widget-divider.min.css?ver=3.35.6 HTTP/1.1" 200 7826 "https://halkfinanz.inglory.de/?elementor_library=freebie&preview_id=760&preview_nonce=e93434c6b4&preview=true" "Serf/1.3.9 (mod_pagespeed/1.13.35.2-0)"
94.130.90.54 - - [08/Mar/2026:23:14:08 +0100] "GET /wp-content/plugins/elementor-pro/assets/css/widget-form.min.css?ver=3.35.1 HTTP/1.1" 200 10366 "https://halkfinanz.inglory.de/?elementor_library=freebie&preview_id=760&preview_nonce=e93434c6b4&preview=true" "Serf/1.3.9 (mod_pagespeed/1.13.35.2-0)"
94.130.90.54 - - [08/Mar/2026:23:14:08 +0100] "GET /wp-content/plugins/elementor/assets/lib/animations/styles/zoomIn.min.css?ver=3.35.6 HTTP/1.1" 200 3642 "https://halkfinanz.inglory.de/?elementor_library=freebie&preview_id=760&preview_nonce=e93434c6b4&preview=true" "Serf/1.3.9 (mod_pagespeed/1.13.35.2-0)"
94.130.90.54 - - [08/Mar/2026:23:14:08 +0100] "GET /wp-content/plugins/elementor-pro/assets/css/conditionals/popup.min.css?ver=3.35.1 HTTP/1.1" 200 4532 "https://halkfinanz.inglory.de/?elementor_library=freebie&preview_id=760&preview_nonce=e93434c6b4&preview=true" "Serf/1.3.9 (mod_pagespeed/1.13.35.2-0)"
94.130.90.54 - - [08/Mar/2026:23:14:08 +0100] "GET /wp-content/uploads/elementor/css/post-19.css?ver=1773002503 HTTP/1.1" 200 9093 "https://halkfinanz.inglory.de/?elementor_library=freebie&preview_id=760&preview_nonce=e93434c6b4&preview=true" "Serf/1.3.9 (mod_pagespeed/1.13.35.2-0)"
94.130.90.54 - - [08/Mar/2026:23:14:08 +0100] "GET /wp-content/uploads/elementor/css/post-20.css?ver=1773002503 HTTP/1.1" 200 27281 "https://halkfinanz.inglory.de/?elementor_library=freebie&preview_id=760&preview_nonce=e93434c6b4&preview=true" "Serf/1.3.9 (mod_pagespeed/1.13.35.2-0)"
94.130.90.54 - - [08/Mar/2026:23:14:08 +0100] "GET /wp-content/uploads/elementor/css/post-432.css?ver=1773002503 HTTP/1.1" 200 10250 "https://halkfinanz.inglory.de/?elementor_library=freebie&preview_id=760&preview_nonce=e93434c6b4&preview=true" "Serf/1.3.9 (mod_pagespeed/1.13.35.2-0)"
94.130.90.54 - - [08/Mar/2026:23:14:08 +0100] "GET /wp-content/plugins/elementor/assets/lib/font-awesome/css/fontawesome.min.css?ver=5.15.3 HTTP/1.1" 200 61727 "https://halkfinanz.inglory.de/?elementor_library=freebie&preview_id=760&preview_nonce=e93434c6b4&preview=true" "Serf/1.3.9 (mod_pagespeed/1.13.35.2-0)"
94.130.90.54 - - [08/Mar/2026:23:14:08 +0100] "GET /wp-content/plugins/elementor/assets/lib/font-awesome/css/solid.min.css?ver=5.15.3 HTTP/1.1" 304 3411 "https://halkfinanz.inglory.de/?elementor_library=freebie&preview_id=760&preview_nonce=e93434c6b4&preview=true" "Serf/1.3.9 (mod_pagespeed/1.13.35.2-0)"
94.130.90.54 - - [08/Mar/2026:23:14:08 +0100] "GET /wp-content/plugins/elementor/assets/lib/font-awesome/css/brands.min.css?ver=5.15.3 HTTP/1.1" 304 3411 "https://halkfinanz.inglory.de/?elementor_library=freebie&preview_id=760&preview_nonce=e93434c6b4&preview=true" "Serf/1.3.9 (mod_pagespeed/1.13.35.2-0)"
94.130.90.54 - - [08/Mar/2026:23:14:08 +0100] "GET /wp-content/uploads/elementor/css/post-111.css?ver=1773002503 HTTP/1.1" 200 10973 "https://halkfinanz.inglory.de/?elementor_library=freebie&preview_id=760&preview_nonce=e93434c6b4&preview=true" "Serf/1.3.9 (mod_pagespeed/1.13.35.2-0)"
94.130.90.54 - - [08/Mar/2026:23:14:08 +0100] "GET /wp-content/plugins/elementor/assets/lib/animations/styles/fadeInDown.min.css?ver=3.35.6 HTTP/1.1" 200 3673 "https://halkfinanz.inglory.de/?elementor_library=freebie&preview_id=760&preview_nonce=e93434c6b4&preview=true" "Serf/1.3.9 (mod_pagespeed/1.13.35.2-0)"
94.130.90.54 - - [08/Mar/2026:23:14:08 +0100] "GET /wp-includes/js/jquery/ui/core.min.js?ver=1.13.3 HTTP/1.1" 304 3412 "https://halkfinanz.inglory.de/?elementor_library=freebie&preview_id=760&preview_nonce=e93434c6b4&preview=true" "Serf/1.3.9 (mod_pagespeed/1.13.35.2-0)"
94.130.90.54 - - [08/Mar/2026:23:14:08 +0100] "GET /wp-includes/js/jquery/ui/mouse.min.js?ver=1.13.3 HTTP/1.1" 304 3411 "https://halkfinanz.inglory.de/?elementor_library=freebie&preview_id=760&preview_nonce=e93434c6b4&preview=true" "Serf/1.3.9 (mod_pagespeed/1.13.35.2-0)"
94.130.90.54 - - [08/Mar/2026:23:14:08 +0100] "GET /wp-includes/js/jquery/ui/draggable.min.js?ver=1.13.3 HTTP/1.1" 304 3412 "https://halkfinanz.inglory.de/?elementor_library=freebie&preview_id=760&preview_nonce=e93434c6b4&preview=true" "Serf/1.3.9 (mod_pagespeed/1.13.35.2-0)"
94.130.90.54 - - [08/Mar/2026:23:14:08 +0100] "GET /wp-includes/js/backbone.min.js?ver=1.6.0 HTTP/1.1" 304 3412 "https://halkfinanz.inglory.de/?elementor_library=freebie&preview_id=760&preview_nonce=e93434c6b4&preview=true" "Serf/1.3.9 (mod_pagespeed/1.13.35.2-0)"
94.130.90.54 - - [08/Mar/2026:23:14:08 +0100] "GET /wp-content/plugins/elementor/assets/lib/backbone/backbone.marionette.min.js?ver=2.4.5.e1 HTTP/1.1" 304 3412 "https://halkfinanz.inglory.de/?elementor_library=freebie&preview_id=760&preview_nonce=e93434c6b4&preview=true" "Serf/1.3.9 (mod_pagespeed/1.13.35.2-0)"
94.130.90.54 - - [08/Mar/2026:23:14:08 +0100] "GET /wp-content/plugins/elementor/assets/lib/backbone/backbone.radio.min.js?ver=1.0.4 HTTP/1.1" 304 3411 "https://halkfinanz.inglory.de/?elementor_library=freebie&preview_id=760&preview_nonce=e93434c6b4&preview=true" "Serf/1.3.9 (mod_pagespeed/1.13.35.2-0)"
94.130.90.54 - - [08/Mar/2026:23:14:08 +0100] "GET /wp-content/plugins/elementor/assets/js/elementor-admin-bar.min.js?ver=3.35.6 HTTP/1.1" 200 10895 "https://halkfinanz.inglory.de/?elementor_library=freebie&preview_id=760&preview_nonce=e93434c6b4&preview=true" "Serf/1.3.9 (mod_pagespeed/1.13.35.2-0)"
94.130.90.54 - - [08/Mar/2026:23:14:08 +0100] "GET /wp-includes/js/hoverintent-js.min.js?ver=2.2.1 HTTP/1.1" 304 3411 "https://halkfinanz.inglory.de/?elementor_library=freebie&preview_id=760&preview_nonce=e93434c6b4&preview=true" "Serf/1.3.9 (mod_pagespeed/1.13.35.2-0)"
94.130.90.54 - - [08/Mar/2026:23:14:08 +0100] "GET /wp-content/uploads/cropped-favicon-32x32.png HTTP/1.1" 304 3411 "https://halkfinanz.inglory.de/?elementor_library=freebie&preview_id=760&preview_nonce=e93434c6b4&preview=true" "Serf/1.3.9 (mod_pagespeed/1.13.35.2-0)"
94.130.90.54 - - [08/Mar/2026:23:14:08 +0100] "GET /wp-content/uploads/cropped-favicon-192x192.png HTTP/1.1" 304 3412 "https://halkfinanz.inglory.de/?elementor_library=freebie&preview_id=760&preview_nonce=e93434c6b4&preview=true" "Serf/1.3.9 (mod_pagespeed/1.13.35.2-0)"
94.130.90.54 - - [08/Mar/2026:23:14:08 +0100] "GET /wp-content/uploads/cropped-favicon-180x180.png HTTP/1.1" 304 3412 "https://halkfinanz.inglory.de/?elementor_library=freebie&preview_id=760&preview_nonce=e93434c6b4&preview=true" "Serf/1.3.9 (mod_pagespeed/1.13.35.2-0)"
94.130.90.54 - - [08/Mar/2026:23:14:08 +0100] "GET /wp-content/uploads/users-1-1.png HTTP/1.1" 304 3412 "https://halkfinanz.inglory.de/?elementor_library=freebie&preview_id=760&preview_nonce=e93434c6b4&preview=true" "Serf/1.3.9 (mod_pagespeed/1.13.35.2-0)"
94.130.90.54 - - [08/Mar/2026:23:14:08 +0100] "GET /wp-content/uploads/users-1-1-300x75.png HTTP/1.1" 304 3412 "https://halkfinanz.inglory.de/?elementor_library=freebie&preview_id=760&preview_nonce=e93434c6b4&preview=true" "Serf/1.3.9 (mod_pagespeed/1.13.35.2-0)"
94.130.90.54 - - [08/Mar/2026:23:14:08 +0100] "GET /wp-content/uploads/freebiemockupv2.png HTTP/1.1" 304 3414 "https://halkfinanz.inglory.de/?elementor_library=freebie&preview_id=760&preview_nonce=e93434c6b4&preview=true" "Serf/1.3.9 (mod_pagespeed/1.13.35.2-0)"
94.130.90.54 - - [08/Mar/2026:23:14:08 +0100] "GET /wp-content/uploads/freebiemockupv2-300x286.png HTTP/1.1" 304 3413 "https://halkfinanz.inglory.de/?elementor_library=freebie&preview_id=760&preview_nonce=e93434c6b4&preview=true" "Serf/1.3.9 (mod_pagespeed/1.13.35.2-0)"
94.130.90.54 - - [08/Mar/2026:23:14:08 +0100] "GET /wp-content/uploads/freebiemockupv2-768x732.png HTTP/1.1" 304 3413 "https://halkfinanz.inglory.de/?elementor_library=freebie&preview_id=760&preview_nonce=e93434c6b4&preview=true" "Serf/1.3.9 (mod_pagespeed/1.13.35.2-0)"
80.187.67.145 - - [08/Mar/2026:23:14:08 +0100] "GET /wp-content/plugins/elementor/assets/lib/eicons/css/elementor-icons.min.css?ver=5.47.0 HTTP/1.0" 304 3899 "https://halkfinanz.inglory.de/?elementor_library=freebie&preview_id=760&preview_nonce=e93434c6b4&preview=true" "Mozilla/5.0 (Macintosh; Intel Mac OS X 10_15_7) AppleWebKit/537.36 (KHTML, like Gecko) Chrome/145.0.0.0 Safari/537.36"
94.130.90.54 - - [08/Mar/2026:23:14:08 +0100] "GET /wp-content/uploads/elementor/css/post-760.css?ver=1773008047 HTTP/1.1" 200 14989 "https://halkfinanz.inglory.de/?elementor_library=freebie&preview_id=760&preview_nonce=e93434c6b4&preview=true" "Serf/1.3.9 (mod_pagespeed/1.13.35.2-0)"
94.130.90.54 - - [08/Mar/2026:23:14:08 +0100] "GET /wp-includes/js/jquery/jquery.min.js?ver=3.7.1 HTTP/1.1" 304 3413 "https://halkfinanz.inglory.de/?elementor_library=freebie&preview_id=760&preview_nonce=e93434c6b4&preview=true" "Serf/1.3.9 (mod_pagespeed/1.13.35.2-0)"
94.130.90.54 - - [08/Mar/2026:23:14:08 +0100] "GET /wp-includes/js/jquery/jquery-migrate.min.js?ver=3.4.1 HTTP/1.1" 304 3412 "https://halkfinanz.inglory.de/?elementor_library=freebie&preview_id=760&preview_nonce=e93434c6b4&preview=true" "Serf/1.3.9 (mod_pagespeed/1.13.35.2-0)"
94.130.90.54 - - [08/Mar/2026:23:14:08 +0100] "GET /wp-content/plugins/elementor/assets/js/web-cli.min.js?ver=3.35.6 HTTP/1.1" 304 3413 "https://halkfinanz.inglory.de/?elementor_library=freebie&preview_id=760&preview_nonce=e93434c6b4&preview=true" "Serf/1.3.9 (mod_pagespeed/1.13.35.2-0)"
94.130.90.54 - - [08/Mar/2026:23:14:08 +0100] "GET /wp-includes/js/dist/vendor/react.min.js?ver=18.3.1.1 HTTP/1.1" 304 3412 "https://halkfinanz.inglory.de/?elementor_library=freebie&preview_id=760&preview_nonce=e93434c6b4&preview=true" "Serf/1.3.9 (mod_pagespeed/1.13.35.2-0)"
94.130.90.54 - - [08/Mar/2026:23:14:08 +0100] "GET /wp-includes/js/dist/vendor/react-dom.min.js?ver=18.3.1.1 HTTP/1.1" 304 3413 "https://halkfinanz.inglory.de/?elementor_library=freebie&preview_id=760&preview_nonce=e93434c6b4&preview=true" "Serf/1.3.9 (mod_pagespeed/1.13.35.2-0)"
94.130.90.54 - - [08/Mar/2026:23:14:08 +0100] "GET /wp-includes/js/dist/hooks.min.js?ver=dd5603f07f9220ed27f1 HTTP/1.1" 200 9243 "https://halkfinanz.inglory.de/?elementor_library=freebie&preview_id=760&preview_nonce=e93434c6b4&preview=true" "Serf/1.3.9 (mod_pagespeed/1.13.35.2-0)"
94.130.90.54 - - [08/Mar/2026:23:14:08 +0100] "GET /wp-content/plugins/elementor/assets/js/common-modules.min.js?ver=3.35.6 HTTP/1.1" 304 3413 "https://halkfinanz.inglory.de/?elementor_library=freebie&preview_id=760&preview_nonce=e93434c6b4&preview=true" "Serf/1.3.9 (mod_pagespeed/1.13.35.2-0)"
94.130.90.54 - - [08/Mar/2026:23:14:08 +0100] "GET /wp-content/plugins/elementor/assets/lib/dialog/dialog.min.js?ver=4.9.4 HTTP/1.1" 304 3412 "https://halkfinanz.inglory.de/?elementor_library=freebie&preview_id=760&preview_nonce=e93434c6b4&preview=true" "Serf/1.3.9 (mod_pagespeed/1.13.35.2-0)"
94.130.90.54 - - [08/Mar/2026:23:14:08 +0100] "GET /wp-includes/js/api-request.min.js?ver=6.9.1 HTTP/1.1" 304 3411 "https://halkfinanz.inglory.de/?elementor_library=freebie&preview_id=760&preview_nonce=e93434c6b4&preview=true" "Serf/1.3.9 (mod_pagespeed/1.13.35.2-0)"
94.130.90.54 - - [08/Mar/2026:23:14:08 +0100] "GET /wp-content/plugins/elementor/assets/js/dev-tools.min.js?ver=3.35.6 HTTP/1.1" 304 3412 "https://halkfinanz.inglory.de/?elementor_library=freebie&preview_id=760&preview_nonce=e93434c6b4&preview=true" "Serf/1.3.9 (mod_pagespeed/1.13.35.2-0)"
94.130.90.54 - - [08/Mar/2026:23:14:08 +0100] "GET /wp-content/plugins/elementor/assets/js/common.min.js?ver=3.35.6 HTTP/1.1" 304 3413 "https://halkfinanz.inglory.de/?elementor_library=freebie&preview_id=760&preview_nonce=e93434c6b4&preview=true" "Serf/1.3.9 (mod_pagespeed/1.13.35.2-0)"
94.130.90.54 - - [08/Mar/2026:23:14:08 +0100] "GET /wp-content/plugins/elementor/assets/js/app-loader.min.js?ver=3.35.6 HTTP/1.1" 304 3413 "https://halkfinanz.inglory.de/?elementor_library=freebie&preview_id=760&preview_nonce=e93434c6b4&preview=true" "Serf/1.3.9 (mod_pagespeed/1.13.35.2-0)"
94.130.90.54 - - [08/Mar/2026:23:14:08 +0100] "GET /wp-content/plugins/elementor/assets/js/frontend.min.js?ver=3.35.6 HTTP/1.1" 304 3412 "https://halkfinanz.inglory.de/?elementor_library=freebie&preview_id=760&preview_nonce=e93434c6b4&preview=true" "Serf/1.3.9 (mod_pagespeed/1.13.35.2-0)"
94.130.90.54 - - [08/Mar/2026:23:14:08 +0100] "GET /wp-content/plugins/elementor-pro/assets/js/frontend.min.js?ver=3.35.1 HTTP/1.1" 304 3412 "https://halkfinanz.inglory.de/?elementor_library=freebie&preview_id=760&preview_nonce=e93434c6b4&preview=true" "Serf/1.3.9 (mod_pagespeed/1.13.35.2-0)"
94.130.90.54 - - [08/Mar/2026:23:14:08 +0100] "GET /wp-content/plugins/elementor-pro/assets/js/elements-handlers.min.js?ver=3.35.1 HTTP/1.1" 304 3412 "https://halkfinanz.inglory.de/?elementor_library=freebie&preview_id=760&preview_nonce=e93434c6b4&preview=true" "Serf/1.3.9 (mod_pagespeed/1.13.35.2-0)"
80.187.67.145 - - [08/Mar/2026:23:14:07 +0100] "POST /wp-admin/admin-ajax.php HTTP/1.0" 200 4549 "https://halkfinanz.inglory.de/wp-admin/post.php?post=760&action=elementor" "Mozilla/5.0 (Macintosh; Intel Mac OS X 10_15_7) AppleWebKit/537.36 (KHTML, like Gecko) Chrome/145.0.0.0 Safari/537.36"
80.187.67.145 - - [08/Mar/2026:23:14:08 +0100] "GET /wp-content/uploads/elementor/css/post-760.css?ver=1773008047 HTTP/1.0" 200 6091 "https://halkfinanz.inglory.de/?elementor_library=freebie&preview_id=760&preview_nonce=e93434c6b4&preview=true" "Mozilla/5.0 (Macintosh; Intel Mac OS X 10_15_7) AppleWebKit/537.36 (KHTML, like Gecko) Chrome/145.0.0.0 Safari/537.36"
80.187.67.145 - - [08/Mar/2026:23:14:08 +0100] "GET /wp-includes/js/dist/i18n.min.js?ver=c26c3dc7bed366793375 HTTP/1.0" 304 3899 "https://halkfinanz.inglory.de/?elementor_library=freebie&preview_id=760&preview_nonce=e93434c6b4&preview=true" "Mozilla/5.0 (Macintosh; Intel Mac OS X 10_15_7) AppleWebKit/537.36 (KHTML, like Gecko) Chrome/145.0.0.0 Safari/537.36"
80.187.67.145 - - [08/Mar/2026:23:14:08 +0100] "GET /wp-content/plugins/elementor-pro/assets/js/notes/notes-app-initiator.min.js?ver=3.35.1 HTTP/1.0" 304 3898 "https://halkfinanz.inglory.de/?elementor_library=freebie&preview_id=760&preview_nonce=e93434c6b4&preview=true" "Mozilla/5.0 (Macintosh; Intel Mac OS X 10_15_7) AppleWebKit/537.36 (KHTML, like Gecko) Chrome/145.0.0.0 Safari/537.36"
80.187.67.145 - - [08/Mar/2026:23:14:08 +0100] "GET /wp-includes/js/underscore.min.js?ver=1.13.7 HTTP/1.0" 304 3899 "https://halkfinanz.inglory.de/?elementor_library=freebie&preview_id=760&preview_nonce=e93434c6b4&preview=true" "Mozilla/5.0 (Macintosh; Intel Mac OS X 10_15_7) AppleWebKit/537.36 (KHTML, like Gecko) Chrome/145.0.0.0 Safari/537.36"
80.187.67.145 - - [08/Mar/2026:23:14:08 +0100] "GET /wp-content/plugins/elementor/assets/js/webpack.runtime.min.js?ver=3.35.6 HTTP/1.0" 304 3899 "https://halkfinanz.inglory.de/?elementor_library=freebie&preview_id=760&preview_nonce=e93434c6b4&preview=true" "Mozilla/5.0 (Macintosh; Intel Mac OS X 10_15_7) AppleWebKit/537.36 (KHTML, like Gecko) Chrome/145.0.0.0 Safari/537.36"
80.187.67.145 - - [08/Mar/2026:23:14:08 +0100] "GET /wp-content/plugins/elementor-pro/assets/lib/smartmenus/jquery.smartmenus.min.js?ver=1.2.1 HTTP/1.0" 304 3899 "https://halkfinanz.inglory.de/?elementor_library=freebie&preview_id=760&preview_nonce=e93434c6b4&preview=true" "Mozilla/5.0 (Macintosh; Intel Mac OS X 10_15_7) AppleWebKit/537.36 (KHTML, like Gecko) Chrome/145.0.0.0 Safari/537.36"
80.187.67.145 - - [08/Mar/2026:23:14:08 +0100] "GET /wp-content/plugins/elementor-pro/assets/lib/sticky/jquery.sticky.min.js?ver=3.35.1 HTTP/1.0" 304 3898 "https://halkfinanz.inglory.de/?elementor_library=freebie&preview_id=760&preview_nonce=e93434c6b4&preview=true" "Mozilla/5.0 (Macintosh; Intel Mac OS X 10_15_7) AppleWebKit/537.36 (KHTML, like Gecko) Chrome/145.0.0.0 Safari/537.36"
80.187.67.145 - - [08/Mar/2026:23:14:08 +0100] "GET /wp-content/plugins/elementor-pro/assets/js/webpack-pro.runtime.min.js?ver=3.35.1 HTTP/1.0" 304 3899 "https://halkfinanz.inglory.de/?elementor_library=freebie&preview_id=760&preview_nonce=e93434c6b4&preview=true" "Mozilla/5.0 (Macintosh; Intel Mac OS X 10_15_7) AppleWebKit/537.36 (KHTML, like Gecko) Chrome/145.0.0.0 Safari/537.36"
80.187.67.145 - - [08/Mar/2026:23:14:08 +0100] "GET /wp-includes/js/admin-bar.min.js?ver=6.9.1 HTTP/1.0" 304 3898 "https://halkfinanz.inglory.de/?elementor_library=freebie&preview_id=760&preview_nonce=e93434c6b4&preview=true" "Mozilla/5.0 (Macintosh; Intel Mac OS X 10_15_7) AppleWebKit/537.36 (KHTML, like Gecko) Chrome/145.0.0.0 Safari/537.36"
80.187.67.145 - - [08/Mar/2026:23:14:09 +0100] "GET /wp-content/uploads/freebiemockupv2-768x732.png HTTP/1.0" 200 605218 "https://halkfinanz.inglory.de/?elementor_library=freebie&elementor-preview=760&ver=1773007827" "Mozilla/5.0 (Macintosh; Intel Mac OS X 10_15_7) AppleWebKit/537.36 (KHTML, like Gecko) Chrome/145.0.0.0 Safari/537.36"
80.187.67.145 - - [08/Mar/2026:23:14:09 +0100] "POST /mod_pagespeed_beacon?url=https%3A%2F%2Fhalkfinanz.inglory.de%2F%3Felementor_library%3Dfreebie%26preview_id%3D760%26preview_nonce%3De93434c6b4%26preview%3Dtrue HTTP/1.0" 204 3905 "https://halkfinanz.inglory.de/?elementor_library=freebie&preview_id=760&preview_nonce=e93434c6b4&preview=true" "Mozilla/5.0 (Macintosh; Intel Mac OS X 10_15_7) AppleWebKit/537.36 (KHTML, like Gecko) Chrome/145.0.0.0 Safari/537.36"
80.187.67.145 - - [08/Mar/2026:23:14:09 +0100] "POST /wp-admin/admin-ajax.php HTTP/1.0" 200 4408 "https://halkfinanz.inglory.de/wp-admin/post.php?post=760&action=elementor" "Mozilla/5.0 (Macintosh; Intel Mac OS X 10_15_7) AppleWebKit/537.36 (KHTML, like Gecko) Chrome/145.0.0.0 Safari/537.36"
80.187.67.145 - - [08/Mar/2026:23:14:24 +0100] "POST /wp-admin/admin-ajax.php HTTP/1.0" 200 4408 "https://halkfinanz.inglory.de/wp-admin/post.php?post=760&action=elementor" "Mozilla/5.0 (Macintosh; Intel Mac OS X 10_15_7) AppleWebKit/537.36 (KHTML, like Gecko) Chrome/145.0.0.0 Safari/537.36"
80.187.67.145 - - [08/Mar/2026:23:14:34 +0100] "POST /wp-admin/admin-ajax.php HTTP/1.0" 200 4408 "https://halkfinanz.inglory.de/wp-admin/post.php?post=16&action=elementor" "Mozilla/5.0 (Macintosh; Intel Mac OS X 10_15_7) AppleWebKit/537.36 (KHTML, like Gecko) Chrome/145.0.0.0 Safari/537.36"
80.187.67.145 - - [08/Mar/2026:23:14:38 +0100] "GET /wp-json/elementor/v1/checklist/user-progress HTTP/1.0" 200 5128 "https://halkfinanz.inglory.de/wp-admin/post.php?post=760&action=elementor" "Mozilla/5.0 (Macintosh; Intel Mac OS X 10_15_7) AppleWebKit/537.36 (KHTML, like Gecko) Chrome/145.0.0.0 Safari/537.36"
80.187.67.145 - - [08/Mar/2026:23:14:39 +0100] "POST /wp-admin/admin-ajax.php HTTP/1.0" 200 4408 "https://halkfinanz.inglory.de/wp-admin/post.php?post=760&action=elementor" "Mozilla/5.0 (Macintosh; Intel Mac OS X 10_15_7) AppleWebKit/537.36 (KHTML, like Gecko) Chrome/145.0.0.0 Safari/537.36"
80.187.67.145 - - [08/Mar/2026:23:14:54 +0100] "POST /wp-admin/admin-ajax.php HTTP/1.0" 200 4408 "https://halkfinanz.inglory.de/wp-admin/post.php?post=760&action=elementor" "Mozilla/5.0 (Macintosh; Intel Mac OS X 10_15_7) AppleWebKit/537.36 (KHTML, like Gecko) Chrome/145.0.0.0 Safari/537.36"
80.187.67.145 - - [08/Mar/2026:23:14:56 +0100] "GET /wp-json/elementor/v1/checklist/user-progress HTTP/1.0" 200 5128 "https://halkfinanz.inglory.de/wp-admin/post.php?post=760&action=elementor" "Mozilla/5.0 (Macintosh; Intel Mac OS X 10_15_7) AppleWebKit/537.36 (KHTML, like Gecko) Chrome/145.0.0.0 Safari/537.36"
80.187.67.145 - - [08/Mar/2026:23:14:56 +0100] "POST /wp-admin/admin-ajax.php HTTP/1.0" 200 5196 "https://halkfinanz.inglory.de/wp-admin/post.php?post=760&action=elementor" "Mozilla/5.0 (Macintosh; Intel Mac OS X 10_15_7) AppleWebKit/537.36 (KHTML, like Gecko) Chrome/145.0.0.0 Safari/537.36"
80.187.67.145 - - [08/Mar/2026:23:14:57 +0100] "GET /wp-json/elementor/v1/checklist/user-progress HTTP/1.0" 200 5128 "https://halkfinanz.inglory.de/wp-admin/post.php?post=760&action=elementor" "Mozilla/5.0 (Macintosh; Intel Mac OS X 10_15_7) AppleWebKit/537.36 (KHTML, like Gecko) Chrome/145.0.0.0 Safari/537.36"
94.130.90.54 - - [08/Mar/2026:23:14:58 +0100] "GET /wp-content/uploads/elementor/css/post-760.css?ver=1773008098 HTTP/1.1" 200 15093 "https://halkfinanz.inglory.de/?elementor_library=freebie&preview_id=760&preview_nonce=e93434c6b4&preview=true" "Serf/1.3.9 (mod_pagespeed/1.13.35.2-0)"
80.187.67.145 - - [08/Mar/2026:23:14:57 +0100] "GET /?elementor_library=freebie&preview_id=760&preview_nonce=e93434c6b4&preview=true HTTP/1.0" 200 31430 "https://halkfinanz.inglory.de/wp-admin/post.php?post=760&action=elementor" "Mozilla/5.0 (Macintosh; Intel Mac OS X 10_15_7) AppleWebKit/537.36 (KHTML, like Gecko) Chrome/145.0.0.0 Safari/537.36"
94.130.90.54 - - [08/Mar/2026:23:14:58 +0100] "GET /wp-content/plugins/elementor-pro/assets/js/notes/notes-app-initiator.min.js?ver=3.35.1 HTTP/1.1" 200 7139 "https://halkfinanz.inglory.de/?elementor_library=freebie&preview_id=760&preview_nonce=e93434c6b4&preview=true" "Serf/1.3.9 (mod_pagespeed/1.13.35.2-0)"
80.187.67.145 - - [08/Mar/2026:23:14:58 +0100] "POST /wp-admin/admin-ajax.php HTTP/1.0" 200 4549 "https://halkfinanz.inglory.de/wp-admin/post.php?post=760&action=elementor" "Mozilla/5.0 (Macintosh; Intel Mac OS X 10_15_7) AppleWebKit/537.36 (KHTML, like Gecko) Chrome/145.0.0.0 Safari/537.36"
80.187.67.145 - - [08/Mar/2026:23:14:58 +0100] "GET /wp-includes/css/dashicons.min.css?ver=6.9.1 HTTP/1.0" 304 3899 "https://halkfinanz.inglory.de/?elementor_library=freebie&preview_id=760&preview_nonce=e93434c6b4&preview=true" "Mozilla/5.0 (Macintosh; Intel Mac OS X 10_15_7) AppleWebKit/537.36 (KHTML, like Gecko) Chrome/145.0.0.0 Safari/537.36"
80.187.67.145 - - [08/Mar/2026:23:14:58 +0100] "GET /wp-content/plugins/elementor/assets/lib/eicons/css/elementor-icons.min.css?ver=5.47.0 HTTP/1.0" 304 3899 "https://halkfinanz.inglory.de/?elementor_library=freebie&preview_id=760&preview_nonce=e93434c6b4&preview=true" "Mozilla/5.0 (Macintosh; Intel Mac OS X 10_15_7) AppleWebKit/537.36 (KHTML, like Gecko) Chrome/145.0.0.0 Safari/537.36"
80.187.67.145 - - [08/Mar/2026:23:14:58 +0100] "GET /wp-content/themes/hello-elementor/assets/css/reset.css?ver=3.4.6 HTTP/1.0" 304 3927 "https://halkfinanz.inglory.de/?elementor_library=freebie&preview_id=760&preview_nonce=e93434c6b4&preview=true" "Mozilla/5.0 (Macintosh; Intel Mac OS X 10_15_7) AppleWebKit/537.36 (KHTML, like Gecko) Chrome/145.0.0.0 Safari/537.36"
80.187.67.145 - - [08/Mar/2026:23:14:58 +0100] "GET /wp-content/themes/hello-elementor/assets/css/theme.css?ver=3.4.6 HTTP/1.0" 304 3927 "https://halkfinanz.inglory.de/?elementor_library=freebie&preview_id=760&preview_nonce=e93434c6b4&preview=true" "Mozilla/5.0 (Macintosh; Intel Mac OS X 10_15_7) AppleWebKit/537.36 (KHTML, like Gecko) Chrome/145.0.0.0 Safari/537.36"
80.187.67.145 - - [08/Mar/2026:23:14:58 +0100] "GET /wp-content/themes/hello-elementor/assets/css/header-footer.css?ver=3.4.6 HTTP/1.0" 304 3927 "https://halkfinanz.inglory.de/?elementor_library=freebie&preview_id=760&preview_nonce=e93434c6b4&preview=true" "Mozilla/5.0 (Macintosh; Intel Mac OS X 10_15_7) AppleWebKit/537.36 (KHTML, like Gecko) Chrome/145.0.0.0 Safari/537.36"
80.187.67.145 - - [08/Mar/2026:23:14:58 +0100] "GET /wp-content/plugins/elementor/assets/css/frontend.min.css?ver=3.35.6 HTTP/1.0" 304 3927 "https://halkfinanz.inglory.de/?elementor_library=freebie&preview_id=760&preview_nonce=e93434c6b4&preview=true" "Mozilla/5.0 (Macintosh; Intel Mac OS X 10_15_7) AppleWebKit/537.36 (KHTML, like Gecko) Chrome/145.0.0.0 Safari/537.36"
80.187.67.145 - - [08/Mar/2026:23:14:58 +0100] "GET /wp-content/plugins/elementor/assets/css/widget-image.min.css?ver=3.35.6 HTTP/1.0" 304 3925 "https://halkfinanz.inglory.de/?elementor_library=freebie&preview_id=760&preview_nonce=e93434c6b4&preview=true" "Mozilla/5.0 (Macintosh; Intel Mac OS X 10_15_7) AppleWebKit/537.36 (KHTML, like Gecko) Chrome/145.0.0.0 Safari/537.36"
80.187.67.145 - - [08/Mar/2026:23:14:58 +0100] "GET /wp-content/plugins/elementor-pro/assets/css/modules/sticky.min.css?ver=3.35.1 HTTP/1.0" 304 3925 "https://halkfinanz.inglory.de/?elementor_library=freebie&preview_id=760&preview_nonce=e93434c6b4&preview=true" "Mozilla/5.0 (Macintosh; Intel Mac OS X 10_15_7) AppleWebKit/537.36 (KHTML, like Gecko) Chrome/145.0.0.0 Safari/537.36"
80.187.67.145 - - [08/Mar/2026:23:14:58 +0100] "GET /wp-content/plugins/elementor/assets/css/widget-heading.min.css?ver=3.35.6 HTTP/1.0" 304 3926 "https://halkfinanz.inglory.de/?elementor_library=freebie&preview_id=760&preview_nonce=e93434c6b4&preview=true" "Mozilla/5.0 (Macintosh; Intel Mac OS X 10_15_7) AppleWebKit/537.36 (KHTML, like Gecko) Chrome/145.0.0.0 Safari/537.36"
80.187.67.145 - - [08/Mar/2026:23:14:58 +0100] "GET /wp-content/plugins/elementor/assets/css/widget-icon-box.min.css?ver=3.35.6 HTTP/1.0" 304 3927 "https://halkfinanz.inglory.de/?elementor_library=freebie&preview_id=760&preview_nonce=e93434c6b4&preview=true" "Mozilla/5.0 (Macintosh; Intel Mac OS X 10_15_7) AppleWebKit/537.36 (KHTML, like Gecko) Chrome/145.0.0.0 Safari/537.36"
80.187.67.145 - - [08/Mar/2026:23:14:58 +0100] "GET /wp-content/plugins/elementor/assets/css/widget-icon-list.min.css?ver=3.35.6 HTTP/1.0" 304 3927 "https://halkfinanz.inglory.de/?elementor_library=freebie&preview_id=760&preview_nonce=e93434c6b4&preview=true" "Mozilla/5.0 (Macintosh; Intel Mac OS X 10_15_7) AppleWebKit/537.36 (KHTML, like Gecko) Chrome/145.0.0.0 Safari/537.36"
80.187.67.145 - - [08/Mar/2026:23:14:58 +0100] "GET /wp-content/plugins/elementor/assets/lib/animations/styles/fadeInUp.min.css?ver=3.35.6 HTTP/1.0" 304 3925 "https://halkfinanz.inglory.de/?elementor_library=freebie&preview_id=760&preview_nonce=e93434c6b4&preview=true" "Mozilla/5.0 (Macintosh; Intel Mac OS X 10_15_7) AppleWebKit/537.36 (KHTML, like Gecko) Chrome/145.0.0.0 Safari/537.36"
80.187.67.145 - - [08/Mar/2026:23:14:58 +0100] "GET /wp-content/plugins/elementor/assets/lib/animations/styles/fadeInRight.min.css?ver=3.35.6 HTTP/1.0" 304 3925 "https://halkfinanz.inglory.de/?elementor_library=freebie&preview_id=760&preview_nonce=e93434c6b4&preview=true" "Mozilla/5.0 (Macintosh; Intel Mac OS X 10_15_7) AppleWebKit/537.36 (KHTML, like Gecko) Chrome/145.0.0.0 Safari/537.36"
80.187.67.145 - - [08/Mar/2026:23:14:58 +0100] "GET /wp-content/plugins/elementor-pro/assets/css/modules/notes.min.css?ver=3.35.1 HTTP/1.0" 304 3926 "https://halkfinanz.inglory.de/?elementor_library=freebie&preview_id=760&preview_nonce=e93434c6b4&preview=true" "Mozilla/5.0 (Macintosh; Intel Mac OS X 10_15_7) AppleWebKit/537.36 (KHTML, like Gecko) Chrome/145.0.0.0 Safari/537.36"
80.187.67.145 - - [08/Mar/2026:23:14:58 +0100] "GET /wp-content/plugins/elementor/assets/css/admin-bar.min.css?ver=3.35.6 HTTP/1.0" 304 3926 "https://halkfinanz.inglory.de/?elementor_library=freebie&preview_id=760&preview_nonce=e93434c6b4&preview=true" "Mozilla/5.0 (Macintosh; Intel Mac OS X 10_15_7) AppleWebKit/537.36 (KHTML, like Gecko) Chrome/145.0.0.0 Safari/537.36"
80.187.67.145 - - [08/Mar/2026:23:14:58 +0100] "GET /wp-content/plugins/elementor/assets/lib/animations/styles/zoomIn.min.css?ver=3.35.6 HTTP/1.0" 304 3925 "https://halkfinanz.inglory.de/?elementor_library=freebie&preview_id=760&preview_nonce=e93434c6b4&preview=true" "Mozilla/5.0 (Macintosh; Intel Mac OS X 10_15_7) AppleWebKit/537.36 (KHTML, like Gecko) Chrome/145.0.0.0 Safari/537.36"
80.187.67.145 - - [08/Mar/2026:23:14:58 +0100] "GET /wp-content/plugins/elementor-pro/assets/css/conditionals/popup.min.css?ver=3.35.1 HTTP/1.0" 304 3926 "https://halkfinanz.inglory.de/?elementor_library=freebie&preview_id=760&preview_nonce=e93434c6b4&preview=true" "Mozilla/5.0 (Macintosh; Intel Mac OS X 10_15_7) AppleWebKit/537.36 (KHTML, like Gecko) Chrome/145.0.0.0 Safari/537.36"
80.187.67.145 - - [08/Mar/2026:23:14:58 +0100] "GET /wp-content/uploads/elementor/css/post-760.css?ver=1773008098 HTTP/1.0" 200 6098 "https://halkfinanz.inglory.de/?elementor_library=freebie&preview_id=760&preview_nonce=e93434c6b4&preview=true" "Mozilla/5.0 (Macintosh; Intel Mac OS X 10_15_7) AppleWebKit/537.36 (KHTML, like Gecko) Chrome/145.0.0.0 Safari/537.36"
80.187.67.145 - - [08/Mar/2026:23:14:58 +0100] "GET /wp-content/plugins/elementor/assets/lib/animations/styles/fadeInDown.min.css?ver=3.35.6 HTTP/1.0" 304 3925 "https://halkfinanz.inglory.de/?elementor_library=freebie&preview_id=760&preview_nonce=e93434c6b4&preview=true" "Mozilla/5.0 (Macintosh; Intel Mac OS X 10_15_7) AppleWebKit/537.36 (KHTML, like Gecko) Chrome/145.0.0.0 Safari/537.36"
80.187.67.145 - - [08/Mar/2026:23:14:58 +0100] "GET /wp-includes/js/dist/hooks.min.js?ver=dd5603f07f9220ed27f1 HTTP/1.0" 304 3927 "https://halkfinanz.inglory.de/?elementor_library=freebie&preview_id=760&preview_nonce=e93434c6b4&preview=true" "Mozilla/5.0 (Macintosh; Intel Mac OS X 10_15_7) AppleWebKit/537.36 (KHTML, like Gecko) Chrome/145.0.0.0 Safari/537.36"
80.187.67.145 - - [08/Mar/2026:23:14:58 +0100] "GET /wp-includes/js/dist/i18n.min.js?ver=c26c3dc7bed366793375 HTTP/1.0" 304 3899 "https://halkfinanz.inglory.de/?elementor_library=freebie&preview_id=760&preview_nonce=e93434c6b4&preview=true" "Mozilla/5.0 (Macintosh; Intel Mac OS X 10_15_7) AppleWebKit/537.36 (KHTML, like Gecko) Chrome/145.0.0.0 Safari/537.36"
80.187.67.145 - - [08/Mar/2026:23:14:58 +0100] "GET /wp-content/plugins/elementor-pro/assets/js/notes/notes.min.js?ver=3.35.1 HTTP/1.0" 304 3899 "https://halkfinanz.inglory.de/?elementor_library=freebie&preview_id=760&preview_nonce=e93434c6b4&preview=true" "Mozilla/5.0 (Macintosh; Intel Mac OS X 10_15_7) AppleWebKit/537.36 (KHTML, like Gecko) Chrome/145.0.0.0 Safari/537.36"
80.187.67.145 - - [08/Mar/2026:23:14:58 +0100] "GET /wp-content/plugins/elementor-pro/assets/js/notes/notes-app-initiator.min.js?ver=3.35.1 HTTP/1.0" 304 3926 "https://halkfinanz.inglory.de/?elementor_library=freebie&preview_id=760&preview_nonce=e93434c6b4&preview=true" "Mozilla/5.0 (Macintosh; Intel Mac OS X 10_15_7) AppleWebKit/537.36 (KHTML, like Gecko) Chrome/145.0.0.0 Safari/537.36"
80.187.67.145 - - [08/Mar/2026:23:14:58 +0100] "GET /wp-includes/js/underscore.min.js?ver=1.13.7 HTTP/1.0" 304 3899 "https://halkfinanz.inglory.de/?elementor_library=freebie&preview_id=760&preview_nonce=e93434c6b4&preview=true" "Mozilla/5.0 (Macintosh; Intel Mac OS X 10_15_7) AppleWebKit/537.36 (KHTML, like Gecko) Chrome/145.0.0.0 Safari/537.36"
80.187.67.145 - - [08/Mar/2026:23:14:58 +0100] "GET /wp-content/plugins/elementor/assets/js/frontend-modules.min.js?ver=3.35.6 HTTP/1.0" 304 3899 "https://halkfinanz.inglory.de/?elementor_library=freebie&preview_id=760&preview_nonce=e93434c6b4&preview=true" "Mozilla/5.0 (Macintosh; Intel Mac OS X 10_15_7) AppleWebKit/537.36 (KHTML, like Gecko) Chrome/145.0.0.0 Safari/537.36"
80.187.67.145 - - [08/Mar/2026:23:14:58 +0100] "GET /wp-content/plugins/elementor/assets/lib/dialog/dialog.min.js?ver=4.9.4 HTTP/1.0" 304 3927 "https://halkfinanz.inglory.de/?elementor_library=freebie&preview_id=760&preview_nonce=e93434c6b4&preview=true" "Mozilla/5.0 (Macintosh; Intel Mac OS X 10_15_7) AppleWebKit/537.36 (KHTML, like Gecko) Chrome/145.0.0.0 Safari/537.36"
80.187.67.145 - - [08/Mar/2026:23:14:58 +0100] "GET /wp-content/plugins/elementor/assets/js/webpack.runtime.min.js?ver=3.35.6 HTTP/1.0" 304 3899 "https://halkfinanz.inglory.de/?elementor_library=freebie&preview_id=760&preview_nonce=e93434c6b4&preview=true" "Mozilla/5.0 (Macintosh; Intel Mac OS X 10_15_7) AppleWebKit/537.36 (KHTML, like Gecko) Chrome/145.0.0.0 Safari/537.36"
80.187.67.145 - - [08/Mar/2026:23:14:58 +0100] "GET /wp-content/plugins/elementor-pro/assets/js/webpack-pro.runtime.min.js?ver=3.35.1 HTTP/1.0" 304 3899 "https://halkfinanz.inglory.de/?elementor_library=freebie&preview_id=760&preview_nonce=e93434c6b4&preview=true" "Mozilla/5.0 (Macintosh; Intel Mac OS X 10_15_7) AppleWebKit/537.36 (KHTML, like Gecko) Chrome/145.0.0.0 Safari/537.36"
80.187.67.145 - - [08/Mar/2026:23:14:58 +0100] "GET /wp-content/plugins/elementor-pro/assets/lib/smartmenus/jquery.smartmenus.min.js?ver=1.2.1 HTTP/1.0" 304 3927 "https://halkfinanz.inglory.de/?elementor_library=freebie&preview_id=760&preview_nonce=e93434c6b4&preview=true" "Mozilla/5.0 (Macintosh; Intel Mac OS X 10_15_7) AppleWebKit/537.36 (KHTML, like Gecko) Chrome/145.0.0.0 Safari/537.36"
80.187.67.145 - - [08/Mar/2026:23:14:58 +0100] "GET /wp-content/plugins/elementor-pro/assets/js/elements-handlers.min.js?ver=3.35.1 HTTP/1.0" 304 3927 "https://halkfinanz.inglory.de/?elementor_library=freebie&preview_id=760&preview_nonce=e93434c6b4&preview=true" "Mozilla/5.0 (Macintosh; Intel Mac OS X 10_15_7) AppleWebKit/537.36 (KHTML, like Gecko) Chrome/145.0.0.0 Safari/537.36"
80.187.67.145 - - [08/Mar/2026:23:14:58 +0100] "GET /wp-content/plugins/elementor-pro/assets/lib/sticky/jquery.sticky.min.js?ver=3.35.1 HTTP/1.0" 304 3926 "https://halkfinanz.inglory.de/?elementor_library=freebie&preview_id=760&preview_nonce=e93434c6b4&preview=true" "Mozilla/5.0 (Macintosh; Intel Mac OS X 10_15_7) AppleWebKit/537.36 (KHTML, like Gecko) Chrome/145.0.0.0 Safari/537.36"
80.187.67.145 - - [08/Mar/2026:23:14:58 +0100] "GET /wp-content/plugins/elementor-pro/assets/js/frontend.min.js?ver=3.35.1 HTTP/1.0" 304 3927 "https://halkfinanz.inglory.de/?elementor_library=freebie&preview_id=760&preview_nonce=e93434c6b4&preview=true" "Mozilla/5.0 (Macintosh; Intel Mac OS X 10_15_7) AppleWebKit/537.36 (KHTML, like Gecko) Chrome/145.0.0.0 Safari/537.36"
80.187.67.145 - - [08/Mar/2026:23:14:58 +0100] "GET /wp-includes/js/admin-bar.min.js?ver=6.9.1 HTTP/1.0" 304 3898 "https://halkfinanz.inglory.de/?elementor_library=freebie&preview_id=760&preview_nonce=e93434c6b4&preview=true" "Mozilla/5.0 (Macintosh; Intel Mac OS X 10_15_7) AppleWebKit/537.36 (KHTML, like Gecko) Chrome/145.0.0.0 Safari/537.36"
80.187.67.145 - - [08/Mar/2026:23:14:58 +0100] "GET /wp-content/plugins/elementor/assets/js/elementor-admin-bar.min.js?ver=3.35.6 HTTP/1.0" 304 3927 "https://halkfinanz.inglory.de/?elementor_library=freebie&preview_id=760&preview_nonce=e93434c6b4&preview=true" "Mozilla/5.0 (Macintosh; Intel Mac OS X 10_15_7) AppleWebKit/537.36 (KHTML, like Gecko) Chrome/145.0.0.0 Safari/537.36"
80.187.67.145 - - [08/Mar/2026:23:14:59 +0100] "POST /mod_pagespeed_beacon?url=https%3A%2F%2Fhalkfinanz.inglory.de%2F%3Felementor_library%3Dfreebie%26preview_id%3D760%26preview_nonce%3De93434c6b4%26preview%3Dtrue HTTP/1.0" 204 3905 "https://halkfinanz.inglory.de/?elementor_library=freebie&preview_id=760&preview_nonce=e93434c6b4&preview=true" "Mozilla/5.0 (Macintosh; Intel Mac OS X 10_15_7) AppleWebKit/537.36 (KHTML, like Gecko) Chrome/145.0.0.0 Safari/537.36"
94.130.90.54 - - [08/Mar/2026:23:15:06 +0100] "GET /wp-content/plugins/elementor/assets/lib/swiper/v8/css/swiper.min.css?ver=8.4.5 HTTP/1.1" 200 20069 "https://halkfinanz.inglory.de/" "Serf/1.3.9 (mod_pagespeed/1.13.35.2-0)"
94.130.90.54 - - [08/Mar/2026:23:15:06 +0100] "GET /wp-content/plugins/elementor/assets/css/conditionals/e-swiper.min.css?ver=3.35.6 HTTP/1.1" 200 9054 "https://halkfinanz.inglory.de/" "Serf/1.3.9 (mod_pagespeed/1.13.35.2-0)"
80.187.67.145 - - [08/Mar/2026:23:15:05 +0100] "GET / HTTP/1.0" 200 52099 "https://halkfinanz.inglory.de/?elementor_library=freebie&preview_id=760&preview_nonce=e93434c6b4&preview=true" "Mozilla/5.0 (Macintosh; Intel Mac OS X 10_15_7) AppleWebKit/537.36 (KHTML, like Gecko) Chrome/145.0.0.0 Safari/537.36"
94.130.90.54 - - [08/Mar/2026:23:15:06 +0100] "GET /wp-content/plugins/elementor/assets/css/widget-image-carousel.min.css?ver=3.35.6 HTTP/1.1" 200 3879 "https://halkfinanz.inglory.de/" "Serf/1.3.9 (mod_pagespeed/1.13.35.2-0)"
94.130.90.54 - - [08/Mar/2026:23:15:06 +0100] "GET /wp-content/plugins/elementor/assets/css/widget-rating.min.css?ver=3.35.6 HTTP/1.1" 200 4848 "https://halkfinanz.inglory.de/" "Serf/1.3.9 (mod_pagespeed/1.13.35.2-0)"
94.130.90.54 - - [08/Mar/2026:23:15:06 +0100] "GET /wp-content/plugins/elementor-pro/assets/css/widget-nested-carousel.min.css?ver=3.35.1 HTTP/1.1" 200 13234 "https://halkfinanz.inglory.de/" "Serf/1.3.9 (mod_pagespeed/1.13.35.2-0)"
94.130.90.54 - - [08/Mar/2026:23:15:06 +0100] "GET /wp-content/plugins/Funnelforms-pro/res/frontend/styles/select.css?ver=3.8.1 HTTP/1.1" 200 19392 "https://halkfinanz.inglory.de/" "Serf/1.3.9 (mod_pagespeed/1.13.35.2-0)"
94.130.90.54 - - [08/Mar/2026:23:15:06 +0100] "GET /wp-content/plugins/Funnelforms-pro/res/frontend/styles/fontawesome_5.15.4.css?ver=3.8.1 HTTP/1.1" 200 80611 "https://halkfinanz.inglory.de/" "Serf/1.3.9 (mod_pagespeed/1.13.35.2-0)"
94.130.90.54 - - [08/Mar/2026:23:15:06 +0100] "GET /wp-content/uploads/img-1.jpg HTTP/1.1" 200 219746 "https://halkfinanz.inglory.de/" "Serf/1.3.9 (mod_pagespeed/1.13.35.2-0)"
94.130.90.54 - - [08/Mar/2026:23:15:06 +0100] "GET /wp-content/uploads/img-1.jpg HTTP/1.1" 200 219746 "https://halkfinanz.inglory.de/" "Serf/1.3.9 (mod_pagespeed/1.13.35.2-0)"
94.130.90.54 - - [08/Mar/2026:23:15:06 +0100] "GET /wp-content/uploads/img-1-286x300.jpg HTTP/1.1" 304 3412 "https://halkfinanz.inglory.de/" "Serf/1.3.9 (mod_pagespeed/1.13.35.2-0)"
94.130.90.54 - - [08/Mar/2026:23:15:06 +0100] "GET /wp-content/uploads/img-1-975x1024.jpg HTTP/1.1" 304 3413 "https://halkfinanz.inglory.de/" "Serf/1.3.9 (mod_pagespeed/1.13.35.2-0)"
94.130.90.54 - - [08/Mar/2026:23:15:06 +0100] "GET /wp-content/uploads/img-1-768x807.jpg HTTP/1.1" 304 3413 "https://halkfinanz.inglory.de/" "Serf/1.3.9 (mod_pagespeed/1.13.35.2-0)"
94.130.90.54 - - [08/Mar/2026:23:15:06 +0100] "GET /wp-content/uploads/img-1-1462x1536.jpg HTTP/1.1" 304 3413 "https://halkfinanz.inglory.de/" "Serf/1.3.9 (mod_pagespeed/1.13.35.2-0)"
94.130.90.54 - - [08/Mar/2026:23:15:06 +0100] "GET /wp-content/uploads/logo.png HTTP/1.1" 304 3412 "https://halkfinanz.inglory.de/" "Serf/1.3.9 (mod_pagespeed/1.13.35.2-0)"
94.130.90.54 - - [08/Mar/2026:23:15:06 +0100] "GET /wp-content/uploads/logo-1.png HTTP/1.1" 304 3412 "https://halkfinanz.inglory.de/" "Serf/1.3.9 (mod_pagespeed/1.13.35.2-0)"
94.130.90.54 - - [08/Mar/2026:23:15:06 +0100] "GET /wp-content/uploads/logo-2.png HTTP/1.1" 200 9487 "https://halkfinanz.inglory.de/" "Serf/1.3.9 (mod_pagespeed/1.13.35.2-0)"
94.130.90.54 - - [08/Mar/2026:23:15:06 +0100] "GET /wp-content/uploads/logo-3.png HTTP/1.1" 200 8951 "https://halkfinanz.inglory.de/" "Serf/1.3.9 (mod_pagespeed/1.13.35.2-0)"
94.130.90.54 - - [08/Mar/2026:23:15:06 +0100] "GET /wp-content/uploads/logo-4.png HTTP/1.1" 200 9387 "https://halkfinanz.inglory.de/" "Serf/1.3.9 (mod_pagespeed/1.13.35.2-0)"
94.130.90.54 - - [08/Mar/2026:23:15:06 +0100] "GET /wp-content/uploads/logo-5.png HTTP/1.1" 200 7741 "https://halkfinanz.inglory.de/" "Serf/1.3.9 (mod_pagespeed/1.13.35.2-0)"
94.130.90.54 - - [08/Mar/2026:23:15:06 +0100] "GET /wp-content/uploads/img-1-1.jpg HTTP/1.1" 200 237174 "https://halkfinanz.inglory.de/" "Serf/1.3.9 (mod_pagespeed/1.13.35.2-0)"
94.130.90.54 - - [08/Mar/2026:23:15:06 +0100] "GET /wp-content/uploads/img-1-1.jpg HTTP/1.1" 200 237174 "https://halkfinanz.inglory.de/" "Serf/1.3.9 (mod_pagespeed/1.13.35.2-0)"
94.130.90.54 - - [08/Mar/2026:23:15:06 +0100] "GET /wp-content/uploads/img-1-1-221x300.jpg HTTP/1.1" 304 3412 "https://halkfinanz.inglory.de/" "Serf/1.3.9 (mod_pagespeed/1.13.35.2-0)"
94.130.90.54 - - [08/Mar/2026:23:15:06 +0100] "GET /wp-content/uploads/img-1-1-756x1024.jpg HTTP/1.1" 304 3413 "https://halkfinanz.inglory.de/" "Serf/1.3.9 (mod_pagespeed/1.13.35.2-0)"
94.130.90.54 - - [08/Mar/2026:23:15:06 +0100] "GET /wp-content/uploads/img-1-1-768x1040.jpg HTTP/1.1" 304 3413 "https://halkfinanz.inglory.de/" "Serf/1.3.9 (mod_pagespeed/1.13.35.2-0)"
80.187.67.145 - - [08/Mar/2026:23:15:06 +0100] "GET /wp-content/plugins/elementor/assets/lib/eicons/css/elementor-icons.min.css?ver=5.47.0 HTTP/1.0" 304 3899 "https://halkfinanz.inglory.de/" "Mozilla/5.0 (Macintosh; Intel Mac OS X 10_15_7) AppleWebKit/537.36 (KHTML, like Gecko) Chrome/145.0.0.0 Safari/537.36"
80.187.67.145 - - [08/Mar/2026:23:15:06 +0100] "GET /wp-includes/css/dashicons.min.css?ver=6.9.1 HTTP/1.0" 304 3899 "https://halkfinanz.inglory.de/" "Mozilla/5.0 (Macintosh; Intel Mac OS X 10_15_7) AppleWebKit/537.36 (KHTML, like Gecko) Chrome/145.0.0.0 Safari/537.36"
80.187.67.145 - - [08/Mar/2026:23:15:06 +0100] "GET /wp-content/uploads/elementor/css/A.post-760.css,qver=1773008098.pagespeed.cf.D1O9nWSE56.css HTTP/1.0" 200 5893 "https://halkfinanz.inglory.de/" "Mozilla/5.0 (Macintosh; Intel Mac OS X 10_15_7) AppleWebKit/537.36 (KHTML, like Gecko) Chrome/145.0.0.0 Safari/537.36"
94.130.90.54 - - [08/Mar/2026:23:15:06 +0100] "GET /wp-content/uploads/img-1-1-1134x1536.jpg HTTP/1.1" 304 3413 "https://halkfinanz.inglory.de/" "Serf/1.3.9 (mod_pagespeed/1.13.35.2-0)"
80.187.67.145 - - [08/Mar/2026:23:15:06 +0100] "GET /wp-content/plugins/elementor-pro/assets/css/widget-nested-carousel.min.css?ver=3.35.1 HTTP/1.0" 304 3927 "https://halkfinanz.inglory.de/" "Mozilla/5.0 (Macintosh; Intel Mac OS X 10_15_7) AppleWebKit/537.36 (KHTML, like Gecko) Chrome/145.0.0.0 Safari/537.36"
94.130.90.54 - - [08/Mar/2026:23:15:06 +0100] "GET /wp-content/uploads/img-1.png HTTP/1.1" 200 92922 "https://halkfinanz.inglory.de/" "Serf/1.3.9 (mod_pagespeed/1.13.35.2-0)"
80.187.67.145 - - [08/Mar/2026:23:15:06 +0100] "GET /wp-content/plugins/elementor/assets/lib/swiper/v8/css/swiper.min.css?ver=8.4.5 HTTP/1.0" 304 3927 "https://halkfinanz.inglory.de/" "Mozilla/5.0 (Macintosh; Intel Mac OS X 10_15_7) AppleWebKit/537.36 (KHTML, like Gecko) Chrome/145.0.0.0 Safari/537.36"
80.187.67.145 - - [08/Mar/2026:23:15:06 +0100] "GET /wp-content/plugins/elementor/assets/css/conditionals/e-swiper.min.css?ver=3.35.6 HTTP/1.0" 304 3927 "https://halkfinanz.inglory.de/" "Mozilla/5.0 (Macintosh; Intel Mac OS X 10_15_7) AppleWebKit/537.36 (KHTML, like Gecko) Chrome/145.0.0.0 Safari/537.36"
80.187.67.145 - - [08/Mar/2026:23:15:06 +0100] "GET /wp-content/plugins/elementor/assets/css/widget-image-carousel.min.css?ver=3.35.6 HTTP/1.0" 304 3926 "https://halkfinanz.inglory.de/" "Mozilla/5.0 (Macintosh; Intel Mac OS X 10_15_7) AppleWebKit/537.36 (KHTML, like Gecko) Chrome/145.0.0.0 Safari/537.36"
80.187.67.145 - - [08/Mar/2026:23:15:06 +0100] "GET /wp-content/plugins/elementor/assets/css/widget-rating.min.css?ver=3.35.6 HTTP/1.0" 304 3926 "https://halkfinanz.inglory.de/" "Mozilla/5.0 (Macintosh; Intel Mac OS X 10_15_7) AppleWebKit/537.36 (KHTML, like Gecko) Chrome/145.0.0.0 Safari/537.36"
94.130.90.54 - - [08/Mar/2026:23:15:06 +0100] "GET /wp-content/uploads/img-1.png HTTP/1.1" 200 92922 "https://halkfinanz.inglory.de/" "Serf/1.3.9 (mod_pagespeed/1.13.35.2-0)"
94.130.90.54 - - [08/Mar/2026:23:15:06 +0100] "GET /wp-content/uploads/img-1-297x300.png HTTP/1.1" 304 3412 "https://halkfinanz.inglory.de/" "Serf/1.3.9 (mod_pagespeed/1.13.35.2-0)"
94.130.90.54 - - [08/Mar/2026:23:15:06 +0100] "GET /wp-content/uploads/img-2-1.png HTTP/1.1" 200 67452 "https://halkfinanz.inglory.de/" "Serf/1.3.9 (mod_pagespeed/1.13.35.2-0)"
94.130.90.54 - - [08/Mar/2026:23:15:06 +0100] "GET /wp-content/uploads/img-2-1.png HTTP/1.1" 200 67452 "https://halkfinanz.inglory.de/" "Serf/1.3.9 (mod_pagespeed/1.13.35.2-0)"
80.187.67.145 - - [08/Mar/2026:23:15:06 +0100] "GET /wp-content/uploads/elementor/css/post-16.css?ver=1773007798 HTTP/1.0" 200 13821 "https://halkfinanz.inglory.de/" "Mozilla/5.0 (Macintosh; Intel Mac OS X 10_15_7) AppleWebKit/537.36 (KHTML, like Gecko) Chrome/145.0.0.0 Safari/537.36"
94.130.90.54 - - [08/Mar/2026:23:15:06 +0100] "GET /wp-content/uploads/img-2-1-297x300.png HTTP/1.1" 304 3412 "https://halkfinanz.inglory.de/" "Serf/1.3.9 (mod_pagespeed/1.13.35.2-0)"
94.130.90.54 - - [08/Mar/2026:23:15:06 +0100] "GET /wp-content/uploads/img-3-1-scaled.jpg HTTP/1.1" 200 400700 "https://halkfinanz.inglory.de/" "Serf/1.3.9 (mod_pagespeed/1.13.35.2-0)"
94.130.90.54 - - [08/Mar/2026:23:15:06 +0100] "GET /wp-content/uploads/img-3-1-scaled.jpg HTTP/1.1" 200 400700 "https://halkfinanz.inglory.de/" "Serf/1.3.9 (mod_pagespeed/1.13.35.2-0)"
94.130.90.54 - - [08/Mar/2026:23:15:06 +0100] "GET /wp-content/uploads/img-3-1-160x300.jpg HTTP/1.1" 304 3412 "https://halkfinanz.inglory.de/" "Serf/1.3.9 (mod_pagespeed/1.13.35.2-0)"
94.130.90.54 - - [08/Mar/2026:23:15:06 +0100] "GET /wp-content/uploads/img-3-1-546x1024.jpg HTTP/1.1" 304 3413 "https://halkfinanz.inglory.de/" "Serf/1.3.9 (mod_pagespeed/1.13.35.2-0)"
94.130.90.54 - - [08/Mar/2026:23:15:06 +0100] "GET /wp-content/uploads/img-3-1-768x1440.jpg HTTP/1.1" 304 3413 "https://halkfinanz.inglory.de/" "Serf/1.3.9 (mod_pagespeed/1.13.35.2-0)"
94.130.90.54 - - [08/Mar/2026:23:15:06 +0100] "GET /wp-content/uploads/img-3-1-819x1536.jpg HTTP/1.1" 304 3413 "https://halkfinanz.inglory.de/" "Serf/1.3.9 (mod_pagespeed/1.13.35.2-0)"
94.130.90.54 - - [08/Mar/2026:23:15:06 +0100] "GET /wp-content/uploads/img-3-1-1092x2048.jpg HTTP/1.1" 304 3413 "https://halkfinanz.inglory.de/" "Serf/1.3.9 (mod_pagespeed/1.13.35.2-0)"
94.130.90.54 - - [08/Mar/2026:23:15:06 +0100] "GET /wp-content/uploads/img-4.jpg HTTP/1.1" 200 23658 "https://halkfinanz.inglory.de/" "Serf/1.3.9 (mod_pagespeed/1.13.35.2-0)"
94.130.90.54 - - [08/Mar/2026:23:15:06 +0100] "GET /wp-content/uploads/quote.png HTTP/1.1" 200 4471 "https://halkfinanz.inglory.de/" "Serf/1.3.9 (mod_pagespeed/1.13.35.2-0)"
94.130.90.54 - - [08/Mar/2026:23:15:06 +0100] "GET /wp-content/uploads/img-5.jpg HTTP/1.1" 200 21691 "https://halkfinanz.inglory.de/" "Serf/1.3.9 (mod_pagespeed/1.13.35.2-0)"
94.130.90.54 - - [08/Mar/2026:23:15:06 +0100] "GET /wp-content/uploads/freebiemockupv3-300x286.png HTTP/1.1" 304 3413 "https://halkfinanz.inglory.de/" "Serf/1.3.9 (mod_pagespeed/1.13.35.2-0)"
80.187.67.145 - - [08/Mar/2026:23:15:06 +0100] "GET /wp-content/uploads/logo.png HTTP/1.0" 304 3927 "https://halkfinanz.inglory.de/" "Mozilla/5.0 (Macintosh; Intel Mac OS X 10_15_7) AppleWebKit/537.36 (KHTML, like Gecko) Chrome/145.0.0.0 Safari/537.36"
94.130.90.54 - - [08/Mar/2026:23:15:06 +0100] "GET /wp-content/uploads/freebiemockupv3-1024x975.png HTTP/1.1" 304 3413 "https://halkfinanz.inglory.de/" "Serf/1.3.9 (mod_pagespeed/1.13.35.2-0)"
94.130.90.54 - - [08/Mar/2026:23:15:06 +0100] "GET /wp-content/uploads/freebiemockupv3-768x731.png HTTP/1.1" 304 3413 "https://halkfinanz.inglory.de/" "Serf/1.3.9 (mod_pagespeed/1.13.35.2-0)"
80.187.67.145 - - [08/Mar/2026:23:15:06 +0100] "GET /wp-content/uploads/logo-1.png HTTP/1.0" 304 3927 "https://halkfinanz.inglory.de/" "Mozilla/5.0 (Macintosh; Intel Mac OS X 10_15_7) AppleWebKit/537.36 (KHTML, like Gecko) Chrome/145.0.0.0 Safari/537.36"
94.130.90.54 - - [08/Mar/2026:23:15:06 +0100] "GET /wp-content/plugins/Funnelforms-pro/res/frontend/scripts/frontend.js?ver=3.8.1 HTTP/1.1" 304 3413 "https://halkfinanz.inglory.de/" "Serf/1.3.9 (mod_pagespeed/1.13.35.2-0)"
94.130.90.54 - - [08/Mar/2026:23:15:06 +0100] "GET /wp-content/plugins/Funnelforms-pro/res/frontend/scripts/dropzone.js?ver=3.8.1 HTTP/1.1" 304 3412 "https://halkfinanz.inglory.de/" "Serf/1.3.9 (mod_pagespeed/1.13.35.2-0)"
80.187.67.145 - - [08/Mar/2026:23:15:06 +0100] "GET /wp-content/plugins/Funnelforms-pro/res/frontend/styles/select.css?ver=3.8.1 HTTP/1.0" 304 3927 "https://halkfinanz.inglory.de/" "Mozilla/5.0 (Macintosh; Intel Mac OS X 10_15_7) AppleWebKit/537.36 (KHTML, like Gecko) Chrome/145.0.0.0 Safari/537.36"
94.130.90.54 - - [08/Mar/2026:23:15:06 +0100] "GET /wp-content/plugins/Funnelforms-pro/res/frontend/scripts/select.js?ver=3.8.1 HTTP/1.1" 304 3413 "https://halkfinanz.inglory.de/" "Serf/1.3.9 (mod_pagespeed/1.13.35.2-0)"
80.187.67.145 - - [08/Mar/2026:23:15:06 +0100] "GET /wp-content/plugins/Funnelforms-pro/res/frontend/styles/frontend.css?ver=3.8.1 HTTP/1.0" 304 3927 "https://halkfinanz.inglory.de/" "Mozilla/5.0 (Macintosh; Intel Mac OS X 10_15_7) AppleWebKit/537.36 (KHTML, like Gecko) Chrome/145.0.0.0 Safari/537.36"
94.130.90.54 - - [08/Mar/2026:23:15:06 +0100] "GET /wp-content/plugins/Funnelforms-pro/res/frontend/scripts/intlTelInputSelect2.js?ver=3.8.1 HTTP/1.1" 304 3412 "https://halkfinanz.inglory.de/" "Serf/1.3.9 (mod_pagespeed/1.13.35.2-0)"
94.130.90.54 - - [08/Mar/2026:23:15:06 +0100] "GET /wp-content/uploads/elementor/css/post-16.css?ver=1773007798 HTTP/1.1" 304 3413 "https://halkfinanz.inglory.de/" "Serf/1.3.9 (mod_pagespeed/1.13.35.2-0)"
94.130.90.54 - - [08/Mar/2026:23:15:06 +0100] "GET /wp-content/plugins/Funnelforms-pro/res/frontend/styles/frontend.css?ver=3.8.1 HTTP/1.1" 304 3412 "https://halkfinanz.inglory.de/" "Serf/1.3.9 (mod_pagespeed/1.13.35.2-0)"
94.130.90.54 - - [08/Mar/2026:23:15:06 +0100] "GET /wp-content/plugins/Funnelforms-pro/res/frontend/styles/intlTelInput.css?ver=3.8.1 HTTP/1.1" 304 3412 "https://halkfinanz.inglory.de/" "Serf/1.3.9 (mod_pagespeed/1.13.35.2-0)"
80.187.67.145 - - [08/Mar/2026:23:15:06 +0100] "GET /wp-content/plugins/Funnelforms-pro/res/frontend/styles/fontawesome_5.15.4.css?ver=3.8.1 HTTP/1.0" 304 3928 "https://halkfinanz.inglory.de/" "Mozilla/5.0 (Macintosh; Intel Mac OS X 10_15_7) AppleWebKit/537.36 (KHTML, like Gecko) Chrome/145.0.0.0 Safari/537.36"
