80.187.67.145 - - [08/Mar/2026:23:10:28 +0100] "GET /wp-content/plugins/elementor-pro/assets/js/mega-menu-editor.da6571bb00aaa3092eab.bundle.min.js HTTP/1.0" 200 7187 "https://halkfinanz.inglory.de/wp-admin/post.php?post=760&action=elementor" "Mozilla/5.0 (Macintosh; Intel Mac OS X 10_15_7) AppleWebKit/537.36 (KHTML, like Gecko) Chrome/145.0.0.0 Safari/537.36"
80.187.67.145 - - [08/Mar/2026:23:10:28 +0100] "GET /wp-content/plugins/elementor-pro/assets/js/nested-carousel-editor.6d7500036d0766bbe2fc.bundle.min.js HTTP/1.0" 200 4446 "https://halkfinanz.inglory.de/wp-admin/post.php?post=760&action=elementor" "Mozilla/5.0 (Macintosh; Intel Mac OS X 10_15_7) AppleWebKit/537.36 (KHTML, like Gecko) Chrome/145.0.0.0 Safari/537.36"
80.187.67.145 - - [08/Mar/2026:23:10:28 +0100] "GET /wp-content/plugins/elementor-pro/assets/js/off-canvas-editor.9d374fa1254f9efc259e.bundle.min.js HTTP/1.0" 200 5259 "https://halkfinanz.inglory.de/wp-admin/post.php?post=760&action=elementor" "Mozilla/5.0 (Macintosh; Intel Mac OS X 10_15_7) AppleWebKit/537.36 (KHTML, like Gecko) Chrome/145.0.0.0 Safari/537.36"
80.187.67.145 - - [08/Mar/2026:23:10:28 +0100] "GET /wp-json/elementor/v1/kit-elements-defaults HTTP/1.0" 200 4526 "https://halkfinanz.inglory.de/wp-admin/post.php?post=760&action=elementor" "Mozilla/5.0 (Macintosh; Intel Mac OS X 10_15_7) AppleWebKit/537.36 (KHTML, like Gecko) Chrome/145.0.0.0 Safari/537.36"
80.187.67.145 - - [08/Mar/2026:23:10:28 +0100] "GET /wp-json/elementor/v1/global-widget/templates HTTP/1.0" 200 4526 "https://halkfinanz.inglory.de/wp-admin/post.php?post=760&action=elementor" "Mozilla/5.0 (Macintosh; Intel Mac OS X 10_15_7) AppleWebKit/537.36 (KHTML, like Gecko) Chrome/145.0.0.0 Safari/537.36"
80.187.67.145 - - [08/Mar/2026:23:10:28 +0100] "POST /wp-admin/admin-ajax.php HTTP/1.0" 200 4408 "https://halkfinanz.inglory.de/wp-admin/post.php?post=760&action=elementor" "Mozilla/5.0 (Macintosh; Intel Mac OS X 10_15_7) AppleWebKit/537.36 (KHTML, like Gecko) Chrome/145.0.0.0 Safari/537.36"
80.187.67.145 - - [08/Mar/2026:23:10:28 +0100] "GET /wp-json/elementor/v1/checklist/user-progress HTTP/1.0" 200 5128 "https://halkfinanz.inglory.de/wp-admin/post.php?post=760&action=elementor" "Mozilla/5.0 (Macintosh; Intel Mac OS X 10_15_7) AppleWebKit/537.36 (KHTML, like Gecko) Chrome/145.0.0.0 Safari/537.36"
80.187.67.145 - - [08/Mar/2026:23:10:28 +0100] "GET /wp-json/elementor/v1/site-navigation/recent-posts?posts_per_page=6&_locale=user HTTP/1.0" 200 6002 "https://halkfinanz.inglory.de/wp-admin/post.php?post=760&action=elementor" "Mozilla/5.0 (Macintosh; Intel Mac OS X 10_15_7) AppleWebKit/537.36 (KHTML, like Gecko) Chrome/145.0.0.0 Safari/537.36"
94.130.90.54 - - [08/Mar/2026:23:10:29 +0100] "GET /wp-content/plugins/elementor/assets/css/widget-nested-tabs.min.css?ver=3.35.6 HTTP/1.1" 304 3412 "https://halkfinanz.inglory.de/?elementor_library=freebie&elementor-preview=760&ver=1773007827" "Serf/1.3.9 (mod_pagespeed/1.13.35.2-0)"
94.130.90.54 - - [08/Mar/2026:23:10:29 +0100] "GET /wp-content/plugins/elementor/assets/css/widget-nested-accordion.min.css?ver=3.35.6 HTTP/1.1" 304 3412 "https://halkfinanz.inglory.de/?elementor_library=freebie&elementor-preview=760&ver=1773007827" "Serf/1.3.9 (mod_pagespeed/1.13.35.2-0)"
94.130.90.54 - - [08/Mar/2026:23:10:29 +0100] "GET /wp-content/plugins/elementor/assets/css/widget-text-editor.min.css?ver=3.35.6 HTTP/1.1" 200 4217 "https://halkfinanz.inglory.de/?elementor_library=freebie&elementor-preview=760&ver=1773007827" "Serf/1.3.9 (mod_pagespeed/1.13.35.2-0)"
94.130.90.54 - - [08/Mar/2026:23:10:29 +0100] "GET /wp-content/plugins/elementor/assets/css/widget-video.min.css?ver=3.35.6 HTTP/1.1" 304 3411 "https://halkfinanz.inglory.de/?elementor_library=freebie&elementor-preview=760&ver=1773007827" "Serf/1.3.9 (mod_pagespeed/1.13.35.2-0)"
80.187.67.145 - - [08/Mar/2026:23:10:28 +0100] "GET /?elementor_library=freebie&elementor-preview=760&ver=1773007827 HTTP/1.0" 200 28156 "https://halkfinanz.inglory.de/wp-admin/post.php?post=760&action=elementor" "Mozilla/5.0 (Macintosh; Intel Mac OS X 10_15_7) AppleWebKit/537.36 (KHTML, like Gecko) Chrome/145.0.0.0 Safari/537.36"
94.130.90.54 - - [08/Mar/2026:23:10:29 +0100] "GET /wp-content/plugins/elementor/assets/css/widget-spacer.min.css?ver=3.35.6 HTTP/1.1" 304 3411 "https://halkfinanz.inglory.de/?elementor_library=freebie&elementor-preview=760&ver=1773007827" "Serf/1.3.9 (mod_pagespeed/1.13.35.2-0)"
94.130.90.54 - - [08/Mar/2026:23:10:29 +0100] "GET /wp-content/plugins/elementor/assets/css/widget-image-box.min.css?ver=3.35.6 HTTP/1.1" 200 5195 "https://halkfinanz.inglory.de/?elementor_library=freebie&elementor-preview=760&ver=1773007827" "Serf/1.3.9 (mod_pagespeed/1.13.35.2-0)"
94.130.90.54 - - [08/Mar/2026:23:10:29 +0100] "GET /wp-content/plugins/elementor/assets/css/widget-google_maps.min.css?ver=3.35.6 HTTP/1.1" 200 3798 "https://halkfinanz.inglory.de/?elementor_library=freebie&elementor-preview=760&ver=1773007827" "Serf/1.3.9 (mod_pagespeed/1.13.35.2-0)"
94.130.90.54 - - [08/Mar/2026:23:10:29 +0100] "GET /wp-content/plugins/elementor/assets/css/widget-star-rating.min.css?ver=3.35.6 HTTP/1.1" 200 8370 "https://halkfinanz.inglory.de/?elementor_library=freebie&elementor-preview=760&ver=1773007827" "Serf/1.3.9 (mod_pagespeed/1.13.35.2-0)"
94.130.90.54 - - [08/Mar/2026:23:10:29 +0100] "GET /wp-content/plugins/elementor/assets/css/widget-image-gallery.min.css?ver=3.35.6 HTTP/1.1" 304 3411 "https://halkfinanz.inglory.de/?elementor_library=freebie&elementor-preview=760&ver=1773007827" "Serf/1.3.9 (mod_pagespeed/1.13.35.2-0)"
94.130.90.54 - - [08/Mar/2026:23:10:29 +0100] "GET /wp-content/plugins/elementor/assets/css/widget-counter.min.css?ver=3.35.6 HTTP/1.1" 200 4290 "https://halkfinanz.inglory.de/?elementor_library=freebie&elementor-preview=760&ver=1773007827" "Serf/1.3.9 (mod_pagespeed/1.13.35.2-0)"
94.130.90.54 - - [08/Mar/2026:23:10:29 +0100] "GET /wp-content/plugins/elementor/assets/css/widget-progress.min.css?ver=3.35.6 HTTP/1.1" 200 4727 "https://halkfinanz.inglory.de/?elementor_library=freebie&elementor-preview=760&ver=1773007827" "Serf/1.3.9 (mod_pagespeed/1.13.35.2-0)"
94.130.90.54 - - [08/Mar/2026:23:10:29 +0100] "GET /wp-content/plugins/elementor/assets/css/widget-testimonial.min.css?ver=3.35.6 HTTP/1.1" 200 5184 "https://halkfinanz.inglory.de/?elementor_library=freebie&elementor-preview=760&ver=1773007827" "Serf/1.3.9 (mod_pagespeed/1.13.35.2-0)"
94.130.90.54 - - [08/Mar/2026:23:10:29 +0100] "GET /wp-content/plugins/elementor/assets/css/widget-tabs.min.css?ver=3.35.6 HTTP/1.1" 304 3412 "https://halkfinanz.inglory.de/?elementor_library=freebie&elementor-preview=760&ver=1773007827" "Serf/1.3.9 (mod_pagespeed/1.13.35.2-0)"
94.130.90.54 - - [08/Mar/2026:23:10:29 +0100] "GET /wp-content/plugins/elementor/assets/css/widget-accordion.min.css?ver=3.35.6 HTTP/1.1" 200 5282 "https://halkfinanz.inglory.de/?elementor_library=freebie&elementor-preview=760&ver=1773007827" "Serf/1.3.9 (mod_pagespeed/1.13.35.2-0)"
94.130.90.54 - - [08/Mar/2026:23:10:29 +0100] "GET /wp-content/plugins/elementor/assets/css/widget-toggle.min.css?ver=3.35.6 HTTP/1.1" 200 5085 "https://halkfinanz.inglory.de/?elementor_library=freebie&elementor-preview=760&ver=1773007827" "Serf/1.3.9 (mod_pagespeed/1.13.35.2-0)"
94.130.90.54 - - [08/Mar/2026:23:10:29 +0100] "GET /wp-content/plugins/elementor/assets/css/widget-social-icons.min.css?ver=3.35.6 HTTP/1.1" 304 3412 "https://halkfinanz.inglory.de/?elementor_library=freebie&elementor-preview=760&ver=1773007827" "Serf/1.3.9 (mod_pagespeed/1.13.35.2-0)"
94.130.90.54 - - [08/Mar/2026:23:10:29 +0100] "GET /wp-content/plugins/elementor/assets/css/conditionals/apple-webkit.min.css?ver=3.35.6 HTTP/1.1" 304 3412 "https://halkfinanz.inglory.de/?elementor_library=freebie&elementor-preview=760&ver=1773007827" "Serf/1.3.9 (mod_pagespeed/1.13.35.2-0)"
94.130.90.54 - - [08/Mar/2026:23:10:29 +0100] "GET /wp-content/plugins/elementor/assets/css/widget-alert.min.css?ver=3.35.6 HTTP/1.1" 200 5203 "https://halkfinanz.inglory.de/?elementor_library=freebie&elementor-preview=760&ver=1773007827" "Serf/1.3.9 (mod_pagespeed/1.13.35.2-0)"
94.130.90.54 - - [08/Mar/2026:23:10:29 +0100] "GET /wp-content/plugins/elementor/assets/css/widget-menu-anchor.min.css?ver=3.35.6 HTTP/1.1" 200 3604 "https://halkfinanz.inglory.de/?elementor_library=freebie&elementor-preview=760&ver=1773007827" "Serf/1.3.9 (mod_pagespeed/1.13.35.2-0)"
94.130.90.54 - - [08/Mar/2026:23:10:29 +0100] "GET /wp-content/plugins/elementor/assets/css/widget-text-path.min.css?ver=3.35.6 HTTP/1.1" 200 4582 "https://halkfinanz.inglory.de/?elementor_library=freebie&elementor-preview=760&ver=1773007827" "Serf/1.3.9 (mod_pagespeed/1.13.35.2-0)"
94.130.90.54 - - [08/Mar/2026:23:10:29 +0100] "GET /wp-content/plugins/elementor/assets/lib/font-awesome/css/regular.min.css?ver=5.15.3 HTTP/1.1" 200 4214 "https://halkfinanz.inglory.de/?elementor_library=freebie&elementor-preview=760&ver=1773007827" "Serf/1.3.9 (mod_pagespeed/1.13.35.2-0)"
94.130.90.54 - - [08/Mar/2026:23:10:29 +0100] "GET /wp-content/plugins/elementor/assets/css/widget-link-in-bio-base.min.css?ver=3.35.6 HTTP/1.1" 200 15968 "https://halkfinanz.inglory.de/?elementor_library=freebie&elementor-preview=760&ver=1773007827" "Serf/1.3.9 (mod_pagespeed/1.13.35.2-0)"
94.130.90.54 - - [08/Mar/2026:23:10:29 +0100] "GET /wp-content/plugins/elementor/assets/css/widget-contact-buttons-base.min.css?ver=3.35.6 HTTP/1.1" 304 3412 "https://halkfinanz.inglory.de/?elementor_library=freebie&elementor-preview=760&ver=1773007827" "Serf/1.3.9 (mod_pagespeed/1.13.35.2-0)"
94.130.90.54 - - [08/Mar/2026:23:10:29 +0100] "GET /wp-content/plugins/elementor/assets/css/widget-floating-bars-base.min.css?ver=3.35.6 HTTP/1.1" 304 3412 "https://halkfinanz.inglory.de/?elementor_library=freebie&elementor-preview=760&ver=1773007827" "Serf/1.3.9 (mod_pagespeed/1.13.35.2-0)"
94.130.90.54 - - [08/Mar/2026:23:10:29 +0100] "GET /wp-content/plugins/elementor-pro/assets/css/widget-posts.min.css?ver=3.35.1 HTTP/1.1" 200 20549 "https://halkfinanz.inglory.de/?elementor_library=freebie&elementor-preview=760&ver=1773007827" "Serf/1.3.9 (mod_pagespeed/1.13.35.2-0)"
94.130.90.54 - - [08/Mar/2026:23:10:29 +0100] "GET /wp-content/plugins/elementor-pro/assets/css/widget-loop-common.min.css?ver=3.35.1 HTTP/1.1" 200 3744 "https://halkfinanz.inglory.de/?elementor_library=freebie&elementor-preview=760&ver=1773007827" "Serf/1.3.9 (mod_pagespeed/1.13.35.2-0)"
94.130.90.54 - - [08/Mar/2026:23:10:29 +0100] "GET /wp-content/plugins/elementor-pro/assets/css/widget-loop-grid.min.css?ver=3.35.1 HTTP/1.1" 200 16788 "https://halkfinanz.inglory.de/?elementor_library=freebie&elementor-preview=760&ver=1773007827" "Serf/1.3.9 (mod_pagespeed/1.13.35.2-0)"
94.130.90.54 - - [08/Mar/2026:23:10:29 +0100] "GET /wp-content/plugins/elementor-pro/assets/css/widget-loop-carousel.min.css?ver=3.35.1 HTTP/1.1" 200 11941 "https://halkfinanz.inglory.de/?elementor_library=freebie&elementor-preview=760&ver=1773007827" "Serf/1.3.9 (mod_pagespeed/1.13.35.2-0)"
80.187.67.145 - - [08/Mar/2026:23:10:29 +0100] "GET /wp-content/plugins/elementor/assets/lib/eicons/css/elementor-icons.min.css?ver=5.47.0 HTTP/1.0" 304 3899 "https://halkfinanz.inglory.de/?elementor_library=freebie&elementor-preview=760&ver=1773007827" "Mozilla/5.0 (Macintosh; Intel Mac OS X 10_15_7) AppleWebKit/537.36 (KHTML, like Gecko) Chrome/145.0.0.0 Safari/537.36"
80.187.67.145 - - [08/Mar/2026:23:10:29 +0100] "GET /wp-content/plugins/elementor/assets/css/widget-nested-tabs.min.css?ver=3.35.6 HTTP/1.0" 304 3927 "https://halkfinanz.inglory.de/?elementor_library=freebie&elementor-preview=760&ver=1773007827" "Mozilla/5.0 (Macintosh; Intel Mac OS X 10_15_7) AppleWebKit/537.36 (KHTML, like Gecko) Chrome/145.0.0.0 Safari/537.36"
80.187.67.145 - - [08/Mar/2026:23:10:29 +0100] "GET /wp-content/plugins/elementor/assets/css/widget-text-editor.min.css?ver=3.35.6 HTTP/1.0" 304 3926 "https://halkfinanz.inglory.de/?elementor_library=freebie&elementor-preview=760&ver=1773007827" "Mozilla/5.0 (Macintosh; Intel Mac OS X 10_15_7) AppleWebKit/537.36 (KHTML, like Gecko) Chrome/145.0.0.0 Safari/537.36"
94.130.90.54 - - [08/Mar/2026:23:10:29 +0100] "GET /wp-content/plugins/elementor-pro/assets/css/widget-off-canvas.min.css?ver=3.35.1 HTTP/1.1" 200 6721 "https://halkfinanz.inglory.de/?elementor_library=freebie&elementor-preview=760&ver=1773007827" "Serf/1.3.9 (mod_pagespeed/1.13.35.2-0)"
80.187.67.145 - - [08/Mar/2026:23:10:29 +0100] "GET /wp-content/plugins/elementor/assets/css/widget-video.min.css?ver=3.35.6 HTTP/1.0" 304 3926 "https://halkfinanz.inglory.de/?elementor_library=freebie&elementor-preview=760&ver=1773007827" "Mozilla/5.0 (Macintosh; Intel Mac OS X 10_15_7) AppleWebKit/537.36 (KHTML, like Gecko) Chrome/145.0.0.0 Safari/537.36"
80.187.67.145 - - [08/Mar/2026:23:10:29 +0100] "GET /wp-content/plugins/elementor/assets/css/widget-google_maps.min.css?ver=3.35.6 HTTP/1.0" 304 3926 "https://halkfinanz.inglory.de/?elementor_library=freebie&elementor-preview=760&ver=1773007827" "Mozilla/5.0 (Macintosh; Intel Mac OS X 10_15_7) AppleWebKit/537.36 (KHTML, like Gecko) Chrome/145.0.0.0 Safari/537.36"
94.130.90.54 - - [08/Mar/2026:23:10:29 +0100] "GET /wp-content/plugins/elementor-pro/assets/css/widget-gallery.min.css?ver=3.35.1 HTTP/1.1" 304 3412 "https://halkfinanz.inglory.de/?elementor_library=freebie&elementor-preview=760&ver=1773007827" "Serf/1.3.9 (mod_pagespeed/1.13.35.2-0)"
80.187.67.145 - - [08/Mar/2026:23:10:29 +0100] "GET /wp-content/plugins/elementor/assets/css/widget-star-rating.min.css?ver=3.35.6 HTTP/1.0" 304 3927 "https://halkfinanz.inglory.de/?elementor_library=freebie&elementor-preview=760&ver=1773007827" "Mozilla/5.0 (Macintosh; Intel Mac OS X 10_15_7) AppleWebKit/537.36 (KHTML, like Gecko) Chrome/145.0.0.0 Safari/537.36"
94.130.90.54 - - [08/Mar/2026:23:10:29 +0100] "GET /wp-content/plugins/elementor/assets/lib/e-gallery/css/e-gallery.min.css?ver=1.2.0 HTTP/1.1" 304 3411 "https://halkfinanz.inglory.de/?elementor_library=freebie&elementor-preview=760&ver=1773007827" "Serf/1.3.9 (mod_pagespeed/1.13.35.2-0)"
80.187.67.145 - - [08/Mar/2026:23:10:29 +0100] "GET /wp-content/plugins/elementor/assets/css/widget-counter.min.css?ver=3.35.6 HTTP/1.0" 304 3926 "https://halkfinanz.inglory.de/?elementor_library=freebie&elementor-preview=760&ver=1773007827" "Mozilla/5.0 (Macintosh; Intel Mac OS X 10_15_7) AppleWebKit/537.36 (KHTML, like Gecko) Chrome/145.0.0.0 Safari/537.36"
80.187.67.145 - - [08/Mar/2026:23:10:29 +0100] "GET /wp-content/plugins/elementor/assets/css/widget-image-box.min.css?ver=3.35.6 HTTP/1.0" 304 3926 "https://halkfinanz.inglory.de/?elementor_library=freebie&elementor-preview=760&ver=1773007827" "Mozilla/5.0 (Macintosh; Intel Mac OS X 10_15_7) AppleWebKit/537.36 (KHTML, like Gecko) Chrome/145.0.0.0 Safari/537.36"
80.187.67.145 - - [08/Mar/2026:23:10:29 +0100] "GET /wp-content/plugins/elementor/assets/css/widget-spacer.min.css?ver=3.35.6 HTTP/1.0" 304 3926 "https://halkfinanz.inglory.de/?elementor_library=freebie&elementor-preview=760&ver=1773007827" "Mozilla/5.0 (Macintosh; Intel Mac OS X 10_15_7) AppleWebKit/537.36 (KHTML, like Gecko) Chrome/145.0.0.0 Safari/537.36"
80.187.67.145 - - [08/Mar/2026:23:10:29 +0100] "GET /wp-content/plugins/elementor/assets/css/widget-image-gallery.min.css?ver=3.35.6 HTTP/1.0" 304 3926 "https://halkfinanz.inglory.de/?elementor_library=freebie&elementor-preview=760&ver=1773007827" "Mozilla/5.0 (Macintosh; Intel Mac OS X 10_15_7) AppleWebKit/537.36 (KHTML, like Gecko) Chrome/145.0.0.0 Safari/537.36"
80.187.67.145 - - [08/Mar/2026:23:10:29 +0100] "GET /wp-content/plugins/elementor/assets/css/widget-testimonial.min.css?ver=3.35.6 HTTP/1.0" 304 3926 "https://halkfinanz.inglory.de/?elementor_library=freebie&elementor-preview=760&ver=1773007827" "Mozilla/5.0 (Macintosh; Intel Mac OS X 10_15_7) AppleWebKit/537.36 (KHTML, like Gecko) Chrome/145.0.0.0 Safari/537.36"
80.187.67.145 - - [08/Mar/2026:23:10:29 +0100] "GET /wp-content/plugins/elementor/assets/css/widget-social-icons.min.css?ver=3.35.6 HTTP/1.0" 304 3927 "https://halkfinanz.inglory.de/?elementor_library=freebie&elementor-preview=760&ver=1773007827" "Mozilla/5.0 (Macintosh; Intel Mac OS X 10_15_7) AppleWebKit/537.36 (KHTML, like Gecko) Chrome/145.0.0.0 Safari/537.36"
94.130.90.54 - - [08/Mar/2026:23:10:29 +0100] "GET /wp-content/plugins/elementor-pro/assets/css/conditionals/transitions.min.css?ver=3.35.1 HTTP/1.1" 304 3412 "https://halkfinanz.inglory.de/?elementor_library=freebie&elementor-preview=760&ver=1773007827" "Serf/1.3.9 (mod_pagespeed/1.13.35.2-0)"
80.187.67.145 - - [08/Mar/2026:23:10:29 +0100] "GET /wp-content/plugins/elementor/assets/css/conditionals/apple-webkit.min.css?ver=3.35.6 HTTP/1.0" 304 3927 "https://halkfinanz.inglory.de/?elementor_library=freebie&elementor-preview=760&ver=1773007827" "Mozilla/5.0 (Macintosh; Intel Mac OS X 10_15_7) AppleWebKit/537.36 (KHTML, like Gecko) Chrome/145.0.0.0 Safari/537.36"
80.187.67.145 - - [08/Mar/2026:23:10:29 +0100] "GET /wp-content/plugins/elementor/assets/css/widget-alert.min.css?ver=3.35.6 HTTP/1.0" 304 3926 "https://halkfinanz.inglory.de/?elementor_library=freebie&elementor-preview=760&ver=1773007827" "Mozilla/5.0 (Macintosh; Intel Mac OS X 10_15_7) AppleWebKit/537.36 (KHTML, like Gecko) Chrome/145.0.0.0 Safari/537.36"
80.187.67.145 - - [08/Mar/2026:23:10:29 +0100] "GET /wp-content/plugins/elementor/assets/css/widget-accordion.min.css?ver=3.35.6 HTTP/1.0" 304 3926 "https://halkfinanz.inglory.de/?elementor_library=freebie&elementor-preview=760&ver=1773007827" "Mozilla/5.0 (Macintosh; Intel Mac OS X 10_15_7) AppleWebKit/537.36 (KHTML, like Gecko) Chrome/145.0.0.0 Safari/537.36"
80.187.67.145 - - [08/Mar/2026:23:10:29 +0100] "GET /wp-content/plugins/elementor/assets/css/widget-toggle.min.css?ver=3.35.6 HTTP/1.0" 304 3926 "https://halkfinanz.inglory.de/?elementor_library=freebie&elementor-preview=760&ver=1773007827" "Mozilla/5.0 (Macintosh; Intel Mac OS X 10_15_7) AppleWebKit/537.36 (KHTML, like Gecko) Chrome/145.0.0.0 Safari/537.36"
80.187.67.145 - - [08/Mar/2026:23:10:29 +0100] "GET /wp-content/plugins/elementor/assets/css/widget-text-path.min.css?ver=3.35.6 HTTP/1.0" 304 3926 "https://halkfinanz.inglory.de/?elementor_library=freebie&elementor-preview=760&ver=1773007827" "Mozilla/5.0 (Macintosh; Intel Mac OS X 10_15_7) AppleWebKit/537.36 (KHTML, like Gecko) Chrome/145.0.0.0 Safari/537.36"
80.187.67.145 - - [08/Mar/2026:23:10:29 +0100] "GET /wp-content/plugins/elementor/assets/css/widget-floating-bars-base.min.css?ver=3.35.6 HTTP/1.0" 304 3927 "https://halkfinanz.inglory.de/?elementor_library=freebie&elementor-preview=760&ver=1773007827" "Mozilla/5.0 (Macintosh; Intel Mac OS X 10_15_7) AppleWebKit/537.36 (KHTML, like Gecko) Chrome/145.0.0.0 Safari/537.36"
80.187.67.145 - - [08/Mar/2026:23:10:29 +0100] "GET /wp-content/plugins/elementor/assets/css/widget-menu-anchor.min.css?ver=3.35.6 HTTP/1.0" 304 3925 "https://halkfinanz.inglory.de/?elementor_library=freebie&elementor-preview=760&ver=1773007827" "Mozilla/5.0 (Macintosh; Intel Mac OS X 10_15_7) AppleWebKit/537.36 (KHTML, like Gecko) Chrome/145.0.0.0 Safari/537.36"
94.130.90.54 - - [08/Mar/2026:23:10:29 +0100] "GET /wp-content/plugins/elementor-pro/assets/css/widget-login.min.css?ver=3.35.1 HTTP/1.1" 304 3410 "https://halkfinanz.inglory.de/?elementor_library=freebie&elementor-preview=760&ver=1773007827" "Serf/1.3.9 (mod_pagespeed/1.13.35.2-0)"
94.130.90.54 - - [08/Mar/2026:23:10:29 +0100] "GET /wp-content/plugins/elementor-pro/assets/css/widget-slides.min.css?ver=3.35.1 HTTP/1.1" 304 3411 "https://halkfinanz.inglory.de/?elementor_library=freebie&elementor-preview=760&ver=1773007827" "Serf/1.3.9 (mod_pagespeed/1.13.35.2-0)"
80.187.67.145 - - [08/Mar/2026:23:10:29 +0100] "GET /wp-content/plugins/elementor/assets/css/widget-tabs.min.css?ver=3.35.6 HTTP/1.0" 304 3927 "https://halkfinanz.inglory.de/?elementor_library=freebie&elementor-preview=760&ver=1773007827" "Mozilla/5.0 (Macintosh; Intel Mac OS X 10_15_7) AppleWebKit/537.36 (KHTML, like Gecko) Chrome/145.0.0.0 Safari/537.36"
80.187.67.145 - - [08/Mar/2026:23:10:29 +0100] "GET /wp-content/plugins/elementor/assets/css/widget-progress.min.css?ver=3.35.6 HTTP/1.0" 304 3926 "https://halkfinanz.inglory.de/?elementor_library=freebie&elementor-preview=760&ver=1773007827" "Mozilla/5.0 (Macintosh; Intel Mac OS X 10_15_7) AppleWebKit/537.36 (KHTML, like Gecko) Chrome/145.0.0.0 Safari/537.36"
80.187.67.145 - - [08/Mar/2026:23:10:29 +0100] "GET /wp-content/plugins/elementor-pro/assets/css/widget-posts.min.css?ver=3.35.1 HTTP/1.0" 304 3927 "https://halkfinanz.inglory.de/?elementor_library=freebie&elementor-preview=760&ver=1773007827" "Mozilla/5.0 (Macintosh; Intel Mac OS X 10_15_7) AppleWebKit/537.36 (KHTML, like Gecko) Chrome/145.0.0.0 Safari/537.36"
80.187.67.145 - - [08/Mar/2026:23:10:29 +0100] "GET /wp-content/plugins/elementor-pro/assets/css/widget-loop-carousel.min.css?ver=3.35.1 HTTP/1.0" 304 3927 "https://halkfinanz.inglory.de/?elementor_library=freebie&elementor-preview=760&ver=1773007827" "Mozilla/5.0 (Macintosh; Intel Mac OS X 10_15_7) AppleWebKit/537.36 (KHTML, like Gecko) Chrome/145.0.0.0 Safari/537.36"
94.130.90.54 - - [08/Mar/2026:23:10:29 +0100] "GET /wp-content/plugins/elementor-pro/assets/css/widget-animated-headline.min.css?ver=3.35.1 HTTP/1.1" 304 3412 "https://halkfinanz.inglory.de/?elementor_library=freebie&elementor-preview=760&ver=1773007827" "Serf/1.3.9 (mod_pagespeed/1.13.35.2-0)"
80.187.67.145 - - [08/Mar/2026:23:10:29 +0100] "GET /wp-content/plugins/elementor/assets/css/widget-link-in-bio-base.min.css?ver=3.35.6 HTTP/1.0" 304 3927 "https://halkfinanz.inglory.de/?elementor_library=freebie&elementor-preview=760&ver=1773007827" "Mozilla/5.0 (Macintosh; Intel Mac OS X 10_15_7) AppleWebKit/537.36 (KHTML, like Gecko) Chrome/145.0.0.0 Safari/537.36"
80.187.67.145 - - [08/Mar/2026:23:10:29 +0100] "GET /wp-content/plugins/elementor-pro/assets/css/widget-loop-grid.min.css?ver=3.35.1 HTTP/1.0" 304 3927 "https://halkfinanz.inglory.de/?elementor_library=freebie&elementor-preview=760&ver=1773007827" "Mozilla/5.0 (Macintosh; Intel Mac OS X 10_15_7) AppleWebKit/537.36 (KHTML, like Gecko) Chrome/145.0.0.0 Safari/537.36"
80.187.67.145 - - [08/Mar/2026:23:10:29 +0100] "GET /wp-content/plugins/elementor-pro/assets/css/widget-loop-common.min.css?ver=3.35.1 HTTP/1.0" 304 3925 "https://halkfinanz.inglory.de/?elementor_library=freebie&elementor-preview=760&ver=1773007827" "Mozilla/5.0 (Macintosh; Intel Mac OS X 10_15_7) AppleWebKit/537.36 (KHTML, like Gecko) Chrome/145.0.0.0 Safari/537.36"
80.187.67.145 - - [08/Mar/2026:23:10:29 +0100] "GET /wp-content/plugins/elementor/assets/css/widget-contact-buttons-base.min.css?ver=3.35.6 HTTP/1.0" 304 3927 "https://halkfinanz.inglory.de/?elementor_library=freebie&elementor-preview=760&ver=1773007827" "Mozilla/5.0 (Macintosh; Intel Mac OS X 10_15_7) AppleWebKit/537.36 (KHTML, like Gecko) Chrome/145.0.0.0 Safari/537.36"
80.187.67.145 - - [08/Mar/2026:23:10:29 +0100] "GET /wp-content/plugins/elementor/assets/lib/font-awesome/css/regular.min.css?ver=5.15.3 HTTP/1.0" 304 3926 "https://halkfinanz.inglory.de/?elementor_library=freebie&elementor-preview=760&ver=1773007827" "Mozilla/5.0 (Macintosh; Intel Mac OS X 10_15_7) AppleWebKit/537.36 (KHTML, like Gecko) Chrome/145.0.0.0 Safari/537.36"
94.130.90.54 - - [08/Mar/2026:23:10:29 +0100] "GET /wp-content/plugins/elementor-pro/assets/css/widget-hotspot.min.css?ver=3.35.1 HTTP/1.1" 304 3412 "https://halkfinanz.inglory.de/?elementor_library=freebie&elementor-preview=760&ver=1773007827" "Serf/1.3.9 (mod_pagespeed/1.13.35.2-0)"
80.187.67.145 - - [08/Mar/2026:23:10:29 +0100] "GET /wp-content/plugins/elementor-pro/assets/css/widget-off-canvas.min.css?ver=3.35.1 HTTP/1.0" 304 3926 "https://halkfinanz.inglory.de/?elementor_library=freebie&elementor-preview=760&ver=1773007827" "Mozilla/5.0 (Macintosh; Intel Mac OS X 10_15_7) AppleWebKit/537.36 (KHTML, like Gecko) Chrome/145.0.0.0 Safari/537.36"
80.187.67.145 - - [08/Mar/2026:23:10:29 +0100] "GET /wp-content/plugins/elementor-pro/assets/css/widget-gallery.min.css?ver=3.35.1 HTTP/1.0" 304 3927 "https://halkfinanz.inglory.de/?elementor_library=freebie&elementor-preview=760&ver=1773007827" "Mozilla/5.0 (Macintosh; Intel Mac OS X 10_15_7) AppleWebKit/537.36 (KHTML, like Gecko) Chrome/145.0.0.0 Safari/537.36"
80.187.67.145 - - [08/Mar/2026:23:10:29 +0100] "GET /wp-content/plugins/elementor/assets/lib/e-gallery/css/e-gallery.min.css?ver=1.2.0 HTTP/1.0" 304 3926 "https://halkfinanz.inglory.de/?elementor_library=freebie&elementor-preview=760&ver=1773007827" "Mozilla/5.0 (Macintosh; Intel Mac OS X 10_15_7) AppleWebKit/537.36 (KHTML, like Gecko) Chrome/145.0.0.0 Safari/537.36"
80.187.67.145 - - [08/Mar/2026:23:10:29 +0100] "GET /wp-content/plugins/elementor-pro/assets/css/conditionals/transitions.min.css?ver=3.35.1 HTTP/1.0" 304 3927 "https://halkfinanz.inglory.de/?elementor_library=freebie&elementor-preview=760&ver=1773007827" "Mozilla/5.0 (Macintosh; Intel Mac OS X 10_15_7) AppleWebKit/537.36 (KHTML, like Gecko) Chrome/145.0.0.0 Safari/537.36"
80.187.67.145 - - [08/Mar/2026:23:10:29 +0100] "GET /wp-content/plugins/elementor-pro/assets/css/widget-login.min.css?ver=3.35.1 HTTP/1.0" 304 3925 "https://halkfinanz.inglory.de/?elementor_library=freebie&elementor-preview=760&ver=1773007827" "Mozilla/5.0 (Macintosh; Intel Mac OS X 10_15_7) AppleWebKit/537.36 (KHTML, like Gecko) Chrome/145.0.0.0 Safari/537.36"
80.187.67.145 - - [08/Mar/2026:23:10:29 +0100] "GET /wp-content/plugins/elementor-pro/assets/css/widget-hotspot.min.css?ver=3.35.1 HTTP/1.0" 304 3927 "https://halkfinanz.inglory.de/?elementor_library=freebie&elementor-preview=760&ver=1773007827" "Mozilla/5.0 (Macintosh; Intel Mac OS X 10_15_7) AppleWebKit/537.36 (KHTML, like Gecko) Chrome/145.0.0.0 Safari/537.36"
94.130.90.54 - - [08/Mar/2026:23:10:29 +0100] "GET /wp-content/plugins/elementor-pro/assets/css/widget-price-list.min.css?ver=3.35.1 HTTP/1.1" 304 3411 "https://halkfinanz.inglory.de/?elementor_library=freebie&elementor-preview=760&ver=1773007827" "Serf/1.3.9 (mod_pagespeed/1.13.35.2-0)"
80.187.67.145 - - [08/Mar/2026:23:10:29 +0100] "GET /wp-content/plugins/elementor-pro/assets/css/widget-slides.min.css?ver=3.35.1 HTTP/1.0" 304 3926 "https://halkfinanz.inglory.de/?elementor_library=freebie&elementor-preview=760&ver=1773007827" "Mozilla/5.0 (Macintosh; Intel Mac OS X 10_15_7) AppleWebKit/537.36 (KHTML, like Gecko) Chrome/145.0.0.0 Safari/537.36"
80.187.67.145 - - [08/Mar/2026:23:10:29 +0100] "GET /wp-content/plugins/elementor-pro/assets/css/widget-price-list.min.css?ver=3.35.1 HTTP/1.0" 304 3926 "https://halkfinanz.inglory.de/?elementor_library=freebie&elementor-preview=760&ver=1773007827" "Mozilla/5.0 (Macintosh; Intel Mac OS X 10_15_7) AppleWebKit/537.36 (KHTML, like Gecko) Chrome/145.0.0.0 Safari/537.36"
80.187.67.145 - - [08/Mar/2026:23:10:29 +0100] "GET /wp-content/plugins/elementor-pro/assets/css/widget-price-table.min.css?ver=3.35.1 HTTP/1.0" 304 3926 "https://halkfinanz.inglory.de/?elementor_library=freebie&elementor-preview=760&ver=1773007827" "Mozilla/5.0 (Macintosh; Intel Mac OS X 10_15_7) AppleWebKit/537.36 (KHTML, like Gecko) Chrome/145.0.0.0 Safari/537.36"
80.187.67.145 - - [08/Mar/2026:23:10:29 +0100] "GET /wp-content/plugins/elementor-pro/assets/css/widget-animated-headline.min.css?ver=3.35.1 HTTP/1.0" 304 3927 "https://halkfinanz.inglory.de/?elementor_library=freebie&elementor-preview=760&ver=1773007827" "Mozilla/5.0 (Macintosh; Intel Mac OS X 10_15_7) AppleWebKit/537.36 (KHTML, like Gecko) Chrome/145.0.0.0 Safari/537.36"
80.187.67.145 - - [08/Mar/2026:23:10:29 +0100] "GET /wp-content/plugins/elementor-pro/assets/css/widget-flip-box.min.css?ver=3.35.1 HTTP/1.0" 304 3927 "https://halkfinanz.inglory.de/?elementor_library=freebie&elementor-preview=760&ver=1773007827" "Mozilla/5.0 (Macintosh; Intel Mac OS X 10_15_7) AppleWebKit/537.36 (KHTML, like Gecko) Chrome/145.0.0.0 Safari/537.36"
94.130.90.54 - - [08/Mar/2026:23:10:29 +0100] "GET /wp-content/plugins/elementor-pro/assets/css/widget-price-table.min.css?ver=3.35.1 HTTP/1.1" 304 3411 "https://halkfinanz.inglory.de/?elementor_library=freebie&elementor-preview=760&ver=1773007827" "Serf/1.3.9 (mod_pagespeed/1.13.35.2-0)"
94.130.90.54 - - [08/Mar/2026:23:10:29 +0100] "GET /wp-content/plugins/elementor-pro/assets/css/widget-flip-box.min.css?ver=3.35.1 HTTP/1.1" 304 3412 "https://halkfinanz.inglory.de/?elementor_library=freebie&elementor-preview=760&ver=1773007827" "Serf/1.3.9 (mod_pagespeed/1.13.35.2-0)"
80.187.67.145 - - [08/Mar/2026:23:10:29 +0100] "GET /wp-content/plugins/elementor-pro/assets/css/widget-code-highlight.min.css?ver=3.35.1 HTTP/1.0" 200 7283 "https://halkfinanz.inglory.de/?elementor_library=freebie&elementor-preview=760&ver=1773007827" "Mozilla/5.0 (Macintosh; Intel Mac OS X 10_15_7) AppleWebKit/537.36 (KHTML, like Gecko) Chrome/145.0.0.0 Safari/537.36"
94.130.90.54 - - [08/Mar/2026:23:10:29 +0100] "GET /wp-content/plugins/elementor-pro/assets/css/widget-call-to-action.min.css?ver=3.35.1 HTTP/1.1" 304 3412 "https://halkfinanz.inglory.de/?elementor_library=freebie&elementor-preview=760&ver=1773007827" "Serf/1.3.9 (mod_pagespeed/1.13.35.2-0)"
80.187.67.145 - - [08/Mar/2026:23:10:29 +0100] "GET /wp-content/plugins/elementor-pro/assets/css/widget-media-carousel.min.css?ver=3.35.1 HTTP/1.0" 200 4551 "https://halkfinanz.inglory.de/?elementor_library=freebie&elementor-preview=760&ver=1773007827" "Mozilla/5.0 (Macintosh; Intel Mac OS X 10_15_7) AppleWebKit/537.36 (KHTML, like Gecko) Chrome/145.0.0.0 Safari/537.36"
80.187.67.145 - - [08/Mar/2026:23:10:29 +0100] "GET /wp-content/plugins/elementor-pro/assets/css/widget-carousel-module-base.min.css?ver=3.35.1 HTTP/1.0" 200 4753 "https://halkfinanz.inglory.de/?elementor_library=freebie&elementor-preview=760&ver=1773007827" "Mozilla/5.0 (Macintosh; Intel Mac OS X 10_15_7) AppleWebKit/537.36 (KHTML, like Gecko) Chrome/145.0.0.0 Safari/537.36"
80.187.67.145 - - [08/Mar/2026:23:10:29 +0100] "GET /wp-content/plugins/elementor-pro/assets/css/widget-reviews.min.css?ver=3.35.1 HTTP/1.0" 200 5264 "https://halkfinanz.inglory.de/?elementor_library=freebie&elementor-preview=760&ver=1773007827" "Mozilla/5.0 (Macintosh; Intel Mac OS X 10_15_7) AppleWebKit/537.36 (KHTML, like Gecko) Chrome/145.0.0.0 Safari/537.36"
80.187.67.145 - - [08/Mar/2026:23:10:29 +0100] "GET /wp-content/plugins/elementor-pro/assets/css/widget-call-to-action.min.css?ver=3.35.1 HTTP/1.0" 200 5523 "https://halkfinanz.inglory.de/?elementor_library=freebie&elementor-preview=760&ver=1773007827" "Mozilla/5.0 (Macintosh; Intel Mac OS X 10_15_7) AppleWebKit/537.36 (KHTML, like Gecko) Chrome/145.0.0.0 Safari/537.36"
80.187.67.145 - - [08/Mar/2026:23:10:29 +0100] "GET /wp-content/plugins/elementor-pro/assets/css/widget-testimonial-carousel.min.css?ver=3.35.1 HTTP/1.0" 200 5581 "https://halkfinanz.inglory.de/?elementor_library=freebie&elementor-preview=760&ver=1773007827" "Mozilla/5.0 (Macintosh; Intel Mac OS X 10_15_7) AppleWebKit/537.36 (KHTML, like Gecko) Chrome/145.0.0.0 Safari/537.36"
80.187.67.145 - - [08/Mar/2026:23:10:29 +0100] "GET /wp-content/plugins/elementor-pro/assets/css/widget-table-of-contents.min.css?ver=3.35.1 HTTP/1.0" 200 5027 "https://halkfinanz.inglory.de/?elementor_library=freebie&elementor-preview=760&ver=1773007827" "Mozilla/5.0 (Macintosh; Intel Mac OS X 10_15_7) AppleWebKit/537.36 (KHTML, like Gecko) Chrome/145.0.0.0 Safari/537.36"
80.187.67.145 - - [08/Mar/2026:23:10:29 +0100] "GET /wp-content/plugins/elementor-pro/assets/css/widget-author-box.min.css?ver=3.35.1 HTTP/1.0" 200 4632 "https://halkfinanz.inglory.de/?elementor_library=freebie&elementor-preview=760&ver=1773007827" "Mozilla/5.0 (Macintosh; Intel Mac OS X 10_15_7) AppleWebKit/537.36 (KHTML, like Gecko) Chrome/145.0.0.0 Safari/537.36"
80.187.67.145 - - [08/Mar/2026:23:10:29 +0100] "GET /wp-content/plugins/elementor-pro/assets/css/widget-share-buttons.min.css?ver=3.35.1 HTTP/1.0" 200 6412 "https://halkfinanz.inglory.de/?elementor_library=freebie&elementor-preview=760&ver=1773007827" "Mozilla/5.0 (Macintosh; Intel Mac OS X 10_15_7) AppleWebKit/537.36 (KHTML, like Gecko) Chrome/145.0.0.0 Safari/537.36"
80.187.67.145 - - [08/Mar/2026:23:10:29 +0100] "GET /wp-content/plugins/elementor-pro/assets/css/widget-search-form.min.css?ver=3.35.1 HTTP/1.0" 200 5143 "https://halkfinanz.inglory.de/?elementor_library=freebie&elementor-preview=760&ver=1773007827" "Mozilla/5.0 (Macintosh; Intel Mac OS X 10_15_7) AppleWebKit/537.36 (KHTML, like Gecko) Chrome/145.0.0.0 Safari/537.36"
80.187.67.145 - - [08/Mar/2026:23:10:29 +0100] "GET /wp-content/plugins/elementor-pro/assets/css/widget-countdown.min.css?ver=3.35.1 HTTP/1.0" 200 4418 "https://halkfinanz.inglory.de/?elementor_library=freebie&elementor-preview=760&ver=1773007827" "Mozilla/5.0 (Macintosh; Intel Mac OS X 10_15_7) AppleWebKit/537.36 (KHTML, like Gecko) Chrome/145.0.0.0 Safari/537.36"
94.130.90.54 - - [08/Mar/2026:23:10:29 +0100] "GET /wp-content/plugins/elementor-pro/assets/css/widget-media-carousel.min.css?ver=3.35.1 HTTP/1.1" 304 3411 "https://halkfinanz.inglory.de/?elementor_library=freebie&elementor-preview=760&ver=1773007827" "Serf/1.3.9 (mod_pagespeed/1.13.35.2-0)"
80.187.67.145 - - [08/Mar/2026:23:10:29 +0100] "GET /wp-content/plugins/elementor-pro/assets/css/widget-post-navigation.min.css?ver=3.35.1 HTTP/1.0" 200 4657 "https://halkfinanz.inglory.de/?elementor_library=freebie&elementor-preview=760&ver=1773007827" "Mozilla/5.0 (Macintosh; Intel Mac OS X 10_15_7) AppleWebKit/537.36 (KHTML, like Gecko) Chrome/145.0.0.0 Safari/537.36"
80.187.67.145 - - [08/Mar/2026:23:10:29 +0100] "GET /wp-content/plugins/elementor-pro/assets/css/widget-sitemap.min.css?ver=3.35.1 HTTP/1.0" 200 4186 "https://halkfinanz.inglory.de/?elementor_library=freebie&elementor-preview=760&ver=1773007827" "Mozilla/5.0 (Macintosh; Intel Mac OS X 10_15_7) AppleWebKit/537.36 (KHTML, like Gecko) Chrome/145.0.0.0 Safari/537.36"
80.187.67.145 - - [08/Mar/2026:23:10:29 +0100] "GET /wp-content/plugins/elementor-pro/assets/css/widget-social.min.css?ver=3.35.1 HTTP/1.0" 200 4253 "https://halkfinanz.inglory.de/?elementor_library=freebie&elementor-preview=760&ver=1773007827" "Mozilla/5.0 (Macintosh; Intel Mac OS X 10_15_7) AppleWebKit/537.36 (KHTML, like Gecko) Chrome/145.0.0.0 Safari/537.36"
80.187.67.145 - - [08/Mar/2026:23:10:29 +0100] "GET /wp-content/plugins/elementor-pro/assets/css/widget-lottie.min.css?ver=3.35.1 HTTP/1.0" 200 4322 "https://halkfinanz.inglory.de/?elementor_library=freebie&elementor-preview=760&ver=1773007827" "Mozilla/5.0 (Macintosh; Intel Mac OS X 10_15_7) AppleWebKit/537.36 (KHTML, like Gecko) Chrome/145.0.0.0 Safari/537.36"
80.187.67.145 - - [08/Mar/2026:23:10:29 +0100] "GET /wp-content/plugins/elementor-pro/assets/css/widget-post-info.min.css?ver=3.35.1 HTTP/1.0" 200 4282 "https://halkfinanz.inglory.de/?elementor_library=freebie&elementor-preview=760&ver=1773007827" "Mozilla/5.0 (Macintosh; Intel Mac OS X 10_15_7) AppleWebKit/537.36 (KHTML, like Gecko) Chrome/145.0.0.0 Safari/537.36"
80.187.67.145 - - [08/Mar/2026:23:10:29 +0100] "GET /wp-content/plugins/elementor-pro/assets/css/widget-blockquote.min.css?ver=3.35.1 HTTP/1.0" 200 5206 "https://halkfinanz.inglory.de/?elementor_library=freebie&elementor-preview=760&ver=1773007827" "Mozilla/5.0 (Macintosh; Intel Mac OS X 10_15_7) AppleWebKit/537.36 (KHTML, like Gecko) Chrome/145.0.0.0 Safari/537.36"
80.187.67.145 - - [08/Mar/2026:23:10:29 +0100] "GET /wp-content/plugins/elementor-pro/assets/css/widget-progress-tracker.min.css?ver=3.35.1 HTTP/1.0" 200 4747 "https://halkfinanz.inglory.de/?elementor_library=freebie&elementor-preview=760&ver=1773007827" "Mozilla/5.0 (Macintosh; Intel Mac OS X 10_15_7) AppleWebKit/537.36 (KHTML, like Gecko) Chrome/145.0.0.0 Safari/537.36"
80.187.67.145 - - [08/Mar/2026:23:10:29 +0100] "GET /wp-content/plugins/elementor-pro/assets/css/widget-video-playlist.min.css?ver=3.35.1 HTTP/1.0" 200 6023 "https://halkfinanz.inglory.de/?elementor_library=freebie&elementor-preview=760&ver=1773007827" "Mozilla/5.0 (Macintosh; Intel Mac OS X 10_15_7) AppleWebKit/537.36 (KHTML, like Gecko) Chrome/145.0.0.0 Safari/537.36"
80.187.67.145 - - [08/Mar/2026:23:10:29 +0100] "GET /wp-content/plugins/elementor-pro/assets/css/preview.min.css?ver=3.35.1 HTTP/1.0" 200 5495 "https://halkfinanz.inglory.de/?elementor_library=freebie&elementor-preview=760&ver=1773007827" "Mozilla/5.0 (Macintosh; Intel Mac OS X 10_15_7) AppleWebKit/537.36 (KHTML, like Gecko) Chrome/145.0.0.0 Safari/537.36"
94.130.90.54 - - [08/Mar/2026:23:10:29 +0100] "GET /wp-content/plugins/elementor-pro/assets/css/widget-carousel-module-base.min.css?ver=3.35.1 HTTP/1.1" 304 3411 "https://halkfinanz.inglory.de/?elementor_library=freebie&elementor-preview=760&ver=1773007827" "Serf/1.3.9 (mod_pagespeed/1.13.35.2-0)"
80.187.67.145 - - [08/Mar/2026:23:10:29 +0100] "GET /wp-content/plugins/elementor-pro/assets/css/widget-search.min.css?ver=3.35.1 HTTP/1.0" 200 6229 "https://halkfinanz.inglory.de/?elementor_library=freebie&elementor-preview=760&ver=1773007827" "Mozilla/5.0 (Macintosh; Intel Mac OS X 10_15_7) AppleWebKit/537.36 (KHTML, like Gecko) Chrome/145.0.0.0 Safari/537.36"
80.187.67.145 - - [08/Mar/2026:23:10:29 +0100] "GET /wp-content/plugins/elementor-pro/assets/css/conditionals/ribbon.min.css?ver=3.35.1 HTTP/1.0" 200 4397 "https://halkfinanz.inglory.de/?elementor_library=freebie&elementor-preview=760&ver=1773007827" "Mozilla/5.0 (Macintosh; Intel Mac OS X 10_15_7) AppleWebKit/537.36 (KHTML, like Gecko) Chrome/145.0.0.0 Safari/537.36"
80.187.67.145 - - [08/Mar/2026:23:10:29 +0100] "GET /wp-content/plugins/elementor-pro/assets/js/page-transitions.min.js?ver=3.35.1 HTTP/1.0" 304 3927 "https://halkfinanz.inglory.de/?elementor_library=freebie&elementor-preview=760&ver=1773007827" "Mozilla/5.0 (Macintosh; Intel Mac OS X 10_15_7) AppleWebKit/537.36 (KHTML, like Gecko) Chrome/145.0.0.0 Safari/537.36"
80.187.67.145 - - [08/Mar/2026:23:10:29 +0100] "GET /wp-content/uploads/xusers-1-1.png.pagespeed.ic.Da_ZNSRcV-.webp HTTP/1.0" 304 3871 "https://halkfinanz.inglory.de/?elementor_library=freebie&elementor-preview=760&ver=1773007827" "Mozilla/5.0 (Macintosh; Intel Mac OS X 10_15_7) AppleWebKit/537.36 (KHTML, like Gecko) Chrome/145.0.0.0 Safari/537.36"
80.187.67.145 - - [08/Mar/2026:23:10:29 +0100] "GET /wp-content/plugins/elementor-pro/assets/css/widget-mega-menu.min.css?ver=3.35.1 HTTP/1.0" 200 6986 "https://halkfinanz.inglory.de/?elementor_library=freebie&elementor-preview=760&ver=1773007827" "Mozilla/5.0 (Macintosh; Intel Mac OS X 10_15_7) AppleWebKit/537.36 (KHTML, like Gecko) Chrome/145.0.0.0 Safari/537.36"
80.187.67.145 - - [08/Mar/2026:23:10:29 +0100] "GET /wp-content/plugins/elementor-pro/assets/css/modules/motion-fx.min.css?ver=3.35.1 HTTP/1.0" 200 4391 "https://halkfinanz.inglory.de/?elementor_library=freebie&elementor-preview=760&ver=1773007827" "Mozilla/5.0 (Macintosh; Intel Mac OS X 10_15_7) AppleWebKit/537.36 (KHTML, like Gecko) Chrome/145.0.0.0 Safari/537.36"
94.130.90.54 - - [08/Mar/2026:23:10:29 +0100] "GET /wp-content/plugins/elementor-pro/assets/css/widget-testimonial-carousel.min.css?ver=3.35.1 HTTP/1.1" 304 3412 "https://halkfinanz.inglory.de/?elementor_library=freebie&elementor-preview=760&ver=1773007827" "Serf/1.3.9 (mod_pagespeed/1.13.35.2-0)"
80.187.67.145 - - [08/Mar/2026:23:10:29 +0100] "GET /wp-content/plugins/elementor-pro/assets/css/widget-loop-filter.min.css?ver=3.35.1 HTTP/1.0" 200 4912 "https://halkfinanz.inglory.de/?elementor_library=freebie&elementor-preview=760&ver=1773007827" "Mozilla/5.0 (Macintosh; Intel Mac OS X 10_15_7) AppleWebKit/537.36 (KHTML, like Gecko) Chrome/145.0.0.0 Safari/537.36"
94.130.90.54 - - [08/Mar/2026:23:10:29 +0100] "GET /wp-content/plugins/elementor-pro/assets/css/widget-reviews.min.css?ver=3.35.1 HTTP/1.1" 304 3412 "https://halkfinanz.inglory.de/?elementor_library=freebie&elementor-preview=760&ver=1773007827" "Serf/1.3.9 (mod_pagespeed/1.13.35.2-0)"
94.130.90.54 - - [08/Mar/2026:23:10:29 +0100] "GET /wp-content/plugins/elementor-pro/assets/css/widget-table-of-contents.min.css?ver=3.35.1 HTTP/1.1" 304 3412 "https://halkfinanz.inglory.de/?elementor_library=freebie&elementor-preview=760&ver=1773007827" "Serf/1.3.9 (mod_pagespeed/1.13.35.2-0)"
94.130.90.54 - - [08/Mar/2026:23:10:29 +0100] "GET /wp-content/plugins/elementor-pro/assets/css/widget-countdown.min.css?ver=3.35.1 HTTP/1.1" 304 3411 "https://halkfinanz.inglory.de/?elementor_library=freebie&elementor-preview=760&ver=1773007827" "Serf/1.3.9 (mod_pagespeed/1.13.35.2-0)"
94.130.90.54 - - [08/Mar/2026:23:10:29 +0100] "GET /wp-content/plugins/elementor-pro/assets/css/widget-share-buttons.min.css?ver=3.35.1 HTTP/1.1" 304 3412 "https://halkfinanz.inglory.de/?elementor_library=freebie&elementor-preview=760&ver=1773007827" "Serf/1.3.9 (mod_pagespeed/1.13.35.2-0)"
80.187.67.145 - - [08/Mar/2026:23:10:29 +0100] "GET /wp-includes/js/dist/hooks.min.js?ver=dd5603f07f9220ed27f1 HTTP/1.0" 304 3899 "https://halkfinanz.inglory.de/?elementor_library=freebie&elementor-preview=760&ver=1773007827" "Mozilla/5.0 (Macintosh; Intel Mac OS X 10_15_7) AppleWebKit/537.36 (KHTML, like Gecko) Chrome/145.0.0.0 Safari/537.36"
94.130.90.54 - - [08/Mar/2026:23:10:29 +0100] "GET /wp-content/plugins/elementor-pro/assets/css/widget-search-form.min.css?ver=3.35.1 HTTP/1.1" 304 3412 "https://halkfinanz.inglory.de/?elementor_library=freebie&elementor-preview=760&ver=1773007827" "Serf/1.3.9 (mod_pagespeed/1.13.35.2-0)"
94.130.90.54 - - [08/Mar/2026:23:10:29 +0100] "GET /wp-content/plugins/elementor-pro/assets/css/widget-author-box.min.css?ver=3.35.1 HTTP/1.1" 304 3411 "https://halkfinanz.inglory.de/?elementor_library=freebie&elementor-preview=760&ver=1773007827" "Serf/1.3.9 (mod_pagespeed/1.13.35.2-0)"
94.130.90.54 - - [08/Mar/2026:23:10:29 +0100] "GET /wp-content/plugins/elementor-pro/assets/css/widget-post-navigation.min.css?ver=3.35.1 HTTP/1.1" 304 3411 "https://halkfinanz.inglory.de/?elementor_library=freebie&elementor-preview=760&ver=1773007827" "Serf/1.3.9 (mod_pagespeed/1.13.35.2-0)"
94.130.90.54 - - [08/Mar/2026:23:10:29 +0100] "GET /wp-content/plugins/elementor-pro/assets/css/widget-post-info.min.css?ver=3.35.1 HTTP/1.1" 304 3411 "https://halkfinanz.inglory.de/?elementor_library=freebie&elementor-preview=760&ver=1773007827" "Serf/1.3.9 (mod_pagespeed/1.13.35.2-0)"
94.130.90.54 - - [08/Mar/2026:23:10:29 +0100] "GET /wp-content/plugins/elementor-pro/assets/css/widget-sitemap.min.css?ver=3.35.1 HTTP/1.1" 304 3410 "https://halkfinanz.inglory.de/?elementor_library=freebie&elementor-preview=760&ver=1773007827" "Serf/1.3.9 (mod_pagespeed/1.13.35.2-0)"
94.130.90.54 - - [08/Mar/2026:23:10:29 +0100] "GET /wp-content/plugins/elementor-pro/assets/css/widget-blockquote.min.css?ver=3.35.1 HTTP/1.1" 304 3412 "https://halkfinanz.inglory.de/?elementor_library=freebie&elementor-preview=760&ver=1773007827" "Serf/1.3.9 (mod_pagespeed/1.13.35.2-0)"
94.130.90.54 - - [08/Mar/2026:23:10:29 +0100] "GET /wp-content/plugins/elementor-pro/assets/css/widget-social.min.css?ver=3.35.1 HTTP/1.1" 304 3411 "https://halkfinanz.inglory.de/?elementor_library=freebie&elementor-preview=760&ver=1773007827" "Serf/1.3.9 (mod_pagespeed/1.13.35.2-0)"
80.187.67.145 - - [08/Mar/2026:23:10:29 +0100] "GET /wp-includes/js/dist/i18n.min.js?ver=c26c3dc7bed366793375 HTTP/1.0" 304 3899 "https://halkfinanz.inglory.de/?elementor_library=freebie&elementor-preview=760&ver=1773007827" "Mozilla/5.0 (Macintosh; Intel Mac OS X 10_15_7) AppleWebKit/537.36 (KHTML, like Gecko) Chrome/145.0.0.0 Safari/537.36"
94.130.90.54 - - [08/Mar/2026:23:10:29 +0100] "GET /wp-content/plugins/elementor-pro/assets/css/widget-lottie.min.css?ver=3.35.1 HTTP/1.1" 304 3411 "https://halkfinanz.inglory.de/?elementor_library=freebie&elementor-preview=760&ver=1773007827" "Serf/1.3.9 (mod_pagespeed/1.13.35.2-0)"
94.130.90.54 - - [08/Mar/2026:23:10:29 +0100] "GET /wp-content/plugins/elementor-pro/assets/css/widget-code-highlight.min.css?ver=3.35.1 HTTP/1.1" 304 3412 "https://halkfinanz.inglory.de/?elementor_library=freebie&elementor-preview=760&ver=1773007827" "Serf/1.3.9 (mod_pagespeed/1.13.35.2-0)"
94.130.90.54 - - [08/Mar/2026:23:10:29 +0100] "GET /wp-content/plugins/elementor-pro/assets/css/widget-video-playlist.min.css?ver=3.35.1 HTTP/1.1" 304 3412 "https://halkfinanz.inglory.de/?elementor_library=freebie&elementor-preview=760&ver=1773007827" "Serf/1.3.9 (mod_pagespeed/1.13.35.2-0)"
94.130.90.54 - - [08/Mar/2026:23:10:29 +0100] "GET /wp-content/plugins/elementor-pro/assets/css/widget-progress-tracker.min.css?ver=3.35.1 HTTP/1.1" 304 3411 "https://halkfinanz.inglory.de/?elementor_library=freebie&elementor-preview=760&ver=1773007827" "Serf/1.3.9 (mod_pagespeed/1.13.35.2-0)"
80.187.67.145 - - [08/Mar/2026:23:10:29 +0100] "GET /wp-content/plugins/elementor/assets/js/styleguide-app-initiator.min.js?ver=3.35.6 HTTP/1.0" 304 3927 "https://halkfinanz.inglory.de/?elementor_library=freebie&elementor-preview=760&ver=1773007827" "Mozilla/5.0 (Macintosh; Intel Mac OS X 10_15_7) AppleWebKit/537.36 (KHTML, like Gecko) Chrome/145.0.0.0 Safari/537.36"
80.187.67.145 - - [08/Mar/2026:23:10:29 +0100] "GET /wp-content/plugins/elementor-pro/assets/js/notes/notes-app-initiator.min.js?ver=3.35.1 HTTP/1.0" 304 3926 "https://halkfinanz.inglory.de/?elementor_library=freebie&elementor-preview=760&ver=1773007827" "Mozilla/5.0 (Macintosh; Intel Mac OS X 10_15_7) AppleWebKit/537.36 (KHTML, like Gecko) Chrome/145.0.0.0 Safari/537.36"
80.187.67.145 - - [08/Mar/2026:23:10:29 +0100] "GET /wp-content/plugins/elementor-pro/assets//lib/instant-page/instant-page.min.js?ver=3.35.1 HTTP/1.0" 304 3926 "https://halkfinanz.inglory.de/?elementor_library=freebie&elementor-preview=760&ver=1773007827" "Mozilla/5.0 (Macintosh; Intel Mac OS X 10_15_7) AppleWebKit/537.36 (KHTML, like Gecko) Chrome/145.0.0.0 Safari/537.36"
94.130.90.54 - - [08/Mar/2026:23:10:29 +0100] "GET /wp-content/plugins/elementor-pro/assets/css/widget-mega-menu.min.css?ver=3.35.1 HTTP/1.1" 304 3412 "https://halkfinanz.inglory.de/?elementor_library=freebie&elementor-preview=760&ver=1773007827" "Serf/1.3.9 (mod_pagespeed/1.13.35.2-0)"
80.187.67.145 - - [08/Mar/2026:23:10:29 +0100] "GET /wp-content/plugins/elementor/assets/js/webpack.runtime.min.js?ver=3.35.6 HTTP/1.0" 304 3927 "https://halkfinanz.inglory.de/?elementor_library=freebie&elementor-preview=760&ver=1773007827" "Mozilla/5.0 (Macintosh; Intel Mac OS X 10_15_7) AppleWebKit/537.36 (KHTML, like Gecko) Chrome/145.0.0.0 Safari/537.36"
80.187.67.145 - - [08/Mar/2026:23:10:29 +0100] "GET /wp-content/plugins/elementor/assets/js/frontend-modules.min.js?ver=3.35.6 HTTP/1.0" 304 3927 "https://halkfinanz.inglory.de/?elementor_library=freebie&elementor-preview=760&ver=1773007827" "Mozilla/5.0 (Macintosh; Intel Mac OS X 10_15_7) AppleWebKit/537.36 (KHTML, like Gecko) Chrome/145.0.0.0 Safari/537.36"
80.187.67.145 - - [08/Mar/2026:23:10:29 +0100] "GET /wp-content/plugins/elementor-pro/assets/lib/sticky/jquery.sticky.min.js?ver=3.35.1 HTTP/1.0" 304 3898 "https://halkfinanz.inglory.de/?elementor_library=freebie&elementor-preview=760&ver=1773007827" "Mozilla/5.0 (Macintosh; Intel Mac OS X 10_15_7) AppleWebKit/537.36 (KHTML, like Gecko) Chrome/145.0.0.0 Safari/537.36"
94.130.90.54 - - [08/Mar/2026:23:10:29 +0100] "GET /wp-content/plugins/elementor-pro/assets/css/widget-loop-filter.min.css?ver=3.35.1 HTTP/1.1" 304 3411 "https://halkfinanz.inglory.de/?elementor_library=freebie&elementor-preview=760&ver=1773007827" "Serf/1.3.9 (mod_pagespeed/1.13.35.2-0)"
80.187.67.145 - - [08/Mar/2026:23:10:29 +0100] "GET /wp-content/plugins/elementor-pro/assets/lib/smartmenus/jquery.smartmenus.min.js?ver=1.2.1 HTTP/1.0" 304 3899 "https://halkfinanz.inglory.de/?elementor_library=freebie&elementor-preview=760&ver=1773007827" "Mozilla/5.0 (Macintosh; Intel Mac OS X 10_15_7) AppleWebKit/537.36 (KHTML, like Gecko) Chrome/145.0.0.0 Safari/537.36"
94.130.90.54 - - [08/Mar/2026:23:10:29 +0100] "GET /wp-content/plugins/elementor/assets/css/widget-link-in-bio-var-2.min.css?ver=3.35.6 HTTP/1.1" 304 3411 "https://halkfinanz.inglory.de/?elementor_library=freebie&elementor-preview=760&ver=1773007827" "Serf/1.3.9 (mod_pagespeed/1.13.35.2-0)"
94.130.90.54 - - [08/Mar/2026:23:10:29 +0100] "GET /wp-content/plugins/elementor/assets/css/widget-link-in-bio-var-3.min.css?ver=3.35.6 HTTP/1.1" 304 3411 "https://halkfinanz.inglory.de/?elementor_library=freebie&elementor-preview=760&ver=1773007827" "Serf/1.3.9 (mod_pagespeed/1.13.35.2-0)"
80.187.67.145 - - [08/Mar/2026:23:10:29 +0100] "GET /wp-content/plugins/elementor/assets/lib/inline-editor/js/inline-editor.min.js?ver=3.35.6 HTTP/1.0" 304 3927 "https://halkfinanz.inglory.de/?elementor_library=freebie&elementor-preview=760&ver=1773007827" "Mozilla/5.0 (Macintosh; Intel Mac OS X 10_15_7) AppleWebKit/537.36 (KHTML, like Gecko) Chrome/145.0.0.0 Safari/537.36"
80.187.67.145 - - [08/Mar/2026:23:10:29 +0100] "GET /wp-content/plugins/elementor/assets/lib/jquery-numerator/jquery-numerator.min.js?ver=0.2.1 HTTP/1.0" 304 3926 "https://halkfinanz.inglory.de/?elementor_library=freebie&elementor-preview=760&ver=1773007827" "Mozilla/5.0 (Macintosh; Intel Mac OS X 10_15_7) AppleWebKit/537.36 (KHTML, like Gecko) Chrome/145.0.0.0 Safari/537.36"
94.130.90.54 - - [08/Mar/2026:23:10:29 +0100] "GET /wp-content/plugins/elementor/assets/css/widget-link-in-bio-var-4.min.css?ver=3.35.6 HTTP/1.1" 304 3411 "https://halkfinanz.inglory.de/?elementor_library=freebie&elementor-preview=760&ver=1773007827" "Serf/1.3.9 (mod_pagespeed/1.13.35.2-0)"
80.187.67.145 - - [08/Mar/2026:23:10:29 +0100] "GET /wp-includes/js/admin-bar.min.js?ver=6.9.1 HTTP/1.0" 304 3898 "https://halkfinanz.inglory.de/?elementor_library=freebie&elementor-preview=760&ver=1773007827" "Mozilla/5.0 (Macintosh; Intel Mac OS X 10_15_7) AppleWebKit/537.36 (KHTML, like Gecko) Chrome/145.0.0.0 Safari/537.36"
