94.130.90.54 - - [09/Mar/2026:09:16:38 +0100] "GET /wp-content/plugins/elementor/assets/lib/animations/styles/zoomInDown.min.css?ver=3.35.6 HTTP/1.1" 200 3857 "https://halkfinanz.inglory.de/?elementor_library=freebie&elementor-preview=760&ver=1773044194" "Serf/1.3.9 (mod_pagespeed/1.13.35.2-0)"
103.164.254.165 - - [09/Mar/2026:09:16:38 +0100] "GET /wp-content/plugins/elementor/assets/css/widget-link-in-bio-var-7.min.css?ver=3.35.6 HTTP/1.0" 304 3926 "https://halkfinanz.inglory.de/?elementor_library=freebie&elementor-preview=760&ver=1773044194" "Mozilla/5.0 (Macintosh; Intel Mac OS X 10_15_7) AppleWebKit/537.36 (KHTML, like Gecko) Chrome/145.0.0.0 Safari/537.36"
94.130.90.54 - - [09/Mar/2026:09:16:38 +0100] "GET /wp-content/plugins/elementor/assets/lib/animations/styles/zoomInLeft.min.css?ver=3.35.6 HTTP/1.1" 200 3857 "https://halkfinanz.inglory.de/?elementor_library=freebie&elementor-preview=760&ver=1773044194" "Serf/1.3.9 (mod_pagespeed/1.13.35.2-0)"
103.164.254.165 - - [09/Mar/2026:09:16:38 +0100] "GET /wp-content/plugins/elementor/assets/css/widget-contact-buttons-var-1.min.css?ver=3.35.6 HTTP/1.0" 304 3926 "https://halkfinanz.inglory.de/?elementor_library=freebie&elementor-preview=760&ver=1773044194" "Mozilla/5.0 (Macintosh; Intel Mac OS X 10_15_7) AppleWebKit/537.36 (KHTML, like Gecko) Chrome/145.0.0.0 Safari/537.36"
94.130.90.54 - - [09/Mar/2026:09:16:38 +0100] "GET /wp-content/plugins/elementor/assets/lib/animations/styles/zoomInRight.min.css?ver=3.35.6 HTTP/1.1" 200 3860 "https://halkfinanz.inglory.de/?elementor_library=freebie&elementor-preview=760&ver=1773044194" "Serf/1.3.9 (mod_pagespeed/1.13.35.2-0)"
94.130.90.54 - - [09/Mar/2026:09:16:38 +0100] "GET /wp-content/plugins/elementor/assets/lib/animations/styles/zoomInUp.min.css?ver=3.35.6 HTTP/1.1" 200 3851 "https://halkfinanz.inglory.de/?elementor_library=freebie&elementor-preview=760&ver=1773044194" "Serf/1.3.9 (mod_pagespeed/1.13.35.2-0)"
103.164.254.165 - - [09/Mar/2026:09:16:38 +0100] "GET /wp-content/plugins/elementor/assets/css/widget-link-in-bio-var-5.min.css?ver=3.35.6 HTTP/1.0" 304 3926 "https://halkfinanz.inglory.de/?elementor_library=freebie&elementor-preview=760&ver=1773044194" "Mozilla/5.0 (Macintosh; Intel Mac OS X 10_15_7) AppleWebKit/537.36 (KHTML, like Gecko) Chrome/145.0.0.0 Safari/537.36"
94.130.90.54 - - [09/Mar/2026:09:16:38 +0100] "GET /wp-content/plugins/elementor/assets/lib/animations/styles/bounceIn.min.css?ver=3.35.6 HTTP/1.1" 200 3904 "https://halkfinanz.inglory.de/?elementor_library=freebie&elementor-preview=760&ver=1773044194" "Serf/1.3.9 (mod_pagespeed/1.13.35.2-0)"
103.164.254.165 - - [09/Mar/2026:09:16:38 +0100] "GET /wp-content/plugins/elementor/assets/css/widget-contact-buttons-var-3.min.css?ver=3.35.6 HTTP/1.0" 304 3927 "https://halkfinanz.inglory.de/?elementor_library=freebie&elementor-preview=760&ver=1773044194" "Mozilla/5.0 (Macintosh; Intel Mac OS X 10_15_7) AppleWebKit/537.36 (KHTML, like Gecko) Chrome/145.0.0.0 Safari/537.36"
94.130.90.54 - - [09/Mar/2026:09:16:38 +0100] "GET /wp-content/plugins/elementor/assets/lib/animations/styles/bounceInDown.min.css?ver=3.35.6 HTTP/1.1" 200 3867 "https://halkfinanz.inglory.de/?elementor_library=freebie&elementor-preview=760&ver=1773044194" "Serf/1.3.9 (mod_pagespeed/1.13.35.2-0)"
103.164.254.165 - - [09/Mar/2026:09:16:38 +0100] "GET /wp-content/plugins/elementor/assets/css/widget-contact-buttons-var-4.min.css?ver=3.35.6 HTTP/1.0" 304 3927 "https://halkfinanz.inglory.de/?elementor_library=freebie&elementor-preview=760&ver=1773044194" "Mozilla/5.0 (Macintosh; Intel Mac OS X 10_15_7) AppleWebKit/537.36 (KHTML, like Gecko) Chrome/145.0.0.0 Safari/537.36"
103.164.254.165 - - [09/Mar/2026:09:16:38 +0100] "GET /wp-content/plugins/elementor/assets/css/widget-contact-buttons-var-7.min.css?ver=3.35.6 HTTP/1.0" 304 3926 "https://halkfinanz.inglory.de/?elementor_library=freebie&elementor-preview=760&ver=1773044194" "Mozilla/5.0 (Macintosh; Intel Mac OS X 10_15_7) AppleWebKit/537.36 (KHTML, like Gecko) Chrome/145.0.0.0 Safari/537.36"
94.130.90.54 - - [09/Mar/2026:09:16:38 +0100] "GET /wp-content/plugins/elementor/assets/lib/animations/styles/bounceInLeft.min.css?ver=3.35.6 HTTP/1.1" 200 3867 "https://halkfinanz.inglory.de/?elementor_library=freebie&elementor-preview=760&ver=1773044194" "Serf/1.3.9 (mod_pagespeed/1.13.35.2-0)"
94.130.90.54 - - [09/Mar/2026:09:16:38 +0100] "GET /wp-content/plugins/elementor/assets/lib/animations/styles/bounceInRight.min.css?ver=3.35.6 HTTP/1.1" 200 3872 "https://halkfinanz.inglory.de/?elementor_library=freebie&elementor-preview=760&ver=1773044194" "Serf/1.3.9 (mod_pagespeed/1.13.35.2-0)"
103.164.254.165 - - [09/Mar/2026:09:16:38 +0100] "GET /wp-content/plugins/elementor/assets/css/widget-contact-buttons-var-8.min.css?ver=3.35.6 HTTP/1.0" 304 3927 "https://halkfinanz.inglory.de/?elementor_library=freebie&elementor-preview=760&ver=1773044194" "Mozilla/5.0 (Macintosh; Intel Mac OS X 10_15_7) AppleWebKit/537.36 (KHTML, like Gecko) Chrome/145.0.0.0 Safari/537.36"
94.130.90.54 - - [09/Mar/2026:09:16:38 +0100] "GET /wp-content/plugins/elementor/assets/lib/animations/styles/bounceInUp.min.css?ver=3.35.6 HTTP/1.1" 200 3877 "https://halkfinanz.inglory.de/?elementor_library=freebie&elementor-preview=760&ver=1773044194" "Serf/1.3.9 (mod_pagespeed/1.13.35.2-0)"
103.164.254.165 - - [09/Mar/2026:09:16:38 +0100] "GET /wp-content/plugins/elementor/assets/css/widget-contact-buttons-var-6.min.css?ver=3.35.6 HTTP/1.0" 304 3926 "https://halkfinanz.inglory.de/?elementor_library=freebie&elementor-preview=760&ver=1773044194" "Mozilla/5.0 (Macintosh; Intel Mac OS X 10_15_7) AppleWebKit/537.36 (KHTML, like Gecko) Chrome/145.0.0.0 Safari/537.36"
94.130.90.54 - - [09/Mar/2026:09:16:38 +0100] "GET /wp-content/plugins/elementor/assets/lib/animations/styles/slideInDown.min.css?ver=3.35.6 HTTP/1.1" 200 3689 "https://halkfinanz.inglory.de/?elementor_library=freebie&elementor-preview=760&ver=1773044194" "Serf/1.3.9 (mod_pagespeed/1.13.35.2-0)"
103.164.254.165 - - [09/Mar/2026:09:16:38 +0100] "GET /wp-content/plugins/elementor/assets/css/widget-contact-buttons-var-9.min.css?ver=3.35.6 HTTP/1.0" 304 3927 "https://halkfinanz.inglory.de/?elementor_library=freebie&elementor-preview=760&ver=1773044194" "Mozilla/5.0 (Macintosh; Intel Mac OS X 10_15_7) AppleWebKit/537.36 (KHTML, like Gecko) Chrome/145.0.0.0 Safari/537.36"
94.130.90.54 - - [09/Mar/2026:09:16:38 +0100] "GET /wp-content/plugins/elementor/assets/lib/animations/styles/slideInLeft.min.css?ver=3.35.6 HTTP/1.1" 200 3689 "https://halkfinanz.inglory.de/?elementor_library=freebie&elementor-preview=760&ver=1773044194" "Serf/1.3.9 (mod_pagespeed/1.13.35.2-0)"
103.164.254.165 - - [09/Mar/2026:09:16:38 +0100] "GET /wp-content/plugins/elementor/assets/css/widget-floating-bars-var-3.min.css?ver=3.35.6 HTTP/1.0" 304 3927 "https://halkfinanz.inglory.de/?elementor_library=freebie&elementor-preview=760&ver=1773044194" "Mozilla/5.0 (Macintosh; Intel Mac OS X 10_15_7) AppleWebKit/537.36 (KHTML, like Gecko) Chrome/145.0.0.0 Safari/537.36"
103.164.254.165 - - [09/Mar/2026:09:16:38 +0100] "GET /wp-content/plugins/elementor/assets/css/widget-contact-buttons-var-10.min.css?ver=3.35.6 HTTP/1.0" 304 3927 "https://halkfinanz.inglory.de/?elementor_library=freebie&elementor-preview=760&ver=1773044194" "Mozilla/5.0 (Macintosh; Intel Mac OS X 10_15_7) AppleWebKit/537.36 (KHTML, like Gecko) Chrome/145.0.0.0 Safari/537.36"
94.130.90.54 - - [09/Mar/2026:09:16:38 +0100] "GET /wp-content/plugins/elementor/assets/lib/animations/styles/slideInRight.min.css?ver=3.35.6 HTTP/1.1" 200 3691 "https://halkfinanz.inglory.de/?elementor_library=freebie&elementor-preview=760&ver=1773044194" "Serf/1.3.9 (mod_pagespeed/1.13.35.2-0)"
94.130.90.54 - - [09/Mar/2026:09:16:38 +0100] "GET /wp-content/plugins/elementor/assets/lib/animations/styles/slideInUp.min.css?ver=3.35.6 HTTP/1.1" 200 3682 "https://halkfinanz.inglory.de/?elementor_library=freebie&elementor-preview=760&ver=1773044194" "Serf/1.3.9 (mod_pagespeed/1.13.35.2-0)"
94.130.90.54 - - [09/Mar/2026:09:16:38 +0100] "GET /wp-content/plugins/elementor/assets/lib/animations/styles/rotateIn.min.css?ver=3.35.6 HTTP/1.1" 200 3716 "https://halkfinanz.inglory.de/?elementor_library=freebie&elementor-preview=760&ver=1773044194" "Serf/1.3.9 (mod_pagespeed/1.13.35.2-0)"
103.164.254.165 - - [09/Mar/2026:09:16:38 +0100] "GET /wp-content/plugins/elementor-pro/assets/css/widget-search.min.css?ver=3.35.1 HTTP/1.0" 304 3927 "https://halkfinanz.inglory.de/?elementor_library=freebie&elementor-preview=760&ver=1773044194" "Mozilla/5.0 (Macintosh; Intel Mac OS X 10_15_7) AppleWebKit/537.36 (KHTML, like Gecko) Chrome/145.0.0.0 Safari/537.36"
94.130.90.54 - - [09/Mar/2026:09:16:38 +0100] "GET /wp-content/plugins/elementor/assets/lib/animations/styles/rotateInDownLeft.min.css?ver=3.35.6 HTTP/1.1" 200 3749 "https://halkfinanz.inglory.de/?elementor_library=freebie&elementor-preview=760&ver=1773044194" "Serf/1.3.9 (mod_pagespeed/1.13.35.2-0)"
103.164.254.165 - - [09/Mar/2026:09:16:38 +0100] "GET /wp-content/plugins/elementor/assets/css/widget-floating-bars-var-2.min.css?ver=3.35.6 HTTP/1.0" 304 3927 "https://halkfinanz.inglory.de/?elementor_library=freebie&elementor-preview=760&ver=1773044194" "Mozilla/5.0 (Macintosh; Intel Mac OS X 10_15_7) AppleWebKit/537.36 (KHTML, like Gecko) Chrome/145.0.0.0 Safari/537.36"
94.130.90.54 - - [09/Mar/2026:09:16:38 +0100] "GET /wp-content/plugins/elementor/assets/lib/animations/styles/rotateInDownRight.min.css?ver=3.35.6 HTTP/1.1" 200 3753 "https://halkfinanz.inglory.de/?elementor_library=freebie&elementor-preview=760&ver=1773044194" "Serf/1.3.9 (mod_pagespeed/1.13.35.2-0)"
103.164.254.165 - - [09/Mar/2026:09:16:38 +0100] "GET /wp-content/plugins/elementor-pro/assets/css/preview.min.css?ver=3.35.1 HTTP/1.0" 304 3927 "https://halkfinanz.inglory.de/?elementor_library=freebie&elementor-preview=760&ver=1773044194" "Mozilla/5.0 (Macintosh; Intel Mac OS X 10_15_7) AppleWebKit/537.36 (KHTML, like Gecko) Chrome/145.0.0.0 Safari/537.36"
103.164.254.165 - - [09/Mar/2026:09:16:38 +0100] "GET /wp-content/plugins/elementor/assets/css/modules/ai/layout-preview.min.css?ver=3.35.6 HTTP/1.0" 304 3927 "https://halkfinanz.inglory.de/?elementor_library=freebie&elementor-preview=760&ver=1773044194" "Mozilla/5.0 (Macintosh; Intel Mac OS X 10_15_7) AppleWebKit/537.36 (KHTML, like Gecko) Chrome/145.0.0.0 Safari/537.36"
94.130.90.54 - - [09/Mar/2026:09:16:38 +0100] "GET /wp-content/plugins/elementor/assets/lib/animations/styles/rotateInUpRight.min.css?ver=3.35.6 HTTP/1.1" 200 3748 "https://halkfinanz.inglory.de/?elementor_library=freebie&elementor-preview=760&ver=1773044194" "Serf/1.3.9 (mod_pagespeed/1.13.35.2-0)"
103.164.254.165 - - [09/Mar/2026:09:16:38 +0100] "GET /wp-content/plugins/elementor/assets/css/modules/styleguide/editor.min.css?ver=3.35.6 HTTP/1.0" 304 3926 "https://halkfinanz.inglory.de/?elementor_library=freebie&elementor-preview=760&ver=1773044194" "Mozilla/5.0 (Macintosh; Intel Mac OS X 10_15_7) AppleWebKit/537.36 (KHTML, like Gecko) Chrome/145.0.0.0 Safari/537.36"
103.164.254.165 - - [09/Mar/2026:09:16:38 +0100] "GET /wp-includes/js/jquery/jquery.min.js?ver=3.7.1 HTTP/1.0" 304 3900 "https://halkfinanz.inglory.de/?elementor_library=freebie&elementor-preview=760&ver=1773044194" "Mozilla/5.0 (Macintosh; Intel Mac OS X 10_15_7) AppleWebKit/537.36 (KHTML, like Gecko) Chrome/145.0.0.0 Safari/537.36"
94.130.90.54 - - [09/Mar/2026:09:16:38 +0100] "GET /wp-content/plugins/elementor/assets/lib/animations/styles/rotateInUpLeft.min.css?ver=3.35.6 HTTP/1.1" 200 3742 "https://halkfinanz.inglory.de/?elementor_library=freebie&elementor-preview=760&ver=1773044194" "Serf/1.3.9 (mod_pagespeed/1.13.35.2-0)"
103.164.254.165 - - [09/Mar/2026:09:16:38 +0100] "GET /wp-content/plugins/elementor-pro/assets/css/modules/motion-fx.min.css?ver=3.35.1 HTTP/1.0" 304 3926 "https://halkfinanz.inglory.de/?elementor_library=freebie&elementor-preview=760&ver=1773044194" "Mozilla/5.0 (Macintosh; Intel Mac OS X 10_15_7) AppleWebKit/537.36 (KHTML, like Gecko) Chrome/145.0.0.0 Safari/537.36"
103.164.254.165 - - [09/Mar/2026:09:16:38 +0100] "GET /wp-content/plugins/elementor-pro/assets/css/conditionals/ribbon.min.css?ver=3.35.1 HTTP/1.0" 304 3926 "https://halkfinanz.inglory.de/?elementor_library=freebie&elementor-preview=760&ver=1773044194" "Mozilla/5.0 (Macintosh; Intel Mac OS X 10_15_7) AppleWebKit/537.36 (KHTML, like Gecko) Chrome/145.0.0.0 Safari/537.36"
94.130.90.54 - - [09/Mar/2026:09:16:38 +0100] "GET /wp-content/plugins/elementor/assets/lib/animations/styles/bounce.min.css?ver=3.35.6 HTTP/1.1" 200 3963 "https://halkfinanz.inglory.de/?elementor_library=freebie&elementor-preview=760&ver=1773044194" "Serf/1.3.9 (mod_pagespeed/1.13.35.2-0)"
103.164.254.165 - - [09/Mar/2026:09:16:38 +0100] "GET /wp-content/plugins/elementor/assets/css/editor-preview.min.css?ver=3.35.6 HTTP/1.0" 304 3928 "https://halkfinanz.inglory.de/?elementor_library=freebie&elementor-preview=760&ver=1773044194" "Mozilla/5.0 (Macintosh; Intel Mac OS X 10_15_7) AppleWebKit/537.36 (KHTML, like Gecko) Chrome/145.0.0.0 Safari/537.36"
103.164.254.165 - - [09/Mar/2026:09:16:38 +0100] "GET /wp-includes/js/jquery/jquery-migrate.min.js?ver=3.4.1 HTTP/1.0" 304 3899 "https://halkfinanz.inglory.de/?elementor_library=freebie&elementor-preview=760&ver=1773044194" "Mozilla/5.0 (Macintosh; Intel Mac OS X 10_15_7) AppleWebKit/537.36 (KHTML, like Gecko) Chrome/145.0.0.0 Safari/537.36"
94.130.90.54 - - [09/Mar/2026:09:16:38 +0100] "GET /wp-content/plugins/elementor/assets/lib/animations/styles/flash.min.css?ver=3.35.6 HTTP/1.1" 200 3621 "https://halkfinanz.inglory.de/?elementor_library=freebie&elementor-preview=760&ver=1773044194" "Serf/1.3.9 (mod_pagespeed/1.13.35.2-0)"
103.164.254.165 - - [09/Mar/2026:09:16:38 +0100] "GET /wp-content/plugins/elementor-pro/assets/js/page-transitions.min.js?ver=3.35.1 HTTP/1.0" 304 3927 "https://halkfinanz.inglory.de/?elementor_library=freebie&elementor-preview=760&ver=1773044194" "Mozilla/5.0 (Macintosh; Intel Mac OS X 10_15_7) AppleWebKit/537.36 (KHTML, like Gecko) Chrome/145.0.0.0 Safari/537.36"
94.130.90.54 - - [09/Mar/2026:09:16:38 +0100] "GET /wp-content/plugins/elementor/assets/lib/animations/styles/e-animation-pulse.min.css?ver=3.35.6 HTTP/1.1" 200 3855 "https://halkfinanz.inglory.de/?elementor_library=freebie&elementor-preview=760&ver=1773044194" "Serf/1.3.9 (mod_pagespeed/1.13.35.2-0)"
103.164.254.165 - - [09/Mar/2026:09:16:38 +0100] "GET /wp-content/plugins/elementor/assets/css/conditionals/shapes.min.css?ver=3.35.6 HTTP/1.0" 304 3926 "https://halkfinanz.inglory.de/?elementor_library=freebie&elementor-preview=760&ver=1773044194" "Mozilla/5.0 (Macintosh; Intel Mac OS X 10_15_7) AppleWebKit/537.36 (KHTML, like Gecko) Chrome/145.0.0.0 Safari/537.36"
94.130.90.54 - - [09/Mar/2026:09:16:38 +0100] "GET /wp-content/plugins/elementor/assets/lib/animations/styles/rubberBand.min.css?ver=3.35.6 HTTP/1.1" 200 3801 "https://halkfinanz.inglory.de/?elementor_library=freebie&elementor-preview=760&ver=1773044194" "Serf/1.3.9 (mod_pagespeed/1.13.35.2-0)"
103.164.254.165 - - [09/Mar/2026:09:16:38 +0100] "GET /wp-content/plugins/elementor/assets/lib/animations/styles/fadeIn.min.css?ver=3.35.6 HTTP/1.0" 304 3925 "https://halkfinanz.inglory.de/?elementor_library=freebie&elementor-preview=760&ver=1773044194" "Mozilla/5.0 (Macintosh; Intel Mac OS X 10_15_7) AppleWebKit/537.36 (KHTML, like Gecko) Chrome/145.0.0.0 Safari/537.36"
94.130.90.54 - - [09/Mar/2026:09:16:38 +0100] "GET /wp-content/plugins/elementor/assets/lib/animations/styles/shake.min.css?ver=3.35.6 HTTP/1.1" 200 3720 "https://halkfinanz.inglory.de/?elementor_library=freebie&elementor-preview=760&ver=1773044194" "Serf/1.3.9 (mod_pagespeed/1.13.35.2-0)"
94.130.90.54 - - [09/Mar/2026:09:16:38 +0100] "GET /wp-content/plugins/elementor/assets/lib/animations/styles/headShake.min.css?ver=3.35.6 HTTP/1.1" 200 3875 "https://halkfinanz.inglory.de/?elementor_library=freebie&elementor-preview=760&ver=1773044194" "Serf/1.3.9 (mod_pagespeed/1.13.35.2-0)"
94.130.90.54 - - [09/Mar/2026:09:16:38 +0100] "GET /wp-content/plugins/elementor/assets/lib/animations/styles/swing.min.css?ver=3.35.6 HTTP/1.1" 200 3788 "https://halkfinanz.inglory.de/?elementor_library=freebie&elementor-preview=760&ver=1773044194" "Serf/1.3.9 (mod_pagespeed/1.13.35.2-0)"
94.130.90.54 - - [09/Mar/2026:09:16:38 +0100] "GET /wp-content/plugins/elementor/assets/lib/animations/styles/tada.min.css?ver=3.35.6 HTTP/1.1" 200 3804 "https://halkfinanz.inglory.de/?elementor_library=freebie&elementor-preview=760&ver=1773044194" "Serf/1.3.9 (mod_pagespeed/1.13.35.2-0)"
94.130.90.54 - - [09/Mar/2026:09:16:38 +0100] "GET /wp-content/plugins/elementor/assets/lib/animations/styles/wobble.min.css?ver=3.35.6 HTTP/1.1" 200 3894 "https://halkfinanz.inglory.de/?elementor_library=freebie&elementor-preview=760&ver=1773044194" "Serf/1.3.9 (mod_pagespeed/1.13.35.2-0)"
94.130.90.54 - - [09/Mar/2026:09:16:38 +0100] "GET /wp-content/plugins/elementor/assets/lib/animations/styles/jello.min.css?ver=3.35.6 HTTP/1.1" 200 3990 "https://halkfinanz.inglory.de/?elementor_library=freebie&elementor-preview=760&ver=1773044194" "Serf/1.3.9 (mod_pagespeed/1.13.35.2-0)"
94.130.90.54 - - [09/Mar/2026:09:16:38 +0100] "GET /wp-content/plugins/elementor/assets/lib/animations/styles/lightSpeedIn.min.css?ver=3.35.6 HTTP/1.1" 200 3802 "https://halkfinanz.inglory.de/?elementor_library=freebie&elementor-preview=760&ver=1773044194" "Serf/1.3.9 (mod_pagespeed/1.13.35.2-0)"
94.130.90.54 - - [09/Mar/2026:09:16:38 +0100] "GET /wp-content/plugins/elementor/assets/lib/animations/styles/rollIn.min.css?ver=3.35.6 HTTP/1.1" 200 3685 "https://halkfinanz.inglory.de/?elementor_library=freebie&elementor-preview=760&ver=1773044194" "Serf/1.3.9 (mod_pagespeed/1.13.35.2-0)"
94.130.90.54 - - [09/Mar/2026:09:16:38 +0100] "GET /wp-content/plugins/elementor/assets/lib/animations/styles/e-animation-grow.min.css?ver=3.35.6 HTTP/1.1" 200 3734 "https://halkfinanz.inglory.de/?elementor_library=freebie&elementor-preview=760&ver=1773044194" "Serf/1.3.9 (mod_pagespeed/1.13.35.2-0)"
94.130.90.54 - - [09/Mar/2026:09:16:38 +0100] "GET /wp-content/plugins/elementor/assets/lib/animations/styles/e-animation-shrink.min.css?ver=3.35.6 HTTP/1.1" 200 3741 "https://halkfinanz.inglory.de/?elementor_library=freebie&elementor-preview=760&ver=1773044194" "Serf/1.3.9 (mod_pagespeed/1.13.35.2-0)"
94.130.90.54 - - [09/Mar/2026:09:16:38 +0100] "GET /wp-content/plugins/elementor/assets/lib/animations/styles/e-animation-pulse-grow.min.css?ver=3.35.6 HTTP/1.1" 200 3886 "https://halkfinanz.inglory.de/?elementor_library=freebie&elementor-preview=760&ver=1773044194" "Serf/1.3.9 (mod_pagespeed/1.13.35.2-0)"
94.130.90.54 - - [09/Mar/2026:09:16:38 +0100] "GET /wp-content/plugins/elementor/assets/lib/animations/styles/e-animation-pulse-shrink.min.css?ver=3.35.6 HTTP/1.1" 200 3895 "https://halkfinanz.inglory.de/?elementor_library=freebie&elementor-preview=760&ver=1773044194" "Serf/1.3.9 (mod_pagespeed/1.13.35.2-0)"
94.130.90.54 - - [09/Mar/2026:09:16:38 +0100] "GET /wp-content/plugins/elementor/assets/lib/animations/styles/e-animation-push.min.css?ver=3.35.6 HTTP/1.1" 200 3843 "https://halkfinanz.inglory.de/?elementor_library=freebie&elementor-preview=760&ver=1773044194" "Serf/1.3.9 (mod_pagespeed/1.13.35.2-0)"
94.130.90.54 - - [09/Mar/2026:09:16:38 +0100] "GET /wp-content/plugins/elementor/assets/lib/animations/styles/e-animation-pop.min.css?ver=3.35.6 HTTP/1.1" 200 3815 "https://halkfinanz.inglory.de/?elementor_library=freebie&elementor-preview=760&ver=1773044194" "Serf/1.3.9 (mod_pagespeed/1.13.35.2-0)"
94.130.90.54 - - [09/Mar/2026:09:16:38 +0100] "GET /wp-content/plugins/elementor/assets/lib/animations/styles/e-animation-bounce-in.min.css?ver=3.35.6 HTTP/1.1" 200 3786 "https://halkfinanz.inglory.de/?elementor_library=freebie&elementor-preview=760&ver=1773044194" "Serf/1.3.9 (mod_pagespeed/1.13.35.2-0)"
94.130.90.54 - - [09/Mar/2026:09:16:38 +0100] "GET /wp-content/plugins/elementor/assets/lib/animations/styles/e-animation-bounce-out.min.css?ver=3.35.6 HTTP/1.1" 200 3789 "https://halkfinanz.inglory.de/?elementor_library=freebie&elementor-preview=760&ver=1773044194" "Serf/1.3.9 (mod_pagespeed/1.13.35.2-0)"
94.130.90.54 - - [09/Mar/2026:09:16:38 +0100] "GET /wp-content/plugins/elementor/assets/lib/animations/styles/e-animation-rotate.min.css?ver=3.35.6 HTTP/1.1" 200 3744 "https://halkfinanz.inglory.de/?elementor_library=freebie&elementor-preview=760&ver=1773044194" "Serf/1.3.9 (mod_pagespeed/1.13.35.2-0)"
94.130.90.54 - - [09/Mar/2026:09:16:38 +0100] "GET /wp-content/plugins/elementor/assets/lib/animations/styles/e-animation-grow-rotate.min.css?ver=3.35.6 HTTP/1.1" 200 3775 "https://halkfinanz.inglory.de/?elementor_library=freebie&elementor-preview=760&ver=1773044194" "Serf/1.3.9 (mod_pagespeed/1.13.35.2-0)"
94.130.90.54 - - [09/Mar/2026:09:16:38 +0100] "GET /wp-content/plugins/elementor/assets/lib/animations/styles/e-animation-float.min.css?ver=3.35.6 HTTP/1.1" 200 3780 "https://halkfinanz.inglory.de/?elementor_library=freebie&elementor-preview=760&ver=1773044194" "Serf/1.3.9 (mod_pagespeed/1.13.35.2-0)"
94.130.90.54 - - [09/Mar/2026:09:16:38 +0100] "GET /wp-content/plugins/elementor/assets/lib/animations/styles/e-animation-sink.min.css?ver=3.35.6 HTTP/1.1" 200 3775 "https://halkfinanz.inglory.de/?elementor_library=freebie&elementor-preview=760&ver=1773044194" "Serf/1.3.9 (mod_pagespeed/1.13.35.2-0)"
94.130.90.54 - - [09/Mar/2026:09:16:38 +0100] "GET /wp-content/plugins/elementor/assets/lib/animations/styles/e-animation-bob.min.css?ver=3.35.6 HTTP/1.1" 200 4104 "https://halkfinanz.inglory.de/?elementor_library=freebie&elementor-preview=760&ver=1773044194" "Serf/1.3.9 (mod_pagespeed/1.13.35.2-0)"
94.130.90.54 - - [09/Mar/2026:09:16:38 +0100] "GET /wp-content/plugins/elementor/assets/lib/animations/styles/e-animation-hang.min.css?ver=3.35.6 HTTP/1.1" 200 4105 "https://halkfinanz.inglory.de/?elementor_library=freebie&elementor-preview=760&ver=1773044194" "Serf/1.3.9 (mod_pagespeed/1.13.35.2-0)"
94.130.90.54 - - [09/Mar/2026:09:16:38 +0100] "GET /wp-content/plugins/elementor/assets/lib/animations/styles/e-animation-skew.min.css?ver=3.35.6 HTTP/1.1" 200 3736 "https://halkfinanz.inglory.de/?elementor_library=freebie&elementor-preview=760&ver=1773044194" "Serf/1.3.9 (mod_pagespeed/1.13.35.2-0)"
94.130.90.54 - - [09/Mar/2026:09:16:38 +0100] "GET /wp-content/plugins/elementor/assets/lib/animations/styles/e-animation-skew-forward.min.css?ver=3.35.6 HTTP/1.1" 200 3793 "https://halkfinanz.inglory.de/?elementor_library=freebie&elementor-preview=760&ver=1773044194" "Serf/1.3.9 (mod_pagespeed/1.13.35.2-0)"
94.130.90.54 - - [09/Mar/2026:09:16:38 +0100] "GET /wp-content/plugins/elementor/assets/lib/animations/styles/e-animation-skew-backward.min.css?ver=3.35.6 HTTP/1.1" 200 3796 "https://halkfinanz.inglory.de/?elementor_library=freebie&elementor-preview=760&ver=1773044194" "Serf/1.3.9 (mod_pagespeed/1.13.35.2-0)"
94.130.90.54 - - [09/Mar/2026:09:16:38 +0100] "GET /wp-content/plugins/elementor/assets/lib/animations/styles/e-animation-wobble-vertical.min.css?ver=3.35.6 HTTP/1.1" 200 4048 "https://halkfinanz.inglory.de/?elementor_library=freebie&elementor-preview=760&ver=1773044194" "Serf/1.3.9 (mod_pagespeed/1.13.35.2-0)"
94.130.90.54 - - [09/Mar/2026:09:16:38 +0100] "GET /wp-content/plugins/elementor/assets/lib/animations/styles/e-animation-wobble-horizontal.min.css?ver=3.35.6 HTTP/1.1" 200 4058 "https://halkfinanz.inglory.de/?elementor_library=freebie&elementor-preview=760&ver=1773044194" "Serf/1.3.9 (mod_pagespeed/1.13.35.2-0)"
94.130.90.54 - - [09/Mar/2026:09:16:38 +0100] "GET /wp-content/plugins/elementor/assets/lib/animations/styles/e-animation-wobble-to-bottom-right.min.css?ver=3.35.6 HTTP/1.1" 200 4101 "https://halkfinanz.inglory.de/?elementor_library=freebie&elementor-preview=760&ver=1773044194" "Serf/1.3.9 (mod_pagespeed/1.13.35.2-0)"
94.130.90.54 - - [09/Mar/2026:09:16:38 +0100] "GET /wp-content/plugins/elementor/assets/lib/animations/styles/e-animation-wobble-to-top-right.min.css?ver=3.35.6 HTTP/1.1" 200 4087 "https://halkfinanz.inglory.de/?elementor_library=freebie&elementor-preview=760&ver=1773044194" "Serf/1.3.9 (mod_pagespeed/1.13.35.2-0)"
94.130.90.54 - - [09/Mar/2026:09:16:38 +0100] "GET /wp-content/plugins/elementor/assets/lib/animations/styles/e-animation-wobble-top.min.css?ver=3.35.6 HTTP/1.1" 200 4051 "https://halkfinanz.inglory.de/?elementor_library=freebie&elementor-preview=760&ver=1773044194" "Serf/1.3.9 (mod_pagespeed/1.13.35.2-0)"
94.130.90.54 - - [09/Mar/2026:09:16:38 +0100] "GET /wp-content/plugins/elementor/assets/lib/animations/styles/e-animation-wobble-bottom.min.css?ver=3.35.6 HTTP/1.1" 200 4069 "https://halkfinanz.inglory.de/?elementor_library=freebie&elementor-preview=760&ver=1773044194" "Serf/1.3.9 (mod_pagespeed/1.13.35.2-0)"
94.130.90.54 - - [09/Mar/2026:09:16:38 +0100] "GET /wp-content/plugins/elementor/assets/lib/animations/styles/e-animation-wobble-skew.min.css?ver=3.35.6 HTTP/1.1" 200 4000 "https://halkfinanz.inglory.de/?elementor_library=freebie&elementor-preview=760&ver=1773044194" "Serf/1.3.9 (mod_pagespeed/1.13.35.2-0)"
94.130.90.54 - - [09/Mar/2026:09:16:38 +0100] "GET /wp-content/plugins/elementor/assets/lib/animations/styles/e-animation-buzz.min.css?ver=3.35.6 HTTP/1.1" 200 3892 "https://halkfinanz.inglory.de/?elementor_library=freebie&elementor-preview=760&ver=1773044194" "Serf/1.3.9 (mod_pagespeed/1.13.35.2-0)"
94.130.90.54 - - [09/Mar/2026:09:16:38 +0100] "GET /wp-content/plugins/elementor/assets/lib/animations/styles/e-animation-buzz-out.min.css?ver=3.35.6 HTTP/1.1" 200 4250 "https://halkfinanz.inglory.de/?elementor_library=freebie&elementor-preview=760&ver=1773044194" "Serf/1.3.9 (mod_pagespeed/1.13.35.2-0)"
94.130.90.54 - - [09/Mar/2026:09:16:38 +0100] "GET /wp-content/plugins/elementor/assets/lib/jquery-numerator/jquery-numerator.min.js?ver=0.2.1 HTTP/1.1" 200 5382 "https://halkfinanz.inglory.de/?elementor_library=freebie&elementor-preview=760&ver=1773044194" "Serf/1.3.9 (mod_pagespeed/1.13.35.2-0)"
94.130.90.54 - - [09/Mar/2026:09:16:38 +0100] "GET /wp-includes/js/imagesloaded.min.js?ver=5.0.0 HTTP/1.1" 200 9102 "https://halkfinanz.inglory.de/?elementor_library=freebie&elementor-preview=760&ver=1773044194" "Serf/1.3.9 (mod_pagespeed/1.13.35.2-0)"
94.130.90.54 - - [09/Mar/2026:09:16:38 +0100] "GET /wp-content/plugins/elementor/assets/lib/e-gallery/js/e-gallery.min.js?ver=1.2.0 HTTP/1.1" 200 18930 "https://halkfinanz.inglory.de/?elementor_library=freebie&elementor-preview=760&ver=1773044194" "Serf/1.3.9 (mod_pagespeed/1.13.35.2-0)"
94.130.90.54 - - [09/Mar/2026:09:16:38 +0100] "GET /wp-includes/js/mediaelement/wp-mediaelement.min.js?ver=6.9.1 HTTP/1.1" 200 4659 "https://halkfinanz.inglory.de/?elementor_library=freebie&elementor-preview=760&ver=1773044194" "Serf/1.3.9 (mod_pagespeed/1.13.35.2-0)"
94.130.90.54 - - [09/Mar/2026:09:16:38 +0100] "GET /wp-content/plugins/elementor-pro/assets/js/preview.min.js?ver=3.35.1 HTTP/1.1" 200 20948 "https://halkfinanz.inglory.de/?elementor_library=freebie&elementor-preview=760&ver=1773044194" "Serf/1.3.9 (mod_pagespeed/1.13.35.2-0)"
94.130.90.54 - - [09/Mar/2026:09:16:38 +0100] "GET /wp-content/plugins/elementor/assets/lib/flatpickr/flatpickr.min.js?ver=4.6.13 HTTP/1.1" 200 54350 "https://halkfinanz.inglory.de/?elementor_library=freebie&elementor-preview=760&ver=1773044194" "Serf/1.3.9 (mod_pagespeed/1.13.35.2-0)"
94.130.90.54 - - [09/Mar/2026:09:16:38 +0100] "GET /wp-content/plugins/elementor/assets/js/elementor-admin-bar.min.js?ver=3.35.6 HTTP/1.1" 200 10895 "https://halkfinanz.inglory.de/?elementor_library=freebie&elementor-preview=760&ver=1773044194" "Serf/1.3.9 (mod_pagespeed/1.13.35.2-0)"
94.130.90.54 - - [09/Mar/2026:09:16:38 +0100] "GET /wp-includes/js/hoverintent-js.min.js?ver=2.2.1 HTTP/1.1" 304 3411 "https://halkfinanz.inglory.de/?elementor_library=freebie&elementor-preview=760&ver=1773044194" "Serf/1.3.9 (mod_pagespeed/1.13.35.2-0)"
94.130.90.54 - - [09/Mar/2026:09:16:38 +0100] "GET /wp-content/uploads/cropped-favicon-32x32.png HTTP/1.1" 304 3411 "https://halkfinanz.inglory.de/?elementor_library=freebie&elementor-preview=760&ver=1773044194" "Serf/1.3.9 (mod_pagespeed/1.13.35.2-0)"
94.130.90.54 - - [09/Mar/2026:09:16:38 +0100] "GET /wp-content/uploads/cropped-favicon-192x192.png HTTP/1.1" 304 3412 "https://halkfinanz.inglory.de/?elementor_library=freebie&elementor-preview=760&ver=1773044194" "Serf/1.3.9 (mod_pagespeed/1.13.35.2-0)"
94.130.90.54 - - [09/Mar/2026:09:16:38 +0100] "GET /wp-content/uploads/cropped-favicon-180x180.png HTTP/1.1" 304 3412 "https://halkfinanz.inglory.de/?elementor_library=freebie&elementor-preview=760&ver=1773044194" "Serf/1.3.9 (mod_pagespeed/1.13.35.2-0)"
94.130.90.54 - - [09/Mar/2026:09:16:38 +0100] "GET /wp-content/uploads/users-1-1.png HTTP/1.1" 200 19726 "https://halkfinanz.inglory.de/?elementor_library=freebie&elementor-preview=760&ver=1773044194" "Serf/1.3.9 (mod_pagespeed/1.13.35.2-0)"
103.164.254.165 - - [09/Mar/2026:09:16:37 +0100] "POST /wp-admin/admin-ajax.php HTTP/1.0" 200 10656936 "https://halkfinanz.inglory.de/wp-admin/post.php?post=760&action=elementor" "Mozilla/5.0 (Macintosh; Intel Mac OS X 10_15_7) AppleWebKit/537.36 (KHTML, like Gecko) Chrome/145.0.0.0 Safari/537.36"
94.130.90.54 - - [09/Mar/2026:09:16:38 +0100] "GET /wp-content/uploads/users-1-1-300x75.png HTTP/1.1" 304 3412 "https://halkfinanz.inglory.de/?elementor_library=freebie&elementor-preview=760&ver=1773044194" "Serf/1.3.9 (mod_pagespeed/1.13.35.2-0)"
94.130.90.54 - - [09/Mar/2026:09:16:38 +0100] "GET /wp-content/plugins/elementor-pro/assets/js/page-transitions.min.js?ver=3.35.1 HTTP/1.1" 200 21269 "https://halkfinanz.inglory.de/?elementor_library=freebie&elementor-preview=760&ver=1773044194" "Serf/1.3.9 (mod_pagespeed/1.13.35.2-0)"
94.130.90.54 - - [09/Mar/2026:09:16:38 +0100] "GET /wp-includes/js/dist/vendor/react.min.js?ver=18.3.1.1 HTTP/1.1" 304 3412 "https://halkfinanz.inglory.de/?elementor_library=freebie&elementor-preview=760&ver=1773044194" "Serf/1.3.9 (mod_pagespeed/1.13.35.2-0)"
94.130.90.54 - - [09/Mar/2026:09:16:38 +0100] "GET /wp-includes/js/dist/vendor/react-dom.min.js?ver=18.3.1.1 HTTP/1.1" 304 3413 "https://halkfinanz.inglory.de/?elementor_library=freebie&elementor-preview=760&ver=1773044194" "Serf/1.3.9 (mod_pagespeed/1.13.35.2-0)"
94.130.90.54 - - [09/Mar/2026:09:16:38 +0100] "GET /wp-content/plugins/elementor/assets/js/styleguide-app-initiator.min.js?ver=3.35.6 HTTP/1.1" 200 16927 "https://halkfinanz.inglory.de/?elementor_library=freebie&elementor-preview=760&ver=1773044194" "Serf/1.3.9 (mod_pagespeed/1.13.35.2-0)"
94.130.90.54 - - [09/Mar/2026:09:16:38 +0100] "GET /wp-includes/js/mediaelement/mediaelement-and-player.min.js?ver=4.2.17 HTTP/1.1" 200 161851 "https://halkfinanz.inglory.de/?elementor_library=freebie&elementor-preview=760&ver=1773044194" "Serf/1.3.9 (mod_pagespeed/1.13.35.2-0)"
94.130.90.54 - - [09/Mar/2026:09:16:38 +0100] "GET /wp-includes/js/mediaelement/mediaelement-migrate.min.js?ver=6.9.1 HTTP/1.1" 200 4743 "https://halkfinanz.inglory.de/?elementor_library=freebie&elementor-preview=760&ver=1773044194" "Serf/1.3.9 (mod_pagespeed/1.13.35.2-0)"
94.130.90.54 - - [09/Mar/2026:09:16:38 +0100] "GET /wp-content/plugins/elementor/assets/css/editor-preview.min.css?ver=3.35.6 HTTP/1.1" 200 124693 "https://halkfinanz.inglory.de/?elementor_library=freebie&elementor-preview=760&ver=1773044194" "Serf/1.3.9 (mod_pagespeed/1.13.35.2-0)"
94.130.90.54 - - [09/Mar/2026:09:16:38 +0100] "GET /wp-includes/js/mediaelement/mediaelementplayer-legacy.min.css?ver=4.2.17 HTTP/1.1" 200 14825 "https://halkfinanz.inglory.de/?elementor_library=freebie&elementor-preview=760&ver=1773044194" "Serf/1.3.9 (mod_pagespeed/1.13.35.2-0)"
94.130.90.54 - - [09/Mar/2026:09:16:38 +0100] "GET /wp-content/plugins/elementor-pro/assets//lib/instant-page/instant-page.min.js?ver=3.35.1 HTTP/1.1" 200 6440 "https://halkfinanz.inglory.de/?elementor_library=freebie&elementor-preview=760&ver=1773044194" "Serf/1.3.9 (mod_pagespeed/1.13.35.2-0)"
94.130.90.54 - - [09/Mar/2026:09:16:38 +0100] "GET /wp-content/plugins/elementor-pro/assets/js/frontend.min.js?ver=3.35.1 HTTP/1.1" 200 27659 "https://halkfinanz.inglory.de/?elementor_library=freebie&elementor-preview=760&ver=1773044194" "Serf/1.3.9 (mod_pagespeed/1.13.35.2-0)"
94.130.90.54 - - [09/Mar/2026:09:16:38 +0100] "GET /wp-content/plugins/elementor-pro/assets/js/elements-handlers.min.js?ver=3.35.1 HTTP/1.1" 200 47899 "https://halkfinanz.inglory.de/?elementor_library=freebie&elementor-preview=760&ver=1773044194" "Serf/1.3.9 (mod_pagespeed/1.13.35.2-0)"
94.130.90.54 - - [09/Mar/2026:09:16:38 +0100] "GET /wp-includes/js/admin-bar.min.js?ver=6.9.1 HTTP/1.1" 304 3411 "https://halkfinanz.inglory.de/?elementor_library=freebie&elementor-preview=760&ver=1773044194" "Serf/1.3.9 (mod_pagespeed/1.13.35.2-0)"
94.130.90.54 - - [09/Mar/2026:09:16:38 +0100] "GET /wp-includes/js/dist/hooks.min.js?ver=dd5603f07f9220ed27f1 HTTP/1.1" 200 9243 "https://halkfinanz.inglory.de/?elementor_library=freebie&elementor-preview=760&ver=1773044194" "Serf/1.3.9 (mod_pagespeed/1.13.35.2-0)"
94.130.90.54 - - [09/Mar/2026:09:16:38 +0100] "GET /wp-content/plugins/elementor/assets/js/frontend.min.js?ver=3.35.6 HTTP/1.1" 200 35540 "https://halkfinanz.inglory.de/?elementor_library=freebie&elementor-preview=760&ver=1773044194" "Serf/1.3.9 (mod_pagespeed/1.13.35.2-0)"
94.130.90.54 - - [09/Mar/2026:09:16:38 +0100] "GET /wp-content/plugins/elementor/assets/lib/swiper/v8/swiper.min.js?ver=8.4.5 HTTP/1.1" 200 147526 "https://halkfinanz.inglory.de/?elementor_library=freebie&elementor-preview=760&ver=1773044194" "Serf/1.3.9 (mod_pagespeed/1.13.35.2-0)"
94.130.90.54 - - [09/Mar/2026:09:16:38 +0100] "GET /wp-content/plugins/elementor-pro/assets/lib/lottie/lottie.min.js?ver=5.6.6 HTTP/1.1" 200 256608 "https://halkfinanz.inglory.de/?elementor_library=freebie&elementor-preview=760&ver=1773044194" "Serf/1.3.9 (mod_pagespeed/1.13.35.2-0)"
94.130.90.54 - - [09/Mar/2026:09:16:38 +0100] "GET /wp-content/plugins/elementor/assets/lib/inline-editor/js/inline-editor.min.js?ver=3.35.6 HTTP/1.1" 200 21267 "https://halkfinanz.inglory.de/?elementor_library=freebie&elementor-preview=760&ver=1773044194" "Serf/1.3.9 (mod_pagespeed/1.13.35.2-0)"
94.130.90.54 - - [09/Mar/2026:09:16:38 +0100] "GET /wp-content/plugins/elementor-pro/assets/js/webpack-pro.runtime.min.js?ver=3.35.1 HTTP/1.1" 200 9830 "https://halkfinanz.inglory.de/?elementor_library=freebie&elementor-preview=760&ver=1773044194" "Serf/1.3.9 (mod_pagespeed/1.13.35.2-0)"
94.130.90.54 - - [09/Mar/2026:09:16:38 +0100] "GET /wp-includes/js/jquery/jquery.min.js?ver=3.7.1 HTTP/1.1" 200 91282 "https://halkfinanz.inglory.de/?elementor_library=freebie&elementor-preview=760&ver=1773044194" "Serf/1.3.9 (mod_pagespeed/1.13.35.2-0)"
94.130.90.54 - - [09/Mar/2026:09:16:38 +0100] "GET /wp-includes/js/jquery/jquery-migrate.min.js?ver=3.4.1 HTTP/1.1" 200 17160 "https://halkfinanz.inglory.de/?elementor_library=freebie&elementor-preview=760&ver=1773044194" "Serf/1.3.9 (mod_pagespeed/1.13.35.2-0)"
94.130.90.54 - - [09/Mar/2026:09:16:38 +0100] "GET /wp-content/plugins/elementor/assets/images/blur.png HTTP/1.1" 200 15144 "https://halkfinanz.inglory.de/?elementor_library=freebie&elementor-preview=760&ver=1773044194" "Serf/1.3.9 (mod_pagespeed/1.13.35.2-0)"
94.130.90.54 - - [09/Mar/2026:09:16:38 +0100] "GET /wp-content/plugins/elementor/assets/images/contrast.png HTTP/1.1" 200 4734 "https://halkfinanz.inglory.de/?elementor_library=freebie&elementor-preview=760&ver=1773044194" "Serf/1.3.9 (mod_pagespeed/1.13.35.2-0)"
94.130.90.54 - - [09/Mar/2026:09:16:38 +0100] "GET /wp-content/plugins/elementor/assets/images/eyedropper.svg HTTP/1.1" 200 5323 "https://halkfinanz.inglory.de/?elementor_library=freebie&elementor-preview=760&ver=1773044194" "Serf/1.3.9 (mod_pagespeed/1.13.35.2-0)"
103.164.254.165 - - [09/Mar/2026:09:16:38 +0100] "GET /wp-content/plugins/elementor/assets/lib/animations/styles/fadeInLeft.min.css?ver=3.35.6 HTTP/1.0" 304 3925 "https://halkfinanz.inglory.de/?elementor_library=freebie&elementor-preview=760&ver=1773044194" "Mozilla/5.0 (Macintosh; Intel Mac OS X 10_15_7) AppleWebKit/537.36 (KHTML, like Gecko) Chrome/145.0.0.0 Safari/537.36"
103.164.254.165 - - [09/Mar/2026:09:16:38 +0100] "GET /wp-content/plugins/elementor/assets/lib/animations/styles/zoomInDown.min.css?ver=3.35.6 HTTP/1.0" 304 3926 "https://halkfinanz.inglory.de/?elementor_library=freebie&elementor-preview=760&ver=1773044194" "Mozilla/5.0 (Macintosh; Intel Mac OS X 10_15_7) AppleWebKit/537.36 (KHTML, like Gecko) Chrome/145.0.0.0 Safari/537.36"
103.164.254.165 - - [09/Mar/2026:09:16:38 +0100] "GET /wp-content/plugins/elementor/assets/lib/animations/styles/zoomInLeft.min.css?ver=3.35.6 HTTP/1.0" 304 3926 "https://halkfinanz.inglory.de/?elementor_library=freebie&elementor-preview=760&ver=1773044194" "Mozilla/5.0 (Macintosh; Intel Mac OS X 10_15_7) AppleWebKit/537.36 (KHTML, like Gecko) Chrome/145.0.0.0 Safari/537.36"
103.164.254.165 - - [09/Mar/2026:09:16:38 +0100] "GET /wp-content/plugins/elementor/assets/lib/animations/styles/zoomInRight.min.css?ver=3.35.6 HTTP/1.0" 304 3926 "https://halkfinanz.inglory.de/?elementor_library=freebie&elementor-preview=760&ver=1773044194" "Mozilla/5.0 (Macintosh; Intel Mac OS X 10_15_7) AppleWebKit/537.36 (KHTML, like Gecko) Chrome/145.0.0.0 Safari/537.36"
103.164.254.165 - - [09/Mar/2026:09:16:37 +0100] "GET /wp-json/elementor/v1/global-widget/templates HTTP/1.0" 200 4498 "https://halkfinanz.inglory.de/wp-admin/post.php?post=16&action=elementor" "Mozilla/5.0 (Macintosh; Intel Mac OS X 10_15_7) AppleWebKit/537.36 (KHTML, like Gecko) Chrome/145.0.0.0 Safari/537.36"
94.130.90.54 - - [09/Mar/2026:09:16:38 +0100] "GET /wp-includes/js/mediaelement/mejs-controls.svg HTTP/1.1" 200 8148 "https://halkfinanz.inglory.de/?elementor_library=freebie&elementor-preview=760&ver=1773044194" "Serf/1.3.9 (mod_pagespeed/1.13.35.2-0)"
103.164.254.165 - - [09/Mar/2026:09:16:38 +0100] "GET /wp-content/plugins/elementor/assets/lib/animations/styles/bounceIn.min.css?ver=3.35.6 HTTP/1.0" 304 3926 "https://halkfinanz.inglory.de/?elementor_library=freebie&elementor-preview=760&ver=1773044194" "Mozilla/5.0 (Macintosh; Intel Mac OS X 10_15_7) AppleWebKit/537.36 (KHTML, like Gecko) Chrome/145.0.0.0 Safari/537.36"
94.130.90.54 - - [09/Mar/2026:09:16:38 +0100] "GET /wp-content/plugins/elementor-pro/assets/js/notes/notes-app-initiator.min.js?ver=3.35.1 HTTP/1.1" 200 7139 "https://halkfinanz.inglory.de/?elementor_library=freebie&elementor-preview=760&ver=1773044194" "Serf/1.3.9 (mod_pagespeed/1.13.35.2-0)"
103.164.254.165 - - [09/Mar/2026:09:16:37 +0100] "GET /wp-json/elementor/v1/site-navigation/recent-posts?posts_per_page=6&_locale=user HTTP/1.0" 200 5974 "https://halkfinanz.inglory.de/wp-admin/post.php?post=16&action=elementor" "Mozilla/5.0 (Macintosh; Intel Mac OS X 10_15_7) AppleWebKit/537.36 (KHTML, like Gecko) Chrome/145.0.0.0 Safari/537.36"
94.130.90.54 - - [09/Mar/2026:09:16:38 +0100] "GET /wp-content/plugins/elementor/assets/js/webpack.runtime.min.js?ver=3.35.6 HTTP/1.1" 200 9304 "https://halkfinanz.inglory.de/?elementor_library=freebie&elementor-preview=760&ver=1773044194" "Serf/1.3.9 (mod_pagespeed/1.13.35.2-0)"
103.164.254.165 - - [09/Mar/2026:09:16:38 +0100] "GET /wp-content/plugins/elementor/assets/lib/animations/styles/bounce.min.css?ver=3.35.6 HTTP/1.0" 304 3926 "https://halkfinanz.inglory.de/?elementor_library=freebie&elementor-preview=760&ver=1773044194" "Mozilla/5.0 (Macintosh; Intel Mac OS X 10_15_7) AppleWebKit/537.36 (KHTML, like Gecko) Chrome/145.0.0.0 Safari/537.36"
103.164.254.165 - - [09/Mar/2026:09:16:38 +0100] "GET /wp-content/plugins/elementor/assets/lib/animations/styles/zoomInUp.min.css?ver=3.35.6 HTTP/1.0" 304 3926 "https://halkfinanz.inglory.de/?elementor_library=freebie&elementor-preview=760&ver=1773044194" "Mozilla/5.0 (Macintosh; Intel Mac OS X 10_15_7) AppleWebKit/537.36 (KHTML, like Gecko) Chrome/145.0.0.0 Safari/537.36"
103.164.254.165 - - [09/Mar/2026:09:16:38 +0100] "GET /wp-content/plugins/elementor/assets/lib/animations/styles/bounceInLeft.min.css?ver=3.35.6 HTTP/1.0" 304 3926 "https://halkfinanz.inglory.de/?elementor_library=freebie&elementor-preview=760&ver=1773044194" "Mozilla/5.0 (Macintosh; Intel Mac OS X 10_15_7) AppleWebKit/537.36 (KHTML, like Gecko) Chrome/145.0.0.0 Safari/537.36"
103.164.254.165 - - [09/Mar/2026:09:16:38 +0100] "GET /wp-content/plugins/elementor/assets/lib/animations/styles/bounceInDown.min.css?ver=3.35.6 HTTP/1.0" 304 3926 "https://halkfinanz.inglory.de/?elementor_library=freebie&elementor-preview=760&ver=1773044194" "Mozilla/5.0 (Macintosh; Intel Mac OS X 10_15_7) AppleWebKit/537.36 (KHTML, like Gecko) Chrome/145.0.0.0 Safari/537.36"
103.164.254.165 - - [09/Mar/2026:09:16:38 +0100] "GET /wp-content/plugins/elementor/assets/lib/animations/styles/bounceInUp.min.css?ver=3.35.6 HTTP/1.0" 304 3926 "https://halkfinanz.inglory.de/?elementor_library=freebie&elementor-preview=760&ver=1773044194" "Mozilla/5.0 (Macintosh; Intel Mac OS X 10_15_7) AppleWebKit/537.36 (KHTML, like Gecko) Chrome/145.0.0.0 Safari/537.36"
103.164.254.165 - - [09/Mar/2026:09:16:38 +0100] "GET /wp-content/plugins/elementor/assets/lib/animations/styles/slideInDown.min.css?ver=3.35.6 HTTP/1.0" 304 3925 "https://halkfinanz.inglory.de/?elementor_library=freebie&elementor-preview=760&ver=1773044194" "Mozilla/5.0 (Macintosh; Intel Mac OS X 10_15_7) AppleWebKit/537.36 (KHTML, like Gecko) Chrome/145.0.0.0 Safari/537.36"
103.164.254.165 - - [09/Mar/2026:09:16:38 +0100] "GET /wp-content/plugins/elementor/assets/lib/animations/styles/slideInUp.min.css?ver=3.35.6 HTTP/1.0" 304 3925 "https://halkfinanz.inglory.de/?elementor_library=freebie&elementor-preview=760&ver=1773044194" "Mozilla/5.0 (Macintosh; Intel Mac OS X 10_15_7) AppleWebKit/537.36 (KHTML, like Gecko) Chrome/145.0.0.0 Safari/537.36"
103.164.254.165 - - [09/Mar/2026:09:16:37 +0100] "GET /wp-json/elementor/v1/checklist/user-progress HTTP/1.0" 200 5128 "https://halkfinanz.inglory.de/wp-admin/post.php?post=16&action=elementor" "Mozilla/5.0 (Macintosh; Intel Mac OS X 10_15_7) AppleWebKit/537.36 (KHTML, like Gecko) Chrome/145.0.0.0 Safari/537.36"
103.164.254.165 - - [09/Mar/2026:09:16:38 +0100] "GET /wp-content/plugins/elementor/assets/lib/animations/styles/slideInRight.min.css?ver=3.35.6 HTTP/1.0" 304 3925 "https://halkfinanz.inglory.de/?elementor_library=freebie&elementor-preview=760&ver=1773044194" "Mozilla/5.0 (Macintosh; Intel Mac OS X 10_15_7) AppleWebKit/537.36 (KHTML, like Gecko) Chrome/145.0.0.0 Safari/537.36"
103.164.254.165 - - [09/Mar/2026:09:16:38 +0100] "GET /wp-content/plugins/elementor/assets/lib/animations/styles/rotateInDownLeft.min.css?ver=3.35.6 HTTP/1.0" 304 3925 "https://halkfinanz.inglory.de/?elementor_library=freebie&elementor-preview=760&ver=1773044194" "Mozilla/5.0 (Macintosh; Intel Mac OS X 10_15_7) AppleWebKit/537.36 (KHTML, like Gecko) Chrome/145.0.0.0 Safari/537.36"
103.164.254.165 - - [09/Mar/2026:09:16:38 +0100] "GET /wp-content/plugins/elementor/assets/lib/animations/styles/rotateIn.min.css?ver=3.35.6 HTTP/1.0" 304 3925 "https://halkfinanz.inglory.de/?elementor_library=freebie&elementor-preview=760&ver=1773044194" "Mozilla/5.0 (Macintosh; Intel Mac OS X 10_15_7) AppleWebKit/537.36 (KHTML, like Gecko) Chrome/145.0.0.0 Safari/537.36"
103.164.254.165 - - [09/Mar/2026:09:16:38 +0100] "GET /wp-content/plugins/elementor/assets/lib/animations/styles/rotateInUpLeft.min.css?ver=3.35.6 HTTP/1.0" 304 3925 "https://halkfinanz.inglory.de/?elementor_library=freebie&elementor-preview=760&ver=1773044194" "Mozilla/5.0 (Macintosh; Intel Mac OS X 10_15_7) AppleWebKit/537.36 (KHTML, like Gecko) Chrome/145.0.0.0 Safari/537.36"
103.164.254.165 - - [09/Mar/2026:09:16:38 +0100] "GET /wp-content/plugins/elementor/assets/lib/animations/styles/slideInLeft.min.css?ver=3.35.6 HTTP/1.0" 304 3925 "https://halkfinanz.inglory.de/?elementor_library=freebie&elementor-preview=760&ver=1773044194" "Mozilla/5.0 (Macintosh; Intel Mac OS X 10_15_7) AppleWebKit/537.36 (KHTML, like Gecko) Chrome/145.0.0.0 Safari/537.36"
103.164.254.165 - - [09/Mar/2026:09:16:38 +0100] "GET /wp-content/plugins/elementor/assets/lib/animations/styles/rotateInUpRight.min.css?ver=3.35.6 HTTP/1.0" 304 3925 "https://halkfinanz.inglory.de/?elementor_library=freebie&elementor-preview=760&ver=1773044194" "Mozilla/5.0 (Macintosh; Intel Mac OS X 10_15_7) AppleWebKit/537.36 (KHTML, like Gecko) Chrome/145.0.0.0 Safari/537.36"
103.164.254.165 - - [09/Mar/2026:09:16:38 +0100] "GET /wp-content/plugins/elementor/assets/lib/animations/styles/bounceInRight.min.css?ver=3.35.6 HTTP/1.0" 304 3926 "https://halkfinanz.inglory.de/?elementor_library=freebie&elementor-preview=760&ver=1773044194" "Mozilla/5.0 (Macintosh; Intel Mac OS X 10_15_7) AppleWebKit/537.36 (KHTML, like Gecko) Chrome/145.0.0.0 Safari/537.36"
103.164.254.165 - - [09/Mar/2026:09:16:38 +0100] "GET /wp-content/plugins/elementor/assets/lib/animations/styles/wobble.min.css?ver=3.35.6 HTTP/1.0" 304 3926 "https://halkfinanz.inglory.de/?elementor_library=freebie&elementor-preview=760&ver=1773044194" "Mozilla/5.0 (Macintosh; Intel Mac OS X 10_15_7) AppleWebKit/537.36 (KHTML, like Gecko) Chrome/145.0.0.0 Safari/537.36"
103.164.254.165 - - [09/Mar/2026:09:16:38 +0100] "GET /wp-content/plugins/elementor/assets/lib/animations/styles/flash.min.css?ver=3.35.6 HTTP/1.0" 304 3925 "https://halkfinanz.inglory.de/?elementor_library=freebie&elementor-preview=760&ver=1773044194" "Mozilla/5.0 (Macintosh; Intel Mac OS X 10_15_7) AppleWebKit/537.36 (KHTML, like Gecko) Chrome/145.0.0.0 Safari/537.36"
103.164.254.165 - - [09/Mar/2026:09:16:38 +0100] "GET /wp-content/plugins/elementor/assets/lib/animations/styles/rollIn.min.css?ver=3.35.6 HTTP/1.0" 304 3925 "https://halkfinanz.inglory.de/?elementor_library=freebie&elementor-preview=760&ver=1773044194" "Mozilla/5.0 (Macintosh; Intel Mac OS X 10_15_7) AppleWebKit/537.36 (KHTML, like Gecko) Chrome/145.0.0.0 Safari/537.36"
103.164.254.165 - - [09/Mar/2026:09:16:38 +0100] "GET /wp-content/plugins/elementor/assets/lib/animations/styles/rotateInDownRight.min.css?ver=3.35.6 HTTP/1.0" 304 3925 "https://halkfinanz.inglory.de/?elementor_library=freebie&elementor-preview=760&ver=1773044194" "Mozilla/5.0 (Macintosh; Intel Mac OS X 10_15_7) AppleWebKit/537.36 (KHTML, like Gecko) Chrome/145.0.0.0 Safari/537.36"
103.164.254.165 - - [09/Mar/2026:09:16:38 +0100] "GET /wp-content/plugins/elementor/assets/lib/animations/styles/e-animation-pulse.min.css?ver=3.35.6 HTTP/1.0" 304 3926 "https://halkfinanz.inglory.de/?elementor_library=freebie&elementor-preview=760&ver=1773044194" "Mozilla/5.0 (Macintosh; Intel Mac OS X 10_15_7) AppleWebKit/537.36 (KHTML, like Gecko) Chrome/145.0.0.0 Safari/537.36"
103.164.254.165 - - [09/Mar/2026:09:16:38 +0100] "GET /wp-content/plugins/elementor/assets/lib/animations/styles/jello.min.css?ver=3.35.6 HTTP/1.0" 304 3926 "https://halkfinanz.inglory.de/?elementor_library=freebie&elementor-preview=760&ver=1773044194" "Mozilla/5.0 (Macintosh; Intel Mac OS X 10_15_7) AppleWebKit/537.36 (KHTML, like Gecko) Chrome/145.0.0.0 Safari/537.36"
103.164.254.165 - - [09/Mar/2026:09:16:38 +0100] "GET /wp-content/plugins/elementor/assets/lib/animations/styles/lightSpeedIn.min.css?ver=3.35.6 HTTP/1.0" 304 3926 "https://halkfinanz.inglory.de/?elementor_library=freebie&elementor-preview=760&ver=1773044194" "Mozilla/5.0 (Macintosh; Intel Mac OS X 10_15_7) AppleWebKit/537.36 (KHTML, like Gecko) Chrome/145.0.0.0 Safari/537.36"
103.164.254.165 - - [09/Mar/2026:09:16:38 +0100] "GET /wp-content/plugins/elementor/assets/lib/animations/styles/rubberBand.min.css?ver=3.35.6 HTTP/1.0" 304 3926 "https://halkfinanz.inglory.de/?elementor_library=freebie&elementor-preview=760&ver=1773044194" "Mozilla/5.0 (Macintosh; Intel Mac OS X 10_15_7) AppleWebKit/537.36 (KHTML, like Gecko) Chrome/145.0.0.0 Safari/537.36"
103.164.254.165 - - [09/Mar/2026:09:16:38 +0100] "GET /wp-content/plugins/elementor/assets/lib/animations/styles/shake.min.css?ver=3.35.6 HTTP/1.0" 304 3925 "https://halkfinanz.inglory.de/?elementor_library=freebie&elementor-preview=760&ver=1773044194" "Mozilla/5.0 (Macintosh; Intel Mac OS X 10_15_7) AppleWebKit/537.36 (KHTML, like Gecko) Chrome/145.0.0.0 Safari/537.36"
103.164.254.165 - - [09/Mar/2026:09:16:38 +0100] "GET /wp-content/plugins/elementor/assets/lib/animations/styles/swing.min.css?ver=3.35.6 HTTP/1.0" 304 3925 "https://halkfinanz.inglory.de/?elementor_library=freebie&elementor-preview=760&ver=1773044194" "Mozilla/5.0 (Macintosh; Intel Mac OS X 10_15_7) AppleWebKit/537.36 (KHTML, like Gecko) Chrome/145.0.0.0 Safari/537.36"
103.164.254.165 - - [09/Mar/2026:09:16:38 +0100] "GET /wp-content/plugins/elementor/assets/lib/animations/styles/tada.min.css?ver=3.35.6 HTTP/1.0" 304 3926 "https://halkfinanz.inglory.de/?elementor_library=freebie&elementor-preview=760&ver=1773044194" "Mozilla/5.0 (Macintosh; Intel Mac OS X 10_15_7) AppleWebKit/537.36 (KHTML, like Gecko) Chrome/145.0.0.0 Safari/537.36"
103.164.254.165 - - [09/Mar/2026:09:16:38 +0100] "GET /wp-content/plugins/elementor/assets/lib/animations/styles/e-animation-grow.min.css?ver=3.35.6 HTTP/1.0" 304 3925 "https://halkfinanz.inglory.de/?elementor_library=freebie&elementor-preview=760&ver=1773044194" "Mozilla/5.0 (Macintosh; Intel Mac OS X 10_15_7) AppleWebKit/537.36 (KHTML, like Gecko) Chrome/145.0.0.0 Safari/537.36"
103.164.254.165 - - [09/Mar/2026:09:16:38 +0100] "GET /wp-content/plugins/elementor/assets/lib/animations/styles/e-animation-push.min.css?ver=3.35.6 HTTP/1.0" 304 3926 "https://halkfinanz.inglory.de/?elementor_library=freebie&elementor-preview=760&ver=1773044194" "Mozilla/5.0 (Macintosh; Intel Mac OS X 10_15_7) AppleWebKit/537.36 (KHTML, like Gecko) Chrome/145.0.0.0 Safari/537.36"
