80.187.67.145 - - [08/Mar/2026:21:41:47 +0100] "GET /wp-content/plugins/elementor/assets/js/packages/ui/ui.min.js?ver=3.35.6 HTTP/1.0" 200 267735 "https://halkfinanz.inglory.de/wp-admin/edit.php?post_type=elementor_library&tabs_group=theme" "Mozilla/5.0 (Macintosh; Intel Mac OS X 10_15_7) AppleWebKit/537.36 (KHTML, like Gecko) Chrome/145.0.0.0 Safari/537.36"
80.187.67.145 - - [08/Mar/2026:21:41:47 +0100] "GET /wp-content/plugins/elementor/assets/js/packages/icons/icons.min.js?ver=3.35.6 HTTP/1.0" 200 118276 "https://halkfinanz.inglory.de/wp-admin/edit.php?post_type=elementor_library&tabs_group=theme" "Mozilla/5.0 (Macintosh; Intel Mac OS X 10_15_7) AppleWebKit/537.36 (KHTML, like Gecko) Chrome/145.0.0.0 Safari/537.36"
80.187.67.145 - - [08/Mar/2026:21:41:47 +0100] "GET /wp-content/plugins/elementor/assets/js/editor-one-top-bar.min.js?ver=3.35.6 HTTP/1.0" 200 228475 "https://halkfinanz.inglory.de/wp-admin/edit.php?post_type=elementor_library&tabs_group=theme" "Mozilla/5.0 (Macintosh; Intel Mac OS X 10_15_7) AppleWebKit/537.36 (KHTML, like Gecko) Chrome/145.0.0.0 Safari/537.36"
80.187.67.145 - - [08/Mar/2026:21:41:47 +0100] "GET /wp-content/uploads/ximg-1.png.pagespeed.ic.JzA4MO4BGB.webp HTTP/1.0" 304 3871 "https://halkfinanz.inglory.de/" "Mozilla/5.0 (Macintosh; Intel Mac OS X 10_15_7) AppleWebKit/537.36 (KHTML, like Gecko) Chrome/145.0.0.0 Safari/537.36"
80.187.67.145 - - [08/Mar/2026:21:41:47 +0100] "GET /wp-content/plugins/elementor/assets/js/3c838288a9b7ddd2aea4.bundle.min.js HTTP/1.0" 200 4467 "https://halkfinanz.inglory.de/wp-admin/edit.php?post_type=elementor_library&tabs_group=theme" "Mozilla/5.0 (Macintosh; Intel Mac OS X 10_15_7) AppleWebKit/537.36 (KHTML, like Gecko) Chrome/145.0.0.0 Safari/537.36"
80.187.67.145 - - [08/Mar/2026:21:41:47 +0100] "GET /wp-content/plugins/elementor/assets/js/7a8c6c081d659e35d7d2.bundle.min.js HTTP/1.0" 200 6430 "https://halkfinanz.inglory.de/wp-admin/edit.php?post_type=elementor_library&tabs_group=theme" "Mozilla/5.0 (Macintosh; Intel Mac OS X 10_15_7) AppleWebKit/537.36 (KHTML, like Gecko) Chrome/145.0.0.0 Safari/537.36"
80.187.67.145 - - [08/Mar/2026:21:41:47 +0100] "GET /wp-content/plugins/elementor/assets/js/bb708343060feb5c4a5d.bundle.min.js HTTP/1.0" 200 4758 "https://halkfinanz.inglory.de/wp-admin/edit.php?post_type=elementor_library&tabs_group=theme" "Mozilla/5.0 (Macintosh; Intel Mac OS X 10_15_7) AppleWebKit/537.36 (KHTML, like Gecko) Chrome/145.0.0.0 Safari/537.36"
80.187.67.145 - - [08/Mar/2026:21:41:47 +0100] "GET /wp-content/uploads/ximg-2-1.png.pagespeed.ic.fA4as8a8ZV.webp HTTP/1.0" 304 3871 "https://halkfinanz.inglory.de/" "Mozilla/5.0 (Macintosh; Intel Mac OS X 10_15_7) AppleWebKit/537.36 (KHTML, like Gecko) Chrome/145.0.0.0 Safari/537.36"
80.187.67.145 - - [08/Mar/2026:21:41:48 +0100] "GET /wp-includes/css/editor.min.css?ver=6.9.1 HTTP/1.0" 200 10056 "https://halkfinanz.inglory.de/wp-admin/post.php?post=16&action=elementor" "Mozilla/5.0 (Macintosh; Intel Mac OS X 10_15_7) AppleWebKit/537.36 (KHTML, like Gecko) Chrome/145.0.0.0 Safari/537.36"
80.187.67.145 - - [08/Mar/2026:21:41:48 +0100] "GET /wp-includes/css/wp-pointer.min.css?ver=6.9.1 HTTP/1.0" 200 5019 "https://halkfinanz.inglory.de/wp-admin/post.php?post=16&action=elementor" "Mozilla/5.0 (Macintosh; Intel Mac OS X 10_15_7) AppleWebKit/537.36 (KHTML, like Gecko) Chrome/145.0.0.0 Safari/537.36"
80.187.67.145 - - [08/Mar/2026:21:41:48 +0100] "GET /wp-content/plugins/Funnelforms-pro/res/frontend/styles/select.css?ver=3.8.1 HTTP/1.0" 304 3899 "https://halkfinanz.inglory.de/wp-admin/post.php?post=16&action=elementor" "Mozilla/5.0 (Macintosh; Intel Mac OS X 10_15_7) AppleWebKit/537.36 (KHTML, like Gecko) Chrome/145.0.0.0 Safari/537.36"
80.187.67.145 - - [08/Mar/2026:21:41:48 +0100] "GET /wp-admin/css/media.min.css?ver=6.9.1 HTTP/1.0" 200 8927 "https://halkfinanz.inglory.de/wp-admin/post.php?post=16&action=elementor" "Mozilla/5.0 (Macintosh; Intel Mac OS X 10_15_7) AppleWebKit/537.36 (KHTML, like Gecko) Chrome/145.0.0.0 Safari/537.36"
80.187.67.145 - - [08/Mar/2026:21:41:48 +0100] "GET /wp-admin/css/widgets.min.css?ver=6.9.1 HTTP/1.0" 200 7452 "https://halkfinanz.inglory.de/wp-admin/post.php?post=16&action=elementor" "Mozilla/5.0 (Macintosh; Intel Mac OS X 10_15_7) AppleWebKit/537.36 (KHTML, like Gecko) Chrome/145.0.0.0 Safari/537.36"
80.187.67.145 - - [08/Mar/2026:21:41:48 +0100] "GET /wp-content/plugins/Funnelforms-pro/res/frontend/styles/fontawesome_5.15.4.css?ver=3.8.1 HTTP/1.0" 304 3900 "https://halkfinanz.inglory.de/wp-admin/post.php?post=16&action=elementor" "Mozilla/5.0 (Macintosh; Intel Mac OS X 10_15_7) AppleWebKit/537.36 (KHTML, like Gecko) Chrome/145.0.0.0 Safari/537.36"
80.187.67.145 - - [08/Mar/2026:21:41:48 +0100] "GET /wp-content/plugins/elementor/assets/css/theme-dark.min.css?ver=3.35.6 HTTP/1.0" 200 4802 "https://halkfinanz.inglory.de/wp-admin/post.php?post=16&action=elementor" "Mozilla/5.0 (Macintosh; Intel Mac OS X 10_15_7) AppleWebKit/537.36 (KHTML, like Gecko) Chrome/145.0.0.0 Safari/537.36"
80.187.67.145 - - [08/Mar/2026:21:41:48 +0100] "GET /wp-content/plugins/elementor/assets/css/editor.min.css?ver=3.35.6 HTTP/1.0" 200 32396 "https://halkfinanz.inglory.de/wp-admin/post.php?post=16&action=elementor" "Mozilla/5.0 (Macintosh; Intel Mac OS X 10_15_7) AppleWebKit/537.36 (KHTML, like Gecko) Chrome/145.0.0.0 Safari/537.36"
80.187.67.145 - - [08/Mar/2026:21:41:48 +0100] "GET /wp-includes/css/media-views.min.css?ver=6.9.1 HTTP/1.0" 200 12870 "https://halkfinanz.inglory.de/wp-admin/post.php?post=16&action=elementor" "Mozilla/5.0 (Macintosh; Intel Mac OS X 10_15_7) AppleWebKit/537.36 (KHTML, like Gecko) Chrome/145.0.0.0 Safari/537.36"
80.187.67.145 - - [08/Mar/2026:21:41:48 +0100] "GET /wp-includes/js/tinymce/tinymce.min.js?ver=49110-20250317 HTTP/1.0" 200 128831 "https://halkfinanz.inglory.de/wp-admin/post.php?post=16&action=elementor" "Mozilla/5.0 (Macintosh; Intel Mac OS X 10_15_7) AppleWebKit/537.36 (KHTML, like Gecko) Chrome/145.0.0.0 Safari/537.36"
80.187.67.145 - - [08/Mar/2026:21:41:48 +0100] "GET /wp-content/plugins/elementor/assets/css/editor-v2-app-bar-overrides.min.css?ver=3.35.6 HTTP/1.0" 200 4437 "https://halkfinanz.inglory.de/wp-admin/post.php?post=16&action=elementor" "Mozilla/5.0 (Macintosh; Intel Mac OS X 10_15_7) AppleWebKit/537.36 (KHTML, like Gecko) Chrome/145.0.0.0 Safari/537.36"
80.187.67.145 - - [08/Mar/2026:21:41:48 +0100] "GET /wp-includes/css/wp-auth-check.min.css?ver=6.9.1 HTTP/1.0" 200 4822 "https://halkfinanz.inglory.de/wp-admin/post.php?post=16&action=elementor" "Mozilla/5.0 (Macintosh; Intel Mac OS X 10_15_7) AppleWebKit/537.36 (KHTML, like Gecko) Chrome/145.0.0.0 Safari/537.36"
80.187.67.145 - - [08/Mar/2026:21:41:48 +0100] "GET /wp-content/plugins/elementor/assets/lib/e-select2/css/e-select2.min.css?ver=4.0.6-rc.1 HTTP/1.0" 200 6086 "https://halkfinanz.inglory.de/wp-admin/post.php?post=16&action=elementor" "Mozilla/5.0 (Macintosh; Intel Mac OS X 10_15_7) AppleWebKit/537.36 (KHTML, like Gecko) Chrome/145.0.0.0 Safari/537.36"
80.187.67.145 - - [08/Mar/2026:21:41:48 +0100] "GET /wp-content/plugins/elementor/assets/lib/flatpickr/flatpickr.min.css?ver=4.6.13 HTTP/1.0" 200 7131 "https://halkfinanz.inglory.de/wp-admin/post.php?post=16&action=elementor" "Mozilla/5.0 (Macintosh; Intel Mac OS X 10_15_7) AppleWebKit/537.36 (KHTML, like Gecko) Chrome/145.0.0.0 Safari/537.36"
80.187.67.145 - - [08/Mar/2026:21:41:48 +0100] "GET /wp-content/plugins/elementor/assets/lib/pickr/themes/monolith.min.css?ver=1.8.2 HTTP/1.0" 200 6106 "https://halkfinanz.inglory.de/wp-admin/post.php?post=16&action=elementor" "Mozilla/5.0 (Macintosh; Intel Mac OS X 10_15_7) AppleWebKit/537.36 (KHTML, like Gecko) Chrome/145.0.0.0 Safari/537.36"
80.187.67.145 - - [08/Mar/2026:21:41:48 +0100] "GET /wp-content/plugins/elementor-pro/assets/css/editor.min.css?ver=3.35.1 HTTP/1.0" 200 7145 "https://halkfinanz.inglory.de/wp-admin/post.php?post=16&action=elementor" "Mozilla/5.0 (Macintosh; Intel Mac OS X 10_15_7) AppleWebKit/537.36 (KHTML, like Gecko) Chrome/145.0.0.0 Safari/537.36"
80.187.67.145 - - [08/Mar/2026:21:41:48 +0100] "GET /wp-content/plugins/elementor/assets/css/modules/ai/editor.min.css?ver=3.35.6 HTTP/1.0" 200 4375 "https://halkfinanz.inglory.de/wp-admin/post.php?post=16&action=elementor" "Mozilla/5.0 (Macintosh; Intel Mac OS X 10_15_7) AppleWebKit/537.36 (KHTML, like Gecko) Chrome/145.0.0.0 Safari/537.36"
80.187.67.145 - - [08/Mar/2026:21:41:48 +0100] "GET /wp-content/plugins/elementor/assets/css/modules/container-converter/editor.min.css?ver=3.35.6 HTTP/1.0" 200 4317 "https://halkfinanz.inglory.de/wp-admin/post.php?post=16&action=elementor" "Mozilla/5.0 (Macintosh; Intel Mac OS X 10_15_7) AppleWebKit/537.36 (KHTML, like Gecko) Chrome/145.0.0.0 Safari/537.36"
80.187.67.145 - - [08/Mar/2026:21:41:46 +0100] "GET /wp-admin/post.php?post=16&action=elementor HTTP/1.0" 200 360292 "https://halkfinanz.inglory.de/" "Mozilla/5.0 (Macintosh; Intel Mac OS X 10_15_7) AppleWebKit/537.36 (KHTML, like Gecko) Chrome/145.0.0.0 Safari/537.36"
80.187.67.145 - - [08/Mar/2026:21:41:48 +0100] "GET /wp-content/plugins/Funnelforms-pro/res/frontend/styles/frontend.css?ver=3.8.1 HTTP/1.0" 304 3927 "https://halkfinanz.inglory.de/wp-admin/post.php?post=16&action=elementor" "Mozilla/5.0 (Macintosh; Intel Mac OS X 10_15_7) AppleWebKit/537.36 (KHTML, like Gecko) Chrome/145.0.0.0 Safari/537.36"
80.187.67.145 - - [08/Mar/2026:21:41:48 +0100] "GET /wp-content/plugins/Funnelforms-pro/res/frontend/styles/intlTelInput.css?ver=3.8.1 HTTP/1.0" 304 3927 "https://halkfinanz.inglory.de/wp-admin/post.php?post=16&action=elementor" "Mozilla/5.0 (Macintosh; Intel Mac OS X 10_15_7) AppleWebKit/537.36 (KHTML, like Gecko) Chrome/145.0.0.0 Safari/537.36"
80.187.67.145 - - [08/Mar/2026:21:41:48 +0100] "GET /wp-includes/js/dist/dom-ready.min.js?ver=f77871ff7694fffea381 HTTP/1.0" 304 3898 "https://halkfinanz.inglory.de/wp-admin/post.php?post=16&action=elementor" "Mozilla/5.0 (Macintosh; Intel Mac OS X 10_15_7) AppleWebKit/537.36 (KHTML, like Gecko) Chrome/145.0.0.0 Safari/537.36"
80.187.67.145 - - [08/Mar/2026:21:41:48 +0100] "GET /wp-includes/js/dist/i18n.min.js?ver=c26c3dc7bed366793375 HTTP/1.0" 304 3899 "https://halkfinanz.inglory.de/wp-admin/post.php?post=16&action=elementor" "Mozilla/5.0 (Macintosh; Intel Mac OS X 10_15_7) AppleWebKit/537.36 (KHTML, like Gecko) Chrome/145.0.0.0 Safari/537.36"
80.187.67.145 - - [08/Mar/2026:21:41:48 +0100] "GET /wp-admin/load-scripts.php?c=0&load%5Bchunk_0%5D=jquery-core,jquery-migrate,jquery-ui-core,jquery-ui-mouse,underscore,backbone,wp-api-request,wp-hooks&ver=6.9.1 HTTP/1.0" 200 62711 "https://halkfinanz.inglory.de/wp-admin/post.php?post=16&action=elementor" "Mozilla/5.0 (Macintosh; Intel Mac OS X 10_15_7) AppleWebKit/537.36 (KHTML, like Gecko) Chrome/145.0.0.0 Safari/537.36"
80.187.67.145 - - [08/Mar/2026:21:41:48 +0100] "GET /wp-includes/js/plupload/moxie.min.js?ver=1.3.5.1 HTTP/1.0" 200 31587 "https://halkfinanz.inglory.de/wp-admin/post.php?post=16&action=elementor" "Mozilla/5.0 (Macintosh; Intel Mac OS X 10_15_7) AppleWebKit/537.36 (KHTML, like Gecko) Chrome/145.0.0.0 Safari/537.36"
80.187.67.145 - - [08/Mar/2026:21:41:48 +0100] "GET /wp-includes/js/dist/a11y.min.js?ver=cb460b4676c94bd228ed HTTP/1.0" 304 3898 "https://halkfinanz.inglory.de/wp-admin/post.php?post=16&action=elementor" "Mozilla/5.0 (Macintosh; Intel Mac OS X 10_15_7) AppleWebKit/537.36 (KHTML, like Gecko) Chrome/145.0.0.0 Safari/537.36"
80.187.67.145 - - [08/Mar/2026:21:41:48 +0100] "GET /wp-includes/js/clipboard.min.js?ver=2.0.11 HTTP/1.0" 304 3899 "https://halkfinanz.inglory.de/wp-admin/post.php?post=16&action=elementor" "Mozilla/5.0 (Macintosh; Intel Mac OS X 10_15_7) AppleWebKit/537.36 (KHTML, like Gecko) Chrome/145.0.0.0 Safari/537.36"
80.187.67.145 - - [08/Mar/2026:21:41:48 +0100] "GET /wp-content/plugins/Funnelforms-pro/res/frontend/scripts/dropzone.js?ver=3.8.1 HTTP/1.0" 304 3899 "https://halkfinanz.inglory.de/wp-admin/post.php?post=16&action=elementor" "Mozilla/5.0 (Macintosh; Intel Mac OS X 10_15_7) AppleWebKit/537.36 (KHTML, like Gecko) Chrome/145.0.0.0 Safari/537.36"
80.187.67.145 - - [08/Mar/2026:21:41:48 +0100] "GET /wp-includes/js/media-views.min.js?ver=6.9.1 HTTP/1.0" 200 30816 "https://halkfinanz.inglory.de/wp-admin/post.php?post=16&action=elementor" "Mozilla/5.0 (Macintosh; Intel Mac OS X 10_15_7) AppleWebKit/537.36 (KHTML, like Gecko) Chrome/145.0.0.0 Safari/537.36"
80.187.67.145 - - [08/Mar/2026:21:41:48 +0100] "GET /wp-includes/js/mediaelement/mediaelement-and-player.min.js?ver=4.2.17 HTTP/1.0" 200 43020 "https://halkfinanz.inglory.de/wp-admin/post.php?post=16&action=elementor" "Mozilla/5.0 (Macintosh; Intel Mac OS X 10_15_7) AppleWebKit/537.36 (KHTML, like Gecko) Chrome/145.0.0.0 Safari/537.36"
80.187.67.145 - - [08/Mar/2026:21:41:48 +0100] "GET /wp-content/plugins/Funnelforms-pro/res/frontend/scripts/intlTelInputSelect2.js?ver=3.8.1 HTTP/1.0" 304 3899 "https://halkfinanz.inglory.de/wp-admin/post.php?post=16&action=elementor" "Mozilla/5.0 (Macintosh; Intel Mac OS X 10_15_7) AppleWebKit/537.36 (KHTML, like Gecko) Chrome/145.0.0.0 Safari/537.36"
80.187.67.145 - - [08/Mar/2026:21:41:48 +0100] "GET /wp-admin/js/editor.min.js?ver=6.9.1 HTTP/1.0" 200 8846 "https://halkfinanz.inglory.de/wp-admin/post.php?post=16&action=elementor" "Mozilla/5.0 (Macintosh; Intel Mac OS X 10_15_7) AppleWebKit/537.36 (KHTML, like Gecko) Chrome/145.0.0.0 Safari/537.36"
80.187.67.145 - - [08/Mar/2026:21:41:48 +0100] "GET /wp-content/plugins/elementor/assets/js/editor-modules.min.js?ver=3.35.6 HTTP/1.0" 200 17874 "https://halkfinanz.inglory.de/wp-admin/post.php?post=16&action=elementor" "Mozilla/5.0 (Macintosh; Intel Mac OS X 10_15_7) AppleWebKit/537.36 (KHTML, like Gecko) Chrome/145.0.0.0 Safari/537.36"
80.187.67.145 - - [08/Mar/2026:21:41:48 +0100] "GET /wp-content/plugins/elementor/assets/js/packages/editor-current-user/editor-current-user.min.js?ver=3.35.6 HTTP/1.0" 200 4980 "https://halkfinanz.inglory.de/wp-admin/post.php?post=16&action=elementor" "Mozilla/5.0 (Macintosh; Intel Mac OS X 10_15_7) AppleWebKit/537.36 (KHTML, like Gecko) Chrome/145.0.0.0 Safari/537.36"
80.187.67.145 - - [08/Mar/2026:21:41:48 +0100] "GET /wp-content/plugins/elementor/assets/js/packages/editor/editor.min.js?ver=3.35.6 HTTP/1.0" 200 4967 "https://halkfinanz.inglory.de/wp-admin/post.php?post=16&action=elementor" "Mozilla/5.0 (Macintosh; Intel Mac OS X 10_15_7) AppleWebKit/537.36 (KHTML, like Gecko) Chrome/145.0.0.0 Safari/537.36"
80.187.67.145 - - [08/Mar/2026:21:41:48 +0100] "GET /wp-admin/load-scripts.php?c=0&load%5Bchunk_0%5D=jquery-ui-draggable,react,react-dom&ver=6.9.1 HTTP/1.0" 200 54447 "https://halkfinanz.inglory.de/wp-admin/post.php?post=16&action=elementor" "Mozilla/5.0 (Macintosh; Intel Mac OS X 10_15_7) AppleWebKit/537.36 (KHTML, like Gecko) Chrome/145.0.0.0 Safari/537.36"
80.187.67.145 - - [08/Mar/2026:21:41:48 +0100] "GET /wp-content/plugins/elementor/assets/js/editor-document.min.js?ver=3.35.6 HTTP/1.0" 200 9686 "https://halkfinanz.inglory.de/wp-admin/post.php?post=16&action=elementor" "Mozilla/5.0 (Macintosh; Intel Mac OS X 10_15_7) AppleWebKit/537.36 (KHTML, like Gecko) Chrome/145.0.0.0 Safari/537.36"
80.187.67.145 - - [08/Mar/2026:21:41:48 +0100] "GET /wp-content/plugins/elementor/assets/js/nested-elements.min.js?ver=3.35.6 HTTP/1.0" 200 6530 "https://halkfinanz.inglory.de/wp-admin/post.php?post=16&action=elementor" "Mozilla/5.0 (Macintosh; Intel Mac OS X 10_15_7) AppleWebKit/537.36 (KHTML, like Gecko) Chrome/145.0.0.0 Safari/537.36"
80.187.67.145 - - [08/Mar/2026:21:41:48 +0100] "GET /wp-content/plugins/elementor-pro/assets/js/editor.min.js?ver=3.35.1 HTTP/1.0" 200 38123 "https://halkfinanz.inglory.de/wp-admin/post.php?post=16&action=elementor" "Mozilla/5.0 (Macintosh; Intel Mac OS X 10_15_7) AppleWebKit/537.36 (KHTML, like Gecko) Chrome/145.0.0.0 Safari/537.36"
80.187.67.145 - - [08/Mar/2026:21:41:48 +0100] "GET /wp-content/plugins/elementor/assets/js/kit-elements-defaults-editor.min.js?ver=3.35.6 HTTP/1.0" 200 12473 "https://halkfinanz.inglory.de/wp-admin/post.php?post=16&action=elementor" "Mozilla/5.0 (Macintosh; Intel Mac OS X 10_15_7) AppleWebKit/537.36 (KHTML, like Gecko) Chrome/145.0.0.0 Safari/537.36"
80.187.67.145 - - [08/Mar/2026:21:41:48 +0100] "GET /wp-content/plugins/elementor/assets/js/nested-tabs.min.js?ver=3.35.6 HTTP/1.0" 200 8058 "https://halkfinanz.inglory.de/wp-admin/post.php?post=16&action=elementor" "Mozilla/5.0 (Macintosh; Intel Mac OS X 10_15_7) AppleWebKit/537.36 (KHTML, like Gecko) Chrome/145.0.0.0 Safari/537.36"
80.187.67.145 - - [08/Mar/2026:21:41:48 +0100] "GET /wp-content/plugins/elementor/assets/js/packages/utils/utils.min.js?ver=3.35.6 HTTP/1.0" 200 5575 "https://halkfinanz.inglory.de/wp-admin/post.php?post=16&action=elementor" "Mozilla/5.0 (Macintosh; Intel Mac OS X 10_15_7) AppleWebKit/537.36 (KHTML, like Gecko) Chrome/145.0.0.0 Safari/537.36"
80.187.67.145 - - [08/Mar/2026:21:41:48 +0100] "GET /wp-content/plugins/elementor/assets/js/nested-accordion.min.js?ver=3.35.6 HTTP/1.0" 200 8060 "https://halkfinanz.inglory.de/wp-admin/post.php?post=16&action=elementor" "Mozilla/5.0 (Macintosh; Intel Mac OS X 10_15_7) AppleWebKit/537.36 (KHTML, like Gecko) Chrome/145.0.0.0 Safari/537.36"
80.187.67.145 - - [08/Mar/2026:21:41:48 +0100] "GET /wp-content/plugins/elementor/assets/js/packages/env/env.min.js?ver=3.35.6 HTTP/1.0" 200 4722 "https://halkfinanz.inglory.de/wp-admin/post.php?post=16&action=elementor" "Mozilla/5.0 (Macintosh; Intel Mac OS X 10_15_7) AppleWebKit/537.36 (KHTML, like Gecko) Chrome/145.0.0.0 Safari/537.36"
80.187.67.145 - - [08/Mar/2026:21:41:48 +0100] "GET /wp-content/plugins/elementor/assets/js/packages/locations/locations.min.js?ver=3.35.6 HTTP/1.0" 200 5090 "https://halkfinanz.inglory.de/wp-admin/post.php?post=16&action=elementor" "Mozilla/5.0 (Macintosh; Intel Mac OS X 10_15_7) AppleWebKit/537.36 (KHTML, like Gecko) Chrome/145.0.0.0 Safari/537.36"
80.187.67.145 - - [08/Mar/2026:21:41:48 +0100] "GET /wp-content/plugins/elementor/assets/js/packages/editor-v1-adapters/editor-v1-adapters.min.js?ver=3.35.6 HTTP/1.0" 200 6547 "https://halkfinanz.inglory.de/wp-admin/post.php?post=16&action=elementor" "Mozilla/5.0 (Macintosh; Intel Mac OS X 10_15_7) AppleWebKit/537.36 (KHTML, like Gecko) Chrome/145.0.0.0 Safari/537.36"
80.187.67.145 - - [08/Mar/2026:21:41:48 +0100] "GET /wp-content/plugins/elementor/assets/js/packages/http-client/http-client.min.js?ver=3.35.6 HTTP/1.0" 200 18472 "https://halkfinanz.inglory.de/wp-admin/post.php?post=16&action=elementor" "Mozilla/5.0 (Macintosh; Intel Mac OS X 10_15_7) AppleWebKit/537.36 (KHTML, like Gecko) Chrome/145.0.0.0 Safari/537.36"
80.187.67.145 - - [08/Mar/2026:21:41:48 +0100] "GET /wp-content/plugins/elementor/assets/js/packages/query/query.min.js?ver=3.35.6 HTTP/1.0" 200 15400 "https://halkfinanz.inglory.de/wp-admin/post.php?post=16&action=elementor" "Mozilla/5.0 (Macintosh; Intel Mac OS X 10_15_7) AppleWebKit/537.36 (KHTML, like Gecko) Chrome/145.0.0.0 Safari/537.36"
80.187.67.145 - - [08/Mar/2026:21:41:48 +0100] "GET /wp-content/plugins/elementor/assets/js/packages/editor-ui/editor-ui.min.js?ver=3.35.6 HTTP/1.0" 200 14607 "https://halkfinanz.inglory.de/wp-admin/post.php?post=16&action=elementor" "Mozilla/5.0 (Macintosh; Intel Mac OS X 10_15_7) AppleWebKit/537.36 (KHTML, like Gecko) Chrome/145.0.0.0 Safari/537.36"
80.187.67.145 - - [08/Mar/2026:21:41:48 +0100] "GET /wp-content/plugins/elementor/assets/js/packages/editor-documents/editor-documents.min.js?ver=3.35.6 HTTP/1.0" 200 6418 "https://halkfinanz.inglory.de/wp-admin/post.php?post=16&action=elementor" "Mozilla/5.0 (Macintosh; Intel Mac OS X 10_15_7) AppleWebKit/537.36 (KHTML, like Gecko) Chrome/145.0.0.0 Safari/537.36"
80.187.67.145 - - [08/Mar/2026:21:41:48 +0100] "GET /wp-content/plugins/elementor/assets/js/ai-layout.min.js?ver=3.35.6 HTTP/1.0" 200 59689 "https://halkfinanz.inglory.de/wp-admin/post.php?post=16&action=elementor" "Mozilla/5.0 (Macintosh; Intel Mac OS X 10_15_7) AppleWebKit/537.36 (KHTML, like Gecko) Chrome/145.0.0.0 Safari/537.36"
80.187.67.145 - - [08/Mar/2026:21:41:48 +0100] "GET /wp-content/plugins/elementor/assets/js/packages/editor-responsive/editor-responsive.min.js?ver=3.35.6 HTTP/1.0" 200 5028 "https://halkfinanz.inglory.de/wp-admin/post.php?post=16&action=elementor" "Mozilla/5.0 (Macintosh; Intel Mac OS X 10_15_7) AppleWebKit/537.36 (KHTML, like Gecko) Chrome/145.0.0.0 Safari/537.36"
80.187.67.145 - - [08/Mar/2026:21:41:48 +0100] "GET /wp-content/plugins/elementor/assets/js/packages/events/events.min.js?ver=3.35.6 HTTP/1.0" 200 4516 "https://halkfinanz.inglory.de/wp-admin/post.php?post=16&action=elementor" "Mozilla/5.0 (Macintosh; Intel Mac OS X 10_15_7) AppleWebKit/537.36 (KHTML, like Gecko) Chrome/145.0.0.0 Safari/537.36"
80.187.67.145 - - [08/Mar/2026:21:41:48 +0100] "GET /wp-content/plugins/elementor/assets/js/packages/store/store.min.js?ver=3.35.6 HTTP/1.0" 200 17002 "https://halkfinanz.inglory.de/wp-admin/post.php?post=16&action=elementor" "Mozilla/5.0 (Macintosh; Intel Mac OS X 10_15_7) AppleWebKit/537.36 (KHTML, like Gecko) Chrome/145.0.0.0 Safari/537.36"
80.187.67.145 - - [08/Mar/2026:21:41:48 +0100] "GET /wp-content/plugins/elementor/assets/js/packages/menus/menus.min.js?ver=3.35.6 HTTP/1.0" 200 4856 "https://halkfinanz.inglory.de/wp-admin/post.php?post=16&action=elementor" "Mozilla/5.0 (Macintosh; Intel Mac OS X 10_15_7) AppleWebKit/537.36 (KHTML, like Gecko) Chrome/145.0.0.0 Safari/537.36"
80.187.67.145 - - [08/Mar/2026:21:41:48 +0100] "GET /wp-content/plugins/elementor/assets/js/editor-environment-v2.min.js?ver=3.35.6 HTTP/1.0" 200 4257 "https://halkfinanz.inglory.de/wp-admin/post.php?post=16&action=elementor" "Mozilla/5.0 (Macintosh; Intel Mac OS X 10_15_7) AppleWebKit/537.36 (KHTML, like Gecko) Chrome/145.0.0.0 Safari/537.36"
80.187.67.145 - - [08/Mar/2026:21:41:48 +0100] "GET /wp-content/plugins/elementor/assets/js/packages/editor-app-bar/editor-app-bar.min.js?ver=3.35.6 HTTP/1.0" 200 12453 "https://halkfinanz.inglory.de/wp-admin/post.php?post=16&action=elementor" "Mozilla/5.0 (Macintosh; Intel Mac OS X 10_15_7) AppleWebKit/537.36 (KHTML, like Gecko) Chrome/145.0.0.0 Safari/537.36"
80.187.67.145 - - [08/Mar/2026:21:41:48 +0100] "GET /wp-content/plugins/elementor/assets/js/checklist.min.js?ver=3.35.6 HTTP/1.0" 200 17017 "https://halkfinanz.inglory.de/wp-admin/post.php?post=16&action=elementor" "Mozilla/5.0 (Macintosh; Intel Mac OS X 10_15_7) AppleWebKit/537.36 (KHTML, like Gecko) Chrome/145.0.0.0 Safari/537.36"
80.187.67.145 - - [08/Mar/2026:21:41:48 +0100] "GET /wp-content/plugins/elementor/assets/js/packages/editor-notifications/editor-notifications.min.js?ver=3.35.6 HTTP/1.0" 200 13450 "https://halkfinanz.inglory.de/wp-admin/post.php?post=16&action=elementor" "Mozilla/5.0 (Macintosh; Intel Mac OS X 10_15_7) AppleWebKit/537.36 (KHTML, like Gecko) Chrome/145.0.0.0 Safari/537.36"
80.187.67.145 - - [08/Mar/2026:21:41:48 +0100] "GET /wp-content/plugins/elementor-pro/assets/js/display-conditions.min.js?ver=3.35.1 HTTP/1.0" 200 24824 "https://halkfinanz.inglory.de/wp-admin/post.php?post=16&action=elementor" "Mozilla/5.0 (Macintosh; Intel Mac OS X 10_15_7) AppleWebKit/537.36 (KHTML, like Gecko) Chrome/145.0.0.0 Safari/537.36"
80.187.67.145 - - [08/Mar/2026:21:41:48 +0100] "GET /wp-content/plugins/elementor/assets/js/packages/editor-panels/editor-panels.min.js?ver=3.35.6 HTTP/1.0" 200 6278 "https://halkfinanz.inglory.de/wp-admin/post.php?post=16&action=elementor" "Mozilla/5.0 (Macintosh; Intel Mac OS X 10_15_7) AppleWebKit/537.36 (KHTML, like Gecko) Chrome/145.0.0.0 Safari/537.36"
80.187.67.145 - - [08/Mar/2026:21:41:48 +0100] "GET /wp-content/plugins/elementor/assets/js/packages/editor-elements-panel/editor-elements-panel.min.js?ver=3.35.6 HTTP/1.0" 200 5320 "https://halkfinanz.inglory.de/wp-admin/post.php?post=16&action=elementor" "Mozilla/5.0 (Macintosh; Intel Mac OS X 10_15_7) AppleWebKit/537.36 (KHTML, like Gecko) Chrome/145.0.0.0 Safari/537.36"
80.187.67.145 - - [08/Mar/2026:21:41:48 +0100] "GET /wp-includes/js/media-grid.min.js?ver=6.9.1 HTTP/1.0" 200 7993 "https://halkfinanz.inglory.de/wp-admin/post.php?post=16&action=elementor" "Mozilla/5.0 (Macintosh; Intel Mac OS X 10_15_7) AppleWebKit/537.36 (KHTML, like Gecko) Chrome/145.0.0.0 Safari/537.36"
80.187.67.145 - - [08/Mar/2026:21:41:48 +0100] "GET /wp-content/plugins/elementor/assets/js/editor-v4-opt-in-alphachip.min.js?ver=3.35.6 HTTP/1.0" 200 7246 "https://halkfinanz.inglory.de/wp-admin/post.php?post=16&action=elementor" "Mozilla/5.0 (Macintosh; Intel Mac OS X 10_15_7) AppleWebKit/537.36 (KHTML, like Gecko) Chrome/145.0.0.0 Safari/537.36"
80.187.67.145 - - [08/Mar/2026:21:41:48 +0100] "GET /wp-content/plugins/elementor/assets/js/packages/editor-site-navigation/editor-site-navigation.min.js?ver=3.35.6 HTTP/1.0" 200 11052 "https://halkfinanz.inglory.de/wp-admin/post.php?post=16&action=elementor" "Mozilla/5.0 (Macintosh; Intel Mac OS X 10_15_7) AppleWebKit/537.36 (KHTML, like Gecko) Chrome/145.0.0.0 Safari/537.36"
80.187.67.145 - - [08/Mar/2026:21:41:48 +0100] "GET /wp-content/plugins/elementor/assets/js/packages/schema/schema.min.js?ver=3.35.6 HTTP/1.0" 200 17995 "https://halkfinanz.inglory.de/wp-admin/post.php?post=16&action=elementor" "Mozilla/5.0 (Macintosh; Intel Mac OS X 10_15_7) AppleWebKit/537.36 (KHTML, like Gecko) Chrome/145.0.0.0 Safari/537.36"
80.187.67.145 - - [08/Mar/2026:21:41:48 +0100] "GET /wp-content/plugins/elementor-pro/assets/js/packages/editor-site-navigation-extended/editor-site-navigation-extended.min.js?ver=3.35.1 HTTP/1.0" 200 4588 "https://halkfinanz.inglory.de/wp-admin/post.php?post=16&action=elementor" "Mozilla/5.0 (Macintosh; Intel Mac OS X 10_15_7) AppleWebKit/537.36 (KHTML, like Gecko) Chrome/145.0.0.0 Safari/537.36"
80.187.67.145 - - [08/Mar/2026:21:41:48 +0100] "GET /wp-content/plugins/elementor-pro/assets/js/packages/editor-documents-extended/editor-documents-extended.min.js?ver=3.35.1 HTTP/1.0" 200 7420 "https://halkfinanz.inglory.de/wp-admin/post.php?post=16&action=elementor" "Mozilla/5.0 (Macintosh; Intel Mac OS X 10_15_7) AppleWebKit/537.36 (KHTML, like Gecko) Chrome/145.0.0.0 Safari/537.36"
80.187.67.145 - - [08/Mar/2026:21:41:48 +0100] "GET /wp-content/plugins/elementor-pro/assets/js/packages/editor-notes/editor-notes.min.js?ver=3.35.1 HTTP/1.0" 200 4775 "https://halkfinanz.inglory.de/wp-admin/post.php?post=16&action=elementor" "Mozilla/5.0 (Macintosh; Intel Mac OS X 10_15_7) AppleWebKit/537.36 (KHTML, like Gecko) Chrome/145.0.0.0 Safari/537.36"
80.187.67.145 - - [08/Mar/2026:21:41:48 +0100] "GET /wp-content/plugins/elementor/assets/lib/perfect-scrollbar/js/perfect-scrollbar.min.js?ver=1.4.0 HTTP/1.0" 200 9560 "https://halkfinanz.inglory.de/wp-admin/post.php?post=16&action=elementor" "Mozilla/5.0 (Macintosh; Intel Mac OS X 10_15_7) AppleWebKit/537.36 (KHTML, like Gecko) Chrome/145.0.0.0 Safari/537.36"
80.187.67.145 - - [08/Mar/2026:21:41:48 +0100] "GET /wp-content/plugins/elementor/assets/js/ai.min.js?ver=3.35.6 HTTP/1.0" 200 184893 "https://halkfinanz.inglory.de/wp-admin/post.php?post=16&action=elementor" "Mozilla/5.0 (Macintosh; Intel Mac OS X 10_15_7) AppleWebKit/537.36 (KHTML, like Gecko) Chrome/145.0.0.0 Safari/537.36"
80.187.67.145 - - [08/Mar/2026:21:41:48 +0100] "GET /wp-content/plugins/elementor/assets/lib/tipsy/tipsy.min.js?ver=1.0.0 HTTP/1.0" 200 5807 "https://halkfinanz.inglory.de/wp-admin/post.php?post=16&action=elementor" "Mozilla/5.0 (Macintosh; Intel Mac OS X 10_15_7) AppleWebKit/537.36 (KHTML, like Gecko) Chrome/145.0.0.0 Safari/537.36"
80.187.67.145 - - [08/Mar/2026:21:41:48 +0100] "GET /wp-content/plugins/elementor/assets/lib/nprogress/nprogress.min.js?ver=0.2.0 HTTP/1.0" 200 6213 "https://halkfinanz.inglory.de/wp-admin/post.php?post=16&action=elementor" "Mozilla/5.0 (Macintosh; Intel Mac OS X 10_15_7) AppleWebKit/537.36 (KHTML, like Gecko) Chrome/145.0.0.0 Safari/537.36"
80.187.67.145 - - [08/Mar/2026:21:41:48 +0100] "GET /wp-content/plugins/elementor/assets/lib/e-select2/js/e-select2.full.min.js?ver=4.0.6-rc.1 HTTP/1.0" 200 25636 "https://halkfinanz.inglory.de/wp-admin/post.php?post=16&action=elementor" "Mozilla/5.0 (Macintosh; Intel Mac OS X 10_15_7) AppleWebKit/537.36 (KHTML, like Gecko) Chrome/145.0.0.0 Safari/537.36"
80.187.67.145 - - [08/Mar/2026:21:41:48 +0100] "GET /wp-content/plugins/elementor/assets/lib/nouislider/nouislider.min.js?ver=13.0.0 HTTP/1.0" 200 12145 "https://halkfinanz.inglory.de/wp-admin/post.php?post=16&action=elementor" "Mozilla/5.0 (Macintosh; Intel Mac OS X 10_15_7) AppleWebKit/537.36 (KHTML, like Gecko) Chrome/145.0.0.0 Safari/537.36"
80.187.67.145 - - [08/Mar/2026:21:41:48 +0100] "GET /wp-content/plugins/elementor/assets/lib/jquery-hover-intent/jquery-hover-intent.min.js?ver=1.0.0 HTTP/1.0" 200 4534 "https://halkfinanz.inglory.de/wp-admin/post.php?post=16&action=elementor" "Mozilla/5.0 (Macintosh; Intel Mac OS X 10_15_7) AppleWebKit/537.36 (KHTML, like Gecko) Chrome/145.0.0.0 Safari/537.36"
80.187.67.145 - - [08/Mar/2026:21:41:48 +0100] "GET /wp-content/plugins/elementor/assets/lib/flatpickr/flatpickr.min.js?ver=4.6.13 HTTP/1.0" 200 18672 "https://halkfinanz.inglory.de/wp-admin/post.php?post=16&action=elementor" "Mozilla/5.0 (Macintosh; Intel Mac OS X 10_15_7) AppleWebKit/537.36 (KHTML, like Gecko) Chrome/145.0.0.0 Safari/537.36"
80.187.67.145 - - [08/Mar/2026:21:41:48 +0100] "GET /wp-content/plugins/elementor/assets/lib/pickr/pickr.min.js?ver=1.8.2 HTTP/1.0" 200 12360 "https://halkfinanz.inglory.de/wp-admin/post.php?post=16&action=elementor" "Mozilla/5.0 (Macintosh; Intel Mac OS X 10_15_7) AppleWebKit/537.36 (KHTML, like Gecko) Chrome/145.0.0.0 Safari/537.36"
80.187.67.145 - - [08/Mar/2026:21:41:48 +0100] "GET /wp-content/plugins/elementor/assets/js/editor-notifications.min.js?ver=3.35.6 HTTP/1.0" 200 9421 "https://halkfinanz.inglory.de/wp-admin/post.php?post=16&action=elementor" "Mozilla/5.0 (Macintosh; Intel Mac OS X 10_15_7) AppleWebKit/537.36 (KHTML, like Gecko) Chrome/145.0.0.0 Safari/537.36"
80.187.67.145 - - [08/Mar/2026:21:41:48 +0100] "GET /wp-content/plugins/elementor/assets/js/editor-loader-v2.min.js?ver=3.35.6 HTTP/1.0" 200 4364 "https://halkfinanz.inglory.de/wp-admin/post.php?post=16&action=elementor" "Mozilla/5.0 (Macintosh; Intel Mac OS X 10_15_7) AppleWebKit/537.36 (KHTML, like Gecko) Chrome/145.0.0.0 Safari/537.36"
80.187.67.145 - - [08/Mar/2026:21:41:48 +0100] "GET /wp-content/plugins/elementor/assets/lib/color-thief/color-thief.min.js?ver=3.35.6 HTTP/1.0" 200 6864 "https://halkfinanz.inglory.de/wp-admin/post.php?post=16&action=elementor" "Mozilla/5.0 (Macintosh; Intel Mac OS X 10_15_7) AppleWebKit/537.36 (KHTML, like Gecko) Chrome/145.0.0.0 Safari/537.36"
80.187.67.145 - - [08/Mar/2026:21:41:48 +0100] "GET /wp-content/plugins/elementor/assets/js/packages/editor-mcp/editor-mcp.min.js?ver=3.35.6 HTTP/1.0" 200 84850 "https://halkfinanz.inglory.de/wp-admin/post.php?post=16&action=elementor" "Mozilla/5.0 (Macintosh; Intel Mac OS X 10_15_7) AppleWebKit/537.36 (KHTML, like Gecko) Chrome/145.0.0.0 Safari/537.36"
80.187.67.145 - - [08/Mar/2026:21:41:48 +0100] "GET /wp-content/plugins/elementor/assets/js/container-converter.min.js?ver=3.35.6 HTTP/1.0" 200 8827 "https://halkfinanz.inglory.de/wp-admin/post.php?post=16&action=elementor" "Mozilla/5.0 (Macintosh; Intel Mac OS X 10_15_7) AppleWebKit/537.36 (KHTML, like Gecko) Chrome/145.0.0.0 Safari/537.36"
80.187.67.145 - - [08/Mar/2026:21:41:48 +0100] "GET /wp-content/plugins/elementor/assets/js/styleguide.min.js?ver=3.35.6 HTTP/1.0" 200 15385 "https://halkfinanz.inglory.de/wp-admin/post.php?post=16&action=elementor" "Mozilla/5.0 (Macintosh; Intel Mac OS X 10_15_7) AppleWebKit/537.36 (KHTML, like Gecko) Chrome/145.0.0.0 Safari/537.36"
80.187.67.145 - - [08/Mar/2026:21:41:48 +0100] "GET /wp-content/plugins/elementor/assets/js/ai-media-library.min.js?ver=3.35.6 HTTP/1.0" 200 178696 "https://halkfinanz.inglory.de/wp-admin/post.php?post=16&action=elementor" "Mozilla/5.0 (Macintosh; Intel Mac OS X 10_15_7) AppleWebKit/537.36 (KHTML, like Gecko) Chrome/145.0.0.0 Safari/537.36"
80.187.67.145 - - [08/Mar/2026:21:41:47 +0100] "POST /wp-admin/admin-ajax.php HTTP/1.0" 200 4378 "https://halkfinanz.inglory.de/wp-admin/edit.php?post_type=elementor_library&tabs_group=theme" "Mozilla/5.0 (Macintosh; Intel Mac OS X 10_15_7) AppleWebKit/537.36 (KHTML, like Gecko) Chrome/145.0.0.0 Safari/537.36"
80.187.67.145 - - [08/Mar/2026:21:41:48 +0100] "GET /wp-content/plugins/elementor/assets/js/editor.min.js?ver=3.35.6 HTTP/1.0" 200 301093 "https://halkfinanz.inglory.de/wp-admin/post.php?post=16&action=elementor" "Mozilla/5.0 (Macintosh; Intel Mac OS X 10_15_7) AppleWebKit/537.36 (KHTML, like Gecko) Chrome/145.0.0.0 Safari/537.36"
80.187.67.145 - - [08/Mar/2026:21:41:47 +0100] "GET /wp-json/elementor-one/v1/settings?sb_time=1773002507977&_locale=user HTTP/1.0" 200 4843 "https://halkfinanz.inglory.de/wp-admin/edit.php?post_type=elementor_library&tabs_group=theme" "Mozilla/5.0 (Macintosh; Intel Mac OS X 10_15_7) AppleWebKit/537.36 (KHTML, like Gecko) Chrome/145.0.0.0 Safari/537.36"
80.187.67.145 - - [08/Mar/2026:21:41:48 +0100] "GET /wp-content/plugins/elementor-pro/assets/js/loop-filter-editor.be7377d717e2499f4676.bundle.min.js HTTP/1.0" 200 5533 "https://halkfinanz.inglory.de/wp-admin/post.php?post=16&action=elementor" "Mozilla/5.0 (Macintosh; Intel Mac OS X 10_15_7) AppleWebKit/537.36 (KHTML, like Gecko) Chrome/145.0.0.0 Safari/537.36"
80.187.67.145 - - [08/Mar/2026:21:41:48 +0100] "GET /wp-content/plugins/elementor/assets/js/b96d70044d0d67c2df19.bundle.min.js HTTP/1.0" 200 8484 "https://halkfinanz.inglory.de/wp-admin/post.php?post=16&action=elementor" "Mozilla/5.0 (Macintosh; Intel Mac OS X 10_15_7) AppleWebKit/537.36 (KHTML, like Gecko) Chrome/145.0.0.0 Safari/537.36"
80.187.67.145 - - [08/Mar/2026:21:41:48 +0100] "GET /wp-content/plugins/elementor/assets/js/6d09ff0398a56a60654b.bundle.min.js HTTP/1.0" 200 10635 "https://halkfinanz.inglory.de/wp-admin/post.php?post=16&action=elementor" "Mozilla/5.0 (Macintosh; Intel Mac OS X 10_15_7) AppleWebKit/537.36 (KHTML, like Gecko) Chrome/145.0.0.0 Safari/537.36"
80.187.67.145 - - [08/Mar/2026:21:41:48 +0100] "GET /wp-content/plugins/elementor-pro/assets/js/nested-carousel-editor.6d7500036d0766bbe2fc.bundle.min.js HTTP/1.0" 200 4446 "https://halkfinanz.inglory.de/wp-admin/post.php?post=16&action=elementor" "Mozilla/5.0 (Macintosh; Intel Mac OS X 10_15_7) AppleWebKit/537.36 (KHTML, like Gecko) Chrome/145.0.0.0 Safari/537.36"
80.187.67.145 - - [08/Mar/2026:21:41:48 +0100] "GET /wp-content/plugins/elementor-pro/assets/js/off-canvas-editor.9d374fa1254f9efc259e.bundle.min.js HTTP/1.0" 200 5259 "https://halkfinanz.inglory.de/wp-admin/post.php?post=16&action=elementor" "Mozilla/5.0 (Macintosh; Intel Mac OS X 10_15_7) AppleWebKit/537.36 (KHTML, like Gecko) Chrome/145.0.0.0 Safari/537.36"
80.187.67.145 - - [08/Mar/2026:21:41:48 +0100] "GET /wp-content/plugins/elementor/assets/js/e1cb4d726bb59646c677.bundle.min.js HTTP/1.0" 200 5795 "https://halkfinanz.inglory.de/wp-admin/post.php?post=16&action=elementor" "Mozilla/5.0 (Macintosh; Intel Mac OS X 10_15_7) AppleWebKit/537.36 (KHTML, like Gecko) Chrome/145.0.0.0 Safari/537.36"
80.187.67.145 - - [08/Mar/2026:21:41:48 +0100] "GET /wp-content/plugins/elementor/assets/js/ef2100ac3eda1a957819.bundle.min.js HTTP/1.0" 200 5626 "https://halkfinanz.inglory.de/wp-admin/post.php?post=16&action=elementor" "Mozilla/5.0 (Macintosh; Intel Mac OS X 10_15_7) AppleWebKit/537.36 (KHTML, like Gecko) Chrome/145.0.0.0 Safari/537.36"
80.187.67.145 - - [08/Mar/2026:21:41:48 +0100] "GET /wp-content/plugins/elementor-pro/assets/js/mega-menu-editor.da6571bb00aaa3092eab.bundle.min.js HTTP/1.0" 200 7187 "https://halkfinanz.inglory.de/wp-admin/post.php?post=16&action=elementor" "Mozilla/5.0 (Macintosh; Intel Mac OS X 10_15_7) AppleWebKit/537.36 (KHTML, like Gecko) Chrome/145.0.0.0 Safari/537.36"
80.187.67.145 - - [08/Mar/2026:21:41:48 +0100] "GET /wp-json/elementor/v1/site-navigation/recent-posts?posts_per_page=6&_locale=user HTTP/1.0" 200 6002 "https://halkfinanz.inglory.de/wp-admin/post.php?post=16&action=elementor" "Mozilla/5.0 (Macintosh; Intel Mac OS X 10_15_7) AppleWebKit/537.36 (KHTML, like Gecko) Chrome/145.0.0.0 Safari/537.36"
80.187.67.145 - - [08/Mar/2026:21:41:48 +0100] "GET /wp-json/elementor/v1/global-widget/templates HTTP/1.0" 200 4526 "https://halkfinanz.inglory.de/wp-admin/post.php?post=16&action=elementor" "Mozilla/5.0 (Macintosh; Intel Mac OS X 10_15_7) AppleWebKit/537.36 (KHTML, like Gecko) Chrome/145.0.0.0 Safari/537.36"
80.187.67.145 - - [08/Mar/2026:21:41:48 +0100] "POST /wp-admin/admin-ajax.php HTTP/1.0" 200 4408 "https://halkfinanz.inglory.de/wp-admin/post.php?post=16&action=elementor" "Mozilla/5.0 (Macintosh; Intel Mac OS X 10_15_7) AppleWebKit/537.36 (KHTML, like Gecko) Chrome/145.0.0.0 Safari/537.36"
80.187.67.145 - - [08/Mar/2026:21:41:48 +0100] "GET /wp-json/elementor/v1/checklist/user-progress HTTP/1.0" 200 5156 "https://halkfinanz.inglory.de/wp-admin/post.php?post=16&action=elementor" "Mozilla/5.0 (Macintosh; Intel Mac OS X 10_15_7) AppleWebKit/537.36 (KHTML, like Gecko) Chrome/145.0.0.0 Safari/537.36"
80.187.67.145 - - [08/Mar/2026:21:41:48 +0100] "GET /wp-json/elementor/v1/kit-elements-defaults HTTP/1.0" 200 4526 "https://halkfinanz.inglory.de/wp-admin/post.php?post=16&action=elementor" "Mozilla/5.0 (Macintosh; Intel Mac OS X 10_15_7) AppleWebKit/537.36 (KHTML, like Gecko) Chrome/145.0.0.0 Safari/537.36"
94.130.90.54 - - [08/Mar/2026:21:41:49 +0100] "GET /wp-content/plugins/elementor/assets/lib/font-awesome/css/regular.min.css?ver=5.15.3 HTTP/1.1" 200 4214 "https://halkfinanz.inglory.de/?elementor-preview=16&ver=1773002507" "Serf/1.3.9 (mod_pagespeed/1.13.35.2-0)"
94.130.90.54 - - [08/Mar/2026:21:41:49 +0100] "GET /wp-content/plugins/elementor/assets/lib/e-gallery/css/e-gallery.min.css?ver=1.2.0 HTTP/1.1" 200 6870 "https://halkfinanz.inglory.de/?elementor-preview=16&ver=1773002507" "Serf/1.3.9 (mod_pagespeed/1.13.35.2-0)"
80.187.67.145 - - [08/Mar/2026:21:41:48 +0100] "GET /?elementor-preview=16&ver=1773002507 HTTP/1.0" 200 33349 "https://halkfinanz.inglory.de/wp-admin/post.php?post=16&action=elementor" "Mozilla/5.0 (Macintosh; Intel Mac OS X 10_15_7) AppleWebKit/537.36 (KHTML, like Gecko) Chrome/145.0.0.0 Safari/537.36"
94.130.90.54 - - [08/Mar/2026:21:41:49 +0100] "GET /wp-includes/js/mediaelement/wp-mediaelement.min.css?ver=6.9.1 HTTP/1.1" 200 7754 "https://halkfinanz.inglory.de/?elementor-preview=16&ver=1773002507" "Serf/1.3.9 (mod_pagespeed/1.13.35.2-0)"
94.130.90.54 - - [08/Mar/2026:21:41:49 +0100] "GET /wp-content/plugins/elementor-pro/assets/js/page-transitions.min.js?ver=3.35.1 HTTP/1.1" 200 21269 "https://halkfinanz.inglory.de/?elementor-preview=16&ver=1773002507" "Serf/1.3.9 (mod_pagespeed/1.13.35.2-0)"
94.130.90.54 - - [08/Mar/2026:21:41:49 +0100] "GET /wp-content/plugins/elementor/assets/js/styleguide-app-initiator.min.js?ver=3.35.6 HTTP/1.1" 200 16927 "https://halkfinanz.inglory.de/?elementor-preview=16&ver=1773002507" "Serf/1.3.9 (mod_pagespeed/1.13.35.2-0)"
94.130.90.54 - - [08/Mar/2026:21:41:49 +0100] "GET /wp-content/plugins/elementor-pro/assets//lib/instant-page/instant-page.min.js?ver=3.35.1 HTTP/1.1" 200 6440 "https://halkfinanz.inglory.de/?elementor-preview=16&ver=1773002507" "Serf/1.3.9 (mod_pagespeed/1.13.35.2-0)"
94.130.90.54 - - [08/Mar/2026:21:41:49 +0100] "GET /wp-content/plugins/elementor/assets/lib/jquery-numerator/jquery-numerator.min.js?ver=0.2.1 HTTP/1.1" 200 5382 "https://halkfinanz.inglory.de/?elementor-preview=16&ver=1773002507" "Serf/1.3.9 (mod_pagespeed/1.13.35.2-0)"
94.130.90.54 - - [08/Mar/2026:21:41:49 +0100] "GET /wp-includes/js/imagesloaded.min.js?ver=5.0.0 HTTP/1.1" 200 9102 "https://halkfinanz.inglory.de/?elementor-preview=16&ver=1773002507" "Serf/1.3.9 (mod_pagespeed/1.13.35.2-0)"
94.130.90.54 - - [08/Mar/2026:21:41:49 +0100] "GET /wp-content/plugins/elementor/assets/lib/e-gallery/js/e-gallery.min.js?ver=1.2.0 HTTP/1.1" 200 18930 "https://halkfinanz.inglory.de/?elementor-preview=16&ver=1773002507" "Serf/1.3.9 (mod_pagespeed/1.13.35.2-0)"
94.130.90.54 - - [08/Mar/2026:21:41:49 +0100] "GET /wp-content/plugins/elementor-pro/assets/lib/lottie/lottie.min.js?ver=5.6.6 HTTP/1.1" 200 256608 "https://halkfinanz.inglory.de/?elementor-preview=16&ver=1773002507" "Serf/1.3.9 (mod_pagespeed/1.13.35.2-0)"
94.130.90.54 - - [08/Mar/2026:21:41:49 +0100] "GET /wp-content/plugins/elementor/assets/lib/inline-editor/js/inline-editor.min.js?ver=3.35.6 HTTP/1.1" 200 21267 "https://halkfinanz.inglory.de/?elementor-preview=16&ver=1773002507" "Serf/1.3.9 (mod_pagespeed/1.13.35.2-0)"
94.130.90.54 - - [08/Mar/2026:21:41:49 +0100] "GET /wp-includes/js/mediaelement/mediaelement-migrate.min.js?ver=6.9.1 HTTP/1.1" 200 4743 "https://halkfinanz.inglory.de/?elementor-preview=16&ver=1773002507" "Serf/1.3.9 (mod_pagespeed/1.13.35.2-0)"
94.130.90.54 - - [08/Mar/2026:21:41:49 +0100] "GET /wp-includes/js/mediaelement/wp-mediaelement.min.js?ver=6.9.1 HTTP/1.1" 200 4659 "https://halkfinanz.inglory.de/?elementor-preview=16&ver=1773002507" "Serf/1.3.9 (mod_pagespeed/1.13.35.2-0)"
94.130.90.54 - - [08/Mar/2026:21:41:49 +0100] "GET /wp-content/plugins/elementor-pro/assets/js/preview.min.js?ver=3.35.1 HTTP/1.1" 200 20948 "https://halkfinanz.inglory.de/?elementor-preview=16&ver=1773002507" "Serf/1.3.9 (mod_pagespeed/1.13.35.2-0)"
94.130.90.54 - - [08/Mar/2026:21:41:49 +0100] "GET /wp-content/plugins/elementor/assets/css/widget-nested-tabs.min.css?ver=3.35.6 HTTP/1.1" 200 18387 "https://halkfinanz.inglory.de/?elementor-preview=16&ver=1773002507" "Serf/1.3.9 (mod_pagespeed/1.13.35.2-0)"
94.130.90.54 - - [08/Mar/2026:21:41:49 +0100] "GET /wp-content/plugins/elementor/assets/css/widget-nested-accordion.min.css?ver=3.35.6 HTTP/1.1" 200 8774 "https://halkfinanz.inglory.de/?elementor-preview=16&ver=1773002507" "Serf/1.3.9 (mod_pagespeed/1.13.35.2-0)"
94.130.90.54 - - [08/Mar/2026:21:41:49 +0100] "GET /wp-content/plugins/elementor/assets/css/widget-text-editor.min.css?ver=3.35.6 HTTP/1.1" 200 4217 "https://halkfinanz.inglory.de/?elementor-preview=16&ver=1773002507" "Serf/1.3.9 (mod_pagespeed/1.13.35.2-0)"
94.130.90.54 - - [08/Mar/2026:21:41:49 +0100] "GET /wp-content/plugins/elementor/assets/css/widget-video.min.css?ver=3.35.6 HTTP/1.1" 200 4781 "https://halkfinanz.inglory.de/?elementor-preview=16&ver=1773002507" "Serf/1.3.9 (mod_pagespeed/1.13.35.2-0)"
94.130.90.54 - - [08/Mar/2026:21:41:49 +0100] "GET /wp-content/plugins/elementor/assets/css/widget-spacer.min.css?ver=3.35.6 HTTP/1.1" 200 5331 "https://halkfinanz.inglory.de/?elementor-preview=16&ver=1773002507" "Serf/1.3.9 (mod_pagespeed/1.13.35.2-0)"
80.187.67.145 - - [08/Mar/2026:21:41:49 +0100] "GET /wp-content/plugins/elementor-pro/assets/css/A.widget-nav-menu.min.css,qver=3.35.1.pagespeed.cf.GfA-OKevUX.css HTTP/1.0" 200 7523 "https://halkfinanz.inglory.de/?elementor-preview=16&ver=1773002507" "Mozilla/5.0 (Macintosh; Intel Mac OS X 10_15_7) AppleWebKit/537.36 (KHTML, like Gecko) Chrome/145.0.0.0 Safari/537.36"
94.130.90.54 - - [08/Mar/2026:21:41:49 +0100] "GET /wp-content/plugins/elementor/assets/css/widget-image-box.min.css?ver=3.35.6 HTTP/1.1" 200 5195 "https://halkfinanz.inglory.de/?elementor-preview=16&ver=1773002507" "Serf/1.3.9 (mod_pagespeed/1.13.35.2-0)"
80.187.67.145 - - [08/Mar/2026:21:41:49 +0100] "GET /wp-content/plugins/elementor-pro/assets/css/A.widget-form.min.css,qver=3.35.1.pagespeed.cf.fHHaFh6f0Z.css HTTP/1.0" 200 5675 "https://halkfinanz.inglory.de/?elementor-preview=16&ver=1773002507" "Mozilla/5.0 (Macintosh; Intel Mac OS X 10_15_7) AppleWebKit/537.36 (KHTML, like Gecko) Chrome/145.0.0.0 Safari/537.36"
94.130.90.54 - - [08/Mar/2026:21:41:49 +0100] "GET /wp-content/plugins/elementor/assets/css/widget-google_maps.min.css?ver=3.35.6 HTTP/1.1" 200 3798 "https://halkfinanz.inglory.de/?elementor-preview=16&ver=1773002507" "Serf/1.3.9 (mod_pagespeed/1.13.35.2-0)"
94.130.90.54 - - [08/Mar/2026:21:41:49 +0100] "GET /wp-content/plugins/elementor/assets/css/widget-star-rating.min.css?ver=3.35.6 HTTP/1.1" 200 8370 "https://halkfinanz.inglory.de/?elementor-preview=16&ver=1773002507" "Serf/1.3.9 (mod_pagespeed/1.13.35.2-0)"
80.187.67.145 - - [08/Mar/2026:21:41:49 +0100] "GET /wp-content/uploads/elementor/css/A.post-6.css,qver=1773002502.pagespeed.cf.iR6HNlGHl0.css HTTP/1.0" 200 4973 "https://halkfinanz.inglory.de/?elementor-preview=16&ver=1773002507" "Mozilla/5.0 (Macintosh; Intel Mac OS X 10_15_7) AppleWebKit/537.36 (KHTML, like Gecko) Chrome/145.0.0.0 Safari/537.36"
80.187.67.145 - - [08/Mar/2026:21:41:49 +0100] "GET /wp-content/uploads/elementor/css/A.post-19.css,qver=1773002503.pagespeed.cf.sn95qJSXWr.css HTTP/1.0" 200 5180 "https://halkfinanz.inglory.de/?elementor-preview=16&ver=1773002507" "Mozilla/5.0 (Macintosh; Intel Mac OS X 10_15_7) AppleWebKit/537.36 (KHTML, like Gecko) Chrome/145.0.0.0 Safari/537.36"
80.187.67.145 - - [08/Mar/2026:21:41:49 +0100] "GET /wp-content/uploads/elementor/css/A.post-20.css,qver=1773002503.pagespeed.cf.XMMnfn1Q67.css HTTP/1.0" 200 6156 "https://halkfinanz.inglory.de/?elementor-preview=16&ver=1773002507" "Mozilla/5.0 (Macintosh; Intel Mac OS X 10_15_7) AppleWebKit/537.36 (KHTML, like Gecko) Chrome/145.0.0.0 Safari/537.36"
94.130.90.54 - - [08/Mar/2026:21:41:49 +0100] "GET /wp-content/plugins/elementor/assets/css/widget-image-gallery.min.css?ver=3.35.6 HTTP/1.1" 200 5986 "https://halkfinanz.inglory.de/?elementor-preview=16&ver=1773002507" "Serf/1.3.9 (mod_pagespeed/1.13.35.2-0)"
80.187.67.145 - - [08/Mar/2026:21:41:49 +0100] "GET /wp-content/uploads/elementor/css/A.post-760.css,qver=1773002503.pagespeed.cf.qRlBtKg982.css HTTP/1.0" 200 5849 "https://halkfinanz.inglory.de/?elementor-preview=16&ver=1773002507" "Mozilla/5.0 (Macintosh; Intel Mac OS X 10_15_7) AppleWebKit/537.36 (KHTML, like Gecko) Chrome/145.0.0.0 Safari/537.36"
94.130.90.54 - - [08/Mar/2026:21:41:49 +0100] "GET /wp-content/plugins/elementor/assets/css/widget-counter.min.css?ver=3.35.6 HTTP/1.1" 200 4290 "https://halkfinanz.inglory.de/?elementor-preview=16&ver=1773002507" "Serf/1.3.9 (mod_pagespeed/1.13.35.2-0)"
80.187.67.145 - - [08/Mar/2026:21:41:49 +0100] "GET /wp-content/uploads/elementor/css/A.post-111.css,qver=1773002503.pagespeed.cf.aLEFlMGD9t.css HTTP/1.0" 200 5331 "https://halkfinanz.inglory.de/?elementor-preview=16&ver=1773002507" "Mozilla/5.0 (Macintosh; Intel Mac OS X 10_15_7) AppleWebKit/537.36 (KHTML, like Gecko) Chrome/145.0.0.0 Safari/537.36"
94.130.90.54 - - [08/Mar/2026:21:41:49 +0100] "GET /wp-content/plugins/elementor/assets/css/widget-progress.min.css?ver=3.35.6 HTTP/1.1" 200 4727 "https://halkfinanz.inglory.de/?elementor-preview=16&ver=1773002507" "Serf/1.3.9 (mod_pagespeed/1.13.35.2-0)"
94.130.90.54 - - [08/Mar/2026:21:41:49 +0100] "GET /wp-content/plugins/elementor/assets/css/widget-testimonial.min.css?ver=3.35.6 HTTP/1.1" 200 5184 "https://halkfinanz.inglory.de/?elementor-preview=16&ver=1773002507" "Serf/1.3.9 (mod_pagespeed/1.13.35.2-0)"
94.130.90.54 - - [08/Mar/2026:21:41:49 +0100] "GET /wp-content/plugins/elementor/assets/css/widget-tabs.min.css?ver=3.35.6 HTTP/1.1" 200 7857 "https://halkfinanz.inglory.de/?elementor-preview=16&ver=1773002507" "Serf/1.3.9 (mod_pagespeed/1.13.35.2-0)"
94.130.90.54 - - [08/Mar/2026:21:41:49 +0100] "GET /wp-content/plugins/elementor/assets/css/widget-accordion.min.css?ver=3.35.6 HTTP/1.1" 200 5282 "https://halkfinanz.inglory.de/?elementor-preview=16&ver=1773002507" "Serf/1.3.9 (mod_pagespeed/1.13.35.2-0)"
94.130.90.54 - - [08/Mar/2026:21:41:49 +0100] "GET /wp-content/plugins/elementor/assets/css/widget-toggle.min.css?ver=3.35.6 HTTP/1.1" 200 5085 "https://halkfinanz.inglory.de/?elementor-preview=16&ver=1773002507" "Serf/1.3.9 (mod_pagespeed/1.13.35.2-0)"
80.187.67.145 - - [08/Mar/2026:21:41:49 +0100] "GET /wp-content/uploads/elementor/css/A.post-432.css,qver=1773002503.pagespeed.cf.IW0OtDcvYJ.css HTTP/1.0" 200 4886 "https://halkfinanz.inglory.de/?elementor-preview=16&ver=1773002507" "Mozilla/5.0 (Macintosh; Intel Mac OS X 10_15_7) AppleWebKit/537.36 (KHTML, like Gecko) Chrome/145.0.0.0 Safari/537.36"
80.187.67.145 - - [08/Mar/2026:21:41:49 +0100] "GET /wp-content/plugins/elementor/assets/css/widget-nested-accordion.min.css?ver=3.35.6 HTTP/1.0" 200 4991 "https://halkfinanz.inglory.de/?elementor-preview=16&ver=1773002507" "Mozilla/5.0 (Macintosh; Intel Mac OS X 10_15_7) AppleWebKit/537.36 (KHTML, like Gecko) Chrome/145.0.0.0 Safari/537.36"
80.187.67.145 - - [08/Mar/2026:21:41:49 +0100] "GET /wp-content/plugins/elementor/assets/css/widget-nested-tabs.min.css?ver=3.35.6 HTTP/1.0" 200 6058 "https://halkfinanz.inglory.de/?elementor-preview=16&ver=1773002507" "Mozilla/5.0 (Macintosh; Intel Mac OS X 10_15_7) AppleWebKit/537.36 (KHTML, like Gecko) Chrome/145.0.0.0 Safari/537.36"
80.187.67.145 - - [08/Mar/2026:21:41:49 +0100] "GET /wp-content/plugins/elementor/assets/css/widget-text-editor.min.css?ver=3.35.6 HTTP/1.0" 200 4442 "https://halkfinanz.inglory.de/?elementor-preview=16&ver=1773002507" "Mozilla/5.0 (Macintosh; Intel Mac OS X 10_15_7) AppleWebKit/537.36 (KHTML, like Gecko) Chrome/145.0.0.0 Safari/537.36"
94.130.90.54 - - [08/Mar/2026:21:41:49 +0100] "GET /wp-content/plugins/elementor/assets/css/widget-social-icons.min.css?ver=3.35.6 HTTP/1.1" 200 8678 "https://halkfinanz.inglory.de/?elementor-preview=16&ver=1773002507" "Serf/1.3.9 (mod_pagespeed/1.13.35.2-0)"
80.187.67.145 - - [08/Mar/2026:21:41:49 +0100] "GET /wp-content/plugins/elementor/assets/css/widget-video.min.css?ver=3.35.6 HTTP/1.0" 200 4595 "https://halkfinanz.inglory.de/?elementor-preview=16&ver=1773002507" "Mozilla/5.0 (Macintosh; Intel Mac OS X 10_15_7) AppleWebKit/537.36 (KHTML, like Gecko) Chrome/145.0.0.0 Safari/537.36"
94.130.90.54 - - [08/Mar/2026:21:41:49 +0100] "GET /wp-content/plugins/elementor/assets/css/conditionals/apple-webkit.min.css?ver=3.35.6 HTTP/1.1" 200 10281 "https://halkfinanz.inglory.de/?elementor-preview=16&ver=1773002507" "Serf/1.3.9 (mod_pagespeed/1.13.35.2-0)"
