103.164.254.165 - - [09/Mar/2026:09:16:38 +0100] "GET /wp-content/plugins/elementor/assets/lib/animations/styles/headShake.min.css?ver=3.35.6 HTTP/1.0" 304 3926 "https://halkfinanz.inglory.de/?elementor_library=freebie&elementor-preview=760&ver=1773044194" "Mozilla/5.0 (Macintosh; Intel Mac OS X 10_15_7) AppleWebKit/537.36 (KHTML, like Gecko) Chrome/145.0.0.0 Safari/537.36"
103.164.254.165 - - [09/Mar/2026:09:16:38 +0100] "GET /wp-content/plugins/elementor/assets/lib/animations/styles/e-animation-pulse-grow.min.css?ver=3.35.6 HTTP/1.0" 304 3926 "https://halkfinanz.inglory.de/?elementor_library=freebie&elementor-preview=760&ver=1773044194" "Mozilla/5.0 (Macintosh; Intel Mac OS X 10_15_7) AppleWebKit/537.36 (KHTML, like Gecko) Chrome/145.0.0.0 Safari/537.36"
103.164.254.165 - - [09/Mar/2026:09:16:38 +0100] "GET /wp-content/plugins/elementor/assets/lib/animations/styles/e-animation-skew-backward.min.css?ver=3.35.6 HTTP/1.0" 304 3926 "https://halkfinanz.inglory.de/?elementor_library=freebie&elementor-preview=760&ver=1773044194" "Mozilla/5.0 (Macintosh; Intel Mac OS X 10_15_7) AppleWebKit/537.36 (KHTML, like Gecko) Chrome/145.0.0.0 Safari/537.36"
103.164.254.165 - - [09/Mar/2026:09:16:38 +0100] "GET /wp-content/plugins/elementor/assets/lib/animations/styles/e-animation-shrink.min.css?ver=3.35.6 HTTP/1.0" 304 3925 "https://halkfinanz.inglory.de/?elementor_library=freebie&elementor-preview=760&ver=1773044194" "Mozilla/5.0 (Macintosh; Intel Mac OS X 10_15_7) AppleWebKit/537.36 (KHTML, like Gecko) Chrome/145.0.0.0 Safari/537.36"
103.164.254.165 - - [09/Mar/2026:09:16:38 +0100] "GET /wp-content/plugins/elementor/assets/lib/animations/styles/e-animation-grow-rotate.min.css?ver=3.35.6 HTTP/1.0" 304 3925 "https://halkfinanz.inglory.de/?elementor_library=freebie&elementor-preview=760&ver=1773044194" "Mozilla/5.0 (Macintosh; Intel Mac OS X 10_15_7) AppleWebKit/537.36 (KHTML, like Gecko) Chrome/145.0.0.0 Safari/537.36"
103.164.254.165 - - [09/Mar/2026:09:16:38 +0100] "GET /wp-content/plugins/elementor/assets/lib/animations/styles/e-animation-pop.min.css?ver=3.35.6 HTTP/1.0" 304 3926 "https://halkfinanz.inglory.de/?elementor_library=freebie&elementor-preview=760&ver=1773044194" "Mozilla/5.0 (Macintosh; Intel Mac OS X 10_15_7) AppleWebKit/537.36 (KHTML, like Gecko) Chrome/145.0.0.0 Safari/537.36"
103.164.254.165 - - [09/Mar/2026:09:16:38 +0100] "GET /wp-content/plugins/elementor/assets/lib/animations/styles/e-animation-float.min.css?ver=3.35.6 HTTP/1.0" 304 3925 "https://halkfinanz.inglory.de/?elementor_library=freebie&elementor-preview=760&ver=1773044194" "Mozilla/5.0 (Macintosh; Intel Mac OS X 10_15_7) AppleWebKit/537.36 (KHTML, like Gecko) Chrome/145.0.0.0 Safari/537.36"
103.164.254.165 - - [09/Mar/2026:09:16:38 +0100] "GET /wp-content/plugins/elementor/assets/lib/animations/styles/e-animation-rotate.min.css?ver=3.35.6 HTTP/1.0" 304 3925 "https://halkfinanz.inglory.de/?elementor_library=freebie&elementor-preview=760&ver=1773044194" "Mozilla/5.0 (Macintosh; Intel Mac OS X 10_15_7) AppleWebKit/537.36 (KHTML, like Gecko) Chrome/145.0.0.0 Safari/537.36"
103.164.254.165 - - [09/Mar/2026:09:16:38 +0100] "GET /wp-content/plugins/elementor/assets/lib/animations/styles/e-animation-hang.min.css?ver=3.35.6 HTTP/1.0" 304 3926 "https://halkfinanz.inglory.de/?elementor_library=freebie&elementor-preview=760&ver=1773044194" "Mozilla/5.0 (Macintosh; Intel Mac OS X 10_15_7) AppleWebKit/537.36 (KHTML, like Gecko) Chrome/145.0.0.0 Safari/537.36"
103.164.254.165 - - [09/Mar/2026:09:16:38 +0100] "GET /wp-content/plugins/elementor/assets/lib/animations/styles/e-animation-bounce-in.min.css?ver=3.35.6 HTTP/1.0" 304 3925 "https://halkfinanz.inglory.de/?elementor_library=freebie&elementor-preview=760&ver=1773044194" "Mozilla/5.0 (Macintosh; Intel Mac OS X 10_15_7) AppleWebKit/537.36 (KHTML, like Gecko) Chrome/145.0.0.0 Safari/537.36"
103.164.254.165 - - [09/Mar/2026:09:16:38 +0100] "GET /wp-content/plugins/elementor/assets/lib/animations/styles/e-animation-pulse-shrink.min.css?ver=3.35.6 HTTP/1.0" 304 3926 "https://halkfinanz.inglory.de/?elementor_library=freebie&elementor-preview=760&ver=1773044194" "Mozilla/5.0 (Macintosh; Intel Mac OS X 10_15_7) AppleWebKit/537.36 (KHTML, like Gecko) Chrome/145.0.0.0 Safari/537.36"
103.164.254.165 - - [09/Mar/2026:09:16:38 +0100] "GET /wp-content/plugins/elementor/assets/lib/animations/styles/e-animation-sink.min.css?ver=3.35.6 HTTP/1.0" 304 3925 "https://halkfinanz.inglory.de/?elementor_library=freebie&elementor-preview=760&ver=1773044194" "Mozilla/5.0 (Macintosh; Intel Mac OS X 10_15_7) AppleWebKit/537.36 (KHTML, like Gecko) Chrome/145.0.0.0 Safari/537.36"
103.164.254.165 - - [09/Mar/2026:09:16:38 +0100] "GET /wp-content/plugins/elementor/assets/lib/animations/styles/e-animation-skew-forward.min.css?ver=3.35.6 HTTP/1.0" 304 3926 "https://halkfinanz.inglory.de/?elementor_library=freebie&elementor-preview=760&ver=1773044194" "Mozilla/5.0 (Macintosh; Intel Mac OS X 10_15_7) AppleWebKit/537.36 (KHTML, like Gecko) Chrome/145.0.0.0 Safari/537.36"
94.130.90.54 - - [09/Mar/2026:09:16:38 +0100] "GET /wp-content/plugins/elementor/assets/js/frontend-modules.min.js?ver=3.35.6 HTTP/1.1" 200 54173 "https://halkfinanz.inglory.de/?elementor_library=freebie&elementor-preview=760&ver=1773044194" "Serf/1.3.9 (mod_pagespeed/1.13.35.2-0)"
103.164.254.165 - - [09/Mar/2026:09:16:38 +0100] "GET /wp-content/plugins/elementor/assets/lib/animations/styles/e-animation-wobble-vertical.min.css?ver=3.35.6 HTTP/1.0" 304 3926 "https://halkfinanz.inglory.de/?elementor_library=freebie&elementor-preview=760&ver=1773044194" "Mozilla/5.0 (Macintosh; Intel Mac OS X 10_15_7) AppleWebKit/537.36 (KHTML, like Gecko) Chrome/145.0.0.0 Safari/537.36"
103.164.254.165 - - [09/Mar/2026:09:16:38 +0100] "GET /wp-content/plugins/elementor/assets/lib/animations/styles/e-animation-bob.min.css?ver=3.35.6 HTTP/1.0" 304 3926 "https://halkfinanz.inglory.de/?elementor_library=freebie&elementor-preview=760&ver=1773044194" "Mozilla/5.0 (Macintosh; Intel Mac OS X 10_15_7) AppleWebKit/537.36 (KHTML, like Gecko) Chrome/145.0.0.0 Safari/537.36"
103.164.254.165 - - [09/Mar/2026:09:16:38 +0100] "GET /wp-content/plugins/elementor/assets/lib/animations/styles/e-animation-wobble-to-bottom-right.min.css?ver=3.35.6 HTTP/1.0" 304 3926 "https://halkfinanz.inglory.de/?elementor_library=freebie&elementor-preview=760&ver=1773044194" "Mozilla/5.0 (Macintosh; Intel Mac OS X 10_15_7) AppleWebKit/537.36 (KHTML, like Gecko) Chrome/145.0.0.0 Safari/537.36"
103.164.254.165 - - [09/Mar/2026:09:16:38 +0100] "GET /wp-content/plugins/elementor/assets/lib/animations/styles/e-animation-wobble-horizontal.min.css?ver=3.35.6 HTTP/1.0" 304 3926 "https://halkfinanz.inglory.de/?elementor_library=freebie&elementor-preview=760&ver=1773044194" "Mozilla/5.0 (Macintosh; Intel Mac OS X 10_15_7) AppleWebKit/537.36 (KHTML, like Gecko) Chrome/145.0.0.0 Safari/537.36"
103.164.254.165 - - [09/Mar/2026:09:16:38 +0100] "GET /wp-content/plugins/elementor/assets/lib/animations/styles/e-animation-bounce-out.min.css?ver=3.35.6 HTTP/1.0" 304 3925 "https://halkfinanz.inglory.de/?elementor_library=freebie&elementor-preview=760&ver=1773044194" "Mozilla/5.0 (Macintosh; Intel Mac OS X 10_15_7) AppleWebKit/537.36 (KHTML, like Gecko) Chrome/145.0.0.0 Safari/537.36"
103.164.254.165 - - [09/Mar/2026:09:16:38 +0100] "GET /wp-includes/js/dist/i18n.min.js?ver=c26c3dc7bed366793375 HTTP/1.0" 304 3899 "https://halkfinanz.inglory.de/?elementor_library=freebie&elementor-preview=760&ver=1773044194" "Mozilla/5.0 (Macintosh; Intel Mac OS X 10_15_7) AppleWebKit/537.36 (KHTML, like Gecko) Chrome/145.0.0.0 Safari/537.36"
103.164.254.165 - - [09/Mar/2026:09:16:38 +0100] "GET /wp-content/plugins/elementor/assets/js/frontend-modules.min.js?ver=3.35.6 HTTP/1.0" 304 3927 "https://halkfinanz.inglory.de/?elementor_library=freebie&elementor-preview=760&ver=1773044194" "Mozilla/5.0 (Macintosh; Intel Mac OS X 10_15_7) AppleWebKit/537.36 (KHTML, like Gecko) Chrome/145.0.0.0 Safari/537.36"
103.164.254.165 - - [09/Mar/2026:09:16:38 +0100] "GET /wp-content/plugins/elementor-pro/assets/js/notes/notes-app-initiator.min.js?ver=3.35.1 HTTP/1.0" 304 3926 "https://halkfinanz.inglory.de/?elementor_library=freebie&elementor-preview=760&ver=1773044194" "Mozilla/5.0 (Macintosh; Intel Mac OS X 10_15_7) AppleWebKit/537.36 (KHTML, like Gecko) Chrome/145.0.0.0 Safari/537.36"
103.164.254.165 - - [09/Mar/2026:09:16:38 +0100] "GET /wp-content/plugins/elementor/assets/lib/animations/styles/e-animation-skew.min.css?ver=3.35.6 HTTP/1.0" 304 3925 "https://halkfinanz.inglory.de/?elementor_library=freebie&elementor-preview=760&ver=1773044194" "Mozilla/5.0 (Macintosh; Intel Mac OS X 10_15_7) AppleWebKit/537.36 (KHTML, like Gecko) Chrome/145.0.0.0 Safari/537.36"
103.164.254.165 - - [09/Mar/2026:09:16:38 +0100] "GET /wp-includes/js/dist/hooks.min.js?ver=dd5603f07f9220ed27f1 HTTP/1.0" 304 3927 "https://halkfinanz.inglory.de/?elementor_library=freebie&elementor-preview=760&ver=1773044194" "Mozilla/5.0 (Macintosh; Intel Mac OS X 10_15_7) AppleWebKit/537.36 (KHTML, like Gecko) Chrome/145.0.0.0 Safari/537.36"
103.164.254.165 - - [09/Mar/2026:09:16:38 +0100] "GET /wp-content/plugins/elementor/assets/lib/animations/styles/e-animation-wobble-to-top-right.min.css?ver=3.35.6 HTTP/1.0" 304 3926 "https://halkfinanz.inglory.de/?elementor_library=freebie&elementor-preview=760&ver=1773044194" "Mozilla/5.0 (Macintosh; Intel Mac OS X 10_15_7) AppleWebKit/537.36 (KHTML, like Gecko) Chrome/145.0.0.0 Safari/537.36"
103.164.254.165 - - [09/Mar/2026:09:16:38 +0100] "GET /wp-content/plugins/elementor/assets/lib/animations/styles/e-animation-wobble-top.min.css?ver=3.35.6 HTTP/1.0" 304 3926 "https://halkfinanz.inglory.de/?elementor_library=freebie&elementor-preview=760&ver=1773044194" "Mozilla/5.0 (Macintosh; Intel Mac OS X 10_15_7) AppleWebKit/537.36 (KHTML, like Gecko) Chrome/145.0.0.0 Safari/537.36"
103.164.254.165 - - [09/Mar/2026:09:16:38 +0100] "GET /wp-content/plugins/elementor/assets/lib/animations/styles/e-animation-buzz-out.min.css?ver=3.35.6 HTTP/1.0" 304 3926 "https://halkfinanz.inglory.de/?elementor_library=freebie&elementor-preview=760&ver=1773044194" "Mozilla/5.0 (Macintosh; Intel Mac OS X 10_15_7) AppleWebKit/537.36 (KHTML, like Gecko) Chrome/145.0.0.0 Safari/537.36"
103.164.254.165 - - [09/Mar/2026:09:16:38 +0100] "GET /wp-includes/js/jquery/ui/core.min.js?ver=1.13.3 HTTP/1.0" 304 3899 "https://halkfinanz.inglory.de/?elementor_library=freebie&elementor-preview=760&ver=1773044194" "Mozilla/5.0 (Macintosh; Intel Mac OS X 10_15_7) AppleWebKit/537.36 (KHTML, like Gecko) Chrome/145.0.0.0 Safari/537.36"
103.164.254.165 - - [09/Mar/2026:09:16:38 +0100] "GET /wp-content/plugins/elementor-pro/assets//lib/instant-page/instant-page.min.js?ver=3.35.1 HTTP/1.0" 304 3926 "https://halkfinanz.inglory.de/?elementor_library=freebie&elementor-preview=760&ver=1773044194" "Mozilla/5.0 (Macintosh; Intel Mac OS X 10_15_7) AppleWebKit/537.36 (KHTML, like Gecko) Chrome/145.0.0.0 Safari/537.36"
103.164.254.165 - - [09/Mar/2026:09:16:38 +0100] "GET /wp-content/plugins/elementor/assets/js/webpack.runtime.min.js?ver=3.35.6 HTTP/1.0" 304 3927 "https://halkfinanz.inglory.de/?elementor_library=freebie&elementor-preview=760&ver=1773044194" "Mozilla/5.0 (Macintosh; Intel Mac OS X 10_15_7) AppleWebKit/537.36 (KHTML, like Gecko) Chrome/145.0.0.0 Safari/537.36"
103.164.254.165 - - [09/Mar/2026:09:16:38 +0100] "GET /wp-content/plugins/elementor/assets/lib/animations/styles/e-animation-buzz.min.css?ver=3.35.6 HTTP/1.0" 304 3926 "https://halkfinanz.inglory.de/?elementor_library=freebie&elementor-preview=760&ver=1773044194" "Mozilla/5.0 (Macintosh; Intel Mac OS X 10_15_7) AppleWebKit/537.36 (KHTML, like Gecko) Chrome/145.0.0.0 Safari/537.36"
103.164.254.165 - - [09/Mar/2026:09:16:38 +0100] "GET /wp-content/plugins/elementor/assets/lib/animations/styles/e-animation-wobble-bottom.min.css?ver=3.35.6 HTTP/1.0" 304 3926 "https://halkfinanz.inglory.de/?elementor_library=freebie&elementor-preview=760&ver=1773044194" "Mozilla/5.0 (Macintosh; Intel Mac OS X 10_15_7) AppleWebKit/537.36 (KHTML, like Gecko) Chrome/145.0.0.0 Safari/537.36"
103.164.254.165 - - [09/Mar/2026:09:16:38 +0100] "GET /wp-content/plugins/elementor/assets/js/styleguide-app-initiator.min.js?ver=3.35.6 HTTP/1.0" 304 3927 "https://halkfinanz.inglory.de/?elementor_library=freebie&elementor-preview=760&ver=1773044194" "Mozilla/5.0 (Macintosh; Intel Mac OS X 10_15_7) AppleWebKit/537.36 (KHTML, like Gecko) Chrome/145.0.0.0 Safari/537.36"
103.164.254.165 - - [09/Mar/2026:09:16:38 +0100] "GET /wp-content/plugins/elementor/assets/lib/inline-editor/js/inline-editor.min.js?ver=3.35.6 HTTP/1.0" 304 3927 "https://halkfinanz.inglory.de/?elementor_library=freebie&elementor-preview=760&ver=1773044194" "Mozilla/5.0 (Macintosh; Intel Mac OS X 10_15_7) AppleWebKit/537.36 (KHTML, like Gecko) Chrome/145.0.0.0 Safari/537.36"
103.164.254.165 - - [09/Mar/2026:09:16:38 +0100] "GET /wp-content/plugins/elementor-pro/assets/lib/lottie/lottie.min.js?ver=5.6.6 HTTP/1.0" 304 3928 "https://halkfinanz.inglory.de/?elementor_library=freebie&elementor-preview=760&ver=1773044194" "Mozilla/5.0 (Macintosh; Intel Mac OS X 10_15_7) AppleWebKit/537.36 (KHTML, like Gecko) Chrome/145.0.0.0 Safari/537.36"
103.164.254.165 - - [09/Mar/2026:09:16:38 +0100] "GET /wp-content/plugins/elementor/assets/lib/jquery-numerator/jquery-numerator.min.js?ver=0.2.1 HTTP/1.0" 304 3926 "https://halkfinanz.inglory.de/?elementor_library=freebie&elementor-preview=760&ver=1773044194" "Mozilla/5.0 (Macintosh; Intel Mac OS X 10_15_7) AppleWebKit/537.36 (KHTML, like Gecko) Chrome/145.0.0.0 Safari/537.36"
103.164.254.165 - - [09/Mar/2026:09:16:38 +0100] "GET /wp-content/plugins/elementor/assets/lib/e-gallery/js/e-gallery.min.js?ver=1.2.0 HTTP/1.0" 304 3927 "https://halkfinanz.inglory.de/?elementor_library=freebie&elementor-preview=760&ver=1773044194" "Mozilla/5.0 (Macintosh; Intel Mac OS X 10_15_7) AppleWebKit/537.36 (KHTML, like Gecko) Chrome/145.0.0.0 Safari/537.36"
103.164.254.165 - - [09/Mar/2026:09:16:38 +0100] "GET /wp-content/plugins/elementor-pro/assets/js/preview.min.js?ver=3.35.1 HTTP/1.0" 304 3927 "https://halkfinanz.inglory.de/?elementor_library=freebie&elementor-preview=760&ver=1773044194" "Mozilla/5.0 (Macintosh; Intel Mac OS X 10_15_7) AppleWebKit/537.36 (KHTML, like Gecko) Chrome/145.0.0.0 Safari/537.36"
103.164.254.165 - - [09/Mar/2026:09:16:38 +0100] "GET /wp-content/plugins/elementor/assets/lib/animations/styles/e-animation-wobble-skew.min.css?ver=3.35.6 HTTP/1.0" 304 3926 "https://halkfinanz.inglory.de/?elementor_library=freebie&elementor-preview=760&ver=1773044194" "Mozilla/5.0 (Macintosh; Intel Mac OS X 10_15_7) AppleWebKit/537.36 (KHTML, like Gecko) Chrome/145.0.0.0 Safari/537.36"
103.164.254.165 - - [09/Mar/2026:09:16:38 +0100] "GET /wp-content/plugins/elementor-pro/assets/lib/smartmenus/jquery.smartmenus.min.js?ver=1.2.1 HTTP/1.0" 304 3899 "https://halkfinanz.inglory.de/?elementor_library=freebie&elementor-preview=760&ver=1773044194" "Mozilla/5.0 (Macintosh; Intel Mac OS X 10_15_7) AppleWebKit/537.36 (KHTML, like Gecko) Chrome/145.0.0.0 Safari/537.36"
103.164.254.165 - - [09/Mar/2026:09:16:38 +0100] "GET /wp-content/plugins/elementor-pro/assets/lib/sticky/jquery.sticky.min.js?ver=3.35.1 HTTP/1.0" 304 3898 "https://halkfinanz.inglory.de/?elementor_library=freebie&elementor-preview=760&ver=1773044194" "Mozilla/5.0 (Macintosh; Intel Mac OS X 10_15_7) AppleWebKit/537.36 (KHTML, like Gecko) Chrome/145.0.0.0 Safari/537.36"
103.164.254.165 - - [09/Mar/2026:09:16:38 +0100] "GET /wp-content/plugins/elementor-pro/assets/js/webpack-pro.runtime.min.js?ver=3.35.1 HTTP/1.0" 304 3927 "https://halkfinanz.inglory.de/?elementor_library=freebie&elementor-preview=760&ver=1773044194" "Mozilla/5.0 (Macintosh; Intel Mac OS X 10_15_7) AppleWebKit/537.36 (KHTML, like Gecko) Chrome/145.0.0.0 Safari/537.36"
103.164.254.165 - - [09/Mar/2026:09:16:38 +0100] "GET /wp-content/plugins/elementor/assets/lib/swiper/v8/swiper.min.js?ver=8.4.5 HTTP/1.0" 304 3928 "https://halkfinanz.inglory.de/?elementor_library=freebie&elementor-preview=760&ver=1773044194" "Mozilla/5.0 (Macintosh; Intel Mac OS X 10_15_7) AppleWebKit/537.36 (KHTML, like Gecko) Chrome/145.0.0.0 Safari/537.36"
103.164.254.165 - - [09/Mar/2026:09:16:38 +0100] "GET /wp-content/plugins/elementor/assets/js/frontend.min.js?ver=3.35.6 HTTP/1.0" 304 3927 "https://halkfinanz.inglory.de/?elementor_library=freebie&elementor-preview=760&ver=1773044194" "Mozilla/5.0 (Macintosh; Intel Mac OS X 10_15_7) AppleWebKit/537.36 (KHTML, like Gecko) Chrome/145.0.0.0 Safari/537.36"
103.164.254.165 - - [09/Mar/2026:09:16:37 +0100] "POST /wp-admin/admin-ajax.php HTTP/1.0" 200 4408 "https://halkfinanz.inglory.de/wp-admin/post.php?post=16&action=elementor" "Mozilla/5.0 (Macintosh; Intel Mac OS X 10_15_7) AppleWebKit/537.36 (KHTML, like Gecko) Chrome/145.0.0.0 Safari/537.36"
103.164.254.165 - - [09/Mar/2026:09:16:37 +0100] "GET /wp-json/elementor/v1/kit-elements-defaults HTTP/1.0" 200 4498 "https://halkfinanz.inglory.de/wp-admin/post.php?post=16&action=elementor" "Mozilla/5.0 (Macintosh; Intel Mac OS X 10_15_7) AppleWebKit/537.36 (KHTML, like Gecko) Chrome/145.0.0.0 Safari/537.36"
94.130.90.54 - - [09/Mar/2026:09:16:39 +0100] "GET /wp-content/uploads/elementor/css/post-760.css?ver=1773008161 HTTP/1.1" 200 15091 "https://halkfinanz.inglory.de/?elementor-preview=16&ver=1773044195" "Serf/1.3.9 (mod_pagespeed/1.13.35.2-0)"
94.130.90.54 - - [09/Mar/2026:09:16:39 +0100] "GET /wp-content/plugins/Funnelforms-pro/res/frontend/styles/select.css?ver=3.8.1 HTTP/1.1" 200 19392 "https://halkfinanz.inglory.de/?elementor-preview=16&ver=1773044195" "Serf/1.3.9 (mod_pagespeed/1.13.35.2-0)"
94.130.90.54 - - [09/Mar/2026:09:16:39 +0100] "GET /wp-content/plugins/Funnelforms-pro/res/frontend/styles/fontawesome_5.15.4.css?ver=3.8.1 HTTP/1.1" 200 80611 "https://halkfinanz.inglory.de/?elementor-preview=16&ver=1773044195" "Serf/1.3.9 (mod_pagespeed/1.13.35.2-0)"
103.164.254.165 - - [09/Mar/2026:09:16:37 +0100] "GET /?elementor-preview=16&ver=1773044195 HTTP/1.0" 200 41473 "https://halkfinanz.inglory.de/wp-admin/post.php?post=16&action=elementor" "Mozilla/5.0 (Macintosh; Intel Mac OS X 10_15_7) AppleWebKit/537.36 (KHTML, like Gecko) Chrome/145.0.0.0 Safari/537.36"
94.130.90.54 - - [09/Mar/2026:09:16:39 +0100] "GET /wp-content/plugins/Funnelforms-pro/res/frontend/styles/frontend.css?ver=3.8.1 HTTP/1.1" 200 61460 "https://halkfinanz.inglory.de/?elementor-preview=16&ver=1773044195" "Serf/1.3.9 (mod_pagespeed/1.13.35.2-0)"
94.130.90.54 - - [09/Mar/2026:09:16:39 +0100] "GET /wp-content/plugins/Funnelforms-pro/res/frontend/styles/intlTelInput.css?ver=3.8.1 HTTP/1.1" 200 30662 "https://halkfinanz.inglory.de/?elementor-preview=16&ver=1773044195" "Serf/1.3.9 (mod_pagespeed/1.13.35.2-0)"
94.130.90.54 - - [09/Mar/2026:09:16:39 +0100] "GET /wp-content/uploads/freebiemockupv2.png HTTP/1.1" 200 1182068 "https://halkfinanz.inglory.de/?elementor-preview=16&ver=1773044195" "Serf/1.3.9 (mod_pagespeed/1.13.35.2-0)"
94.130.90.54 - - [09/Mar/2026:09:16:39 +0100] "GET /wp-content/uploads/freebiemockupv2-300x286.png HTTP/1.1" 304 3413 "https://halkfinanz.inglory.de/?elementor-preview=16&ver=1773044195" "Serf/1.3.9 (mod_pagespeed/1.13.35.2-0)"
94.130.90.54 - - [09/Mar/2026:09:16:39 +0100] "GET /wp-content/uploads/freebiemockupv2-768x732.png HTTP/1.1" 304 3413 "https://halkfinanz.inglory.de/?elementor-preview=16&ver=1773044195" "Serf/1.3.9 (mod_pagespeed/1.13.35.2-0)"
94.130.90.54 - - [09/Mar/2026:09:16:39 +0100] "GET /wp-content/plugins/Funnelforms-pro/res/frontend/scripts/frontend.js?ver=3.8.1 HTTP/1.1" 200 424904 "https://halkfinanz.inglory.de/?elementor-preview=16&ver=1773044195" "Serf/1.3.9 (mod_pagespeed/1.13.35.2-0)"
94.130.90.54 - - [09/Mar/2026:09:16:39 +0100] "GET /wp-content/plugins/Funnelforms-pro/res/frontend/scripts/dropzone.js?ver=3.8.1 HTTP/1.1" 200 51790 "https://halkfinanz.inglory.de/?elementor-preview=16&ver=1773044195" "Serf/1.3.9 (mod_pagespeed/1.13.35.2-0)"
94.130.90.54 - - [09/Mar/2026:09:16:39 +0100] "GET /wp-content/plugins/Funnelforms-pro/res/frontend/scripts/select.js?ver=3.8.1 HTTP/1.1" 200 76143 "https://halkfinanz.inglory.de/?elementor-preview=16&ver=1773044195" "Serf/1.3.9 (mod_pagespeed/1.13.35.2-0)"
94.130.90.54 - - [09/Mar/2026:09:16:39 +0100] "GET /wp-content/plugins/Funnelforms-pro/res/frontend/scripts/intlTelInputSelect2.js?ver=3.8.1 HTTP/1.1" 200 26160 "https://halkfinanz.inglory.de/?elementor-preview=16&ver=1773044195" "Serf/1.3.9 (mod_pagespeed/1.13.35.2-0)"
94.130.90.54 - - [09/Mar/2026:09:16:39 +0100] "GET /wp-content/plugins/Funnelforms-pro/res/frontend/scripts/libs/jquery_ui.js?ver=3.8.1 HTTP/1.1" 200 525538 "https://halkfinanz.inglory.de/?elementor-preview=16&ver=1773044195" "Serf/1.3.9 (mod_pagespeed/1.13.35.2-0)"
103.164.254.165 - - [09/Mar/2026:09:16:39 +0100] "GET /wp-content/plugins/elementor-pro/assets/js/d241154d3774d66da9eb.bundle.min.js HTTP/1.0" 200 5419 "https://halkfinanz.inglory.de/wp-admin/post.php?post=760&action=elementor" "Mozilla/5.0 (Macintosh; Intel Mac OS X 10_15_7) AppleWebKit/537.36 (KHTML, like Gecko) Chrome/145.0.0.0 Safari/537.36"
103.164.254.165 - - [09/Mar/2026:09:16:39 +0100] "POST /mod_pagespeed_beacon?url=https%3A%2F%2Fhalkfinanz.inglory.de%2F%3Felementor_library%3Dfreebie%26elementor-preview%3D760%26ver%3D1773044194 HTTP/1.0" 204 3905 "https://halkfinanz.inglory.de/?elementor_library=freebie&elementor-preview=760&ver=1773044194" "Mozilla/5.0 (Macintosh; Intel Mac OS X 10_15_7) AppleWebKit/537.36 (KHTML, like Gecko) Chrome/145.0.0.0 Safari/537.36"
103.164.254.165 - - [09/Mar/2026:09:16:39 +0100] "GET /wp-includes/css/admin-bar.min.css?ver=6.9.1 HTTP/1.0" 200 8057 "https://halkfinanz.inglory.de/?elementor-preview=16&ver=1773044195" "Mozilla/5.0 (Macintosh; Intel Mac OS X 10_15_7) AppleWebKit/537.36 (KHTML, like Gecko) Chrome/145.0.0.0 Safari/537.36"
103.164.254.165 - - [09/Mar/2026:09:16:39 +0100] "GET /wp-content/plugins/elementor/assets/lib/eicons/css/elementor-icons.min.css?ver=5.47.0 HTTP/1.0" 304 3899 "https://halkfinanz.inglory.de/?elementor-preview=16&ver=1773044195" "Mozilla/5.0 (Macintosh; Intel Mac OS X 10_15_7) AppleWebKit/537.36 (KHTML, like Gecko) Chrome/145.0.0.0 Safari/537.36"
94.130.90.54 - - [09/Mar/2026:09:16:39 +0100] "GET /wp-content/plugins/elementor/assets/css/widget-nested-tabs.min.css?ver=3.35.6 HTTP/1.1" 200 18387 "https://halkfinanz.inglory.de/?elementor-preview=16&ver=1773044195" "Serf/1.3.9 (mod_pagespeed/1.13.35.2-0)"
103.164.254.165 - - [09/Mar/2026:09:16:39 +0100] "GET /wp-content/plugins/elementor/assets/css/widget-nested-tabs.min.css,qver=3.35.6.pagespeed.ce.qwf9mzCk0W.css HTTP/1.0" 200 6052 "https://halkfinanz.inglory.de/?elementor-preview=16&ver=1773044195" "Mozilla/5.0 (Macintosh; Intel Mac OS X 10_15_7) AppleWebKit/537.36 (KHTML, like Gecko) Chrome/145.0.0.0 Safari/537.36"
94.130.90.54 - - [09/Mar/2026:09:16:39 +0100] "GET /wp-content/plugins/elementor/assets/css/widget-star-rating.min.css?ver=3.35.6 HTTP/1.1" 200 8370 "https://halkfinanz.inglory.de/?elementor-preview=16&ver=1773044195" "Serf/1.3.9 (mod_pagespeed/1.13.35.2-0)"
103.164.254.165 - - [09/Mar/2026:09:16:39 +0100] "GET /wp-content/plugins/elementor/assets/css/A.widget-star-rating.min.css,qver=3.35.6.pagespeed.cf.SemimdAL_Z.css HTTP/1.0" 200 4789 "https://halkfinanz.inglory.de/?elementor-preview=16&ver=1773044195" "Mozilla/5.0 (Macintosh; Intel Mac OS X 10_15_7) AppleWebKit/537.36 (KHTML, like Gecko) Chrome/145.0.0.0 Safari/537.36"
103.164.254.165 - - [09/Mar/2026:09:16:39 +0100] "GET /wp-json/elementor/v1/globals HTTP/1.0" 200 11410 "https://halkfinanz.inglory.de/wp-admin/post.php?post=760&action=elementor" "Mozilla/5.0 (Macintosh; Intel Mac OS X 10_15_7) AppleWebKit/537.36 (KHTML, like Gecko) Chrome/145.0.0.0 Safari/537.36"
94.130.90.54 - - [09/Mar/2026:09:16:39 +0100] "GET /wp-content/plugins/elementor/assets/css/widget-image-gallery.min.css?ver=3.35.6 HTTP/1.1" 200 5986 "https://halkfinanz.inglory.de/?elementor-preview=16&ver=1773044195" "Serf/1.3.9 (mod_pagespeed/1.13.35.2-0)"
103.164.254.165 - - [09/Mar/2026:09:16:39 +0100] "GET /wp-content/plugins/elementor/assets/css/widget-image-gallery.min.css,qver=3.35.6.pagespeed.ce.L0Dh9Y-BcR.css HTTP/1.0" 200 4503 "https://halkfinanz.inglory.de/?elementor-preview=16&ver=1773044195" "Mozilla/5.0 (Macintosh; Intel Mac OS X 10_15_7) AppleWebKit/537.36 (KHTML, like Gecko) Chrome/145.0.0.0 Safari/537.36"
94.130.90.54 - - [09/Mar/2026:09:16:39 +0100] "GET /wp-content/plugins/elementor/assets/css/widget-tabs.min.css?ver=3.35.6 HTTP/1.1" 200 7857 "https://halkfinanz.inglory.de/?elementor-preview=16&ver=1773044195" "Serf/1.3.9 (mod_pagespeed/1.13.35.2-0)"
103.164.254.165 - - [09/Mar/2026:09:16:39 +0100] "GET /wp-content/plugins/elementor/assets/css/widget-tabs.min.css,qver=3.35.6.pagespeed.ce.G4aDAWmn6T.css HTTP/1.0" 200 4901 "https://halkfinanz.inglory.de/?elementor-preview=16&ver=1773044195" "Mozilla/5.0 (Macintosh; Intel Mac OS X 10_15_7) AppleWebKit/537.36 (KHTML, like Gecko) Chrome/145.0.0.0 Safari/537.36"
94.130.90.54 - - [09/Mar/2026:09:16:40 +0100] "GET /wp-content/plugins/elementor/assets/css/widget-social-icons.min.css?ver=3.35.6 HTTP/1.1" 200 8678 "https://halkfinanz.inglory.de/?elementor-preview=16&ver=1773044195" "Serf/1.3.9 (mod_pagespeed/1.13.35.2-0)"
103.164.254.165 - - [09/Mar/2026:09:16:40 +0100] "GET /wp-content/plugins/elementor/assets/css/widget-social-icons.min.css,qver=3.35.6.pagespeed.ce.0CaheTjFOA.css HTTP/1.0" 200 5288 "https://halkfinanz.inglory.de/?elementor-preview=16&ver=1773044195" "Mozilla/5.0 (Macintosh; Intel Mac OS X 10_15_7) AppleWebKit/537.36 (KHTML, like Gecko) Chrome/145.0.0.0 Safari/537.36"
94.130.90.54 - - [09/Mar/2026:09:16:40 +0100] "GET /wp-content/plugins/elementor/assets/css/conditionals/apple-webkit.min.css?ver=3.35.6 HTTP/1.1" 200 10281 "https://halkfinanz.inglory.de/?elementor-preview=16&ver=1773044195" "Serf/1.3.9 (mod_pagespeed/1.13.35.2-0)"
103.164.254.165 - - [09/Mar/2026:09:16:40 +0100] "GET /wp-content/plugins/elementor/assets/css/conditionals/apple-webkit.min.css,qver=3.35.6.pagespeed.ce.-UpJxJYbwI.css HTTP/1.0" 200 4692 "https://halkfinanz.inglory.de/?elementor-preview=16&ver=1773044195" "Mozilla/5.0 (Macintosh; Intel Mac OS X 10_15_7) AppleWebKit/537.36 (KHTML, like Gecko) Chrome/145.0.0.0 Safari/537.36"
103.164.254.165 - - [09/Mar/2026:09:16:39 +0100] "POST /wp-admin/admin-ajax.php HTTP/1.0" 200 10655396 "https://halkfinanz.inglory.de/wp-admin/post.php?post=16&action=elementor" "Mozilla/5.0 (Macintosh; Intel Mac OS X 10_15_7) AppleWebKit/537.36 (KHTML, like Gecko) Chrome/145.0.0.0 Safari/537.36"
103.164.254.165 - - [09/Mar/2026:09:16:40 +0100] "GET /wp-content/uploads/freebiemockupv2.png HTTP/1.0" 304 3929 "https://halkfinanz.inglory.de/?elementor_library=freebie&elementor-preview=760&ver=1773044194" "Mozilla/5.0 (Macintosh; Intel Mac OS X 10_15_7) AppleWebKit/537.36 (KHTML, like Gecko) Chrome/145.0.0.0 Safari/537.36"
94.130.90.54 - - [09/Mar/2026:09:16:40 +0100] "GET /wp-content/plugins/elementor/assets/css/widget-link-in-bio-base.min.css?ver=3.35.6 HTTP/1.1" 200 15968 "https://halkfinanz.inglory.de/?elementor-preview=16&ver=1773044195" "Serf/1.3.9 (mod_pagespeed/1.13.35.2-0)"
94.130.90.54 - - [09/Mar/2026:09:16:40 +0100] "GET /wp-content/plugins/elementor/assets/css/widget-contact-buttons-base.min.css?ver=3.35.6 HTTP/1.1" 200 23748 "https://halkfinanz.inglory.de/?elementor-preview=16&ver=1773044195" "Serf/1.3.9 (mod_pagespeed/1.13.35.2-0)"
103.164.254.165 - - [09/Mar/2026:09:16:40 +0100] "GET /wp-content/plugins/elementor/assets/css/A.widget-link-in-bio-base.min.css,qver=3.35.6.pagespeed.cf.BVdDrY5-BQ.css HTTP/1.0" 200 6317 "https://halkfinanz.inglory.de/?elementor-preview=16&ver=1773044195" "Mozilla/5.0 (Macintosh; Intel Mac OS X 10_15_7) AppleWebKit/537.36 (KHTML, like Gecko) Chrome/145.0.0.0 Safari/537.36"
103.164.254.165 - - [09/Mar/2026:09:16:40 +0100] "GET /wp-content/plugins/elementor/assets/css/widget-contact-buttons-base.min.css,qver=3.35.6.pagespeed.ce.eB_egEyyTF.css HTTP/1.0" 200 7002 "https://halkfinanz.inglory.de/?elementor-preview=16&ver=1773044195" "Mozilla/5.0 (Macintosh; Intel Mac OS X 10_15_7) AppleWebKit/537.36 (KHTML, like Gecko) Chrome/145.0.0.0 Safari/537.36"
103.164.254.165 - - [09/Mar/2026:09:16:40 +0100] "GET /wp-json/elementor/v1/user-data/current-user?context=edit HTTP/1.0" 200 5893 "https://halkfinanz.inglory.de/wp-admin/post.php?post=760&action=elementor" "Mozilla/5.0 (Macintosh; Intel Mac OS X 10_15_7) AppleWebKit/537.36 (KHTML, like Gecko) Chrome/145.0.0.0 Safari/537.36"
103.164.254.165 - - [09/Mar/2026:09:16:40 +0100] "GET /wp-content/uploads/freebiemockupv2.png HTTP/1.0" 304 3901 "https://halkfinanz.inglory.de/wp-admin/post.php?post=760&action=elementor" "Mozilla/5.0 (Macintosh; Intel Mac OS X 10_15_7) AppleWebKit/537.36 (KHTML, like Gecko) Chrome/145.0.0.0 Safari/537.36"
94.130.90.54 - - [09/Mar/2026:09:16:40 +0100] "GET /wp-content/plugins/elementor/assets/css/widget-floating-bars-base.min.css?ver=3.35.6 HTTP/1.1" 200 13090 "https://halkfinanz.inglory.de/?elementor-preview=16&ver=1773044195" "Serf/1.3.9 (mod_pagespeed/1.13.35.2-0)"
103.164.254.165 - - [09/Mar/2026:09:16:40 +0100] "GET /wp-content/plugins/elementor/assets/css/widget-floating-bars-base.min.css,qver=3.35.6.pagespeed.ce.PoVj-nGLyv.css HTTP/1.0" 200 5553 "https://halkfinanz.inglory.de/?elementor-preview=16&ver=1773044195" "Mozilla/5.0 (Macintosh; Intel Mac OS X 10_15_7) AppleWebKit/537.36 (KHTML, like Gecko) Chrome/145.0.0.0 Safari/537.36"
94.130.90.54 - - [09/Mar/2026:09:16:40 +0100] "GET /wp-content/plugins/elementor-pro/assets/css/widget-posts.min.css?ver=3.35.1 HTTP/1.1" 200 20549 "https://halkfinanz.inglory.de/?elementor-preview=16&ver=1773044195" "Serf/1.3.9 (mod_pagespeed/1.13.35.2-0)"
103.164.254.165 - - [09/Mar/2026:09:16:40 +0100] "GET /wp-content/plugins/elementor-pro/assets/css/A.widget-posts.min.css,qver=3.35.1.pagespeed.cf.HkrIpzt1uz.css HTTP/1.0" 200 6626 "https://halkfinanz.inglory.de/?elementor-preview=16&ver=1773044195" "Mozilla/5.0 (Macintosh; Intel Mac OS X 10_15_7) AppleWebKit/537.36 (KHTML, like Gecko) Chrome/145.0.0.0 Safari/537.36"
103.164.254.165 - - [09/Mar/2026:09:16:40 +0100] "POST /wp-admin/admin-ajax.php HTTP/1.0" 200 4995 "https://halkfinanz.inglory.de/wp-admin/post.php?post=760&action=elementor" "Mozilla/5.0 (Macintosh; Intel Mac OS X 10_15_7) AppleWebKit/537.36 (KHTML, like Gecko) Chrome/145.0.0.0 Safari/537.36"
94.130.90.54 - - [09/Mar/2026:09:16:40 +0100] "GET /wp-content/plugins/elementor-pro/assets/css/widget-loop-grid.min.css?ver=3.35.1 HTTP/1.1" 200 16788 "https://halkfinanz.inglory.de/?elementor-preview=16&ver=1773044195" "Serf/1.3.9 (mod_pagespeed/1.13.35.2-0)"
94.130.90.54 - - [09/Mar/2026:09:16:40 +0100] "GET /wp-content/plugins/elementor-pro/assets/css/widget-loop-carousel.min.css?ver=3.35.1 HTTP/1.1" 200 11941 "https://halkfinanz.inglory.de/?elementor-preview=16&ver=1773044195" "Serf/1.3.9 (mod_pagespeed/1.13.35.2-0)"
103.164.254.165 - - [09/Mar/2026:09:16:40 +0100] "GET /wp-content/plugins/elementor-pro/assets/css/A.widget-loop-grid.min.css,qver=3.35.1.pagespeed.cf.n6wLXt0Luj.css HTTP/1.0" 200 5384 "https://halkfinanz.inglory.de/?elementor-preview=16&ver=1773044195" "Mozilla/5.0 (Macintosh; Intel Mac OS X 10_15_7) AppleWebKit/537.36 (KHTML, like Gecko) Chrome/145.0.0.0 Safari/537.36"
103.164.254.165 - - [09/Mar/2026:09:16:40 +0100] "GET /wp-content/plugins/elementor-pro/assets/css/A.widget-loop-carousel.min.css,qver=3.35.1.pagespeed.cf.3VEord4N0E.css HTTP/1.0" 200 5477 "https://halkfinanz.inglory.de/?elementor-preview=16&ver=1773044195" "Mozilla/5.0 (Macintosh; Intel Mac OS X 10_15_7) AppleWebKit/537.36 (KHTML, like Gecko) Chrome/145.0.0.0 Safari/537.36"
94.130.90.54 - - [09/Mar/2026:09:16:41 +0100] "GET /wp-content/plugins/elementor-pro/assets/css/widget-off-canvas.min.css?ver=3.35.1 HTTP/1.1" 200 6721 "https://halkfinanz.inglory.de/?elementor-preview=16&ver=1773044195" "Serf/1.3.9 (mod_pagespeed/1.13.35.2-0)"
94.130.90.54 - - [09/Mar/2026:09:16:41 +0100] "GET /wp-content/plugins/elementor-pro/assets/css/widget-gallery.min.css?ver=3.35.1 HTTP/1.1" 200 9514 "https://halkfinanz.inglory.de/?elementor-preview=16&ver=1773044195" "Serf/1.3.9 (mod_pagespeed/1.13.35.2-0)"
103.164.254.165 - - [09/Mar/2026:09:16:41 +0100] "GET /wp-content/plugins/elementor-pro/assets/css/A.widget-off-canvas.min.css,qver=3.35.1.pagespeed.cf.3qLKIMZihz.css HTTP/1.0" 200 4915 "https://halkfinanz.inglory.de/?elementor-preview=16&ver=1773044195" "Mozilla/5.0 (Macintosh; Intel Mac OS X 10_15_7) AppleWebKit/537.36 (KHTML, like Gecko) Chrome/145.0.0.0 Safari/537.36"
103.164.254.165 - - [09/Mar/2026:09:16:41 +0100] "GET /wp-content/plugins/elementor-pro/assets/css/A.widget-gallery.min.css,qver=3.35.1.pagespeed.cf.him7VojZGh.css HTTP/1.0" 200 5219 "https://halkfinanz.inglory.de/?elementor-preview=16&ver=1773044195" "Mozilla/5.0 (Macintosh; Intel Mac OS X 10_15_7) AppleWebKit/537.36 (KHTML, like Gecko) Chrome/145.0.0.0 Safari/537.36"
94.130.90.54 - - [09/Mar/2026:09:16:41 +0100] "GET /wp-content/plugins/elementor/assets/lib/e-gallery/css/e-gallery.min.css?ver=1.2.0 HTTP/1.1" 200 6870 "https://halkfinanz.inglory.de/?elementor-preview=16&ver=1773044195" "Serf/1.3.9 (mod_pagespeed/1.13.35.2-0)"
103.164.254.165 - - [09/Mar/2026:09:16:41 +0100] "GET /wp-content/plugins/elementor/assets/lib/e-gallery/css/A.e-gallery.min.css,qver=1.2.0.pagespeed.cf.ldKtz1DmOW.css HTTP/1.0" 200 4953 "https://halkfinanz.inglory.de/?elementor-preview=16&ver=1773044195" "Mozilla/5.0 (Macintosh; Intel Mac OS X 10_15_7) AppleWebKit/537.36 (KHTML, like Gecko) Chrome/145.0.0.0 Safari/537.36"
94.130.90.54 - - [09/Mar/2026:09:16:41 +0100] "GET /wp-content/plugins/elementor-pro/assets/css/conditionals/transitions.min.css?ver=3.35.1 HTTP/1.1" 200 10824 "https://halkfinanz.inglory.de/?elementor-preview=16&ver=1773044195" "Serf/1.3.9 (mod_pagespeed/1.13.35.2-0)"
103.164.254.165 - - [09/Mar/2026:09:16:41 +0100] "GET /wp-content/plugins/elementor-pro/assets/css/conditionals/transitions.min.css,qver=3.35.1.pagespeed.ce.Uul4L_amMB.css HTTP/1.0" 200 4766 "https://halkfinanz.inglory.de/?elementor-preview=16&ver=1773044195" "Mozilla/5.0 (Macintosh; Intel Mac OS X 10_15_7) AppleWebKit/537.36 (KHTML, like Gecko) Chrome/145.0.0.0 Safari/537.36"
94.130.90.54 - - [09/Mar/2026:09:16:41 +0100] "GET /wp-content/plugins/elementor-pro/assets/css/widget-slides.min.css?ver=3.35.1 HTTP/1.1" 200 5909 "https://halkfinanz.inglory.de/?elementor-preview=16&ver=1773044195" "Serf/1.3.9 (mod_pagespeed/1.13.35.2-0)"
103.164.254.165 - - [09/Mar/2026:09:16:41 +0100] "GET /wp-content/plugins/elementor-pro/assets/css/A.widget-slides.min.css,qver=3.35.1.pagespeed.cf.hT3LRcPHNZ.css HTTP/1.0" 200 4736 "https://halkfinanz.inglory.de/?elementor-preview=16&ver=1773044195" "Mozilla/5.0 (Macintosh; Intel Mac OS X 10_15_7) AppleWebKit/537.36 (KHTML, like Gecko) Chrome/145.0.0.0 Safari/537.36"
94.130.90.54 - - [09/Mar/2026:09:16:41 +0100] "GET /wp-content/plugins/elementor-pro/assets/css/widget-animated-headline.min.css?ver=3.35.1 HTTP/1.1" 200 15431 "https://halkfinanz.inglory.de/?elementor-preview=16&ver=1773044195" "Serf/1.3.9 (mod_pagespeed/1.13.35.2-0)"
103.164.254.165 - - [09/Mar/2026:09:16:41 +0100] "GET /wp-content/plugins/elementor-pro/assets/css/A.widget-animated-headline.min.css,qver=3.35.1.pagespeed.cf.15lrgnXu0C.css HTTP/1.0" 200 5792 "https://halkfinanz.inglory.de/?elementor-preview=16&ver=1773044195" "Mozilla/5.0 (Macintosh; Intel Mac OS X 10_15_7) AppleWebKit/537.36 (KHTML, like Gecko) Chrome/145.0.0.0 Safari/537.36"
94.130.90.54 - - [09/Mar/2026:09:16:42 +0100] "GET /wp-content/plugins/elementor-pro/assets/css/widget-hotspot.min.css?ver=3.35.1 HTTP/1.1" 200 9123 "https://halkfinanz.inglory.de/?elementor-preview=16&ver=1773044195" "Serf/1.3.9 (mod_pagespeed/1.13.35.2-0)"
94.130.90.54 - - [09/Mar/2026:09:16:42 +0100] "GET /wp-content/plugins/elementor-pro/assets/css/widget-price-table.min.css?ver=3.35.1 HTTP/1.1" 200 6515 "https://halkfinanz.inglory.de/?elementor-preview=16&ver=1773044195" "Serf/1.3.9 (mod_pagespeed/1.13.35.2-0)"
103.164.254.165 - - [09/Mar/2026:09:16:42 +0100] "GET /wp-content/plugins/elementor-pro/assets/css/A.widget-hotspot.min.css,qver=3.35.1.pagespeed.cf.R1BU3J-qAk.css HTTP/1.0" 200 5426 "https://halkfinanz.inglory.de/?elementor-preview=16&ver=1773044195" "Mozilla/5.0 (Macintosh; Intel Mac OS X 10_15_7) AppleWebKit/537.36 (KHTML, like Gecko) Chrome/145.0.0.0 Safari/537.36"
103.164.254.165 - - [09/Mar/2026:09:16:42 +0100] "GET /wp-content/plugins/elementor-pro/assets/css/A.widget-price-table.min.css,qver=3.35.1.pagespeed.cf.BBdNMWx7fb.css HTTP/1.0" 200 4888 "https://halkfinanz.inglory.de/?elementor-preview=16&ver=1773044195" "Mozilla/5.0 (Macintosh; Intel Mac OS X 10_15_7) AppleWebKit/537.36 (KHTML, like Gecko) Chrome/145.0.0.0 Safari/537.36"
94.130.90.54 - - [09/Mar/2026:09:16:42 +0100] "GET /wp-content/plugins/elementor-pro/assets/css/widget-flip-box.min.css?ver=3.35.1 HTTP/1.1" 200 13453 "https://halkfinanz.inglory.de/?elementor-preview=16&ver=1773044195" "Serf/1.3.9 (mod_pagespeed/1.13.35.2-0)"
94.130.90.54 - - [09/Mar/2026:09:16:42 +0100] "GET /wp-content/plugins/elementor-pro/assets/css/widget-call-to-action.min.css?ver=3.35.1 HTTP/1.1" 200 14597 "https://halkfinanz.inglory.de/?elementor-preview=16&ver=1773044195" "Serf/1.3.9 (mod_pagespeed/1.13.35.2-0)"
103.164.254.165 - - [09/Mar/2026:09:16:42 +0100] "GET /wp-content/plugins/elementor-pro/assets/css/A.widget-flip-box.min.css,qver=3.35.1.pagespeed.cf.AKdTWqL6Fc.css HTTP/1.0" 200 5487 "https://halkfinanz.inglory.de/?elementor-preview=16&ver=1773044195" "Mozilla/5.0 (Macintosh; Intel Mac OS X 10_15_7) AppleWebKit/537.36 (KHTML, like Gecko) Chrome/145.0.0.0 Safari/537.36"
103.164.254.165 - - [09/Mar/2026:09:16:42 +0100] "GET /wp-content/plugins/elementor-pro/assets/css/A.widget-call-to-action.min.css,qver=3.35.1.pagespeed.cf.5WNXmHk2nz.css HTTP/1.0" 200 5453 "https://halkfinanz.inglory.de/?elementor-preview=16&ver=1773044195" "Mozilla/5.0 (Macintosh; Intel Mac OS X 10_15_7) AppleWebKit/537.36 (KHTML, like Gecko) Chrome/145.0.0.0 Safari/537.36"
103.164.254.165 - - [09/Mar/2026:09:16:42 +0100] "GET /wp-content/plugins/elementor/assets/lib/font-awesome/css/regular.min.css?ver=5.15.3 HTTP/1.0" 304 3898 "https://halkfinanz.inglory.de/wp-admin/post.php?post=760&action=elementor" "Mozilla/5.0 (Macintosh; Intel Mac OS X 10_15_7) AppleWebKit/537.36 (KHTML, like Gecko) Chrome/145.0.0.0 Safari/537.36"
103.164.254.165 - - [09/Mar/2026:09:16:42 +0100] "GET /wp-content/plugins/elementor/assets/lib/font-awesome/css/fontawesome.min.css?ver=5.15.3 HTTP/1.0" 304 3927 "https://halkfinanz.inglory.de/wp-admin/post.php?post=760&action=elementor" "Mozilla/5.0 (Macintosh; Intel Mac OS X 10_15_7) AppleWebKit/537.36 (KHTML, like Gecko) Chrome/145.0.0.0 Safari/537.36"
103.164.254.165 - - [09/Mar/2026:09:16:42 +0100] "GET /wp-content/plugins/elementor/assets/lib/font-awesome/css/solid.min.css?ver=5.15.3 HTTP/1.0" 304 3926 "https://halkfinanz.inglory.de/wp-admin/post.php?post=760&action=elementor" "Mozilla/5.0 (Macintosh; Intel Mac OS X 10_15_7) AppleWebKit/537.36 (KHTML, like Gecko) Chrome/145.0.0.0 Safari/537.36"
103.164.254.165 - - [09/Mar/2026:09:16:42 +0100] "GET /wp-content/plugins/elementor/assets/lib/font-awesome/css/brands.min.css?ver=5.15.3 HTTP/1.0" 304 3926 "https://halkfinanz.inglory.de/wp-admin/post.php?post=760&action=elementor" "Mozilla/5.0 (Macintosh; Intel Mac OS X 10_15_7) AppleWebKit/537.36 (KHTML, like Gecko) Chrome/145.0.0.0 Safari/537.36"
94.130.90.54 - - [09/Mar/2026:09:16:42 +0100] "GET /wp-content/plugins/elementor-pro/assets/css/widget-carousel-module-base.min.css?ver=3.35.1 HTTP/1.1" 200 7414 "https://halkfinanz.inglory.de/?elementor-preview=16&ver=1773044195" "Serf/1.3.9 (mod_pagespeed/1.13.35.2-0)"
94.130.90.54 - - [09/Mar/2026:09:16:42 +0100] "GET /wp-content/plugins/elementor-pro/assets/css/widget-testimonial-carousel.min.css?ver=3.35.1 HTTP/1.1" 200 23290 "https://halkfinanz.inglory.de/?elementor-preview=16&ver=1773044195" "Serf/1.3.9 (mod_pagespeed/1.13.35.2-0)"
103.164.254.165 - - [09/Mar/2026:09:16:42 +0100] "GET /wp-content/plugins/elementor-pro/assets/css/A.widget-carousel-module-base.min.css,qver=3.35.1.pagespeed.cf.-yFxTkHrBz.css HTTP/1.0" 200 4786 "https://halkfinanz.inglory.de/?elementor-preview=16&ver=1773044195" "Mozilla/5.0 (Macintosh; Intel Mac OS X 10_15_7) AppleWebKit/537.36 (KHTML, like Gecko) Chrome/145.0.0.0 Safari/537.36"
103.164.254.165 - - [09/Mar/2026:09:16:42 +0100] "GET /wp-content/plugins/elementor-pro/assets/css/A.widget-testimonial-carousel.min.css,qver=3.35.1.pagespeed.cf.NMyfM5Vc-U.css HTTP/1.0" 200 5612 "https://halkfinanz.inglory.de/?elementor-preview=16&ver=1773044195" "Mozilla/5.0 (Macintosh; Intel Mac OS X 10_15_7) AppleWebKit/537.36 (KHTML, like Gecko) Chrome/145.0.0.0 Safari/537.36"
103.164.254.165 - - [09/Mar/2026:09:16:42 +0100] "GET /wp-content/plugins/elementor/assets/lib/font-awesome/css/fontawesome.min.css?ver=5.15.3 HTTP/1.0" 304 3899 "https://halkfinanz.inglory.de/?elementor_library=freebie&elementor-preview=760&ver=1773044194" "Mozilla/5.0 (Macintosh; Intel Mac OS X 10_15_7) AppleWebKit/537.36 (KHTML, like Gecko) Chrome/145.0.0.0 Safari/537.36"
103.164.254.165 - - [09/Mar/2026:09:16:42 +0100] "GET /wp-content/plugins/elementor/assets/lib/font-awesome/css/solid.min.css?ver=5.15.3 HTTP/1.0" 304 3898 "https://halkfinanz.inglory.de/?elementor_library=freebie&elementor-preview=760&ver=1773044194" "Mozilla/5.0 (Macintosh; Intel Mac OS X 10_15_7) AppleWebKit/537.36 (KHTML, like Gecko) Chrome/145.0.0.0 Safari/537.36"
94.130.90.54 - - [09/Mar/2026:09:16:42 +0100] "GET /wp-content/plugins/elementor-pro/assets/css/widget-reviews.min.css?ver=3.35.1 HTTP/1.1" 200 11452 "https://halkfinanz.inglory.de/?elementor-preview=16&ver=1773044195" "Serf/1.3.9 (mod_pagespeed/1.13.35.2-0)"
94.130.90.54 - - [09/Mar/2026:09:16:42 +0100] "GET /wp-content/plugins/elementor-pro/assets/css/widget-table-of-contents.min.css?ver=3.35.1 HTTP/1.1" 200 7707 "https://halkfinanz.inglory.de/?elementor-preview=16&ver=1773044195" "Serf/1.3.9 (mod_pagespeed/1.13.35.2-0)"
103.164.254.165 - - [09/Mar/2026:09:16:42 +0100] "GET /wp-content/plugins/elementor-pro/assets/css/A.widget-reviews.min.css,qver=3.35.1.pagespeed.cf.0C6nI4ZVOq.css HTTP/1.0" 200 5296 "https://halkfinanz.inglory.de/?elementor-preview=16&ver=1773044195" "Mozilla/5.0 (Macintosh; Intel Mac OS X 10_15_7) AppleWebKit/537.36 (KHTML, like Gecko) Chrome/145.0.0.0 Safari/537.36"
103.164.254.165 - - [09/Mar/2026:09:16:42 +0100] "GET /wp-content/plugins/elementor-pro/assets/css/A.widget-table-of-contents.min.css,qver=3.35.1.pagespeed.cf.3UflJpF_Xy.css HTTP/1.0" 200 5059 "https://halkfinanz.inglory.de/?elementor-preview=16&ver=1773044195" "Mozilla/5.0 (Macintosh; Intel Mac OS X 10_15_7) AppleWebKit/537.36 (KHTML, like Gecko) Chrome/145.0.0.0 Safari/537.36"
94.130.90.54 - - [09/Mar/2026:09:16:43 +0100] "GET /wp-content/plugins/elementor-pro/assets/css/widget-share-buttons.min.css?ver=3.35.1 HTTP/1.1" 200 36319 "https://halkfinanz.inglory.de/?elementor-preview=16&ver=1773044195" "Serf/1.3.9 (mod_pagespeed/1.13.35.2-0)"
94.130.90.54 - - [09/Mar/2026:09:16:43 +0100] "GET /wp-content/plugins/elementor-pro/assets/css/widget-search-form.min.css?ver=3.35.1 HTTP/1.1" 200 8373 "https://halkfinanz.inglory.de/?elementor-preview=16&ver=1773044195" "Serf/1.3.9 (mod_pagespeed/1.13.35.2-0)"
103.164.254.165 - - [09/Mar/2026:09:16:43 +0100] "GET /wp-content/plugins/elementor-pro/assets/css/A.widget-search-form.min.css,qver=3.35.1.pagespeed.cf.tXio9v6aNh.css HTTP/1.0" 200 5178 "https://halkfinanz.inglory.de/?elementor-preview=16&ver=1773044195" "Mozilla/5.0 (Macintosh; Intel Mac OS X 10_15_7) AppleWebKit/537.36 (KHTML, like Gecko) Chrome/145.0.0.0 Safari/537.36"
103.164.254.165 - - [09/Mar/2026:09:16:43 +0100] "GET /wp-content/plugins/elementor-pro/assets/css/A.widget-share-buttons.min.css,qver=3.35.1.pagespeed.cf.tEHmC75ocI.css HTTP/1.0" 200 6450 "https://halkfinanz.inglory.de/?elementor-preview=16&ver=1773044195" "Mozilla/5.0 (Macintosh; Intel Mac OS X 10_15_7) AppleWebKit/537.36 (KHTML, like Gecko) Chrome/145.0.0.0 Safari/537.36"
94.130.90.54 - - [09/Mar/2026:09:16:43 +0100] "GET /wp-content/plugins/elementor-pro/assets/css/widget-author-box.min.css?ver=3.35.1 HTTP/1.1" 200 5813 "https://halkfinanz.inglory.de/?elementor-preview=16&ver=1773044195" "Serf/1.3.9 (mod_pagespeed/1.13.35.2-0)"
103.164.254.165 - - [09/Mar/2026:09:16:43 +0100] "GET /wp-content/plugins/elementor-pro/assets/css/A.widget-author-box.min.css,qver=3.35.1.pagespeed.cf.SWekF9JWwh.css HTTP/1.0" 200 4665 "https://halkfinanz.inglory.de/?elementor-preview=16&ver=1773044195" "Mozilla/5.0 (Macintosh; Intel Mac OS X 10_15_7) AppleWebKit/537.36 (KHTML, like Gecko) Chrome/145.0.0.0 Safari/537.36"
94.130.90.54 - - [09/Mar/2026:09:16:43 +0100] "GET /wp-content/plugins/elementor-pro/assets/css/widget-post-navigation.min.css?ver=3.35.1 HTTP/1.1" 200 6079 "https://halkfinanz.inglory.de/?elementor-preview=16&ver=1773044195" "Serf/1.3.9 (mod_pagespeed/1.13.35.2-0)"
103.164.254.165 - - [09/Mar/2026:09:16:43 +0100] "GET /wp-content/plugins/elementor-pro/assets/css/A.widget-post-navigation.min.css,qver=3.35.1.pagespeed.cf.d6akAIppST.css HTTP/1.0" 200 4691 "https://halkfinanz.inglory.de/?elementor-preview=16&ver=1773044195" "Mozilla/5.0 (Macintosh; Intel Mac OS X 10_15_7) AppleWebKit/537.36 (KHTML, like Gecko) Chrome/145.0.0.0 Safari/537.36"
94.130.90.54 - - [09/Mar/2026:09:16:43 +0100] "GET /wp-content/plugins/elementor-pro/assets/css/widget-blockquote.min.css?ver=3.35.1 HTTP/1.1" 200 8805 "https://halkfinanz.inglory.de/?elementor-preview=16&ver=1773044195" "Serf/1.3.9 (mod_pagespeed/1.13.35.2-0)"
94.130.90.54 - - [09/Mar/2026:09:16:43 +0100] "GET /wp-content/plugins/elementor-pro/assets/css/widget-code-highlight.min.css?ver=3.35.1 HTTP/1.1" 200 22531 "https://halkfinanz.inglory.de/?elementor-preview=16&ver=1773044195" "Serf/1.3.9 (mod_pagespeed/1.13.35.2-0)"
103.164.254.165 - - [09/Mar/2026:09:16:43 +0100] "GET /wp-content/plugins/elementor-pro/assets/css/A.widget-blockquote.min.css,qver=3.35.1.pagespeed.cf.nPcVP78YBS.css HTTP/1.0" 200 5223 "https://halkfinanz.inglory.de/?elementor-preview=16&ver=1773044195" "Mozilla/5.0 (Macintosh; Intel Mac OS X 10_15_7) AppleWebKit/537.36 (KHTML, like Gecko) Chrome/145.0.0.0 Safari/537.36"
103.164.254.165 - - [09/Mar/2026:09:16:43 +0100] "GET /wp-content/plugins/elementor-pro/assets/css/widget-code-highlight.min.css,qver=3.35.1.pagespeed.ce.NtU_ynjSEw.css HTTP/1.0" 200 7347 "https://halkfinanz.inglory.de/?elementor-preview=16&ver=1773044195" "Mozilla/5.0 (Macintosh; Intel Mac OS X 10_15_7) AppleWebKit/537.36 (KHTML, like Gecko) Chrome/145.0.0.0 Safari/537.36"
94.130.90.54 - - [09/Mar/2026:09:16:44 +0100] "GET /wp-content/plugins/elementor-pro/assets/css/widget-video-playlist.min.css?ver=3.35.1 HTTP/1.1" 200 14003 "https://halkfinanz.inglory.de/?elementor-preview=16&ver=1773044195" "Serf/1.3.9 (mod_pagespeed/1.13.35.2-0)"
94.130.90.54 - - [09/Mar/2026:09:16:44 +0100] "GET /wp-content/plugins/elementor-pro/assets/css/widget-progress-tracker.min.css?ver=3.35.1 HTTP/1.1" 200 6364 "https://halkfinanz.inglory.de/?elementor-preview=16&ver=1773044195" "Serf/1.3.9 (mod_pagespeed/1.13.35.2-0)"
103.164.254.165 - - [09/Mar/2026:09:16:44 +0100] "GET /wp-content/plugins/elementor-pro/assets/css/A.widget-video-playlist.min.css,qver=3.35.1.pagespeed.cf.ar7ap7qbJF.css HTTP/1.0" 200 6052 "https://halkfinanz.inglory.de/?elementor-preview=16&ver=1773044195" "Mozilla/5.0 (Macintosh; Intel Mac OS X 10_15_7) AppleWebKit/537.36 (KHTML, like Gecko) Chrome/145.0.0.0 Safari/537.36"
103.164.254.165 - - [09/Mar/2026:09:16:44 +0100] "GET /wp-content/plugins/elementor-pro/assets/css/A.widget-progress-tracker.min.css,qver=3.35.1.pagespeed.cf.zmvlvXNRKY.css HTTP/1.0" 200 4776 "https://halkfinanz.inglory.de/?elementor-preview=16&ver=1773044195" "Mozilla/5.0 (Macintosh; Intel Mac OS X 10_15_7) AppleWebKit/537.36 (KHTML, like Gecko) Chrome/145.0.0.0 Safari/537.36"
94.130.90.54 - - [09/Mar/2026:09:16:44 +0100] "GET /wp-content/plugins/elementor-pro/assets/css/widget-mega-menu.min.css?ver=3.35.1 HTTP/1.1" 200 23385 "https://halkfinanz.inglory.de/?elementor-preview=16&ver=1773044195" "Serf/1.3.9 (mod_pagespeed/1.13.35.2-0)"
94.130.90.54 - - [09/Mar/2026:09:16:44 +0100] "GET /wp-content/plugins/elementor-pro/assets/css/widget-loop-filter.min.css?ver=3.35.1 HTTP/1.1" 200 6558 "https://halkfinanz.inglory.de/?elementor-preview=16&ver=1773044195" "Serf/1.3.9 (mod_pagespeed/1.13.35.2-0)"
103.164.254.165 - - [09/Mar/2026:09:16:44 +0100] "GET /wp-content/plugins/elementor-pro/assets/css/A.widget-mega-menu.min.css,qver=3.35.1.pagespeed.cf.eKDRGXqNnT.css HTTP/1.0" 200 7025 "https://halkfinanz.inglory.de/?elementor-preview=16&ver=1773044195" "Mozilla/5.0 (Macintosh; Intel Mac OS X 10_15_7) AppleWebKit/537.36 (KHTML, like Gecko) Chrome/145.0.0.0 Safari/537.36"
103.164.254.165 - - [09/Mar/2026:09:16:44 +0100] "GET /wp-content/plugins/elementor-pro/assets/css/A.widget-loop-filter.min.css,qver=3.35.1.pagespeed.cf.Hm6yDIwVBx.css HTTP/1.0" 200 4950 "https://halkfinanz.inglory.de/?elementor-preview=16&ver=1773044195" "Mozilla/5.0 (Macintosh; Intel Mac OS X 10_15_7) AppleWebKit/537.36 (KHTML, like Gecko) Chrome/145.0.0.0 Safari/537.36"
94.130.90.54 - - [09/Mar/2026:09:16:44 +0100] "GET /wp-content/plugins/elementor/assets/css/widget-contact-buttons-var-1.min.css?ver=3.35.6 HTTP/1.1" 200 7072 "https://halkfinanz.inglory.de/?elementor-preview=16&ver=1773044195" "Serf/1.3.9 (mod_pagespeed/1.13.35.2-0)"
103.164.254.165 - - [09/Mar/2026:09:16:44 +0100] "GET /wp-content/plugins/elementor/assets/css/widget-contact-buttons-var-1.min.css,qver=3.35.6.pagespeed.ce.DhhZmyQh--.css HTTP/1.0" 200 4717 "https://halkfinanz.inglory.de/?elementor-preview=16&ver=1773044195" "Mozilla/5.0 (Macintosh; Intel Mac OS X 10_15_7) AppleWebKit/537.36 (KHTML, like Gecko) Chrome/145.0.0.0 Safari/537.36"
