80.187.67.145 - - [08/Mar/2026:21:41:49 +0100] "GET /wp-content/plugins/elementor/assets/lib/animations/styles/rotateIn.min.css?ver=3.35.6 HTTP/1.0" 200 4210 "https://halkfinanz.inglory.de/?elementor-preview=16&ver=1773002507" "Mozilla/5.0 (Macintosh; Intel Mac OS X 10_15_7) AppleWebKit/537.36 (KHTML, like Gecko) Chrome/145.0.0.0 Safari/537.36"
80.187.67.145 - - [08/Mar/2026:21:41:49 +0100] "GET /wp-content/plugins/elementor/assets/lib/animations/styles/rotateInDownLeft.min.css?ver=3.35.6 HTTP/1.0" 200 4222 "https://halkfinanz.inglory.de/?elementor-preview=16&ver=1773002507" "Mozilla/5.0 (Macintosh; Intel Mac OS X 10_15_7) AppleWebKit/537.36 (KHTML, like Gecko) Chrome/145.0.0.0 Safari/537.36"
80.187.67.145 - - [08/Mar/2026:21:41:49 +0100] "GET /wp-content/plugins/elementor/assets/lib/animations/styles/rotateInDownRight.min.css?ver=3.35.6 HTTP/1.0" 200 4223 "https://halkfinanz.inglory.de/?elementor-preview=16&ver=1773002507" "Mozilla/5.0 (Macintosh; Intel Mac OS X 10_15_7) AppleWebKit/537.36 (KHTML, like Gecko) Chrome/145.0.0.0 Safari/537.36"
80.187.67.145 - - [08/Mar/2026:21:41:49 +0100] "GET /wp-content/plugins/elementor/assets/lib/animations/styles/rotateInUpRight.min.css?ver=3.35.6 HTTP/1.0" 200 4220 "https://halkfinanz.inglory.de/?elementor-preview=16&ver=1773002507" "Mozilla/5.0 (Macintosh; Intel Mac OS X 10_15_7) AppleWebKit/537.36 (KHTML, like Gecko) Chrome/145.0.0.0 Safari/537.36"
80.187.67.145 - - [08/Mar/2026:21:41:49 +0100] "GET /wp-content/plugins/elementor/assets/lib/animations/styles/flash.min.css?ver=3.35.6 HTTP/1.0" 200 4170 "https://halkfinanz.inglory.de/?elementor-preview=16&ver=1773002507" "Mozilla/5.0 (Macintosh; Intel Mac OS X 10_15_7) AppleWebKit/537.36 (KHTML, like Gecko) Chrome/145.0.0.0 Safari/537.36"
80.187.67.145 - - [08/Mar/2026:21:41:49 +0100] "GET /wp-content/plugins/elementor/assets/lib/animations/styles/rotateInUpLeft.min.css?ver=3.35.6 HTTP/1.0" 200 4219 "https://halkfinanz.inglory.de/?elementor-preview=16&ver=1773002507" "Mozilla/5.0 (Macintosh; Intel Mac OS X 10_15_7) AppleWebKit/537.36 (KHTML, like Gecko) Chrome/145.0.0.0 Safari/537.36"
80.187.67.145 - - [08/Mar/2026:21:41:49 +0100] "GET /wp-content/plugins/elementor/assets/lib/animations/styles/bounce.min.css?ver=3.35.6 HTTP/1.0" 200 4284 "https://halkfinanz.inglory.de/?elementor-preview=16&ver=1773002507" "Mozilla/5.0 (Macintosh; Intel Mac OS X 10_15_7) AppleWebKit/537.36 (KHTML, like Gecko) Chrome/145.0.0.0 Safari/537.36"
94.130.90.54 - - [08/Mar/2026:21:41:49 +0100] "GET /wp-includes/js/mediaelement/mediaelementplayer-legacy.min.css?ver=4.2.17 HTTP/1.1" 200 14825 "https://halkfinanz.inglory.de/?elementor-preview=16&ver=1773002507" "Serf/1.3.9 (mod_pagespeed/1.13.35.2-0)"
80.187.67.145 - - [08/Mar/2026:21:41:49 +0100] "GET /wp-content/plugins/elementor/assets/lib/animations/styles/rubberBand.min.css?ver=3.35.6 HTTP/1.0" 200 4228 "https://halkfinanz.inglory.de/?elementor-preview=16&ver=1773002507" "Mozilla/5.0 (Macintosh; Intel Mac OS X 10_15_7) AppleWebKit/537.36 (KHTML, like Gecko) Chrome/145.0.0.0 Safari/537.36"
80.187.67.145 - - [08/Mar/2026:21:41:49 +0100] "GET /wp-content/plugins/elementor/assets/lib/animations/styles/shake.min.css?ver=3.35.6 HTTP/1.0" 200 4207 "https://halkfinanz.inglory.de/?elementor-preview=16&ver=1773002507" "Mozilla/5.0 (Macintosh; Intel Mac OS X 10_15_7) AppleWebKit/537.36 (KHTML, like Gecko) Chrome/145.0.0.0 Safari/537.36"
80.187.67.145 - - [08/Mar/2026:21:41:49 +0100] "GET /wp-content/plugins/elementor/assets/lib/animations/styles/swing.min.css?ver=3.35.6 HTTP/1.0" 200 4218 "https://halkfinanz.inglory.de/?elementor-preview=16&ver=1773002507" "Mozilla/5.0 (Macintosh; Intel Mac OS X 10_15_7) AppleWebKit/537.36 (KHTML, like Gecko) Chrome/145.0.0.0 Safari/537.36"
94.130.90.54 - - [08/Mar/2026:21:41:49 +0100] "GET /wp-content/plugins/elementor-pro/assets/css/preview.min.css?ver=3.35.1 HTTP/1.1" 200 12684 "https://halkfinanz.inglory.de/?elementor-preview=16&ver=1773002507" "Serf/1.3.9 (mod_pagespeed/1.13.35.2-0)"
80.187.67.145 - - [08/Mar/2026:21:41:49 +0100] "GET /wp-content/plugins/elementor/assets/lib/animations/styles/jello.min.css?ver=3.35.6 HTTP/1.0" 200 4284 "https://halkfinanz.inglory.de/?elementor-preview=16&ver=1773002507" "Mozilla/5.0 (Macintosh; Intel Mac OS X 10_15_7) AppleWebKit/537.36 (KHTML, like Gecko) Chrome/145.0.0.0 Safari/537.36"
80.187.67.145 - - [08/Mar/2026:21:41:49 +0100] "GET /wp-content/plugins/elementor/assets/lib/animations/styles/wobble.min.css?ver=3.35.6 HTTP/1.0" 200 4237 "https://halkfinanz.inglory.de/?elementor-preview=16&ver=1773002507" "Mozilla/5.0 (Macintosh; Intel Mac OS X 10_15_7) AppleWebKit/537.36 (KHTML, like Gecko) Chrome/145.0.0.0 Safari/537.36"
80.187.67.145 - - [08/Mar/2026:21:41:49 +0100] "GET /wp-content/plugins/elementor/assets/lib/animations/styles/tada.min.css?ver=3.35.6 HTTP/1.0" 200 4236 "https://halkfinanz.inglory.de/?elementor-preview=16&ver=1773002507" "Mozilla/5.0 (Macintosh; Intel Mac OS X 10_15_7) AppleWebKit/537.36 (KHTML, like Gecko) Chrome/145.0.0.0 Safari/537.36"
80.187.67.145 - - [08/Mar/2026:21:41:49 +0100] "GET /wp-content/plugins/elementor/assets/lib/animations/styles/lightSpeedIn.min.css?ver=3.35.6 HTTP/1.0" 200 4251 "https://halkfinanz.inglory.de/?elementor-preview=16&ver=1773002507" "Mozilla/5.0 (Macintosh; Intel Mac OS X 10_15_7) AppleWebKit/537.36 (KHTML, like Gecko) Chrome/145.0.0.0 Safari/537.36"
80.187.67.145 - - [08/Mar/2026:21:41:49 +0100] "GET /wp-content/plugins/elementor/assets/lib/animations/styles/rollIn.min.css?ver=3.35.6 HTTP/1.0" 200 4213 "https://halkfinanz.inglory.de/?elementor-preview=16&ver=1773002507" "Mozilla/5.0 (Macintosh; Intel Mac OS X 10_15_7) AppleWebKit/537.36 (KHTML, like Gecko) Chrome/145.0.0.0 Safari/537.36"
80.187.67.145 - - [08/Mar/2026:21:41:49 +0100] "GET /wp-content/plugins/elementor/assets/lib/animations/styles/e-animation-shrink.min.css?ver=3.35.6 HTTP/1.0" 200 4198 "https://halkfinanz.inglory.de/?elementor-preview=16&ver=1773002507" "Mozilla/5.0 (Macintosh; Intel Mac OS X 10_15_7) AppleWebKit/537.36 (KHTML, like Gecko) Chrome/145.0.0.0 Safari/537.36"
94.130.90.54 - - [08/Mar/2026:21:41:49 +0100] "GET /wp-content/plugins/elementor/assets/css/modules/ai/layout-preview.min.css?ver=3.35.6 HTTP/1.1" 200 7702 "https://halkfinanz.inglory.de/?elementor-preview=16&ver=1773002507" "Serf/1.3.9 (mod_pagespeed/1.13.35.2-0)"
80.187.67.145 - - [08/Mar/2026:21:41:49 +0100] "GET /wp-content/plugins/elementor/assets/lib/animations/styles/e-animation-pulse-grow.min.css?ver=3.35.6 HTTP/1.0" 200 4250 "https://halkfinanz.inglory.de/?elementor-preview=16&ver=1773002507" "Mozilla/5.0 (Macintosh; Intel Mac OS X 10_15_7) AppleWebKit/537.36 (KHTML, like Gecko) Chrome/145.0.0.0 Safari/537.36"
80.187.67.145 - - [08/Mar/2026:21:41:49 +0100] "GET /wp-content/plugins/elementor/assets/lib/animations/styles/e-animation-pulse-shrink.min.css?ver=3.35.6 HTTP/1.0" 200 4250 "https://halkfinanz.inglory.de/?elementor-preview=16&ver=1773002507" "Mozilla/5.0 (Macintosh; Intel Mac OS X 10_15_7) AppleWebKit/537.36 (KHTML, like Gecko) Chrome/145.0.0.0 Safari/537.36"
80.187.67.145 - - [08/Mar/2026:21:41:49 +0100] "GET /wp-content/plugins/elementor/assets/lib/animations/styles/e-animation-bounce-in.min.css?ver=3.35.6 HTTP/1.0" 200 4229 "https://halkfinanz.inglory.de/?elementor-preview=16&ver=1773002507" "Mozilla/5.0 (Macintosh; Intel Mac OS X 10_15_7) AppleWebKit/537.36 (KHTML, like Gecko) Chrome/145.0.0.0 Safari/537.36"
80.187.67.145 - - [08/Mar/2026:21:41:49 +0100] "GET /wp-content/plugins/elementor/assets/lib/animations/styles/e-animation-pop.min.css?ver=3.35.6 HTTP/1.0" 200 4235 "https://halkfinanz.inglory.de/?elementor-preview=16&ver=1773002507" "Mozilla/5.0 (Macintosh; Intel Mac OS X 10_15_7) AppleWebKit/537.36 (KHTML, like Gecko) Chrome/145.0.0.0 Safari/537.36"
80.187.67.145 - - [08/Mar/2026:21:41:49 +0100] "GET /wp-content/plugins/elementor/assets/lib/animations/styles/e-animation-push.min.css?ver=3.35.6 HTTP/1.0" 200 4242 "https://halkfinanz.inglory.de/?elementor-preview=16&ver=1773002507" "Mozilla/5.0 (Macintosh; Intel Mac OS X 10_15_7) AppleWebKit/537.36 (KHTML, like Gecko) Chrome/145.0.0.0 Safari/537.36"
94.130.90.54 - - [08/Mar/2026:21:41:49 +0100] "GET /wp-content/plugins/elementor/assets/css/modules/styleguide/editor.min.css?ver=3.35.6 HTTP/1.1" 200 4253 "https://halkfinanz.inglory.de/?elementor-preview=16&ver=1773002507" "Serf/1.3.9 (mod_pagespeed/1.13.35.2-0)"
80.187.67.145 - - [08/Mar/2026:21:41:49 +0100] "GET /wp-content/plugins/elementor/assets/lib/animations/styles/e-animation-rotate.min.css?ver=3.35.6 HTTP/1.0" 200 4197 "https://halkfinanz.inglory.de/?elementor-preview=16&ver=1773002507" "Mozilla/5.0 (Macintosh; Intel Mac OS X 10_15_7) AppleWebKit/537.36 (KHTML, like Gecko) Chrome/145.0.0.0 Safari/537.36"
80.187.67.145 - - [08/Mar/2026:21:41:49 +0100] "GET /wp-content/plugins/elementor/assets/lib/animations/styles/e-animation-bounce-out.min.css?ver=3.35.6 HTTP/1.0" 200 4229 "https://halkfinanz.inglory.de/?elementor-preview=16&ver=1773002507" "Mozilla/5.0 (Macintosh; Intel Mac OS X 10_15_7) AppleWebKit/537.36 (KHTML, like Gecko) Chrome/145.0.0.0 Safari/537.36"
80.187.67.145 - - [08/Mar/2026:21:41:49 +0100] "GET /wp-content/plugins/elementor/assets/lib/animations/styles/e-animation-grow-rotate.min.css?ver=3.35.6 HTTP/1.0" 200 4211 "https://halkfinanz.inglory.de/?elementor-preview=16&ver=1773002507" "Mozilla/5.0 (Macintosh; Intel Mac OS X 10_15_7) AppleWebKit/537.36 (KHTML, like Gecko) Chrome/145.0.0.0 Safari/537.36"
80.187.67.145 - - [08/Mar/2026:21:41:49 +0100] "GET /wp-content/plugins/elementor/assets/lib/animations/styles/e-animation-float.min.css?ver=3.35.6 HTTP/1.0" 200 4219 "https://halkfinanz.inglory.de/?elementor-preview=16&ver=1773002507" "Mozilla/5.0 (Macintosh; Intel Mac OS X 10_15_7) AppleWebKit/537.36 (KHTML, like Gecko) Chrome/145.0.0.0 Safari/537.36"
80.187.67.145 - - [08/Mar/2026:21:41:49 +0100] "GET /wp-content/plugins/elementor/assets/lib/animations/styles/e-animation-sink.min.css?ver=3.35.6 HTTP/1.0" 200 4218 "https://halkfinanz.inglory.de/?elementor-preview=16&ver=1773002507" "Mozilla/5.0 (Macintosh; Intel Mac OS X 10_15_7) AppleWebKit/537.36 (KHTML, like Gecko) Chrome/145.0.0.0 Safari/537.36"
94.130.90.54 - - [08/Mar/2026:21:41:49 +0100] "GET /wp-content/plugins/elementor-pro/assets/css/modules/motion-fx.min.css?ver=3.35.1 HTTP/1.1" 200 4315 "https://halkfinanz.inglory.de/?elementor-preview=16&ver=1773002507" "Serf/1.3.9 (mod_pagespeed/1.13.35.2-0)"
80.187.67.145 - - [08/Mar/2026:21:41:49 +0100] "GET /wp-content/plugins/elementor/assets/lib/animations/styles/e-animation-skew-forward.min.css?ver=3.35.6 HTTP/1.0" 200 4223 "https://halkfinanz.inglory.de/?elementor-preview=16&ver=1773002507" "Mozilla/5.0 (Macintosh; Intel Mac OS X 10_15_7) AppleWebKit/537.36 (KHTML, like Gecko) Chrome/145.0.0.0 Safari/537.36"
80.187.67.145 - - [08/Mar/2026:21:41:49 +0100] "GET /wp-content/plugins/elementor/assets/lib/animations/styles/e-animation-skew.min.css?ver=3.35.6 HTTP/1.0" 200 4199 "https://halkfinanz.inglory.de/?elementor-preview=16&ver=1773002507" "Mozilla/5.0 (Macintosh; Intel Mac OS X 10_15_7) AppleWebKit/537.36 (KHTML, like Gecko) Chrome/145.0.0.0 Safari/537.36"
80.187.67.145 - - [08/Mar/2026:21:41:49 +0100] "GET /wp-content/plugins/elementor/assets/lib/animations/styles/e-animation-wobble-vertical.min.css?ver=3.35.6 HTTP/1.0" 200 4291 "https://halkfinanz.inglory.de/?elementor-preview=16&ver=1773002507" "Mozilla/5.0 (Macintosh; Intel Mac OS X 10_15_7) AppleWebKit/537.36 (KHTML, like Gecko) Chrome/145.0.0.0 Safari/537.36"
80.187.67.145 - - [08/Mar/2026:21:41:49 +0100] "GET /wp-content/plugins/elementor/assets/lib/animations/styles/e-animation-skew-backward.min.css?ver=3.35.6 HTTP/1.0" 200 4223 "https://halkfinanz.inglory.de/?elementor-preview=16&ver=1773002507" "Mozilla/5.0 (Macintosh; Intel Mac OS X 10_15_7) AppleWebKit/537.36 (KHTML, like Gecko) Chrome/145.0.0.0 Safari/537.36"
94.130.90.54 - - [08/Mar/2026:21:41:49 +0100] "GET /wp-content/plugins/elementor-pro/assets/css/conditionals/ribbon.min.css?ver=3.35.1 HTTP/1.1" 200 4250 "https://halkfinanz.inglory.de/?elementor-preview=16&ver=1773002507" "Serf/1.3.9 (mod_pagespeed/1.13.35.2-0)"
80.187.67.145 - - [08/Mar/2026:21:41:49 +0100] "GET /wp-content/plugins/elementor/assets/lib/animations/styles/e-animation-wobble-horizontal.min.css?ver=3.35.6 HTTP/1.0" 200 4294 "https://halkfinanz.inglory.de/?elementor-preview=16&ver=1773002507" "Mozilla/5.0 (Macintosh; Intel Mac OS X 10_15_7) AppleWebKit/537.36 (KHTML, like Gecko) Chrome/145.0.0.0 Safari/537.36"
80.187.67.145 - - [08/Mar/2026:21:41:49 +0100] "GET /wp-content/plugins/elementor/assets/lib/animations/styles/e-animation-hang.min.css?ver=3.35.6 HTTP/1.0" 200 4315 "https://halkfinanz.inglory.de/?elementor-preview=16&ver=1773002507" "Mozilla/5.0 (Macintosh; Intel Mac OS X 10_15_7) AppleWebKit/537.36 (KHTML, like Gecko) Chrome/145.0.0.0 Safari/537.36"
80.187.67.145 - - [08/Mar/2026:21:41:49 +0100] "GET /wp-content/plugins/elementor/assets/lib/animations/styles/e-animation-wobble-to-bottom-right.min.css?ver=3.35.6 HTTP/1.0" 200 4312 "https://halkfinanz.inglory.de/?elementor-preview=16&ver=1773002507" "Mozilla/5.0 (Macintosh; Intel Mac OS X 10_15_7) AppleWebKit/537.36 (KHTML, like Gecko) Chrome/145.0.0.0 Safari/537.36"
80.187.67.145 - - [08/Mar/2026:21:41:49 +0100] "GET /wp-content/plugins/elementor/assets/lib/animations/styles/e-animation-bob.min.css?ver=3.35.6 HTTP/1.0" 200 4317 "https://halkfinanz.inglory.de/?elementor-preview=16&ver=1773002507" "Mozilla/5.0 (Macintosh; Intel Mac OS X 10_15_7) AppleWebKit/537.36 (KHTML, like Gecko) Chrome/145.0.0.0 Safari/537.36"
80.187.67.145 - - [08/Mar/2026:21:41:49 +0100] "GET /wp-content/plugins/elementor/assets/lib/animations/styles/e-animation-wobble-bottom.min.css?ver=3.35.6 HTTP/1.0" 200 4301 "https://halkfinanz.inglory.de/?elementor-preview=16&ver=1773002507" "Mozilla/5.0 (Macintosh; Intel Mac OS X 10_15_7) AppleWebKit/537.36 (KHTML, like Gecko) Chrome/145.0.0.0 Safari/537.36"
80.187.67.145 - - [08/Mar/2026:21:41:49 +0100] "GET /wp-content/plugins/elementor/assets/lib/animations/styles/e-animation-wobble-top.min.css?ver=3.35.6 HTTP/1.0" 200 4299 "https://halkfinanz.inglory.de/?elementor-preview=16&ver=1773002507" "Mozilla/5.0 (Macintosh; Intel Mac OS X 10_15_7) AppleWebKit/537.36 (KHTML, like Gecko) Chrome/145.0.0.0 Safari/537.36"
94.130.90.54 - - [08/Mar/2026:21:41:49 +0100] "GET /wp-content/plugins/elementor/assets/css/conditionals/shapes.min.css?ver=3.35.6 HTTP/1.1" 200 4182 "https://halkfinanz.inglory.de/?elementor-preview=16&ver=1773002507" "Serf/1.3.9 (mod_pagespeed/1.13.35.2-0)"
80.187.67.145 - - [08/Mar/2026:21:41:49 +0100] "GET /wp-content/plugins/elementor/assets/lib/animations/styles/e-animation-wobble-skew.min.css?ver=3.35.6 HTTP/1.0" 200 4284 "https://halkfinanz.inglory.de/?elementor-preview=16&ver=1773002507" "Mozilla/5.0 (Macintosh; Intel Mac OS X 10_15_7) AppleWebKit/537.36 (KHTML, like Gecko) Chrome/145.0.0.0 Safari/537.36"
94.130.90.54 - - [08/Mar/2026:21:41:49 +0100] "GET /wp-content/plugins/elementor/assets/lib/animations/styles/fadeIn.min.css?ver=3.35.6 HTTP/1.1" 200 3612 "https://halkfinanz.inglory.de/?elementor-preview=16&ver=1773002507" "Serf/1.3.9 (mod_pagespeed/1.13.35.2-0)"
80.187.67.145 - - [08/Mar/2026:21:41:49 +0100] "GET /wp-content/plugins/elementor/assets/lib/inline-editor/js/inline-editor.min.js?ver=3.35.6 HTTP/1.0" 200 10477 "https://halkfinanz.inglory.de/?elementor-preview=16&ver=1773002507" "Mozilla/5.0 (Macintosh; Intel Mac OS X 10_15_7) AppleWebKit/537.36 (KHTML, like Gecko) Chrome/145.0.0.0 Safari/537.36"
80.187.67.145 - - [08/Mar/2026:21:41:49 +0100] "GET /wp-content/plugins/elementor/assets/lib/animations/styles/e-animation-buzz.min.css?ver=3.35.6 HTTP/1.0" 200 4261 "https://halkfinanz.inglory.de/?elementor-preview=16&ver=1773002507" "Mozilla/5.0 (Macintosh; Intel Mac OS X 10_15_7) AppleWebKit/537.36 (KHTML, like Gecko) Chrome/145.0.0.0 Safari/537.36"
80.187.67.145 - - [08/Mar/2026:21:41:49 +0100] "GET /wp-content/plugins/elementor/assets/lib/animations/styles/e-animation-buzz-out.min.css?ver=3.35.6 HTTP/1.0" 200 4303 "https://halkfinanz.inglory.de/?elementor-preview=16&ver=1773002507" "Mozilla/5.0 (Macintosh; Intel Mac OS X 10_15_7) AppleWebKit/537.36 (KHTML, like Gecko) Chrome/145.0.0.0 Safari/537.36"
80.187.67.145 - - [08/Mar/2026:21:41:49 +0100] "GET /wp-content/plugins/elementor-pro/assets//lib/instant-page/instant-page.min.js?ver=3.35.1 HTTP/1.0" 200 5386 "https://halkfinanz.inglory.de/?elementor-preview=16&ver=1773002507" "Mozilla/5.0 (Macintosh; Intel Mac OS X 10_15_7) AppleWebKit/537.36 (KHTML, like Gecko) Chrome/145.0.0.0 Safari/537.36"
80.187.67.145 - - [08/Mar/2026:21:41:49 +0100] "GET /wp-content/plugins/elementor/assets/js/styleguide-app-initiator.min.js?ver=3.35.6 HTTP/1.0" 200 8956 "https://halkfinanz.inglory.de/?elementor-preview=16&ver=1773002507" "Mozilla/5.0 (Macintosh; Intel Mac OS X 10_15_7) AppleWebKit/537.36 (KHTML, like Gecko) Chrome/145.0.0.0 Safari/537.36"
80.187.67.145 - - [08/Mar/2026:21:41:49 +0100] "GET /wp-includes/js/dist/hooks.min.js?ver=dd5603f07f9220ed27f1 HTTP/1.0" 304 3899 "https://halkfinanz.inglory.de/?elementor-preview=16&ver=1773002507" "Mozilla/5.0 (Macintosh; Intel Mac OS X 10_15_7) AppleWebKit/537.36 (KHTML, like Gecko) Chrome/145.0.0.0 Safari/537.36"
94.130.90.54 - - [08/Mar/2026:21:41:49 +0100] "GET /wp-content/plugins/elementor/assets/lib/animations/styles/fadeInLeft.min.css?ver=3.35.6 HTTP/1.1" 200 3673 "https://halkfinanz.inglory.de/?elementor-preview=16&ver=1773002507" "Serf/1.3.9 (mod_pagespeed/1.13.35.2-0)"
80.187.67.145 - - [08/Mar/2026:21:41:49 +0100] "GET /wp-includes/js/dist/i18n.min.js?ver=c26c3dc7bed366793375 HTTP/1.0" 304 3899 "https://halkfinanz.inglory.de/?elementor-preview=16&ver=1773002507" "Mozilla/5.0 (Macintosh; Intel Mac OS X 10_15_7) AppleWebKit/537.36 (KHTML, like Gecko) Chrome/145.0.0.0 Safari/537.36"
80.187.67.145 - - [08/Mar/2026:21:41:50 +0100] "GET /wp-content/plugins/elementor/assets/js/webpack.runtime.min.js?ver=3.35.6 HTTP/1.0" 304 3899 "https://halkfinanz.inglory.de/?elementor-preview=16&ver=1773002507" "Mozilla/5.0 (Macintosh; Intel Mac OS X 10_15_7) AppleWebKit/537.36 (KHTML, like Gecko) Chrome/145.0.0.0 Safari/537.36"
80.187.67.145 - - [08/Mar/2026:21:41:50 +0100] "GET /wp-content/plugins/elementor-pro/assets/lib/smartmenus/jquery.smartmenus.min.js?ver=1.2.1 HTTP/1.0" 200 11200 "https://halkfinanz.inglory.de/?elementor-preview=16&ver=1773002507" "Mozilla/5.0 (Macintosh; Intel Mac OS X 10_15_7) AppleWebKit/537.36 (KHTML, like Gecko) Chrome/145.0.0.0 Safari/537.36"
80.187.67.145 - - [08/Mar/2026:21:41:49 +0100] "GET /wp-content/plugins/elementor-pro/assets/lib/lottie/lottie.min.js?ver=5.6.6 HTTP/1.0" 200 67523 "https://halkfinanz.inglory.de/?elementor-preview=16&ver=1773002507" "Mozilla/5.0 (Macintosh; Intel Mac OS X 10_15_7) AppleWebKit/537.36 (KHTML, like Gecko) Chrome/145.0.0.0 Safari/537.36"
80.187.67.145 - - [08/Mar/2026:21:41:50 +0100] "GET /wp-content/plugins/elementor-pro/assets/js/preview.min.js?ver=3.35.1 HTTP/1.0" 200 10617 "https://halkfinanz.inglory.de/?elementor-preview=16&ver=1773002507" "Mozilla/5.0 (Macintosh; Intel Mac OS X 10_15_7) AppleWebKit/537.36 (KHTML, like Gecko) Chrome/145.0.0.0 Safari/537.36"
80.187.67.145 - - [08/Mar/2026:21:41:50 +0100] "GET /wp-content,_plugins,_elementor,_assets,_js,_elementor-admin-bar.min.js,qver==3.35.6+wp-includes,_js,_hoverintent-js.min.js,qver==2.2.1.pagespeed.jc.Xf1-37dNVn.js HTTP/1.0" 200 7065 "https://halkfinanz.inglory.de/?elementor-preview=16&ver=1773002507" "Mozilla/5.0 (Macintosh; Intel Mac OS X 10_15_7) AppleWebKit/537.36 (KHTML, like Gecko) Chrome/145.0.0.0 Safari/537.36"
94.130.90.54 - - [08/Mar/2026:21:41:50 +0100] "GET /wp-content/plugins/elementor/assets/lib/animations/styles/zoomInDown.min.css?ver=3.35.6 HTTP/1.1" 200 3857 "https://halkfinanz.inglory.de/?elementor-preview=16&ver=1773002507" "Serf/1.3.9 (mod_pagespeed/1.13.35.2-0)"
80.187.67.145 - - [08/Mar/2026:21:41:50 +0100] "GET /wp-content/plugins/elementor/assets/lib/jquery-numerator/jquery-numerator.min.js?ver=0.2.1 HTTP/1.0" 200 4949 "https://halkfinanz.inglory.de/?elementor-preview=16&ver=1773002507" "Mozilla/5.0 (Macintosh; Intel Mac OS X 10_15_7) AppleWebKit/537.36 (KHTML, like Gecko) Chrome/145.0.0.0 Safari/537.36"
80.187.67.145 - - [08/Mar/2026:21:41:50 +0100] "GET /wp-content/plugins/elementor/assets/lib/e-gallery/js/e-gallery.min.js?ver=1.2.0 HTTP/1.0" 200 8832 "https://halkfinanz.inglory.de/?elementor-preview=16&ver=1773002507" "Mozilla/5.0 (Macintosh; Intel Mac OS X 10_15_7) AppleWebKit/537.36 (KHTML, like Gecko) Chrome/145.0.0.0 Safari/537.36"
80.187.67.145 - - [08/Mar/2026:21:41:50 +0100] "GET /wp-includes/js/admin-bar.min.js?ver=6.9.1 HTTP/1.0" 304 3898 "https://halkfinanz.inglory.de/?elementor-preview=16&ver=1773002507" "Mozilla/5.0 (Macintosh; Intel Mac OS X 10_15_7) AppleWebKit/537.36 (KHTML, like Gecko) Chrome/145.0.0.0 Safari/537.36"
94.130.90.54 - - [08/Mar/2026:21:41:50 +0100] "GET /wp-content/plugins/elementor/assets/lib/animations/styles/zoomInLeft.min.css?ver=3.35.6 HTTP/1.1" 200 3857 "https://halkfinanz.inglory.de/?elementor-preview=16&ver=1773002507" "Serf/1.3.9 (mod_pagespeed/1.13.35.2-0)"
94.130.90.54 - - [08/Mar/2026:21:41:50 +0100] "GET /wp-content/plugins/elementor/assets/lib/animations/styles/zoomInRight.min.css?ver=3.35.6 HTTP/1.1" 200 3860 "https://halkfinanz.inglory.de/?elementor-preview=16&ver=1773002507" "Serf/1.3.9 (mod_pagespeed/1.13.35.2-0)"
94.130.90.54 - - [08/Mar/2026:21:41:50 +0100] "GET /wp-content/plugins/elementor/assets/lib/animations/styles/zoomInUp.min.css?ver=3.35.6 HTTP/1.1" 200 3851 "https://halkfinanz.inglory.de/?elementor-preview=16&ver=1773002507" "Serf/1.3.9 (mod_pagespeed/1.13.35.2-0)"
94.130.90.54 - - [08/Mar/2026:21:41:50 +0100] "GET /wp-content/plugins/elementor/assets/lib/animations/styles/bounceIn.min.css?ver=3.35.6 HTTP/1.1" 200 3904 "https://halkfinanz.inglory.de/?elementor-preview=16&ver=1773002507" "Serf/1.3.9 (mod_pagespeed/1.13.35.2-0)"
94.130.90.54 - - [08/Mar/2026:21:41:50 +0100] "GET /wp-content/plugins/elementor/assets/lib/animations/styles/bounceInDown.min.css?ver=3.35.6 HTTP/1.1" 200 3867 "https://halkfinanz.inglory.de/?elementor-preview=16&ver=1773002507" "Serf/1.3.9 (mod_pagespeed/1.13.35.2-0)"
94.130.90.54 - - [08/Mar/2026:21:41:50 +0100] "GET /wp-content/plugins/elementor/assets/lib/animations/styles/bounceInLeft.min.css?ver=3.35.6 HTTP/1.1" 200 3867 "https://halkfinanz.inglory.de/?elementor-preview=16&ver=1773002507" "Serf/1.3.9 (mod_pagespeed/1.13.35.2-0)"
94.130.90.54 - - [08/Mar/2026:21:41:50 +0100] "GET /wp-content/plugins/elementor/assets/lib/animations/styles/bounceInRight.min.css?ver=3.35.6 HTTP/1.1" 200 3872 "https://halkfinanz.inglory.de/?elementor-preview=16&ver=1773002507" "Serf/1.3.9 (mod_pagespeed/1.13.35.2-0)"
94.130.90.54 - - [08/Mar/2026:21:41:50 +0100] "GET /wp-content/plugins/elementor/assets/lib/animations/styles/bounceInUp.min.css?ver=3.35.6 HTTP/1.1" 200 3877 "https://halkfinanz.inglory.de/?elementor-preview=16&ver=1773002507" "Serf/1.3.9 (mod_pagespeed/1.13.35.2-0)"
94.130.90.54 - - [08/Mar/2026:21:41:50 +0100] "GET /wp-content/plugins/elementor/assets/lib/animations/styles/slideInDown.min.css?ver=3.35.6 HTTP/1.1" 200 3689 "https://halkfinanz.inglory.de/?elementor-preview=16&ver=1773002507" "Serf/1.3.9 (mod_pagespeed/1.13.35.2-0)"
94.130.90.54 - - [08/Mar/2026:21:41:50 +0100] "GET /wp-content/plugins/elementor/assets/lib/animations/styles/slideInLeft.min.css?ver=3.35.6 HTTP/1.1" 200 3689 "https://halkfinanz.inglory.de/?elementor-preview=16&ver=1773002507" "Serf/1.3.9 (mod_pagespeed/1.13.35.2-0)"
94.130.90.54 - - [08/Mar/2026:21:41:50 +0100] "GET /wp-content/plugins/elementor/assets/lib/animations/styles/slideInRight.min.css?ver=3.35.6 HTTP/1.1" 200 3691 "https://halkfinanz.inglory.de/?elementor-preview=16&ver=1773002507" "Serf/1.3.9 (mod_pagespeed/1.13.35.2-0)"
94.130.90.54 - - [08/Mar/2026:21:41:50 +0100] "GET /wp-content/plugins/elementor/assets/lib/animations/styles/slideInUp.min.css?ver=3.35.6 HTTP/1.1" 200 3682 "https://halkfinanz.inglory.de/?elementor-preview=16&ver=1773002507" "Serf/1.3.9 (mod_pagespeed/1.13.35.2-0)"
94.130.90.54 - - [08/Mar/2026:21:41:50 +0100] "GET /wp-content/plugins/elementor/assets/lib/animations/styles/rotateIn.min.css?ver=3.35.6 HTTP/1.1" 200 3716 "https://halkfinanz.inglory.de/?elementor-preview=16&ver=1773002507" "Serf/1.3.9 (mod_pagespeed/1.13.35.2-0)"
94.130.90.54 - - [08/Mar/2026:21:41:50 +0100] "GET /wp-content/plugins/elementor/assets/lib/animations/styles/rotateInDownLeft.min.css?ver=3.35.6 HTTP/1.1" 200 3749 "https://halkfinanz.inglory.de/?elementor-preview=16&ver=1773002507" "Serf/1.3.9 (mod_pagespeed/1.13.35.2-0)"
94.130.90.54 - - [08/Mar/2026:21:41:50 +0100] "GET /wp-content/plugins/elementor/assets/lib/animations/styles/rotateInDownRight.min.css?ver=3.35.6 HTTP/1.1" 200 3753 "https://halkfinanz.inglory.de/?elementor-preview=16&ver=1773002507" "Serf/1.3.9 (mod_pagespeed/1.13.35.2-0)"
94.130.90.54 - - [08/Mar/2026:21:41:50 +0100] "GET /wp-content/plugins/elementor/assets/lib/animations/styles/rotateInUpRight.min.css?ver=3.35.6 HTTP/1.1" 200 3748 "https://halkfinanz.inglory.de/?elementor-preview=16&ver=1773002507" "Serf/1.3.9 (mod_pagespeed/1.13.35.2-0)"
94.130.90.54 - - [08/Mar/2026:21:41:50 +0100] "GET /wp-content/plugins/elementor/assets/lib/animations/styles/rotateInUpLeft.min.css?ver=3.35.6 HTTP/1.1" 200 3742 "https://halkfinanz.inglory.de/?elementor-preview=16&ver=1773002507" "Serf/1.3.9 (mod_pagespeed/1.13.35.2-0)"
94.130.90.54 - - [08/Mar/2026:21:41:50 +0100] "GET /wp-content/plugins/elementor/assets/lib/animations/styles/bounce.min.css?ver=3.35.6 HTTP/1.1" 200 3963 "https://halkfinanz.inglory.de/?elementor-preview=16&ver=1773002507" "Serf/1.3.9 (mod_pagespeed/1.13.35.2-0)"
94.130.90.54 - - [08/Mar/2026:21:41:50 +0100] "GET /wp-content/plugins/elementor/assets/lib/animations/styles/flash.min.css?ver=3.35.6 HTTP/1.1" 200 3621 "https://halkfinanz.inglory.de/?elementor-preview=16&ver=1773002507" "Serf/1.3.9 (mod_pagespeed/1.13.35.2-0)"
94.130.90.54 - - [08/Mar/2026:21:41:50 +0100] "GET /wp-content/plugins/elementor/assets/lib/animations/styles/e-animation-pulse.min.css?ver=3.35.6 HTTP/1.1" 200 3855 "https://halkfinanz.inglory.de/?elementor-preview=16&ver=1773002507" "Serf/1.3.9 (mod_pagespeed/1.13.35.2-0)"
94.130.90.54 - - [08/Mar/2026:21:41:50 +0100] "GET /wp-content/plugins/elementor/assets/lib/animations/styles/rubberBand.min.css?ver=3.35.6 HTTP/1.1" 200 3801 "https://halkfinanz.inglory.de/?elementor-preview=16&ver=1773002507" "Serf/1.3.9 (mod_pagespeed/1.13.35.2-0)"
94.130.90.54 - - [08/Mar/2026:21:41:50 +0100] "GET /wp-content/plugins/elementor/assets/lib/animations/styles/shake.min.css?ver=3.35.6 HTTP/1.1" 200 3720 "https://halkfinanz.inglory.de/?elementor-preview=16&ver=1773002507" "Serf/1.3.9 (mod_pagespeed/1.13.35.2-0)"
94.130.90.54 - - [08/Mar/2026:21:41:50 +0100] "GET /wp-content/plugins/elementor/assets/lib/animations/styles/headShake.min.css?ver=3.35.6 HTTP/1.1" 200 3875 "https://halkfinanz.inglory.de/?elementor-preview=16&ver=1773002507" "Serf/1.3.9 (mod_pagespeed/1.13.35.2-0)"
94.130.90.54 - - [08/Mar/2026:21:41:50 +0100] "GET /wp-content/plugins/elementor/assets/lib/animations/styles/swing.min.css?ver=3.35.6 HTTP/1.1" 200 3788 "https://halkfinanz.inglory.de/?elementor-preview=16&ver=1773002507" "Serf/1.3.9 (mod_pagespeed/1.13.35.2-0)"
94.130.90.54 - - [08/Mar/2026:21:41:50 +0100] "GET /wp-content/plugins/elementor/assets/lib/animations/styles/tada.min.css?ver=3.35.6 HTTP/1.1" 200 3804 "https://halkfinanz.inglory.de/?elementor-preview=16&ver=1773002507" "Serf/1.3.9 (mod_pagespeed/1.13.35.2-0)"
94.130.90.54 - - [08/Mar/2026:21:41:50 +0100] "GET /wp-content/plugins/elementor/assets/lib/animations/styles/wobble.min.css?ver=3.35.6 HTTP/1.1" 200 3894 "https://halkfinanz.inglory.de/?elementor-preview=16&ver=1773002507" "Serf/1.3.9 (mod_pagespeed/1.13.35.2-0)"
94.130.90.54 - - [08/Mar/2026:21:41:50 +0100] "GET /wp-content/plugins/elementor/assets/lib/animations/styles/jello.min.css?ver=3.35.6 HTTP/1.1" 200 3990 "https://halkfinanz.inglory.de/?elementor-preview=16&ver=1773002507" "Serf/1.3.9 (mod_pagespeed/1.13.35.2-0)"
94.130.90.54 - - [08/Mar/2026:21:41:50 +0100] "GET /wp-content/plugins/elementor/assets/lib/animations/styles/lightSpeedIn.min.css?ver=3.35.6 HTTP/1.1" 200 3802 "https://halkfinanz.inglory.de/?elementor-preview=16&ver=1773002507" "Serf/1.3.9 (mod_pagespeed/1.13.35.2-0)"
94.130.90.54 - - [08/Mar/2026:21:41:50 +0100] "GET /wp-content/plugins/elementor/assets/lib/animations/styles/rollIn.min.css?ver=3.35.6 HTTP/1.1" 200 3685 "https://halkfinanz.inglory.de/?elementor-preview=16&ver=1773002507" "Serf/1.3.9 (mod_pagespeed/1.13.35.2-0)"
94.130.90.54 - - [08/Mar/2026:21:41:50 +0100] "GET /wp-content/plugins/elementor/assets/lib/animations/styles/e-animation-grow.min.css?ver=3.35.6 HTTP/1.1" 200 3734 "https://halkfinanz.inglory.de/?elementor-preview=16&ver=1773002507" "Serf/1.3.9 (mod_pagespeed/1.13.35.2-0)"
94.130.90.54 - - [08/Mar/2026:21:41:50 +0100] "GET /wp-content/plugins/elementor/assets/lib/animations/styles/e-animation-shrink.min.css?ver=3.35.6 HTTP/1.1" 200 3741 "https://halkfinanz.inglory.de/?elementor-preview=16&ver=1773002507" "Serf/1.3.9 (mod_pagespeed/1.13.35.2-0)"
94.130.90.54 - - [08/Mar/2026:21:41:50 +0100] "GET /wp-content/plugins/elementor/assets/lib/animations/styles/e-animation-pulse-grow.min.css?ver=3.35.6 HTTP/1.1" 200 3886 "https://halkfinanz.inglory.de/?elementor-preview=16&ver=1773002507" "Serf/1.3.9 (mod_pagespeed/1.13.35.2-0)"
94.130.90.54 - - [08/Mar/2026:21:41:50 +0100] "GET /wp-content/plugins/elementor/assets/lib/animations/styles/e-animation-pulse-shrink.min.css?ver=3.35.6 HTTP/1.1" 200 3895 "https://halkfinanz.inglory.de/?elementor-preview=16&ver=1773002507" "Serf/1.3.9 (mod_pagespeed/1.13.35.2-0)"
94.130.90.54 - - [08/Mar/2026:21:41:50 +0100] "GET /wp-content/plugins/elementor/assets/lib/animations/styles/e-animation-push.min.css?ver=3.35.6 HTTP/1.1" 200 3843 "https://halkfinanz.inglory.de/?elementor-preview=16&ver=1773002507" "Serf/1.3.9 (mod_pagespeed/1.13.35.2-0)"
94.130.90.54 - - [08/Mar/2026:21:41:50 +0100] "GET /wp-content/plugins/elementor/assets/lib/animations/styles/e-animation-pop.min.css?ver=3.35.6 HTTP/1.1" 200 3815 "https://halkfinanz.inglory.de/?elementor-preview=16&ver=1773002507" "Serf/1.3.9 (mod_pagespeed/1.13.35.2-0)"
94.130.90.54 - - [08/Mar/2026:21:41:50 +0100] "GET /wp-content/plugins/elementor/assets/lib/animations/styles/e-animation-bounce-in.min.css?ver=3.35.6 HTTP/1.1" 200 3786 "https://halkfinanz.inglory.de/?elementor-preview=16&ver=1773002507" "Serf/1.3.9 (mod_pagespeed/1.13.35.2-0)"
94.130.90.54 - - [08/Mar/2026:21:41:50 +0100] "GET /wp-content/plugins/elementor/assets/lib/animations/styles/e-animation-bounce-out.min.css?ver=3.35.6 HTTP/1.1" 200 3789 "https://halkfinanz.inglory.de/?elementor-preview=16&ver=1773002507" "Serf/1.3.9 (mod_pagespeed/1.13.35.2-0)"
94.130.90.54 - - [08/Mar/2026:21:41:50 +0100] "GET /wp-content/plugins/elementor/assets/lib/animations/styles/e-animation-rotate.min.css?ver=3.35.6 HTTP/1.1" 200 3744 "https://halkfinanz.inglory.de/?elementor-preview=16&ver=1773002507" "Serf/1.3.9 (mod_pagespeed/1.13.35.2-0)"
94.130.90.54 - - [08/Mar/2026:21:41:50 +0100] "GET /wp-content/plugins/elementor/assets/lib/animations/styles/e-animation-grow-rotate.min.css?ver=3.35.6 HTTP/1.1" 200 3775 "https://halkfinanz.inglory.de/?elementor-preview=16&ver=1773002507" "Serf/1.3.9 (mod_pagespeed/1.13.35.2-0)"
94.130.90.54 - - [08/Mar/2026:21:41:50 +0100] "GET /wp-content/plugins/elementor/assets/lib/animations/styles/e-animation-float.min.css?ver=3.35.6 HTTP/1.1" 200 3780 "https://halkfinanz.inglory.de/?elementor-preview=16&ver=1773002507" "Serf/1.3.9 (mod_pagespeed/1.13.35.2-0)"
94.130.90.54 - - [08/Mar/2026:21:41:50 +0100] "GET /wp-content/plugins/elementor/assets/lib/animations/styles/e-animation-sink.min.css?ver=3.35.6 HTTP/1.1" 200 3775 "https://halkfinanz.inglory.de/?elementor-preview=16&ver=1773002507" "Serf/1.3.9 (mod_pagespeed/1.13.35.2-0)"
94.130.90.54 - - [08/Mar/2026:21:41:50 +0100] "GET /wp-content/plugins/elementor/assets/lib/animations/styles/e-animation-bob.min.css?ver=3.35.6 HTTP/1.1" 200 4104 "https://halkfinanz.inglory.de/?elementor-preview=16&ver=1773002507" "Serf/1.3.9 (mod_pagespeed/1.13.35.2-0)"
94.130.90.54 - - [08/Mar/2026:21:41:50 +0100] "GET /wp-content/plugins/elementor/assets/lib/animations/styles/e-animation-hang.min.css?ver=3.35.6 HTTP/1.1" 200 4105 "https://halkfinanz.inglory.de/?elementor-preview=16&ver=1773002507" "Serf/1.3.9 (mod_pagespeed/1.13.35.2-0)"
94.130.90.54 - - [08/Mar/2026:21:41:50 +0100] "GET /wp-content/plugins/elementor/assets/lib/animations/styles/e-animation-skew.min.css?ver=3.35.6 HTTP/1.1" 200 3736 "https://halkfinanz.inglory.de/?elementor-preview=16&ver=1773002507" "Serf/1.3.9 (mod_pagespeed/1.13.35.2-0)"
94.130.90.54 - - [08/Mar/2026:21:41:50 +0100] "GET /wp-content/plugins/elementor/assets/lib/animations/styles/e-animation-skew-forward.min.css?ver=3.35.6 HTTP/1.1" 200 3793 "https://halkfinanz.inglory.de/?elementor-preview=16&ver=1773002507" "Serf/1.3.9 (mod_pagespeed/1.13.35.2-0)"
94.130.90.54 - - [08/Mar/2026:21:41:50 +0100] "GET /wp-content/plugins/elementor/assets/lib/animations/styles/e-animation-skew-backward.min.css?ver=3.35.6 HTTP/1.1" 200 3796 "https://halkfinanz.inglory.de/?elementor-preview=16&ver=1773002507" "Serf/1.3.9 (mod_pagespeed/1.13.35.2-0)"
94.130.90.54 - - [08/Mar/2026:21:41:50 +0100] "GET /wp-content/plugins/elementor/assets/lib/animations/styles/e-animation-wobble-vertical.min.css?ver=3.35.6 HTTP/1.1" 200 4048 "https://halkfinanz.inglory.de/?elementor-preview=16&ver=1773002507" "Serf/1.3.9 (mod_pagespeed/1.13.35.2-0)"
94.130.90.54 - - [08/Mar/2026:21:41:50 +0100] "GET /wp-content/plugins/elementor/assets/lib/animations/styles/e-animation-wobble-horizontal.min.css?ver=3.35.6 HTTP/1.1" 200 4058 "https://halkfinanz.inglory.de/?elementor-preview=16&ver=1773002507" "Serf/1.3.9 (mod_pagespeed/1.13.35.2-0)"
94.130.90.54 - - [08/Mar/2026:21:41:50 +0100] "GET /wp-content/plugins/elementor/assets/lib/animations/styles/e-animation-wobble-to-bottom-right.min.css?ver=3.35.6 HTTP/1.1" 200 4101 "https://halkfinanz.inglory.de/?elementor-preview=16&ver=1773002507" "Serf/1.3.9 (mod_pagespeed/1.13.35.2-0)"
94.130.90.54 - - [08/Mar/2026:21:41:50 +0100] "GET /wp-content/plugins/elementor/assets/lib/animations/styles/e-animation-wobble-to-top-right.min.css?ver=3.35.6 HTTP/1.1" 200 4087 "https://halkfinanz.inglory.de/?elementor-preview=16&ver=1773002507" "Serf/1.3.9 (mod_pagespeed/1.13.35.2-0)"
94.130.90.54 - - [08/Mar/2026:21:41:50 +0100] "GET /wp-content/plugins/elementor/assets/lib/animations/styles/e-animation-wobble-top.min.css?ver=3.35.6 HTTP/1.1" 200 4051 "https://halkfinanz.inglory.de/?elementor-preview=16&ver=1773002507" "Serf/1.3.9 (mod_pagespeed/1.13.35.2-0)"
94.130.90.54 - - [08/Mar/2026:21:41:50 +0100] "GET /wp-content/plugins/elementor/assets/lib/animations/styles/e-animation-wobble-bottom.min.css?ver=3.35.6 HTTP/1.1" 200 4069 "https://halkfinanz.inglory.de/?elementor-preview=16&ver=1773002507" "Serf/1.3.9 (mod_pagespeed/1.13.35.2-0)"
94.130.90.54 - - [08/Mar/2026:21:41:50 +0100] "GET /wp-content/plugins/elementor/assets/lib/animations/styles/e-animation-wobble-skew.min.css?ver=3.35.6 HTTP/1.1" 200 4000 "https://halkfinanz.inglory.de/?elementor-preview=16&ver=1773002507" "Serf/1.3.9 (mod_pagespeed/1.13.35.2-0)"
94.130.90.54 - - [08/Mar/2026:21:41:50 +0100] "GET /wp-content/plugins/elementor/assets/lib/animations/styles/e-animation-buzz.min.css?ver=3.35.6 HTTP/1.1" 200 3892 "https://halkfinanz.inglory.de/?elementor-preview=16&ver=1773002507" "Serf/1.3.9 (mod_pagespeed/1.13.35.2-0)"
94.130.90.54 - - [08/Mar/2026:21:41:50 +0100] "GET /wp-content/plugins/elementor/assets/lib/animations/styles/e-animation-buzz-out.min.css?ver=3.35.6 HTTP/1.1" 200 4250 "https://halkfinanz.inglory.de/?elementor-preview=16&ver=1773002507" "Serf/1.3.9 (mod_pagespeed/1.13.35.2-0)"
94.130.90.54 - - [08/Mar/2026:21:41:50 +0100] "GET /wp-content/plugins/elementor/assets/images/blur.png HTTP/1.1" 200 15144 "https://halkfinanz.inglory.de/?elementor-preview=16&ver=1773002507" "Serf/1.3.9 (mod_pagespeed/1.13.35.2-0)"
94.130.90.54 - - [08/Mar/2026:21:41:50 +0100] "GET /wp-content/plugins/elementor/assets/images/contrast.png HTTP/1.1" 200 4734 "https://halkfinanz.inglory.de/?elementor-preview=16&ver=1773002507" "Serf/1.3.9 (mod_pagespeed/1.13.35.2-0)"
94.130.90.54 - - [08/Mar/2026:21:41:50 +0100] "GET /wp-content/plugins/elementor/assets/images/eyedropper.svg HTTP/1.1" 200 5323 "https://halkfinanz.inglory.de/?elementor-preview=16&ver=1773002507" "Serf/1.3.9 (mod_pagespeed/1.13.35.2-0)"
94.130.90.54 - - [08/Mar/2026:21:41:50 +0100] "GET /wp-includes/js/mediaelement/mejs-controls.svg HTTP/1.1" 200 8148 "https://halkfinanz.inglory.de/?elementor-preview=16&ver=1773002507" "Serf/1.3.9 (mod_pagespeed/1.13.35.2-0)"
80.187.67.145 - - [08/Mar/2026:21:41:49 +0100] "POST /wp-admin/admin-ajax.php HTTP/1.0" 200 10655390 "https://halkfinanz.inglory.de/wp-admin/post.php?post=16&action=elementor" "Mozilla/5.0 (Macintosh; Intel Mac OS X 10_15_7) AppleWebKit/537.36 (KHTML, like Gecko) Chrome/145.0.0.0 Safari/537.36"
80.187.67.145 - - [08/Mar/2026:21:41:50 +0100] "GET /wp-content/plugins/elementor-pro/assets/js/frontend.min.js,qver=3.35.1.pagespeed.ce.ijLVWCNKry.js HTTP/1.0" 200 10639 "https://halkfinanz.inglory.de/?elementor-preview=16&ver=1773002507" "Mozilla/5.0 (Macintosh; Intel Mac OS X 10_15_7) AppleWebKit/537.36 (KHTML, like Gecko) Chrome/145.0.0.0 Safari/537.36"
80.187.67.145 - - [08/Mar/2026:21:41:50 +0100] "GET /wp-content/plugins/elementor-pro/assets/js/elements-handlers.min.js,qver=3.35.1.pagespeed.ce.zJU0qV6gkD.js HTTP/1.0" 200 14787 "https://halkfinanz.inglory.de/?elementor-preview=16&ver=1773002507" "Mozilla/5.0 (Macintosh; Intel Mac OS X 10_15_7) AppleWebKit/537.36 (KHTML, like Gecko) Chrome/145.0.0.0 Safari/537.36"
80.187.67.145 - - [08/Mar/2026:21:41:50 +0100] "GET /wp-content/plugins/elementor-pro/assets/js/d241154d3774d66da9eb.bundle.min.js HTTP/1.0" 200 5419 "https://halkfinanz.inglory.de/wp-admin/post.php?post=16&action=elementor" "Mozilla/5.0 (Macintosh; Intel Mac OS X 10_15_7) AppleWebKit/537.36 (KHTML, like Gecko) Chrome/145.0.0.0 Safari/537.36"
80.187.67.145 - - [08/Mar/2026:21:41:50 +0100] "POST /mod_pagespeed_beacon?url=https%3A%2F%2Fhalkfinanz.inglory.de%2F%3Felementor-preview%3D16%26ver%3D1773002507 HTTP/1.0" 204 3905 "https://halkfinanz.inglory.de/?elementor-preview=16&ver=1773002507" "Mozilla/5.0 (Macintosh; Intel Mac OS X 10_15_7) AppleWebKit/537.36 (KHTML, like Gecko) Chrome/145.0.0.0 Safari/537.36"
80.187.67.145 - - [08/Mar/2026:21:41:50 +0100] "GET /favicon.ico HTTP/1.0" 302 4307 "https://halkfinanz.inglory.de/wp-admin/post.php?post=16&action=elementor" "Mozilla/5.0 (Macintosh; Intel Mac OS X 10_15_7) AppleWebKit/537.36 (KHTML, like Gecko) Chrome/145.0.0.0 Safari/537.36"
80.187.67.145 - - [08/Mar/2026:21:41:50 +0100] "GET /wp-json/elementor/v1/globals HTTP/1.0" 200 11410 "https://halkfinanz.inglory.de/wp-admin/post.php?post=16&action=elementor" "Mozilla/5.0 (Macintosh; Intel Mac OS X 10_15_7) AppleWebKit/537.36 (KHTML, like Gecko) Chrome/145.0.0.0 Safari/537.36"
80.187.67.145 - - [08/Mar/2026:21:41:51 +0100] "GET /wp-content/uploads/cropped-favicon-32x32.png HTTP/1.0" 304 3898 "https://halkfinanz.inglory.de/wp-admin/post.php?post=16&action=elementor" "Mozilla/5.0 (Macintosh; Intel Mac OS X 10_15_7) AppleWebKit/537.36 (KHTML, like Gecko) Chrome/145.0.0.0 Safari/537.36"
80.187.67.145 - - [08/Mar/2026:21:41:52 +0100] "GET /wp-content/uploads/icon.svg HTTP/1.0" 304 3926 "https://halkfinanz.inglory.de/wp-admin/post.php?post=16&action=elementor" "Mozilla/5.0 (Macintosh; Intel Mac OS X 10_15_7) AppleWebKit/537.36 (KHTML, like Gecko) Chrome/145.0.0.0 Safari/537.36"
80.187.67.145 - - [08/Mar/2026:21:41:52 +0100] "GET /wp-content/uploads/arrow.svg HTTP/1.0" 304 3926 "https://halkfinanz.inglory.de/wp-admin/post.php?post=16&action=elementor" "Mozilla/5.0 (Macintosh; Intel Mac OS X 10_15_7) AppleWebKit/537.36 (KHTML, like Gecko) Chrome/145.0.0.0 Safari/537.36"
80.187.67.145 - - [08/Mar/2026:21:41:52 +0100] "GET /wp-content/uploads/icon-2.svg HTTP/1.0" 304 3926 "https://halkfinanz.inglory.de/wp-admin/post.php?post=16&action=elementor" "Mozilla/5.0 (Macintosh; Intel Mac OS X 10_15_7) AppleWebKit/537.36 (KHTML, like Gecko) Chrome/145.0.0.0 Safari/537.36"
80.187.67.145 - - [08/Mar/2026:21:41:52 +0100] "GET /wp-content/uploads/icon-1-2.svg HTTP/1.0" 304 3926 "https://halkfinanz.inglory.de/wp-admin/post.php?post=16&action=elementor" "Mozilla/5.0 (Macintosh; Intel Mac OS X 10_15_7) AppleWebKit/537.36 (KHTML, like Gecko) Chrome/145.0.0.0 Safari/537.36"
80.187.67.145 - - [08/Mar/2026:21:41:52 +0100] "GET /wp-content/uploads/icon-2-1.svg HTTP/1.0" 304 3926 "https://halkfinanz.inglory.de/wp-admin/post.php?post=16&action=elementor" "Mozilla/5.0 (Macintosh; Intel Mac OS X 10_15_7) AppleWebKit/537.36 (KHTML, like Gecko) Chrome/145.0.0.0 Safari/537.36"
80.187.67.145 - - [08/Mar/2026:21:41:52 +0100] "GET /wp-content/uploads/icon-3.svg HTTP/1.0" 304 3926 "https://halkfinanz.inglory.de/wp-admin/post.php?post=16&action=elementor" "Mozilla/5.0 (Macintosh; Intel Mac OS X 10_15_7) AppleWebKit/537.36 (KHTML, like Gecko) Chrome/145.0.0.0 Safari/537.36"
80.187.67.145 - - [08/Mar/2026:21:41:52 +0100] "GET /wp-content/uploads/icon-4.svg HTTP/1.0" 304 3926 "https://halkfinanz.inglory.de/wp-admin/post.php?post=16&action=elementor" "Mozilla/5.0 (Macintosh; Intel Mac OS X 10_15_7) AppleWebKit/537.36 (KHTML, like Gecko) Chrome/145.0.0.0 Safari/537.36"
80.187.67.145 - - [08/Mar/2026:21:41:52 +0100] "GET /wp-content/uploads/icon-5.svg HTTP/1.0" 304 3926 "https://halkfinanz.inglory.de/wp-admin/post.php?post=16&action=elementor" "Mozilla/5.0 (Macintosh; Intel Mac OS X 10_15_7) AppleWebKit/537.36 (KHTML, like Gecko) Chrome/145.0.0.0 Safari/537.36"
80.187.67.145 - - [08/Mar/2026:21:41:52 +0100] "GET /wp-content/uploads/icon-6.svg HTTP/1.0" 304 3926 "https://halkfinanz.inglory.de/wp-admin/post.php?post=16&action=elementor" "Mozilla/5.0 (Macintosh; Intel Mac OS X 10_15_7) AppleWebKit/537.36 (KHTML, like Gecko) Chrome/145.0.0.0 Safari/537.36"
80.187.67.145 - - [08/Mar/2026:21:41:52 +0100] "GET /wp-content/uploads/icon-7.svg HTTP/1.0" 304 3926 "https://halkfinanz.inglory.de/wp-admin/post.php?post=16&action=elementor" "Mozilla/5.0 (Macintosh; Intel Mac OS X 10_15_7) AppleWebKit/537.36 (KHTML, like Gecko) Chrome/145.0.0.0 Safari/537.36"
80.187.67.145 - - [08/Mar/2026:21:41:52 +0100] "GET /wp-content/uploads/icon-8.svg HTTP/1.0" 304 3926 "https://halkfinanz.inglory.de/wp-admin/post.php?post=16&action=elementor" "Mozilla/5.0 (Macintosh; Intel Mac OS X 10_15_7) AppleWebKit/537.36 (KHTML, like Gecko) Chrome/145.0.0.0 Safari/537.36"
80.187.67.145 - - [08/Mar/2026:21:41:52 +0100] "GET /wp-content/uploads/arrow-1.svg HTTP/1.0" 304 3925 "https://halkfinanz.inglory.de/wp-admin/post.php?post=16&action=elementor" "Mozilla/5.0 (Macintosh; Intel Mac OS X 10_15_7) AppleWebKit/537.36 (KHTML, like Gecko) Chrome/145.0.0.0 Safari/537.36"
80.187.67.145 - - [08/Mar/2026:21:41:52 +0100] "GET /wp-content/uploads/arrow-1-1.svg HTTP/1.0" 304 3925 "https://halkfinanz.inglory.de/wp-admin/post.php?post=16&action=elementor" "Mozilla/5.0 (Macintosh; Intel Mac OS X 10_15_7) AppleWebKit/537.36 (KHTML, like Gecko) Chrome/145.0.0.0 Safari/537.36"
80.187.67.145 - - [08/Mar/2026:21:41:53 +0100] "GET /wp-content/uploads/icon-11.svg HTTP/1.0" 304 3926 "https://halkfinanz.inglory.de/wp-admin/post.php?post=16&action=elementor" "Mozilla/5.0 (Macintosh; Intel Mac OS X 10_15_7) AppleWebKit/537.36 (KHTML, like Gecko) Chrome/145.0.0.0 Safari/537.36"
80.187.67.145 - - [08/Mar/2026:21:41:53 +0100] "GET /wp-content/uploads/icon-9.svg HTTP/1.0" 304 3926 "https://halkfinanz.inglory.de/wp-admin/post.php?post=16&action=elementor" "Mozilla/5.0 (Macintosh; Intel Mac OS X 10_15_7) AppleWebKit/537.36 (KHTML, like Gecko) Chrome/145.0.0.0 Safari/537.36"
80.187.67.145 - - [08/Mar/2026:21:41:53 +0100] "GET /wp-content/uploads/icon-10.svg HTTP/1.0" 304 3926 "https://halkfinanz.inglory.de/wp-admin/post.php?post=16&action=elementor" "Mozilla/5.0 (Macintosh; Intel Mac OS X 10_15_7) AppleWebKit/537.36 (KHTML, like Gecko) Chrome/145.0.0.0 Safari/537.36"
80.187.67.145 - - [08/Mar/2026:21:41:53 +0100] "GET /wp-content/uploads/video-3-1.jpg HTTP/1.0" 200 32523 "https://halkfinanz.inglory.de/?elementor-preview=16&ver=1773002507" "Mozilla/5.0 (Macintosh; Intel Mac OS X 10_15_7) AppleWebKit/537.36 (KHTML, like Gecko) Chrome/145.0.0.0 Safari/537.36"
80.187.67.145 - - [08/Mar/2026:21:41:53 +0100] "GET /wp-content/uploads/img-3-1-scaled.jpg HTTP/1.0" 200 401126 "https://halkfinanz.inglory.de/?elementor-preview=16&ver=1773002507" "Mozilla/5.0 (Macintosh; Intel Mac OS X 10_15_7) AppleWebKit/537.36 (KHTML, like Gecko) Chrome/145.0.0.0 Safari/537.36"
80.187.67.145 - - [08/Mar/2026:21:41:53 +0100] "GET /wp-content/plugins/elementor/assets/images/logo-panel.svg HTTP/1.0" 200 10160 "https://halkfinanz.inglory.de/wp-admin/post.php?post=16&action=elementor" "Mozilla/5.0 (Macintosh; Intel Mac OS X 10_15_7) AppleWebKit/537.36 (KHTML, like Gecko) Chrome/145.0.0.0 Safari/537.36"
80.187.67.145 - - [08/Mar/2026:21:41:54 +0100] "GET /wp-content/plugins/elementor/assets/js/shared-editor-handlers.cacdcbed391abf4b48b0.bundle.min.js HTTP/1.0" 200 4665 "https://halkfinanz.inglory.de/?elementor-preview=16&ver=1773002507" "Mozilla/5.0 (Macintosh; Intel Mac OS X 10_15_7) AppleWebKit/537.36 (KHTML, like Gecko) Chrome/145.0.0.0 Safari/537.36"
80.187.67.145 - - [08/Mar/2026:21:41:54 +0100] "GET /wp-content/plugins/elementor/assets/js/container-editor-handlers.a2e8e48d28c5544fb183.bundle.min.js HTTP/1.0" 200 7033 "https://halkfinanz.inglory.de/?elementor-preview=16&ver=1773002507" "Mozilla/5.0 (Macintosh; Intel Mac OS X 10_15_7) AppleWebKit/537.36 (KHTML, like Gecko) Chrome/145.0.0.0 Safari/537.36"
80.187.67.145 - - [08/Mar/2026:21:41:53 +0100] "GET /wp-json/elementor/v1/user-data/current-user?context=edit HTTP/1.0" 200 5893 "https://halkfinanz.inglory.de/wp-admin/post.php?post=16&action=elementor" "Mozilla/5.0 (Macintosh; Intel Mac OS X 10_15_7) AppleWebKit/537.36 (KHTML, like Gecko) Chrome/145.0.0.0 Safari/537.36"
80.187.67.145 - - [08/Mar/2026:21:41:54 +0100] "GET /wp-content/uploads/users-1-1.png HTTP/1.0" 304 3927 "https://halkfinanz.inglory.de/?elementor-preview=16&ver=1773002507" "Mozilla/5.0 (Macintosh; Intel Mac OS X 10_15_7) AppleWebKit/537.36 (KHTML, like Gecko) Chrome/145.0.0.0 Safari/537.36"
80.187.67.145 - - [08/Mar/2026:21:41:54 +0100] "GET /wp-content/uploads/logo-1.png HTTP/1.0" 304 3899 "https://halkfinanz.inglory.de/?elementor-preview=16&ver=1773002507" "Mozilla/5.0 (Macintosh; Intel Mac OS X 10_15_7) AppleWebKit/537.36 (KHTML, like Gecko) Chrome/145.0.0.0 Safari/537.36"
80.187.67.145 - - [08/Mar/2026:21:41:54 +0100] "GET /wp-content/uploads/logo.png HTTP/1.0" 304 3927 "https://halkfinanz.inglory.de/?elementor-preview=16&ver=1773002507" "Mozilla/5.0 (Macintosh; Intel Mac OS X 10_15_7) AppleWebKit/537.36 (KHTML, like Gecko) Chrome/145.0.0.0 Safari/537.36"
80.187.67.145 - - [08/Mar/2026:21:41:54 +0100] "GET /wp-content/uploads/logo-2.png HTTP/1.0" 304 3899 "https://halkfinanz.inglory.de/?elementor-preview=16&ver=1773002507" "Mozilla/5.0 (Macintosh; Intel Mac OS X 10_15_7) AppleWebKit/537.36 (KHTML, like Gecko) Chrome/145.0.0.0 Safari/537.36"
80.187.67.145 - - [08/Mar/2026:21:41:54 +0100] "GET /wp-content/uploads/logo-3.png HTTP/1.0" 304 3899 "https://halkfinanz.inglory.de/?elementor-preview=16&ver=1773002507" "Mozilla/5.0 (Macintosh; Intel Mac OS X 10_15_7) AppleWebKit/537.36 (KHTML, like Gecko) Chrome/145.0.0.0 Safari/537.36"
80.187.67.145 - - [08/Mar/2026:21:41:54 +0100] "GET /wp-content/uploads/logo-5.png HTTP/1.0" 304 3899 "https://halkfinanz.inglory.de/?elementor-preview=16&ver=1773002507" "Mozilla/5.0 (Macintosh; Intel Mac OS X 10_15_7) AppleWebKit/537.36 (KHTML, like Gecko) Chrome/145.0.0.0 Safari/537.36"
80.187.67.145 - - [08/Mar/2026:21:41:54 +0100] "GET /wp-content/uploads/logo-4.png HTTP/1.0" 304 3899 "https://halkfinanz.inglory.de/?elementor-preview=16&ver=1773002507" "Mozilla/5.0 (Macintosh; Intel Mac OS X 10_15_7) AppleWebKit/537.36 (KHTML, like Gecko) Chrome/145.0.0.0 Safari/537.36"
80.187.67.145 - - [08/Mar/2026:21:41:54 +0100] "GET /wp-content/uploads/img-1.png HTTP/1.0" 200 93481 "https://halkfinanz.inglory.de/?elementor-preview=16&ver=1773002507" "Mozilla/5.0 (Macintosh; Intel Mac OS X 10_15_7) AppleWebKit/537.36 (KHTML, like Gecko) Chrome/145.0.0.0 Safari/537.36"
80.187.67.145 - - [08/Mar/2026:21:41:54 +0100] "GET /wp-content/uploads/img-2-1.png HTTP/1.0" 200 68025 "https://halkfinanz.inglory.de/?elementor-preview=16&ver=1773002507" "Mozilla/5.0 (Macintosh; Intel Mac OS X 10_15_7) AppleWebKit/537.36 (KHTML, like Gecko) Chrome/145.0.0.0 Safari/537.36"
80.187.67.145 - - [08/Mar/2026:21:41:54 +0100] "POST /wp-admin/admin-ajax.php HTTP/1.0" 200 11358 "https://halkfinanz.inglory.de/wp-admin/post.php?post=16&action=elementor" "Mozilla/5.0 (Macintosh; Intel Mac OS X 10_15_7) AppleWebKit/537.36 (KHTML, like Gecko) Chrome/145.0.0.0 Safari/537.36"
80.187.67.145 - - [08/Mar/2026:21:41:55 +0100] "GET /wp-content/uploads/quote.png HTTP/1.0" 304 3898 "https://halkfinanz.inglory.de/?elementor-preview=16&ver=1773002507" "Mozilla/5.0 (Macintosh; Intel Mac OS X 10_15_7) AppleWebKit/537.36 (KHTML, like Gecko) Chrome/145.0.0.0 Safari/537.36"
80.187.67.145 - - [08/Mar/2026:21:41:56 +0100] "GET /wp-content/uploads/freebiemockupv3.png HTTP/1.0" 200 1196884 "https://halkfinanz.inglory.de/?elementor-preview=16&ver=1773002507" "Mozilla/5.0 (Macintosh; Intel Mac OS X 10_15_7) AppleWebKit/537.36 (KHTML, like Gecko) Chrome/145.0.0.0 Safari/537.36"
