80.187.67.145 - - [08/Mar/2026:22:44:28 +0100] "GET /wp-content/plugins/elementor-pro/assets/css/widget-lottie.min.css?ver=3.35.1 HTTP/1.0" 200 4322 "https://halkfinanz.inglory.de/?elementor_library=footer&elementor-preview=20&ver=1773006267" "Mozilla/5.0 (Macintosh; Intel Mac OS X 10_15_7) AppleWebKit/537.36 (KHTML, like Gecko) Chrome/145.0.0.0 Safari/537.36"
94.130.90.54 - - [08/Mar/2026:22:44:28 +0100] "GET /wp-content/plugins/elementor-pro/assets/css/widget-table-of-contents.min.css?ver=3.35.1 HTTP/1.1" 304 3412 "https://halkfinanz.inglory.de/?elementor_library=footer&elementor-preview=20&ver=1773006267" "Serf/1.3.9 (mod_pagespeed/1.13.35.2-0)"
80.187.67.145 - - [08/Mar/2026:22:44:28 +0100] "GET /wp-content/plugins/elementor-pro/assets/css/widget-progress-tracker.min.css?ver=3.35.1 HTTP/1.0" 200 4747 "https://halkfinanz.inglory.de/?elementor_library=footer&elementor-preview=20&ver=1773006267" "Mozilla/5.0 (Macintosh; Intel Mac OS X 10_15_7) AppleWebKit/537.36 (KHTML, like Gecko) Chrome/145.0.0.0 Safari/537.36"
80.187.67.145 - - [08/Mar/2026:22:44:28 +0100] "GET /wp-content/plugins/elementor-pro/assets/css/widget-mega-menu.min.css?ver=3.35.1 HTTP/1.0" 200 6986 "https://halkfinanz.inglory.de/?elementor_library=footer&elementor-preview=20&ver=1773006267" "Mozilla/5.0 (Macintosh; Intel Mac OS X 10_15_7) AppleWebKit/537.36 (KHTML, like Gecko) Chrome/145.0.0.0 Safari/537.36"
80.187.67.145 - - [08/Mar/2026:22:44:28 +0100] "GET /wp-content/plugins/elementor-pro/assets/css/widget-search.min.css?ver=3.35.1 HTTP/1.0" 200 6229 "https://halkfinanz.inglory.de/?elementor_library=footer&elementor-preview=20&ver=1773006267" "Mozilla/5.0 (Macintosh; Intel Mac OS X 10_15_7) AppleWebKit/537.36 (KHTML, like Gecko) Chrome/145.0.0.0 Safari/537.36"
80.187.67.145 - - [08/Mar/2026:22:44:28 +0100] "GET /wp-content/plugins/elementor-pro/assets/css/conditionals/ribbon.min.css?ver=3.35.1 HTTP/1.0" 200 4397 "https://halkfinanz.inglory.de/?elementor_library=footer&elementor-preview=20&ver=1773006267" "Mozilla/5.0 (Macintosh; Intel Mac OS X 10_15_7) AppleWebKit/537.36 (KHTML, like Gecko) Chrome/145.0.0.0 Safari/537.36"
80.187.67.145 - - [08/Mar/2026:22:44:28 +0100] "GET /wp-content/plugins/elementor-pro/assets/css/widget-loop-filter.min.css?ver=3.35.1 HTTP/1.0" 200 4912 "https://halkfinanz.inglory.de/?elementor_library=footer&elementor-preview=20&ver=1773006267" "Mozilla/5.0 (Macintosh; Intel Mac OS X 10_15_7) AppleWebKit/537.36 (KHTML, like Gecko) Chrome/145.0.0.0 Safari/537.36"
94.130.90.54 - - [08/Mar/2026:22:44:28 +0100] "GET /wp-content/plugins/elementor-pro/assets/css/widget-countdown.min.css?ver=3.35.1 HTTP/1.1" 304 3411 "https://halkfinanz.inglory.de/?elementor_library=footer&elementor-preview=20&ver=1773006267" "Serf/1.3.9 (mod_pagespeed/1.13.35.2-0)"
80.187.67.145 - - [08/Mar/2026:22:44:28 +0100] "GET /wp-content/uploads/xfreebiemockupv2.png.pagespeed.ic._R8TIrXTuy.webp HTTP/1.0" 304 3871 "https://halkfinanz.inglory.de/?elementor_library=footer&elementor-preview=20&ver=1773006267" "Mozilla/5.0 (Macintosh; Intel Mac OS X 10_15_7) AppleWebKit/537.36 (KHTML, like Gecko) Chrome/145.0.0.0 Safari/537.36"
80.187.67.145 - - [08/Mar/2026:22:44:28 +0100] "GET /wp-content/plugins/elementor-pro/assets/css/modules/motion-fx.min.css?ver=3.35.1 HTTP/1.0" 200 4391 "https://halkfinanz.inglory.de/?elementor_library=footer&elementor-preview=20&ver=1773006267" "Mozilla/5.0 (Macintosh; Intel Mac OS X 10_15_7) AppleWebKit/537.36 (KHTML, like Gecko) Chrome/145.0.0.0 Safari/537.36"
80.187.67.145 - - [08/Mar/2026:22:44:28 +0100] "GET /wp-content/plugins/elementor-pro/assets/js/page-transitions.min.js?ver=3.35.1 HTTP/1.0" 304 3927 "https://halkfinanz.inglory.de/?elementor_library=footer&elementor-preview=20&ver=1773006267" "Mozilla/5.0 (Macintosh; Intel Mac OS X 10_15_7) AppleWebKit/537.36 (KHTML, like Gecko) Chrome/145.0.0.0 Safari/537.36"
94.130.90.54 - - [08/Mar/2026:22:44:28 +0100] "GET /wp-content/plugins/elementor-pro/assets/css/widget-share-buttons.min.css?ver=3.35.1 HTTP/1.1" 304 3412 "https://halkfinanz.inglory.de/?elementor_library=footer&elementor-preview=20&ver=1773006267" "Serf/1.3.9 (mod_pagespeed/1.13.35.2-0)"
94.130.90.54 - - [08/Mar/2026:22:44:28 +0100] "GET /wp-content/plugins/elementor-pro/assets/css/widget-search-form.min.css?ver=3.35.1 HTTP/1.1" 304 3412 "https://halkfinanz.inglory.de/?elementor_library=footer&elementor-preview=20&ver=1773006267" "Serf/1.3.9 (mod_pagespeed/1.13.35.2-0)"
94.130.90.54 - - [08/Mar/2026:22:44:28 +0100] "GET /wp-content/plugins/elementor-pro/assets/css/widget-author-box.min.css?ver=3.35.1 HTTP/1.1" 304 3411 "https://halkfinanz.inglory.de/?elementor_library=footer&elementor-preview=20&ver=1773006267" "Serf/1.3.9 (mod_pagespeed/1.13.35.2-0)"
94.130.90.54 - - [08/Mar/2026:22:44:28 +0100] "GET /wp-content/plugins/elementor-pro/assets/css/widget-post-navigation.min.css?ver=3.35.1 HTTP/1.1" 304 3411 "https://halkfinanz.inglory.de/?elementor_library=footer&elementor-preview=20&ver=1773006267" "Serf/1.3.9 (mod_pagespeed/1.13.35.2-0)"
94.130.90.54 - - [08/Mar/2026:22:44:28 +0100] "GET /wp-content/plugins/elementor-pro/assets/css/widget-post-info.min.css?ver=3.35.1 HTTP/1.1" 304 3411 "https://halkfinanz.inglory.de/?elementor_library=footer&elementor-preview=20&ver=1773006267" "Serf/1.3.9 (mod_pagespeed/1.13.35.2-0)"
94.130.90.54 - - [08/Mar/2026:22:44:28 +0100] "GET /wp-content/plugins/elementor-pro/assets/css/widget-sitemap.min.css?ver=3.35.1 HTTP/1.1" 304 3410 "https://halkfinanz.inglory.de/?elementor_library=footer&elementor-preview=20&ver=1773006267" "Serf/1.3.9 (mod_pagespeed/1.13.35.2-0)"
94.130.90.54 - - [08/Mar/2026:22:44:28 +0100] "GET /wp-content/plugins/elementor-pro/assets/css/widget-blockquote.min.css?ver=3.35.1 HTTP/1.1" 304 3412 "https://halkfinanz.inglory.de/?elementor_library=footer&elementor-preview=20&ver=1773006267" "Serf/1.3.9 (mod_pagespeed/1.13.35.2-0)"
80.187.67.145 - - [08/Mar/2026:22:44:28 +0100] "GET /wp-includes/js/dist/hooks.min.js?ver=dd5603f07f9220ed27f1 HTTP/1.0" 304 3927 "https://halkfinanz.inglory.de/?elementor_library=footer&elementor-preview=20&ver=1773006267" "Mozilla/5.0 (Macintosh; Intel Mac OS X 10_15_7) AppleWebKit/537.36 (KHTML, like Gecko) Chrome/145.0.0.0 Safari/537.36"
94.130.90.54 - - [08/Mar/2026:22:44:28 +0100] "GET /wp-content/plugins/elementor-pro/assets/css/widget-social.min.css?ver=3.35.1 HTTP/1.1" 304 3411 "https://halkfinanz.inglory.de/?elementor_library=footer&elementor-preview=20&ver=1773006267" "Serf/1.3.9 (mod_pagespeed/1.13.35.2-0)"
94.130.90.54 - - [08/Mar/2026:22:44:28 +0100] "GET /wp-content/plugins/elementor-pro/assets/css/widget-lottie.min.css?ver=3.35.1 HTTP/1.1" 304 3411 "https://halkfinanz.inglory.de/?elementor_library=footer&elementor-preview=20&ver=1773006267" "Serf/1.3.9 (mod_pagespeed/1.13.35.2-0)"
94.130.90.54 - - [08/Mar/2026:22:44:28 +0100] "GET /wp-content/plugins/elementor-pro/assets/css/widget-code-highlight.min.css?ver=3.35.1 HTTP/1.1" 304 3412 "https://halkfinanz.inglory.de/?elementor_library=footer&elementor-preview=20&ver=1773006267" "Serf/1.3.9 (mod_pagespeed/1.13.35.2-0)"
94.130.90.54 - - [08/Mar/2026:22:44:28 +0100] "GET /wp-content/plugins/elementor-pro/assets/css/widget-video-playlist.min.css?ver=3.35.1 HTTP/1.1" 304 3412 "https://halkfinanz.inglory.de/?elementor_library=footer&elementor-preview=20&ver=1773006267" "Serf/1.3.9 (mod_pagespeed/1.13.35.2-0)"
94.130.90.54 - - [08/Mar/2026:22:44:28 +0100] "GET /wp-content/plugins/elementor-pro/assets/css/widget-progress-tracker.min.css?ver=3.35.1 HTTP/1.1" 304 3411 "https://halkfinanz.inglory.de/?elementor_library=footer&elementor-preview=20&ver=1773006267" "Serf/1.3.9 (mod_pagespeed/1.13.35.2-0)"
94.130.90.54 - - [08/Mar/2026:22:44:28 +0100] "GET /wp-content/plugins/elementor-pro/assets/css/widget-mega-menu.min.css?ver=3.35.1 HTTP/1.1" 304 3412 "https://halkfinanz.inglory.de/?elementor_library=footer&elementor-preview=20&ver=1773006267" "Serf/1.3.9 (mod_pagespeed/1.13.35.2-0)"
94.130.90.54 - - [08/Mar/2026:22:44:28 +0100] "GET /wp-content/plugins/elementor-pro/assets/css/widget-loop-filter.min.css?ver=3.35.1 HTTP/1.1" 304 3411 "https://halkfinanz.inglory.de/?elementor_library=footer&elementor-preview=20&ver=1773006267" "Serf/1.3.9 (mod_pagespeed/1.13.35.2-0)"
94.130.90.54 - - [08/Mar/2026:22:44:28 +0100] "GET /wp-content/plugins/elementor/assets/css/widget-link-in-bio-var-2.min.css?ver=3.35.6 HTTP/1.1" 304 3411 "https://halkfinanz.inglory.de/?elementor_library=footer&elementor-preview=20&ver=1773006267" "Serf/1.3.9 (mod_pagespeed/1.13.35.2-0)"
94.130.90.54 - - [08/Mar/2026:22:44:28 +0100] "GET /wp-content/plugins/elementor/assets/css/widget-link-in-bio-var-3.min.css?ver=3.35.6 HTTP/1.1" 304 3411 "https://halkfinanz.inglory.de/?elementor_library=footer&elementor-preview=20&ver=1773006267" "Serf/1.3.9 (mod_pagespeed/1.13.35.2-0)"
94.130.90.54 - - [08/Mar/2026:22:44:28 +0100] "GET /wp-content/plugins/elementor/assets/css/widget-link-in-bio-var-4.min.css?ver=3.35.6 HTTP/1.1" 304 3411 "https://halkfinanz.inglory.de/?elementor_library=footer&elementor-preview=20&ver=1773006267" "Serf/1.3.9 (mod_pagespeed/1.13.35.2-0)"
94.130.90.54 - - [08/Mar/2026:22:44:28 +0100] "GET /wp-content/plugins/elementor/assets/css/widget-link-in-bio-var-5.min.css?ver=3.35.6 HTTP/1.1" 304 3411 "https://halkfinanz.inglory.de/?elementor_library=footer&elementor-preview=20&ver=1773006267" "Serf/1.3.9 (mod_pagespeed/1.13.35.2-0)"
94.130.90.54 - - [08/Mar/2026:22:44:28 +0100] "GET /wp-content/plugins/elementor/assets/css/widget-link-in-bio-var-7.min.css?ver=3.35.6 HTTP/1.1" 304 3411 "https://halkfinanz.inglory.de/?elementor_library=footer&elementor-preview=20&ver=1773006267" "Serf/1.3.9 (mod_pagespeed/1.13.35.2-0)"
94.130.90.54 - - [08/Mar/2026:22:44:28 +0100] "GET /wp-content/plugins/elementor/assets/css/widget-contact-buttons-var-1.min.css?ver=3.35.6 HTTP/1.1" 304 3411 "https://halkfinanz.inglory.de/?elementor_library=footer&elementor-preview=20&ver=1773006267" "Serf/1.3.9 (mod_pagespeed/1.13.35.2-0)"
94.130.90.54 - - [08/Mar/2026:22:44:28 +0100] "GET /wp-content/plugins/elementor/assets/css/widget-contact-buttons-var-3.min.css?ver=3.35.6 HTTP/1.1" 304 3412 "https://halkfinanz.inglory.de/?elementor_library=footer&elementor-preview=20&ver=1773006267" "Serf/1.3.9 (mod_pagespeed/1.13.35.2-0)"
94.130.90.54 - - [08/Mar/2026:22:44:28 +0100] "GET /wp-content/plugins/elementor/assets/css/widget-contact-buttons-var-4.min.css?ver=3.35.6 HTTP/1.1" 304 3412 "https://halkfinanz.inglory.de/?elementor_library=footer&elementor-preview=20&ver=1773006267" "Serf/1.3.9 (mod_pagespeed/1.13.35.2-0)"
80.187.67.145 - - [08/Mar/2026:22:44:28 +0100] "GET /wp-includes/js/dist/i18n.min.js?ver=c26c3dc7bed366793375 HTTP/1.0" 304 3927 "https://halkfinanz.inglory.de/?elementor_library=footer&elementor-preview=20&ver=1773006267" "Mozilla/5.0 (Macintosh; Intel Mac OS X 10_15_7) AppleWebKit/537.36 (KHTML, like Gecko) Chrome/145.0.0.0 Safari/537.36"
94.130.90.54 - - [08/Mar/2026:22:44:28 +0100] "GET /wp-content/plugins/elementor/assets/css/widget-contact-buttons-var-6.min.css?ver=3.35.6 HTTP/1.1" 304 3411 "https://halkfinanz.inglory.de/?elementor_library=footer&elementor-preview=20&ver=1773006267" "Serf/1.3.9 (mod_pagespeed/1.13.35.2-0)"
94.130.90.54 - - [08/Mar/2026:22:44:28 +0100] "GET /wp-content/plugins/elementor/assets/css/widget-contact-buttons-var-7.min.css?ver=3.35.6 HTTP/1.1" 304 3411 "https://halkfinanz.inglory.de/?elementor_library=footer&elementor-preview=20&ver=1773006267" "Serf/1.3.9 (mod_pagespeed/1.13.35.2-0)"
80.187.67.145 - - [08/Mar/2026:22:44:28 +0100] "GET /wp-content/plugins/elementor/assets/js/styleguide-app-initiator.min.js?ver=3.35.6 HTTP/1.0" 304 3927 "https://halkfinanz.inglory.de/?elementor_library=footer&elementor-preview=20&ver=1773006267" "Mozilla/5.0 (Macintosh; Intel Mac OS X 10_15_7) AppleWebKit/537.36 (KHTML, like Gecko) Chrome/145.0.0.0 Safari/537.36"
94.130.90.54 - - [08/Mar/2026:22:44:28 +0100] "GET /wp-content/plugins/elementor/assets/css/widget-contact-buttons-var-8.min.css?ver=3.35.6 HTTP/1.1" 304 3412 "https://halkfinanz.inglory.de/?elementor_library=footer&elementor-preview=20&ver=1773006267" "Serf/1.3.9 (mod_pagespeed/1.13.35.2-0)"
94.130.90.54 - - [08/Mar/2026:22:44:28 +0100] "GET /wp-content/plugins/elementor/assets/css/widget-contact-buttons-var-9.min.css?ver=3.35.6 HTTP/1.1" 304 3412 "https://halkfinanz.inglory.de/?elementor_library=footer&elementor-preview=20&ver=1773006267" "Serf/1.3.9 (mod_pagespeed/1.13.35.2-0)"
94.130.90.54 - - [08/Mar/2026:22:44:28 +0100] "GET /wp-content/plugins/elementor/assets/css/widget-contact-buttons-var-10.min.css?ver=3.35.6 HTTP/1.1" 304 3412 "https://halkfinanz.inglory.de/?elementor_library=footer&elementor-preview=20&ver=1773006267" "Serf/1.3.9 (mod_pagespeed/1.13.35.2-0)"
80.187.67.145 - - [08/Mar/2026:22:44:28 +0100] "GET /wp-content/plugins/elementor-pro/assets/js/notes/notes-app-initiator.min.js?ver=3.35.1 HTTP/1.0" 304 3898 "https://halkfinanz.inglory.de/?elementor_library=footer&elementor-preview=20&ver=1773006267" "Mozilla/5.0 (Macintosh; Intel Mac OS X 10_15_7) AppleWebKit/537.36 (KHTML, like Gecko) Chrome/145.0.0.0 Safari/537.36"
80.187.67.145 - - [08/Mar/2026:22:44:28 +0100] "GET /wp-content/plugins/elementor/assets/js/webpack.runtime.min.js?ver=3.35.6 HTTP/1.0" 304 3899 "https://halkfinanz.inglory.de/?elementor_library=footer&elementor-preview=20&ver=1773006267" "Mozilla/5.0 (Macintosh; Intel Mac OS X 10_15_7) AppleWebKit/537.36 (KHTML, like Gecko) Chrome/145.0.0.0 Safari/537.36"
80.187.67.145 - - [08/Mar/2026:22:44:28 +0100] "GET /wp-content/plugins/elementor-pro/assets/lib/smartmenus/jquery.smartmenus.min.js?ver=1.2.1 HTTP/1.0" 304 3899 "https://halkfinanz.inglory.de/?elementor_library=footer&elementor-preview=20&ver=1773006267" "Mozilla/5.0 (Macintosh; Intel Mac OS X 10_15_7) AppleWebKit/537.36 (KHTML, like Gecko) Chrome/145.0.0.0 Safari/537.36"
80.187.67.145 - - [08/Mar/2026:22:44:28 +0100] "GET /wp-content/plugins/elementor-pro/assets/lib/sticky/jquery.sticky.min.js?ver=3.35.1 HTTP/1.0" 304 3898 "https://halkfinanz.inglory.de/?elementor_library=footer&elementor-preview=20&ver=1773006267" "Mozilla/5.0 (Macintosh; Intel Mac OS X 10_15_7) AppleWebKit/537.36 (KHTML, like Gecko) Chrome/145.0.0.0 Safari/537.36"
80.187.67.145 - - [08/Mar/2026:22:44:28 +0100] "GET /wp-content/plugins/elementor/assets/js/frontend-modules.min.js?ver=3.35.6 HTTP/1.0" 304 3899 "https://halkfinanz.inglory.de/?elementor_library=footer&elementor-preview=20&ver=1773006267" "Mozilla/5.0 (Macintosh; Intel Mac OS X 10_15_7) AppleWebKit/537.36 (KHTML, like Gecko) Chrome/145.0.0.0 Safari/537.36"
80.187.67.145 - - [08/Mar/2026:22:44:28 +0100] "GET /wp-content/plugins/elementor-pro/assets//lib/instant-page/instant-page.min.js?ver=3.35.1 HTTP/1.0" 304 3926 "https://halkfinanz.inglory.de/?elementor_library=footer&elementor-preview=20&ver=1773006267" "Mozilla/5.0 (Macintosh; Intel Mac OS X 10_15_7) AppleWebKit/537.36 (KHTML, like Gecko) Chrome/145.0.0.0 Safari/537.36"
80.187.67.145 - - [08/Mar/2026:22:44:28 +0100] "GET /wp-content,_plugins,_elementor,_assets,_js,_elementor-admin-bar.min.js,qver==3.35.6+wp-includes,_js,_hoverintent-js.min.js,qver==2.2.1+wp-includes,_js,_admin-bar.min.js,qver==6.9.1.pagespeed.jc.6AIUa9KEkn.js HTTP/1.0" 200 8231 "https://halkfinanz.inglory.de/?elementor_library=footer&elementor-preview=20&ver=1773006267" "Mozilla/5.0 (Macintosh; Intel Mac OS X 10_15_7) AppleWebKit/537.36 (KHTML, like Gecko) Chrome/145.0.0.0 Safari/537.36"
94.130.90.54 - - [08/Mar/2026:22:44:28 +0100] "GET /wp-content/plugins/elementor/assets/css/widget-floating-bars-var-2.min.css?ver=3.35.6 HTTP/1.1" 304 3412 "https://halkfinanz.inglory.de/?elementor_library=footer&elementor-preview=20&ver=1773006267" "Serf/1.3.9 (mod_pagespeed/1.13.35.2-0)"
80.187.67.145 - - [08/Mar/2026:22:44:28 +0100] "GET /wp-content/plugins/elementor-pro/assets/lib/lottie/lottie.min.js?ver=5.6.6 HTTP/1.0" 304 3928 "https://halkfinanz.inglory.de/?elementor_library=footer&elementor-preview=20&ver=1773006267" "Mozilla/5.0 (Macintosh; Intel Mac OS X 10_15_7) AppleWebKit/537.36 (KHTML, like Gecko) Chrome/145.0.0.0 Safari/537.36"
94.130.90.54 - - [08/Mar/2026:22:44:28 +0100] "GET /wp-content/plugins/elementor/assets/css/widget-floating-bars-var-3.min.css?ver=3.35.6 HTTP/1.1" 304 3412 "https://halkfinanz.inglory.de/?elementor_library=footer&elementor-preview=20&ver=1773006267" "Serf/1.3.9 (mod_pagespeed/1.13.35.2-0)"
80.187.67.145 - - [08/Mar/2026:22:44:28 +0100] "GET /wp-content/plugins/elementor/assets/lib/jquery-numerator/jquery-numerator.min.js?ver=0.2.1 HTTP/1.0" 304 3926 "https://halkfinanz.inglory.de/?elementor_library=footer&elementor-preview=20&ver=1773006267" "Mozilla/5.0 (Macintosh; Intel Mac OS X 10_15_7) AppleWebKit/537.36 (KHTML, like Gecko) Chrome/145.0.0.0 Safari/537.36"
80.187.67.145 - - [08/Mar/2026:22:44:28 +0100] "GET /wp-content/plugins/elementor/assets/lib/e-gallery/js/e-gallery.min.js?ver=1.2.0 HTTP/1.0" 304 3927 "https://halkfinanz.inglory.de/?elementor_library=footer&elementor-preview=20&ver=1773006267" "Mozilla/5.0 (Macintosh; Intel Mac OS X 10_15_7) AppleWebKit/537.36 (KHTML, like Gecko) Chrome/145.0.0.0 Safari/537.36"
80.187.67.145 - - [08/Mar/2026:22:44:28 +0100] "GET /wp-content/plugins/elementor/assets/lib/inline-editor/js/inline-editor.min.js?ver=3.35.6 HTTP/1.0" 304 3927 "https://halkfinanz.inglory.de/?elementor_library=footer&elementor-preview=20&ver=1773006267" "Mozilla/5.0 (Macintosh; Intel Mac OS X 10_15_7) AppleWebKit/537.36 (KHTML, like Gecko) Chrome/145.0.0.0 Safari/537.36"
80.187.67.145 - - [08/Mar/2026:22:44:28 +0100] "GET /wp-content/plugins/elementor-pro/assets/js/preview.min.js?ver=3.35.1 HTTP/1.0" 304 3927 "https://halkfinanz.inglory.de/?elementor_library=footer&elementor-preview=20&ver=1773006267" "Mozilla/5.0 (Macintosh; Intel Mac OS X 10_15_7) AppleWebKit/537.36 (KHTML, like Gecko) Chrome/145.0.0.0 Safari/537.36"
80.187.67.145 - - [08/Mar/2026:22:44:28 +0100] "GET /wp-content/plugins/elementor-pro/assets/js/webpack-pro.runtime.min.js?ver=3.35.1 HTTP/1.0" 304 3899 "https://halkfinanz.inglory.de/?elementor_library=footer&elementor-preview=20&ver=1773006267" "Mozilla/5.0 (Macintosh; Intel Mac OS X 10_15_7) AppleWebKit/537.36 (KHTML, like Gecko) Chrome/145.0.0.0 Safari/537.36"
94.130.90.54 - - [08/Mar/2026:22:44:28 +0100] "GET /wp-content/plugins/elementor-pro/assets/css/widget-search.min.css?ver=3.35.1 HTTP/1.1" 304 3412 "https://halkfinanz.inglory.de/?elementor_library=footer&elementor-preview=20&ver=1773006267" "Serf/1.3.9 (mod_pagespeed/1.13.35.2-0)"
94.130.90.54 - - [08/Mar/2026:22:44:28 +0100] "GET /wp-content/plugins/elementor/assets/lib/e-select2/css/e-select2.min.css?ver=4.0.6-rc.1 HTTP/1.1" 200 18342 "https://halkfinanz.inglory.de/?elementor_library=footer&elementor-preview=20&ver=1773006267" "Serf/1.3.9 (mod_pagespeed/1.13.35.2-0)"
94.130.90.54 - - [08/Mar/2026:22:44:28 +0100] "GET /wp-includes/js/mediaelement/wp-mediaelement.min.css?ver=6.9.1 HTTP/1.1" 304 3412 "https://halkfinanz.inglory.de/?elementor_library=footer&elementor-preview=20&ver=1773006267" "Serf/1.3.9 (mod_pagespeed/1.13.35.2-0)"
94.130.90.54 - - [08/Mar/2026:22:44:28 +0100] "GET /wp-content/plugins/elementor-pro/assets/css/preview.min.css?ver=3.35.1 HTTP/1.1" 304 3412 "https://halkfinanz.inglory.de/?elementor_library=footer&elementor-preview=20&ver=1773006267" "Serf/1.3.9 (mod_pagespeed/1.13.35.2-0)"
94.130.90.54 - - [08/Mar/2026:22:44:28 +0100] "GET /wp-content/plugins/elementor/assets/css/modules/ai/layout-preview.min.css?ver=3.35.6 HTTP/1.1" 304 3412 "https://halkfinanz.inglory.de/?elementor_library=footer&elementor-preview=20&ver=1773006267" "Serf/1.3.9 (mod_pagespeed/1.13.35.2-0)"
94.130.90.54 - - [08/Mar/2026:22:44:28 +0100] "GET /wp-content/plugins/elementor/assets/css/modules/styleguide/editor.min.css?ver=3.35.6 HTTP/1.1" 304 3411 "https://halkfinanz.inglory.de/?elementor_library=footer&elementor-preview=20&ver=1773006267" "Serf/1.3.9 (mod_pagespeed/1.13.35.2-0)"
94.130.90.54 - - [08/Mar/2026:22:44:28 +0100] "GET /wp-content/plugins/elementor-pro/assets/css/modules/motion-fx.min.css?ver=3.35.1 HTTP/1.1" 304 3411 "https://halkfinanz.inglory.de/?elementor_library=footer&elementor-preview=20&ver=1773006267" "Serf/1.3.9 (mod_pagespeed/1.13.35.2-0)"
94.130.90.54 - - [08/Mar/2026:22:44:28 +0100] "GET /wp-content/plugins/elementor-pro/assets/css/conditionals/ribbon.min.css?ver=3.35.1 HTTP/1.1" 304 3411 "https://halkfinanz.inglory.de/?elementor_library=footer&elementor-preview=20&ver=1773006267" "Serf/1.3.9 (mod_pagespeed/1.13.35.2-0)"
94.130.90.54 - - [08/Mar/2026:22:44:28 +0100] "GET /wp-content/plugins/elementor/assets/lib/flatpickr/flatpickr.min.css?ver=4.6.13 HTTP/1.1" 200 19157 "https://halkfinanz.inglory.de/?elementor_library=footer&elementor-preview=20&ver=1773006267" "Serf/1.3.9 (mod_pagespeed/1.13.35.2-0)"
94.130.90.54 - - [08/Mar/2026:22:44:28 +0100] "GET /wp-content/plugins/elementor/assets/css/conditionals/shapes.min.css?ver=3.35.6 HTTP/1.1" 304 3411 "https://halkfinanz.inglory.de/?elementor_library=footer&elementor-preview=20&ver=1773006267" "Serf/1.3.9 (mod_pagespeed/1.13.35.2-0)"
94.130.90.54 - - [08/Mar/2026:22:44:28 +0100] "GET /wp-content/plugins/elementor/assets/lib/animations/styles/fadeIn.min.css?ver=3.35.6 HTTP/1.1" 304 3410 "https://halkfinanz.inglory.de/?elementor_library=footer&elementor-preview=20&ver=1773006267" "Serf/1.3.9 (mod_pagespeed/1.13.35.2-0)"
94.130.90.54 - - [08/Mar/2026:22:44:28 +0100] "GET /wp-content/plugins/elementor/assets/lib/animations/styles/fadeInLeft.min.css?ver=3.35.6 HTTP/1.1" 304 3410 "https://halkfinanz.inglory.de/?elementor_library=footer&elementor-preview=20&ver=1773006267" "Serf/1.3.9 (mod_pagespeed/1.13.35.2-0)"
94.130.90.54 - - [08/Mar/2026:22:44:28 +0100] "GET /wp-content/plugins/elementor/assets/lib/animations/styles/zoomInDown.min.css?ver=3.35.6 HTTP/1.1" 304 3411 "https://halkfinanz.inglory.de/?elementor_library=footer&elementor-preview=20&ver=1773006267" "Serf/1.3.9 (mod_pagespeed/1.13.35.2-0)"
94.130.90.54 - - [08/Mar/2026:22:44:28 +0100] "GET /wp-content/plugins/elementor/assets/lib/animations/styles/zoomInLeft.min.css?ver=3.35.6 HTTP/1.1" 304 3411 "https://halkfinanz.inglory.de/?elementor_library=footer&elementor-preview=20&ver=1773006267" "Serf/1.3.9 (mod_pagespeed/1.13.35.2-0)"
94.130.90.54 - - [08/Mar/2026:22:44:28 +0100] "GET /wp-content/plugins/elementor/assets/lib/animations/styles/zoomInRight.min.css?ver=3.35.6 HTTP/1.1" 304 3411 "https://halkfinanz.inglory.de/?elementor_library=footer&elementor-preview=20&ver=1773006267" "Serf/1.3.9 (mod_pagespeed/1.13.35.2-0)"
94.130.90.54 - - [08/Mar/2026:22:44:28 +0100] "GET /wp-content/plugins/elementor/assets/lib/animations/styles/zoomInUp.min.css?ver=3.35.6 HTTP/1.1" 304 3411 "https://halkfinanz.inglory.de/?elementor_library=footer&elementor-preview=20&ver=1773006267" "Serf/1.3.9 (mod_pagespeed/1.13.35.2-0)"
94.130.90.54 - - [08/Mar/2026:22:44:28 +0100] "GET /wp-content/plugins/elementor/assets/lib/animations/styles/bounceIn.min.css?ver=3.35.6 HTTP/1.1" 304 3411 "https://halkfinanz.inglory.de/?elementor_library=footer&elementor-preview=20&ver=1773006267" "Serf/1.3.9 (mod_pagespeed/1.13.35.2-0)"
94.130.90.54 - - [08/Mar/2026:22:44:28 +0100] "GET /wp-content/plugins/elementor/assets/lib/animations/styles/bounceInDown.min.css?ver=3.35.6 HTTP/1.1" 304 3411 "https://halkfinanz.inglory.de/?elementor_library=footer&elementor-preview=20&ver=1773006267" "Serf/1.3.9 (mod_pagespeed/1.13.35.2-0)"
94.130.90.54 - - [08/Mar/2026:22:44:28 +0100] "GET /wp-content/plugins/elementor/assets/lib/animations/styles/bounceInLeft.min.css?ver=3.35.6 HTTP/1.1" 304 3411 "https://halkfinanz.inglory.de/?elementor_library=footer&elementor-preview=20&ver=1773006267" "Serf/1.3.9 (mod_pagespeed/1.13.35.2-0)"
94.130.90.54 - - [08/Mar/2026:22:44:28 +0100] "GET /wp-content/plugins/elementor/assets/lib/animations/styles/bounceInRight.min.css?ver=3.35.6 HTTP/1.1" 304 3411 "https://halkfinanz.inglory.de/?elementor_library=footer&elementor-preview=20&ver=1773006267" "Serf/1.3.9 (mod_pagespeed/1.13.35.2-0)"
94.130.90.54 - - [08/Mar/2026:22:44:28 +0100] "GET /wp-content/plugins/elementor/assets/lib/animations/styles/bounceInUp.min.css?ver=3.35.6 HTTP/1.1" 304 3411 "https://halkfinanz.inglory.de/?elementor_library=footer&elementor-preview=20&ver=1773006267" "Serf/1.3.9 (mod_pagespeed/1.13.35.2-0)"
94.130.90.54 - - [08/Mar/2026:22:44:28 +0100] "GET /wp-content/plugins/elementor/assets/lib/animations/styles/slideInDown.min.css?ver=3.35.6 HTTP/1.1" 304 3410 "https://halkfinanz.inglory.de/?elementor_library=footer&elementor-preview=20&ver=1773006267" "Serf/1.3.9 (mod_pagespeed/1.13.35.2-0)"
94.130.90.54 - - [08/Mar/2026:22:44:28 +0100] "GET /wp-content/plugins/elementor/assets/lib/animations/styles/slideInLeft.min.css?ver=3.35.6 HTTP/1.1" 304 3410 "https://halkfinanz.inglory.de/?elementor_library=footer&elementor-preview=20&ver=1773006267" "Serf/1.3.9 (mod_pagespeed/1.13.35.2-0)"
94.130.90.54 - - [08/Mar/2026:22:44:28 +0100] "GET /wp-content/plugins/elementor/assets/lib/animations/styles/slideInRight.min.css?ver=3.35.6 HTTP/1.1" 304 3410 "https://halkfinanz.inglory.de/?elementor_library=footer&elementor-preview=20&ver=1773006267" "Serf/1.3.9 (mod_pagespeed/1.13.35.2-0)"
94.130.90.54 - - [08/Mar/2026:22:44:28 +0100] "GET /wp-content/plugins/elementor/assets/lib/animations/styles/slideInUp.min.css?ver=3.35.6 HTTP/1.1" 304 3410 "https://halkfinanz.inglory.de/?elementor_library=footer&elementor-preview=20&ver=1773006267" "Serf/1.3.9 (mod_pagespeed/1.13.35.2-0)"
94.130.90.54 - - [08/Mar/2026:22:44:28 +0100] "GET /wp-content/plugins/elementor/assets/lib/animations/styles/rotateIn.min.css?ver=3.35.6 HTTP/1.1" 304 3410 "https://halkfinanz.inglory.de/?elementor_library=footer&elementor-preview=20&ver=1773006267" "Serf/1.3.9 (mod_pagespeed/1.13.35.2-0)"
94.130.90.54 - - [08/Mar/2026:22:44:28 +0100] "GET /wp-content/plugins/elementor/assets/lib/animations/styles/rotateInDownLeft.min.css?ver=3.35.6 HTTP/1.1" 304 3410 "https://halkfinanz.inglory.de/?elementor_library=footer&elementor-preview=20&ver=1773006267" "Serf/1.3.9 (mod_pagespeed/1.13.35.2-0)"
94.130.90.54 - - [08/Mar/2026:22:44:28 +0100] "GET /wp-content/plugins/elementor/assets/lib/animations/styles/rotateInDownRight.min.css?ver=3.35.6 HTTP/1.1" 304 3410 "https://halkfinanz.inglory.de/?elementor_library=footer&elementor-preview=20&ver=1773006267" "Serf/1.3.9 (mod_pagespeed/1.13.35.2-0)"
94.130.90.54 - - [08/Mar/2026:22:44:28 +0100] "GET /wp-content/plugins/elementor/assets/lib/animations/styles/rotateInUpRight.min.css?ver=3.35.6 HTTP/1.1" 304 3410 "https://halkfinanz.inglory.de/?elementor_library=footer&elementor-preview=20&ver=1773006267" "Serf/1.3.9 (mod_pagespeed/1.13.35.2-0)"
94.130.90.54 - - [08/Mar/2026:22:44:28 +0100] "GET /wp-content/plugins/elementor/assets/lib/animations/styles/rotateInUpLeft.min.css?ver=3.35.6 HTTP/1.1" 304 3410 "https://halkfinanz.inglory.de/?elementor_library=footer&elementor-preview=20&ver=1773006267" "Serf/1.3.9 (mod_pagespeed/1.13.35.2-0)"
94.130.90.54 - - [08/Mar/2026:22:44:28 +0100] "GET /wp-content/plugins/elementor/assets/lib/animations/styles/bounce.min.css?ver=3.35.6 HTTP/1.1" 304 3411 "https://halkfinanz.inglory.de/?elementor_library=footer&elementor-preview=20&ver=1773006267" "Serf/1.3.9 (mod_pagespeed/1.13.35.2-0)"
94.130.90.54 - - [08/Mar/2026:22:44:28 +0100] "GET /wp-content/plugins/elementor/assets/lib/animations/styles/flash.min.css?ver=3.35.6 HTTP/1.1" 304 3410 "https://halkfinanz.inglory.de/?elementor_library=footer&elementor-preview=20&ver=1773006267" "Serf/1.3.9 (mod_pagespeed/1.13.35.2-0)"
94.130.90.54 - - [08/Mar/2026:22:44:28 +0100] "GET /wp-content/plugins/elementor/assets/lib/animations/styles/e-animation-pulse.min.css?ver=3.35.6 HTTP/1.1" 304 3411 "https://halkfinanz.inglory.de/?elementor_library=footer&elementor-preview=20&ver=1773006267" "Serf/1.3.9 (mod_pagespeed/1.13.35.2-0)"
94.130.90.54 - - [08/Mar/2026:22:44:28 +0100] "GET /wp-content/plugins/elementor/assets/lib/animations/styles/rubberBand.min.css?ver=3.35.6 HTTP/1.1" 304 3411 "https://halkfinanz.inglory.de/?elementor_library=footer&elementor-preview=20&ver=1773006267" "Serf/1.3.9 (mod_pagespeed/1.13.35.2-0)"
94.130.90.54 - - [08/Mar/2026:22:44:28 +0100] "GET /wp-content/plugins/elementor/assets/lib/animations/styles/shake.min.css?ver=3.35.6 HTTP/1.1" 304 3410 "https://halkfinanz.inglory.de/?elementor_library=footer&elementor-preview=20&ver=1773006267" "Serf/1.3.9 (mod_pagespeed/1.13.35.2-0)"
94.130.90.54 - - [08/Mar/2026:22:44:28 +0100] "GET /wp-content/plugins/elementor/assets/lib/animations/styles/headShake.min.css?ver=3.35.6 HTTP/1.1" 304 3411 "https://halkfinanz.inglory.de/?elementor_library=footer&elementor-preview=20&ver=1773006267" "Serf/1.3.9 (mod_pagespeed/1.13.35.2-0)"
94.130.90.54 - - [08/Mar/2026:22:44:28 +0100] "GET /wp-content/plugins/elementor/assets/lib/animations/styles/swing.min.css?ver=3.35.6 HTTP/1.1" 304 3410 "https://halkfinanz.inglory.de/?elementor_library=footer&elementor-preview=20&ver=1773006267" "Serf/1.3.9 (mod_pagespeed/1.13.35.2-0)"
94.130.90.54 - - [08/Mar/2026:22:44:28 +0100] "GET /wp-content/plugins/elementor/assets/lib/animations/styles/tada.min.css?ver=3.35.6 HTTP/1.1" 304 3411 "https://halkfinanz.inglory.de/?elementor_library=footer&elementor-preview=20&ver=1773006267" "Serf/1.3.9 (mod_pagespeed/1.13.35.2-0)"
94.130.90.54 - - [08/Mar/2026:22:44:28 +0100] "GET /wp-content/plugins/elementor/assets/lib/animations/styles/wobble.min.css?ver=3.35.6 HTTP/1.1" 304 3411 "https://halkfinanz.inglory.de/?elementor_library=footer&elementor-preview=20&ver=1773006267" "Serf/1.3.9 (mod_pagespeed/1.13.35.2-0)"
94.130.90.54 - - [08/Mar/2026:22:44:28 +0100] "GET /wp-content/plugins/elementor/assets/lib/animations/styles/jello.min.css?ver=3.35.6 HTTP/1.1" 304 3411 "https://halkfinanz.inglory.de/?elementor_library=footer&elementor-preview=20&ver=1773006267" "Serf/1.3.9 (mod_pagespeed/1.13.35.2-0)"
94.130.90.54 - - [08/Mar/2026:22:44:28 +0100] "GET /wp-content/plugins/elementor/assets/lib/animations/styles/lightSpeedIn.min.css?ver=3.35.6 HTTP/1.1" 304 3411 "https://halkfinanz.inglory.de/?elementor_library=footer&elementor-preview=20&ver=1773006267" "Serf/1.3.9 (mod_pagespeed/1.13.35.2-0)"
94.130.90.54 - - [08/Mar/2026:22:44:28 +0100] "GET /wp-content/plugins/elementor/assets/lib/animations/styles/rollIn.min.css?ver=3.35.6 HTTP/1.1" 304 3410 "https://halkfinanz.inglory.de/?elementor_library=footer&elementor-preview=20&ver=1773006267" "Serf/1.3.9 (mod_pagespeed/1.13.35.2-0)"
94.130.90.54 - - [08/Mar/2026:22:44:28 +0100] "GET /wp-content/plugins/elementor/assets/lib/animations/styles/e-animation-grow.min.css?ver=3.35.6 HTTP/1.1" 304 3410 "https://halkfinanz.inglory.de/?elementor_library=footer&elementor-preview=20&ver=1773006267" "Serf/1.3.9 (mod_pagespeed/1.13.35.2-0)"
94.130.90.54 - - [08/Mar/2026:22:44:28 +0100] "GET /wp-content/plugins/elementor/assets/lib/animations/styles/e-animation-shrink.min.css?ver=3.35.6 HTTP/1.1" 304 3410 "https://halkfinanz.inglory.de/?elementor_library=footer&elementor-preview=20&ver=1773006267" "Serf/1.3.9 (mod_pagespeed/1.13.35.2-0)"
94.130.90.54 - - [08/Mar/2026:22:44:28 +0100] "GET /wp-content/plugins/elementor/assets/lib/animations/styles/e-animation-pulse-grow.min.css?ver=3.35.6 HTTP/1.1" 304 3411 "https://halkfinanz.inglory.de/?elementor_library=footer&elementor-preview=20&ver=1773006267" "Serf/1.3.9 (mod_pagespeed/1.13.35.2-0)"
94.130.90.54 - - [08/Mar/2026:22:44:28 +0100] "GET /wp-content/plugins/elementor/assets/lib/animations/styles/e-animation-pulse-shrink.min.css?ver=3.35.6 HTTP/1.1" 304 3411 "https://halkfinanz.inglory.de/?elementor_library=footer&elementor-preview=20&ver=1773006267" "Serf/1.3.9 (mod_pagespeed/1.13.35.2-0)"
94.130.90.54 - - [08/Mar/2026:22:44:28 +0100] "GET /wp-content/plugins/elementor/assets/lib/animations/styles/e-animation-push.min.css?ver=3.35.6 HTTP/1.1" 304 3411 "https://halkfinanz.inglory.de/?elementor_library=footer&elementor-preview=20&ver=1773006267" "Serf/1.3.9 (mod_pagespeed/1.13.35.2-0)"
94.130.90.54 - - [08/Mar/2026:22:44:28 +0100] "GET /wp-content/plugins/elementor/assets/lib/animations/styles/e-animation-pop.min.css?ver=3.35.6 HTTP/1.1" 304 3411 "https://halkfinanz.inglory.de/?elementor_library=footer&elementor-preview=20&ver=1773006267" "Serf/1.3.9 (mod_pagespeed/1.13.35.2-0)"
94.130.90.54 - - [08/Mar/2026:22:44:28 +0100] "GET /wp-content/plugins/elementor/assets/lib/animations/styles/e-animation-bounce-in.min.css?ver=3.35.6 HTTP/1.1" 304 3410 "https://halkfinanz.inglory.de/?elementor_library=footer&elementor-preview=20&ver=1773006267" "Serf/1.3.9 (mod_pagespeed/1.13.35.2-0)"
94.130.90.54 - - [08/Mar/2026:22:44:28 +0100] "GET /wp-content/plugins/elementor/assets/lib/animations/styles/e-animation-bounce-out.min.css?ver=3.35.6 HTTP/1.1" 304 3410 "https://halkfinanz.inglory.de/?elementor_library=footer&elementor-preview=20&ver=1773006267" "Serf/1.3.9 (mod_pagespeed/1.13.35.2-0)"
94.130.90.54 - - [08/Mar/2026:22:44:28 +0100] "GET /wp-content/plugins/elementor/assets/lib/animations/styles/e-animation-rotate.min.css?ver=3.35.6 HTTP/1.1" 304 3410 "https://halkfinanz.inglory.de/?elementor_library=footer&elementor-preview=20&ver=1773006267" "Serf/1.3.9 (mod_pagespeed/1.13.35.2-0)"
94.130.90.54 - - [08/Mar/2026:22:44:28 +0100] "GET /wp-content/plugins/elementor/assets/lib/animations/styles/e-animation-grow-rotate.min.css?ver=3.35.6 HTTP/1.1" 304 3410 "https://halkfinanz.inglory.de/?elementor_library=footer&elementor-preview=20&ver=1773006267" "Serf/1.3.9 (mod_pagespeed/1.13.35.2-0)"
94.130.90.54 - - [08/Mar/2026:22:44:28 +0100] "GET /wp-content/plugins/elementor/assets/lib/animations/styles/e-animation-float.min.css?ver=3.35.6 HTTP/1.1" 304 3410 "https://halkfinanz.inglory.de/?elementor_library=footer&elementor-preview=20&ver=1773006267" "Serf/1.3.9 (mod_pagespeed/1.13.35.2-0)"
94.130.90.54 - - [08/Mar/2026:22:44:28 +0100] "GET /wp-content/plugins/elementor/assets/lib/animations/styles/e-animation-sink.min.css?ver=3.35.6 HTTP/1.1" 304 3410 "https://halkfinanz.inglory.de/?elementor_library=footer&elementor-preview=20&ver=1773006267" "Serf/1.3.9 (mod_pagespeed/1.13.35.2-0)"
94.130.90.54 - - [08/Mar/2026:22:44:28 +0100] "GET /wp-content/plugins/elementor/assets/lib/animations/styles/e-animation-bob.min.css?ver=3.35.6 HTTP/1.1" 304 3411 "https://halkfinanz.inglory.de/?elementor_library=footer&elementor-preview=20&ver=1773006267" "Serf/1.3.9 (mod_pagespeed/1.13.35.2-0)"
94.130.90.54 - - [08/Mar/2026:22:44:28 +0100] "GET /wp-content/plugins/elementor/assets/lib/animations/styles/e-animation-hang.min.css?ver=3.35.6 HTTP/1.1" 304 3411 "https://halkfinanz.inglory.de/?elementor_library=footer&elementor-preview=20&ver=1773006267" "Serf/1.3.9 (mod_pagespeed/1.13.35.2-0)"
94.130.90.54 - - [08/Mar/2026:22:44:28 +0100] "GET /wp-content/plugins/elementor/assets/lib/animations/styles/e-animation-skew.min.css?ver=3.35.6 HTTP/1.1" 304 3410 "https://halkfinanz.inglory.de/?elementor_library=footer&elementor-preview=20&ver=1773006267" "Serf/1.3.9 (mod_pagespeed/1.13.35.2-0)"
94.130.90.54 - - [08/Mar/2026:22:44:28 +0100] "GET /wp-content/plugins/elementor/assets/lib/animations/styles/e-animation-skew-forward.min.css?ver=3.35.6 HTTP/1.1" 304 3411 "https://halkfinanz.inglory.de/?elementor_library=footer&elementor-preview=20&ver=1773006267" "Serf/1.3.9 (mod_pagespeed/1.13.35.2-0)"
94.130.90.54 - - [08/Mar/2026:22:44:29 +0100] "GET /wp-content/plugins/elementor/assets/lib/animations/styles/e-animation-skew-backward.min.css?ver=3.35.6 HTTP/1.1" 304 3411 "https://halkfinanz.inglory.de/?elementor_library=footer&elementor-preview=20&ver=1773006267" "Serf/1.3.9 (mod_pagespeed/1.13.35.2-0)"
94.130.90.54 - - [08/Mar/2026:22:44:29 +0100] "GET /wp-content/plugins/elementor/assets/lib/animations/styles/e-animation-wobble-vertical.min.css?ver=3.35.6 HTTP/1.1" 304 3411 "https://halkfinanz.inglory.de/?elementor_library=footer&elementor-preview=20&ver=1773006267" "Serf/1.3.9 (mod_pagespeed/1.13.35.2-0)"
94.130.90.54 - - [08/Mar/2026:22:44:29 +0100] "GET /wp-content/plugins/elementor/assets/lib/animations/styles/e-animation-wobble-horizontal.min.css?ver=3.35.6 HTTP/1.1" 304 3411 "https://halkfinanz.inglory.de/?elementor_library=footer&elementor-preview=20&ver=1773006267" "Serf/1.3.9 (mod_pagespeed/1.13.35.2-0)"
94.130.90.54 - - [08/Mar/2026:22:44:29 +0100] "GET /wp-content/plugins/elementor/assets/lib/animations/styles/e-animation-wobble-to-bottom-right.min.css?ver=3.35.6 HTTP/1.1" 304 3411 "https://halkfinanz.inglory.de/?elementor_library=footer&elementor-preview=20&ver=1773006267" "Serf/1.3.9 (mod_pagespeed/1.13.35.2-0)"
94.130.90.54 - - [08/Mar/2026:22:44:29 +0100] "GET /wp-content/plugins/elementor/assets/lib/animations/styles/e-animation-wobble-to-top-right.min.css?ver=3.35.6 HTTP/1.1" 304 3411 "https://halkfinanz.inglory.de/?elementor_library=footer&elementor-preview=20&ver=1773006267" "Serf/1.3.9 (mod_pagespeed/1.13.35.2-0)"
94.130.90.54 - - [08/Mar/2026:22:44:29 +0100] "GET /wp-content/plugins/elementor/assets/lib/animations/styles/e-animation-wobble-top.min.css?ver=3.35.6 HTTP/1.1" 304 3411 "https://halkfinanz.inglory.de/?elementor_library=footer&elementor-preview=20&ver=1773006267" "Serf/1.3.9 (mod_pagespeed/1.13.35.2-0)"
94.130.90.54 - - [08/Mar/2026:22:44:29 +0100] "GET /wp-content/plugins/elementor/assets/lib/animations/styles/e-animation-wobble-bottom.min.css?ver=3.35.6 HTTP/1.1" 304 3411 "https://halkfinanz.inglory.de/?elementor_library=footer&elementor-preview=20&ver=1773006267" "Serf/1.3.9 (mod_pagespeed/1.13.35.2-0)"
94.130.90.54 - - [08/Mar/2026:22:44:29 +0100] "GET /wp-content/plugins/elementor/assets/lib/animations/styles/e-animation-wobble-skew.min.css?ver=3.35.6 HTTP/1.1" 304 3411 "https://halkfinanz.inglory.de/?elementor_library=footer&elementor-preview=20&ver=1773006267" "Serf/1.3.9 (mod_pagespeed/1.13.35.2-0)"
94.130.90.54 - - [08/Mar/2026:22:44:29 +0100] "GET /wp-content/plugins/elementor/assets/lib/animations/styles/e-animation-buzz.min.css?ver=3.35.6 HTTP/1.1" 304 3411 "https://halkfinanz.inglory.de/?elementor_library=footer&elementor-preview=20&ver=1773006267" "Serf/1.3.9 (mod_pagespeed/1.13.35.2-0)"
94.130.90.54 - - [08/Mar/2026:22:44:29 +0100] "GET /wp-content/plugins/elementor/assets/lib/animations/styles/e-animation-buzz-out.min.css?ver=3.35.6 HTTP/1.1" 304 3411 "https://halkfinanz.inglory.de/?elementor_library=footer&elementor-preview=20&ver=1773006267" "Serf/1.3.9 (mod_pagespeed/1.13.35.2-0)"
94.130.90.54 - - [08/Mar/2026:22:44:29 +0100] "GET /wp-content/plugins/elementor/assets/lib/jquery-numerator/jquery-numerator.min.js?ver=0.2.1 HTTP/1.1" 304 3411 "https://halkfinanz.inglory.de/?elementor_library=footer&elementor-preview=20&ver=1773006267" "Serf/1.3.9 (mod_pagespeed/1.13.35.2-0)"
94.130.90.54 - - [08/Mar/2026:22:44:29 +0100] "GET /wp-includes/js/imagesloaded.min.js?ver=5.0.0 HTTP/1.1" 304 3412 "https://halkfinanz.inglory.de/?elementor_library=footer&elementor-preview=20&ver=1773006267" "Serf/1.3.9 (mod_pagespeed/1.13.35.2-0)"
94.130.90.54 - - [08/Mar/2026:22:44:29 +0100] "GET /wp-content/plugins/elementor/assets/lib/e-gallery/js/e-gallery.min.js?ver=1.2.0 HTTP/1.1" 304 3412 "https://halkfinanz.inglory.de/?elementor_library=footer&elementor-preview=20&ver=1773006267" "Serf/1.3.9 (mod_pagespeed/1.13.35.2-0)"
94.130.90.54 - - [08/Mar/2026:22:44:29 +0100] "GET /wp-content/plugins/elementor-pro/assets/js/page-transitions.min.js?ver=3.35.1 HTTP/1.1" 304 3412 "https://halkfinanz.inglory.de/?elementor_library=footer&elementor-preview=20&ver=1773006267" "Serf/1.3.9 (mod_pagespeed/1.13.35.2-0)"
94.130.90.54 - - [08/Mar/2026:22:44:29 +0100] "GET /wp-content/plugins/elementor/assets/js/styleguide-app-initiator.min.js?ver=3.35.6 HTTP/1.1" 304 3412 "https://halkfinanz.inglory.de/?elementor_library=footer&elementor-preview=20&ver=1773006267" "Serf/1.3.9 (mod_pagespeed/1.13.35.2-0)"
94.130.90.54 - - [08/Mar/2026:22:44:29 +0100] "GET /wp-includes/js/mediaelement/mediaelement-and-player.min.js?ver=4.2.17 HTTP/1.1" 200 161851 "https://halkfinanz.inglory.de/?elementor_library=footer&elementor-preview=20&ver=1773006267" "Serf/1.3.9 (mod_pagespeed/1.13.35.2-0)"
94.130.90.54 - - [08/Mar/2026:22:44:29 +0100] "GET /wp-includes/js/mediaelement/mediaelement-migrate.min.js?ver=6.9.1 HTTP/1.1" 304 3411 "https://halkfinanz.inglory.de/?elementor_library=footer&elementor-preview=20&ver=1773006267" "Serf/1.3.9 (mod_pagespeed/1.13.35.2-0)"
94.130.90.54 - - [08/Mar/2026:22:44:29 +0100] "GET /wp-includes/js/mediaelement/wp-mediaelement.min.js?ver=6.9.1 HTTP/1.1" 304 3411 "https://halkfinanz.inglory.de/?elementor_library=footer&elementor-preview=20&ver=1773006267" "Serf/1.3.9 (mod_pagespeed/1.13.35.2-0)"
94.130.90.54 - - [08/Mar/2026:22:44:29 +0100] "GET /wp-content/plugins/elementor-pro/assets/js/preview.min.js?ver=3.35.1 HTTP/1.1" 304 3412 "https://halkfinanz.inglory.de/?elementor_library=footer&elementor-preview=20&ver=1773006267" "Serf/1.3.9 (mod_pagespeed/1.13.35.2-0)"
94.130.90.54 - - [08/Mar/2026:22:44:29 +0100] "GET /wp-content/plugins/elementor/assets/lib/flatpickr/flatpickr.min.js?ver=4.6.13 HTTP/1.1" 200 54350 "https://halkfinanz.inglory.de/?elementor_library=footer&elementor-preview=20&ver=1773006267" "Serf/1.3.9 (mod_pagespeed/1.13.35.2-0)"
94.130.90.54 - - [08/Mar/2026:22:44:29 +0100] "GET /wp-content/plugins/elementor/assets/css/editor-preview.min.css?ver=3.35.6 HTTP/1.1" 304 3413 "https://halkfinanz.inglory.de/?elementor_library=footer&elementor-preview=20&ver=1773006267" "Serf/1.3.9 (mod_pagespeed/1.13.35.2-0)"
94.130.90.54 - - [08/Mar/2026:22:44:29 +0100] "GET /wp-includes/js/mediaelement/mediaelementplayer-legacy.min.css?ver=4.2.17 HTTP/1.1" 304 3412 "https://halkfinanz.inglory.de/?elementor_library=footer&elementor-preview=20&ver=1773006267" "Serf/1.3.9 (mod_pagespeed/1.13.35.2-0)"
94.130.90.54 - - [08/Mar/2026:22:44:29 +0100] "GET /wp-content/plugins/elementor-pro/assets//lib/instant-page/instant-page.min.js?ver=3.35.1 HTTP/1.1" 304 3411 "https://halkfinanz.inglory.de/?elementor_library=footer&elementor-preview=20&ver=1773006267" "Serf/1.3.9 (mod_pagespeed/1.13.35.2-0)"
94.130.90.54 - - [08/Mar/2026:22:44:29 +0100] "GET /wp-content/plugins/elementor/assets/images/blur.png HTTP/1.1" 304 3412 "https://halkfinanz.inglory.de/?elementor_library=footer&elementor-preview=20&ver=1773006267" "Serf/1.3.9 (mod_pagespeed/1.13.35.2-0)"
94.130.90.54 - - [08/Mar/2026:22:44:29 +0100] "GET /wp-content/plugins/elementor/assets/images/contrast.png HTTP/1.1" 304 3411 "https://halkfinanz.inglory.de/?elementor_library=footer&elementor-preview=20&ver=1773006267" "Serf/1.3.9 (mod_pagespeed/1.13.35.2-0)"
94.130.90.54 - - [08/Mar/2026:22:44:29 +0100] "GET /wp-content/plugins/elementor/assets/images/eyedropper.svg HTTP/1.1" 200 5323 "https://halkfinanz.inglory.de/?elementor_library=footer&elementor-preview=20&ver=1773006267" "Serf/1.3.9 (mod_pagespeed/1.13.35.2-0)"
94.130.90.54 - - [08/Mar/2026:22:44:29 +0100] "GET /wp-includes/js/mediaelement/mejs-controls.svg HTTP/1.1" 200 8148 "https://halkfinanz.inglory.de/?elementor_library=footer&elementor-preview=20&ver=1773006267" "Serf/1.3.9 (mod_pagespeed/1.13.35.2-0)"
80.187.67.145 - - [08/Mar/2026:22:44:29 +0100] "GET /wp-content/uploads/icon-1.svg HTTP/1.0" 304 3927 "https://halkfinanz.inglory.de/wp-admin/post.php?post=20&action=elementor" "Mozilla/5.0 (Macintosh; Intel Mac OS X 10_15_7) AppleWebKit/537.36 (KHTML, like Gecko) Chrome/145.0.0.0 Safari/537.36"
80.187.67.145 - - [08/Mar/2026:22:44:29 +0100] "GET /wp-content/uploads/icon-1-1.svg HTTP/1.0" 304 3926 "https://halkfinanz.inglory.de/wp-admin/post.php?post=20&action=elementor" "Mozilla/5.0 (Macintosh; Intel Mac OS X 10_15_7) AppleWebKit/537.36 (KHTML, like Gecko) Chrome/145.0.0.0 Safari/537.36"
80.187.67.145 - - [08/Mar/2026:22:44:29 +0100] "GET /wp-content/plugins/elementor/assets/lib/font-awesome/css/fontawesome.min.css?ver=5.15.3 HTTP/1.0" 304 3927 "https://halkfinanz.inglory.de/?elementor_library=footer&elementor-preview=20&ver=1773006267" "Mozilla/5.0 (Macintosh; Intel Mac OS X 10_15_7) AppleWebKit/537.36 (KHTML, like Gecko) Chrome/145.0.0.0 Safari/537.36"
80.187.67.145 - - [08/Mar/2026:22:44:29 +0100] "GET /wp-content/uploads/up-button.svg HTTP/1.0" 304 3926 "https://halkfinanz.inglory.de/wp-admin/post.php?post=20&action=elementor" "Mozilla/5.0 (Macintosh; Intel Mac OS X 10_15_7) AppleWebKit/537.36 (KHTML, like Gecko) Chrome/145.0.0.0 Safari/537.36"
80.187.67.145 - - [08/Mar/2026:22:44:29 +0100] "POST /mod_pagespeed_beacon?url=https%3A%2F%2Fhalkfinanz.inglory.de%2F%3Felementor_library%3Dfooter%26elementor-preview%3D20%26ver%3D1773006267 HTTP/1.0" 204 3905 "https://halkfinanz.inglory.de/?elementor_library=footer&elementor-preview=20&ver=1773006267" "Mozilla/5.0 (Macintosh; Intel Mac OS X 10_15_7) AppleWebKit/537.36 (KHTML, like Gecko) Chrome/145.0.0.0 Safari/537.36"
80.187.67.145 - - [08/Mar/2026:22:44:29 +0100] "GET /wp-content/uploads/users-1-1.png HTTP/1.0" 304 3899 "https://halkfinanz.inglory.de/?elementor_library=footer&elementor-preview=20&ver=1773006267" "Mozilla/5.0 (Macintosh; Intel Mac OS X 10_15_7) AppleWebKit/537.36 (KHTML, like Gecko) Chrome/145.0.0.0 Safari/537.36"
80.187.67.145 - - [08/Mar/2026:22:44:29 +0100] "GET /wp-json/elementor/v1/user-data/current-user?context=edit HTTP/1.0" 200 5893 "https://halkfinanz.inglory.de/wp-admin/post.php?post=20&action=elementor" "Mozilla/5.0 (Macintosh; Intel Mac OS X 10_15_7) AppleWebKit/537.36 (KHTML, like Gecko) Chrome/145.0.0.0 Safari/537.36"
80.187.67.145 - - [08/Mar/2026:22:44:29 +0100] "POST /wp-admin/admin-ajax.php HTTP/1.0" 200 4929 "https://halkfinanz.inglory.de/wp-admin/post.php?post=20&action=elementor" "Mozilla/5.0 (Macintosh; Intel Mac OS X 10_15_7) AppleWebKit/537.36 (KHTML, like Gecko) Chrome/145.0.0.0 Safari/537.36"
80.187.67.145 - - [08/Mar/2026:22:44:30 +0100] "POST /wp-admin/admin-ajax.php HTTP/1.0" 200 4920 "https://halkfinanz.inglory.de/wp-admin/post.php?post=20&action=elementor" "Mozilla/5.0 (Macintosh; Intel Mac OS X 10_15_7) AppleWebKit/537.36 (KHTML, like Gecko) Chrome/145.0.0.0 Safari/537.36"
80.187.67.145 - - [08/Mar/2026:22:44:31 +0100] "GET /wp-content/uploads/users-1-1.png HTTP/1.0" 304 3899 "https://halkfinanz.inglory.de/?elementor_library=footer&elementor-preview=20&ver=1773006267" "Mozilla/5.0 (Macintosh; Intel Mac OS X 10_15_7) AppleWebKit/537.36 (KHTML, like Gecko) Chrome/145.0.0.0 Safari/537.36"
80.187.67.145 - - [08/Mar/2026:22:44:37 +0100] "GET /wp-admin/post.php?post=20&action=edit HTTP/1.0" 200 42748 "https://halkfinanz.inglory.de/wp-admin/post.php?post=20&action=elementor" "Mozilla/5.0 (Macintosh; Intel Mac OS X 10_15_7) AppleWebKit/537.36 (KHTML, like Gecko) Chrome/145.0.0.0 Safari/537.36"
80.187.67.145 - - [08/Mar/2026:22:44:38 +0100] "GET /wp-content/plugins/elementor-pro/assets/css/admin.min.css?ver=3.35.1 HTTP/1.0" 200 7875 "https://halkfinanz.inglory.de/wp-admin/post.php?post=20&action=edit" "Mozilla/5.0 (Macintosh; Intel Mac OS X 10_15_7) AppleWebKit/537.36 (KHTML, like Gecko) Chrome/145.0.0.0 Safari/537.36"
80.187.67.145 - - [08/Mar/2026:22:44:38 +0100] "GET /wp-content/plugins/elementor/assets/lib/eicons/css/elementor-icons.min.css?ver=5.47.0 HTTP/1.0" 304 3927 "https://halkfinanz.inglory.de/wp-admin/post.php?post=20&action=edit" "Mozilla/5.0 (Macintosh; Intel Mac OS X 10_15_7) AppleWebKit/537.36 (KHTML, like Gecko) Chrome/145.0.0.0 Safari/537.36"
80.187.67.145 - - [08/Mar/2026:22:44:38 +0100] "GET /wp-admin/load-scripts.php?c=0&load%5Bchunk_0%5D=jquery-core,jquery-migrate,utils,moxiejs,plupload&ver=6.9.1 HTTP/1.0" 200 71186 "https://halkfinanz.inglory.de/wp-admin/post.php?post=20&action=edit" "Mozilla/5.0 (Macintosh; Intel Mac OS X 10_15_7) AppleWebKit/537.36 (KHTML, like Gecko) Chrome/145.0.0.0 Safari/537.36"
80.187.67.145 - - [08/Mar/2026:22:44:38 +0100] "GET /wp-admin/load-styles.php?c=0&dir=ltr&load%5Bchunk_0%5D=dashicons,admin-bar,buttons,media-views,common,forms,admin-menu,dashboard,list-tables,edit,revisions,media,themes,about,nav-menu&load%5Bchunk_1%5D=s,wp-pointer,widgets,site-icon,l10n,wp-auth-check,wp-components,wp-commands&ver=6.9.1 HTTP/1.0" 200 131746 "https://halkfinanz.inglory.de/wp-admin/post.php?post=20&action=edit" "Mozilla/5.0 (Macintosh; Intel Mac OS X 10_15_7) AppleWebKit/537.36 (KHTML, like Gecko) Chrome/145.0.0.0 Safari/537.36"
80.187.67.145 - - [08/Mar/2026:22:44:38 +0100] "GET /wp-includes/js/dist/i18n.min.js?ver=c26c3dc7bed366793375 HTTP/1.0" 304 3899 "https://halkfinanz.inglory.de/wp-admin/post.php?post=20&action=edit" "Mozilla/5.0 (Macintosh; Intel Mac OS X 10_15_7) AppleWebKit/537.36 (KHTML, like Gecko) Chrome/145.0.0.0 Safari/537.36"
80.187.67.145 - - [08/Mar/2026:22:44:38 +0100] "GET /wp-includes/js/dist/a11y.min.js?ver=cb460b4676c94bd228ed HTTP/1.0" 304 3926 "https://halkfinanz.inglory.de/wp-admin/post.php?post=20&action=edit" "Mozilla/5.0 (Macintosh; Intel Mac OS X 10_15_7) AppleWebKit/537.36 (KHTML, like Gecko) Chrome/145.0.0.0 Safari/537.36"
80.187.67.145 - - [08/Mar/2026:22:44:38 +0100] "GET /wp-includes/js/admin-bar.min.js?ver=6.9.1 HTTP/1.0" 304 3898 "https://halkfinanz.inglory.de/wp-admin/post.php?post=20&action=edit" "Mozilla/5.0 (Macintosh; Intel Mac OS X 10_15_7) AppleWebKit/537.36 (KHTML, like Gecko) Chrome/145.0.0.0 Safari/537.36"
80.187.67.145 - - [08/Mar/2026:22:44:38 +0100] "GET /wp-includes/js/underscore.min.js?ver=1.13.7 HTTP/1.0" 304 3899 "https://halkfinanz.inglory.de/wp-admin/post.php?post=20&action=edit" "Mozilla/5.0 (Macintosh; Intel Mac OS X 10_15_7) AppleWebKit/537.36 (KHTML, like Gecko) Chrome/145.0.0.0 Safari/537.36"
80.187.67.145 - - [08/Mar/2026:22:44:38 +0100] "GET /wp-includes/js/clipboard.min.js?ver=2.0.11 HTTP/1.0" 304 3927 "https://halkfinanz.inglory.de/wp-admin/post.php?post=20&action=edit" "Mozilla/5.0 (Macintosh; Intel Mac OS X 10_15_7) AppleWebKit/537.36 (KHTML, like Gecko) Chrome/145.0.0.0 Safari/537.36"
