94.130.90.54 - - [08/Mar/2026:21:52:12 +0100] "GET /wp-content/uploads/img-1-1-768x1040.jpg HTTP/1.1" 304 3413 "https://halkfinanz.inglory.de/?preview_id=16&preview_nonce=b579bd6e7d&preview=true" "Serf/1.3.9 (mod_pagespeed/1.13.35.2-0)"
80.187.67.145 - - [08/Mar/2026:21:52:12 +0100] "GET /wp-includes/js/dist/hooks.min.js?ver=dd5603f07f9220ed27f1 HTTP/1.0" 304 3927 "https://halkfinanz.inglory.de/?preview_id=16&preview_nonce=b579bd6e7d&preview=true" "Mozilla/5.0 (Macintosh; Intel Mac OS X 10_15_7) AppleWebKit/537.36 (KHTML, like Gecko) Chrome/145.0.0.0 Safari/537.36"
80.187.67.145 - - [08/Mar/2026:21:52:12 +0100] "GET /wp-includes/js/dist/i18n.min.js?ver=c26c3dc7bed366793375 HTTP/1.0" 304 3927 "https://halkfinanz.inglory.de/?preview_id=16&preview_nonce=b579bd6e7d&preview=true" "Mozilla/5.0 (Macintosh; Intel Mac OS X 10_15_7) AppleWebKit/537.36 (KHTML, like Gecko) Chrome/145.0.0.0 Safari/537.36"
94.130.90.54 - - [08/Mar/2026:21:52:12 +0100] "GET /wp-content/uploads/img-1-1-1134x1536.jpg HTTP/1.1" 304 3413 "https://halkfinanz.inglory.de/?preview_id=16&preview_nonce=b579bd6e7d&preview=true" "Serf/1.3.9 (mod_pagespeed/1.13.35.2-0)"
80.187.67.145 - - [08/Mar/2026:21:52:12 +0100] "GET /wp-content/plugins/elementor-pro/assets/js/notes/notes-app-initiator.min.js?ver=3.35.1 HTTP/1.0" 304 3926 "https://halkfinanz.inglory.de/?preview_id=16&preview_nonce=b579bd6e7d&preview=true" "Mozilla/5.0 (Macintosh; Intel Mac OS X 10_15_7) AppleWebKit/537.36 (KHTML, like Gecko) Chrome/145.0.0.0 Safari/537.36"
94.130.90.54 - - [08/Mar/2026:21:52:12 +0100] "GET /wp-content/uploads/img-1.png HTTP/1.1" 304 3413 "https://halkfinanz.inglory.de/?preview_id=16&preview_nonce=b579bd6e7d&preview=true" "Serf/1.3.9 (mod_pagespeed/1.13.35.2-0)"
80.187.67.145 - - [08/Mar/2026:21:52:12 +0100] "GET /wp-content/plugins/elementor-pro/assets/js/notes/notes.min.js?ver=3.35.1 HTTP/1.0" 304 3927 "https://halkfinanz.inglory.de/?preview_id=16&preview_nonce=b579bd6e7d&preview=true" "Mozilla/5.0 (Macintosh; Intel Mac OS X 10_15_7) AppleWebKit/537.36 (KHTML, like Gecko) Chrome/145.0.0.0 Safari/537.36"
80.187.67.145 - - [08/Mar/2026:21:52:12 +0100] "GET /wp-includes/js/underscore.min.js?ver=1.13.7 HTTP/1.0" 304 3927 "https://halkfinanz.inglory.de/?preview_id=16&preview_nonce=b579bd6e7d&preview=true" "Mozilla/5.0 (Macintosh; Intel Mac OS X 10_15_7) AppleWebKit/537.36 (KHTML, like Gecko) Chrome/145.0.0.0 Safari/537.36"
80.187.67.145 - - [08/Mar/2026:21:52:12 +0100] "GET /wp-content/plugins/elementor/assets/lib/dialog/dialog.min.js?ver=4.9.4 HTTP/1.0" 304 3927 "https://halkfinanz.inglory.de/?preview_id=16&preview_nonce=b579bd6e7d&preview=true" "Mozilla/5.0 (Macintosh; Intel Mac OS X 10_15_7) AppleWebKit/537.36 (KHTML, like Gecko) Chrome/145.0.0.0 Safari/537.36"
80.187.67.145 - - [08/Mar/2026:21:52:12 +0100] "GET /wp-content/plugins/elementor/assets/js/webpack.runtime.min.js?ver=3.35.6 HTTP/1.0" 304 3927 "https://halkfinanz.inglory.de/?preview_id=16&preview_nonce=b579bd6e7d&preview=true" "Mozilla/5.0 (Macintosh; Intel Mac OS X 10_15_7) AppleWebKit/537.36 (KHTML, like Gecko) Chrome/145.0.0.0 Safari/537.36"
80.187.67.145 - - [08/Mar/2026:21:52:12 +0100] "GET /wp-content/plugins/elementor/assets/js/frontend-modules.min.js?ver=3.35.6 HTTP/1.0" 304 3927 "https://halkfinanz.inglory.de/?preview_id=16&preview_nonce=b579bd6e7d&preview=true" "Mozilla/5.0 (Macintosh; Intel Mac OS X 10_15_7) AppleWebKit/537.36 (KHTML, like Gecko) Chrome/145.0.0.0 Safari/537.36"
94.130.90.54 - - [08/Mar/2026:21:52:12 +0100] "GET /wp-content/uploads/img-1.png HTTP/1.1" 304 3413 "https://halkfinanz.inglory.de/?preview_id=16&preview_nonce=b579bd6e7d&preview=true" "Serf/1.3.9 (mod_pagespeed/1.13.35.2-0)"
80.187.67.145 - - [08/Mar/2026:21:52:12 +0100] "GET /wp-content/plugins/elementor-pro/assets/lib/smartmenus/jquery.smartmenus.min.js?ver=1.2.1 HTTP/1.0" 200 11228 "https://halkfinanz.inglory.de/?preview_id=16&preview_nonce=b579bd6e7d&preview=true" "Mozilla/5.0 (Macintosh; Intel Mac OS X 10_15_7) AppleWebKit/537.36 (KHTML, like Gecko) Chrome/145.0.0.0 Safari/537.36"
94.130.90.54 - - [08/Mar/2026:21:52:12 +0100] "GET /wp-content/uploads/img-1-297x300.png HTTP/1.1" 304 3412 "https://halkfinanz.inglory.de/?preview_id=16&preview_nonce=b579bd6e7d&preview=true" "Serf/1.3.9 (mod_pagespeed/1.13.35.2-0)"
80.187.67.145 - - [08/Mar/2026:21:52:12 +0100] "GET /wp-content/plugins/elementor-pro/assets/lib/sticky/jquery.sticky.min.js?ver=3.35.1 HTTP/1.0" 304 3926 "https://halkfinanz.inglory.de/?preview_id=16&preview_nonce=b579bd6e7d&preview=true" "Mozilla/5.0 (Macintosh; Intel Mac OS X 10_15_7) AppleWebKit/537.36 (KHTML, like Gecko) Chrome/145.0.0.0 Safari/537.36"
80.187.67.145 - - [08/Mar/2026:21:52:12 +0100] "GET /wp-content/plugins/elementor-pro/assets/js/webpack-pro.runtime.min.js?ver=3.35.1 HTTP/1.0" 304 3927 "https://halkfinanz.inglory.de/?preview_id=16&preview_nonce=b579bd6e7d&preview=true" "Mozilla/5.0 (Macintosh; Intel Mac OS X 10_15_7) AppleWebKit/537.36 (KHTML, like Gecko) Chrome/145.0.0.0 Safari/537.36"
80.187.67.145 - - [08/Mar/2026:21:52:12 +0100] "GET /wp-content/plugins/Funnelforms-pro/res/frontend/scripts/intlTelInputSelect2.js?ver=3.8.1 HTTP/1.0" 304 3927 "https://halkfinanz.inglory.de/?preview_id=16&preview_nonce=b579bd6e7d&preview=true" "Mozilla/5.0 (Macintosh; Intel Mac OS X 10_15_7) AppleWebKit/537.36 (KHTML, like Gecko) Chrome/145.0.0.0 Safari/537.36"
80.187.67.145 - - [08/Mar/2026:21:52:12 +0100] "GET /wp-content/plugins/Funnelforms-pro/res/frontend/scripts/dropzone.js?ver=3.8.1 HTTP/1.0" 304 3927 "https://halkfinanz.inglory.de/?preview_id=16&preview_nonce=b579bd6e7d&preview=true" "Mozilla/5.0 (Macintosh; Intel Mac OS X 10_15_7) AppleWebKit/537.36 (KHTML, like Gecko) Chrome/145.0.0.0 Safari/537.36"
80.187.67.145 - - [08/Mar/2026:21:52:12 +0100] "GET /wp-content/plugins/elementor-pro/assets/js/elements-handlers.min.js?ver=3.35.1 HTTP/1.0" 304 3927 "https://halkfinanz.inglory.de/?preview_id=16&preview_nonce=b579bd6e7d&preview=true" "Mozilla/5.0 (Macintosh; Intel Mac OS X 10_15_7) AppleWebKit/537.36 (KHTML, like Gecko) Chrome/145.0.0.0 Safari/537.36"
94.130.90.54 - - [08/Mar/2026:21:52:12 +0100] "GET /wp-content/uploads/img-2-1.png HTTP/1.1" 304 3412 "https://halkfinanz.inglory.de/?preview_id=16&preview_nonce=b579bd6e7d&preview=true" "Serf/1.3.9 (mod_pagespeed/1.13.35.2-0)"
80.187.67.145 - - [08/Mar/2026:21:52:12 +0100] "GET /wp-content/uploads/logo-4.png HTTP/1.0" 304 3927 "https://halkfinanz.inglory.de/?preview_id=16&preview_nonce=b579bd6e7d&preview=true" "Mozilla/5.0 (Macintosh; Intel Mac OS X 10_15_7) AppleWebKit/537.36 (KHTML, like Gecko) Chrome/145.0.0.0 Safari/537.36"
80.187.67.145 - - [08/Mar/2026:21:52:12 +0100] "GET /wp-content/plugins/elementor-pro/assets/js/frontend.min.js?ver=3.35.1 HTTP/1.0" 304 3927 "https://halkfinanz.inglory.de/?preview_id=16&preview_nonce=b579bd6e7d&preview=true" "Mozilla/5.0 (Macintosh; Intel Mac OS X 10_15_7) AppleWebKit/537.36 (KHTML, like Gecko) Chrome/145.0.0.0 Safari/537.36"
80.187.67.145 - - [08/Mar/2026:21:52:12 +0100] "GET /wp-content/uploads/logo-2.png HTTP/1.0" 304 3927 "https://halkfinanz.inglory.de/?preview_id=16&preview_nonce=b579bd6e7d&preview=true" "Mozilla/5.0 (Macintosh; Intel Mac OS X 10_15_7) AppleWebKit/537.36 (KHTML, like Gecko) Chrome/145.0.0.0 Safari/537.36"
80.187.67.145 - - [08/Mar/2026:21:52:12 +0100] "GET /wp-content/uploads/logo-5.png HTTP/1.0" 304 3927 "https://halkfinanz.inglory.de/?preview_id=16&preview_nonce=b579bd6e7d&preview=true" "Mozilla/5.0 (Macintosh; Intel Mac OS X 10_15_7) AppleWebKit/537.36 (KHTML, like Gecko) Chrome/145.0.0.0 Safari/537.36"
80.187.67.145 - - [08/Mar/2026:21:52:12 +0100] "GET /wp-includes/js/admin-bar.min.js?ver=6.9.1 HTTP/1.0" 304 3926 "https://halkfinanz.inglory.de/?preview_id=16&preview_nonce=b579bd6e7d&preview=true" "Mozilla/5.0 (Macintosh; Intel Mac OS X 10_15_7) AppleWebKit/537.36 (KHTML, like Gecko) Chrome/145.0.0.0 Safari/537.36"
80.187.67.145 - - [08/Mar/2026:21:52:12 +0100] "GET /wp-content/plugins/elementor/assets/js/elementor-admin-bar.min.js?ver=3.35.6 HTTP/1.0" 304 3927 "https://halkfinanz.inglory.de/?preview_id=16&preview_nonce=b579bd6e7d&preview=true" "Mozilla/5.0 (Macintosh; Intel Mac OS X 10_15_7) AppleWebKit/537.36 (KHTML, like Gecko) Chrome/145.0.0.0 Safari/537.36"
80.187.67.145 - - [08/Mar/2026:21:52:12 +0100] "GET /wp-content/uploads/freebiemockupv3.png HTTP/1.0" 304 3929 "https://halkfinanz.inglory.de/?preview_id=16&preview_nonce=b579bd6e7d&preview=true" "Mozilla/5.0 (Macintosh; Intel Mac OS X 10_15_7) AppleWebKit/537.36 (KHTML, like Gecko) Chrome/145.0.0.0 Safari/537.36"
94.130.90.54 - - [08/Mar/2026:21:52:12 +0100] "GET /wp-content/uploads/img-2-1.png HTTP/1.1" 304 3412 "https://halkfinanz.inglory.de/?preview_id=16&preview_nonce=b579bd6e7d&preview=true" "Serf/1.3.9 (mod_pagespeed/1.13.35.2-0)"
80.187.67.145 - - [08/Mar/2026:21:52:12 +0100] "GET /wp-content/uploads/logo-3.png HTTP/1.0" 304 3927 "https://halkfinanz.inglory.de/?preview_id=16&preview_nonce=b579bd6e7d&preview=true" "Mozilla/5.0 (Macintosh; Intel Mac OS X 10_15_7) AppleWebKit/537.36 (KHTML, like Gecko) Chrome/145.0.0.0 Safari/537.36"
80.187.67.145 - - [08/Mar/2026:21:52:12 +0100] "GET /wp-content/uploads/img-1-1.jpg HTTP/1.0" 304 3928 "https://halkfinanz.inglory.de/?preview_id=16&preview_nonce=b579bd6e7d&preview=true" "Mozilla/5.0 (Macintosh; Intel Mac OS X 10_15_7) AppleWebKit/537.36 (KHTML, like Gecko) Chrome/145.0.0.0 Safari/537.36"
80.187.67.145 - - [08/Mar/2026:21:52:12 +0100] "GET /wp-content/uploads/img-1.jpg HTTP/1.0" 304 3928 "https://halkfinanz.inglory.de/?preview_id=16&preview_nonce=b579bd6e7d&preview=true" "Mozilla/5.0 (Macintosh; Intel Mac OS X 10_15_7) AppleWebKit/537.36 (KHTML, like Gecko) Chrome/145.0.0.0 Safari/537.36"
94.130.90.54 - - [08/Mar/2026:21:52:12 +0100] "GET /wp-content/uploads/img-2-1-297x300.png HTTP/1.1" 304 3412 "https://halkfinanz.inglory.de/?preview_id=16&preview_nonce=b579bd6e7d&preview=true" "Serf/1.3.9 (mod_pagespeed/1.13.35.2-0)"
94.130.90.54 - - [08/Mar/2026:21:52:12 +0100] "GET /wp-content/uploads/img-3-1-scaled.jpg HTTP/1.1" 304 3413 "https://halkfinanz.inglory.de/?preview_id=16&preview_nonce=b579bd6e7d&preview=true" "Serf/1.3.9 (mod_pagespeed/1.13.35.2-0)"
94.130.90.54 - - [08/Mar/2026:21:52:12 +0100] "GET /wp-content/uploads/img-3-1-scaled.jpg HTTP/1.1" 304 3413 "https://halkfinanz.inglory.de/?preview_id=16&preview_nonce=b579bd6e7d&preview=true" "Serf/1.3.9 (mod_pagespeed/1.13.35.2-0)"
94.130.90.54 - - [08/Mar/2026:21:52:12 +0100] "GET /wp-content/uploads/img-3-1-160x300.jpg HTTP/1.1" 304 3412 "https://halkfinanz.inglory.de/?preview_id=16&preview_nonce=b579bd6e7d&preview=true" "Serf/1.3.9 (mod_pagespeed/1.13.35.2-0)"
94.130.90.54 - - [08/Mar/2026:21:52:12 +0100] "GET /wp-content/uploads/img-3-1-546x1024.jpg HTTP/1.1" 304 3413 "https://halkfinanz.inglory.de/?preview_id=16&preview_nonce=b579bd6e7d&preview=true" "Serf/1.3.9 (mod_pagespeed/1.13.35.2-0)"
94.130.90.54 - - [08/Mar/2026:21:52:12 +0100] "GET /wp-content/uploads/img-3-1-768x1440.jpg HTTP/1.1" 304 3413 "https://halkfinanz.inglory.de/?preview_id=16&preview_nonce=b579bd6e7d&preview=true" "Serf/1.3.9 (mod_pagespeed/1.13.35.2-0)"
94.130.90.54 - - [08/Mar/2026:21:52:12 +0100] "GET /wp-content/uploads/img-3-1-819x1536.jpg HTTP/1.1" 304 3413 "https://halkfinanz.inglory.de/?preview_id=16&preview_nonce=b579bd6e7d&preview=true" "Serf/1.3.9 (mod_pagespeed/1.13.35.2-0)"
94.130.90.54 - - [08/Mar/2026:21:52:12 +0100] "GET /wp-content/uploads/img-3-1-1092x2048.jpg HTTP/1.1" 304 3413 "https://halkfinanz.inglory.de/?preview_id=16&preview_nonce=b579bd6e7d&preview=true" "Serf/1.3.9 (mod_pagespeed/1.13.35.2-0)"
94.130.90.54 - - [08/Mar/2026:21:52:12 +0100] "GET /wp-content/uploads/img-4.jpg HTTP/1.1" 304 3412 "https://halkfinanz.inglory.de/?preview_id=16&preview_nonce=b579bd6e7d&preview=true" "Serf/1.3.9 (mod_pagespeed/1.13.35.2-0)"
94.130.90.54 - - [08/Mar/2026:21:52:12 +0100] "GET /wp-content/uploads/quote.png HTTP/1.1" 200 4471 "https://halkfinanz.inglory.de/?preview_id=16&preview_nonce=b579bd6e7d&preview=true" "Serf/1.3.9 (mod_pagespeed/1.13.35.2-0)"
94.130.90.54 - - [08/Mar/2026:21:52:12 +0100] "GET /wp-content/uploads/img-5.jpg HTTP/1.1" 304 3412 "https://halkfinanz.inglory.de/?preview_id=16&preview_nonce=b579bd6e7d&preview=true" "Serf/1.3.9 (mod_pagespeed/1.13.35.2-0)"
94.130.90.54 - - [08/Mar/2026:21:52:12 +0100] "GET /wp-content/uploads/freebiemockupv3.png HTTP/1.1" 304 3414 "https://halkfinanz.inglory.de/?preview_id=16&preview_nonce=b579bd6e7d&preview=true" "Serf/1.3.9 (mod_pagespeed/1.13.35.2-0)"
94.130.90.54 - - [08/Mar/2026:21:52:12 +0100] "GET /wp-content/uploads/freebiemockupv3.png HTTP/1.1" 304 3414 "https://halkfinanz.inglory.de/?preview_id=16&preview_nonce=b579bd6e7d&preview=true" "Serf/1.3.9 (mod_pagespeed/1.13.35.2-0)"
94.130.90.54 - - [08/Mar/2026:21:52:12 +0100] "GET /wp-content/uploads/freebiemockupv3-300x286.png HTTP/1.1" 304 3413 "https://halkfinanz.inglory.de/?preview_id=16&preview_nonce=b579bd6e7d&preview=true" "Serf/1.3.9 (mod_pagespeed/1.13.35.2-0)"
94.130.90.54 - - [08/Mar/2026:21:52:12 +0100] "GET /wp-content/uploads/freebiemockupv3-1024x975.png HTTP/1.1" 304 3413 "https://halkfinanz.inglory.de/?preview_id=16&preview_nonce=b579bd6e7d&preview=true" "Serf/1.3.9 (mod_pagespeed/1.13.35.2-0)"
94.130.90.54 - - [08/Mar/2026:21:52:12 +0100] "GET /wp-content/uploads/freebiemockupv3-768x731.png HTTP/1.1" 304 3413 "https://halkfinanz.inglory.de/?preview_id=16&preview_nonce=b579bd6e7d&preview=true" "Serf/1.3.9 (mod_pagespeed/1.13.35.2-0)"
94.130.90.54 - - [08/Mar/2026:21:52:12 +0100] "GET /wp-content/uploads/freebiemockupv2.png HTTP/1.1" 304 3414 "https://halkfinanz.inglory.de/?preview_id=16&preview_nonce=b579bd6e7d&preview=true" "Serf/1.3.9 (mod_pagespeed/1.13.35.2-0)"
94.130.90.54 - - [08/Mar/2026:21:52:12 +0100] "GET /wp-content/uploads/freebiemockupv2.png HTTP/1.1" 304 3414 "https://halkfinanz.inglory.de/?preview_id=16&preview_nonce=b579bd6e7d&preview=true" "Serf/1.3.9 (mod_pagespeed/1.13.35.2-0)"
94.130.90.54 - - [08/Mar/2026:21:52:12 +0100] "GET /wp-content/uploads/freebiemockupv2-300x286.png HTTP/1.1" 304 3413 "https://halkfinanz.inglory.de/?preview_id=16&preview_nonce=b579bd6e7d&preview=true" "Serf/1.3.9 (mod_pagespeed/1.13.35.2-0)"
94.130.90.54 - - [08/Mar/2026:21:52:12 +0100] "GET /wp-content/uploads/freebiemockupv2-768x732.png HTTP/1.1" 304 3413 "https://halkfinanz.inglory.de/?preview_id=16&preview_nonce=b579bd6e7d&preview=true" "Serf/1.3.9 (mod_pagespeed/1.13.35.2-0)"
94.130.90.54 - - [08/Mar/2026:21:52:12 +0100] "GET /wp-includes/js/jquery/jquery.min.js?ver=3.7.1 HTTP/1.1" 304 3413 "https://halkfinanz.inglory.de/?preview_id=16&preview_nonce=b579bd6e7d&preview=true" "Serf/1.3.9 (mod_pagespeed/1.13.35.2-0)"
94.130.90.54 - - [08/Mar/2026:21:52:12 +0100] "GET /wp-includes/js/jquery/jquery-migrate.min.js?ver=3.4.1 HTTP/1.1" 304 3412 "https://halkfinanz.inglory.de/?preview_id=16&preview_nonce=b579bd6e7d&preview=true" "Serf/1.3.9 (mod_pagespeed/1.13.35.2-0)"
94.130.90.54 - - [08/Mar/2026:21:52:12 +0100] "GET /wp-content/plugins/elementor/assets/js/web-cli.min.js?ver=3.35.6 HTTP/1.1" 200 174289 "https://halkfinanz.inglory.de/?preview_id=16&preview_nonce=b579bd6e7d&preview=true" "Serf/1.3.9 (mod_pagespeed/1.13.35.2-0)"
94.130.90.54 - - [08/Mar/2026:21:52:12 +0100] "GET /wp-includes/js/dist/vendor/react.min.js?ver=18.3.1.1 HTTP/1.1" 304 3412 "https://halkfinanz.inglory.de/?preview_id=16&preview_nonce=b579bd6e7d&preview=true" "Serf/1.3.9 (mod_pagespeed/1.13.35.2-0)"
94.130.90.54 - - [08/Mar/2026:21:52:12 +0100] "GET /wp-includes/js/dist/vendor/react-dom.min.js?ver=18.3.1.1 HTTP/1.1" 200 132734 "https://halkfinanz.inglory.de/?preview_id=16&preview_nonce=b579bd6e7d&preview=true" "Serf/1.3.9 (mod_pagespeed/1.13.35.2-0)"
94.130.90.54 - - [08/Mar/2026:21:52:12 +0100] "GET /wp-includes/js/dist/hooks.min.js?ver=dd5603f07f9220ed27f1 HTTP/1.1" 200 9243 "https://halkfinanz.inglory.de/?preview_id=16&preview_nonce=b579bd6e7d&preview=true" "Serf/1.3.9 (mod_pagespeed/1.13.35.2-0)"
94.130.90.54 - - [08/Mar/2026:21:52:12 +0100] "GET /wp-includes/js/dist/i18n.min.js?ver=c26c3dc7bed366793375 HTTP/1.1" 200 8896 "https://halkfinanz.inglory.de/?preview_id=16&preview_nonce=b579bd6e7d&preview=true" "Serf/1.3.9 (mod_pagespeed/1.13.35.2-0)"
94.130.90.54 - - [08/Mar/2026:21:52:12 +0100] "GET /wp-content/plugins/elementor-pro/assets/js/notes/notes.min.js?ver=3.35.1 HTTP/1.1" 304 3412 "https://halkfinanz.inglory.de/?preview_id=16&preview_nonce=b579bd6e7d&preview=true" "Serf/1.3.9 (mod_pagespeed/1.13.35.2-0)"
94.130.90.54 - - [08/Mar/2026:21:52:12 +0100] "GET /wp-includes/js/api-request.min.js?ver=6.9.1 HTTP/1.1" 304 3411 "https://halkfinanz.inglory.de/?preview_id=16&preview_nonce=b579bd6e7d&preview=true" "Serf/1.3.9 (mod_pagespeed/1.13.35.2-0)"
94.130.90.54 - - [08/Mar/2026:21:52:12 +0100] "GET /wp-content/plugins/elementor/assets/js/dev-tools.min.js?ver=3.35.6 HTTP/1.1" 200 11159 "https://halkfinanz.inglory.de/?preview_id=16&preview_nonce=b579bd6e7d&preview=true" "Serf/1.3.9 (mod_pagespeed/1.13.35.2-0)"
94.130.90.54 - - [08/Mar/2026:21:52:12 +0100] "GET /wp-content/plugins/elementor/assets/js/common.min.js?ver=3.35.6 HTTP/1.1" 200 540070 "https://halkfinanz.inglory.de/?preview_id=16&preview_nonce=b579bd6e7d&preview=true" "Serf/1.3.9 (mod_pagespeed/1.13.35.2-0)"
94.130.90.54 - - [08/Mar/2026:21:52:12 +0100] "GET /wp-content/plugins/elementor/assets/js/app-loader.min.js?ver=3.35.6 HTTP/1.1" 200 93959 "https://halkfinanz.inglory.de/?preview_id=16&preview_nonce=b579bd6e7d&preview=true" "Serf/1.3.9 (mod_pagespeed/1.13.35.2-0)"
94.130.90.54 - - [08/Mar/2026:21:52:12 +0100] "GET /wp-content/plugins/elementor/assets/js/webpack.runtime.min.js?ver=3.35.6 HTTP/1.1" 200 9304 "https://halkfinanz.inglory.de/?preview_id=16&preview_nonce=b579bd6e7d&preview=true" "Serf/1.3.9 (mod_pagespeed/1.13.35.2-0)"
94.130.90.54 - - [08/Mar/2026:21:52:12 +0100] "GET /wp-content/plugins/elementor/assets/js/frontend-modules.min.js?ver=3.35.6 HTTP/1.1" 304 3412 "https://halkfinanz.inglory.de/?preview_id=16&preview_nonce=b579bd6e7d&preview=true" "Serf/1.3.9 (mod_pagespeed/1.13.35.2-0)"
94.130.90.54 - - [08/Mar/2026:21:52:12 +0100] "GET /wp-content/plugins/elementor/assets/js/frontend.min.js?ver=3.35.6 HTTP/1.1" 304 3412 "https://halkfinanz.inglory.de/?preview_id=16&preview_nonce=b579bd6e7d&preview=true" "Serf/1.3.9 (mod_pagespeed/1.13.35.2-0)"
94.130.90.54 - - [08/Mar/2026:21:52:12 +0100] "GET /wp-content/plugins/elementor-pro/assets/lib/smartmenus/jquery.smartmenus.min.js?ver=1.2.1 HTTP/1.1" 200 27721 "https://halkfinanz.inglory.de/?preview_id=16&preview_nonce=b579bd6e7d&preview=true" "Serf/1.3.9 (mod_pagespeed/1.13.35.2-0)"
94.130.90.54 - - [08/Mar/2026:21:52:12 +0100] "GET /wp-content/plugins/elementor-pro/assets/lib/sticky/jquery.sticky.min.js?ver=3.35.1 HTTP/1.1" 304 3411 "https://halkfinanz.inglory.de/?preview_id=16&preview_nonce=b579bd6e7d&preview=true" "Serf/1.3.9 (mod_pagespeed/1.13.35.2-0)"
94.130.90.54 - - [08/Mar/2026:21:52:12 +0100] "GET /wp-content/plugins/elementor/assets/lib/swiper/v8/swiper.min.js?ver=8.4.5 HTTP/1.1" 304 3413 "https://halkfinanz.inglory.de/?preview_id=16&preview_nonce=b579bd6e7d&preview=true" "Serf/1.3.9 (mod_pagespeed/1.13.35.2-0)"
80.187.67.145 - - [08/Mar/2026:21:52:12 +0100] "GET /wp-content/uploads/img-4.jpg HTTP/1.0" 304 3927 "https://halkfinanz.inglory.de/?preview_id=16&preview_nonce=b579bd6e7d&preview=true" "Mozilla/5.0 (Macintosh; Intel Mac OS X 10_15_7) AppleWebKit/537.36 (KHTML, like Gecko) Chrome/145.0.0.0 Safari/537.36"
94.130.90.54 - - [08/Mar/2026:21:52:12 +0100] "GET /wp-content/plugins/Funnelforms-pro/res/frontend/scripts/libs/jquery_ui.js?ver=3.8.1 HTTP/1.1" 304 3413 "https://halkfinanz.inglory.de/?preview_id=16&preview_nonce=b579bd6e7d&preview=true" "Serf/1.3.9 (mod_pagespeed/1.13.35.2-0)"
80.187.67.145 - - [08/Mar/2026:21:52:12 +0100] "GET /wp-content/uploads/quote.png HTTP/1.0" 304 3926 "https://halkfinanz.inglory.de/?preview_id=16&preview_nonce=b579bd6e7d&preview=true" "Mozilla/5.0 (Macintosh; Intel Mac OS X 10_15_7) AppleWebKit/537.36 (KHTML, like Gecko) Chrome/145.0.0.0 Safari/537.36"
94.130.90.54 - - [08/Mar/2026:21:52:12 +0100] "GET /wp-content/plugins/Funnelforms-pro/res/frontend/scripts/frontend.js?ver=3.8.1 HTTP/1.1" 304 3413 "https://halkfinanz.inglory.de/?preview_id=16&preview_nonce=b579bd6e7d&preview=true" "Serf/1.3.9 (mod_pagespeed/1.13.35.2-0)"
80.187.67.145 - - [08/Mar/2026:21:52:12 +0100] "GET /wp-content/uploads/img-5.jpg HTTP/1.0" 304 3927 "https://halkfinanz.inglory.de/?preview_id=16&preview_nonce=b579bd6e7d&preview=true" "Mozilla/5.0 (Macintosh; Intel Mac OS X 10_15_7) AppleWebKit/537.36 (KHTML, like Gecko) Chrome/145.0.0.0 Safari/537.36"
94.130.90.54 - - [08/Mar/2026:21:52:12 +0100] "GET /wp-content/plugins/Funnelforms-pro/res/frontend/scripts/dropzone.js?ver=3.8.1 HTTP/1.1" 200 51790 "https://halkfinanz.inglory.de/?preview_id=16&preview_nonce=b579bd6e7d&preview=true" "Serf/1.3.9 (mod_pagespeed/1.13.35.2-0)"
94.130.90.54 - - [08/Mar/2026:21:52:12 +0100] "GET /wp-content/plugins/Funnelforms-pro/res/frontend/scripts/select.js?ver=3.8.1 HTTP/1.1" 304 3413 "https://halkfinanz.inglory.de/?preview_id=16&preview_nonce=b579bd6e7d&preview=true" "Serf/1.3.9 (mod_pagespeed/1.13.35.2-0)"
94.130.90.54 - - [08/Mar/2026:21:52:12 +0100] "GET /wp-content/plugins/Funnelforms-pro/res/frontend/scripts/intlTelInputSelect2.js?ver=3.8.1 HTTP/1.1" 200 26160 "https://halkfinanz.inglory.de/?preview_id=16&preview_nonce=b579bd6e7d&preview=true" "Serf/1.3.9 (mod_pagespeed/1.13.35.2-0)"
94.130.90.54 - - [08/Mar/2026:21:52:12 +0100] "GET /wp-content/plugins/elementor-pro/assets/js/webpack-pro.runtime.min.js?ver=3.35.1 HTTP/1.1" 304 3412 "https://halkfinanz.inglory.de/?preview_id=16&preview_nonce=b579bd6e7d&preview=true" "Serf/1.3.9 (mod_pagespeed/1.13.35.2-0)"
94.130.90.54 - - [08/Mar/2026:21:52:12 +0100] "GET /wp-content/plugins/elementor-pro/assets/js/frontend.min.js?ver=3.35.1 HTTP/1.1" 304 3412 "https://halkfinanz.inglory.de/?preview_id=16&preview_nonce=b579bd6e7d&preview=true" "Serf/1.3.9 (mod_pagespeed/1.13.35.2-0)"
94.130.90.54 - - [08/Mar/2026:21:52:12 +0100] "GET /wp-content/plugins/elementor-pro/assets/js/elements-handlers.min.js?ver=3.35.1 HTTP/1.1" 304 3412 "https://halkfinanz.inglory.de/?preview_id=16&preview_nonce=b579bd6e7d&preview=true" "Serf/1.3.9 (mod_pagespeed/1.13.35.2-0)"
94.130.90.54 - - [08/Mar/2026:21:52:12 +0100] "GET /wp-content/uploads/elementor/css/post-16.css?ver=1773003131 HTTP/1.1" 200 161587 "https://halkfinanz.inglory.de/?preview_id=16&preview_nonce=b579bd6e7d&preview=true" "Serf/1.3.9 (mod_pagespeed/1.13.35.2-0)"
94.130.90.54 - - [08/Mar/2026:21:52:12 +0100] "GET /wp-content/uploads/elementor/css/post-16.css?ver=1773003132 HTTP/1.1" 200 161587 "https://halkfinanz.inglory.de/?preview_id=16&preview_nonce=b579bd6e7d&preview=true" "Serf/1.3.9 (mod_pagespeed/1.13.35.2-0)"
94.130.90.54 - - [08/Mar/2026:21:52:12 +0100] "GET /wp-content/plugins/Funnelforms-pro/res/frontend/styles/frontend.css?ver=3.8.1 HTTP/1.1" 200 61460 "https://halkfinanz.inglory.de/?preview_id=16&preview_nonce=b579bd6e7d&preview=true" "Serf/1.3.9 (mod_pagespeed/1.13.35.2-0)"
94.130.90.54 - - [08/Mar/2026:21:52:12 +0100] "GET /wp-content/plugins/Funnelforms-pro/res/frontend/styles/intlTelInput.css?ver=3.8.1 HTTP/1.1" 200 30662 "https://halkfinanz.inglory.de/?preview_id=16&preview_nonce=b579bd6e7d&preview=true" "Serf/1.3.9 (mod_pagespeed/1.13.35.2-0)"
94.130.90.54 - - [08/Mar/2026:21:52:13 +0100] "GET /wp-content/uploads/Group-1.svg HTTP/1.1" 200 5936 "https://halkfinanz.inglory.de/?preview_id=16&preview_nonce=b579bd6e7d&preview=true" "Serf/1.3.9 (mod_pagespeed/1.13.35.2-0)"
94.130.90.54 - - [08/Mar/2026:21:52:13 +0100] "GET /wp-content/uploads/circle-video-text.svg HTTP/1.1" 200 21947 "https://halkfinanz.inglory.de/?preview_id=16&preview_nonce=b579bd6e7d&preview=true" "Serf/1.3.9 (mod_pagespeed/1.13.35.2-0)"
94.130.90.54 - - [08/Mar/2026:21:52:13 +0100] "GET /wp-content/uploads/play.svg HTTP/1.1" 200 3860 "https://halkfinanz.inglory.de/?preview_id=16&preview_nonce=b579bd6e7d&preview=true" "Serf/1.3.9 (mod_pagespeed/1.13.35.2-0)"
94.130.90.54 - - [08/Mar/2026:21:52:13 +0100] "GET /wp-content/uploads/np_check_1688085_222E54.svg HTTP/1.1" 200 3979 "https://halkfinanz.inglory.de/?preview_id=16&preview_nonce=b579bd6e7d&preview=true" "Serf/1.3.9 (mod_pagespeed/1.13.35.2-0)"
80.187.67.145 - - [08/Mar/2026:21:52:13 +0100] "POST /mod_pagespeed_beacon?url=https%3A%2F%2Fhalkfinanz.inglory.de%2F%3Fpreview_id%3D16%26preview_nonce%3Db579bd6e7d%26preview%3Dtrue HTTP/1.0" 204 3905 "https://halkfinanz.inglory.de/?preview_id=16&preview_nonce=b579bd6e7d&preview=true" "Mozilla/5.0 (Macintosh; Intel Mac OS X 10_15_7) AppleWebKit/537.36 (KHTML, like Gecko) Chrome/145.0.0.0 Safari/537.36"
94.130.90.54 - - [08/Mar/2026:21:52:13 +0100] "GET /wp-content/uploads/Group-1-1.svg HTTP/1.1" 200 5912 "https://halkfinanz.inglory.de/?preview_id=16&preview_nonce=b579bd6e7d&preview=true" "Serf/1.3.9 (mod_pagespeed/1.13.35.2-0)"
94.130.90.54 - - [08/Mar/2026:21:52:13 +0100] "GET /wp-content/plugins/elementor-pro/assets/js/notes/notes-app-initiator.min.js?ver=3.35.1 HTTP/1.1" 304 3411 "https://halkfinanz.inglory.de/?preview_id=16&preview_nonce=b579bd6e7d&preview=true" "Serf/1.3.9 (mod_pagespeed/1.13.35.2-0)"
94.130.90.54 - - [08/Mar/2026:21:52:13 +0100] "GET /wp-includes/js/underscore.min.js?ver=1.13.7 HTTP/1.1" 200 22517 "https://halkfinanz.inglory.de/?preview_id=16&preview_nonce=b579bd6e7d&preview=true" "Serf/1.3.9 (mod_pagespeed/1.13.35.2-0)"
94.130.90.54 - - [08/Mar/2026:21:52:13 +0100] "GET /wp-content/plugins/elementor/assets/js/common-modules.min.js?ver=3.35.6 HTTP/1.1" 200 113118 "https://halkfinanz.inglory.de/?preview_id=16&preview_nonce=b579bd6e7d&preview=true" "Serf/1.3.9 (mod_pagespeed/1.13.35.2-0)"
94.130.90.54 - - [08/Mar/2026:21:52:13 +0100] "GET /wp-content/plugins/elementor/assets/lib/dialog/dialog.min.js?ver=4.9.4 HTTP/1.1" 304 3412 "https://halkfinanz.inglory.de/?preview_id=16&preview_nonce=b579bd6e7d&preview=true" "Serf/1.3.9 (mod_pagespeed/1.13.35.2-0)"
94.130.90.54 - - [08/Mar/2026:21:52:13 +0100] "GET /wp-includes/js/admin-bar.min.js?ver=6.9.1 HTTP/1.1" 200 7068 "https://halkfinanz.inglory.de/?preview_id=16&preview_nonce=b579bd6e7d&preview=true" "Serf/1.3.9 (mod_pagespeed/1.13.35.2-0)"
94.130.90.54 - - [08/Mar/2026:21:52:13 +0100] "GET /wp-content/uploads/video-3-1.jpg HTTP/1.1" 304 3412 "https://halkfinanz.inglory.de/?preview_id=16&preview_nonce=b579bd6e7d&preview=true" "Serf/1.3.9 (mod_pagespeed/1.13.35.2-0)"
94.130.90.54 - - [08/Mar/2026:21:52:13 +0100] "GET /wp-content/plugins/Funnelforms-pro/res/images/close_button_af2.png HTTP/1.1" 304 3412 "https://halkfinanz.inglory.de/?preview_id=16&preview_nonce=b579bd6e7d&preview=true" "Serf/1.3.9 (mod_pagespeed/1.13.35.2-0)"
94.130.90.54 - - [08/Mar/2026:21:52:13 +0100] "GET /wp-content/plugins/Funnelforms-pro/res/images/flags.png HTTP/1.1" 304 3413 "https://halkfinanz.inglory.de/?preview_id=16&preview_nonce=b579bd6e7d&preview=true" "Serf/1.3.9 (mod_pagespeed/1.13.35.2-0)"
94.130.90.54 - - [08/Mar/2026:21:52:13 +0100] "GET /wp-content/plugins/Funnelforms-pro/res/images/flags@2x.png HTTP/1.1" 304 3413 "https://halkfinanz.inglory.de/?preview_id=16&preview_nonce=b579bd6e7d&preview=true" "Serf/1.3.9 (mod_pagespeed/1.13.35.2-0)"
80.187.67.145 - - [08/Mar/2026:21:52:12 +0100] "GET /wp-admin/admin-ajax.php?_ajax_nonce=56b763cdb8&action=af2_request_data&ids%5B%5D=580&ids%5B%5D=581 HTTP/1.0" 200 5005 "https://halkfinanz.inglory.de/?preview_id=16&preview_nonce=b579bd6e7d&preview=true" "Mozilla/5.0 (Macintosh; Intel Mac OS X 10_15_7) AppleWebKit/537.36 (KHTML, like Gecko) Chrome/145.0.0.0 Safari/537.36"
80.187.67.145 - - [08/Mar/2026:22:36:12 +0100] "GET /wp-json/elementor/v1/checklist/user-progress HTTP/1.0" 200 5156 "https://halkfinanz.inglory.de/wp-admin/post.php?post=16&action=elementor" "Mozilla/5.0 (Macintosh; Intel Mac OS X 10_15_7) AppleWebKit/537.36 (KHTML, like Gecko) Chrome/145.0.0.0 Safari/537.36"
94.130.90.54 - - [08/Mar/2026:22:36:13 +0100] "POST /wp-cron.php?doing_wp_cron=1773005773.2407228946685791015625 HTTP/1.0" 200 4075 "-" "WordPress/6.9.1; https://halkfinanz.inglory.de"
80.187.67.145 - - [08/Mar/2026:22:36:12 +0100] "POST /wp-admin/admin-ajax.php HTTP/1.0" 200 4408 "https://halkfinanz.inglory.de/wp-admin/post.php?post=16&action=elementor" "Mozilla/5.0 (Macintosh; Intel Mac OS X 10_15_7) AppleWebKit/537.36 (KHTML, like Gecko) Chrome/145.0.0.0 Safari/537.36"
80.187.67.145 - - [08/Mar/2026:22:36:25 +0100] "GET /wp-content/uploads/img-1.png HTTP/1.0" 304 3928 "https://halkfinanz.inglory.de/?preview_id=16&preview_nonce=b579bd6e7d&preview=true" "Mozilla/5.0 (Macintosh; Intel Mac OS X 10_15_7) AppleWebKit/537.36 (KHTML, like Gecko) Chrome/145.0.0.0 Safari/537.36"
80.187.67.145 - - [08/Mar/2026:22:36:25 +0100] "GET /wp-content/uploads/img-2-1.png HTTP/1.0" 304 3927 "https://halkfinanz.inglory.de/?preview_id=16&preview_nonce=b579bd6e7d&preview=true" "Mozilla/5.0 (Macintosh; Intel Mac OS X 10_15_7) AppleWebKit/537.36 (KHTML, like Gecko) Chrome/145.0.0.0 Safari/537.36"
80.187.67.145 - - [08/Mar/2026:22:36:27 +0100] "POST /wp-admin/admin-ajax.php HTTP/1.0" 200 4408 "https://halkfinanz.inglory.de/wp-admin/post.php?post=16&action=elementor" "Mozilla/5.0 (Macintosh; Intel Mac OS X 10_15_7) AppleWebKit/537.36 (KHTML, like Gecko) Chrome/145.0.0.0 Safari/537.36"
80.187.67.145 - - [08/Mar/2026:22:36:29 +0100] "GET /wp-json/elementor/v1/checklist/user-progress HTTP/1.0" 200 5128 "https://halkfinanz.inglory.de/wp-admin/post.php?post=16&action=elementor" "Mozilla/5.0 (Macintosh; Intel Mac OS X 10_15_7) AppleWebKit/537.36 (KHTML, like Gecko) Chrome/145.0.0.0 Safari/537.36"
80.187.67.145 - - [08/Mar/2026:22:36:41 +0100] "GET /wp-content/uploads/users-1-1.png HTTP/1.0" 304 3927 "https://halkfinanz.inglory.de/?elementor-preview=16&ver=1773002507" "Mozilla/5.0 (Macintosh; Intel Mac OS X 10_15_7) AppleWebKit/537.36 (KHTML, like Gecko) Chrome/145.0.0.0 Safari/537.36"
80.187.67.145 - - [08/Mar/2026:22:36:42 +0100] "POST /wp-admin/admin-ajax.php HTTP/1.0" 200 4408 "https://halkfinanz.inglory.de/wp-admin/post.php?post=16&action=elementor" "Mozilla/5.0 (Macintosh; Intel Mac OS X 10_15_7) AppleWebKit/537.36 (KHTML, like Gecko) Chrome/145.0.0.0 Safari/537.36"
80.187.67.145 - - [08/Mar/2026:22:36:43 +0100] "GET /wp-content/plugins/elementor/assets/lib/font-awesome/webfonts/fa-solid-900.woff2 HTTP/1.0" 200 82373 "https://halkfinanz.inglory.de/wp-content/plugins/elementor/assets/lib/font-awesome/css/solid.min.css?ver=5.15.3" "Mozilla/5.0 (Macintosh; Intel Mac OS X 10_15_7) AppleWebKit/537.36 (KHTML, like Gecko) Chrome/145.0.0.0 Safari/537.36"
80.187.67.145 - - [08/Mar/2026:22:36:44 +0100] "GET /wp-content/uploads/logo-1.png HTTP/1.0" 304 3927 "https://halkfinanz.inglory.de/?elementor-preview=16&ver=1773002507" "Mozilla/5.0 (Macintosh; Intel Mac OS X 10_15_7) AppleWebKit/537.36 (KHTML, like Gecko) Chrome/145.0.0.0 Safari/537.36"
80.187.67.145 - - [08/Mar/2026:22:36:48 +0100] "GET /wp-content/uploads/users-1-1.png HTTP/1.0" 304 3899 "https://halkfinanz.inglory.de/?elementor-preview=16&ver=1773002507" "Mozilla/5.0 (Macintosh; Intel Mac OS X 10_15_7) AppleWebKit/537.36 (KHTML, like Gecko) Chrome/145.0.0.0 Safari/537.36"
80.187.67.145 - - [08/Mar/2026:22:36:48 +0100] "GET /wp-json/elementor/v1/checklist/user-progress HTTP/1.0" 200 5128 "https://halkfinanz.inglory.de/wp-admin/post.php?post=16&action=elementor" "Mozilla/5.0 (Macintosh; Intel Mac OS X 10_15_7) AppleWebKit/537.36 (KHTML, like Gecko) Chrome/145.0.0.0 Safari/537.36"
80.187.67.145 - - [08/Mar/2026:22:36:51 +0100] "GET /wp-content/uploads/users-1-1.png HTTP/1.0" 304 3899 "https://halkfinanz.inglory.de/?elementor-preview=16&ver=1773002507" "Mozilla/5.0 (Macintosh; Intel Mac OS X 10_15_7) AppleWebKit/537.36 (KHTML, like Gecko) Chrome/145.0.0.0 Safari/537.36"
80.187.67.145 - - [08/Mar/2026:22:36:57 +0100] "POST /wp-admin/admin-ajax.php HTTP/1.0" 200 4408 "https://halkfinanz.inglory.de/wp-admin/post.php?post=16&action=elementor" "Mozilla/5.0 (Macintosh; Intel Mac OS X 10_15_7) AppleWebKit/537.36 (KHTML, like Gecko) Chrome/145.0.0.0 Safari/537.36"
80.187.67.145 - - [08/Mar/2026:22:37:12 +0100] "POST /wp-admin/admin-ajax.php HTTP/1.0" 200 4408 "https://halkfinanz.inglory.de/wp-admin/post.php?post=16&action=elementor" "Mozilla/5.0 (Macintosh; Intel Mac OS X 10_15_7) AppleWebKit/537.36 (KHTML, like Gecko) Chrome/145.0.0.0 Safari/537.36"
80.187.67.145 - - [08/Mar/2026:22:37:12 +0100] "GET /wp-json/elementor/v1/checklist/user-progress HTTP/1.0" 200 5128 "https://halkfinanz.inglory.de/wp-admin/post.php?post=16&action=elementor" "Mozilla/5.0 (Macintosh; Intel Mac OS X 10_15_7) AppleWebKit/537.36 (KHTML, like Gecko) Chrome/145.0.0.0 Safari/537.36"
80.187.67.145 - - [08/Mar/2026:22:37:17 +0100] "GET /wp-json/elementor/v1/checklist/user-progress HTTP/1.0" 200 5128 "https://halkfinanz.inglory.de/wp-admin/post.php?post=16&action=elementor" "Mozilla/5.0 (Macintosh; Intel Mac OS X 10_15_7) AppleWebKit/537.36 (KHTML, like Gecko) Chrome/145.0.0.0 Safari/537.36"
80.187.67.145 - - [08/Mar/2026:22:37:27 +0100] "GET /wp-includes/js/tinymce/themes/modern/theme.min.js?wp-mce-49110-20250317 HTTP/1.0" 200 45872 "https://halkfinanz.inglory.de/wp-admin/post.php?post=16&action=elementor" "Mozilla/5.0 (Macintosh; Intel Mac OS X 10_15_7) AppleWebKit/537.36 (KHTML, like Gecko) Chrome/145.0.0.0 Safari/537.36"
80.187.67.145 - - [08/Mar/2026:22:37:27 +0100] "GET /wp-includes/js/tinymce/plugins/wordpress/plugin.min.js?wp-mce-49110-20250317 HTTP/1.0" 200 10247 "https://halkfinanz.inglory.de/wp-admin/post.php?post=16&action=elementor" "Mozilla/5.0 (Macintosh; Intel Mac OS X 10_15_7) AppleWebKit/537.36 (KHTML, like Gecko) Chrome/145.0.0.0 Safari/537.36"
80.187.67.145 - - [08/Mar/2026:22:37:28 +0100] "GET /wp-content/themes/hello-elementor/assets/css/editor-styles.css?wp-mce-49110-20250317 HTTP/1.0" 200 4367 "https://halkfinanz.inglory.de/wp-admin/post.php?post=16&action=elementor" "Mozilla/5.0 (Macintosh; Intel Mac OS X 10_15_7) AppleWebKit/537.36 (KHTML, like Gecko) Chrome/145.0.0.0 Safari/537.36"
80.187.67.145 - - [08/Mar/2026:22:37:28 +0100] "GET /wp-includes/css/dashicons.min.css?ver=6.9.1&wp-mce-49110-20250317 HTTP/1.0" 200 39937 "https://halkfinanz.inglory.de/wp-admin/post.php?post=16&action=elementor" "Mozilla/5.0 (Macintosh; Intel Mac OS X 10_15_7) AppleWebKit/537.36 (KHTML, like Gecko) Chrome/145.0.0.0 Safari/537.36"
80.187.67.145 - - [08/Mar/2026:22:37:28 +0100] "GET /wp-includes/js/tinymce/skins/wordpress/wp-content.css?ver=6.9.1&wp-mce-49110-20250317 HTTP/1.0" 200 6741 "https://halkfinanz.inglory.de/wp-admin/post.php?post=16&action=elementor" "Mozilla/5.0 (Macintosh; Intel Mac OS X 10_15_7) AppleWebKit/537.36 (KHTML, like Gecko) Chrome/145.0.0.0 Safari/537.36"
80.187.67.145 - - [08/Mar/2026:22:37:28 +0100] "GET /wp-includes/js/tinymce/skins/lightgray/fonts/tinymce.woff HTTP/1.0" 200 22905 "https://halkfinanz.inglory.de/wp-includes/js/tinymce/skins/lightgray/skin.min.css?wp-mce-49110-20250317" "Mozilla/5.0 (Macintosh; Intel Mac OS X 10_15_7) AppleWebKit/537.36 (KHTML, like Gecko) Chrome/145.0.0.0 Safari/537.36"
80.187.67.145 - - [08/Mar/2026:22:37:27 +0100] "POST /wp-admin/admin-ajax.php HTTP/1.0" 200 4408 "https://halkfinanz.inglory.de/wp-admin/post.php?post=16&action=elementor" "Mozilla/5.0 (Macintosh; Intel Mac OS X 10_15_7) AppleWebKit/537.36 (KHTML, like Gecko) Chrome/145.0.0.0 Safari/537.36"
80.187.67.145 - - [08/Mar/2026:22:37:28 +0100] "POST /wp-admin/admin-ajax.php HTTP/1.0" 200 4835 "https://halkfinanz.inglory.de/wp-admin/post.php?post=16&action=elementor" "Mozilla/5.0 (Macintosh; Intel Mac OS X 10_15_7) AppleWebKit/537.36 (KHTML, like Gecko) Chrome/145.0.0.0 Safari/537.36"
80.187.67.145 - - [08/Mar/2026:22:37:32 +0100] "GET /wp-content/uploads/users-1-1.png HTTP/1.0" 304 3899 "https://halkfinanz.inglory.de/?elementor-preview=16&ver=1773002507" "Mozilla/5.0 (Macintosh; Intel Mac OS X 10_15_7) AppleWebKit/537.36 (KHTML, like Gecko) Chrome/145.0.0.0 Safari/537.36"
80.187.67.145 - - [08/Mar/2026:22:37:34 +0100] "POST /wp-admin/admin-ajax.php HTTP/1.0" 200 4835 "https://halkfinanz.inglory.de/wp-admin/post.php?post=16&action=elementor" "Mozilla/5.0 (Macintosh; Intel Mac OS X 10_15_7) AppleWebKit/537.36 (KHTML, like Gecko) Chrome/145.0.0.0 Safari/537.36"
80.187.67.145 - - [08/Mar/2026:22:37:42 +0100] "POST /wp-admin/admin-ajax.php HTTP/1.0" 200 4408 "https://halkfinanz.inglory.de/wp-admin/post.php?post=16&action=elementor" "Mozilla/5.0 (Macintosh; Intel Mac OS X 10_15_7) AppleWebKit/537.36 (KHTML, like Gecko) Chrome/145.0.0.0 Safari/537.36"
80.187.67.145 - - [08/Mar/2026:22:37:57 +0100] "POST /wp-admin/admin-ajax.php HTTP/1.0" 200 4408 "https://halkfinanz.inglory.de/wp-admin/post.php?post=16&action=elementor" "Mozilla/5.0 (Macintosh; Intel Mac OS X 10_15_7) AppleWebKit/537.36 (KHTML, like Gecko) Chrome/145.0.0.0 Safari/537.36"
80.187.67.145 - - [08/Mar/2026:22:38:12 +0100] "POST /wp-admin/admin-ajax.php HTTP/1.0" 200 4408 "https://halkfinanz.inglory.de/wp-admin/post.php?post=16&action=elementor" "Mozilla/5.0 (Macintosh; Intel Mac OS X 10_15_7) AppleWebKit/537.36 (KHTML, like Gecko) Chrome/145.0.0.0 Safari/537.36"
80.187.67.145 - - [08/Mar/2026:22:38:27 +0100] "POST /wp-admin/admin-ajax.php HTTP/1.0" 200 4408 "https://halkfinanz.inglory.de/wp-admin/post.php?post=16&action=elementor" "Mozilla/5.0 (Macintosh; Intel Mac OS X 10_15_7) AppleWebKit/537.36 (KHTML, like Gecko) Chrome/145.0.0.0 Safari/537.36"
80.187.67.145 - - [08/Mar/2026:22:38:31 +0100] "GET /wp-json/elementor/v1/checklist/user-progress HTTP/1.0" 200 5128 "https://halkfinanz.inglory.de/wp-admin/post.php?post=16&action=elementor" "Mozilla/5.0 (Macintosh; Intel Mac OS X 10_15_7) AppleWebKit/537.36 (KHTML, like Gecko) Chrome/145.0.0.0 Safari/537.36"
80.187.67.145 - - [08/Mar/2026:22:38:31 +0100] "POST /wp-admin/admin-ajax.php HTTP/1.0" 200 5327 "https://halkfinanz.inglory.de/wp-admin/post.php?post=16&action=elementor" "Mozilla/5.0 (Macintosh; Intel Mac OS X 10_15_7) AppleWebKit/537.36 (KHTML, like Gecko) Chrome/145.0.0.0 Safari/537.36"
80.187.67.145 - - [08/Mar/2026:22:38:33 +0100] "GET /wp-json/elementor/v1/checklist/user-progress HTTP/1.0" 200 5128 "https://halkfinanz.inglory.de/wp-admin/post.php?post=16&action=elementor" "Mozilla/5.0 (Macintosh; Intel Mac OS X 10_15_7) AppleWebKit/537.36 (KHTML, like Gecko) Chrome/145.0.0.0 Safari/537.36"
94.130.90.54 - - [08/Mar/2026:22:38:35 +0100] "GET /wp-includes/css/dashicons.min.css?ver=6.9.1 HTTP/1.1" 304 3412 "https://halkfinanz.inglory.de/?preview_id=16&preview_nonce=b579bd6e7d&preview=true" "Serf/1.3.9 (mod_pagespeed/1.13.35.2-0)"
94.130.90.54 - - [08/Mar/2026:22:38:35 +0100] "GET /wp-includes/css/admin-bar.min.css?ver=6.9.1 HTTP/1.1" 200 23963 "https://halkfinanz.inglory.de/?preview_id=16&preview_nonce=b579bd6e7d&preview=true" "Serf/1.3.9 (mod_pagespeed/1.13.35.2-0)"
80.187.67.145 - - [08/Mar/2026:22:38:33 +0100] "GET /?preview_id=16&preview_nonce=b579bd6e7d&preview=true HTTP/1.0" 200 51885 "https://halkfinanz.inglory.de/wp-admin/post.php?post=16&action=elementor" "Mozilla/5.0 (Macintosh; Intel Mac OS X 10_15_7) AppleWebKit/537.36 (KHTML, like Gecko) Chrome/145.0.0.0 Safari/537.36"
94.130.90.54 - - [08/Mar/2026:22:38:35 +0100] "GET /wp-content/plugins/elementor/assets/lib/eicons/css/elementor-icons.min.css?ver=5.47.0 HTTP/1.1" 200 25239 "https://halkfinanz.inglory.de/?preview_id=16&preview_nonce=b579bd6e7d&preview=true" "Serf/1.3.9 (mod_pagespeed/1.13.35.2-0)"
94.130.90.54 - - [08/Mar/2026:22:38:35 +0100] "GET /wp-content/plugins/elementor/assets/css/common.min.css?ver=3.35.6 HTTP/1.1" 304 3412 "https://halkfinanz.inglory.de/?preview_id=16&preview_nonce=b579bd6e7d&preview=true" "Serf/1.3.9 (mod_pagespeed/1.13.35.2-0)"
94.130.90.54 - - [08/Mar/2026:22:38:35 +0100] "GET /wp-content/plugins/elementor/assets/css/theme-light.min.css?ver=3.35.6 HTTP/1.1" 304 3411 "https://halkfinanz.inglory.de/?preview_id=16&preview_nonce=b579bd6e7d&preview=true" "Serf/1.3.9 (mod_pagespeed/1.13.35.2-0)"
94.130.90.54 - - [08/Mar/2026:22:38:35 +0100] "GET /wp-content/themes/hello-elementor/assets/css/reset.css?ver=3.4.6 HTTP/1.1" 200 9024 "https://halkfinanz.inglory.de/?preview_id=16&preview_nonce=b579bd6e7d&preview=true" "Serf/1.3.9 (mod_pagespeed/1.13.35.2-0)"
94.130.90.54 - - [08/Mar/2026:22:38:35 +0100] "GET /wp-content/themes/hello-elementor/assets/css/theme.css?ver=3.4.6 HTTP/1.1" 200 8665 "https://halkfinanz.inglory.de/?preview_id=16&preview_nonce=b579bd6e7d&preview=true" "Serf/1.3.9 (mod_pagespeed/1.13.35.2-0)"
94.130.90.54 - - [08/Mar/2026:22:38:35 +0100] "GET /wp-content/themes/hello-elementor/assets/css/header-footer.css?ver=3.4.6 HTTP/1.1" 200 10750 "https://halkfinanz.inglory.de/?preview_id=16&preview_nonce=b579bd6e7d&preview=true" "Serf/1.3.9 (mod_pagespeed/1.13.35.2-0)"
94.130.90.54 - - [08/Mar/2026:22:38:35 +0100] "GET /wp-content/plugins/elementor/assets/css/frontend.min.css?ver=3.35.6 HTTP/1.1" 200 58322 "https://halkfinanz.inglory.de/?preview_id=16&preview_nonce=b579bd6e7d&preview=true" "Serf/1.3.9 (mod_pagespeed/1.13.35.2-0)"
94.130.90.54 - - [08/Mar/2026:22:38:35 +0100] "GET /wp-content/plugins/elementor/assets/css/widget-image.min.css?ver=3.35.6 HTTP/1.1" 200 3750 "https://halkfinanz.inglory.de/?preview_id=16&preview_nonce=b579bd6e7d&preview=true" "Serf/1.3.9 (mod_pagespeed/1.13.35.2-0)"
94.130.90.54 - - [08/Mar/2026:22:38:35 +0100] "GET /wp-content/plugins/elementor-pro/assets/css/widget-nav-menu.min.css?ver=3.35.1 HTTP/1.1" 200 30962 "https://halkfinanz.inglory.de/?preview_id=16&preview_nonce=b579bd6e7d&preview=true" "Serf/1.3.9 (mod_pagespeed/1.13.35.2-0)"
94.130.90.54 - - [08/Mar/2026:22:38:35 +0100] "GET /wp-content/plugins/elementor-pro/assets/css/modules/sticky.min.css?ver=3.35.1 HTTP/1.1" 200 3698 "https://halkfinanz.inglory.de/?preview_id=16&preview_nonce=b579bd6e7d&preview=true" "Serf/1.3.9 (mod_pagespeed/1.13.35.2-0)"
94.130.90.54 - - [08/Mar/2026:22:38:35 +0100] "GET /wp-content/plugins/elementor/assets/css/widget-heading.min.css?ver=3.35.6 HTTP/1.1" 200 4097 "https://halkfinanz.inglory.de/?preview_id=16&preview_nonce=b579bd6e7d&preview=true" "Serf/1.3.9 (mod_pagespeed/1.13.35.2-0)"
94.130.90.54 - - [08/Mar/2026:22:38:35 +0100] "GET /wp-content/plugins/elementor/assets/css/widget-icon-box.min.css?ver=3.35.6 HTTP/1.1" 200 8294 "https://halkfinanz.inglory.de/?preview_id=16&preview_nonce=b579bd6e7d&preview=true" "Serf/1.3.9 (mod_pagespeed/1.13.35.2-0)"
94.130.90.54 - - [08/Mar/2026:22:38:35 +0100] "GET /wp-content/plugins/elementor/assets/css/widget-icon-list.min.css?ver=3.35.6 HTTP/1.1" 200 13824 "https://halkfinanz.inglory.de/?preview_id=16&preview_nonce=b579bd6e7d&preview=true" "Serf/1.3.9 (mod_pagespeed/1.13.35.2-0)"
94.130.90.54 - - [08/Mar/2026:22:38:35 +0100] "GET /wp-content/plugins/elementor/assets/css/widget-divider.min.css?ver=3.35.6 HTTP/1.1" 200 7826 "https://halkfinanz.inglory.de/?preview_id=16&preview_nonce=b579bd6e7d&preview=true" "Serf/1.3.9 (mod_pagespeed/1.13.35.2-0)"
94.130.90.54 - - [08/Mar/2026:22:38:35 +0100] "GET /wp-content/plugins/elementor-pro/assets/css/widget-form.min.css?ver=3.35.1 HTTP/1.1" 200 10366 "https://halkfinanz.inglory.de/?preview_id=16&preview_nonce=b579bd6e7d&preview=true" "Serf/1.3.9 (mod_pagespeed/1.13.35.2-0)"
94.130.90.54 - - [08/Mar/2026:22:38:35 +0100] "GET /wp-content/plugins/elementor/assets/lib/animations/styles/zoomIn.min.css?ver=3.35.6 HTTP/1.1" 200 3642 "https://halkfinanz.inglory.de/?preview_id=16&preview_nonce=b579bd6e7d&preview=true" "Serf/1.3.9 (mod_pagespeed/1.13.35.2-0)"
94.130.90.54 - - [08/Mar/2026:22:38:35 +0100] "GET /wp-content/plugins/elementor-pro/assets/css/conditionals/popup.min.css?ver=3.35.1 HTTP/1.1" 200 4532 "https://halkfinanz.inglory.de/?preview_id=16&preview_nonce=b579bd6e7d&preview=true" "Serf/1.3.9 (mod_pagespeed/1.13.35.2-0)"
80.187.67.145 - - [08/Mar/2026:22:38:35 +0100] "GET /wp-includes/css/dashicons.min.css?ver=6.9.1 HTTP/1.0" 304 3927 "https://halkfinanz.inglory.de/?preview_id=16&preview_nonce=b579bd6e7d&preview=true" "Mozilla/5.0 (Macintosh; Intel Mac OS X 10_15_7) AppleWebKit/537.36 (KHTML, like Gecko) Chrome/145.0.0.0 Safari/537.36"
80.187.67.145 - - [08/Mar/2026:22:38:35 +0100] "GET /wp-includes/css/admin-bar.min.css?ver=6.9.1 HTTP/1.0" 304 3927 "https://halkfinanz.inglory.de/?preview_id=16&preview_nonce=b579bd6e7d&preview=true" "Mozilla/5.0 (Macintosh; Intel Mac OS X 10_15_7) AppleWebKit/537.36 (KHTML, like Gecko) Chrome/145.0.0.0 Safari/537.36"
94.130.90.54 - - [08/Mar/2026:22:38:35 +0100] "GET /wp-content/plugins/elementor/assets/lib/animations/styles/fadeInDown.min.css?ver=3.35.6 HTTP/1.1" 200 3673 "https://halkfinanz.inglory.de/?preview_id=16&preview_nonce=b579bd6e7d&preview=true" "Serf/1.3.9 (mod_pagespeed/1.13.35.2-0)"
80.187.67.145 - - [08/Mar/2026:22:38:35 +0100] "GET /wp-content/plugins/elementor/assets/lib/eicons/css/elementor-icons.min.css?ver=5.47.0 HTTP/1.0" 304 3927 "https://halkfinanz.inglory.de/?preview_id=16&preview_nonce=b579bd6e7d&preview=true" "Mozilla/5.0 (Macintosh; Intel Mac OS X 10_15_7) AppleWebKit/537.36 (KHTML, like Gecko) Chrome/145.0.0.0 Safari/537.36"
94.130.90.54 - - [08/Mar/2026:22:38:35 +0100] "GET /wp-content/plugins/elementor/assets/lib/animations/styles/fadeInRight.min.css?ver=3.35.6 HTTP/1.1" 200 3675 "https://halkfinanz.inglory.de/?preview_id=16&preview_nonce=b579bd6e7d&preview=true" "Serf/1.3.9 (mod_pagespeed/1.13.35.2-0)"
94.130.90.54 - - [08/Mar/2026:22:38:35 +0100] "GET /wp-content/plugins/elementor/assets/lib/animations/styles/fadeInUp.min.css?ver=3.35.6 HTTP/1.1" 200 3666 "https://halkfinanz.inglory.de/?preview_id=16&preview_nonce=b579bd6e7d&preview=true" "Serf/1.3.9 (mod_pagespeed/1.13.35.2-0)"
94.130.90.54 - - [08/Mar/2026:22:38:35 +0100] "GET /wp-content/plugins/elementor-pro/assets/css/modules/notes.min.css?ver=3.35.1 HTTP/1.1" 200 4722 "https://halkfinanz.inglory.de/?preview_id=16&preview_nonce=b579bd6e7d&preview=true" "Serf/1.3.9 (mod_pagespeed/1.13.35.2-0)"
94.130.90.54 - - [08/Mar/2026:22:38:35 +0100] "GET /wp-content/plugins/elementor/assets/css/admin-bar.min.css?ver=3.35.6 HTTP/1.1" 200 4156 "https://halkfinanz.inglory.de/?preview_id=16&preview_nonce=b579bd6e7d&preview=true" "Serf/1.3.9 (mod_pagespeed/1.13.35.2-0)"
94.130.90.54 - - [08/Mar/2026:22:38:35 +0100] "GET /wp-content/uploads/elementor/css/post-6.css?ver=1773002502 HTTP/1.1" 200 7749 "https://halkfinanz.inglory.de/?preview_id=16&preview_nonce=b579bd6e7d&preview=true" "Serf/1.3.9 (mod_pagespeed/1.13.35.2-0)"
94.130.90.54 - - [08/Mar/2026:22:38:35 +0100] "GET /wp-content/plugins/elementor/assets/lib/swiper/v8/css/swiper.min.css?ver=8.4.5 HTTP/1.1" 200 20069 "https://halkfinanz.inglory.de/?preview_id=16&preview_nonce=b579bd6e7d&preview=true" "Serf/1.3.9 (mod_pagespeed/1.13.35.2-0)"
94.130.90.54 - - [08/Mar/2026:22:38:35 +0100] "GET /wp-content/plugins/elementor/assets/css/conditionals/e-swiper.min.css?ver=3.35.6 HTTP/1.1" 200 9054 "https://halkfinanz.inglory.de/?preview_id=16&preview_nonce=b579bd6e7d&preview=true" "Serf/1.3.9 (mod_pagespeed/1.13.35.2-0)"
94.130.90.54 - - [08/Mar/2026:22:38:35 +0100] "GET /wp-content/plugins/elementor/assets/css/widget-image-carousel.min.css?ver=3.35.6 HTTP/1.1" 200 3879 "https://halkfinanz.inglory.de/?preview_id=16&preview_nonce=b579bd6e7d&preview=true" "Serf/1.3.9 (mod_pagespeed/1.13.35.2-0)"
94.130.90.54 - - [08/Mar/2026:22:38:35 +0100] "GET /wp-content/plugins/elementor/assets/css/widget-rating.min.css?ver=3.35.6 HTTP/1.1" 200 4848 "https://halkfinanz.inglory.de/?preview_id=16&preview_nonce=b579bd6e7d&preview=true" "Serf/1.3.9 (mod_pagespeed/1.13.35.2-0)"
94.130.90.54 - - [08/Mar/2026:22:38:35 +0100] "GET /wp-content/plugins/elementor-pro/assets/css/widget-nested-carousel.min.css?ver=3.35.1 HTTP/1.1" 200 13234 "https://halkfinanz.inglory.de/?preview_id=16&preview_nonce=b579bd6e7d&preview=true" "Serf/1.3.9 (mod_pagespeed/1.13.35.2-0)"
94.130.90.54 - - [08/Mar/2026:22:38:35 +0100] "GET /wp-content/uploads/elementor/css/post-19.css?ver=1773002503 HTTP/1.1" 200 9093 "https://halkfinanz.inglory.de/?preview_id=16&preview_nonce=b579bd6e7d&preview=true" "Serf/1.3.9 (mod_pagespeed/1.13.35.2-0)"
94.130.90.54 - - [08/Mar/2026:22:38:35 +0100] "GET /wp-content/uploads/elementor/css/post-20.css?ver=1773002503 HTTP/1.1" 200 27281 "https://halkfinanz.inglory.de/?preview_id=16&preview_nonce=b579bd6e7d&preview=true" "Serf/1.3.9 (mod_pagespeed/1.13.35.2-0)"
94.130.90.54 - - [08/Mar/2026:22:38:35 +0100] "GET /wp-content/uploads/elementor/css/post-760.css?ver=1773002503 HTTP/1.1" 200 14662 "https://halkfinanz.inglory.de/?preview_id=16&preview_nonce=b579bd6e7d&preview=true" "Serf/1.3.9 (mod_pagespeed/1.13.35.2-0)"
94.130.90.54 - - [08/Mar/2026:22:38:35 +0100] "GET /wp-content/uploads/elementor/css/post-111.css?ver=1773002503 HTTP/1.1" 200 10973 "https://halkfinanz.inglory.de/?preview_id=16&preview_nonce=b579bd6e7d&preview=true" "Serf/1.3.9 (mod_pagespeed/1.13.35.2-0)"
94.130.90.54 - - [08/Mar/2026:22:38:35 +0100] "GET /wp-content/uploads/elementor/css/post-432.css?ver=1773002503 HTTP/1.1" 200 10250 "https://halkfinanz.inglory.de/?preview_id=16&preview_nonce=b579bd6e7d&preview=true" "Serf/1.3.9 (mod_pagespeed/1.13.35.2-0)"
80.187.67.145 - - [08/Mar/2026:22:38:35 +0100] "GET /wp-content/themes/hello-elementor/assets/css/reset.css?ver=3.4.6 HTTP/1.0" 304 3927 "https://halkfinanz.inglory.de/?preview_id=16&preview_nonce=b579bd6e7d&preview=true" "Mozilla/5.0 (Macintosh; Intel Mac OS X 10_15_7) AppleWebKit/537.36 (KHTML, like Gecko) Chrome/145.0.0.0 Safari/537.36"
80.187.67.145 - - [08/Mar/2026:22:38:35 +0100] "GET /wp-content/themes/hello-elementor/assets/css/header-footer.css?ver=3.4.6 HTTP/1.0" 304 3927 "https://halkfinanz.inglory.de/?preview_id=16&preview_nonce=b579bd6e7d&preview=true" "Mozilla/5.0 (Macintosh; Intel Mac OS X 10_15_7) AppleWebKit/537.36 (KHTML, like Gecko) Chrome/145.0.0.0 Safari/537.36"
