94.130.90.54 - - [20/Jan/2026:15:10:14 +0100] "GET /wp-content/uploads/pic1-300x205.jpg HTTP/1.1" 200 29303 "https://ew.inglory.de/" "Serf/1.3.9 (mod_pagespeed/1.13.35.2-0)"
94.130.90.54 - - [20/Jan/2026:15:10:14 +0100] "GET /wp-content/uploads/pic1-1024x701.jpg HTTP/1.1" 200 99123 "https://ew.inglory.de/" "Serf/1.3.9 (mod_pagespeed/1.13.35.2-0)"
94.130.90.54 - - [20/Jan/2026:15:10:14 +0100] "GET /wp-content/uploads/pic1-768x525.jpg HTTP/1.1" 200 71044 "https://ew.inglory.de/" "Serf/1.3.9 (mod_pagespeed/1.13.35.2-0)"
94.130.90.54 - - [20/Jan/2026:15:10:14 +0100] "GET /wp-content/uploads/pic3.jpg HTTP/1.1" 200 64164 "https://ew.inglory.de/" "Serf/1.3.9 (mod_pagespeed/1.13.35.2-0)"
94.130.90.54 - - [20/Jan/2026:15:10:14 +0100] "GET /wp-content/uploads/pic3.jpg HTTP/1.1" 200 64164 "https://ew.inglory.de/" "Serf/1.3.9 (mod_pagespeed/1.13.35.2-0)"
94.130.90.54 - - [20/Jan/2026:15:10:14 +0100] "GET /wp-content/uploads/pic3-300x205.jpg HTTP/1.1" 200 21976 "https://ew.inglory.de/" "Serf/1.3.9 (mod_pagespeed/1.13.35.2-0)"
94.130.90.54 - - [20/Jan/2026:15:10:14 +0100] "GET /wp-content/uploads/pic3-1024x701.jpg HTTP/1.1" 200 70104 "https://ew.inglory.de/" "Serf/1.3.9 (mod_pagespeed/1.13.35.2-0)"
94.130.90.54 - - [20/Jan/2026:15:10:14 +0100] "GET /wp-content/uploads/pic3-768x525.jpg HTTP/1.1" 200 49967 "https://ew.inglory.de/" "Serf/1.3.9 (mod_pagespeed/1.13.35.2-0)"
91.10.123.91 - - [20/Jan/2026:15:10:14 +0100] "GET /wp-content/plugins/elementor/assets/lib/dialog/dialog.min.js?ver=4.9.3 HTTP/1.0" 200 7886 "https://ew.inglory.de/" "Mozilla/5.0 (Macintosh; Intel Mac OS X 10_15_7) AppleWebKit/605.1.15 (KHTML, like Gecko) Version/26.1 Safari/605.1.15"
91.10.123.91 - - [20/Jan/2026:15:10:14 +0100] "GET /wp-content/uploads/elementor/google-fonts/fonts/rem-wnz1haiosdytzaasqrm.woff2 HTTP/1.0" 200 44087 "https://ew.inglory.de/" "Mozilla/5.0 (Macintosh; Intel Mac OS X 10_15_7) AppleWebKit/605.1.15 (KHTML, like Gecko) Version/26.1 Safari/605.1.15"
94.130.90.54 - - [20/Jan/2026:15:10:14 +0100] "GET /wp-content/uploads/pic5.jpg HTTP/1.1" 200 146089 "https://ew.inglory.de/" "Serf/1.3.9 (mod_pagespeed/1.13.35.2-0)"
94.130.90.54 - - [20/Jan/2026:15:10:14 +0100] "GET /wp-content/uploads/pic5.jpg HTTP/1.1" 200 146089 "https://ew.inglory.de/" "Serf/1.3.9 (mod_pagespeed/1.13.35.2-0)"
94.130.90.54 - - [20/Jan/2026:15:10:14 +0100] "GET /wp-content/uploads/pic5-300x205.jpg HTTP/1.1" 200 33241 "https://ew.inglory.de/" "Serf/1.3.9 (mod_pagespeed/1.13.35.2-0)"
94.130.90.54 - - [20/Jan/2026:15:10:14 +0100] "GET /wp-content/uploads/pic5-1024x701.jpg HTTP/1.1" 200 118882 "https://ew.inglory.de/" "Serf/1.3.9 (mod_pagespeed/1.13.35.2-0)"
91.10.123.91 - - [20/Jan/2026:15:10:14 +0100] "GET /wp-content/plugins/elementor/assets/js/shared-frontend-handlers.4c8abccc3e268b0767b2.bundle.min.js HTTP/1.0" 200 6780 "https://ew.inglory.de/" "Mozilla/5.0 (Macintosh; Intel Mac OS X 10_15_7) AppleWebKit/605.1.15 (KHTML, like Gecko) Version/26.1 Safari/605.1.15"
94.130.90.54 - - [20/Jan/2026:15:10:14 +0100] "GET /wp-content/uploads/pic5-768x525.jpg HTTP/1.1" 200 84627 "https://ew.inglory.de/" "Serf/1.3.9 (mod_pagespeed/1.13.35.2-0)"
91.10.123.91 - - [20/Jan/2026:15:10:14 +0100] "GET /wp-content/plugins/pro-elements/assets/js/nav-menu.a23fbd67486c5bedf26c.bundle.min.js HTTP/1.0" 200 5995 "https://ew.inglory.de/" "Mozilla/5.0 (Macintosh; Intel Mac OS X 10_15_7) AppleWebKit/605.1.15 (KHTML, like Gecko) Version/26.1 Safari/605.1.15"
94.130.90.54 - - [20/Jan/2026:15:10:14 +0100] "GET /wp-content/uploads/pic2.jpg HTTP/1.1" 200 77898 "https://ew.inglory.de/" "Serf/1.3.9 (mod_pagespeed/1.13.35.2-0)"
91.10.123.91 - - [20/Jan/2026:15:10:14 +0100] "GET /wp-content/plugins/elementor/assets/js/text-editor.abc8f59c62f2820dc25a.bundle.min.js HTTP/1.0" 200 4741 "https://ew.inglory.de/" "Mozilla/5.0 (Macintosh; Intel Mac OS X 10_15_7) AppleWebKit/605.1.15 (KHTML, like Gecko) Version/26.1 Safari/605.1.15"
94.130.90.54 - - [20/Jan/2026:15:10:14 +0100] "GET /wp-content/uploads/pic2.jpg HTTP/1.1" 200 77898 "https://ew.inglory.de/" "Serf/1.3.9 (mod_pagespeed/1.13.35.2-0)"
91.10.123.91 - - [20/Jan/2026:15:10:14 +0100] "GET /wp-content/plugins/elementor/assets/js/nested-accordion.a29d85d5aa492aef7142.bundle.min.js HTTP/1.0" 200 7011 "https://ew.inglory.de/" "Mozilla/5.0 (Macintosh; Intel Mac OS X 10_15_7) AppleWebKit/605.1.15 (KHTML, like Gecko) Version/26.1 Safari/605.1.15"
94.130.90.54 - - [20/Jan/2026:15:10:14 +0100] "GET /wp-content/uploads/pic2-300x205.jpg HTTP/1.1" 200 24023 "https://ew.inglory.de/" "Serf/1.3.9 (mod_pagespeed/1.13.35.2-0)"
94.130.90.54 - - [20/Jan/2026:15:10:14 +0100] "GET /wp-content/uploads/pic2-1024x701.jpg HTTP/1.1" 200 76961 "https://ew.inglory.de/" "Serf/1.3.9 (mod_pagespeed/1.13.35.2-0)"
91.10.123.91 - - [20/Jan/2026:15:10:14 +0100] "GET /wp-content/plugins/pro-elements/assets/js/popup.f7b15b2ca565b152bf98.bundle.min.js HTTP/1.0" 200 4504 "https://ew.inglory.de/" "Mozilla/5.0 (Macintosh; Intel Mac OS X 10_15_7) AppleWebKit/605.1.15 (KHTML, like Gecko) Version/26.1 Safari/605.1.15"
91.10.123.91 - - [20/Jan/2026:15:10:14 +0100] "GET /wp-content/plugins/pro-elements/assets/js/form.5fb35271b8ba3fb1e7d6.bundle.min.js HTTP/1.0" 200 9299 "https://ew.inglory.de/" "Mozilla/5.0 (Macintosh; Intel Mac OS X 10_15_7) AppleWebKit/605.1.15 (KHTML, like Gecko) Version/26.1 Safari/605.1.15"
94.130.90.54 - - [20/Jan/2026:15:10:14 +0100] "GET /wp-content/uploads/pic2-768x525.jpg HTTP/1.1" 200 55214 "https://ew.inglory.de/" "Serf/1.3.9 (mod_pagespeed/1.13.35.2-0)"
94.130.90.54 - - [20/Jan/2026:15:10:14 +0100] "GET /wp-content/uploads/pic4.jpg HTTP/1.1" 200 139596 "https://ew.inglory.de/" "Serf/1.3.9 (mod_pagespeed/1.13.35.2-0)"
94.130.90.54 - - [20/Jan/2026:15:10:14 +0100] "GET /wp-content/uploads/pic4.jpg HTTP/1.1" 200 139596 "https://ew.inglory.de/" "Serf/1.3.9 (mod_pagespeed/1.13.35.2-0)"
94.130.90.54 - - [20/Jan/2026:15:10:14 +0100] "GET /wp-content/uploads/pic4-300x205.jpg HTTP/1.1" 200 31859 "https://ew.inglory.de/" "Serf/1.3.9 (mod_pagespeed/1.13.35.2-0)"
94.130.90.54 - - [20/Jan/2026:15:10:14 +0100] "GET /wp-content/uploads/pic4-1024x701.jpg HTTP/1.1" 200 113426 "https://ew.inglory.de/" "Serf/1.3.9 (mod_pagespeed/1.13.35.2-0)"
91.10.123.91 - - [20/Jan/2026:15:10:14 +0100] "GET /wp-content/uploads/arrow-49.svg HTTP/1.0" 200 4241 "https://ew.inglory.de/" "Mozilla/5.0 (Macintosh; Intel Mac OS X 10_15_7) AppleWebKit/605.1.15 (KHTML, like Gecko) Version/26.1 Safari/605.1.15"
94.130.90.54 - - [20/Jan/2026:15:10:14 +0100] "GET /wp-content/uploads/pic4-768x525.jpg HTTP/1.1" 200 80423 "https://ew.inglory.de/" "Serf/1.3.9 (mod_pagespeed/1.13.35.2-0)"
91.10.123.91 - - [20/Jan/2026:15:10:14 +0100] "GET /wp-content/uploads/pic1.jpg HTTP/1.0" 200 117631 "https://ew.inglory.de/" "Mozilla/5.0 (Macintosh; Intel Mac OS X 10_15_7) AppleWebKit/605.1.15 (KHTML, like Gecko) Version/26.1 Safari/605.1.15"
94.130.90.54 - - [20/Jan/2026:15:10:14 +0100] "GET /wp-content/uploads/pic6.jpg HTTP/1.1" 200 79560 "https://ew.inglory.de/" "Serf/1.3.9 (mod_pagespeed/1.13.35.2-0)"
94.130.90.54 - - [20/Jan/2026:15:10:14 +0100] "GET /wp-content/uploads/pic6.jpg HTTP/1.1" 200 79560 "https://ew.inglory.de/" "Serf/1.3.9 (mod_pagespeed/1.13.35.2-0)"
94.130.90.54 - - [20/Jan/2026:15:10:14 +0100] "GET /wp-content/uploads/pic6-300x205.jpg HTTP/1.1" 200 24318 "https://ew.inglory.de/" "Serf/1.3.9 (mod_pagespeed/1.13.35.2-0)"
94.130.90.54 - - [20/Jan/2026:15:10:14 +0100] "GET /wp-content/uploads/pic6-1024x701.jpg HTTP/1.1" 200 79361 "https://ew.inglory.de/" "Serf/1.3.9 (mod_pagespeed/1.13.35.2-0)"
94.130.90.54 - - [20/Jan/2026:15:10:14 +0100] "GET /wp-content/uploads/pic6-768x525.jpg HTTP/1.1" 200 56732 "https://ew.inglory.de/" "Serf/1.3.9 (mod_pagespeed/1.13.35.2-0)"
94.130.90.54 - - [20/Jan/2026:15:10:14 +0100] "GET /wp-content/uploads/Alex-min.png HTTP/1.1" 200 180552 "https://ew.inglory.de/" "Serf/1.3.9 (mod_pagespeed/1.13.35.2-0)"
91.10.123.91 - - [20/Jan/2026:15:10:14 +0100] "GET /wp-content/uploads/pic3.jpg HTTP/1.0" 200 64721 "https://ew.inglory.de/" "Mozilla/5.0 (Macintosh; Intel Mac OS X 10_15_7) AppleWebKit/605.1.15 (KHTML, like Gecko) Version/26.1 Safari/605.1.15"
94.130.90.54 - - [20/Jan/2026:15:10:14 +0100] "GET /wp-content/uploads/Alex-min.png HTTP/1.1" 200 180552 "https://ew.inglory.de/" "Serf/1.3.9 (mod_pagespeed/1.13.35.2-0)"
94.130.90.54 - - [20/Jan/2026:15:10:14 +0100] "GET /wp-content/uploads/Alex-min-300x300.png HTTP/1.1" 200 62725 "https://ew.inglory.de/" "Serf/1.3.9 (mod_pagespeed/1.13.35.2-0)"
94.130.90.54 - - [20/Jan/2026:15:10:14 +0100] "GET /wp-content/uploads/Alex-min-150x150.png HTTP/1.1" 200 23293 "https://ew.inglory.de/" "Serf/1.3.9 (mod_pagespeed/1.13.35.2-0)"
94.130.90.54 - - [20/Jan/2026:15:10:14 +0100] "GET /wp-content/uploads/Alex-min-768x768.png HTTP/1.1" 200 306284 "https://ew.inglory.de/" "Serf/1.3.9 (mod_pagespeed/1.13.35.2-0)"
94.130.90.54 - - [20/Jan/2026:15:10:14 +0100] "GET /wp-includes/js/jquery/jquery.min.js?ver=3.7.1 HTTP/1.1" 200 91261 "https://ew.inglory.de/" "Serf/1.3.9 (mod_pagespeed/1.13.35.2-0)"
91.10.123.91 - - [20/Jan/2026:15:10:14 +0100] "GET /wp-content/uploads/pic5.jpg HTTP/1.0" 200 146611 "https://ew.inglory.de/" "Mozilla/5.0 (Macintosh; Intel Mac OS X 10_15_7) AppleWebKit/605.1.15 (KHTML, like Gecko) Version/26.1 Safari/605.1.15"
94.130.90.54 - - [20/Jan/2026:15:10:14 +0100] "GET /wp-includes/js/jquery/jquery-migrate.min.js?ver=3.4.1 HTTP/1.1" 200 17139 "https://ew.inglory.de/" "Serf/1.3.9 (mod_pagespeed/1.13.35.2-0)"
94.130.90.54 - - [20/Jan/2026:15:10:14 +0100] "GET /wp-content/plugins/pro-elements/assets/js/frontend.min.js?ver=3.31.3 HTTP/1.1" 200 27800 "https://ew.inglory.de/" "Serf/1.3.9 (mod_pagespeed/1.13.35.2-0)"
91.10.123.91 - - [20/Jan/2026:15:10:14 +0100] "GET /wp-includes/js/wp-emoji-release.min.js?ver=6.9 HTTP/1.0" 200 9479 "https://ew.inglory.de/" "Mozilla/5.0 (Macintosh; Intel Mac OS X 10_15_7) AppleWebKit/605.1.15 (KHTML, like Gecko) Version/26.1 Safari/605.1.15"
94.130.90.54 - - [20/Jan/2026:15:10:14 +0100] "GET /wp-content/plugins/pro-elements/assets/js/elements-handlers.min.js?ver=3.31.3 HTTP/1.1" 200 48289 "https://ew.inglory.de/" "Serf/1.3.9 (mod_pagespeed/1.13.35.2-0)"
94.130.90.54 - - [20/Jan/2026:15:10:14 +0100] "GET /wp-content/uploads/image-9.svg HTTP/1.1" 200 7488 "https://ew.inglory.de/" "Serf/1.3.9 (mod_pagespeed/1.13.35.2-0)"
91.10.123.91 - - [20/Jan/2026:15:10:14 +0100] "POST /mod_pagespeed_beacon?url=https%3A%2F%2Few.inglory.de%2F HTTP/1.0" 204 3868 "https://ew.inglory.de/" "Mozilla/5.0 (Macintosh; Intel Mac OS X 10_15_7) AppleWebKit/605.1.15 (KHTML, like Gecko) Version/26.1 Safari/605.1.15"
91.10.123.91 - - [20/Jan/2026:15:10:14 +0100] "GET /wp-content/uploads/cropped-cropped-favicon-192x192.png HTTP/1.0" 200 7827 "https://ew.inglory.de/" "Mozilla/5.0 (Macintosh; Intel Mac OS X 10_15_7) AppleWebKit/605.1.15 (KHTML, like Gecko) Version/26.1 Safari/605.1.15"
91.10.123.91 - - [20/Jan/2026:15:10:14 +0100] "GET /wp-content/uploads/cropped-cropped-favicon-32x32.png HTTP/1.0" 200 4973 "https://ew.inglory.de/" "Mozilla/5.0 (Macintosh; Intel Mac OS X 10_15_7) AppleWebKit/605.1.15 (KHTML, like Gecko) Version/26.1 Safari/605.1.15"
94.130.90.54 - - [20/Jan/2026:15:10:14 +0100] "GET /wp-content/uploads/stars-15.svg HTTP/1.1" 404 108972 "https://ew.inglory.de/" "Serf/1.3.9 (mod_pagespeed/1.13.35.2-0)"
94.130.90.54 - - [20/Jan/2026:15:10:15 +0100] "GET /wp-content/uploads/image-12.svg HTTP/1.1" 200 7584 "https://ew.inglory.de/" "Serf/1.3.9 (mod_pagespeed/1.13.35.2-0)"
94.130.90.54 - - [20/Jan/2026:15:10:15 +0100] "GET /wp-content/uploads/image-6.svg HTTP/1.1" 200 7084 "https://ew.inglory.de/" "Serf/1.3.9 (mod_pagespeed/1.13.35.2-0)"
94.130.90.54 - - [20/Jan/2026:15:10:15 +0100] "GET /wp-content/uploads/arrow-49.svg HTTP/1.1" 200 3742 "https://ew.inglory.de/" "Serf/1.3.9 (mod_pagespeed/1.13.35.2-0)"
91.10.123.91 - - [20/Jan/2026:15:10:16 +0100] "GET / HTTP/1.0" 200 12378 "-" "Mozilla/5.0 (Macintosh; Intel Mac OS X 10_15_7) AppleWebKit/605.1.15 (KHTML, like Gecko) Version/26.1 Safari/605.1.15"
91.10.123.91 - - [20/Jan/2026:15:10:18 +0100] "GET /wp-admin HTTP/1.0" 301 4251 "-" "Mozilla/5.0 (Macintosh; Intel Mac OS X 10_15_7) AppleWebKit/605.1.15 (KHTML, like Gecko) Version/26.1 Safari/605.1.15"
91.10.123.91 - - [20/Jan/2026:15:10:18 +0100] "GET /wp-admin/ HTTP/1.0" 302 4159 "-" "Mozilla/5.0 (Macintosh; Intel Mac OS X 10_15_7) AppleWebKit/605.1.15 (KHTML, like Gecko) Version/26.1 Safari/605.1.15"
94.130.90.54 - - [20/Jan/2026:15:10:19 +0100] "GET /wp-includes/css/dashicons.min.css?ver=6.9 HTTP/1.1" 200 62639 "https://ew.inglory.de/wp-login.php?redirect_to=https%3A%2F%2Few.inglory.de%2Fwp-admin%2F&reauth=1" "Serf/1.3.9 (mod_pagespeed/1.13.35.2-0)"
91.10.123.91 - - [20/Jan/2026:15:10:18 +0100] "GET /wp-login.php?redirect_to=https%3A%2F%2Few.inglory.de%2Fwp-admin%2F&reauth=1 HTTP/1.0" 200 8674 "-" "Mozilla/5.0 (Macintosh; Intel Mac OS X 10_15_7) AppleWebKit/605.1.15 (KHTML, like Gecko) Version/26.1 Safari/605.1.15"
94.130.90.54 - - [20/Jan/2026:15:10:19 +0100] "GET /wp-includes/css/buttons.min.css?ver=6.9 HTTP/1.1" 200 9608 "https://ew.inglory.de/wp-login.php?redirect_to=https%3A%2F%2Few.inglory.de%2Fwp-admin%2F&reauth=1" "Serf/1.3.9 (mod_pagespeed/1.13.35.2-0)"
94.130.90.54 - - [20/Jan/2026:15:10:19 +0100] "GET /wp-includes/js/wp-util.min.js?ver=6.9 HTTP/1.1" 200 4957 "https://ew.inglory.de/wp-login.php?redirect_to=https%3A%2F%2Few.inglory.de%2Fwp-admin%2F&reauth=1" "Serf/1.3.9 (mod_pagespeed/1.13.35.2-0)"
94.130.90.54 - - [20/Jan/2026:15:10:19 +0100] "GET /wp-includes/js/dist/dom-ready.min.js?ver=f77871ff7694fffea381 HTTP/1.1" 200 3987 "https://ew.inglory.de/wp-login.php?redirect_to=https%3A%2F%2Few.inglory.de%2Fwp-admin%2F&reauth=1" "Serf/1.3.9 (mod_pagespeed/1.13.35.2-0)"
94.130.90.54 - - [20/Jan/2026:15:10:19 +0100] "GET /wp-includes/js/dist/a11y.min.js?ver=cb460b4676c94bd228ed HTTP/1.1" 200 5772 "https://ew.inglory.de/wp-login.php?redirect_to=https%3A%2F%2Few.inglory.de%2Fwp-admin%2F&reauth=1" "Serf/1.3.9 (mod_pagespeed/1.13.35.2-0)"
94.130.90.54 - - [20/Jan/2026:15:10:19 +0100] "GET /wp-includes/js/clipboard.min.js?ver=2.0.11 HTTP/1.1" 200 12570 "https://ew.inglory.de/wp-login.php?redirect_to=https%3A%2F%2Few.inglory.de%2Fwp-admin%2F&reauth=1" "Serf/1.3.9 (mod_pagespeed/1.13.35.2-0)"
94.130.90.54 - - [20/Jan/2026:15:10:19 +0100] "GET /wp-includes/js/underscore.min.js?ver=1.13.7 HTTP/1.1" 200 22496 "https://ew.inglory.de/wp-login.php?redirect_to=https%3A%2F%2Few.inglory.de%2Fwp-admin%2F&reauth=1" "Serf/1.3.9 (mod_pagespeed/1.13.35.2-0)"
94.130.90.54 - - [20/Jan/2026:15:10:19 +0100] "GET /wp-includes/js/zxcvbn-async.min.js?ver=1.0 HTTP/1.1" 200 3881 "https://ew.inglory.de/wp-login.php?redirect_to=https%3A%2F%2Few.inglory.de%2Fwp-admin%2F&reauth=1" "Serf/1.3.9 (mod_pagespeed/1.13.35.2-0)"
91.10.123.91 - - [20/Jan/2026:15:10:19 +0100] "GET /wp-includes/css/buttons.min.css?ver=6.9 HTTP/1.0" 200 5623 "https://ew.inglory.de/wp-login.php?redirect_to=https%3A%2F%2Few.inglory.de%2Fwp-admin%2F&reauth=1" "Mozilla/5.0 (Macintosh; Intel Mac OS X 10_15_7) AppleWebKit/605.1.15 (KHTML, like Gecko) Version/26.1 Safari/605.1.15"
91.10.123.91 - - [20/Jan/2026:15:10:19 +0100] "GET /wp-includes/css/dashicons.min.css?ver=6.9 HTTP/1.0" 200 39903 "https://ew.inglory.de/wp-login.php?redirect_to=https%3A%2F%2Few.inglory.de%2Fwp-admin%2F&reauth=1" "Mozilla/5.0 (Macintosh; Intel Mac OS X 10_15_7) AppleWebKit/605.1.15 (KHTML, like Gecko) Version/26.1 Safari/605.1.15"
91.10.123.91 - - [20/Jan/2026:15:10:19 +0100] "GET /wp-admin/css/l10n.min.css?ver=6.9 HTTP/1.0" 200 4783 "https://ew.inglory.de/wp-login.php?redirect_to=https%3A%2F%2Few.inglory.de%2Fwp-admin%2F&reauth=1" "Mozilla/5.0 (Macintosh; Intel Mac OS X 10_15_7) AppleWebKit/605.1.15 (KHTML, like Gecko) Version/26.1 Safari/605.1.15"
91.10.123.91 - - [20/Jan/2026:15:10:19 +0100] "GET /wp-admin/css/forms.min.css?ver=6.9 HTTP/1.0" 200 10667 "https://ew.inglory.de/wp-login.php?redirect_to=https%3A%2F%2Few.inglory.de%2Fwp-admin%2F&reauth=1" "Mozilla/5.0 (Macintosh; Intel Mac OS X 10_15_7) AppleWebKit/605.1.15 (KHTML, like Gecko) Version/26.1 Safari/605.1.15"
91.10.123.91 - - [20/Jan/2026:15:10:19 +0100] "GET /wp-admin/css/login.min.css?ver=6.9 HTTP/1.0" 200 6233 "https://ew.inglory.de/wp-login.php?redirect_to=https%3A%2F%2Few.inglory.de%2Fwp-admin%2F&reauth=1" "Mozilla/5.0 (Macintosh; Intel Mac OS X 10_15_7) AppleWebKit/605.1.15 (KHTML, like Gecko) Version/26.1 Safari/605.1.15"
91.10.123.91 - - [20/Jan/2026:15:10:19 +0100] "GET /wp-includes/js/clipboard.min.js?ver=2.0.11 HTTP/1.0" 200 7347 "https://ew.inglory.de/wp-login.php?redirect_to=https%3A%2F%2Few.inglory.de%2Fwp-admin%2F&reauth=1" "Mozilla/5.0 (Macintosh; Intel Mac OS X 10_15_7) AppleWebKit/605.1.15 (KHTML, like Gecko) Version/26.1 Safari/605.1.15"
91.10.123.91 - - [20/Jan/2026:15:10:19 +0100] "GET /wp-includes/js/zxcvbn-async.min.js?ver=1.0 HTTP/1.0" 200 4427 "https://ew.inglory.de/wp-login.php?redirect_to=https%3A%2F%2Few.inglory.de%2Fwp-admin%2F&reauth=1" "Mozilla/5.0 (Macintosh; Intel Mac OS X 10_15_7) AppleWebKit/605.1.15 (KHTML, like Gecko) Version/26.1 Safari/605.1.15"
91.10.123.91 - - [20/Jan/2026:15:10:19 +0100] "GET /wp-admin/js/password-strength-meter.min.js?ver=6.9 HTTP/1.0" 200 4651 "https://ew.inglory.de/wp-login.php?redirect_to=https%3A%2F%2Few.inglory.de%2Fwp-admin%2F&reauth=1" "Mozilla/5.0 (Macintosh; Intel Mac OS X 10_15_7) AppleWebKit/605.1.15 (KHTML, like Gecko) Version/26.1 Safari/605.1.15"
91.10.123.91 - - [20/Jan/2026:15:10:19 +0100] "GET /wp-includes/js/underscore.min.js?ver=1.13.7 HTTP/1.0" 200 11497 "https://ew.inglory.de/wp-login.php?redirect_to=https%3A%2F%2Few.inglory.de%2Fwp-admin%2F&reauth=1" "Mozilla/5.0 (Macintosh; Intel Mac OS X 10_15_7) AppleWebKit/605.1.15 (KHTML, like Gecko) Version/26.1 Safari/605.1.15"
91.10.123.91 - - [20/Jan/2026:15:10:19 +0100] "GET /wp-includes/js/wp-util.min.js?ver=6.9 HTTP/1.0" 200 4928 "https://ew.inglory.de/wp-login.php?redirect_to=https%3A%2F%2Few.inglory.de%2Fwp-admin%2F&reauth=1" "Mozilla/5.0 (Macintosh; Intel Mac OS X 10_15_7) AppleWebKit/605.1.15 (KHTML, like Gecko) Version/26.1 Safari/605.1.15"
91.10.123.91 - - [20/Jan/2026:15:10:19 +0100] "GET /wp-includes/js/dist/a11y.min.js?ver=cb460b4676c94bd228ed HTTP/1.0" 200 5096 "https://ew.inglory.de/wp-login.php?redirect_to=https%3A%2F%2Few.inglory.de%2Fwp-admin%2F&reauth=1" "Mozilla/5.0 (Macintosh; Intel Mac OS X 10_15_7) AppleWebKit/605.1.15 (KHTML, like Gecko) Version/26.1 Safari/605.1.15"
91.10.123.91 - - [20/Jan/2026:15:10:19 +0100] "GET /wp-includes/js/dist/dom-ready.min.js?ver=f77871ff7694fffea381 HTTP/1.0" 200 4491 "https://ew.inglory.de/wp-login.php?redirect_to=https%3A%2F%2Few.inglory.de%2Fwp-admin%2F&reauth=1" "Mozilla/5.0 (Macintosh; Intel Mac OS X 10_15_7) AppleWebKit/605.1.15 (KHTML, like Gecko) Version/26.1 Safari/605.1.15"
91.10.123.91 - - [20/Jan/2026:15:10:19 +0100] "GET /wp-admin/js/user-profile.min.js?ver=6.9 HTTP/1.0" 200 7226 "https://ew.inglory.de/wp-login.php?redirect_to=https%3A%2F%2Few.inglory.de%2Fwp-admin%2F&reauth=1" "Mozilla/5.0 (Macintosh; Intel Mac OS X 10_15_7) AppleWebKit/605.1.15 (KHTML, like Gecko) Version/26.1 Safari/605.1.15"
91.10.123.91 - - [20/Jan/2026:15:10:19 +0100] "GET /wp-includes/js/dist/hooks.min.js,qver==dd5603f07f9220ed27f1+i18n.min.js,qver==c26c3dc7bed366793375.pagespeed.jc.VMWi_xVnTa.js HTTP/1.0" 200 8118 "https://ew.inglory.de/wp-login.php?redirect_to=https%3A%2F%2Few.inglory.de%2Fwp-admin%2F&reauth=1" "Mozilla/5.0 (Macintosh; Intel Mac OS X 10_15_7) AppleWebKit/605.1.15 (KHTML, like Gecko) Version/26.1 Safari/605.1.15"
91.10.123.91 - - [20/Jan/2026:15:10:19 +0100] "GET /wp-admin/images/wordpress-logo.svg?ver=20131107 HTTP/1.0" 200 5491 "https://ew.inglory.de/wp-login.php?redirect_to=https%3A%2F%2Few.inglory.de%2Fwp-admin%2F&reauth=1" "Mozilla/5.0 (Macintosh; Intel Mac OS X 10_15_7) AppleWebKit/605.1.15 (KHTML, like Gecko) Version/26.1 Safari/605.1.15"
91.10.123.91 - - [20/Jan/2026:15:10:19 +0100] "GET /wp-content/uploads/xcropped-cropped-favicon-32x32.png.pagespeed.ic.HTOLUt-T9X.png HTTP/1.0" 200 4855 "https://ew.inglory.de/wp-login.php?redirect_to=https%3A%2F%2Few.inglory.de%2Fwp-admin%2F&reauth=1" "Mozilla/5.0 (Macintosh; Intel Mac OS X 10_15_7) AppleWebKit/605.1.15 (KHTML, like Gecko) Version/26.1 Safari/605.1.15"
91.10.123.91 - - [20/Jan/2026:15:10:19 +0100] "GET /wp-content/uploads/xcropped-cropped-favicon-192x192.png.pagespeed.ic.Or8dRQqGTn.png HTTP/1.0" 200 7898 "https://ew.inglory.de/wp-login.php?redirect_to=https%3A%2F%2Few.inglory.de%2Fwp-admin%2F&reauth=1" "Mozilla/5.0 (Macintosh; Intel Mac OS X 10_15_7) AppleWebKit/605.1.15 (KHTML, like Gecko) Version/26.1 Safari/605.1.15"
91.10.123.91 - - [20/Jan/2026:15:10:19 +0100] "GET /wp-includes/js/zxcvbn.min.js HTTP/1.0" 200 404822 "https://ew.inglory.de/wp-login.php?redirect_to=https%3A%2F%2Few.inglory.de%2Fwp-admin%2F&reauth=1" "Mozilla/5.0 (Macintosh; Intel Mac OS X 10_15_7) AppleWebKit/605.1.15 (KHTML, like Gecko) Version/26.1 Safari/605.1.15"
91.10.123.91 - - [20/Jan/2026:15:10:19 +0100] "GET /wp-content/uploads/xcropped-cropped-favicon-180x180.png.pagespeed.ic.DJuTUMxe2d.png HTTP/1.0" 200 7726 "-" "Mozilla/5.0 (Macintosh; Intel Mac OS X 10_15_7) AppleWebKit/605.1.15 (KHTML, like Gecko) Safari"
91.10.123.91 - - [20/Jan/2026:15:10:21 +0100] "POST /wp-login.php HTTP/1.0" 302 5093 "https://ew.inglory.de/wp-login.php?redirect_to=https%3A%2F%2Few.inglory.de%2Fwp-admin%2F&reauth=1" "Mozilla/5.0 (Macintosh; Intel Mac OS X 10_15_7) AppleWebKit/605.1.15 (KHTML, like Gecko) Version/26.1 Safari/605.1.15"
91.10.123.91 - - [20/Jan/2026:15:10:22 +0100] "GET /wp-login.php?redirect_to=https%3A%2F%2Few.inglory.de%2Fwp-admin%2F&action=confirm_admin_email&wp_lang=en_US HTTP/1.0" 200 6092 "https://ew.inglory.de/wp-login.php?redirect_to=https%3A%2F%2Few.inglory.de%2Fwp-admin%2F&reauth=1" "Mozilla/5.0 (Macintosh; Intel Mac OS X 10_15_7) AppleWebKit/605.1.15 (KHTML, like Gecko) Version/26.1 Safari/605.1.15"
91.10.123.91 - - [20/Jan/2026:15:10:22 +0100] "GET /wp-includes/css/A.buttons.min.css,qver=6.9.pagespeed.cf.WCX6X5rgTl.css HTTP/1.0" 200 5559 "https://ew.inglory.de/wp-login.php?redirect_to=https%3A%2F%2Few.inglory.de%2Fwp-admin%2F&action=confirm_admin_email&wp_lang=en_US" "Mozilla/5.0 (Macintosh; Intel Mac OS X 10_15_7) AppleWebKit/605.1.15 (KHTML, like Gecko) Version/26.1 Safari/605.1.15"
91.10.123.91 - - [20/Jan/2026:15:10:22 +0100] "GET /wp-includes/css/A.dashicons.min.css,qver=6.9.pagespeed.cf.YtIiybB4VG.css HTTP/1.0" 200 39927 "https://ew.inglory.de/wp-login.php?redirect_to=https%3A%2F%2Few.inglory.de%2Fwp-admin%2F&action=confirm_admin_email&wp_lang=en_US" "Mozilla/5.0 (Macintosh; Intel Mac OS X 10_15_7) AppleWebKit/605.1.15 (KHTML, like Gecko) Version/26.1 Safari/605.1.15"
91.10.123.91 - - [20/Jan/2026:15:10:23 +0100] "POST /wp-login.php?action=confirm_admin_email HTTP/1.0" 302 4303 "https://ew.inglory.de/wp-login.php?redirect_to=https%3A%2F%2Few.inglory.de%2Fwp-admin%2F&action=confirm_admin_email&wp_lang=en_US" "Mozilla/5.0 (Macintosh; Intel Mac OS X 10_15_7) AppleWebKit/605.1.15 (KHTML, like Gecko) Version/26.1 Safari/605.1.15"
91.10.123.91 - - [20/Jan/2026:15:10:24 +0100] "GET /wp-admin/ HTTP/1.0" 200 29210 "https://ew.inglory.de/wp-login.php?redirect_to=https%3A%2F%2Few.inglory.de%2Fwp-admin%2F&action=confirm_admin_email&wp_lang=en_US" "Mozilla/5.0 (Macintosh; Intel Mac OS X 10_15_7) AppleWebKit/605.1.15 (KHTML, like Gecko) Version/26.1 Safari/605.1.15"
91.10.123.91 - - [20/Jan/2026:15:10:25 +0100] "GET /wp-includes/js/thickbox/thickbox.css?ver=6.9 HTTP/1.0" 200 4978 "https://ew.inglory.de/wp-admin/" "Mozilla/5.0 (Macintosh; Intel Mac OS X 10_15_7) AppleWebKit/605.1.15 (KHTML, like Gecko) Version/26.1 Safari/605.1.15"
91.10.123.91 - - [20/Jan/2026:15:10:25 +0100] "GET /wp-content/plugins/erecht24/Inc/admin/css/wl-erecht24-admin.css?ver=3.3.10 HTTP/1.0" 200 5735 "https://ew.inglory.de/wp-admin/" "Mozilla/5.0 (Macintosh; Intel Mac OS X 10_15_7) AppleWebKit/605.1.15 (KHTML, like Gecko) Version/26.1 Safari/605.1.15"
91.10.123.91 - - [20/Jan/2026:15:10:25 +0100] "GET /wp-content/plugins/elementor/assets/css/common.min.css?ver=3.32.2 HTTP/1.0" 200 7515 "https://ew.inglory.de/wp-admin/" "Mozilla/5.0 (Macintosh; Intel Mac OS X 10_15_7) AppleWebKit/605.1.15 (KHTML, like Gecko) Version/26.1 Safari/605.1.15"
91.10.123.91 - - [20/Jan/2026:15:10:25 +0100] "GET /wp-content/plugins/elementor/assets/css/theme-light.min.css?ver=3.32.2 HTTP/1.0" 200 4776 "https://ew.inglory.de/wp-admin/" "Mozilla/5.0 (Macintosh; Intel Mac OS X 10_15_7) AppleWebKit/605.1.15 (KHTML, like Gecko) Version/26.1 Safari/605.1.15"
91.10.123.91 - - [20/Jan/2026:15:10:25 +0100] "GET /wp-content/plugins/pro-elements/assets/css/admin.min.css?ver=3.31.3 HTTP/1.0" 200 7797 "https://ew.inglory.de/wp-admin/" "Mozilla/5.0 (Macintosh; Intel Mac OS X 10_15_7) AppleWebKit/605.1.15 (KHTML, like Gecko) Version/26.1 Safari/605.1.15"
91.10.123.91 - - [20/Jan/2026:15:10:25 +0100] "GET /wp-admin/js/common.min.js?ver=6.9 HTTP/1.0" 200 11879 "https://ew.inglory.de/wp-admin/" "Mozilla/5.0 (Macintosh; Intel Mac OS X 10_15_7) AppleWebKit/605.1.15 (KHTML, like Gecko) Version/26.1 Safari/605.1.15"
91.10.123.91 - - [20/Jan/2026:15:10:25 +0100] "GET /wp-includes/js/admin-bar.min.js?ver=6.9 HTTP/1.0" 200 5416 "https://ew.inglory.de/wp-admin/" "Mozilla/5.0 (Macintosh; Intel Mac OS X 10_15_7) AppleWebKit/605.1.15 (KHTML, like Gecko) Version/26.1 Safari/605.1.15"
91.10.123.91 - - [20/Jan/2026:15:10:25 +0100] "GET /wp-includes/js/hoverintent-js.min.js?ver=2.2.1 HTTP/1.0" 200 4776 "https://ew.inglory.de/wp-admin/" "Mozilla/5.0 (Macintosh; Intel Mac OS X 10_15_7) AppleWebKit/605.1.15 (KHTML, like Gecko) Version/26.1 Safari/605.1.15"
91.10.123.91 - - [20/Jan/2026:15:10:25 +0100] "GET /wp-includes/js/wp-api.min.js?ver=6.9 HTTP/1.0" 200 8240 "https://ew.inglory.de/wp-admin/" "Mozilla/5.0 (Macintosh; Intel Mac OS X 10_15_7) AppleWebKit/605.1.15 (KHTML, like Gecko) Version/26.1 Safari/605.1.15"
91.10.123.91 - - [20/Jan/2026:15:10:25 +0100] "GET /wp-content/plugins/elementor/assets/css/admin.min.css?ver=3.32.2 HTTP/1.0" 200 17247 "https://ew.inglory.de/wp-admin/" "Mozilla/5.0 (Macintosh; Intel Mac OS X 10_15_7) AppleWebKit/605.1.15 (KHTML, like Gecko) Version/26.1 Safari/605.1.15"
91.10.123.91 - - [20/Jan/2026:15:10:25 +0100] "GET /wp-includes/js/api-request.min.js?ver=6.9 HTTP/1.0" 200 4648 "https://ew.inglory.de/wp-admin/" "Mozilla/5.0 (Macintosh; Intel Mac OS X 10_15_7) AppleWebKit/605.1.15 (KHTML, like Gecko) Version/26.1 Safari/605.1.15"
91.10.123.91 - - [20/Jan/2026:15:10:25 +0100] "GET /wp-includes/js/backbone.min.js?ver=1.6.0 HTTP/1.0" 200 12125 "https://ew.inglory.de/wp-admin/" "Mozilla/5.0 (Macintosh; Intel Mac OS X 10_15_7) AppleWebKit/605.1.15 (KHTML, like Gecko) Version/26.1 Safari/605.1.15"
91.10.123.91 - - [20/Jan/2026:15:10:25 +0100] "GET /wp-admin/js/site-health.min.js?ver=6.9 HTTP/1.0" 200 6272 "https://ew.inglory.de/wp-admin/" "Mozilla/5.0 (Macintosh; Intel Mac OS X 10_15_7) AppleWebKit/605.1.15 (KHTML, like Gecko) Version/26.1 Safari/605.1.15"
91.10.123.91 - - [20/Jan/2026:15:10:25 +0100] "GET /wp-includes/js/wp-ajax-response.min.js?ver=6.9 HTTP/1.0" 200 5193 "https://ew.inglory.de/wp-admin/" "Mozilla/5.0 (Macintosh; Intel Mac OS X 10_15_7) AppleWebKit/605.1.15 (KHTML, like Gecko) Version/26.1 Safari/605.1.15"
91.10.123.91 - - [20/Jan/2026:15:10:25 +0100] "GET /wp-admin/load-scripts.php?c=0&load%5Bchunk_0%5D=jquery-core,jquery-migrate,utils&ver=6.9 HTTP/1.0" 200 39297 "https://ew.inglory.de/wp-admin/" "Mozilla/5.0 (Macintosh; Intel Mac OS X 10_15_7) AppleWebKit/605.1.15 (KHTML, like Gecko) Version/26.1 Safari/605.1.15"
91.10.123.91 - - [20/Jan/2026:15:10:25 +0100] "GET /wp-includes/js/dist/url.min.js?ver=9e178c9516d1222dc834 HTTP/1.0" 200 7960 "https://ew.inglory.de/wp-admin/" "Mozilla/5.0 (Macintosh; Intel Mac OS X 10_15_7) AppleWebKit/605.1.15 (KHTML, like Gecko) Version/26.1 Safari/605.1.15"
91.10.123.91 - - [20/Jan/2026:15:10:25 +0100] "GET /wp-includes/js/jquery/jquery.color.min.js?ver=3.0.0 HTTP/1.0" 200 6828 "https://ew.inglory.de/wp-admin/" "Mozilla/5.0 (Macintosh; Intel Mac OS X 10_15_7) AppleWebKit/605.1.15 (KHTML, like Gecko) Version/26.1 Safari/605.1.15"
91.10.123.91 - - [20/Jan/2026:15:10:25 +0100] "GET /wp-includes/js/wp-lists.min.js?ver=6.9 HTTP/1.0" 200 6638 "https://ew.inglory.de/wp-admin/" "Mozilla/5.0 (Macintosh; Intel Mac OS X 10_15_7) AppleWebKit/605.1.15 (KHTML, like Gecko) Version/26.1 Safari/605.1.15"
91.10.123.91 - - [20/Jan/2026:15:10:25 +0100] "GET /wp-includes/js/quicktags.min.js?ver=6.9 HTTP/1.0" 200 7613 "https://ew.inglory.de/wp-admin/" "Mozilla/5.0 (Macintosh; Intel Mac OS X 10_15_7) AppleWebKit/605.1.15 (KHTML, like Gecko) Version/26.1 Safari/605.1.15"
91.10.123.91 - - [20/Jan/2026:15:10:25 +0100] "GET /wp-admin/load-scripts.php?c=0&load%5Bchunk_0%5D=hoverIntent,wp-dom-ready,wp-hooks&ver=6.9 HTTP/1.0" 200 6838 "https://ew.inglory.de/wp-admin/" "Mozilla/5.0 (Macintosh; Intel Mac OS X 10_15_7) AppleWebKit/605.1.15 (KHTML, like Gecko) Version/26.1 Safari/605.1.15"
91.10.123.91 - - [20/Jan/2026:15:10:25 +0100] "GET /wp-includes/js/jquery/jquery.query.js?ver=2.2.3 HTTP/1.0" 200 5686 "https://ew.inglory.de/wp-admin/" "Mozilla/5.0 (Macintosh; Intel Mac OS X 10_15_7) AppleWebKit/605.1.15 (KHTML, like Gecko) Version/26.1 Safari/605.1.15"
91.10.123.91 - - [20/Jan/2026:15:10:25 +0100] "GET /wp-admin/js/edit-comments.min.js?ver=6.9 HTTP/1.0" 200 9247 "https://ew.inglory.de/wp-admin/" "Mozilla/5.0 (Macintosh; Intel Mac OS X 10_15_7) AppleWebKit/605.1.15 (KHTML, like Gecko) Version/26.1 Safari/605.1.15"
91.10.123.91 - - [20/Jan/2026:15:10:25 +0100] "GET /wp-admin/js/postbox.min.js?ver=6.9 HTTP/1.0" 200 6312 "https://ew.inglory.de/wp-admin/" "Mozilla/5.0 (Macintosh; Intel Mac OS X 10_15_7) AppleWebKit/605.1.15 (KHTML, like Gecko) Version/26.1 Safari/605.1.15"
91.10.123.91 - - [20/Jan/2026:15:10:25 +0100] "GET /wp-includes/js/jquery/ui/mouse.min.js?ver=1.13.3 HTTP/1.0" 200 5157 "https://ew.inglory.de/wp-admin/" "Mozilla/5.0 (Macintosh; Intel Mac OS X 10_15_7) AppleWebKit/605.1.15 (KHTML, like Gecko) Version/26.1 Safari/605.1.15"
91.10.123.91 - - [20/Jan/2026:15:10:25 +0100] "GET /wp-includes/js/jquery/ui/sortable.min.js?ver=1.13.3 HTTP/1.0" 200 10690 "https://ew.inglory.de/wp-admin/" "Mozilla/5.0 (Macintosh; Intel Mac OS X 10_15_7) AppleWebKit/605.1.15 (KHTML, like Gecko) Version/26.1 Safari/605.1.15"
91.10.123.91 - - [20/Jan/2026:15:10:25 +0100] "GET /wp-includes/js/dist/deprecated.min.js?ver=e1f84915c5e8ae38964c HTTP/1.0" 200 4504 "https://ew.inglory.de/wp-admin/" "Mozilla/5.0 (Macintosh; Intel Mac OS X 10_15_7) AppleWebKit/605.1.15 (KHTML, like Gecko) Version/26.1 Safari/605.1.15"
91.10.123.91 - - [20/Jan/2026:15:10:25 +0100] "GET /wp-admin/js/dashboard.min.js?ver=6.9 HTTP/1.0" 200 7164 "https://ew.inglory.de/wp-admin/" "Mozilla/5.0 (Macintosh; Intel Mac OS X 10_15_7) AppleWebKit/605.1.15 (KHTML, like Gecko) Version/26.1 Safari/605.1.15"
91.10.123.91 - - [20/Jan/2026:15:10:25 +0100] "GET /wp-admin/js/svg-painter.js?ver=6.9 HTTP/1.0" 200 5249 "https://ew.inglory.de/wp-admin/" "Mozilla/5.0 (Macintosh; Intel Mac OS X 10_15_7) AppleWebKit/605.1.15 (KHTML, like Gecko) Version/26.1 Safari/605.1.15"
91.10.123.91 - - [20/Jan/2026:15:10:25 +0100] "GET /wp-includes/js/wp-sanitize.min.js?ver=6.9 HTTP/1.0" 200 4343 "https://ew.inglory.de/wp-admin/" "Mozilla/5.0 (Macintosh; Intel Mac OS X 10_15_7) AppleWebKit/605.1.15 (KHTML, like Gecko) Version/26.1 Safari/605.1.15"
91.10.123.91 - - [20/Jan/2026:15:10:25 +0100] "GET /wp-admin/js/updates.min.js?ver=6.9 HTTP/1.0" 200 14532 "https://ew.inglory.de/wp-admin/" "Mozilla/5.0 (Macintosh; Intel Mac OS X 10_15_7) AppleWebKit/605.1.15 (KHTML, like Gecko) Version/26.1 Safari/605.1.15"
91.10.123.91 - - [20/Jan/2026:15:10:25 +0100] "GET /wp-content/plugins/elementor/assets/lib/backbone/backbone.radio.min.js?ver=1.0.4 HTTP/1.0" 200 5627 "https://ew.inglory.de/wp-admin/" "Mozilla/5.0 (Macintosh; Intel Mac OS X 10_15_7) AppleWebKit/605.1.15 (KHTML, like Gecko) Version/26.1 Safari/605.1.15"
91.10.123.91 - - [20/Jan/2026:15:10:25 +0100] "GET /wp-admin/js/plugin-install.min.js?ver=6.9 HTTP/1.0" 200 5052 "https://ew.inglory.de/wp-admin/" "Mozilla/5.0 (Macintosh; Intel Mac OS X 10_15_7) AppleWebKit/605.1.15 (KHTML, like Gecko) Version/26.1 Safari/605.1.15"
91.10.123.91 - - [20/Jan/2026:15:10:25 +0100] "GET /wp-includes/js/jquery/ui/draggable.min.js?ver=1.13.3 HTTP/1.0" 200 8979 "https://ew.inglory.de/wp-admin/" "Mozilla/5.0 (Macintosh; Intel Mac OS X 10_15_7) AppleWebKit/605.1.15 (KHTML, like Gecko) Version/26.1 Safari/605.1.15"
91.10.123.91 - - [20/Jan/2026:15:10:25 +0100] "GET /wp-admin/js/media-upload.min.js?ver=6.9 HTTP/1.0" 200 4643 "https://ew.inglory.de/wp-admin/" "Mozilla/5.0 (Macintosh; Intel Mac OS X 10_15_7) AppleWebKit/605.1.15 (KHTML, like Gecko) Version/26.1 Safari/605.1.15"
91.10.123.91 - - [20/Jan/2026:15:10:25 +0100] "GET /wp-includes/js/dist/vendor/moment.min.js?ver=2.30.1 HTTP/1.0" 200 22903 "https://ew.inglory.de/wp-admin/" "Mozilla/5.0 (Macintosh; Intel Mac OS X 10_15_7) AppleWebKit/605.1.15 (KHTML, like Gecko) Version/26.1 Safari/605.1.15"
91.10.123.91 - - [20/Jan/2026:15:10:25 +0100] "GET /wp-includes/js/shortcode.min.js?ver=6.9 HTTP/1.0" 200 5204 "https://ew.inglory.de/wp-admin/" "Mozilla/5.0 (Macintosh; Intel Mac OS X 10_15_7) AppleWebKit/605.1.15 (KHTML, like Gecko) Version/26.1 Safari/605.1.15"
91.10.123.91 - - [20/Jan/2026:15:10:25 +0100] "GET /wp-content/plugins/elementor/assets/lib/backbone/backbone.marionette.min.js?ver=2.4.5.e1 HTTP/1.0" 200 15629 "https://ew.inglory.de/wp-admin/" "Mozilla/5.0 (Macintosh; Intel Mac OS X 10_15_7) AppleWebKit/605.1.15 (KHTML, like Gecko) Version/26.1 Safari/605.1.15"
91.10.123.91 - - [20/Jan/2026:15:10:25 +0100] "GET /wp-includes/js/thickbox/thickbox.js?ver=3.1-20121105 HTTP/1.0" 200 8136 "https://ew.inglory.de/wp-admin/" "Mozilla/5.0 (Macintosh; Intel Mac OS X 10_15_7) AppleWebKit/605.1.15 (KHTML, like Gecko) Version/26.1 Safari/605.1.15"
91.10.123.91 - - [20/Jan/2026:15:10:25 +0100] "GET /wp-includes/js/dist/blob.min.js?ver=9113eed771d446f4a556 HTTP/1.0" 200 4634 "https://ew.inglory.de/wp-admin/" "Mozilla/5.0 (Macintosh; Intel Mac OS X 10_15_7) AppleWebKit/605.1.15 (KHTML, like Gecko) Version/26.1 Safari/605.1.15"
91.10.123.91 - - [20/Jan/2026:15:10:25 +0100] "GET /wp-admin/load-styles.php?c=0&dir=ltr&load%5Bchunk_0%5D=dashicons,admin-bar,site-health,common,forms,admin-menu,dashboard,list-tables,edit,revisions,media,themes,about,nav-menus,wp-poi&load%5Bchunk_1%5D=nter,widgets,site-icon,l10n,buttons,wp-auth-check,wp-components,wp-commands&ver=6.9 HTTP/1.0" 200 124346 "https://ew.inglory.de/wp-admin/" "Mozilla/5.0 (Macintosh; Intel Mac OS X 10_15_7) AppleWebKit/605.1.15 (KHTML, like Gecko) Version/26.1 Safari/605.1.15"
91.10.123.91 - - [20/Jan/2026:15:10:25 +0100] "GET /wp-includes/js/dist/shortcode.min.js?ver=0b3174183b858f2df320 HTTP/1.0" 200 5446 "https://ew.inglory.de/wp-admin/" "Mozilla/5.0 (Macintosh; Intel Mac OS X 10_15_7) AppleWebKit/605.1.15 (KHTML, like Gecko) Version/26.1 Safari/605.1.15"
91.10.123.91 - - [20/Jan/2026:15:10:25 +0100] "GET /wp-content/plugins/elementor/assets/lib/dialog/dialog.min.js?ver=4.9.0 HTTP/1.0" 200 7886 "https://ew.inglory.de/wp-admin/" "Mozilla/5.0 (Macintosh; Intel Mac OS X 10_15_7) AppleWebKit/605.1.15 (KHTML, like Gecko) Version/26.1 Safari/605.1.15"
91.10.123.91 - - [20/Jan/2026:15:10:25 +0100] "GET /wp-content/plugins/elementor/assets/js/dev-tools.min.js?ver=3.32.2 HTTP/1.0" 200 6606 "https://ew.inglory.de/wp-admin/" "Mozilla/5.0 (Macintosh; Intel Mac OS X 10_15_7) AppleWebKit/605.1.15 (KHTML, like Gecko) Version/26.1 Safari/605.1.15"
91.10.123.91 - - [20/Jan/2026:15:10:25 +0100] "GET /wp-content/plugins/elementor/assets/js/web-cli.min.js?ver=3.32.2 HTTP/1.0" 200 45056 "https://ew.inglory.de/wp-admin/" "Mozilla/5.0 (Macintosh; Intel Mac OS X 10_15_7) AppleWebKit/605.1.15 (KHTML, like Gecko) Version/26.1 Safari/605.1.15"
91.10.123.91 - - [20/Jan/2026:15:10:25 +0100] "GET /wp-includes/js/heartbeat.min.js?ver=6.9 HTTP/1.0" 200 6145 "https://ew.inglory.de/wp-admin/" "Mozilla/5.0 (Macintosh; Intel Mac OS X 10_15_7) AppleWebKit/605.1.15 (KHTML, like Gecko) Version/26.1 Safari/605.1.15"
91.10.123.91 - - [20/Jan/2026:15:10:25 +0100] "GET /wp-includes/js/wp-auth-check.min.js?ver=6.9 HTTP/1.0" 200 4831 "https://ew.inglory.de/wp-admin/" "Mozilla/5.0 (Macintosh; Intel Mac OS X 10_15_7) AppleWebKit/605.1.15 (KHTML, like Gecko) Version/26.1 Safari/605.1.15"
91.10.123.91 - - [20/Jan/2026:15:10:25 +0100] "GET /wp-content/plugins/elementor/assets/js/common-modules.min.js?ver=3.32.2 HTTP/1.0" 200 35344 "https://ew.inglory.de/wp-admin/" "Mozilla/5.0 (Macintosh; Intel Mac OS X 10_15_7) AppleWebKit/605.1.15 (KHTML, like Gecko) Version/26.1 Safari/605.1.15"
91.10.123.91 - - [20/Jan/2026:15:10:25 +0100] "GET /wp-includes/js/dist/vendor/react.min.js?ver=18.3.1.1 HTTP/1.0" 200 8269 "https://ew.inglory.de/wp-admin/" "Mozilla/5.0 (Macintosh; Intel Mac OS X 10_15_7) AppleWebKit/605.1.15 (KHTML, like Gecko) Version/26.1 Safari/605.1.15"
91.10.123.91 - - [20/Jan/2026:15:10:25 +0100] "GET /wp-includes/js/dist/escape-html.min.js?ver=6561a406d2d232a6fbd2 HTTP/1.0" 200 4590 "https://ew.inglory.de/wp-admin/" "Mozilla/5.0 (Macintosh; Intel Mac OS X 10_15_7) AppleWebKit/605.1.15 (KHTML, like Gecko) Version/26.1 Safari/605.1.15"
91.10.123.91 - - [20/Jan/2026:15:10:25 +0100] "GET /wp-includes/js/dist/element.min.js?ver=6a582b0c827fa25df3dd HTTP/1.0" 200 9097 "https://ew.inglory.de/wp-admin/" "Mozilla/5.0 (Macintosh; Intel Mac OS X 10_15_7) AppleWebKit/605.1.15 (KHTML, like Gecko) Version/26.1 Safari/605.1.15"
91.10.123.91 - - [20/Jan/2026:15:10:25 +0100] "GET /wp-includes/js/dist/dom.min.js?ver=26edef3be6483da3de2e HTTP/1.0" 200 8842 "https://ew.inglory.de/wp-admin/" "Mozilla/5.0 (Macintosh; Intel Mac OS X 10_15_7) AppleWebKit/605.1.15 (KHTML, like Gecko) Version/26.1 Safari/605.1.15"
91.10.123.91 - - [20/Jan/2026:15:10:25 +0100] "GET /wp-includes/js/dist/priority-queue.min.js?ver=2d59d091223ee9a33838 HTTP/1.0" 200 5583 "https://ew.inglory.de/wp-admin/" "Mozilla/5.0 (Macintosh; Intel Mac OS X 10_15_7) AppleWebKit/605.1.15 (KHTML, like Gecko) Version/26.1 Safari/605.1.15"
91.10.123.91 - - [20/Jan/2026:15:10:25 +0100] "GET /wp-includes/js/dist/redux-routine.min.js?ver=8bb92d45458b29590f53 HTTP/1.0" 200 6913 "https://ew.inglory.de/wp-admin/" "Mozilla/5.0 (Macintosh; Intel Mac OS X 10_15_7) AppleWebKit/605.1.15 (KHTML, like Gecko) Version/26.1 Safari/605.1.15"
91.10.123.91 - - [20/Jan/2026:15:10:25 +0100] "GET /wp-includes/js/dist/vendor/react-jsx-runtime.min.js?ver=18.3.1 HTTP/1.0" 200 4612 "https://ew.inglory.de/wp-admin/" "Mozilla/5.0 (Macintosh; Intel Mac OS X 10_15_7) AppleWebKit/605.1.15 (KHTML, like Gecko) Version/26.1 Safari/605.1.15"
91.10.123.91 - - [20/Jan/2026:15:10:25 +0100] "GET /wp-content/plugins/elementor/assets/js/app-loader.min.js?ver=3.32.2 HTTP/1.0" 200 28824 "https://ew.inglory.de/wp-admin/" "Mozilla/5.0 (Macintosh; Intel Mac OS X 10_15_7) AppleWebKit/605.1.15 (KHTML, like Gecko) Version/26.1 Safari/605.1.15"
91.10.123.91 - - [20/Jan/2026:15:10:25 +0100] "GET /wp-includes/js/dist/is-shallow-equal.min.js?ver=e0f9f1d78d83f5196979 HTTP/1.0" 200 4578 "https://ew.inglory.de/wp-admin/" "Mozilla/5.0 (Macintosh; Intel Mac OS X 10_15_7) AppleWebKit/605.1.15 (KHTML, like Gecko) Version/26.1 Safari/605.1.15"
91.10.123.91 - - [20/Jan/2026:15:10:25 +0100] "GET /wp-includes/js/dist/data.min.js?ver=f940198280891b0b6318 HTTP/1.0" 200 12963 "https://ew.inglory.de/wp-admin/" "Mozilla/5.0 (Macintosh; Intel Mac OS X 10_15_7) AppleWebKit/605.1.15 (KHTML, like Gecko) Version/26.1 Safari/605.1.15"
91.10.123.91 - - [20/Jan/2026:15:10:25 +0100] "GET /wp-includes/js/dist/vendor/react-dom.min.js?ver=18.3.1.1 HTTP/1.0" 200 46104 "https://ew.inglory.de/wp-admin/" "Mozilla/5.0 (Macintosh; Intel Mac OS X 10_15_7) AppleWebKit/605.1.15 (KHTML, like Gecko) Version/26.1 Safari/605.1.15"
91.10.123.91 - - [20/Jan/2026:15:10:25 +0100] "GET /wp-includes/js/dist/warning.min.js?ver=d69bc18c456d01c11d5a HTTP/1.0" 200 4298 "https://ew.inglory.de/wp-admin/" "Mozilla/5.0 (Macintosh; Intel Mac OS X 10_15_7) AppleWebKit/605.1.15 (KHTML, like Gecko) Version/26.1 Safari/605.1.15"
91.10.123.91 - - [20/Jan/2026:15:10:25 +0100] "GET /wp-includes/js/dist/primitives.min.js?ver=0b5dcc337aa7cbf75570 HTTP/1.0" 200 4891 "https://ew.inglory.de/wp-admin/" "Mozilla/5.0 (Macintosh; Intel Mac OS X 10_15_7) AppleWebKit/605.1.15 (KHTML, like Gecko) Version/26.1 Safari/605.1.15"
91.10.123.91 - - [20/Jan/2026:15:10:25 +0100] "GET /wp-includes/js/dist/block-serialization-default-parser.min.js?ver=14d44daebf663d05d330 HTTP/1.0" 200 5178 "https://ew.inglory.de/wp-admin/" "Mozilla/5.0 (Macintosh; Intel Mac OS X 10_15_7) AppleWebKit/605.1.15 (KHTML, like Gecko) Version/26.1 Safari/605.1.15"
91.10.123.91 - - [20/Jan/2026:15:10:25 +0100] "GET /wp-includes/js/dist/autop.min.js?ver=9fb50649848277dd318d HTTP/1.0" 200 6213 "https://ew.inglory.de/wp-admin/" "Mozilla/5.0 (Macintosh; Intel Mac OS X 10_15_7) AppleWebKit/605.1.15 (KHTML, like Gecko) Version/26.1 Safari/605.1.15"
91.10.123.91 - - [20/Jan/2026:15:10:25 +0100] "GET /wp-includes/js/dist/keyboard-shortcuts.min.js?ver=fbc45a34ce65c5723afa HTTP/1.0" 200 5391 "https://ew.inglory.de/wp-admin/" "Mozilla/5.0 (Macintosh; Intel Mac OS X 10_15_7) AppleWebKit/605.1.15 (KHTML, like Gecko) Version/26.1 Safari/605.1.15"
91.10.123.91 - - [20/Jan/2026:15:10:25 +0100] "GET /wp-includes/js/dist/rich-text.min.js?ver=5bdbb44f3039529e3645 HTTP/1.0" 200 16442 "https://ew.inglory.de/wp-admin/" "Mozilla/5.0 (Macintosh; Intel Mac OS X 10_15_7) AppleWebKit/605.1.15 (KHTML, like Gecko) Version/26.1 Safari/605.1.15"
91.10.123.91 - - [20/Jan/2026:15:10:25 +0100] "GET /wp-includes/js/dist/private-apis.min.js?ver=4f465748bda624774139 HTTP/1.0" 200 5076 "https://ew.inglory.de/wp-admin/" "Mozilla/5.0 (Macintosh; Intel Mac OS X 10_15_7) AppleWebKit/605.1.15 (KHTML, like Gecko) Version/26.1 Safari/605.1.15"
91.10.123.91 - - [20/Jan/2026:15:10:25 +0100] "GET /wp-includes/js/dist/api-fetch.min.js?ver=3a4d9af2b423048b0dee HTTP/1.0" 200 6540 "https://ew.inglory.de/wp-admin/" "Mozilla/5.0 (Macintosh; Intel Mac OS X 10_15_7) AppleWebKit/605.1.15 (KHTML, like Gecko) Version/26.1 Safari/605.1.15"
91.10.123.91 - - [20/Jan/2026:15:10:25 +0100] "GET /wp-includes/js/dist/keycodes.min.js?ver=34c8fb5e7a594a1c8037 HTTP/1.0" 200 5413 "https://ew.inglory.de/wp-admin/" "Mozilla/5.0 (Macintosh; Intel Mac OS X 10_15_7) AppleWebKit/605.1.15 (KHTML, like Gecko) Version/26.1 Safari/605.1.15"
91.10.123.91 - - [20/Jan/2026:15:10:25 +0100] "GET /wp-includes/js/dist/notices.min.js?ver=f62fbf15dcc23301922f HTTP/1.0" 200 5004 "https://ew.inglory.de/wp-admin/" "Mozilla/5.0 (Macintosh; Intel Mac OS X 10_15_7) AppleWebKit/605.1.15 (KHTML, like Gecko) Version/26.1 Safari/605.1.15"
91.10.123.91 - - [20/Jan/2026:15:10:25 +0100] "GET /wp-includes/js/dist/html-entities.min.js?ver=e8b78b18a162491d5e5f HTTP/1.0" 200 4505 "https://ew.inglory.de/wp-admin/" "Mozilla/5.0 (Macintosh; Intel Mac OS X 10_15_7) AppleWebKit/605.1.15 (KHTML, like Gecko) Version/26.1 Safari/605.1.15"
91.10.123.91 - - [20/Jan/2026:15:10:25 +0100] "GET /wp-includes/js/dist/preferences-persistence.min.js?ver=e954d3a4426d311f7d1a HTTP/1.0" 200 6122 "https://ew.inglory.de/wp-admin/" "Mozilla/5.0 (Macintosh; Intel Mac OS X 10_15_7) AppleWebKit/605.1.15 (KHTML, like Gecko) Version/26.1 Safari/605.1.15"
91.10.123.91 - - [20/Jan/2026:15:10:25 +0100] "GET /wp-includes/js/dist/commands.min.js?ver=cac8f4817ab7cea0ac49 HTTP/1.0" 200 20616 "https://ew.inglory.de/wp-admin/" "Mozilla/5.0 (Macintosh; Intel Mac OS X 10_15_7) AppleWebKit/605.1.15 (KHTML, like Gecko) Version/26.1 Safari/605.1.15"
91.10.123.91 - - [20/Jan/2026:15:10:25 +0100] "GET /wp-includes/js/dist/token-list.min.js?ver=cfdf635a436c3953a965 HTTP/1.0" 200 4646 "https://ew.inglory.de/wp-admin/" "Mozilla/5.0 (Macintosh; Intel Mac OS X 10_15_7) AppleWebKit/605.1.15 (KHTML, like Gecko) Version/26.1 Safari/605.1.15"
91.10.123.91 - - [20/Jan/2026:15:10:25 +0100] "GET /wp-includes/js/dist/preferences.min.js?ver=2ca086aed510c242a1ed HTTP/1.0" 200 6972 "https://ew.inglory.de/wp-admin/" "Mozilla/5.0 (Macintosh; Intel Mac OS X 10_15_7) AppleWebKit/605.1.15 (KHTML, like Gecko) Version/26.1 Safari/605.1.15"
91.10.123.91 - - [20/Jan/2026:15:10:25 +0100] "GET /wp-includes/js/dist/compose.min.js?ver=7a9b375d8c19cf9d3d9b HTTP/1.0" 200 16891 "https://ew.inglory.de/wp-admin/" "Mozilla/5.0 (Macintosh; Intel Mac OS X 10_15_7) AppleWebKit/605.1.15 (KHTML, like Gecko) Version/26.1 Safari/605.1.15"
91.10.123.91 - - [20/Jan/2026:15:10:25 +0100] "GET /wp-includes/js/dist/style-engine.min.js?ver=7c6fcedc37dadafb8a81 HTTP/1.0" 200 6184 "https://ew.inglory.de/wp-admin/" "Mozilla/5.0 (Macintosh; Intel Mac OS X 10_15_7) AppleWebKit/605.1.15 (KHTML, like Gecko) Version/26.1 Safari/605.1.15"
91.10.123.91 - - [20/Jan/2026:15:10:25 +0100] "GET /wp-content/plugins/elementor/assets/js/import-export-admin.min.js?ver=3.32.2 HTTP/1.0" 200 6258 "https://ew.inglory.de/wp-admin/" "Mozilla/5.0 (Macintosh; Intel Mac OS X 10_15_7) AppleWebKit/605.1.15 (KHTML, like Gecko) Version/26.1 Safari/605.1.15"
91.10.123.91 - - [20/Jan/2026:15:10:25 +0100] "GET /wp-content/plugins/elementor/assets/js/admin.min.js?ver=3.32.2 HTTP/1.0" 200 18055 "https://ew.inglory.de/wp-admin/" "Mozilla/5.0 (Macintosh; Intel Mac OS X 10_15_7) AppleWebKit/605.1.15 (KHTML, like Gecko) Version/26.1 Safari/605.1.15"
91.10.123.91 - - [20/Jan/2026:15:10:25 +0100] "GET /wp-content/plugins/pro-elements/assets/js/admin.min.js?ver=3.31.3 HTTP/1.0" 200 12319 "https://ew.inglory.de/wp-admin/" "Mozilla/5.0 (Macintosh; Intel Mac OS X 10_15_7) AppleWebKit/605.1.15 (KHTML, like Gecko) Version/26.1 Safari/605.1.15"
91.10.123.91 - - [20/Jan/2026:15:10:25 +0100] "GET /wp-includes/js/dist/date.min.js?ver=795a56839718d3ff7eae HTTP/1.0" 200 47666 "https://ew.inglory.de/wp-admin/" "Mozilla/5.0 (Macintosh; Intel Mac OS X 10_15_7) AppleWebKit/605.1.15 (KHTML, like Gecko) Version/26.1 Safari/605.1.15"
91.10.123.91 - - [20/Jan/2026:15:10:25 +0100] "GET /wp-includes/js/dist/core-data.min.js?ver=15baadfe6e1374188072 HTTP/1.0" 200 25455 "https://ew.inglory.de/wp-admin/" "Mozilla/5.0 (Macintosh; Intel Mac OS X 10_15_7) AppleWebKit/605.1.15 (KHTML, like Gecko) Version/26.1 Safari/605.1.15"
91.10.123.91 - - [20/Jan/2026:15:10:25 +0100] "GET /wp-content/plugins/elementor/assets/js/media-hints.min.js?ver=3.32.2 HTTP/1.0" 200 6496 "https://ew.inglory.de/wp-admin/" "Mozilla/5.0 (Macintosh; Intel Mac OS X 10_15_7) AppleWebKit/605.1.15 (KHTML, like Gecko) Version/26.1 Safari/605.1.15"
91.10.123.91 - - [20/Jan/2026:15:10:25 +0100] "GET /wp-includes/js/dist/core-commands.min.js?ver=effe2d88d7f0c50a8ce9 HTTP/1.0" 200 7623 "https://ew.inglory.de/wp-admin/" "Mozilla/5.0 (Macintosh; Intel Mac OS X 10_15_7) AppleWebKit/605.1.15 (KHTML, like Gecko) Version/26.1 Safari/605.1.15"
91.10.123.91 - - [20/Jan/2026:15:10:25 +0100] "GET /wp-includes/js/dist/router.min.js?ver=2dfc4b954318a03e6a76 HTTP/1.0" 200 9667 "https://ew.inglory.de/wp-admin/" "Mozilla/5.0 (Macintosh; Intel Mac OS X 10_15_7) AppleWebKit/605.1.15 (KHTML, like Gecko) Version/26.1 Safari/605.1.15"
91.10.123.91 - - [20/Jan/2026:15:10:25 +0100] "GET /wp-content/plugins/elementor/assets/js/import-export-customization-admin.min.js?ver=3.32.2 HTTP/1.0" 200 8578 "https://ew.inglory.de/wp-admin/" "Mozilla/5.0 (Macintosh; Intel Mac OS X 10_15_7) AppleWebKit/605.1.15 (KHTML, like Gecko) Version/26.1 Safari/605.1.15"
91.10.123.91 - - [20/Jan/2026:15:10:25 +0100] "GET /wp-content/themes/hello-elementor/assets/js/hello-elementor-menu.js?ver=86d4a80498fd21c04f00 HTTP/1.0" 200 4244 "https://ew.inglory.de/wp-admin/" "Mozilla/5.0 (Macintosh; Intel Mac OS X 10_15_7) AppleWebKit/605.1.15 (KHTML, like Gecko) Version/26.1 Safari/605.1.15"
91.10.123.91 - - [20/Jan/2026:15:10:25 +0100] "GET /wp-includes/js/dist/blocks.min.js?ver=de131db49fa830bc97da HTTP/1.0" 200 58904 "https://ew.inglory.de/wp-admin/" "Mozilla/5.0 (Macintosh; Intel Mac OS X 10_15_7) AppleWebKit/605.1.15 (KHTML, like Gecko) Version/26.1 Safari/605.1.15"
91.10.123.91 - - [20/Jan/2026:15:10:25 +0100] "GET /wp-content/plugins/elementor/assets/js/admin-modules.min.js?ver=3.32.2 HTTP/1.0" 200 9019 "https://ew.inglory.de/wp-admin/" "Mozilla/5.0 (Macintosh; Intel Mac OS X 10_15_7) AppleWebKit/605.1.15 (KHTML, like Gecko) Version/26.1 Safari/605.1.15"
91.10.123.91 - - [20/Jan/2026:15:10:25 +0100] "GET /wp-content/plugins/elementor/assets/js/common.min.js?ver=3.32.2 HTTP/1.0" 200 140038 "https://ew.inglory.de/wp-admin/" "Mozilla/5.0 (Macintosh; Intel Mac OS X 10_15_7) AppleWebKit/605.1.15 (KHTML, like Gecko) Version/26.1 Safari/605.1.15"
91.10.123.91 - - [20/Jan/2026:15:10:25 +0100] "GET /wp-includes/js/dist/components.min.js?ver=ad5cb4227f07a3d422ad HTTP/1.0" 200 257691 "https://ew.inglory.de/wp-admin/" "Mozilla/5.0 (Macintosh; Intel Mac OS X 10_15_7) AppleWebKit/605.1.15 (KHTML, like Gecko) Version/26.1 Safari/605.1.15"
91.10.123.91 - - [20/Jan/2026:15:10:25 +0100] "GET /wp-content/plugins/elementor/assets/lib/eicons/fonts/eicons.woff2?5.44.0 HTTP/1.0" 200 107685 "https://ew.inglory.de/" "Mozilla/5.0 (Macintosh; Intel Mac OS X 10_15_7) AppleWebKit/605.1.15 (KHTML, like Gecko) Version/26.1 Safari/605.1.15"
91.10.123.91 - - [20/Jan/2026:15:10:25 +0100] "GET /wp-content/plugins/updraftplus/images/dashicon-white.png HTTP/1.0" 200 4778 "https://ew.inglory.de/wp-admin/" "Mozilla/5.0 (Macintosh; Intel Mac OS X 10_15_7) AppleWebKit/605.1.15 (KHTML, like Gecko) Version/26.1 Safari/605.1.15"
91.10.123.91 - - [20/Jan/2026:15:10:25 +0100] "GET /wp-includes/js/dist/block-editor.min.js?ver=6ab992f915da9674d250 HTTP/1.0" 200 274596 "https://ew.inglory.de/wp-admin/" "Mozilla/5.0 (Macintosh; Intel Mac OS X 10_15_7) AppleWebKit/605.1.15 (KHTML, like Gecko) Version/26.1 Safari/605.1.15"
