81.169.144.135 - - [20/Jan/2026:15:15:26 +0100] "POST / HTTP/1.0" 200 4931 "-" "WordPress/6.9; class-udrpc.php/2.0; https://ew-kfzgutachter.eu"
81.169.144.135 - - [20/Jan/2026:15:15:27 +0100] "POST / HTTP/1.0" 200 4929 "-" "WordPress/6.9; class-udrpc.php/2.0; https://ew-kfzgutachter.eu"
81.169.144.135 - - [20/Jan/2026:15:15:28 +0100] "POST / HTTP/1.0" 200 4926 "-" "WordPress/6.9; class-udrpc.php/2.0; https://ew-kfzgutachter.eu"
81.169.144.135 - - [20/Jan/2026:15:15:29 +0100] "POST / HTTP/1.0" 200 4925 "-" "WordPress/6.9; class-udrpc.php/2.0; https://ew-kfzgutachter.eu"
81.169.144.135 - - [20/Jan/2026:15:15:30 +0100] "POST / HTTP/1.0" 200 4928 "-" "WordPress/6.9; class-udrpc.php/2.0; https://ew-kfzgutachter.eu"
81.169.144.135 - - [20/Jan/2026:15:15:31 +0100] "POST / HTTP/1.0" 200 4924 "-" "WordPress/6.9; class-udrpc.php/2.0; https://ew-kfzgutachter.eu"
91.10.123.91 - - [20/Jan/2026:15:15:32 +0100] "POST /wp-admin/admin-ajax.php HTTP/1.0" 200 4614 "https://ew.inglory.de/wp-admin/options-general.php?page=updraftplus" "Mozilla/5.0 (Macintosh; Intel Mac OS X 10_15_7) AppleWebKit/605.1.15 (KHTML, like Gecko) Version/26.1 Safari/605.1.15"
81.169.144.135 - - [20/Jan/2026:15:15:32 +0100] "POST / HTTP/1.0" 200 4912 "-" "WordPress/6.9; class-udrpc.php/2.0; https://ew-kfzgutachter.eu"
81.169.144.135 - - [20/Jan/2026:15:15:35 +0100] "POST / HTTP/1.0" 200 4912 "-" "WordPress/6.9; class-udrpc.php/2.0; https://ew-kfzgutachter.eu"
81.169.144.135 - - [20/Jan/2026:15:15:36 +0100] "POST / HTTP/1.0" 200 4924 "-" "WordPress/6.9; class-udrpc.php/2.0; https://ew-kfzgutachter.eu"
91.10.123.91 - - [20/Jan/2026:15:15:37 +0100] "POST /wp-admin/admin-ajax.php HTTP/1.0" 200 9571 "https://ew.inglory.de/wp-admin/options-general.php?page=updraftplus" "Mozilla/5.0 (Macintosh; Intel Mac OS X 10_15_7) AppleWebKit/605.1.15 (KHTML, like Gecko) Version/26.1 Safari/605.1.15"
81.169.144.135 - - [20/Jan/2026:15:15:37 +0100] "POST / HTTP/1.0" 200 4905 "-" "WordPress/6.9; class-udrpc.php/2.0; https://ew-kfzgutachter.eu"
81.169.144.135 - - [20/Jan/2026:15:15:38 +0100] "POST / HTTP/1.0" 200 4911 "-" "WordPress/6.9; class-udrpc.php/2.0; https://ew-kfzgutachter.eu"
81.169.144.135 - - [20/Jan/2026:15:15:39 +0100] "POST / HTTP/1.0" 200 4906 "-" "WordPress/6.9; class-udrpc.php/2.0; https://ew-kfzgutachter.eu"
81.169.144.135 - - [20/Jan/2026:15:15:41 +0100] "POST / HTTP/1.0" 200 4908 "-" "WordPress/6.9; class-udrpc.php/2.0; https://ew-kfzgutachter.eu"
81.169.144.135 - - [20/Jan/2026:15:15:42 +0100] "POST / HTTP/1.0" 200 4925 "-" "WordPress/6.9; class-udrpc.php/2.0; https://ew-kfzgutachter.eu"
81.169.144.135 - - [20/Jan/2026:15:15:43 +0100] "POST / HTTP/1.0" 200 4923 "-" "WordPress/6.9; class-udrpc.php/2.0; https://ew-kfzgutachter.eu"
91.10.123.91 - - [20/Jan/2026:15:15:43 +0100] "POST /wp-admin/admin-ajax.php HTTP/1.0" 200 9606 "https://ew.inglory.de/wp-admin/options-general.php?page=updraftplus" "Mozilla/5.0 (Macintosh; Intel Mac OS X 10_15_7) AppleWebKit/605.1.15 (KHTML, like Gecko) Version/26.1 Safari/605.1.15"
81.169.144.135 - - [20/Jan/2026:15:15:44 +0100] "POST / HTTP/1.0" 200 4927 "-" "WordPress/6.9; class-udrpc.php/2.0; https://ew-kfzgutachter.eu"
81.169.144.135 - - [20/Jan/2026:15:15:44 +0100] "POST / HTTP/1.0" 200 4911 "-" "WordPress/6.9; class-udrpc.php/2.0; https://ew-kfzgutachter.eu"
81.169.144.135 - - [20/Jan/2026:15:15:58 +0100] "POST / HTTP/1.0" 200 4909 "-" "WordPress/6.9; class-udrpc.php/2.0; https://ew-kfzgutachter.eu"
81.169.144.135 - - [20/Jan/2026:15:15:58 +0100] "POST / HTTP/1.0" 200 4927 "-" "WordPress/6.9; class-udrpc.php/2.0; https://ew-kfzgutachter.eu"
81.169.144.135 - - [20/Jan/2026:15:15:59 +0100] "POST / HTTP/1.0" 200 4929 "-" "WordPress/6.9; class-udrpc.php/2.0; https://ew-kfzgutachter.eu"
81.169.144.135 - - [20/Jan/2026:15:16:00 +0100] "POST / HTTP/1.0" 200 4925 "-" "WordPress/6.9; class-udrpc.php/2.0; https://ew-kfzgutachter.eu"
81.169.144.135 - - [20/Jan/2026:15:16:01 +0100] "POST / HTTP/1.0" 200 4927 "-" "WordPress/6.9; class-udrpc.php/2.0; https://ew-kfzgutachter.eu"
81.169.144.135 - - [20/Jan/2026:15:16:02 +0100] "POST / HTTP/1.0" 200 4928 "-" "WordPress/6.9; class-udrpc.php/2.0; https://ew-kfzgutachter.eu"
81.169.144.135 - - [20/Jan/2026:15:16:03 +0100] "POST / HTTP/1.0" 200 4929 "-" "WordPress/6.9; class-udrpc.php/2.0; https://ew-kfzgutachter.eu"
81.169.144.135 - - [20/Jan/2026:15:16:04 +0100] "POST / HTTP/1.0" 200 4913 "-" "WordPress/6.9; class-udrpc.php/2.0; https://ew-kfzgutachter.eu"
81.169.144.135 - - [20/Jan/2026:15:16:04 +0100] "POST / HTTP/1.0" 200 4891 "-" "WordPress/6.9; class-udrpc.php/2.0; https://ew-kfzgutachter.eu"
91.10.123.91 - - [20/Jan/2026:15:16:07 +0100] "POST /wp-admin/admin-ajax.php HTTP/1.0" 200 9650 "https://ew.inglory.de/wp-admin/options-general.php?page=updraftplus" "Mozilla/5.0 (Macintosh; Intel Mac OS X 10_15_7) AppleWebKit/605.1.15 (KHTML, like Gecko) Version/26.1 Safari/605.1.15"
91.10.123.91 - - [20/Jan/2026:15:16:13 +0100] "POST /wp-admin/admin-ajax.php HTTP/1.0" 200 9650 "https://ew.inglory.de/wp-admin/options-general.php?page=updraftplus" "Mozilla/5.0 (Macintosh; Intel Mac OS X 10_15_7) AppleWebKit/605.1.15 (KHTML, like Gecko) Version/26.1 Safari/605.1.15"
91.10.123.91 - - [20/Jan/2026:15:16:37 +0100] "POST /wp-admin/admin-ajax.php HTTP/1.0" 200 9650 "https://ew.inglory.de/wp-admin/options-general.php?page=updraftplus" "Mozilla/5.0 (Macintosh; Intel Mac OS X 10_15_7) AppleWebKit/605.1.15 (KHTML, like Gecko) Version/26.1 Safari/605.1.15"
91.10.123.91 - - [20/Jan/2026:15:16:41 +0100] "GET /wp-admin/admin-ajax.php?action=updraft_ajax&subaction=activejobs_list&nonce=e1137282d7&downloaders= HTTP/1.0" 200 4453 "https://ew.inglory.de/wp-admin/options-general.php?page=updraftplus" "Mozilla/5.0 (Macintosh; Intel Mac OS X 10_15_7) AppleWebKit/605.1.15 (KHTML, like Gecko) Version/26.1 Safari/605.1.15"
91.10.123.91 - - [20/Jan/2026:15:16:41 +0100] "POST /wp-admin/admin-ajax.php HTTP/1.0" 200 4608 "https://ew.inglory.de/wp-admin/options-general.php?page=updraftplus" "Mozilla/5.0 (Macintosh; Intel Mac OS X 10_15_7) AppleWebKit/605.1.15 (KHTML, like Gecko) Version/26.1 Safari/605.1.15"
91.10.123.91 - - [20/Jan/2026:15:16:43 +0100] "POST /wp-admin/admin-ajax.php HTTP/1.0" 200 9650 "https://ew.inglory.de/wp-admin/options-general.php?page=updraftplus" "Mozilla/5.0 (Macintosh; Intel Mac OS X 10_15_7) AppleWebKit/605.1.15 (KHTML, like Gecko) Version/26.1 Safari/605.1.15"
91.10.123.91 - - [20/Jan/2026:15:16:43 +0100] "GET /wp-admin/admin-ajax.php?action=updraft_ajax&subaction=activejobs_list&nonce=e1137282d7&downloaders= HTTP/1.0" 200 4453 "https://ew.inglory.de/wp-admin/options-general.php?page=updraftplus" "Mozilla/5.0 (Macintosh; Intel Mac OS X 10_15_7) AppleWebKit/605.1.15 (KHTML, like Gecko) Version/26.1 Safari/605.1.15"
91.10.123.91 - - [20/Jan/2026:15:16:44 +0100] "GET /wp-admin/admin-ajax.php?action=updraft_ajax&subaction=activejobs_list&nonce=e1137282d7&downloaders= HTTP/1.0" 200 4453 "https://ew.inglory.de/wp-admin/options-general.php?page=updraftplus" "Mozilla/5.0 (Macintosh; Intel Mac OS X 10_15_7) AppleWebKit/605.1.15 (KHTML, like Gecko) Version/26.1 Safari/605.1.15"
91.10.123.91 - - [20/Jan/2026:15:16:48 +0100] "POST /wp-admin/admin-ajax.php HTTP/1.0" 200 4382 "https://ew.inglory.de/wp-admin/options-general.php?page=updraftplus" "Mozilla/5.0 (Macintosh; Intel Mac OS X 10_15_7) AppleWebKit/605.1.15 (KHTML, like Gecko) Version/26.1 Safari/605.1.15"
91.10.123.91 - - [20/Jan/2026:15:16:48 +0100] "POST /wp-admin/admin-ajax.php HTTP/1.0" 200 6296 "https://ew.inglory.de/wp-admin/options-general.php?page=updraftplus" "Mozilla/5.0 (Macintosh; Intel Mac OS X 10_15_7) AppleWebKit/605.1.15 (KHTML, like Gecko) Version/26.1 Safari/605.1.15"
91.10.123.91 - - [20/Jan/2026:15:16:53 +0100] "GET /wp-admin/admin-ajax.php?action=updraft_ajax&subaction=activejobs_list&nonce=e1137282d7&downloaders= HTTP/1.0" 200 4385 "https://ew.inglory.de/wp-admin/options-general.php?page=updraftplus" "Mozilla/5.0 (Macintosh; Intel Mac OS X 10_15_7) AppleWebKit/605.1.15 (KHTML, like Gecko) Version/26.1 Safari/605.1.15"
91.10.123.91 - - [20/Jan/2026:15:16:56 +0100] "GET /wp-admin/admin-ajax.php?action=updraft_ajax&subaction=activejobs_list&nonce=e1137282d7&downloaders= HTTP/1.0" 200 4385 "https://ew.inglory.de/wp-admin/options-general.php?page=updraftplus" "Mozilla/5.0 (Macintosh; Intel Mac OS X 10_15_7) AppleWebKit/605.1.15 (KHTML, like Gecko) Version/26.1 Safari/605.1.15"
91.10.123.91 - - [20/Jan/2026:15:16:56 +0100] "POST /wp-admin/options-general.php?page=updraftplus HTTP/1.0" 200 62866 "https://ew.inglory.de/wp-admin/options-general.php?page=updraftplus" "Mozilla/5.0 (Macintosh; Intel Mac OS X 10_15_7) AppleWebKit/605.1.15 (KHTML, like Gecko) Version/26.1 Safari/605.1.15"
91.10.123.91 - - [20/Jan/2026:15:16:57 +0100] "GET /wp-content/plugins/pro-elements/assets/css/admin.min.css?ver=3.34.0 HTTP/1.0" 200 7776 "https://ew.inglory.de/wp-admin/options-general.php?page=updraftplus" "Mozilla/5.0 (Macintosh; Intel Mac OS X 10_15_7) AppleWebKit/605.1.15 (KHTML, like Gecko) Version/26.1 Safari/605.1.15"
91.10.123.91 - - [20/Jan/2026:15:16:57 +0100] "GET /wp-content/plugins/elementor/vendor/elementor/wp-one-package/assets/build/common.css?ver=1.0.46 HTTP/1.0" 200 4701 "https://ew.inglory.de/wp-admin/options-general.php?page=updraftplus" "Mozilla/5.0 (Macintosh; Intel Mac OS X 10_15_7) AppleWebKit/605.1.15 (KHTML, like Gecko) Version/26.1 Safari/605.1.15"
91.10.123.91 - - [20/Jan/2026:15:16:57 +0100] "GET /wp-content/plugins/elementor/assets/css/theme-light.min.css?ver=3.34.2 HTTP/1.0" 200 4748 "https://ew.inglory.de/wp-admin/options-general.php?page=updraftplus" "Mozilla/5.0 (Macintosh; Intel Mac OS X 10_15_7) AppleWebKit/605.1.15 (KHTML, like Gecko) Version/26.1 Safari/605.1.15"
91.10.123.91 - - [20/Jan/2026:15:16:57 +0100] "GET /wp-content/plugins/elementor/assets/css/common.min.css?ver=3.34.2 HTTP/1.0" 200 7470 "https://ew.inglory.de/wp-admin/options-general.php?page=updraftplus" "Mozilla/5.0 (Macintosh; Intel Mac OS X 10_15_7) AppleWebKit/605.1.15 (KHTML, like Gecko) Version/26.1 Safari/605.1.15"
91.10.123.91 - - [20/Jan/2026:15:16:57 +0100] "GET /wp-content/plugins/updraftplus/includes/jquery-ui.custom-v1.12.1-2-25-9.min.css?ver=1.12.1.0 HTTP/1.0" 200 12165 "https://ew.inglory.de/wp-admin/options-general.php?page=updraftplus" "Mozilla/5.0 (Macintosh; Intel Mac OS X 10_15_7) AppleWebKit/605.1.15 (KHTML, like Gecko) Version/26.1 Safari/605.1.15"
91.10.123.91 - - [20/Jan/2026:15:16:57 +0100] "GET /wp-content/plugins/updraftplus/includes/labelauty/jquery-labelauty-2-25-9.min.css?ver=2.25.9.26 HTTP/1.0" 200 5168 "https://ew.inglory.de/wp-admin/options-general.php?page=updraftplus" "Mozilla/5.0 (Macintosh; Intel Mac OS X 10_15_7) AppleWebKit/605.1.15 (KHTML, like Gecko) Version/26.1 Safari/605.1.15"
91.10.123.91 - - [20/Jan/2026:15:16:57 +0100] "GET /wp-content/plugins/updraftplus/includes/labelauty/jquery-labelauty-2-25-9.min.js?ver=2.25.9.26 HTTP/1.0" 200 5223 "https://ew.inglory.de/wp-admin/options-general.php?page=updraftplus" "Mozilla/5.0 (Macintosh; Intel Mac OS X 10_15_7) AppleWebKit/605.1.15 (KHTML, like Gecko) Version/26.1 Safari/605.1.15"
91.10.123.91 - - [20/Jan/2026:15:16:57 +0100] "GET /wp-content/plugins/updraftplus/includes/jquery-ui.dialog.extended/jquery-ui.dialog.extended-2-25-9.min.js?ver=1.0.4 HTTP/1.0" 200 5535 "https://ew.inglory.de/wp-admin/options-general.php?page=updraftplus" "Mozilla/5.0 (Macintosh; Intel Mac OS X 10_15_7) AppleWebKit/605.1.15 (KHTML, like Gecko) Version/26.1 Safari/605.1.15"
91.10.123.91 - - [20/Jan/2026:15:16:57 +0100] "GET /wp-content/plugins/elementor/assets/css/modules/editor-one/admin-menu.min.css?ver=3.34.2 HTTP/1.0" 200 5141 "https://ew.inglory.de/wp-admin/options-general.php?page=updraftplus" "Mozilla/5.0 (Macintosh; Intel Mac OS X 10_15_7) AppleWebKit/605.1.15 (KHTML, like Gecko) Version/26.1 Safari/605.1.15"
91.10.123.91 - - [20/Jan/2026:15:16:57 +0100] "GET /wp-content/plugins/elementor/assets/lib/eicons/css/elementor-icons.min.css?ver=5.46.0 HTTP/1.0" 200 8474 "https://ew.inglory.de/wp-admin/options-general.php?page=updraftplus" "Mozilla/5.0 (Macintosh; Intel Mac OS X 10_15_7) AppleWebKit/605.1.15 (KHTML, like Gecko) Version/26.1 Safari/605.1.15"
91.10.123.91 - - [20/Jan/2026:15:16:57 +0100] "GET /wp-includes/js/dist/a11y.min.js?ver=cb460b4676c94bd228ed HTTP/1.0" 304 3889 "https://ew.inglory.de/wp-admin/options-general.php?page=updraftplus" "Mozilla/5.0 (Macintosh; Intel Mac OS X 10_15_7) AppleWebKit/605.1.15 (KHTML, like Gecko) Version/26.1 Safari/605.1.15"
91.10.123.91 - - [20/Jan/2026:15:16:57 +0100] "GET /wp-includes/js/underscore.min.js?ver=1.13.7 HTTP/1.0" 304 3890 "https://ew.inglory.de/wp-admin/options-general.php?page=updraftplus" "Mozilla/5.0 (Macintosh; Intel Mac OS X 10_15_7) AppleWebKit/605.1.15 (KHTML, like Gecko) Version/26.1 Safari/605.1.15"
91.10.123.91 - - [20/Jan/2026:15:16:57 +0100] "GET /wp-content/plugins/elementor/assets/js/dev-tools.min.js?ver=3.34.2 HTTP/1.0" 200 6573 "https://ew.inglory.de/wp-admin/options-general.php?page=updraftplus" "Mozilla/5.0 (Macintosh; Intel Mac OS X 10_15_7) AppleWebKit/605.1.15 (KHTML, like Gecko) Version/26.1 Safari/605.1.15"
91.10.123.91 - - [20/Jan/2026:15:16:57 +0100] "GET /wp-content/plugins/updraftplus/includes/handlebars/handlebars.min.js?ver=2.25.9.26 HTTP/1.0" 200 31147 "https://ew.inglory.de/wp-admin/options-general.php?page=updraftplus" "Mozilla/5.0 (Macintosh; Intel Mac OS X 10_15_7) AppleWebKit/605.1.15 (KHTML, like Gecko) Version/26.1 Safari/605.1.15"
91.10.123.91 - - [20/Jan/2026:15:16:57 +0100] "GET /wp-content/plugins/updraftplus/css/updraftplus-admin-2-25-9.min.css?ver=2.25.9.26 HTTP/1.0" 200 19047 "https://ew.inglory.de/wp-admin/options-general.php?page=updraftplus" "Mozilla/5.0 (Macintosh; Intel Mac OS X 10_15_7) AppleWebKit/605.1.15 (KHTML, like Gecko) Version/26.1 Safari/605.1.15"
91.10.123.91 - - [20/Jan/2026:15:16:57 +0100] "GET /wp-content/plugins/elementor/assets/css/admin.min.css?ver=3.34.2 HTTP/1.0" 200 17300 "https://ew.inglory.de/wp-admin/options-general.php?page=updraftplus" "Mozilla/5.0 (Macintosh; Intel Mac OS X 10_15_7) AppleWebKit/605.1.15 (KHTML, like Gecko) Version/26.1 Safari/605.1.15"
91.10.123.91 - - [20/Jan/2026:15:16:57 +0100] "GET /wp-content/plugins/updraftplus/js/updraft-admin-restore-2-25-9.min.js?ver=2.25.9.26 HTTP/1.0" 200 6285 "https://ew.inglory.de/wp-admin/options-general.php?page=updraftplus" "Mozilla/5.0 (Macintosh; Intel Mac OS X 10_15_7) AppleWebKit/605.1.15 (KHTML, like Gecko) Version/26.1 Safari/605.1.15"
91.10.123.91 - - [20/Jan/2026:15:16:57 +0100] "GET /wp-content/plugins/elementor/vendor/elementor/wp-one-package/assets/build/common.js?ver=71fc09ea1a9e23155639 HTTP/1.0" 200 4231 "https://ew.inglory.de/wp-admin/options-general.php?page=updraftplus" "Mozilla/5.0 (Macintosh; Intel Mac OS X 10_15_7) AppleWebKit/605.1.15 (KHTML, like Gecko) Version/26.1 Safari/605.1.15"
91.10.123.91 - - [20/Jan/2026:15:16:57 +0100] "GET /wp-content/plugins/updraftplus/includes/updraft-admin-common-2-25-9.min.js?ver=2.25.9.26 HTTP/1.0" 200 37399 "https://ew.inglory.de/wp-admin/options-general.php?page=updraftplus" "Mozilla/5.0 (Macintosh; Intel Mac OS X 10_15_7) AppleWebKit/605.1.15 (KHTML, like Gecko) Version/26.1 Safari/605.1.15"
91.10.123.91 - - [20/Jan/2026:15:16:57 +0100] "GET /wp-content/plugins/elementor/assets/js/admin-modules.min.js?ver=3.34.2 HTTP/1.0" 200 8984 "https://ew.inglory.de/wp-admin/options-general.php?page=updraftplus" "Mozilla/5.0 (Macintosh; Intel Mac OS X 10_15_7) AppleWebKit/605.1.15 (KHTML, like Gecko) Version/26.1 Safari/605.1.15"
91.10.123.91 - - [20/Jan/2026:15:16:57 +0100] "GET /wp-content/plugins/elementor/assets/js/admin.min.js?ver=3.34.2 HTTP/1.0" 200 18059 "https://ew.inglory.de/wp-admin/options-general.php?page=updraftplus" "Mozilla/5.0 (Macintosh; Intel Mac OS X 10_15_7) AppleWebKit/605.1.15 (KHTML, like Gecko) Version/26.1 Safari/605.1.15"
91.10.123.91 - - [20/Jan/2026:15:16:57 +0100] "GET /wp-content/plugins/pro-elements/assets/js/admin.min.js?ver=3.34.0 HTTP/1.0" 200 12462 "https://ew.inglory.de/wp-admin/options-general.php?page=updraftplus" "Mozilla/5.0 (Macintosh; Intel Mac OS X 10_15_7) AppleWebKit/605.1.15 (KHTML, like Gecko) Version/26.1 Safari/605.1.15"
91.10.123.91 - - [20/Jan/2026:15:16:57 +0100] "GET /wp-content/plugins/elementor/assets/js/editor-one-menu.min.js?ver=3.34.2 HTTP/1.0" 200 7537 "https://ew.inglory.de/wp-admin/options-general.php?page=updraftplus" "Mozilla/5.0 (Macintosh; Intel Mac OS X 10_15_7) AppleWebKit/605.1.15 (KHTML, like Gecko) Version/26.1 Safari/605.1.15"
91.10.123.91 - - [20/Jan/2026:15:16:57 +0100] "GET /wp-content/plugins/elementor/assets/js/import-export-admin.min.js?ver=3.34.2 HTTP/1.0" 200 6287 "https://ew.inglory.de/wp-admin/options-general.php?page=updraftplus" "Mozilla/5.0 (Macintosh; Intel Mac OS X 10_15_7) AppleWebKit/605.1.15 (KHTML, like Gecko) Version/26.1 Safari/605.1.15"
91.10.123.91 - - [20/Jan/2026:15:16:57 +0100] "GET /wp-content/plugins/elementor/assets/js/app-loader.min.js?ver=3.34.2 HTTP/1.0" 200 28789 "https://ew.inglory.de/wp-admin/options-general.php?page=updraftplus" "Mozilla/5.0 (Macintosh; Intel Mac OS X 10_15_7) AppleWebKit/605.1.15 (KHTML, like Gecko) Version/26.1 Safari/605.1.15"
91.10.123.91 - - [20/Jan/2026:15:16:57 +0100] "GET /wp-content/plugins/elementor/assets/js/web-cli.min.js?ver=3.34.2 HTTP/1.0" 200 45023 "https://ew.inglory.de/wp-admin/options-general.php?page=updraftplus" "Mozilla/5.0 (Macintosh; Intel Mac OS X 10_15_7) AppleWebKit/605.1.15 (KHTML, like Gecko) Version/26.1 Safari/605.1.15"
91.10.123.91 - - [20/Jan/2026:15:16:57 +0100] "GET /wp-content/plugins/elementor/assets/js/common-modules.min.js?ver=3.34.2 HTTP/1.0" 200 44534 "https://ew.inglory.de/wp-admin/options-general.php?page=updraftplus" "Mozilla/5.0 (Macintosh; Intel Mac OS X 10_15_7) AppleWebKit/605.1.15 (KHTML, like Gecko) Version/26.1 Safari/605.1.15"
91.10.123.91 - - [20/Jan/2026:15:16:57 +0100] "GET /wp-content/plugins/elementor/assets/js/media-hints.min.js?ver=3.34.2 HTTP/1.0" 200 6466 "https://ew.inglory.de/wp-admin/options-general.php?page=updraftplus" "Mozilla/5.0 (Macintosh; Intel Mac OS X 10_15_7) AppleWebKit/605.1.15 (KHTML, like Gecko) Version/26.1 Safari/605.1.15"
91.10.123.91 - - [20/Jan/2026:15:16:57 +0100] "GET /wp-content/plugins/elementor/assets/js/import-export-customization-admin.min.js?ver=3.34.2 HTTP/1.0" 200 14505 "https://ew.inglory.de/wp-admin/options-general.php?page=updraftplus" "Mozilla/5.0 (Macintosh; Intel Mac OS X 10_15_7) AppleWebKit/605.1.15 (KHTML, like Gecko) Version/26.1 Safari/605.1.15"
91.10.123.91 - - [20/Jan/2026:15:16:57 +0100] "GET /wp-content/plugins/elementor/assets/js/common.min.js?ver=3.34.2 HTTP/1.0" 200 145769 "https://ew.inglory.de/wp-admin/options-general.php?page=updraftplus" "Mozilla/5.0 (Macintosh; Intel Mac OS X 10_15_7) AppleWebKit/605.1.15 (KHTML, like Gecko) Version/26.1 Safari/605.1.15"
91.10.123.91 - - [20/Jan/2026:15:16:57 +0100] "GET /wp-content/plugins/elementor/assets/lib/eicons/fonts/eicons.woff2?5.46.0 HTTP/1.0" 304 3891 "https://ew.inglory.de/wp-admin/options-general.php?page=updraftplus" "Mozilla/5.0 (Macintosh; Intel Mac OS X 10_15_7) AppleWebKit/605.1.15 (KHTML, like Gecko) Version/26.1 Safari/605.1.15"
91.10.123.91 - - [20/Jan/2026:15:16:57 +0100] "GET /wp-admin/admin-ajax.php?action=updraft_ajax&subaction=ping&nonce=e1137282d7 HTTP/1.0" 200 4278 "https://ew.inglory.de/wp-admin/options-general.php?page=updraftplus" "Mozilla/5.0 (Macintosh; Intel Mac OS X 10_15_7) AppleWebKit/605.1.15 (KHTML, like Gecko) Version/26.1 Safari/605.1.15"
91.10.123.91 - - [20/Jan/2026:15:16:57 +0100] "POST /wp-admin/admin-ajax.php HTTP/1.0" 200 45490 "https://ew.inglory.de/wp-admin/options-general.php?page=updraftplus" "Mozilla/5.0 (Macintosh; Intel Mac OS X 10_15_7) AppleWebKit/605.1.15 (KHTML, like Gecko) Version/26.1 Safari/605.1.15"
94.130.90.54 - - [20/Jan/2026:15:17:21 +0100] "GET /wp-content/themes/hello-elementor/assets/css/reset.css?ver=3.4.5 HTTP/1.1" 200 9003 "https://ew.inglory.de/datenschutz/" "Serf/1.3.9 (mod_pagespeed/1.13.35.2-0)"
94.130.90.54 - - [20/Jan/2026:15:17:21 +0100] "GET /wp-content/themes/hello-elementor/assets/css/theme.css?ver=3.4.5 HTTP/1.1" 200 8644 "https://ew.inglory.de/datenschutz/" "Serf/1.3.9 (mod_pagespeed/1.13.35.2-0)"
94.130.90.54 - - [20/Jan/2026:15:17:21 +0100] "GET /wp-content/themes/hello-elementor/assets/css/header-footer.css?ver=3.4.5 HTTP/1.1" 200 10729 "https://ew.inglory.de/datenschutz/" "Serf/1.3.9 (mod_pagespeed/1.13.35.2-0)"
94.130.90.54 - - [20/Jan/2026:15:17:21 +0100] "GET /wp-content/uploads/elementor/google-fonts/css/rem.css?ver=1742315437 HTTP/1.1" 200 27148 "https://ew.inglory.de/datenschutz/" "Serf/1.3.9 (mod_pagespeed/1.13.35.2-0)"
91.10.123.91 - - [20/Jan/2026:15:17:20 +0100] "GET /datenschutz/ HTTP/1.0" 200 31705 "https://ew.inglory.de/wp-admin/options-general.php?page=updraftplus" "Mozilla/5.0 (Macintosh; Intel Mac OS X 10_15_7) AppleWebKit/605.1.15 (KHTML, like Gecko) Version/26.1 Safari/605.1.15"
94.130.90.54 - - [20/Jan/2026:15:17:21 +0100] "GET /wp-content/plugins/elementor/assets/lib/font-awesome/css/fontawesome.min.css?ver=5.15.3 HTTP/1.1" 200 61706 "https://ew.inglory.de/datenschutz/" "Serf/1.3.9 (mod_pagespeed/1.13.35.2-0)"
94.130.90.54 - - [20/Jan/2026:15:17:21 +0100] "GET /wp-content/plugins/elementor/assets/lib/font-awesome/css/solid.min.css?ver=5.15.3 HTTP/1.1" 200 4185 "https://ew.inglory.de/datenschutz/" "Serf/1.3.9 (mod_pagespeed/1.13.35.2-0)"
94.130.90.54 - - [20/Jan/2026:15:17:21 +0100] "GET /wp-content/uploads/cropped-cropped-favicon-32x32.png HTTP/1.1" 200 4388 "https://ew.inglory.de/datenschutz/" "Serf/1.3.9 (mod_pagespeed/1.13.35.2-0)"
94.130.90.54 - - [20/Jan/2026:15:17:21 +0100] "GET /wp-content/uploads/cropped-cropped-favicon-192x192.png HTTP/1.1" 200 7249 "https://ew.inglory.de/datenschutz/" "Serf/1.3.9 (mod_pagespeed/1.13.35.2-0)"
94.130.90.54 - - [20/Jan/2026:15:17:21 +0100] "GET /wp-content/uploads/cropped-cropped-favicon-180x180.png HTTP/1.1" 200 7077 "https://ew.inglory.de/datenschutz/" "Serf/1.3.9 (mod_pagespeed/1.13.35.2-0)"
94.130.90.54 - - [20/Jan/2026:15:17:21 +0100] "GET /wp-content/uploads/EasyWay-Logo-bright.png HTTP/1.1" 200 55985 "https://ew.inglory.de/datenschutz/" "Serf/1.3.9 (mod_pagespeed/1.13.35.2-0)"
94.130.90.54 - - [20/Jan/2026:15:17:21 +0100] "GET /wp-content/uploads/EasyWay-Logo-bright.png HTTP/1.1" 200 55985 "https://ew.inglory.de/datenschutz/" "Serf/1.3.9 (mod_pagespeed/1.13.35.2-0)"
94.130.90.54 - - [20/Jan/2026:15:17:21 +0100] "GET /wp-content/uploads/EasyWay-Logo-bright-300x71.png HTTP/1.1" 200 12248 "https://ew.inglory.de/datenschutz/" "Serf/1.3.9 (mod_pagespeed/1.13.35.2-0)"
94.130.90.54 - - [20/Jan/2026:15:17:21 +0100] "GET /wp-content/uploads/EasyWay-Logo-bright-1024x244.png HTTP/1.1" 200 38073 "https://ew.inglory.de/datenschutz/" "Serf/1.3.9 (mod_pagespeed/1.13.35.2-0)"
94.130.90.54 - - [20/Jan/2026:15:17:21 +0100] "GET /wp-content/uploads/EasyWay-Logo-bright-768x183.png HTTP/1.1" 200 28776 "https://ew.inglory.de/datenschutz/" "Serf/1.3.9 (mod_pagespeed/1.13.35.2-0)"
94.130.90.54 - - [20/Jan/2026:15:17:21 +0100] "GET /wp-content/uploads/EasyWay-Logo-bright-1536x366.png HTTP/1.1" 200 58963 "https://ew.inglory.de/datenschutz/" "Serf/1.3.9 (mod_pagespeed/1.13.35.2-0)"
94.130.90.54 - - [20/Jan/2026:15:17:21 +0100] "GET /wp-content/uploads/EasyWay-Logo-bright-2048x487.png HTTP/1.1" 200 79852 "https://ew.inglory.de/datenschutz/" "Serf/1.3.9 (mod_pagespeed/1.13.35.2-0)"
94.130.90.54 - - [20/Jan/2026:15:17:21 +0100] "GET /wp-includes/js/jquery/jquery.min.js?ver=3.7.1 HTTP/1.1" 304 3392 "https://ew.inglory.de/datenschutz/" "Serf/1.3.9 (mod_pagespeed/1.13.35.2-0)"
94.130.90.54 - - [20/Jan/2026:15:17:21 +0100] "GET /wp-includes/js/jquery/jquery-migrate.min.js?ver=3.4.1 HTTP/1.1" 304 3391 "https://ew.inglory.de/datenschutz/" "Serf/1.3.9 (mod_pagespeed/1.13.35.2-0)"
94.130.90.54 - - [20/Jan/2026:15:17:21 +0100] "GET /wp-content/plugins/elementor/assets/js/webpack.runtime.min.js?ver=3.34.2 HTTP/1.1" 200 9238 "https://ew.inglory.de/datenschutz/" "Serf/1.3.9 (mod_pagespeed/1.13.35.2-0)"
94.130.90.54 - - [20/Jan/2026:15:17:21 +0100] "GET /wp-content/plugins/elementor/assets/js/frontend-modules.min.js?ver=3.34.2 HTTP/1.1" 200 91043 "https://ew.inglory.de/datenschutz/" "Serf/1.3.9 (mod_pagespeed/1.13.35.2-0)"
94.130.90.54 - - [20/Jan/2026:15:17:21 +0100] "GET /wp-includes/js/jquery/ui/core.min.js?ver=1.13.3 HTTP/1.1" 304 3391 "https://ew.inglory.de/datenschutz/" "Serf/1.3.9 (mod_pagespeed/1.13.35.2-0)"
94.130.90.54 - - [20/Jan/2026:15:17:21 +0100] "GET /wp-content/plugins/elementor/assets/js/frontend.min.js?ver=3.34.2 HTTP/1.1" 200 35471 "https://ew.inglory.de/datenschutz/" "Serf/1.3.9 (mod_pagespeed/1.13.35.2-0)"
94.130.90.54 - - [20/Jan/2026:15:17:21 +0100] "GET /wp-content/plugins/pro-elements/assets/lib/smartmenus/jquery.smartmenus.min.js?ver=1.2.1 HTTP/1.1" 200 27700 "https://ew.inglory.de/datenschutz/" "Serf/1.3.9 (mod_pagespeed/1.13.35.2-0)"
94.130.90.54 - - [20/Jan/2026:15:17:21 +0100] "GET /wp-content/plugins/pro-elements/assets/lib/sticky/jquery.sticky.min.js?ver=3.34.0 HTTP/1.1" 200 7281 "https://ew.inglory.de/datenschutz/" "Serf/1.3.9 (mod_pagespeed/1.13.35.2-0)"
94.130.90.54 - - [20/Jan/2026:15:17:21 +0100] "GET /wp-content/plugins/pro-elements/assets/js/webpack-pro.runtime.min.js?ver=3.34.0 HTTP/1.1" 200 9807 "https://ew.inglory.de/datenschutz/" "Serf/1.3.9 (mod_pagespeed/1.13.35.2-0)"
94.130.90.54 - - [20/Jan/2026:15:17:21 +0100] "GET /wp-includes/js/dist/hooks.min.js?ver=dd5603f07f9220ed27f1 HTTP/1.1" 304 3391 "https://ew.inglory.de/datenschutz/" "Serf/1.3.9 (mod_pagespeed/1.13.35.2-0)"
94.130.90.54 - - [20/Jan/2026:15:17:21 +0100] "GET /wp-includes/js/dist/i18n.min.js?ver=c26c3dc7bed366793375 HTTP/1.1" 304 3391 "https://ew.inglory.de/datenschutz/" "Serf/1.3.9 (mod_pagespeed/1.13.35.2-0)"
94.130.90.54 - - [20/Jan/2026:15:17:21 +0100] "GET /wp-content/plugins/pro-elements/assets/js/frontend.min.js?ver=3.34.0 HTTP/1.1" 200 27636 "https://ew.inglory.de/datenschutz/" "Serf/1.3.9 (mod_pagespeed/1.13.35.2-0)"
94.130.90.54 - - [20/Jan/2026:15:17:21 +0100] "GET /wp-content/plugins/pro-elements/assets/js/elements-handlers.min.js?ver=3.34.0 HTTP/1.1" 200 47876 "https://ew.inglory.de/datenschutz/" "Serf/1.3.9 (mod_pagespeed/1.13.35.2-0)"
94.130.90.54 - - [20/Jan/2026:15:17:21 +0100] "GET /wp-content/plugins/elementor/assets/css/frontend.min.css?ver=3.34.2 HTTP/1.1" 200 58146 "https://ew.inglory.de/datenschutz/" "Serf/1.3.9 (mod_pagespeed/1.13.35.2-0)"
94.130.90.54 - - [20/Jan/2026:15:17:21 +0100] "GET /wp-content/plugins/elementor/assets/css/widget-image.min.css?ver=3.34.2 HTTP/1.1" 200 3729 "https://ew.inglory.de/datenschutz/" "Serf/1.3.9 (mod_pagespeed/1.13.35.2-0)"
94.130.90.54 - - [20/Jan/2026:15:17:21 +0100] "GET /wp-content/plugins/pro-elements/assets/css/widget-nav-menu.min.css?ver=3.34.0 HTTP/1.1" 200 30939 "https://ew.inglory.de/datenschutz/" "Serf/1.3.9 (mod_pagespeed/1.13.35.2-0)"
94.130.90.54 - - [20/Jan/2026:15:17:21 +0100] "GET /wp-content/plugins/pro-elements/assets/css/modules/sticky.min.css?ver=3.34.0 HTTP/1.1" 200 3677 "https://ew.inglory.de/datenschutz/" "Serf/1.3.9 (mod_pagespeed/1.13.35.2-0)"
94.130.90.54 - - [20/Jan/2026:15:17:21 +0100] "GET /wp-content/plugins/elementor/assets/css/widget-icon-list.min.css?ver=3.34.2 HTTP/1.1" 200 13803 "https://ew.inglory.de/datenschutz/" "Serf/1.3.9 (mod_pagespeed/1.13.35.2-0)"
94.130.90.54 - - [20/Jan/2026:15:17:21 +0100] "GET /wp-content/plugins/elementor/assets/lib/animations/styles/e-animation-shrink.min.css?ver=3.34.2 HTTP/1.1" 200 3720 "https://ew.inglory.de/datenschutz/" "Serf/1.3.9 (mod_pagespeed/1.13.35.2-0)"
94.130.90.54 - - [20/Jan/2026:15:17:21 +0100] "GET /wp-content/plugins/elementor/assets/css/widget-social-icons.min.css?ver=3.34.2 HTTP/1.1" 200 8657 "https://ew.inglory.de/datenschutz/" "Serf/1.3.9 (mod_pagespeed/1.13.35.2-0)"
94.130.90.54 - - [20/Jan/2026:15:17:21 +0100] "GET /wp-content/plugins/elementor/assets/css/conditionals/apple-webkit.min.css?ver=3.34.2 HTTP/1.1" 200 10260 "https://ew.inglory.de/datenschutz/" "Serf/1.3.9 (mod_pagespeed/1.13.35.2-0)"
94.130.90.54 - - [20/Jan/2026:15:17:21 +0100] "GET /wp-content/plugins/elementor/assets/lib/animations/styles/fadeInDown.min.css?ver=3.34.2 HTTP/1.1" 200 3652 "https://ew.inglory.de/datenschutz/" "Serf/1.3.9 (mod_pagespeed/1.13.35.2-0)"
94.130.90.54 - - [20/Jan/2026:15:17:21 +0100] "GET /wp-content/plugins/pro-elements/assets/css/conditionals/popup.min.css?ver=3.34.0 HTTP/1.1" 200 4511 "https://ew.inglory.de/datenschutz/" "Serf/1.3.9 (mod_pagespeed/1.13.35.2-0)"
94.130.90.54 - - [20/Jan/2026:15:17:21 +0100] "GET /wp-content/uploads/elementor/css/post-6.css?ver=1768918641 HTTP/1.1" 200 10984 "https://ew.inglory.de/datenschutz/" "Serf/1.3.9 (mod_pagespeed/1.13.35.2-0)"
94.130.90.54 - - [20/Jan/2026:15:17:21 +0100] "GET /wp-content/plugins/elementor/assets/css/widget-heading.min.css?ver=3.34.2 HTTP/1.1" 200 4076 "https://ew.inglory.de/datenschutz/" "Serf/1.3.9 (mod_pagespeed/1.13.35.2-0)"
94.130.90.54 - - [20/Jan/2026:15:17:21 +0100] "GET /wp-content/uploads/elementor/css/post-264.css?ver=1768918641 HTTP/1.1" 200 6398 "https://ew.inglory.de/datenschutz/" "Serf/1.3.9 (mod_pagespeed/1.13.35.2-0)"
94.130.90.54 - - [20/Jan/2026:15:17:21 +0100] "GET /wp-content/uploads/elementor/css/post-385.css?ver=1768918641 HTTP/1.1" 200 11871 "https://ew.inglory.de/datenschutz/" "Serf/1.3.9 (mod_pagespeed/1.13.35.2-0)"
94.130.90.54 - - [20/Jan/2026:15:17:21 +0100] "GET /wp-content/uploads/elementor/css/post-479.css?ver=1768918641 HTTP/1.1" 200 34923 "https://ew.inglory.de/datenschutz/" "Serf/1.3.9 (mod_pagespeed/1.13.35.2-0)"
94.130.90.54 - - [20/Jan/2026:15:17:21 +0100] "GET /wp-content/uploads/elementor/css/post-449.css?ver=1768918641 HTTP/1.1" 200 10564 "https://ew.inglory.de/datenschutz/" "Serf/1.3.9 (mod_pagespeed/1.13.35.2-0)"
94.130.90.54 - - [20/Jan/2026:15:17:21 +0100] "GET /wp-content/uploads/arrow-49.svg HTTP/1.1" 200 3742 "https://ew.inglory.de/datenschutz/" "Serf/1.3.9 (mod_pagespeed/1.13.35.2-0)"
91.10.123.91 - - [20/Jan/2026:15:17:21 +0100] "GET /wp-admin/options-general.php?page=updraftplus&updraft_restore_success=1&pval=1 HTTP/1.0" 302 4240 "https://ew.inglory.de/wp-admin/options-general.php?page=updraftplus" "Mozilla/5.0 (Macintosh; Intel Mac OS X 10_15_7) AppleWebKit/605.1.15 (KHTML, like Gecko) Version/26.1 Safari/605.1.15"
94.130.90.54 - - [20/Jan/2026:15:17:22 +0100] "GET /wp-content/plugins/elementor/assets/lib/font-awesome/css/regular.min.css?ver=5.15.3 HTTP/1.1" 200 4193 "https://ew.inglory.de/" "Serf/1.3.9 (mod_pagespeed/1.13.35.2-0)"
94.130.90.54 - - [20/Jan/2026:15:17:22 +0100] "GET /wp-content/uploads/signature.png HTTP/1.1" 200 19800 "https://ew.inglory.de/" "Serf/1.3.9 (mod_pagespeed/1.13.35.2-0)"
94.130.90.54 - - [20/Jan/2026:15:17:22 +0100] "GET /wp-content/uploads/signature.png HTTP/1.1" 200 19800 "https://ew.inglory.de/" "Serf/1.3.9 (mod_pagespeed/1.13.35.2-0)"
94.130.90.54 - - [20/Jan/2026:15:17:22 +0100] "GET /wp-content/uploads/signature-300x47.png HTTP/1.1" 200 9395 "https://ew.inglory.de/" "Serf/1.3.9 (mod_pagespeed/1.13.35.2-0)"
94.130.90.54 - - [20/Jan/2026:15:17:22 +0100] "GET /wp-content/uploads/signature-768x119.png HTTP/1.1" 200 25201 "https://ew.inglory.de/" "Serf/1.3.9 (mod_pagespeed/1.13.35.2-0)"
91.10.123.91 - - [20/Jan/2026:15:17:20 +0100] "GET / HTTP/1.0" 200 12378 "https://ew.inglory.de/wp-admin/options-general.php?page=updraftplus" "Mozilla/5.0 (Macintosh; Intel Mac OS X 10_15_7) AppleWebKit/605.1.15 (KHTML, like Gecko) Version/26.1 Safari/605.1.15"
94.130.90.54 - - [20/Jan/2026:15:17:22 +0100] "GET /wp-content/uploads/pic1.jpg HTTP/1.1" 200 117095 "https://ew.inglory.de/" "Serf/1.3.9 (mod_pagespeed/1.13.35.2-0)"
94.130.90.54 - - [20/Jan/2026:15:17:22 +0100] "GET /wp-content/uploads/pic1.jpg HTTP/1.1" 200 117095 "https://ew.inglory.de/" "Serf/1.3.9 (mod_pagespeed/1.13.35.2-0)"
94.130.90.54 - - [20/Jan/2026:15:17:22 +0100] "GET /wp-content/uploads/pic1-300x205.jpg HTTP/1.1" 200 29303 "https://ew.inglory.de/" "Serf/1.3.9 (mod_pagespeed/1.13.35.2-0)"
94.130.90.54 - - [20/Jan/2026:15:17:22 +0100] "GET /wp-content/uploads/pic1-1024x701.jpg HTTP/1.1" 200 99123 "https://ew.inglory.de/" "Serf/1.3.9 (mod_pagespeed/1.13.35.2-0)"
94.130.90.54 - - [20/Jan/2026:15:17:22 +0100] "GET /wp-content/uploads/pic1-768x525.jpg HTTP/1.1" 200 71044 "https://ew.inglory.de/" "Serf/1.3.9 (mod_pagespeed/1.13.35.2-0)"
94.130.90.54 - - [20/Jan/2026:15:17:22 +0100] "GET /wp-content/uploads/pic3.jpg HTTP/1.1" 200 64164 "https://ew.inglory.de/" "Serf/1.3.9 (mod_pagespeed/1.13.35.2-0)"
94.130.90.54 - - [20/Jan/2026:15:17:22 +0100] "GET /wp-content/uploads/pic3.jpg HTTP/1.1" 200 64164 "https://ew.inglory.de/" "Serf/1.3.9 (mod_pagespeed/1.13.35.2-0)"
94.130.90.54 - - [20/Jan/2026:15:17:22 +0100] "GET /wp-content/uploads/pic3-300x205.jpg HTTP/1.1" 200 21976 "https://ew.inglory.de/" "Serf/1.3.9 (mod_pagespeed/1.13.35.2-0)"
94.130.90.54 - - [20/Jan/2026:15:17:22 +0100] "GET /wp-content/uploads/pic3-1024x701.jpg HTTP/1.1" 200 70104 "https://ew.inglory.de/" "Serf/1.3.9 (mod_pagespeed/1.13.35.2-0)"
94.130.90.54 - - [20/Jan/2026:15:17:22 +0100] "GET /wp-content/uploads/pic3-768x525.jpg HTTP/1.1" 200 49967 "https://ew.inglory.de/" "Serf/1.3.9 (mod_pagespeed/1.13.35.2-0)"
94.130.90.54 - - [20/Jan/2026:15:17:22 +0100] "GET /wp-content/uploads/pic5.jpg HTTP/1.1" 200 146089 "https://ew.inglory.de/" "Serf/1.3.9 (mod_pagespeed/1.13.35.2-0)"
94.130.90.54 - - [20/Jan/2026:15:17:22 +0100] "GET /wp-content/uploads/pic5.jpg HTTP/1.1" 200 146089 "https://ew.inglory.de/" "Serf/1.3.9 (mod_pagespeed/1.13.35.2-0)"
94.130.90.54 - - [20/Jan/2026:15:17:22 +0100] "GET /wp-content/uploads/pic5-300x205.jpg HTTP/1.1" 200 33241 "https://ew.inglory.de/" "Serf/1.3.9 (mod_pagespeed/1.13.35.2-0)"
94.130.90.54 - - [20/Jan/2026:15:17:22 +0100] "GET /wp-content/uploads/pic5-1024x701.jpg HTTP/1.1" 200 118882 "https://ew.inglory.de/" "Serf/1.3.9 (mod_pagespeed/1.13.35.2-0)"
94.130.90.54 - - [20/Jan/2026:15:17:22 +0100] "GET /wp-content/uploads/pic5-768x525.jpg HTTP/1.1" 200 84627 "https://ew.inglory.de/" "Serf/1.3.9 (mod_pagespeed/1.13.35.2-0)"
91.10.123.91 - - [20/Jan/2026:15:17:22 +0100] "GET /wp-login.php?redirect_to=https%3A%2F%2Few.inglory.de%2Fwp-admin%2Foptions-general.php%3Fpage%3Dupdraftplus%26updraft_restore_success%3D1%26pval%3D1&reauth=1 HTTP/1.0" 200 8780 "https://ew.inglory.de/wp-admin/options-general.php?page=updraftplus" "Mozilla/5.0 (Macintosh; Intel Mac OS X 10_15_7) AppleWebKit/605.1.15 (KHTML, like Gecko) Version/26.1 Safari/605.1.15"
94.130.90.54 - - [20/Jan/2026:15:17:22 +0100] "GET /wp-content/uploads/pic2.jpg HTTP/1.1" 200 77898 "https://ew.inglory.de/" "Serf/1.3.9 (mod_pagespeed/1.13.35.2-0)"
94.130.90.54 - - [20/Jan/2026:15:17:22 +0100] "GET /wp-content/uploads/pic2.jpg HTTP/1.1" 200 77898 "https://ew.inglory.de/" "Serf/1.3.9 (mod_pagespeed/1.13.35.2-0)"
94.130.90.54 - - [20/Jan/2026:15:17:22 +0100] "GET /wp-content/uploads/pic2-300x205.jpg HTTP/1.1" 200 24023 "https://ew.inglory.de/" "Serf/1.3.9 (mod_pagespeed/1.13.35.2-0)"
94.130.90.54 - - [20/Jan/2026:15:17:22 +0100] "GET /wp-content/uploads/pic2-1024x701.jpg HTTP/1.1" 200 76961 "https://ew.inglory.de/" "Serf/1.3.9 (mod_pagespeed/1.13.35.2-0)"
94.130.90.54 - - [20/Jan/2026:15:17:22 +0100] "GET /wp-content/uploads/pic2-768x525.jpg HTTP/1.1" 200 55214 "https://ew.inglory.de/" "Serf/1.3.9 (mod_pagespeed/1.13.35.2-0)"
94.130.90.54 - - [20/Jan/2026:15:17:22 +0100] "GET /wp-content/uploads/pic4.jpg HTTP/1.1" 200 139596 "https://ew.inglory.de/" "Serf/1.3.9 (mod_pagespeed/1.13.35.2-0)"
94.130.90.54 - - [20/Jan/2026:15:17:22 +0100] "GET /wp-content/uploads/pic4.jpg HTTP/1.1" 200 139596 "https://ew.inglory.de/" "Serf/1.3.9 (mod_pagespeed/1.13.35.2-0)"
94.130.90.54 - - [20/Jan/2026:15:17:22 +0100] "GET /wp-content/uploads/pic4-300x205.jpg HTTP/1.1" 200 31859 "https://ew.inglory.de/" "Serf/1.3.9 (mod_pagespeed/1.13.35.2-0)"
94.130.90.54 - - [20/Jan/2026:15:17:22 +0100] "GET /wp-content/uploads/pic4-1024x701.jpg HTTP/1.1" 200 113426 "https://ew.inglory.de/" "Serf/1.3.9 (mod_pagespeed/1.13.35.2-0)"
94.130.90.54 - - [20/Jan/2026:15:17:22 +0100] "GET /wp-content/uploads/pic4-768x525.jpg HTTP/1.1" 200 80423 "https://ew.inglory.de/" "Serf/1.3.9 (mod_pagespeed/1.13.35.2-0)"
94.130.90.54 - - [20/Jan/2026:15:17:22 +0100] "GET /wp-content/uploads/pic6.jpg HTTP/1.1" 200 79560 "https://ew.inglory.de/" "Serf/1.3.9 (mod_pagespeed/1.13.35.2-0)"
94.130.90.54 - - [20/Jan/2026:15:17:22 +0100] "GET /wp-content/uploads/pic6.jpg HTTP/1.1" 200 79560 "https://ew.inglory.de/" "Serf/1.3.9 (mod_pagespeed/1.13.35.2-0)"
94.130.90.54 - - [20/Jan/2026:15:17:22 +0100] "GET /wp-content/uploads/pic6-300x205.jpg HTTP/1.1" 200 24318 "https://ew.inglory.de/" "Serf/1.3.9 (mod_pagespeed/1.13.35.2-0)"
94.130.90.54 - - [20/Jan/2026:15:17:22 +0100] "GET /wp-content/uploads/pic6-1024x701.jpg HTTP/1.1" 200 79361 "https://ew.inglory.de/" "Serf/1.3.9 (mod_pagespeed/1.13.35.2-0)"
94.130.90.54 - - [20/Jan/2026:15:17:22 +0100] "GET /wp-content/uploads/pic6-768x525.jpg HTTP/1.1" 200 56732 "https://ew.inglory.de/" "Serf/1.3.9 (mod_pagespeed/1.13.35.2-0)"
94.130.90.54 - - [20/Jan/2026:15:17:22 +0100] "GET /wp-content/uploads/Alex-min.png HTTP/1.1" 200 180552 "https://ew.inglory.de/" "Serf/1.3.9 (mod_pagespeed/1.13.35.2-0)"
91.10.123.91 - - [20/Jan/2026:15:17:22 +0100] "GET /wp-includes/css/buttons.min.css?ver=6.9 HTTP/1.0" 304 3890 "https://ew.inglory.de/wp-login.php?redirect_to=https%3A%2F%2Few.inglory.de%2Fwp-admin%2Foptions-general.php%3Fpage%3Dupdraftplus%26updraft_restore_success%3D1%26pval%3D1&reauth=1" "Mozilla/5.0 (Macintosh; Intel Mac OS X 10_15_7) AppleWebKit/605.1.15 (KHTML, like Gecko) Version/26.1 Safari/605.1.15"
91.10.123.91 - - [20/Jan/2026:15:17:22 +0100] "GET /wp-includes/css/dashicons.min.css?ver=6.9 HTTP/1.0" 304 3890 "https://ew.inglory.de/wp-login.php?redirect_to=https%3A%2F%2Few.inglory.de%2Fwp-admin%2Foptions-general.php%3Fpage%3Dupdraftplus%26updraft_restore_success%3D1%26pval%3D1&reauth=1" "Mozilla/5.0 (Macintosh; Intel Mac OS X 10_15_7) AppleWebKit/605.1.15 (KHTML, like Gecko) Version/26.1 Safari/605.1.15"
94.130.90.54 - - [20/Jan/2026:15:17:22 +0100] "GET /wp-content/uploads/Alex-min.png HTTP/1.1" 200 180552 "https://ew.inglory.de/" "Serf/1.3.9 (mod_pagespeed/1.13.35.2-0)"
91.10.123.91 - - [20/Jan/2026:15:17:22 +0100] "GET /wp-includes/js/clipboard.min.js?ver=2.0.11 HTTP/1.0" 304 3890 "https://ew.inglory.de/wp-login.php?redirect_to=https%3A%2F%2Few.inglory.de%2Fwp-admin%2Foptions-general.php%3Fpage%3Dupdraftplus%26updraft_restore_success%3D1%26pval%3D1&reauth=1" "Mozilla/5.0 (Macintosh; Intel Mac OS X 10_15_7) AppleWebKit/605.1.15 (KHTML, like Gecko) Version/26.1 Safari/605.1.15"
91.10.123.91 - - [20/Jan/2026:15:17:22 +0100] "GET /wp-includes/js/zxcvbn-async.min.js?ver=1.0 HTTP/1.0" 304 3889 "https://ew.inglory.de/wp-login.php?redirect_to=https%3A%2F%2Few.inglory.de%2Fwp-admin%2Foptions-general.php%3Fpage%3Dupdraftplus%26updraft_restore_success%3D1%26pval%3D1&reauth=1" "Mozilla/5.0 (Macintosh; Intel Mac OS X 10_15_7) AppleWebKit/605.1.15 (KHTML, like Gecko) Version/26.1 Safari/605.1.15"
91.10.123.91 - - [20/Jan/2026:15:17:22 +0100] "GET /wp-includes/js/underscore.min.js?ver=1.13.7 HTTP/1.0" 304 3862 "https://ew.inglory.de/wp-login.php?redirect_to=https%3A%2F%2Few.inglory.de%2Fwp-admin%2Foptions-general.php%3Fpage%3Dupdraftplus%26updraft_restore_success%3D1%26pval%3D1&reauth=1" "Mozilla/5.0 (Macintosh; Intel Mac OS X 10_15_7) AppleWebKit/605.1.15 (KHTML, like Gecko) Version/26.1 Safari/605.1.15"
94.130.90.54 - - [20/Jan/2026:15:17:22 +0100] "GET /wp-content/uploads/Alex-min-300x300.png HTTP/1.1" 200 62725 "https://ew.inglory.de/" "Serf/1.3.9 (mod_pagespeed/1.13.35.2-0)"
91.10.123.91 - - [20/Jan/2026:15:17:22 +0100] "GET /wp-includes/js/wp-util.min.js?ver=6.9 HTTP/1.0" 304 3889 "https://ew.inglory.de/wp-login.php?redirect_to=https%3A%2F%2Few.inglory.de%2Fwp-admin%2Foptions-general.php%3Fpage%3Dupdraftplus%26updraft_restore_success%3D1%26pval%3D1&reauth=1" "Mozilla/5.0 (Macintosh; Intel Mac OS X 10_15_7) AppleWebKit/605.1.15 (KHTML, like Gecko) Version/26.1 Safari/605.1.15"
91.10.123.91 - - [20/Jan/2026:15:17:22 +0100] "GET /wp-includes/js/dist/dom-ready.min.js?ver=f77871ff7694fffea381 HTTP/1.0" 304 3889 "https://ew.inglory.de/wp-login.php?redirect_to=https%3A%2F%2Few.inglory.de%2Fwp-admin%2Foptions-general.php%3Fpage%3Dupdraftplus%26updraft_restore_success%3D1%26pval%3D1&reauth=1" "Mozilla/5.0 (Macintosh; Intel Mac OS X 10_15_7) AppleWebKit/605.1.15 (KHTML, like Gecko) Version/26.1 Safari/605.1.15"
91.10.123.91 - - [20/Jan/2026:15:17:22 +0100] "GET /wp-includes/js/dist/a11y.min.js?ver=cb460b4676c94bd228ed HTTP/1.0" 304 3861 "https://ew.inglory.de/wp-login.php?redirect_to=https%3A%2F%2Few.inglory.de%2Fwp-admin%2Foptions-general.php%3Fpage%3Dupdraftplus%26updraft_restore_success%3D1%26pval%3D1&reauth=1" "Mozilla/5.0 (Macintosh; Intel Mac OS X 10_15_7) AppleWebKit/605.1.15 (KHTML, like Gecko) Version/26.1 Safari/605.1.15"
94.130.90.54 - - [20/Jan/2026:15:17:22 +0100] "GET /wp-content/uploads/Alex-min-150x150.png HTTP/1.1" 200 23293 "https://ew.inglory.de/" "Serf/1.3.9 (mod_pagespeed/1.13.35.2-0)"
94.130.90.54 - - [20/Jan/2026:15:17:22 +0100] "GET /wp-content/uploads/Alex-min-768x768.png HTTP/1.1" 200 306284 "https://ew.inglory.de/" "Serf/1.3.9 (mod_pagespeed/1.13.35.2-0)"
94.130.90.54 - - [20/Jan/2026:15:17:22 +0100] "GET /wp-content/plugins/elementor/assets/css/widget-nested-accordion.min.css?ver=3.34.2 HTTP/1.1" 200 8671 "https://ew.inglory.de/" "Serf/1.3.9 (mod_pagespeed/1.13.35.2-0)"
94.130.90.54 - - [20/Jan/2026:15:17:22 +0100] "GET /wp-content/plugins/elementor/assets/css/widget-divider.min.css?ver=3.34.2 HTTP/1.1" 200 7805 "https://ew.inglory.de/" "Serf/1.3.9 (mod_pagespeed/1.13.35.2-0)"
94.130.90.54 - - [20/Jan/2026:15:17:22 +0100] "GET /wp-content/plugins/pro-elements/assets/css/widget-form.min.css?ver=3.34.0 HTTP/1.1" 200 10343 "https://ew.inglory.de/" "Serf/1.3.9 (mod_pagespeed/1.13.35.2-0)"
94.130.90.54 - - [20/Jan/2026:15:17:22 +0100] "GET /wp-content/uploads/elementor/css/post-14.css?ver=1768918641 HTTP/1.1" 200 145950 "https://ew.inglory.de/" "Serf/1.3.9 (mod_pagespeed/1.13.35.2-0)"
94.130.90.54 - - [20/Jan/2026:15:17:22 +0100] "GET /wp-content/uploads/elementor/css/post-479.css?ver=1768918642 HTTP/1.1" 200 34923 "https://ew.inglory.de/" "Serf/1.3.9 (mod_pagespeed/1.13.35.2-0)"
94.130.90.54 - - [20/Jan/2026:15:17:22 +0100] "GET /wp-content/uploads/elementor/css/post-449.css?ver=1768918642 HTTP/1.1" 200 10564 "https://ew.inglory.de/" "Serf/1.3.9 (mod_pagespeed/1.13.35.2-0)"
94.130.90.54 - - [20/Jan/2026:15:17:22 +0100] "GET /wp-content/uploads/crashmitsiegel2.png HTTP/1.1" 200 587888 "https://ew.inglory.de/" "Serf/1.3.9 (mod_pagespeed/1.13.35.2-0)"
94.130.90.54 - - [20/Jan/2026:15:17:22 +0100] "GET /wp-content/uploads/crashmitsiegel2.png HTTP/1.1" 200 587888 "https://ew.inglory.de/" "Serf/1.3.9 (mod_pagespeed/1.13.35.2-0)"
94.130.90.54 - - [20/Jan/2026:15:17:22 +0100] "GET /wp-content/uploads/crashmitsiegel2-300x228.png HTTP/1.1" 200 35078 "https://ew.inglory.de/" "Serf/1.3.9 (mod_pagespeed/1.13.35.2-0)"
94.130.90.54 - - [20/Jan/2026:15:17:22 +0100] "GET /wp-content/uploads/crashmitsiegel2-768x583.png HTTP/1.1" 200 148117 "https://ew.inglory.de/" "Serf/1.3.9 (mod_pagespeed/1.13.35.2-0)"
94.130.90.54 - - [20/Jan/2026:15:17:22 +0100] "GET /wp-content/uploads/image-9.svg HTTP/1.1" 200 7488 "https://ew.inglory.de/" "Serf/1.3.9 (mod_pagespeed/1.13.35.2-0)"
91.10.123.91 - - [20/Jan/2026:15:17:22 +0100] "GET /wp-content/uploads/xcropped-cropped-favicon-192x192.png.pagespeed.ic.Or8dRQqGTn.png HTTP/1.0" 304 3834 "https://ew.inglory.de/wp-login.php?redirect_to=https%3A%2F%2Few.inglory.de%2Fwp-admin%2Foptions-general.php%3Fpage%3Dupdraftplus%26updraft_restore_success%3D1%26pval%3D1&reauth=1" "Mozilla/5.0 (Macintosh; Intel Mac OS X 10_15_7) AppleWebKit/605.1.15 (KHTML, like Gecko) Version/26.1 Safari/605.1.15"
94.130.90.54 - - [20/Jan/2026:15:17:22 +0100] "GET /wp-content/uploads/stars-15.svg HTTP/1.1" 404 109256 "https://ew.inglory.de/" "Serf/1.3.9 (mod_pagespeed/1.13.35.2-0)"
94.130.90.54 - - [20/Jan/2026:15:17:23 +0100] "GET /wp-content/uploads/image-12.svg HTTP/1.1" 200 7584 "https://ew.inglory.de/" "Serf/1.3.9 (mod_pagespeed/1.13.35.2-0)"
94.130.90.54 - - [20/Jan/2026:15:17:23 +0100] "GET /wp-content/uploads/image-6.svg HTTP/1.1" 200 7084 "https://ew.inglory.de/" "Serf/1.3.9 (mod_pagespeed/1.13.35.2-0)"
94.130.90.54 - - [20/Jan/2026:15:17:23 +0100] "GET /wp-includes/css/dashicons.min.css?ver=6.9 HTTP/1.1" 304 3391 "https://ew.inglory.de/wp-login.php?redirect_to=https%3A%2F%2Few.inglory.de%2Fwp-admin%2Foptions-general.php%3Fpage%3Dupdraftplus%26updraft_restore_success%3D1%26pval%3D1&reauth=1" "Serf/1.3.9 (mod_pagespeed/1.13.35.2-0)"
94.130.90.54 - - [20/Jan/2026:15:17:23 +0100] "GET /wp-includes/css/buttons.min.css?ver=6.9 HTTP/1.1" 304 3391 "https://ew.inglory.de/wp-login.php?redirect_to=https%3A%2F%2Few.inglory.de%2Fwp-admin%2Foptions-general.php%3Fpage%3Dupdraftplus%26updraft_restore_success%3D1%26pval%3D1&reauth=1" "Serf/1.3.9 (mod_pagespeed/1.13.35.2-0)"
94.130.90.54 - - [20/Jan/2026:15:17:23 +0100] "GET /wp-includes/js/wp-util.min.js?ver=6.9 HTTP/1.1" 304 3390 "https://ew.inglory.de/wp-login.php?redirect_to=https%3A%2F%2Few.inglory.de%2Fwp-admin%2Foptions-general.php%3Fpage%3Dupdraftplus%26updraft_restore_success%3D1%26pval%3D1&reauth=1" "Serf/1.3.9 (mod_pagespeed/1.13.35.2-0)"
94.130.90.54 - - [20/Jan/2026:15:17:23 +0100] "GET /wp-includes/js/dist/dom-ready.min.js?ver=f77871ff7694fffea381 HTTP/1.1" 304 3390 "https://ew.inglory.de/wp-login.php?redirect_to=https%3A%2F%2Few.inglory.de%2Fwp-admin%2Foptions-general.php%3Fpage%3Dupdraftplus%26updraft_restore_success%3D1%26pval%3D1&reauth=1" "Serf/1.3.9 (mod_pagespeed/1.13.35.2-0)"
94.130.90.54 - - [20/Jan/2026:15:17:23 +0100] "GET /wp-includes/js/clipboard.min.js?ver=2.0.11 HTTP/1.1" 304 3391 "https://ew.inglory.de/wp-login.php?redirect_to=https%3A%2F%2Few.inglory.de%2Fwp-admin%2Foptions-general.php%3Fpage%3Dupdraftplus%26updraft_restore_success%3D1%26pval%3D1&reauth=1" "Serf/1.3.9 (mod_pagespeed/1.13.35.2-0)"
94.130.90.54 - - [20/Jan/2026:15:17:23 +0100] "GET /wp-includes/js/zxcvbn-async.min.js?ver=1.0 HTTP/1.1" 304 3390 "https://ew.inglory.de/wp-login.php?redirect_to=https%3A%2F%2Few.inglory.de%2Fwp-admin%2Foptions-general.php%3Fpage%3Dupdraftplus%26updraft_restore_success%3D1%26pval%3D1&reauth=1" "Serf/1.3.9 (mod_pagespeed/1.13.35.2-0)"
91.10.123.91 - - [20/Jan/2026:15:17:27 +0100] "POST /wp-login.php HTTP/1.0" 302 5064 "https://ew.inglory.de/wp-login.php?redirect_to=https%3A%2F%2Few.inglory.de%2Fwp-admin%2Foptions-general.php%3Fpage%3Dupdraftplus%26updraft_restore_success%3D1%26pval%3D1&reauth=1" "Mozilla/5.0 (Macintosh; Intel Mac OS X 10_15_7) AppleWebKit/605.1.15 (KHTML, like Gecko) Version/26.1 Safari/605.1.15"
91.10.123.91 - - [20/Jan/2026:15:17:27 +0100] "GET /wp-admin/options-general.php?page=updraftplus&updraft_restore_success=1&pval=1 HTTP/1.0" 200 92117 "https://ew.inglory.de/wp-login.php?redirect_to=https%3A%2F%2Few.inglory.de%2Fwp-admin%2Foptions-general.php%3Fpage%3Dupdraftplus%26updraft_restore_success%3D1%26pval%3D1&reauth=1" "Mozilla/5.0 (Macintosh; Intel Mac OS X 10_15_7) AppleWebKit/605.1.15 (KHTML, like Gecko) Version/26.1 Safari/605.1.15"
91.10.123.91 - - [20/Jan/2026:15:17:30 +0100] "GET /wp-content/plugins/updraftplus/images/icons/folder.png HTTP/1.0" 200 4497 "https://ew.inglory.de/wp-admin/options-general.php?page=updraftplus&updraft_restore_success=1&pval=1" "Mozilla/5.0 (Macintosh; Intel Mac OS X 10_15_7) AppleWebKit/605.1.15 (KHTML, like Gecko) Version/26.1 Safari/605.1.15"
91.10.123.91 - - [20/Jan/2026:15:17:30 +0100] "GET /wp-includes/js/dist/a11y.min.js?ver=cb460b4676c94bd228ed HTTP/1.0" 304 3861 "https://ew.inglory.de/wp-admin/options-general.php?page=updraftplus&updraft_restore_success=1&pval=1" "Mozilla/5.0 (Macintosh; Intel Mac OS X 10_15_7) AppleWebKit/605.1.15 (KHTML, like Gecko) Version/26.1 Safari/605.1.15"
91.10.123.91 - - [20/Jan/2026:15:17:30 +0100] "GET /wp-content/plugins/updraftplus/css/updraftplus-notices-2-25-9.min.css?ver=2.25.9.26 HTTP/1.0" 200 4586 "https://ew.inglory.de/wp-admin/options-general.php?page=updraftplus&updraft_restore_success=1&pval=1" "Mozilla/5.0 (Macintosh; Intel Mac OS X 10_15_7) AppleWebKit/605.1.15 (KHTML, like Gecko) Version/26.1 Safari/605.1.15"
91.10.123.91 - - [20/Jan/2026:15:17:30 +0100] "GET /wp-includes/js/underscore.min.js?ver=1.13.7 HTTP/1.0" 304 3862 "https://ew.inglory.de/wp-admin/options-general.php?page=updraftplus&updraft_restore_success=1&pval=1" "Mozilla/5.0 (Macintosh; Intel Mac OS X 10_15_7) AppleWebKit/605.1.15 (KHTML, like Gecko) Version/26.1 Safari/605.1.15"
91.10.123.91 - - [20/Jan/2026:15:17:30 +0100] "GET /wp-content/plugins/updraftplus/central/js/central.js?ver=2.25.9.26 HTTP/1.0" 200 8607 "https://ew.inglory.de/wp-admin/options-general.php?page=updraftplus&updraft_restore_success=1&pval=1" "Mozilla/5.0 (Macintosh; Intel Mac OS X 10_15_7) AppleWebKit/605.1.15 (KHTML, like Gecko) Version/26.1 Safari/605.1.15"
91.10.123.91 - - [20/Jan/2026:15:17:30 +0100] "GET /wp-content/plugins/updraftplus/central/css/central.css?ver=2.25.9.26 HTTP/1.0" 200 4406 "https://ew.inglory.de/wp-admin/options-general.php?page=updraftplus&updraft_restore_success=1&pval=1" "Mozilla/5.0 (Macintosh; Intel Mac OS X 10_15_7) AppleWebKit/605.1.15 (KHTML, like Gecko) Version/26.1 Safari/605.1.15"
91.10.123.91 - - [20/Jan/2026:15:17:30 +0100] "GET /wp-content/plugins/updraftplus/images/other-plugins/wp-optimize.png HTTP/1.0" 200 11710 "https://ew.inglory.de/wp-admin/options-general.php?page=updraftplus&updraft_restore_success=1&pval=1" "Mozilla/5.0 (Macintosh; Intel Mac OS X 10_15_7) AppleWebKit/605.1.15 (KHTML, like Gecko) Version/26.1 Safari/605.1.15"
