94.130.90.54 - - [21/Jan/2026:05:47:40 +0100] "GET /wp-content/plugins/elementor/assets/css/frontend.min.css?ver=3.34.2 HTTP/1.1" 200 58146 "https://ew.inglory.de/" "Serf/1.3.9 (mod_pagespeed/1.13.35.2-0)"
94.130.90.54 - - [21/Jan/2026:05:47:40 +0100] "GET /wp-content/plugins/elementor/assets/css/widget-image.min.css?ver=3.34.2 HTTP/1.1" 200 3729 "https://ew.inglory.de/" "Serf/1.3.9 (mod_pagespeed/1.13.35.2-0)"
94.130.90.54 - - [21/Jan/2026:05:47:40 +0100] "GET /wp-content/plugins/pro-elements/assets/css/widget-nav-menu.min.css?ver=3.34.0 HTTP/1.1" 200 30939 "https://ew.inglory.de/" "Serf/1.3.9 (mod_pagespeed/1.13.35.2-0)"
94.130.90.54 - - [21/Jan/2026:05:47:40 +0100] "GET /wp-content/plugins/pro-elements/assets/css/modules/sticky.min.css?ver=3.34.0 HTTP/1.1" 200 3677 "https://ew.inglory.de/" "Serf/1.3.9 (mod_pagespeed/1.13.35.2-0)"
94.130.90.54 - - [21/Jan/2026:05:47:40 +0100] "GET /wp-content/plugins/elementor/assets/css/widget-icon-list.min.css?ver=3.34.2 HTTP/1.1" 200 13803 "https://ew.inglory.de/" "Serf/1.3.9 (mod_pagespeed/1.13.35.2-0)"
94.130.90.54 - - [21/Jan/2026:05:47:40 +0100] "GET /wp-content/plugins/elementor/assets/lib/animations/styles/e-animation-shrink.min.css?ver=3.34.2 HTTP/1.1" 200 3720 "https://ew.inglory.de/" "Serf/1.3.9 (mod_pagespeed/1.13.35.2-0)"
94.130.90.54 - - [21/Jan/2026:05:47:40 +0100] "GET /wp-content/plugins/elementor/assets/css/widget-social-icons.min.css?ver=3.34.2 HTTP/1.1" 200 8657 "https://ew.inglory.de/" "Serf/1.3.9 (mod_pagespeed/1.13.35.2-0)"
94.130.90.54 - - [21/Jan/2026:05:47:40 +0100] "GET /wp-content/plugins/elementor/assets/css/conditionals/apple-webkit.min.css?ver=3.34.2 HTTP/1.1" 200 10260 "https://ew.inglory.de/" "Serf/1.3.9 (mod_pagespeed/1.13.35.2-0)"
94.130.90.54 - - [21/Jan/2026:05:47:40 +0100] "GET /wp-content/plugins/elementor/assets/lib/animations/styles/fadeInDown.min.css?ver=3.34.2 HTTP/1.1" 200 3652 "https://ew.inglory.de/" "Serf/1.3.9 (mod_pagespeed/1.13.35.2-0)"
91.10.123.91 - - [21/Jan/2026:05:47:40 +0100] "GET /wp-content/plugins/elementor/assets/css/widget-image.min.css?ver=3.32.2 HTTP/1.0" 200 4178 "https://ew.inglory.de/" "Mozilla/5.0 (Macintosh; Intel Mac OS X 10_15_7) AppleWebKit/605.1.15 (KHTML, like Gecko) Version/26.1 Safari/605.1.15"
91.10.123.91 - - [21/Jan/2026:05:47:40 +0100] "GET /wp-content/plugins/pro-elements/assets/css/modules/sticky.min.css?ver=3.31.3 HTTP/1.0" 200 4159 "https://ew.inglory.de/" "Mozilla/5.0 (Macintosh; Intel Mac OS X 10_15_7) AppleWebKit/605.1.15 (KHTML, like Gecko) Version/26.1 Safari/605.1.15"
94.130.90.54 - - [21/Jan/2026:05:47:40 +0100] "GET /wp-content/plugins/pro-elements/assets/css/conditionals/popup.min.css?ver=3.34.0 HTTP/1.1" 200 4511 "https://ew.inglory.de/" "Serf/1.3.9 (mod_pagespeed/1.13.35.2-0)"
91.10.123.91 - - [21/Jan/2026:05:47:40 +0100] "GET /wp-content/plugins/elementor/assets/css/widget-icon-list.min.css?ver=3.32.2 HTTP/1.0" 200 5069 "https://ew.inglory.de/" "Mozilla/5.0 (Macintosh; Intel Mac OS X 10_15_7) AppleWebKit/605.1.15 (KHTML, like Gecko) Version/26.1 Safari/605.1.15"
91.10.123.91 - - [21/Jan/2026:05:47:40 +0100] "GET /wp-content/plugins/elementor/assets/css/widget-social-icons.min.css?ver=3.32.2 HTTP/1.0" 200 5188 "https://ew.inglory.de/" "Mozilla/5.0 (Macintosh; Intel Mac OS X 10_15_7) AppleWebKit/605.1.15 (KHTML, like Gecko) Version/26.1 Safari/605.1.15"
91.10.123.91 - - [21/Jan/2026:05:47:40 +0100] "GET /wp-content/plugins/pro-elements/assets/css/widget-nav-menu.min.css?ver=3.31.3 HTTP/1.0" 200 7541 "https://ew.inglory.de/" "Mozilla/5.0 (Macintosh; Intel Mac OS X 10_15_7) AppleWebKit/605.1.15 (KHTML, like Gecko) Version/26.1 Safari/605.1.15"
91.10.123.91 - - [21/Jan/2026:05:47:40 +0100] "GET /wp-content/plugins/elementor/assets/css/conditionals/apple-webkit.min.css?ver=3.32.2 HTTP/1.0" 200 4592 "https://ew.inglory.de/" "Mozilla/5.0 (Macintosh; Intel Mac OS X 10_15_7) AppleWebKit/605.1.15 (KHTML, like Gecko) Version/26.1 Safari/605.1.15"
91.10.123.91 - - [21/Jan/2026:05:47:40 +0100] "GET /wp-content/plugins/elementor/assets/css/widget-divider.min.css?ver=3.32.2 HTTP/1.0" 200 4786 "https://ew.inglory.de/" "Mozilla/5.0 (Macintosh; Intel Mac OS X 10_15_7) AppleWebKit/605.1.15 (KHTML, like Gecko) Version/26.1 Safari/605.1.15"
91.10.123.91 - - [21/Jan/2026:05:47:40 +0100] "GET /wp-content/uploads/elementor/css/post-6.css?ver=1761633076 HTTP/1.0" 200 5095 "https://ew.inglory.de/" "Mozilla/5.0 (Macintosh; Intel Mac OS X 10_15_7) AppleWebKit/605.1.15 (KHTML, like Gecko) Version/26.1 Safari/605.1.15"
94.130.90.54 - - [21/Jan/2026:05:47:40 +0100] "GET /wp-content/plugins/elementor/assets/css/widget-heading.min.css?ver=3.34.2 HTTP/1.1" 200 4076 "https://ew.inglory.de/" "Serf/1.3.9 (mod_pagespeed/1.13.35.2-0)"
91.10.123.91 - - [21/Jan/2026:05:47:40 +0100] "GET /wp-content/uploads/cropped-cropped-favicon-32x32.png HTTP/1.0" 200 4887 "https://ew.inglory.de/" "Mozilla/5.0 (Macintosh; Intel Mac OS X 10_15_7) AppleWebKit/605.1.15 (KHTML, like Gecko) Version/26.1 Safari/605.1.15"
91.10.123.91 - - [21/Jan/2026:05:47:40 +0100] "GET /wp-content/plugins/elementor/assets/css/frontend.min.css?ver=3.32.2 HTTP/1.0" 200 11322 "https://ew.inglory.de/" "Mozilla/5.0 (Macintosh; Intel Mac OS X 10_15_7) AppleWebKit/605.1.15 (KHTML, like Gecko) Version/26.1 Safari/605.1.15"
91.10.123.91 - - [21/Jan/2026:05:47:40 +0100] "GET /wp-content/plugins/pro-elements/assets/css/widget-form.min.css?ver=3.31.3 HTTP/1.0" 200 5629 "https://ew.inglory.de/" "Mozilla/5.0 (Macintosh; Intel Mac OS X 10_15_7) AppleWebKit/605.1.15 (KHTML, like Gecko) Version/26.1 Safari/605.1.15"
94.130.90.54 - - [21/Jan/2026:05:47:40 +0100] "GET /wp-content/plugins/elementor/assets/css/widget-nested-accordion.min.css?ver=3.34.2 HTTP/1.1" 200 8671 "https://ew.inglory.de/" "Serf/1.3.9 (mod_pagespeed/1.13.35.2-0)"
91.10.123.91 - - [21/Jan/2026:05:47:40 +0100] "GET /wp-content/uploads/cropped-cropped-favicon-192x192.png HTTP/1.0" 304 3889 "https://ew.inglory.de/" "Mozilla/5.0 (Macintosh; Intel Mac OS X 10_15_7) AppleWebKit/605.1.15 (KHTML, like Gecko) Version/26.1 Safari/605.1.15"
91.10.123.91 - - [21/Jan/2026:05:47:40 +0100] "GET /wp-content/uploads/pic1.jpg HTTP/1.0" 200 117545 "https://ew.inglory.de/" "Mozilla/5.0 (Macintosh; Intel Mac OS X 10_15_7) AppleWebKit/605.1.15 (KHTML, like Gecko) Version/26.1 Safari/605.1.15"
91.10.123.91 - - [21/Jan/2026:05:47:40 +0100] "GET /wp-content/uploads/pic3.jpg HTTP/1.0" 200 64635 "https://ew.inglory.de/" "Mozilla/5.0 (Macintosh; Intel Mac OS X 10_15_7) AppleWebKit/605.1.15 (KHTML, like Gecko) Version/26.1 Safari/605.1.15"
94.130.90.54 - - [21/Jan/2026:05:47:40 +0100] "GET /wp-content/plugins/elementor/assets/css/widget-divider.min.css?ver=3.34.2 HTTP/1.1" 200 7805 "https://ew.inglory.de/" "Serf/1.3.9 (mod_pagespeed/1.13.35.2-0)"
94.130.90.54 - - [21/Jan/2026:05:47:40 +0100] "GET /wp-content/plugins/pro-elements/assets/css/widget-form.min.css?ver=3.34.0 HTTP/1.1" 200 10343 "https://ew.inglory.de/" "Serf/1.3.9 (mod_pagespeed/1.13.35.2-0)"
91.10.123.91 - - [21/Jan/2026:05:47:40 +0100] "GET /wp-includes/css/dashicons.min.css?ver=6.9 HTTP/1.0" 200 39903 "https://ew.inglory.de/" "Mozilla/5.0 (Macintosh; Intel Mac OS X 10_15_7) AppleWebKit/605.1.15 (KHTML, like Gecko) Version/26.1 Safari/605.1.15"
94.130.90.54 - - [21/Jan/2026:05:47:40 +0100] "GET /wp-content/uploads/elementor/google-fonts/css/rem.css?ver=1742315437 HTTP/1.1" 200 27148 "https://ew.inglory.de/" "Serf/1.3.9 (mod_pagespeed/1.13.35.2-0)"
91.10.123.91 - - [21/Jan/2026:05:47:40 +0100] "GET /wp-includes/css/admin-bar.min.css?ver=6.9 HTTP/1.0" 200 7902 "https://ew.inglory.de/" "Mozilla/5.0 (Macintosh; Intel Mac OS X 10_15_7) AppleWebKit/605.1.15 (KHTML, like Gecko) Version/26.1 Safari/605.1.15"
91.10.123.91 - - [21/Jan/2026:05:47:40 +0100] "GET /wp-content/themes/hello-elementor/assets/css/reset.css?ver=3.4.5 HTTP/1.0" 200 5974 "https://ew.inglory.de/" "Mozilla/5.0 (Macintosh; Intel Mac OS X 10_15_7) AppleWebKit/605.1.15 (KHTML, like Gecko) Version/26.1 Safari/605.1.15"
91.10.123.91 - - [21/Jan/2026:05:47:40 +0100] "GET /wp-content/themes/hello-elementor/assets/css/theme.css?ver=3.4.5 HTTP/1.0" 200 5431 "https://ew.inglory.de/" "Mozilla/5.0 (Macintosh; Intel Mac OS X 10_15_7) AppleWebKit/605.1.15 (KHTML, like Gecko) Version/26.1 Safari/605.1.15"
91.10.123.91 - - [21/Jan/2026:05:47:40 +0100] "GET /wp-content/themes/hello-elementor/assets/css/header-footer.css?ver=3.4.5 HTTP/1.0" 200 5574 "https://ew.inglory.de/" "Mozilla/5.0 (Macintosh; Intel Mac OS X 10_15_7) AppleWebKit/605.1.15 (KHTML, like Gecko) Version/26.1 Safari/605.1.15"
91.10.123.91 - - [21/Jan/2026:05:47:40 +0100] "GET /wp-content/plugins/elementor/assets/css/frontend.min.css?ver=3.34.2 HTTP/1.0" 200 11356 "https://ew.inglory.de/" "Mozilla/5.0 (Macintosh; Intel Mac OS X 10_15_7) AppleWebKit/605.1.15 (KHTML, like Gecko) Version/26.1 Safari/605.1.15"
91.10.123.91 - - [21/Jan/2026:05:47:40 +0100] "GET /wp-content/plugins/elementor/assets/css/widget-image.min.css?ver=3.34.2 HTTP/1.0" 200 4291 "https://ew.inglory.de/" "Mozilla/5.0 (Macintosh; Intel Mac OS X 10_15_7) AppleWebKit/605.1.15 (KHTML, like Gecko) Version/26.1 Safari/605.1.15"
94.130.90.54 - - [21/Jan/2026:05:47:40 +0100] "GET /wp-content/plugins/elementor/assets/lib/font-awesome/css/fontawesome.min.css?ver=5.15.3 HTTP/1.1" 200 61706 "https://ew.inglory.de/" "Serf/1.3.9 (mod_pagespeed/1.13.35.2-0)"
91.10.123.91 - - [21/Jan/2026:05:47:40 +0100] "GET /wp-content/plugins/pro-elements/assets/css/widget-nav-menu.min.css?ver=3.34.0 HTTP/1.0" 200 7595 "https://ew.inglory.de/" "Mozilla/5.0 (Macintosh; Intel Mac OS X 10_15_7) AppleWebKit/605.1.15 (KHTML, like Gecko) Version/26.1 Safari/605.1.15"
91.10.123.91 - - [21/Jan/2026:05:47:40 +0100] "GET /wp-content/plugins/elementor/assets/css/theme-light.min.css?ver=3.34.2 HTTP/1.0" 200 4748 "https://ew.inglory.de/" "Mozilla/5.0 (Macintosh; Intel Mac OS X 10_15_7) AppleWebKit/605.1.15 (KHTML, like Gecko) Version/26.1 Safari/605.1.15"
91.10.123.91 - - [21/Jan/2026:05:47:40 +0100] "GET /wp-content/plugins/pro-elements/assets/css/modules/sticky.min.css?ver=3.34.0 HTTP/1.0" 200 4272 "https://ew.inglory.de/" "Mozilla/5.0 (Macintosh; Intel Mac OS X 10_15_7) AppleWebKit/605.1.15 (KHTML, like Gecko) Version/26.1 Safari/605.1.15"
91.10.123.91 - - [21/Jan/2026:05:47:40 +0100] "GET /wp-content/plugins/elementor/assets/css/widget-icon-list.min.css?ver=3.34.2 HTTP/1.0" 200 5179 "https://ew.inglory.de/" "Mozilla/5.0 (Macintosh; Intel Mac OS X 10_15_7) AppleWebKit/605.1.15 (KHTML, like Gecko) Version/26.1 Safari/605.1.15"
91.10.123.91 - - [21/Jan/2026:05:47:40 +0100] "GET /wp-content/plugins/elementor/assets/lib/animations/styles/e-animation-shrink.min.css?ver=3.34.2 HTTP/1.0" 200 4274 "https://ew.inglory.de/" "Mozilla/5.0 (Macintosh; Intel Mac OS X 10_15_7) AppleWebKit/605.1.15 (KHTML, like Gecko) Version/26.1 Safari/605.1.15"
91.10.123.91 - - [21/Jan/2026:05:47:40 +0100] "GET /wp-content/plugins/elementor/assets/lib/eicons/css/elementor-icons.min.css?ver=5.46.0 HTTP/1.0" 200 8481 "https://ew.inglory.de/" "Mozilla/5.0 (Macintosh; Intel Mac OS X 10_15_7) AppleWebKit/605.1.15 (KHTML, like Gecko) Version/26.1 Safari/605.1.15"
91.10.123.91 - - [21/Jan/2026:05:47:40 +0100] "GET /wp-content/plugins/elementor/assets/css/widget-social-icons.min.css?ver=3.34.2 HTTP/1.0" 200 5290 "https://ew.inglory.de/" "Mozilla/5.0 (Macintosh; Intel Mac OS X 10_15_7) AppleWebKit/605.1.15 (KHTML, like Gecko) Version/26.1 Safari/605.1.15"
91.10.123.91 - - [21/Jan/2026:05:47:40 +0100] "GET /wp-content/plugins/elementor/assets/css/common.min.css?ver=3.34.2 HTTP/1.0" 200 7470 "https://ew.inglory.de/" "Mozilla/5.0 (Macintosh; Intel Mac OS X 10_15_7) AppleWebKit/605.1.15 (KHTML, like Gecko) Version/26.1 Safari/605.1.15"
91.10.123.91 - - [21/Jan/2026:05:47:40 +0100] "GET /wp-content/plugins/elementor/assets/css/conditionals/apple-webkit.min.css?ver=3.34.2 HTTP/1.0" 200 4704 "https://ew.inglory.de/" "Mozilla/5.0 (Macintosh; Intel Mac OS X 10_15_7) AppleWebKit/605.1.15 (KHTML, like Gecko) Version/26.1 Safari/605.1.15"
91.10.123.91 - - [21/Jan/2026:05:47:40 +0100] "GET /wp-content/plugins/elementor/assets/lib/animations/styles/fadeInDown.min.css?ver=3.34.2 HTTP/1.0" 200 4276 "https://ew.inglory.de/" "Mozilla/5.0 (Macintosh; Intel Mac OS X 10_15_7) AppleWebKit/605.1.15 (KHTML, like Gecko) Version/26.1 Safari/605.1.15"
91.10.123.91 - - [21/Jan/2026:05:47:40 +0100] "GET /wp-content/plugins/pro-elements/assets/css/conditionals/popup.min.css?ver=3.34.0 HTTP/1.0" 200 4577 "https://ew.inglory.de/" "Mozilla/5.0 (Macintosh; Intel Mac OS X 10_15_7) AppleWebKit/605.1.15 (KHTML, like Gecko) Version/26.1 Safari/605.1.15"
94.130.90.54 - - [21/Jan/2026:05:47:40 +0100] "GET /wp-content/plugins/elementor/assets/lib/font-awesome/css/solid.min.css?ver=5.15.3 HTTP/1.1" 200 4185 "https://ew.inglory.de/" "Serf/1.3.9 (mod_pagespeed/1.13.35.2-0)"
91.10.123.91 - - [21/Jan/2026:05:47:40 +0100] "GET /wp-content/uploads/elementor/css/post-6.css?ver=1768970858 HTTP/1.0" 200 5095 "https://ew.inglory.de/" "Mozilla/5.0 (Macintosh; Intel Mac OS X 10_15_7) AppleWebKit/605.1.15 (KHTML, like Gecko) Version/26.1 Safari/605.1.15"
91.10.123.91 - - [21/Jan/2026:05:47:40 +0100] "GET /wp-content/plugins/pro-elements/assets/css/modules/notes.min.css?ver=3.34.0 HTTP/1.0" 200 4644 "https://ew.inglory.de/" "Mozilla/5.0 (Macintosh; Intel Mac OS X 10_15_7) AppleWebKit/605.1.15 (KHTML, like Gecko) Version/26.1 Safari/605.1.15"
91.10.123.91 - - [21/Jan/2026:05:47:40 +0100] "GET /wp-content/plugins/elementor/assets/css/admin-bar.min.css?ver=3.34.2 HTTP/1.0" 200 4358 "https://ew.inglory.de/" "Mozilla/5.0 (Macintosh; Intel Mac OS X 10_15_7) AppleWebKit/605.1.15 (KHTML, like Gecko) Version/26.1 Safari/605.1.15"
91.10.123.91 - - [21/Jan/2026:05:47:40 +0100] "GET /wp-content/plugins/elementor/assets/css/widget-heading.min.css?ver=3.34.2 HTTP/1.0" 200 4317 "https://ew.inglory.de/" "Mozilla/5.0 (Macintosh; Intel Mac OS X 10_15_7) AppleWebKit/605.1.15 (KHTML, like Gecko) Version/26.1 Safari/605.1.15"
91.10.123.91 - - [21/Jan/2026:05:47:40 +0100] "GET /wp-content/uploads/elementor/css/post-385.css?ver=1768970859 HTTP/1.0" 200 5369 "https://ew.inglory.de/" "Mozilla/5.0 (Macintosh; Intel Mac OS X 10_15_7) AppleWebKit/605.1.15 (KHTML, like Gecko) Version/26.1 Safari/605.1.15"
91.10.123.91 - - [21/Jan/2026:05:47:40 +0100] "GET /wp-content/plugins/elementor/assets/css/widget-divider.min.css?ver=3.34.2 HTTP/1.0" 200 4891 "https://ew.inglory.de/" "Mozilla/5.0 (Macintosh; Intel Mac OS X 10_15_7) AppleWebKit/605.1.15 (KHTML, like Gecko) Version/26.1 Safari/605.1.15"
91.10.123.91 - - [21/Jan/2026:05:47:40 +0100] "GET /wp-content/plugins/pro-elements/assets/css/widget-form.min.css?ver=3.34.0 HTTP/1.0" 200 5729 "https://ew.inglory.de/" "Mozilla/5.0 (Macintosh; Intel Mac OS X 10_15_7) AppleWebKit/605.1.15 (KHTML, like Gecko) Version/26.1 Safari/605.1.15"
91.10.123.91 - - [21/Jan/2026:05:47:40 +0100] "GET /wp-content/plugins/elementor/assets/css/widget-nested-accordion.min.css?ver=3.34.2 HTTP/1.0" 200 4945 "https://ew.inglory.de/" "Mozilla/5.0 (Macintosh; Intel Mac OS X 10_15_7) AppleWebKit/605.1.15 (KHTML, like Gecko) Version/26.1 Safari/605.1.15"
91.10.123.91 - - [21/Jan/2026:05:47:40 +0100] "GET /wp-content/uploads/elementor/css/post-449.css?ver=1768970859 HTTP/1.0" 200 5265 "https://ew.inglory.de/" "Mozilla/5.0 (Macintosh; Intel Mac OS X 10_15_7) AppleWebKit/605.1.15 (KHTML, like Gecko) Version/26.1 Safari/605.1.15"
91.10.123.91 - - [21/Jan/2026:05:47:40 +0100] "GET /wp-content/uploads/elementor/css/post-479.css?ver=1768970859 HTTP/1.0" 200 6606 "https://ew.inglory.de/" "Mozilla/5.0 (Macintosh; Intel Mac OS X 10_15_7) AppleWebKit/605.1.15 (KHTML, like Gecko) Version/26.1 Safari/605.1.15"
91.10.123.91 - - [21/Jan/2026:05:47:40 +0100] "GET /wp-content/plugins/elementor/assets/lib/font-awesome/css/solid.min.css?ver=5.15.3 HTTP/1.0" 200 4466 "https://ew.inglory.de/" "Mozilla/5.0 (Macintosh; Intel Mac OS X 10_15_7) AppleWebKit/605.1.15 (KHTML, like Gecko) Version/26.1 Safari/605.1.15"
94.130.90.54 - - [21/Jan/2026:05:47:40 +0100] "GET /wp-content/plugins/elementor/assets/lib/font-awesome/css/regular.min.css?ver=5.15.3 HTTP/1.1" 200 4193 "https://ew.inglory.de/" "Serf/1.3.9 (mod_pagespeed/1.13.35.2-0)"
91.10.123.91 - - [21/Jan/2026:05:47:40 +0100] "GET /wp-includes/js/dist/i18n.min.js?ver=c26c3dc7bed366793375 HTTP/1.0" 200 6333 "https://ew.inglory.de/" "Mozilla/5.0 (Macintosh; Intel Mac OS X 10_15_7) AppleWebKit/605.1.15 (KHTML, like Gecko) Version/26.1 Safari/605.1.15"
91.10.123.91 - - [21/Jan/2026:05:47:40 +0100] "GET /wp-includes/js/dist/vendor/react.min.js?ver=18.3.1.1 HTTP/1.0" 200 8269 "https://ew.inglory.de/" "Mozilla/5.0 (Macintosh; Intel Mac OS X 10_15_7) AppleWebKit/605.1.15 (KHTML, like Gecko) Version/26.1 Safari/605.1.15"
94.130.90.54 - - [21/Jan/2026:05:47:40 +0100] "GET /wp-content/uploads/cropped-cropped-favicon-32x32.png HTTP/1.1" 200 4388 "https://ew.inglory.de/" "Serf/1.3.9 (mod_pagespeed/1.13.35.2-0)"
91.10.123.91 - - [21/Jan/2026:05:47:40 +0100] "GET /wp-content/uploads/elementor/css/post-14.css?ver=1768970859 HTTP/1.0" 200 12506 "https://ew.inglory.de/" "Mozilla/5.0 (Macintosh; Intel Mac OS X 10_15_7) AppleWebKit/605.1.15 (KHTML, like Gecko) Version/26.1 Safari/605.1.15"
91.10.123.91 - - [21/Jan/2026:05:47:40 +0100] "GET /wp-content/plugins/pro-elements/assets/js/notes/notes-app-initiator.min.js?ver=3.34.0 HTTP/1.0" 200 5909 "https://ew.inglory.de/" "Mozilla/5.0 (Macintosh; Intel Mac OS X 10_15_7) AppleWebKit/605.1.15 (KHTML, like Gecko) Version/26.1 Safari/605.1.15"
91.10.123.91 - - [21/Jan/2026:05:47:40 +0100] "GET /wp-content/plugins/pro-elements/assets/js/notes/notes.min.js?ver=3.34.0 HTTP/1.0" 200 8835 "https://ew.inglory.de/" "Mozilla/5.0 (Macintosh; Intel Mac OS X 10_15_7) AppleWebKit/605.1.15 (KHTML, like Gecko) Version/26.1 Safari/605.1.15"
91.10.123.91 - - [21/Jan/2026:05:47:40 +0100] "GET /wp-includes/js/jquery/ui/draggable.min.js?ver=1.13.3 HTTP/1.0" 200 8979 "https://ew.inglory.de/" "Mozilla/5.0 (Macintosh; Intel Mac OS X 10_15_7) AppleWebKit/605.1.15 (KHTML, like Gecko) Version/26.1 Safari/605.1.15"
91.10.123.91 - - [21/Jan/2026:05:47:40 +0100] "GET /wp-includes/js/jquery/ui/core.min.js?ver=1.13.3 HTTP/1.0" 200 11210 "https://ew.inglory.de/" "Mozilla/5.0 (Macintosh; Intel Mac OS X 10_15_7) AppleWebKit/605.1.15 (KHTML, like Gecko) Version/26.1 Safari/605.1.15"
91.10.123.91 - - [21/Jan/2026:05:47:40 +0100] "GET /wp-content/plugins/elementor/assets/lib/dialog/dialog.min.js?ver=4.9.4 HTTP/1.0" 200 7886 "https://ew.inglory.de/" "Mozilla/5.0 (Macintosh; Intel Mac OS X 10_15_7) AppleWebKit/605.1.15 (KHTML, like Gecko) Version/26.1 Safari/605.1.15"
91.10.123.91 - - [21/Jan/2026:05:47:40 +0100] "GET /wp-content/plugins/elementor/assets/js/dev-tools.min.js?ver=3.34.2 HTTP/1.0" 200 6573 "https://ew.inglory.de/" "Mozilla/5.0 (Macintosh; Intel Mac OS X 10_15_7) AppleWebKit/605.1.15 (KHTML, like Gecko) Version/26.1 Safari/605.1.15"
91.10.123.91 - - [21/Jan/2026:05:47:40 +0100] "GET /wp-content/plugins/pro-elements/assets/lib/sticky/jquery.sticky.min.js?ver=3.34.0 HTTP/1.0" 200 5601 "https://ew.inglory.de/" "Mozilla/5.0 (Macintosh; Intel Mac OS X 10_15_7) AppleWebKit/605.1.15 (KHTML, like Gecko) Version/26.1 Safari/605.1.15"
91.10.123.91 - - [21/Jan/2026:05:47:40 +0100] "GET /wp-content/plugins/elementor/assets/js/webpack.runtime.min.js?ver=3.34.2 HTTP/1.0" 200 6580 "https://ew.inglory.de/" "Mozilla/5.0 (Macintosh; Intel Mac OS X 10_15_7) AppleWebKit/605.1.15 (KHTML, like Gecko) Version/26.1 Safari/605.1.15"
91.10.123.91 - - [21/Jan/2026:05:47:40 +0100] "GET /wp-content/plugins/pro-elements/assets/js/webpack-pro.runtime.min.js?ver=3.34.0 HTTP/1.0" 200 6962 "https://ew.inglory.de/" "Mozilla/5.0 (Macintosh; Intel Mac OS X 10_15_7) AppleWebKit/605.1.15 (KHTML, like Gecko) Version/26.1 Safari/605.1.15"
91.10.123.91 - - [21/Jan/2026:05:47:40 +0100] "GET /wp-content/plugins/elementor/assets/js/frontend.min.js?ver=3.34.2 HTTP/1.0" 200 14452 "https://ew.inglory.de/" "Mozilla/5.0 (Macintosh; Intel Mac OS X 10_15_7) AppleWebKit/605.1.15 (KHTML, like Gecko) Version/26.1 Safari/605.1.15"
94.130.90.54 - - [21/Jan/2026:05:47:40 +0100] "GET /wp-content/uploads/cropped-cropped-favicon-192x192.png HTTP/1.1" 200 7249 "https://ew.inglory.de/" "Serf/1.3.9 (mod_pagespeed/1.13.35.2-0)"
91.10.123.91 - - [21/Jan/2026:05:47:40 +0100] "GET /wp-content/plugins/pro-elements/assets/js/frontend.min.js?ver=3.34.0 HTTP/1.0" 200 10541 "https://ew.inglory.de/" "Mozilla/5.0 (Macintosh; Intel Mac OS X 10_15_7) AppleWebKit/605.1.15 (KHTML, like Gecko) Version/26.1 Safari/605.1.15"
91.10.123.91 - - [21/Jan/2026:05:47:40 +0100] "GET /wp-includes/js/hoverintent-js.min.js?ver=2.2.1 HTTP/1.0" 200 4776 "https://ew.inglory.de/" "Mozilla/5.0 (Macintosh; Intel Mac OS X 10_15_7) AppleWebKit/605.1.15 (KHTML, like Gecko) Version/26.1 Safari/605.1.15"
91.10.123.91 - - [21/Jan/2026:05:47:40 +0100] "GET /wp-content/plugins/pro-elements/assets/js/elements-handlers.min.js?ver=3.34.0 HTTP/1.0" 200 14699 "https://ew.inglory.de/" "Mozilla/5.0 (Macintosh; Intel Mac OS X 10_15_7) AppleWebKit/605.1.15 (KHTML, like Gecko) Version/26.1 Safari/605.1.15"
91.10.123.91 - - [21/Jan/2026:05:47:40 +0100] "GET /wp-includes/js/underscore.min.js?ver=1.13.7 HTTP/1.0" 304 3890 "https://ew.inglory.de/" "Mozilla/5.0 (Macintosh; Intel Mac OS X 10_15_7) AppleWebKit/605.1.15 (KHTML, like Gecko) Version/26.1 Safari/605.1.15"
91.10.123.91 - - [21/Jan/2026:05:47:40 +0100] "GET /wp-content/plugins/elementor/assets/js/elementor-admin-bar.min.js?ver=3.34.2 HTTP/1.0" 200 6351 "https://ew.inglory.de/" "Mozilla/5.0 (Macintosh; Intel Mac OS X 10_15_7) AppleWebKit/605.1.15 (KHTML, like Gecko) Version/26.1 Safari/605.1.15"
91.10.123.91 - - [21/Jan/2026:05:47:40 +0100] "GET /wp-content/plugins/elementor/assets/js/frontend-modules.min.js?ver=3.34.2 HTTP/1.0" 200 30178 "https://ew.inglory.de/" "Mozilla/5.0 (Macintosh; Intel Mac OS X 10_15_7) AppleWebKit/605.1.15 (KHTML, like Gecko) Version/26.1 Safari/605.1.15"
94.130.90.54 - - [21/Jan/2026:05:47:40 +0100] "GET /wp-content/uploads/cropped-cropped-favicon-180x180.png HTTP/1.1" 200 7077 "https://ew.inglory.de/" "Serf/1.3.9 (mod_pagespeed/1.13.35.2-0)"
91.10.123.91 - - [21/Jan/2026:05:47:40 +0100] "GET /wp-content/plugins/elementor/assets/js/common-modules.min.js?ver=3.34.2 HTTP/1.0" 200 44534 "https://ew.inglory.de/" "Mozilla/5.0 (Macintosh; Intel Mac OS X 10_15_7) AppleWebKit/605.1.15 (KHTML, like Gecko) Version/26.1 Safari/605.1.15"
91.10.123.91 - - [21/Jan/2026:05:47:40 +0100] "GET /wp-content/plugins/elementor/assets/js/app-loader.min.js?ver=3.34.2 HTTP/1.0" 200 28789 "https://ew.inglory.de/" "Mozilla/5.0 (Macintosh; Intel Mac OS X 10_15_7) AppleWebKit/605.1.15 (KHTML, like Gecko) Version/26.1 Safari/605.1.15"
94.130.90.54 - - [21/Jan/2026:05:47:40 +0100] "GET /wp-content/uploads/EasyWay-Logo-bright.png HTTP/1.1" 200 55985 "https://ew.inglory.de/" "Serf/1.3.9 (mod_pagespeed/1.13.35.2-0)"
94.130.90.54 - - [21/Jan/2026:05:47:40 +0100] "GET /wp-content/uploads/EasyWay-Logo-bright.png HTTP/1.1" 200 55985 "https://ew.inglory.de/" "Serf/1.3.9 (mod_pagespeed/1.13.35.2-0)"
91.10.123.91 - - [21/Jan/2026:05:47:40 +0100] "GET /wp-content/plugins/elementor/assets/js/web-cli.min.js?ver=3.34.2 HTTP/1.0" 200 45023 "https://ew.inglory.de/" "Mozilla/5.0 (Macintosh; Intel Mac OS X 10_15_7) AppleWebKit/605.1.15 (KHTML, like Gecko) Version/26.1 Safari/605.1.15"
94.130.90.54 - - [21/Jan/2026:05:47:40 +0100] "GET /wp-content/uploads/EasyWay-Logo-bright-300x71.png HTTP/1.1" 200 12248 "https://ew.inglory.de/" "Serf/1.3.9 (mod_pagespeed/1.13.35.2-0)"
94.130.90.54 - - [21/Jan/2026:05:47:40 +0100] "GET /wp-content/uploads/EasyWay-Logo-bright-1024x244.png HTTP/1.1" 200 38073 "https://ew.inglory.de/" "Serf/1.3.9 (mod_pagespeed/1.13.35.2-0)"
94.130.90.54 - - [21/Jan/2026:05:47:40 +0100] "GET /wp-content/uploads/EasyWay-Logo-bright-768x183.png HTTP/1.1" 200 28776 "https://ew.inglory.de/" "Serf/1.3.9 (mod_pagespeed/1.13.35.2-0)"
94.130.90.54 - - [21/Jan/2026:05:47:40 +0100] "GET /wp-content/uploads/EasyWay-Logo-bright-1536x366.png HTTP/1.1" 200 58963 "https://ew.inglory.de/" "Serf/1.3.9 (mod_pagespeed/1.13.35.2-0)"
94.130.90.54 - - [21/Jan/2026:05:47:40 +0100] "GET /wp-content/uploads/EasyWay-Logo-bright-2048x487.png HTTP/1.1" 200 79852 "https://ew.inglory.de/" "Serf/1.3.9 (mod_pagespeed/1.13.35.2-0)"
94.130.90.54 - - [21/Jan/2026:05:47:40 +0100] "GET /wp-content/uploads/crashmitsiegel2.png HTTP/1.1" 200 587888 "https://ew.inglory.de/" "Serf/1.3.9 (mod_pagespeed/1.13.35.2-0)"
94.130.90.54 - - [21/Jan/2026:05:47:40 +0100] "GET /wp-content/uploads/crashmitsiegel2.png HTTP/1.1" 200 587888 "https://ew.inglory.de/" "Serf/1.3.9 (mod_pagespeed/1.13.35.2-0)"
94.130.90.54 - - [21/Jan/2026:05:47:40 +0100] "GET /wp-content/uploads/crashmitsiegel2-300x228.png HTTP/1.1" 200 35078 "https://ew.inglory.de/" "Serf/1.3.9 (mod_pagespeed/1.13.35.2-0)"
94.130.90.54 - - [21/Jan/2026:05:47:40 +0100] "GET /wp-content/uploads/crashmitsiegel2-768x583.png HTTP/1.1" 200 148117 "https://ew.inglory.de/" "Serf/1.3.9 (mod_pagespeed/1.13.35.2-0)"
94.130.90.54 - - [21/Jan/2026:05:47:40 +0100] "GET /wp-content/uploads/signature.png HTTP/1.1" 200 19800 "https://ew.inglory.de/" "Serf/1.3.9 (mod_pagespeed/1.13.35.2-0)"
94.130.90.54 - - [21/Jan/2026:05:47:40 +0100] "GET /wp-content/uploads/signature.png HTTP/1.1" 200 19800 "https://ew.inglory.de/" "Serf/1.3.9 (mod_pagespeed/1.13.35.2-0)"
91.10.123.91 - - [21/Jan/2026:05:47:40 +0100] "GET /wp-content/plugins/elementor/assets/js/common.min.js?ver=3.34.2 HTTP/1.0" 200 145769 "https://ew.inglory.de/" "Mozilla/5.0 (Macintosh; Intel Mac OS X 10_15_7) AppleWebKit/605.1.15 (KHTML, like Gecko) Version/26.1 Safari/605.1.15"
94.130.90.54 - - [21/Jan/2026:05:47:40 +0100] "GET /wp-content/uploads/signature-300x47.png HTTP/1.1" 200 9395 "https://ew.inglory.de/" "Serf/1.3.9 (mod_pagespeed/1.13.35.2-0)"
94.130.90.54 - - [21/Jan/2026:05:47:40 +0100] "GET /wp-content/uploads/signature-768x119.png HTTP/1.1" 200 25201 "https://ew.inglory.de/" "Serf/1.3.9 (mod_pagespeed/1.13.35.2-0)"
94.130.90.54 - - [21/Jan/2026:05:47:40 +0100] "GET /wp-content/uploads/pic1.jpg HTTP/1.1" 200 117095 "https://ew.inglory.de/" "Serf/1.3.9 (mod_pagespeed/1.13.35.2-0)"
94.130.90.54 - - [21/Jan/2026:05:47:40 +0100] "GET /wp-content/uploads/pic1.jpg HTTP/1.1" 200 117095 "https://ew.inglory.de/" "Serf/1.3.9 (mod_pagespeed/1.13.35.2-0)"
94.130.90.54 - - [21/Jan/2026:05:47:40 +0100] "GET /wp-content/uploads/pic1-300x205.jpg HTTP/1.1" 200 29303 "https://ew.inglory.de/" "Serf/1.3.9 (mod_pagespeed/1.13.35.2-0)"
94.130.90.54 - - [21/Jan/2026:05:47:40 +0100] "GET /wp-content/uploads/pic1-1024x701.jpg HTTP/1.1" 200 99123 "https://ew.inglory.de/" "Serf/1.3.9 (mod_pagespeed/1.13.35.2-0)"
94.130.90.54 - - [21/Jan/2026:05:47:40 +0100] "GET /wp-content/uploads/pic1-768x525.jpg HTTP/1.1" 200 71044 "https://ew.inglory.de/" "Serf/1.3.9 (mod_pagespeed/1.13.35.2-0)"
94.130.90.54 - - [21/Jan/2026:05:47:40 +0100] "GET /wp-content/uploads/pic3.jpg HTTP/1.1" 200 64164 "https://ew.inglory.de/" "Serf/1.3.9 (mod_pagespeed/1.13.35.2-0)"
94.130.90.54 - - [21/Jan/2026:05:47:40 +0100] "GET /wp-content/uploads/pic3.jpg HTTP/1.1" 200 64164 "https://ew.inglory.de/" "Serf/1.3.9 (mod_pagespeed/1.13.35.2-0)"
94.130.90.54 - - [21/Jan/2026:05:47:40 +0100] "GET /wp-content/uploads/pic3-300x205.jpg HTTP/1.1" 200 21976 "https://ew.inglory.de/" "Serf/1.3.9 (mod_pagespeed/1.13.35.2-0)"
94.130.90.54 - - [21/Jan/2026:05:47:40 +0100] "GET /wp-content/uploads/pic3-1024x701.jpg HTTP/1.1" 200 70104 "https://ew.inglory.de/" "Serf/1.3.9 (mod_pagespeed/1.13.35.2-0)"
94.130.90.54 - - [21/Jan/2026:05:47:40 +0100] "GET /wp-content/uploads/pic3-768x525.jpg HTTP/1.1" 200 49967 "https://ew.inglory.de/" "Serf/1.3.9 (mod_pagespeed/1.13.35.2-0)"
91.10.123.91 - - [21/Jan/2026:05:47:40 +0100] "GET /wp-content/uploads/crashmitsiegel2.png HTTP/1.0" 200 588221 "https://ew.inglory.de/" "Mozilla/5.0 (Macintosh; Intel Mac OS X 10_15_7) AppleWebKit/605.1.15 (KHTML, like Gecko) Version/26.1 Safari/605.1.15"
94.130.90.54 - - [21/Jan/2026:05:47:40 +0100] "GET /wp-content/uploads/pic5.jpg HTTP/1.1" 200 146089 "https://ew.inglory.de/" "Serf/1.3.9 (mod_pagespeed/1.13.35.2-0)"
94.130.90.54 - - [21/Jan/2026:05:47:40 +0100] "GET /wp-content/uploads/pic5.jpg HTTP/1.1" 200 146089 "https://ew.inglory.de/" "Serf/1.3.9 (mod_pagespeed/1.13.35.2-0)"
94.130.90.54 - - [21/Jan/2026:05:47:40 +0100] "GET /wp-content/uploads/pic5-300x205.jpg HTTP/1.1" 200 33241 "https://ew.inglory.de/" "Serf/1.3.9 (mod_pagespeed/1.13.35.2-0)"
94.130.90.54 - - [21/Jan/2026:05:47:40 +0100] "GET /wp-content/uploads/pic5-1024x701.jpg HTTP/1.1" 200 118882 "https://ew.inglory.de/" "Serf/1.3.9 (mod_pagespeed/1.13.35.2-0)"
94.130.90.54 - - [21/Jan/2026:05:47:40 +0100] "GET /wp-content/uploads/pic5-768x525.jpg HTTP/1.1" 200 84627 "https://ew.inglory.de/" "Serf/1.3.9 (mod_pagespeed/1.13.35.2-0)"
94.130.90.54 - - [21/Jan/2026:05:47:40 +0100] "GET /wp-content/uploads/pic2.jpg HTTP/1.1" 200 77898 "https://ew.inglory.de/" "Serf/1.3.9 (mod_pagespeed/1.13.35.2-0)"
94.130.90.54 - - [21/Jan/2026:05:47:40 +0100] "GET /wp-content/uploads/pic2.jpg HTTP/1.1" 200 77898 "https://ew.inglory.de/" "Serf/1.3.9 (mod_pagespeed/1.13.35.2-0)"
94.130.90.54 - - [21/Jan/2026:05:47:40 +0100] "GET /wp-content/uploads/pic2-300x205.jpg HTTP/1.1" 200 24023 "https://ew.inglory.de/" "Serf/1.3.9 (mod_pagespeed/1.13.35.2-0)"
94.130.90.54 - - [21/Jan/2026:05:47:40 +0100] "GET /wp-content/uploads/pic2-1024x701.jpg HTTP/1.1" 200 76961 "https://ew.inglory.de/" "Serf/1.3.9 (mod_pagespeed/1.13.35.2-0)"
94.130.90.54 - - [21/Jan/2026:05:47:40 +0100] "GET /wp-content/uploads/pic2-768x525.jpg HTTP/1.1" 200 55214 "https://ew.inglory.de/" "Serf/1.3.9 (mod_pagespeed/1.13.35.2-0)"
94.130.90.54 - - [21/Jan/2026:05:47:40 +0100] "GET /wp-content/uploads/pic4.jpg HTTP/1.1" 200 139596 "https://ew.inglory.de/" "Serf/1.3.9 (mod_pagespeed/1.13.35.2-0)"
94.130.90.54 - - [21/Jan/2026:05:47:40 +0100] "GET /wp-content/uploads/pic4.jpg HTTP/1.1" 200 139596 "https://ew.inglory.de/" "Serf/1.3.9 (mod_pagespeed/1.13.35.2-0)"
94.130.90.54 - - [21/Jan/2026:05:47:40 +0100] "GET /wp-content/uploads/pic4-300x205.jpg HTTP/1.1" 200 31859 "https://ew.inglory.de/" "Serf/1.3.9 (mod_pagespeed/1.13.35.2-0)"
94.130.90.54 - - [21/Jan/2026:05:47:40 +0100] "GET /wp-content/uploads/pic4-1024x701.jpg HTTP/1.1" 200 113426 "https://ew.inglory.de/" "Serf/1.3.9 (mod_pagespeed/1.13.35.2-0)"
94.130.90.54 - - [21/Jan/2026:05:47:40 +0100] "GET /wp-content/uploads/pic4-768x525.jpg HTTP/1.1" 200 80423 "https://ew.inglory.de/" "Serf/1.3.9 (mod_pagespeed/1.13.35.2-0)"
94.130.90.54 - - [21/Jan/2026:05:47:40 +0100] "GET /wp-content/uploads/pic6.jpg HTTP/1.1" 200 79560 "https://ew.inglory.de/" "Serf/1.3.9 (mod_pagespeed/1.13.35.2-0)"
94.130.90.54 - - [21/Jan/2026:05:47:40 +0100] "GET /wp-content/uploads/pic6.jpg HTTP/1.1" 200 79560 "https://ew.inglory.de/" "Serf/1.3.9 (mod_pagespeed/1.13.35.2-0)"
94.130.90.54 - - [21/Jan/2026:05:47:40 +0100] "GET /wp-content/uploads/pic6-300x205.jpg HTTP/1.1" 200 24318 "https://ew.inglory.de/" "Serf/1.3.9 (mod_pagespeed/1.13.35.2-0)"
94.130.90.54 - - [21/Jan/2026:05:47:40 +0100] "GET /wp-content/uploads/pic6-1024x701.jpg HTTP/1.1" 200 79361 "https://ew.inglory.de/" "Serf/1.3.9 (mod_pagespeed/1.13.35.2-0)"
94.130.90.54 - - [21/Jan/2026:05:47:40 +0100] "GET /wp-content/uploads/pic6-768x525.jpg HTTP/1.1" 200 56732 "https://ew.inglory.de/" "Serf/1.3.9 (mod_pagespeed/1.13.35.2-0)"
94.130.90.54 - - [21/Jan/2026:05:47:40 +0100] "GET /wp-content/uploads/Alex-min.png HTTP/1.1" 200 180552 "https://ew.inglory.de/" "Serf/1.3.9 (mod_pagespeed/1.13.35.2-0)"
94.130.90.54 - - [21/Jan/2026:05:47:40 +0100] "GET /wp-content/uploads/Alex-min.png HTTP/1.1" 200 180552 "https://ew.inglory.de/" "Serf/1.3.9 (mod_pagespeed/1.13.35.2-0)"
94.130.90.54 - - [21/Jan/2026:05:47:40 +0100] "GET /wp-content/uploads/Alex-min-300x300.png HTTP/1.1" 200 62725 "https://ew.inglory.de/" "Serf/1.3.9 (mod_pagespeed/1.13.35.2-0)"
94.130.90.54 - - [21/Jan/2026:05:47:40 +0100] "GET /wp-content/uploads/Alex-min-150x150.png HTTP/1.1" 200 23293 "https://ew.inglory.de/" "Serf/1.3.9 (mod_pagespeed/1.13.35.2-0)"
94.130.90.54 - - [21/Jan/2026:05:47:40 +0100] "GET /wp-content/uploads/Alex-min-768x768.png HTTP/1.1" 200 306284 "https://ew.inglory.de/" "Serf/1.3.9 (mod_pagespeed/1.13.35.2-0)"
94.130.90.54 - - [21/Jan/2026:05:47:40 +0100] "GET /wp-includes/js/jquery/jquery.min.js?ver=3.7.1 HTTP/1.1" 200 91261 "https://ew.inglory.de/" "Serf/1.3.9 (mod_pagespeed/1.13.35.2-0)"
94.130.90.54 - - [21/Jan/2026:05:47:40 +0100] "GET /wp-includes/js/jquery/jquery-migrate.min.js?ver=3.4.1 HTTP/1.1" 200 17139 "https://ew.inglory.de/" "Serf/1.3.9 (mod_pagespeed/1.13.35.2-0)"
94.130.90.54 - - [21/Jan/2026:05:47:40 +0100] "GET /wp-content/plugins/elementor/assets/js/web-cli.min.js?ver=3.34.2 HTTP/1.1" 200 174268 "https://ew.inglory.de/" "Serf/1.3.9 (mod_pagespeed/1.13.35.2-0)"
94.130.90.54 - - [21/Jan/2026:05:47:40 +0100] "GET /wp-includes/js/dist/vendor/react.min.js?ver=18.3.1.1 HTTP/1.1" 200 14190 "https://ew.inglory.de/" "Serf/1.3.9 (mod_pagespeed/1.13.35.2-0)"
91.10.123.91 - - [21/Jan/2026:05:47:40 +0100] "GET /wp-content/uploads/arrow-49.svg HTTP/1.0" 200 4241 "https://ew.inglory.de/" "Mozilla/5.0 (Macintosh; Intel Mac OS X 10_15_7) AppleWebKit/605.1.15 (KHTML, like Gecko) Version/26.1 Safari/605.1.15"
94.130.90.54 - - [21/Jan/2026:05:47:40 +0100] "GET /wp-includes/js/dist/vendor/react-dom.min.js?ver=18.3.1.1 HTTP/1.1" 200 132713 "https://ew.inglory.de/" "Serf/1.3.9 (mod_pagespeed/1.13.35.2-0)"
94.130.90.54 - - [21/Jan/2026:05:47:40 +0100] "GET /wp-includes/js/dist/hooks.min.js?ver=dd5603f07f9220ed27f1 HTTP/1.1" 200 9222 "https://ew.inglory.de/" "Serf/1.3.9 (mod_pagespeed/1.13.35.2-0)"
94.130.90.54 - - [21/Jan/2026:05:47:40 +0100] "GET /wp-includes/js/dist/i18n.min.js?ver=c26c3dc7bed366793375 HTTP/1.1" 200 8875 "https://ew.inglory.de/" "Serf/1.3.9 (mod_pagespeed/1.13.35.2-0)"
94.130.90.54 - - [21/Jan/2026:05:47:40 +0100] "GET /wp-content/plugins/pro-elements/assets/js/notes/notes.min.js?ver=3.34.0 HTTP/1.1" 200 16909 "https://ew.inglory.de/" "Serf/1.3.9 (mod_pagespeed/1.13.35.2-0)"
91.10.123.91 - - [21/Jan/2026:05:47:40 +0100] "GET /wp-content/plugins/elementor/assets/lib/eicons/fonts/eicons.woff2?5.46.0 HTTP/1.0" 304 3891 "https://ew.inglory.de/" "Mozilla/5.0 (Macintosh; Intel Mac OS X 10_15_7) AppleWebKit/605.1.15 (KHTML, like Gecko) Version/26.1 Safari/605.1.15"
94.130.90.54 - - [21/Jan/2026:05:47:40 +0100] "GET /wp-content/plugins/pro-elements/assets/js/notes/notes-app-initiator.min.js?ver=3.34.0 HTTP/1.1" 200 7118 "https://ew.inglory.de/" "Serf/1.3.9 (mod_pagespeed/1.13.35.2-0)"
94.130.90.54 - - [21/Jan/2026:05:47:40 +0100] "GET /wp-includes/js/jquery/ui/core.min.js?ver=1.13.3 HTTP/1.1" 200 25055 "https://ew.inglory.de/" "Serf/1.3.9 (mod_pagespeed/1.13.35.2-0)"
94.130.90.54 - - [21/Jan/2026:05:47:40 +0100] "GET /wp-includes/js/jquery/ui/mouse.min.js?ver=1.13.3 HTTP/1.1" 200 6988 "https://ew.inglory.de/" "Serf/1.3.9 (mod_pagespeed/1.13.35.2-0)"
94.130.90.54 - - [21/Jan/2026:05:47:40 +0100] "GET /wp-includes/js/jquery/ui/draggable.min.js?ver=1.13.3 HTTP/1.1" 200 22011 "https://ew.inglory.de/" "Serf/1.3.9 (mod_pagespeed/1.13.35.2-0)"
94.130.90.54 - - [21/Jan/2026:05:47:40 +0100] "GET /wp-includes/js/underscore.min.js?ver=1.13.7 HTTP/1.1" 200 22496 "https://ew.inglory.de/" "Serf/1.3.9 (mod_pagespeed/1.13.35.2-0)"
94.130.90.54 - - [21/Jan/2026:05:47:40 +0100] "GET /wp-includes/js/backbone.min.js?ver=1.6.0 HTTP/1.1" 200 27892 "https://ew.inglory.de/" "Serf/1.3.9 (mod_pagespeed/1.13.35.2-0)"
94.130.90.54 - - [21/Jan/2026:05:47:40 +0100] "GET /wp-content/plugins/elementor/assets/lib/backbone/backbone.marionette.min.js?ver=2.4.5.e1 HTTP/1.1" 200 48776 "https://ew.inglory.de/" "Serf/1.3.9 (mod_pagespeed/1.13.35.2-0)"
94.130.90.54 - - [21/Jan/2026:05:47:40 +0100] "GET /wp-content/plugins/elementor/assets/lib/backbone/backbone.radio.min.js?ver=1.0.4 HTTP/1.1" 200 7313 "https://ew.inglory.de/" "Serf/1.3.9 (mod_pagespeed/1.13.35.2-0)"
94.130.90.54 - - [21/Jan/2026:05:47:40 +0100] "GET /wp-content/plugins/elementor/assets/js/common-modules.min.js?ver=3.34.2 HTTP/1.1" 200 163544 "https://ew.inglory.de/" "Serf/1.3.9 (mod_pagespeed/1.13.35.2-0)"
94.130.90.54 - - [21/Jan/2026:05:47:40 +0100] "GET /wp-content/plugins/elementor/assets/lib/dialog/dialog.min.js?ver=4.9.4 HTTP/1.1" 200 15184 "https://ew.inglory.de/" "Serf/1.3.9 (mod_pagespeed/1.13.35.2-0)"
94.130.90.54 - - [21/Jan/2026:05:47:40 +0100] "GET /wp-includes/js/api-request.min.js?ver=6.9 HTTP/1.1" 200 4554 "https://ew.inglory.de/" "Serf/1.3.9 (mod_pagespeed/1.13.35.2-0)"
94.130.90.54 - - [21/Jan/2026:05:47:40 +0100] "GET /wp-content/plugins/elementor/assets/js/dev-tools.min.js?ver=3.34.2 HTTP/1.1" 200 11138 "https://ew.inglory.de/" "Serf/1.3.9 (mod_pagespeed/1.13.35.2-0)"
94.130.90.54 - - [21/Jan/2026:05:47:40 +0100] "GET /wp-content/plugins/elementor/assets/js/common.min.js?ver=3.34.2 HTTP/1.1" 200 522976 "https://ew.inglory.de/" "Serf/1.3.9 (mod_pagespeed/1.13.35.2-0)"
91.10.123.91 - - [21/Jan/2026:05:47:40 +0100] "GET /wp-content/plugins/elementor/assets/js/shared-frontend-handlers.03caa53373b56d3bab67.bundle.min.js HTTP/1.0" 200 6748 "https://ew.inglory.de/" "Mozilla/5.0 (Macintosh; Intel Mac OS X 10_15_7) AppleWebKit/605.1.15 (KHTML, like Gecko) Version/26.1 Safari/605.1.15"
94.130.90.54 - - [21/Jan/2026:05:47:40 +0100] "GET /wp-content/plugins/elementor/assets/js/app-loader.min.js?ver=3.34.2 HTTP/1.1" 200 93938 "https://ew.inglory.de/" "Serf/1.3.9 (mod_pagespeed/1.13.35.2-0)"
91.10.123.91 - - [21/Jan/2026:05:47:40 +0100] "GET /wp-content/plugins/pro-elements/assets/js/nav-menu.8521a0597c50611efdc6.bundle.min.js HTTP/1.0" 200 5976 "https://ew.inglory.de/" "Mozilla/5.0 (Macintosh; Intel Mac OS X 10_15_7) AppleWebKit/605.1.15 (KHTML, like Gecko) Version/26.1 Safari/605.1.15"
91.10.123.91 - - [21/Jan/2026:05:47:40 +0100] "GET /wp-content/plugins/elementor/assets/js/text-editor.45609661e409413f1cef.bundle.min.js HTTP/1.0" 200 4706 "https://ew.inglory.de/" "Mozilla/5.0 (Macintosh; Intel Mac OS X 10_15_7) AppleWebKit/605.1.15 (KHTML, like Gecko) Version/26.1 Safari/605.1.15"
94.130.90.54 - - [21/Jan/2026:05:47:40 +0100] "GET /wp-content/plugins/elementor/assets/js/webpack.runtime.min.js?ver=3.34.2 HTTP/1.1" 200 9238 "https://ew.inglory.de/" "Serf/1.3.9 (mod_pagespeed/1.13.35.2-0)"
91.10.123.91 - - [21/Jan/2026:05:47:40 +0100] "GET /wp-content/plugins/elementor/assets/js/nested-accordion.10705241212f7b6c432b.bundle.min.js HTTP/1.0" 200 6957 "https://ew.inglory.de/" "Mozilla/5.0 (Macintosh; Intel Mac OS X 10_15_7) AppleWebKit/605.1.15 (KHTML, like Gecko) Version/26.1 Safari/605.1.15"
94.130.90.54 - - [21/Jan/2026:05:47:40 +0100] "GET /wp-content/plugins/elementor/assets/js/frontend-modules.min.js?ver=3.34.2 HTTP/1.1" 200 91043 "https://ew.inglory.de/" "Serf/1.3.9 (mod_pagespeed/1.13.35.2-0)"
91.10.123.91 - - [21/Jan/2026:05:47:40 +0100] "GET /wp-content/plugins/pro-elements/assets/js/form.71055747203b48a65a24.bundle.min.js HTTP/1.0" 200 9295 "https://ew.inglory.de/" "Mozilla/5.0 (Macintosh; Intel Mac OS X 10_15_7) AppleWebKit/605.1.15 (KHTML, like Gecko) Version/26.1 Safari/605.1.15"
94.130.90.54 - - [21/Jan/2026:05:47:40 +0100] "GET /wp-content/plugins/elementor/assets/js/frontend.min.js?ver=3.34.2 HTTP/1.1" 200 35471 "https://ew.inglory.de/" "Serf/1.3.9 (mod_pagespeed/1.13.35.2-0)"
94.130.90.54 - - [21/Jan/2026:05:47:40 +0100] "GET /wp-content/plugins/pro-elements/assets/lib/smartmenus/jquery.smartmenus.min.js?ver=1.2.1 HTTP/1.1" 200 27700 "https://ew.inglory.de/" "Serf/1.3.9 (mod_pagespeed/1.13.35.2-0)"
94.130.90.54 - - [21/Jan/2026:05:47:40 +0100] "GET /wp-content/plugins/pro-elements/assets/lib/sticky/jquery.sticky.min.js?ver=3.34.0 HTTP/1.1" 200 7281 "https://ew.inglory.de/" "Serf/1.3.9 (mod_pagespeed/1.13.35.2-0)"
94.130.90.54 - - [21/Jan/2026:05:47:40 +0100] "GET /wp-content/plugins/pro-elements/assets/js/webpack-pro.runtime.min.js?ver=3.34.0 HTTP/1.1" 200 9807 "https://ew.inglory.de/" "Serf/1.3.9 (mod_pagespeed/1.13.35.2-0)"
94.130.90.54 - - [21/Jan/2026:05:47:40 +0100] "GET /wp-content/plugins/pro-elements/assets/js/frontend.min.js?ver=3.34.0 HTTP/1.1" 200 27636 "https://ew.inglory.de/" "Serf/1.3.9 (mod_pagespeed/1.13.35.2-0)"
94.130.90.54 - - [21/Jan/2026:05:47:40 +0100] "GET /wp-content/plugins/pro-elements/assets/js/elements-handlers.min.js?ver=3.34.0 HTTP/1.1" 200 47876 "https://ew.inglory.de/" "Serf/1.3.9 (mod_pagespeed/1.13.35.2-0)"
94.130.90.54 - - [21/Jan/2026:05:47:40 +0100] "GET /wp-content/plugins/elementor/assets/js/elementor-admin-bar.min.js?ver=3.34.2 HTTP/1.1" 200 10874 "https://ew.inglory.de/" "Serf/1.3.9 (mod_pagespeed/1.13.35.2-0)"
94.130.90.54 - - [21/Jan/2026:05:47:40 +0100] "GET /wp-includes/js/hoverintent-js.min.js?ver=2.2.1 HTTP/1.1" 200 5249 "https://ew.inglory.de/" "Serf/1.3.9 (mod_pagespeed/1.13.35.2-0)"
94.130.90.54 - - [21/Jan/2026:05:47:40 +0100] "GET /wp-includes/js/admin-bar.min.js?ver=6.9 HTTP/1.1" 200 7047 "https://ew.inglory.de/" "Serf/1.3.9 (mod_pagespeed/1.13.35.2-0)"
94.130.90.54 - - [21/Jan/2026:05:47:40 +0100] "GET /wp-includes/css/admin-bar.min.css?ver=6.9 HTTP/1.1" 200 23702 "https://ew.inglory.de/" "Serf/1.3.9 (mod_pagespeed/1.13.35.2-0)"
94.130.90.54 - - [21/Jan/2026:05:47:40 +0100] "GET /wp-content/plugins/elementor/assets/css/common.min.css?ver=3.34.2 HTTP/1.1" 200 28663 "https://ew.inglory.de/" "Serf/1.3.9 (mod_pagespeed/1.13.35.2-0)"
94.130.90.54 - - [21/Jan/2026:05:47:40 +0100] "GET /wp-content/plugins/elementor/assets/css/theme-light.min.css?ver=3.34.2 HTTP/1.1" 200 5818 "https://ew.inglory.de/" "Serf/1.3.9 (mod_pagespeed/1.13.35.2-0)"
94.130.90.54 - - [21/Jan/2026:05:47:40 +0100] "GET /wp-content/plugins/pro-elements/assets/css/modules/notes.min.css?ver=3.34.0 HTTP/1.1" 200 4701 "https://ew.inglory.de/" "Serf/1.3.9 (mod_pagespeed/1.13.35.2-0)"
94.130.90.54 - - [21/Jan/2026:05:47:40 +0100] "GET /wp-content/plugins/elementor/assets/css/admin-bar.min.css?ver=3.34.2 HTTP/1.1" 200 4135 "https://ew.inglory.de/" "Serf/1.3.9 (mod_pagespeed/1.13.35.2-0)"
94.130.90.54 - - [21/Jan/2026:05:47:40 +0100] "GET /wp-content/uploads/elementor/css/post-6.css?ver=1768970858 HTTP/1.1" 200 10982 "https://ew.inglory.de/" "Serf/1.3.9 (mod_pagespeed/1.13.35.2-0)"
94.130.90.54 - - [21/Jan/2026:05:47:40 +0100] "GET /wp-content/uploads/elementor/css/post-14.css?ver=1768970859 HTTP/1.1" 200 145950 "https://ew.inglory.de/" "Serf/1.3.9 (mod_pagespeed/1.13.35.2-0)"
94.130.90.54 - - [21/Jan/2026:05:47:40 +0100] "GET /wp-content/uploads/elementor/css/post-385.css?ver=1768970859 HTTP/1.1" 200 11871 "https://ew.inglory.de/" "Serf/1.3.9 (mod_pagespeed/1.13.35.2-0)"
94.130.90.54 - - [21/Jan/2026:05:47:40 +0100] "GET /wp-content/uploads/elementor/css/post-479.css?ver=1768970859 HTTP/1.1" 200 34923 "https://ew.inglory.de/" "Serf/1.3.9 (mod_pagespeed/1.13.35.2-0)"
94.130.90.54 - - [21/Jan/2026:05:47:40 +0100] "GET /wp-content/uploads/elementor/css/post-449.css?ver=1768970859 HTTP/1.1" 200 10564 "https://ew.inglory.de/" "Serf/1.3.9 (mod_pagespeed/1.13.35.2-0)"
94.130.90.54 - - [21/Jan/2026:05:47:40 +0100] "GET /wp-content/uploads/image-9.svg HTTP/1.1" 200 7488 "https://ew.inglory.de/" "Serf/1.3.9 (mod_pagespeed/1.13.35.2-0)"
91.10.123.91 - - [21/Jan/2026:05:47:40 +0100] "POST /mod_pagespeed_beacon?url=https%3A%2F%2Few.inglory.de%2F HTTP/1.0" 204 3868 "https://ew.inglory.de/" "Mozilla/5.0 (Macintosh; Intel Mac OS X 10_15_7) AppleWebKit/605.1.15 (KHTML, like Gecko) Version/26.1 Safari/605.1.15"
94.130.90.54 - - [21/Jan/2026:05:47:40 +0100] "GET /wp-content/uploads/stars-15.svg HTTP/1.1" 404 109256 "https://ew.inglory.de/" "Serf/1.3.9 (mod_pagespeed/1.13.35.2-0)"
94.130.90.54 - - [21/Jan/2026:05:47:41 +0100] "GET /wp-content/uploads/image-12.svg HTTP/1.1" 200 7584 "https://ew.inglory.de/" "Serf/1.3.9 (mod_pagespeed/1.13.35.2-0)"
94.130.90.54 - - [21/Jan/2026:05:47:41 +0100] "GET /wp-content/uploads/image-6.svg HTTP/1.1" 200 7084 "https://ew.inglory.de/" "Serf/1.3.9 (mod_pagespeed/1.13.35.2-0)"
94.130.90.54 - - [21/Jan/2026:05:47:41 +0100] "GET /wp-content/uploads/arrow-49.svg HTTP/1.1" 200 3742 "https://ew.inglory.de/" "Serf/1.3.9 (mod_pagespeed/1.13.35.2-0)"
91.10.123.91 - - [21/Jan/2026:05:47:42 +0100] "GET /wp-admin/ HTTP/1.0" 200 29670 "https://ew.inglory.de/" "Mozilla/5.0 (Macintosh; Intel Mac OS X 10_15_7) AppleWebKit/605.1.15 (KHTML, like Gecko) Version/26.1 Safari/605.1.15"
91.10.123.91 - - [21/Jan/2026:05:47:43 +0100] "GET /wp-content/plugins/elementor/vendor/elementor/wp-one-package/assets/build/common.css?ver=1.0.46 HTTP/1.0" 200 4701 "https://ew.inglory.de/wp-admin/" "Mozilla/5.0 (Macintosh; Intel Mac OS X 10_15_7) AppleWebKit/605.1.15 (KHTML, like Gecko) Version/26.1 Safari/605.1.15"
91.10.123.91 - - [21/Jan/2026:05:47:43 +0100] "GET /wp-admin/js/common.min.js?ver=6.9 HTTP/1.0" 200 11879 "https://ew.inglory.de/wp-admin/" "Mozilla/5.0 (Macintosh; Intel Mac OS X 10_15_7) AppleWebKit/605.1.15 (KHTML, like Gecko) Version/26.1 Safari/605.1.15"
91.10.123.91 - - [21/Jan/2026:05:47:43 +0100] "GET /wp-includes/js/thickbox/thickbox.css?ver=6.9 HTTP/1.0" 200 4978 "https://ew.inglory.de/wp-admin/" "Mozilla/5.0 (Macintosh; Intel Mac OS X 10_15_7) AppleWebKit/605.1.15 (KHTML, like Gecko) Version/26.1 Safari/605.1.15"
91.10.123.91 - - [21/Jan/2026:05:47:43 +0100] "GET /wp-includes/js/wp-util.min.js?ver=6.9 HTTP/1.0" 200 4814 "https://ew.inglory.de/wp-admin/" "Mozilla/5.0 (Macintosh; Intel Mac OS X 10_15_7) AppleWebKit/605.1.15 (KHTML, like Gecko) Version/26.1 Safari/605.1.15"
91.10.123.91 - - [21/Jan/2026:05:47:43 +0100] "GET /wp-includes/js/wp-api.min.js?ver=6.9 HTTP/1.0" 200 8240 "https://ew.inglory.de/wp-admin/" "Mozilla/5.0 (Macintosh; Intel Mac OS X 10_15_7) AppleWebKit/605.1.15 (KHTML, like Gecko) Version/26.1 Safari/605.1.15"
91.10.123.91 - - [21/Jan/2026:05:47:43 +0100] "GET /wp-includes/js/quicktags.min.js?ver=6.9 HTTP/1.0" 200 7613 "https://ew.inglory.de/wp-admin/" "Mozilla/5.0 (Macintosh; Intel Mac OS X 10_15_7) AppleWebKit/605.1.15 (KHTML, like Gecko) Version/26.1 Safari/605.1.15"
91.10.123.91 - - [21/Jan/2026:05:47:43 +0100] "GET /wp-includes/js/jquery/jquery.color.min.js?ver=3.0.0 HTTP/1.0" 200 6828 "https://ew.inglory.de/wp-admin/" "Mozilla/5.0 (Macintosh; Intel Mac OS X 10_15_7) AppleWebKit/605.1.15 (KHTML, like Gecko) Version/26.1 Safari/605.1.15"
91.10.123.91 - - [21/Jan/2026:05:47:43 +0100] "GET /wp-includes/js/wp-lists.min.js?ver=6.9 HTTP/1.0" 200 6638 "https://ew.inglory.de/wp-admin/" "Mozilla/5.0 (Macintosh; Intel Mac OS X 10_15_7) AppleWebKit/605.1.15 (KHTML, like Gecko) Version/26.1 Safari/605.1.15"
91.10.123.91 - - [21/Jan/2026:05:47:43 +0100] "GET /wp-includes/js/dist/private-apis.min.js?ver=4f465748bda624774139 HTTP/1.0" 200 5076 "https://ew.inglory.de/wp-admin/" "Mozilla/5.0 (Macintosh; Intel Mac OS X 10_15_7) AppleWebKit/605.1.15 (KHTML, like Gecko) Version/26.1 Safari/605.1.15"
91.10.123.91 - - [21/Jan/2026:05:47:43 +0100] "GET /wp-admin/js/edit-comments.min.js?ver=6.9 HTTP/1.0" 200 9247 "https://ew.inglory.de/wp-admin/" "Mozilla/5.0 (Macintosh; Intel Mac OS X 10_15_7) AppleWebKit/605.1.15 (KHTML, like Gecko) Version/26.1 Safari/605.1.15"
91.10.123.91 - - [21/Jan/2026:05:47:43 +0100] "GET /wp-admin/js/dashboard.min.js?ver=6.9 HTTP/1.0" 200 7164 "https://ew.inglory.de/wp-admin/" "Mozilla/5.0 (Macintosh; Intel Mac OS X 10_15_7) AppleWebKit/605.1.15 (KHTML, like Gecko) Version/26.1 Safari/605.1.15"
91.10.123.91 - - [21/Jan/2026:05:47:43 +0100] "GET /wp-includes/js/dist/shortcode.min.js?ver=0b3174183b858f2df320 HTTP/1.0" 200 5446 "https://ew.inglory.de/wp-admin/" "Mozilla/5.0 (Macintosh; Intel Mac OS X 10_15_7) AppleWebKit/605.1.15 (KHTML, like Gecko) Version/26.1 Safari/605.1.15"
91.10.123.91 - - [21/Jan/2026:05:47:43 +0100] "GET /wp-includes/js/shortcode.min.js?ver=6.9 HTTP/1.0" 200 5204 "https://ew.inglory.de/wp-admin/" "Mozilla/5.0 (Macintosh; Intel Mac OS X 10_15_7) AppleWebKit/605.1.15 (KHTML, like Gecko) Version/26.1 Safari/605.1.15"
91.10.123.91 - - [21/Jan/2026:05:47:43 +0100] "GET /wp-includes/js/thickbox/thickbox.js?ver=3.1-20121105 HTTP/1.0" 200 8136 "https://ew.inglory.de/wp-admin/" "Mozilla/5.0 (Macintosh; Intel Mac OS X 10_15_7) AppleWebKit/605.1.15 (KHTML, like Gecko) Version/26.1 Safari/605.1.15"
91.10.123.91 - - [21/Jan/2026:05:47:43 +0100] "GET /wp-content/plugins/elementor/assets/lib/dialog/dialog.min.js?ver=4.9.0 HTTP/1.0" 200 7886 "https://ew.inglory.de/wp-admin/" "Mozilla/5.0 (Macintosh; Intel Mac OS X 10_15_7) AppleWebKit/605.1.15 (KHTML, like Gecko) Version/26.1 Safari/605.1.15"
91.10.123.91 - - [21/Jan/2026:05:47:43 +0100] "GET /wp-includes/js/dist/escape-html.min.js?ver=6561a406d2d232a6fbd2 HTTP/1.0" 200 4590 "https://ew.inglory.de/wp-admin/" "Mozilla/5.0 (Macintosh; Intel Mac OS X 10_15_7) AppleWebKit/605.1.15 (KHTML, like Gecko) Version/26.1 Safari/605.1.15"
91.10.123.91 - - [21/Jan/2026:05:47:43 +0100] "GET /wp-includes/js/heartbeat.min.js?ver=6.9 HTTP/1.0" 200 6145 "https://ew.inglory.de/wp-admin/" "Mozilla/5.0 (Macintosh; Intel Mac OS X 10_15_7) AppleWebKit/605.1.15 (KHTML, like Gecko) Version/26.1 Safari/605.1.15"
91.10.123.91 - - [21/Jan/2026:05:47:43 +0100] "GET /wp-includes/js/dist/keycodes.min.js?ver=34c8fb5e7a594a1c8037 HTTP/1.0" 200 5413 "https://ew.inglory.de/wp-admin/" "Mozilla/5.0 (Macintosh; Intel Mac OS X 10_15_7) AppleWebKit/605.1.15 (KHTML, like Gecko) Version/26.1 Safari/605.1.15"
91.10.123.91 - - [21/Jan/2026:05:47:43 +0100] "GET /wp-includes/js/dist/html-entities.min.js?ver=e8b78b18a162491d5e5f HTTP/1.0" 200 4505 "https://ew.inglory.de/wp-admin/" "Mozilla/5.0 (Macintosh; Intel Mac OS X 10_15_7) AppleWebKit/605.1.15 (KHTML, like Gecko) Version/26.1 Safari/605.1.15"
91.10.123.91 - - [21/Jan/2026:05:47:43 +0100] "GET /wp-admin/load-scripts.php?c=1&load%5Bchunk_0%5D=jquery-core,jquery-migrate,utils&ver=6.9 HTTP/1.0" 200 39297 "https://ew.inglory.de/wp-admin/" "Mozilla/5.0 (Macintosh; Intel Mac OS X 10_15_7) AppleWebKit/605.1.15 (KHTML, like Gecko) Version/26.1 Safari/605.1.15"
