94.130.90.54 - - [19/Jan/2026:14:06:09 +0100] "GET /wp-content/uploads/pic5-1024x701.jpg HTTP/1.1" 200 118882 "https://ew.inglory.de/" "Serf/1.3.9 (mod_pagespeed/1.13.35.2-0)"
94.130.90.54 - - [19/Jan/2026:14:06:09 +0100] "GET /wp-content/uploads/pic5-768x525.jpg HTTP/1.1" 200 84627 "https://ew.inglory.de/" "Serf/1.3.9 (mod_pagespeed/1.13.35.2-0)"
94.130.90.54 - - [19/Jan/2026:14:06:09 +0100] "GET /wp-content/uploads/pic2.jpg HTTP/1.1" 200 77898 "https://ew.inglory.de/" "Serf/1.3.9 (mod_pagespeed/1.13.35.2-0)"
94.130.90.54 - - [19/Jan/2026:14:06:09 +0100] "GET /wp-content/uploads/pic2.jpg HTTP/1.1" 200 77898 "https://ew.inglory.de/" "Serf/1.3.9 (mod_pagespeed/1.13.35.2-0)"
94.130.90.54 - - [19/Jan/2026:14:06:09 +0100] "GET /wp-content/uploads/pic2-300x205.jpg HTTP/1.1" 200 24023 "https://ew.inglory.de/" "Serf/1.3.9 (mod_pagespeed/1.13.35.2-0)"
94.130.90.54 - - [19/Jan/2026:14:06:09 +0100] "GET /wp-content/uploads/pic2-1024x701.jpg HTTP/1.1" 200 76961 "https://ew.inglory.de/" "Serf/1.3.9 (mod_pagespeed/1.13.35.2-0)"
94.130.90.54 - - [19/Jan/2026:14:06:09 +0100] "GET /wp-content/uploads/pic2-768x525.jpg HTTP/1.1" 200 55214 "https://ew.inglory.de/" "Serf/1.3.9 (mod_pagespeed/1.13.35.2-0)"
94.130.90.54 - - [19/Jan/2026:14:06:09 +0100] "GET /wp-content/uploads/pic4.jpg HTTP/1.1" 200 139596 "https://ew.inglory.de/" "Serf/1.3.9 (mod_pagespeed/1.13.35.2-0)"
94.130.90.54 - - [19/Jan/2026:14:06:09 +0100] "GET /wp-content/uploads/pic4.jpg HTTP/1.1" 200 139596 "https://ew.inglory.de/" "Serf/1.3.9 (mod_pagespeed/1.13.35.2-0)"
94.130.90.54 - - [19/Jan/2026:14:06:09 +0100] "GET /wp-content/uploads/pic4-300x205.jpg HTTP/1.1" 200 31859 "https://ew.inglory.de/" "Serf/1.3.9 (mod_pagespeed/1.13.35.2-0)"
94.130.90.54 - - [19/Jan/2026:14:06:09 +0100] "GET /wp-content/uploads/pic4-1024x701.jpg HTTP/1.1" 200 113426 "https://ew.inglory.de/" "Serf/1.3.9 (mod_pagespeed/1.13.35.2-0)"
94.130.90.54 - - [19/Jan/2026:14:06:09 +0100] "GET /wp-content/uploads/pic4-768x525.jpg HTTP/1.1" 200 80423 "https://ew.inglory.de/" "Serf/1.3.9 (mod_pagespeed/1.13.35.2-0)"
94.130.90.54 - - [19/Jan/2026:14:06:09 +0100] "GET /wp-content/uploads/pic6.jpg HTTP/1.1" 200 79560 "https://ew.inglory.de/" "Serf/1.3.9 (mod_pagespeed/1.13.35.2-0)"
94.130.90.54 - - [19/Jan/2026:14:06:09 +0100] "GET /wp-content/uploads/pic6.jpg HTTP/1.1" 200 79560 "https://ew.inglory.de/" "Serf/1.3.9 (mod_pagespeed/1.13.35.2-0)"
94.130.90.54 - - [19/Jan/2026:14:06:09 +0100] "GET /wp-content/uploads/pic6-300x205.jpg HTTP/1.1" 200 24318 "https://ew.inglory.de/" "Serf/1.3.9 (mod_pagespeed/1.13.35.2-0)"
94.130.90.54 - - [19/Jan/2026:14:06:09 +0100] "GET /wp-content/uploads/pic6-1024x701.jpg HTTP/1.1" 200 79361 "https://ew.inglory.de/" "Serf/1.3.9 (mod_pagespeed/1.13.35.2-0)"
94.130.90.54 - - [19/Jan/2026:14:06:09 +0100] "GET /wp-content/uploads/pic6-768x525.jpg HTTP/1.1" 200 56732 "https://ew.inglory.de/" "Serf/1.3.9 (mod_pagespeed/1.13.35.2-0)"
94.130.90.54 - - [19/Jan/2026:14:06:09 +0100] "GET /wp-content/uploads/Alex-min.png HTTP/1.1" 200 180552 "https://ew.inglory.de/" "Serf/1.3.9 (mod_pagespeed/1.13.35.2-0)"
94.130.90.54 - - [19/Jan/2026:14:06:09 +0100] "GET /wp-content/uploads/Alex-min.png HTTP/1.1" 200 180552 "https://ew.inglory.de/" "Serf/1.3.9 (mod_pagespeed/1.13.35.2-0)"
94.130.90.54 - - [19/Jan/2026:14:06:09 +0100] "GET /wp-content/uploads/Alex-min-300x300.png HTTP/1.1" 200 62725 "https://ew.inglory.de/" "Serf/1.3.9 (mod_pagespeed/1.13.35.2-0)"
94.130.90.54 - - [19/Jan/2026:14:06:09 +0100] "GET /wp-content/uploads/Alex-min-150x150.png HTTP/1.1" 200 23293 "https://ew.inglory.de/" "Serf/1.3.9 (mod_pagespeed/1.13.35.2-0)"
94.130.90.54 - - [19/Jan/2026:14:06:09 +0100] "GET /wp-content/uploads/Alex-min-768x768.png HTTP/1.1" 200 306284 "https://ew.inglory.de/" "Serf/1.3.9 (mod_pagespeed/1.13.35.2-0)"
94.130.90.54 - - [19/Jan/2026:14:06:09 +0100] "GET /wp-includes/js/jquery/jquery.min.js?ver=3.7.1 HTTP/1.1" 200 91261 "https://ew.inglory.de/" "Serf/1.3.9 (mod_pagespeed/1.13.35.2-0)"
94.130.90.54 - - [19/Jan/2026:14:06:09 +0100] "GET /wp-includes/js/jquery/jquery-migrate.min.js?ver=3.4.1 HTTP/1.1" 200 17139 "https://ew.inglory.de/" "Serf/1.3.9 (mod_pagespeed/1.13.35.2-0)"
94.130.90.54 - - [19/Jan/2026:14:06:09 +0100] "GET /wp-content/plugins/pro-elements/assets/js/frontend.min.js?ver=3.31.3 HTTP/1.1" 200 27800 "https://ew.inglory.de/" "Serf/1.3.9 (mod_pagespeed/1.13.35.2-0)"
94.130.90.54 - - [19/Jan/2026:14:06:09 +0100] "GET /wp-content/plugins/pro-elements/assets/js/elements-handlers.min.js?ver=3.31.3 HTTP/1.1" 200 48289 "https://ew.inglory.de/" "Serf/1.3.9 (mod_pagespeed/1.13.35.2-0)"
94.130.90.54 - - [19/Jan/2026:14:06:09 +0100] "GET /wp-content/uploads/image-9.svg HTTP/1.1" 200 7488 "https://ew.inglory.de/" "Serf/1.3.9 (mod_pagespeed/1.13.35.2-0)"
94.130.90.54 - - [19/Jan/2026:14:06:09 +0100] "GET /wp-content/uploads/stars-15.svg HTTP/1.1" 404 108972 "https://ew.inglory.de/" "Serf/1.3.9 (mod_pagespeed/1.13.35.2-0)"
94.130.90.54 - - [19/Jan/2026:14:06:10 +0100] "GET /wp-content/uploads/image-12.svg HTTP/1.1" 200 7584 "https://ew.inglory.de/" "Serf/1.3.9 (mod_pagespeed/1.13.35.2-0)"
94.130.90.54 - - [19/Jan/2026:14:06:10 +0100] "GET /wp-content/uploads/image-6.svg HTTP/1.1" 200 7084 "https://ew.inglory.de/" "Serf/1.3.9 (mod_pagespeed/1.13.35.2-0)"
94.130.90.54 - - [19/Jan/2026:14:06:10 +0100] "GET /wp-content/uploads/arrow-49.svg HTTP/1.1" 200 3742 "https://ew.inglory.de/" "Serf/1.3.9 (mod_pagespeed/1.13.35.2-0)"
94.130.90.54 - - [19/Jan/2026:14:06:10 +0100] "GET /wp-content/plugins/elementor/assets/js/webpack.runtime.min.js?ver=3.32.2 HTTP/1.1" 200 9268 "https://ew.inglory.de/" "Serf/1.3.9 (mod_pagespeed/1.13.35.2-0)"
94.130.90.54 - - [19/Jan/2026:14:06:10 +0100] "GET /wp-content/plugins/elementor/assets/js/frontend.min.js?ver=3.32.2 HTTP/1.1" 200 35953 "https://ew.inglory.de/" "Serf/1.3.9 (mod_pagespeed/1.13.35.2-0)"
94.130.90.54 - - [19/Jan/2026:14:06:10 +0100] "GET /wp-content/plugins/pro-elements/assets/js/webpack-pro.runtime.min.js?ver=3.31.3 HTTP/1.1" 200 9808 "https://ew.inglory.de/" "Serf/1.3.9 (mod_pagespeed/1.13.35.2-0)"
94.130.90.54 - - [20/Jan/2026:05:22:56 +0100] "POST /wp-cron.php?doing_wp_cron=1768882976.2777230739593505859375 HTTP/1.0" 200 4038 "-" "WordPress/6.9; https://ew.inglory.de"
94.130.90.54 - - [20/Jan/2026:12:42:05 +0100] "POST /wp-cron.php?doing_wp_cron=1768909325.7389690876007080078125 HTTP/1.0" 200 4038 "-" "WordPress/6.9; https://ew.inglory.de"
74.7.228.23 - - [20/Jan/2026:12:42:05 +0100] "GET /robots.txt HTTP/1.0" 200 4163 "-" "Mozilla/5.0 (Macintosh; Intel Mac OS X 10_15_7) AppleWebKit/537.36 (KHTML, like Gecko) Chrome/131.0.0.0 Safari/537.36; compatible; OAI-SearchBot/1.3; robots.txt; +https://openai.com/searchbot"
94.130.90.54 - - [20/Jan/2026:12:42:06 +0100] "GET /wp-content/themes/hello-elementor/assets/css/reset.css?ver=3.4.5 HTTP/1.1" 200 9003 "https://ew.inglory.de/" "Serf/1.3.9 (mod_pagespeed/1.13.35.2-0)"
94.130.90.54 - - [20/Jan/2026:12:42:06 +0100] "GET /wp-content/themes/hello-elementor/assets/css/theme.css?ver=3.4.5 HTTP/1.1" 200 8644 "https://ew.inglory.de/" "Serf/1.3.9 (mod_pagespeed/1.13.35.2-0)"
94.130.90.54 - - [20/Jan/2026:12:42:06 +0100] "GET /wp-content/themes/hello-elementor/assets/css/header-footer.css?ver=3.4.5 HTTP/1.1" 200 10729 "https://ew.inglory.de/" "Serf/1.3.9 (mod_pagespeed/1.13.35.2-0)"
94.130.90.54 - - [20/Jan/2026:12:42:06 +0100] "GET /wp-content/plugins/elementor/assets/css/frontend.min.css?ver=3.32.2 HTTP/1.1" 200 57249 "https://ew.inglory.de/" "Serf/1.3.9 (mod_pagespeed/1.13.35.2-0)"
94.130.90.54 - - [20/Jan/2026:12:42:06 +0100] "GET /wp-content/plugins/elementor/assets/css/widget-image.min.css?ver=3.32.2 HTTP/1.1" 200 3769 "https://ew.inglory.de/" "Serf/1.3.9 (mod_pagespeed/1.13.35.2-0)"
74.7.241.18 - - [20/Jan/2026:12:42:05 +0100] "GET / HTTP/1.0" 200 31255 "-" "Mozilla/5.0 AppleWebKit/537.36 (KHTML, like Gecko; compatible; GPTBot/1.3; +https://openai.com/gptbot)"
94.130.90.54 - - [20/Jan/2026:12:42:06 +0100] "GET /wp-content/plugins/pro-elements/assets/css/widget-nav-menu.min.css?ver=3.31.3 HTTP/1.1" 200 30940 "https://ew.inglory.de/" "Serf/1.3.9 (mod_pagespeed/1.13.35.2-0)"
94.130.90.54 - - [20/Jan/2026:12:42:06 +0100] "GET /wp-content/plugins/pro-elements/assets/css/modules/sticky.min.css?ver=3.31.3 HTTP/1.1" 200 3677 "https://ew.inglory.de/" "Serf/1.3.9 (mod_pagespeed/1.13.35.2-0)"
94.130.90.54 - - [20/Jan/2026:12:42:06 +0100] "GET /wp-content/plugins/elementor/assets/css/widget-icon-list.min.css?ver=3.32.2 HTTP/1.1" 200 14018 "https://ew.inglory.de/" "Serf/1.3.9 (mod_pagespeed/1.13.35.2-0)"
94.130.90.54 - - [20/Jan/2026:12:42:06 +0100] "GET /wp-content/plugins/elementor/assets/lib/animations/styles/e-animation-shrink.min.css?ver=3.32.2 HTTP/1.1" 200 3720 "https://ew.inglory.de/" "Serf/1.3.9 (mod_pagespeed/1.13.35.2-0)"
94.130.90.54 - - [20/Jan/2026:12:42:06 +0100] "GET /wp-content/plugins/elementor/assets/css/widget-social-icons.min.css?ver=3.32.2 HTTP/1.1" 200 8697 "https://ew.inglory.de/" "Serf/1.3.9 (mod_pagespeed/1.13.35.2-0)"
94.130.90.54 - - [20/Jan/2026:12:42:06 +0100] "GET /wp-content/plugins/elementor/assets/css/conditionals/apple-webkit.min.css?ver=3.32.2 HTTP/1.1" 200 10572 "https://ew.inglory.de/" "Serf/1.3.9 (mod_pagespeed/1.13.35.2-0)"
94.130.90.54 - - [20/Jan/2026:12:42:06 +0100] "GET /wp-content/plugins/elementor/assets/lib/animations/styles/fadeInDown.min.css?ver=3.32.2 HTTP/1.1" 200 3652 "https://ew.inglory.de/" "Serf/1.3.9 (mod_pagespeed/1.13.35.2-0)"
94.130.90.54 - - [20/Jan/2026:12:42:06 +0100] "GET /wp-content/plugins/pro-elements/assets/css/conditionals/popup.min.css?ver=3.31.3 HTTP/1.1" 200 4511 "https://ew.inglory.de/" "Serf/1.3.9 (mod_pagespeed/1.13.35.2-0)"
94.130.90.54 - - [20/Jan/2026:12:42:06 +0100] "GET /wp-content/plugins/elementor/assets/lib/eicons/css/elementor-icons.min.css?ver=5.44.0 HTTP/1.1" 200 24833 "https://ew.inglory.de/" "Serf/1.3.9 (mod_pagespeed/1.13.35.2-0)"
94.130.90.54 - - [20/Jan/2026:12:42:06 +0100] "GET /wp-content/uploads/elementor/css/post-6.css?ver=1761633076 HTTP/1.1" 200 10982 "https://ew.inglory.de/" "Serf/1.3.9 (mod_pagespeed/1.13.35.2-0)"
94.130.90.54 - - [20/Jan/2026:12:42:06 +0100] "GET /wp-content/plugins/elementor/assets/css/widget-heading.min.css?ver=3.32.2 HTTP/1.1" 200 4116 "https://ew.inglory.de/" "Serf/1.3.9 (mod_pagespeed/1.13.35.2-0)"
94.130.90.54 - - [20/Jan/2026:12:42:06 +0100] "GET /wp-content/plugins/elementor/assets/css/widget-nested-accordion.min.css?ver=3.32.2 HTTP/1.1" 200 8711 "https://ew.inglory.de/" "Serf/1.3.9 (mod_pagespeed/1.13.35.2-0)"
94.130.90.54 - - [20/Jan/2026:12:42:06 +0100] "GET /wp-content/plugins/elementor/assets/css/widget-divider.min.css?ver=3.32.2 HTTP/1.1" 200 7845 "https://ew.inglory.de/" "Serf/1.3.9 (mod_pagespeed/1.13.35.2-0)"
94.130.90.54 - - [20/Jan/2026:12:42:06 +0100] "GET /wp-content/plugins/pro-elements/assets/css/widget-form.min.css?ver=3.31.3 HTTP/1.1" 200 10344 "https://ew.inglory.de/" "Serf/1.3.9 (mod_pagespeed/1.13.35.2-0)"
94.130.90.54 - - [20/Jan/2026:12:42:06 +0100] "GET /wp-content/uploads/elementor/css/post-14.css?ver=1761685745 HTTP/1.1" 200 145939 "https://ew.inglory.de/" "Serf/1.3.9 (mod_pagespeed/1.13.35.2-0)"
94.130.90.54 - - [20/Jan/2026:12:42:06 +0100] "GET /wp-content/uploads/elementor/css/post-385.css?ver=1761633076 HTTP/1.1" 200 11868 "https://ew.inglory.de/" "Serf/1.3.9 (mod_pagespeed/1.13.35.2-0)"
94.130.90.54 - - [20/Jan/2026:12:42:06 +0100] "GET /wp-content/uploads/elementor/css/post-479.css?ver=1761633076 HTTP/1.1" 200 34920 "https://ew.inglory.de/" "Serf/1.3.9 (mod_pagespeed/1.13.35.2-0)"
94.130.90.54 - - [20/Jan/2026:12:42:06 +0100] "GET /wp-content/uploads/elementor/css/post-449.css?ver=1761633076 HTTP/1.1" 200 10561 "https://ew.inglory.de/" "Serf/1.3.9 (mod_pagespeed/1.13.35.2-0)"
94.130.90.54 - - [20/Jan/2026:12:42:06 +0100] "GET /wp-content/uploads/elementor/google-fonts/css/rem.css?ver=1742315437 HTTP/1.1" 200 27148 "https://ew.inglory.de/" "Serf/1.3.9 (mod_pagespeed/1.13.35.2-0)"
94.130.90.54 - - [20/Jan/2026:12:42:06 +0100] "GET /wp-content/plugins/elementor/assets/lib/font-awesome/css/fontawesome.min.css?ver=5.15.3 HTTP/1.1" 200 61706 "https://ew.inglory.de/" "Serf/1.3.9 (mod_pagespeed/1.13.35.2-0)"
94.130.90.54 - - [20/Jan/2026:12:42:06 +0100] "GET /wp-content/plugins/elementor/assets/lib/font-awesome/css/solid.min.css?ver=5.15.3 HTTP/1.1" 200 4185 "https://ew.inglory.de/" "Serf/1.3.9 (mod_pagespeed/1.13.35.2-0)"
94.130.90.54 - - [20/Jan/2026:12:42:06 +0100] "GET /wp-content/plugins/elementor/assets/lib/font-awesome/css/regular.min.css?ver=5.15.3 HTTP/1.1" 200 4193 "https://ew.inglory.de/" "Serf/1.3.9 (mod_pagespeed/1.13.35.2-0)"
94.130.90.54 - - [20/Jan/2026:12:42:06 +0100] "GET /wp-content/plugins/elementor/assets/js/frontend-modules.min.js?ver=3.32.2 HTTP/1.1" 200 63228 "https://ew.inglory.de/" "Serf/1.3.9 (mod_pagespeed/1.13.35.2-0)"
94.130.90.54 - - [20/Jan/2026:12:42:06 +0100] "GET /wp-includes/js/jquery/ui/core.min.js?ver=1.13.3 HTTP/1.1" 200 25055 "https://ew.inglory.de/" "Serf/1.3.9 (mod_pagespeed/1.13.35.2-0)"
94.130.90.54 - - [20/Jan/2026:12:42:06 +0100] "GET /wp-content/plugins/pro-elements/assets/lib/smartmenus/jquery.smartmenus.min.js?ver=1.2.1 HTTP/1.1" 200 27700 "https://ew.inglory.de/" "Serf/1.3.9 (mod_pagespeed/1.13.35.2-0)"
94.130.90.54 - - [20/Jan/2026:12:42:06 +0100] "GET /wp-content/plugins/pro-elements/assets/lib/sticky/jquery.sticky.min.js?ver=3.31.3 HTTP/1.1" 200 7281 "https://ew.inglory.de/" "Serf/1.3.9 (mod_pagespeed/1.13.35.2-0)"
94.130.90.54 - - [20/Jan/2026:12:42:06 +0100] "GET /wp-includes/js/dist/hooks.min.js?ver=dd5603f07f9220ed27f1 HTTP/1.1" 200 9222 "https://ew.inglory.de/" "Serf/1.3.9 (mod_pagespeed/1.13.35.2-0)"
94.130.90.54 - - [20/Jan/2026:12:42:06 +0100] "GET /wp-includes/js/dist/i18n.min.js?ver=c26c3dc7bed366793375 HTTP/1.1" 200 8875 "https://ew.inglory.de/" "Serf/1.3.9 (mod_pagespeed/1.13.35.2-0)"
94.130.90.54 - - [20/Jan/2026:12:42:06 +0100] "GET /wp-content/uploads/cropped-cropped-favicon-32x32.png HTTP/1.1" 200 4388 "https://ew.inglory.de/" "Serf/1.3.9 (mod_pagespeed/1.13.35.2-0)"
94.130.90.54 - - [20/Jan/2026:12:42:06 +0100] "GET /wp-content/uploads/cropped-cropped-favicon-192x192.png HTTP/1.1" 200 7249 "https://ew.inglory.de/" "Serf/1.3.9 (mod_pagespeed/1.13.35.2-0)"
94.130.90.54 - - [20/Jan/2026:12:42:06 +0100] "GET /wp-content/uploads/cropped-cropped-favicon-180x180.png HTTP/1.1" 200 7077 "https://ew.inglory.de/" "Serf/1.3.9 (mod_pagespeed/1.13.35.2-0)"
94.130.90.54 - - [20/Jan/2026:12:42:06 +0100] "GET /wp-content/uploads/EasyWay-Logo-bright.png HTTP/1.1" 200 55985 "https://ew.inglory.de/" "Serf/1.3.9 (mod_pagespeed/1.13.35.2-0)"
94.130.90.54 - - [20/Jan/2026:12:42:06 +0100] "GET /wp-content/uploads/EasyWay-Logo-bright.png HTTP/1.1" 200 55985 "https://ew.inglory.de/" "Serf/1.3.9 (mod_pagespeed/1.13.35.2-0)"
94.130.90.54 - - [20/Jan/2026:12:42:06 +0100] "GET /wp-content/uploads/EasyWay-Logo-bright-300x71.png HTTP/1.1" 200 12248 "https://ew.inglory.de/" "Serf/1.3.9 (mod_pagespeed/1.13.35.2-0)"
94.130.90.54 - - [20/Jan/2026:12:42:06 +0100] "GET /wp-content/uploads/EasyWay-Logo-bright-1024x244.png HTTP/1.1" 200 38073 "https://ew.inglory.de/" "Serf/1.3.9 (mod_pagespeed/1.13.35.2-0)"
94.130.90.54 - - [20/Jan/2026:12:42:06 +0100] "GET /wp-content/uploads/EasyWay-Logo-bright-768x183.png HTTP/1.1" 200 28776 "https://ew.inglory.de/" "Serf/1.3.9 (mod_pagespeed/1.13.35.2-0)"
94.130.90.54 - - [20/Jan/2026:12:42:06 +0100] "GET /wp-content/uploads/EasyWay-Logo-bright-1536x366.png HTTP/1.1" 200 58963 "https://ew.inglory.de/" "Serf/1.3.9 (mod_pagespeed/1.13.35.2-0)"
94.130.90.54 - - [20/Jan/2026:12:42:06 +0100] "GET /wp-content/uploads/EasyWay-Logo-bright-2048x487.png HTTP/1.1" 200 79852 "https://ew.inglory.de/" "Serf/1.3.9 (mod_pagespeed/1.13.35.2-0)"
94.130.90.54 - - [20/Jan/2026:12:42:06 +0100] "GET /wp-content/uploads/crash.png HTTP/1.1" 200 530798 "https://ew.inglory.de/" "Serf/1.3.9 (mod_pagespeed/1.13.35.2-0)"
94.130.90.54 - - [20/Jan/2026:12:42:06 +0100] "GET /wp-content/uploads/crash.png HTTP/1.1" 200 530798 "https://ew.inglory.de/" "Serf/1.3.9 (mod_pagespeed/1.13.35.2-0)"
94.130.90.54 - - [20/Jan/2026:12:42:06 +0100] "GET /wp-content/uploads/crash-300x152.png HTTP/1.1" 200 29227 "https://ew.inglory.de/" "Serf/1.3.9 (mod_pagespeed/1.13.35.2-0)"
94.130.90.54 - - [20/Jan/2026:12:42:06 +0100] "GET /wp-content/uploads/crash-768x388.png HTTP/1.1" 200 127819 "https://ew.inglory.de/" "Serf/1.3.9 (mod_pagespeed/1.13.35.2-0)"
94.130.90.54 - - [20/Jan/2026:12:42:06 +0100] "GET /wp-content/uploads/signature.png HTTP/1.1" 200 19800 "https://ew.inglory.de/" "Serf/1.3.9 (mod_pagespeed/1.13.35.2-0)"
94.130.90.54 - - [20/Jan/2026:12:42:06 +0100] "GET /wp-content/uploads/signature.png HTTP/1.1" 200 19800 "https://ew.inglory.de/" "Serf/1.3.9 (mod_pagespeed/1.13.35.2-0)"
94.130.90.54 - - [20/Jan/2026:12:42:06 +0100] "GET /wp-content/uploads/signature-300x47.png HTTP/1.1" 200 9395 "https://ew.inglory.de/" "Serf/1.3.9 (mod_pagespeed/1.13.35.2-0)"
94.130.90.54 - - [20/Jan/2026:12:42:06 +0100] "GET /wp-content/uploads/signature-768x119.png HTTP/1.1" 200 25201 "https://ew.inglory.de/" "Serf/1.3.9 (mod_pagespeed/1.13.35.2-0)"
94.130.90.54 - - [20/Jan/2026:12:42:06 +0100] "GET /wp-content/uploads/pic1.jpg HTTP/1.1" 200 117095 "https://ew.inglory.de/" "Serf/1.3.9 (mod_pagespeed/1.13.35.2-0)"
94.130.90.54 - - [20/Jan/2026:12:42:06 +0100] "GET /wp-content/uploads/pic1.jpg HTTP/1.1" 200 117095 "https://ew.inglory.de/" "Serf/1.3.9 (mod_pagespeed/1.13.35.2-0)"
94.130.90.54 - - [20/Jan/2026:12:42:06 +0100] "GET /wp-content/uploads/pic1-300x205.jpg HTTP/1.1" 200 29303 "https://ew.inglory.de/" "Serf/1.3.9 (mod_pagespeed/1.13.35.2-0)"
94.130.90.54 - - [20/Jan/2026:12:42:06 +0100] "GET /wp-content/uploads/pic1-1024x701.jpg HTTP/1.1" 200 99123 "https://ew.inglory.de/" "Serf/1.3.9 (mod_pagespeed/1.13.35.2-0)"
94.130.90.54 - - [20/Jan/2026:12:42:06 +0100] "GET /wp-content/uploads/pic1-768x525.jpg HTTP/1.1" 200 71044 "https://ew.inglory.de/" "Serf/1.3.9 (mod_pagespeed/1.13.35.2-0)"
94.130.90.54 - - [20/Jan/2026:12:42:06 +0100] "GET /wp-content/uploads/pic3.jpg HTTP/1.1" 200 64164 "https://ew.inglory.de/" "Serf/1.3.9 (mod_pagespeed/1.13.35.2-0)"
94.130.90.54 - - [20/Jan/2026:12:42:06 +0100] "GET /wp-content/uploads/pic3.jpg HTTP/1.1" 200 64164 "https://ew.inglory.de/" "Serf/1.3.9 (mod_pagespeed/1.13.35.2-0)"
94.130.90.54 - - [20/Jan/2026:12:42:06 +0100] "GET /wp-content/uploads/pic3-300x205.jpg HTTP/1.1" 200 21976 "https://ew.inglory.de/" "Serf/1.3.9 (mod_pagespeed/1.13.35.2-0)"
94.130.90.54 - - [20/Jan/2026:12:42:06 +0100] "GET /wp-content/uploads/pic3-1024x701.jpg HTTP/1.1" 200 70104 "https://ew.inglory.de/" "Serf/1.3.9 (mod_pagespeed/1.13.35.2-0)"
94.130.90.54 - - [20/Jan/2026:12:42:06 +0100] "GET /wp-content/uploads/pic3-768x525.jpg HTTP/1.1" 200 49967 "https://ew.inglory.de/" "Serf/1.3.9 (mod_pagespeed/1.13.35.2-0)"
94.130.90.54 - - [20/Jan/2026:12:42:06 +0100] "GET /wp-content/uploads/pic5.jpg HTTP/1.1" 200 146089 "https://ew.inglory.de/" "Serf/1.3.9 (mod_pagespeed/1.13.35.2-0)"
94.130.90.54 - - [20/Jan/2026:12:42:06 +0100] "GET /wp-content/uploads/pic5.jpg HTTP/1.1" 200 146089 "https://ew.inglory.de/" "Serf/1.3.9 (mod_pagespeed/1.13.35.2-0)"
94.130.90.54 - - [20/Jan/2026:12:42:06 +0100] "GET /wp-content/uploads/pic5-300x205.jpg HTTP/1.1" 200 33241 "https://ew.inglory.de/" "Serf/1.3.9 (mod_pagespeed/1.13.35.2-0)"
94.130.90.54 - - [20/Jan/2026:12:42:06 +0100] "GET /wp-content/uploads/pic5-1024x701.jpg HTTP/1.1" 200 118882 "https://ew.inglory.de/" "Serf/1.3.9 (mod_pagespeed/1.13.35.2-0)"
94.130.90.54 - - [20/Jan/2026:12:42:06 +0100] "GET /wp-content/uploads/pic5-768x525.jpg HTTP/1.1" 200 84627 "https://ew.inglory.de/" "Serf/1.3.9 (mod_pagespeed/1.13.35.2-0)"
94.130.90.54 - - [20/Jan/2026:12:42:06 +0100] "GET /wp-content/uploads/pic2.jpg HTTP/1.1" 200 77898 "https://ew.inglory.de/" "Serf/1.3.9 (mod_pagespeed/1.13.35.2-0)"
94.130.90.54 - - [20/Jan/2026:12:42:06 +0100] "GET /wp-content/uploads/pic2.jpg HTTP/1.1" 200 77898 "https://ew.inglory.de/" "Serf/1.3.9 (mod_pagespeed/1.13.35.2-0)"
94.130.90.54 - - [20/Jan/2026:12:42:06 +0100] "GET /wp-content/uploads/pic2-300x205.jpg HTTP/1.1" 200 24023 "https://ew.inglory.de/" "Serf/1.3.9 (mod_pagespeed/1.13.35.2-0)"
94.130.90.54 - - [20/Jan/2026:12:42:06 +0100] "GET /wp-content/uploads/pic2-1024x701.jpg HTTP/1.1" 200 76961 "https://ew.inglory.de/" "Serf/1.3.9 (mod_pagespeed/1.13.35.2-0)"
94.130.90.54 - - [20/Jan/2026:12:42:06 +0100] "GET /wp-content/uploads/pic2-768x525.jpg HTTP/1.1" 200 55214 "https://ew.inglory.de/" "Serf/1.3.9 (mod_pagespeed/1.13.35.2-0)"
94.130.90.54 - - [20/Jan/2026:12:42:06 +0100] "GET /wp-content/uploads/pic4.jpg HTTP/1.1" 200 139596 "https://ew.inglory.de/" "Serf/1.3.9 (mod_pagespeed/1.13.35.2-0)"
94.130.90.54 - - [20/Jan/2026:12:42:06 +0100] "GET /wp-content/uploads/pic4.jpg HTTP/1.1" 200 139596 "https://ew.inglory.de/" "Serf/1.3.9 (mod_pagespeed/1.13.35.2-0)"
94.130.90.54 - - [20/Jan/2026:12:42:06 +0100] "GET /wp-content/uploads/pic4-300x205.jpg HTTP/1.1" 200 31859 "https://ew.inglory.de/" "Serf/1.3.9 (mod_pagespeed/1.13.35.2-0)"
94.130.90.54 - - [20/Jan/2026:12:42:06 +0100] "GET /wp-content/uploads/pic4-1024x701.jpg HTTP/1.1" 200 113426 "https://ew.inglory.de/" "Serf/1.3.9 (mod_pagespeed/1.13.35.2-0)"
94.130.90.54 - - [20/Jan/2026:12:42:06 +0100] "GET /wp-content/uploads/pic4-768x525.jpg HTTP/1.1" 200 80423 "https://ew.inglory.de/" "Serf/1.3.9 (mod_pagespeed/1.13.35.2-0)"
94.130.90.54 - - [20/Jan/2026:12:42:06 +0100] "GET /wp-content/uploads/pic6.jpg HTTP/1.1" 200 79560 "https://ew.inglory.de/" "Serf/1.3.9 (mod_pagespeed/1.13.35.2-0)"
94.130.90.54 - - [20/Jan/2026:12:42:06 +0100] "GET /wp-content/uploads/pic6.jpg HTTP/1.1" 200 79560 "https://ew.inglory.de/" "Serf/1.3.9 (mod_pagespeed/1.13.35.2-0)"
94.130.90.54 - - [20/Jan/2026:12:42:06 +0100] "GET /wp-content/uploads/pic6-300x205.jpg HTTP/1.1" 200 24318 "https://ew.inglory.de/" "Serf/1.3.9 (mod_pagespeed/1.13.35.2-0)"
94.130.90.54 - - [20/Jan/2026:12:42:06 +0100] "GET /wp-content/uploads/pic6-1024x701.jpg HTTP/1.1" 200 79361 "https://ew.inglory.de/" "Serf/1.3.9 (mod_pagespeed/1.13.35.2-0)"
94.130.90.54 - - [20/Jan/2026:12:42:06 +0100] "GET /wp-content/uploads/pic6-768x525.jpg HTTP/1.1" 200 56732 "https://ew.inglory.de/" "Serf/1.3.9 (mod_pagespeed/1.13.35.2-0)"
94.130.90.54 - - [20/Jan/2026:12:42:06 +0100] "GET /wp-content/uploads/Alex-min.png HTTP/1.1" 200 180552 "https://ew.inglory.de/" "Serf/1.3.9 (mod_pagespeed/1.13.35.2-0)"
94.130.90.54 - - [20/Jan/2026:12:42:06 +0100] "GET /wp-content/uploads/Alex-min.png HTTP/1.1" 200 180552 "https://ew.inglory.de/" "Serf/1.3.9 (mod_pagespeed/1.13.35.2-0)"
94.130.90.54 - - [20/Jan/2026:12:42:06 +0100] "GET /wp-content/uploads/Alex-min-300x300.png HTTP/1.1" 200 62725 "https://ew.inglory.de/" "Serf/1.3.9 (mod_pagespeed/1.13.35.2-0)"
94.130.90.54 - - [20/Jan/2026:12:42:06 +0100] "GET /wp-content/uploads/Alex-min-150x150.png HTTP/1.1" 200 23293 "https://ew.inglory.de/" "Serf/1.3.9 (mod_pagespeed/1.13.35.2-0)"
94.130.90.54 - - [20/Jan/2026:12:42:06 +0100] "GET /wp-content/uploads/Alex-min-768x768.png HTTP/1.1" 200 306284 "https://ew.inglory.de/" "Serf/1.3.9 (mod_pagespeed/1.13.35.2-0)"
94.130.90.54 - - [20/Jan/2026:12:42:06 +0100] "GET /wp-includes/js/jquery/jquery.min.js?ver=3.7.1 HTTP/1.1" 200 91261 "https://ew.inglory.de/" "Serf/1.3.9 (mod_pagespeed/1.13.35.2-0)"
94.130.90.54 - - [20/Jan/2026:12:42:06 +0100] "GET /wp-includes/js/jquery/jquery-migrate.min.js?ver=3.4.1 HTTP/1.1" 200 17139 "https://ew.inglory.de/" "Serf/1.3.9 (mod_pagespeed/1.13.35.2-0)"
94.130.90.54 - - [20/Jan/2026:12:42:06 +0100] "GET /wp-content/plugins/pro-elements/assets/js/frontend.min.js?ver=3.31.3 HTTP/1.1" 200 27800 "https://ew.inglory.de/" "Serf/1.3.9 (mod_pagespeed/1.13.35.2-0)"
94.130.90.54 - - [20/Jan/2026:12:42:06 +0100] "GET /wp-content/plugins/pro-elements/assets/js/elements-handlers.min.js?ver=3.31.3 HTTP/1.1" 200 48289 "https://ew.inglory.de/" "Serf/1.3.9 (mod_pagespeed/1.13.35.2-0)"
94.130.90.54 - - [20/Jan/2026:12:42:06 +0100] "GET /wp-content/uploads/image-9.svg HTTP/1.1" 200 7488 "https://ew.inglory.de/" "Serf/1.3.9 (mod_pagespeed/1.13.35.2-0)"
94.130.90.54 - - [20/Jan/2026:12:42:06 +0100] "GET /wp-content/uploads/stars-15.svg HTTP/1.1" 404 108972 "https://ew.inglory.de/" "Serf/1.3.9 (mod_pagespeed/1.13.35.2-0)"
94.130.90.54 - - [20/Jan/2026:12:42:07 +0100] "GET /wp-content/uploads/image-12.svg HTTP/1.1" 200 7584 "https://ew.inglory.de/" "Serf/1.3.9 (mod_pagespeed/1.13.35.2-0)"
94.130.90.54 - - [20/Jan/2026:12:42:07 +0100] "GET /wp-content/uploads/image-6.svg HTTP/1.1" 200 7084 "https://ew.inglory.de/" "Serf/1.3.9 (mod_pagespeed/1.13.35.2-0)"
94.130.90.54 - - [20/Jan/2026:12:42:07 +0100] "GET /wp-content/uploads/arrow-49.svg HTTP/1.1" 200 3742 "https://ew.inglory.de/" "Serf/1.3.9 (mod_pagespeed/1.13.35.2-0)"
94.130.90.54 - - [20/Jan/2026:12:42:07 +0100] "GET /wp-content/plugins/elementor/assets/js/webpack.runtime.min.js?ver=3.32.2 HTTP/1.1" 200 9268 "https://ew.inglory.de/" "Serf/1.3.9 (mod_pagespeed/1.13.35.2-0)"
94.130.90.54 - - [20/Jan/2026:12:42:07 +0100] "GET /wp-content/plugins/elementor/assets/js/frontend.min.js?ver=3.32.2 HTTP/1.1" 200 35953 "https://ew.inglory.de/" "Serf/1.3.9 (mod_pagespeed/1.13.35.2-0)"
94.130.90.54 - - [20/Jan/2026:12:42:07 +0100] "GET /wp-content/plugins/pro-elements/assets/js/webpack-pro.runtime.min.js?ver=3.31.3 HTTP/1.1" 200 9808 "https://ew.inglory.de/" "Serf/1.3.9 (mod_pagespeed/1.13.35.2-0)"
74.7.241.18 - - [20/Jan/2026:12:42:08 +0100] "GET /wp-content/themes/hello-elementor/assets/css/theme.css,qver=3.4.5.pagespeed.ce.pIDSv4xSPa.css HTTP/1.0" 200 5380 "https://ew.inglory.de/" "Mozilla/5.0 AppleWebKit/537.36 (KHTML, like Gecko; compatible; GPTBot/1.3; +https://openai.com/gptbot)"
94.130.90.54 - - [20/Jan/2026:15:10:14 +0100] "POST /wp-cron.php?doing_wp_cron=1768918214.2999188899993896484375 HTTP/1.0" 200 4038 "-" "WordPress/6.9; https://ew.inglory.de"
94.130.90.54 - - [20/Jan/2026:15:10:14 +0100] "GET /wp-content/themes/hello-elementor/assets/css/reset.css?ver=3.4.5 HTTP/1.1" 200 9003 "https://ew.inglory.de/" "Serf/1.3.9 (mod_pagespeed/1.13.35.2-0)"
94.130.90.54 - - [20/Jan/2026:15:10:14 +0100] "GET /wp-content/themes/hello-elementor/assets/css/theme.css?ver=3.4.5 HTTP/1.1" 200 8644 "https://ew.inglory.de/" "Serf/1.3.9 (mod_pagespeed/1.13.35.2-0)"
94.130.90.54 - - [20/Jan/2026:15:10:14 +0100] "GET /wp-content/themes/hello-elementor/assets/css/header-footer.css?ver=3.4.5 HTTP/1.1" 200 10729 "https://ew.inglory.de/" "Serf/1.3.9 (mod_pagespeed/1.13.35.2-0)"
94.130.90.54 - - [20/Jan/2026:15:10:14 +0100] "GET /wp-content/plugins/elementor/assets/css/frontend.min.css?ver=3.32.2 HTTP/1.1" 200 57249 "https://ew.inglory.de/" "Serf/1.3.9 (mod_pagespeed/1.13.35.2-0)"
94.130.90.54 - - [20/Jan/2026:15:10:14 +0100] "GET /wp-content/plugins/elementor/assets/css/widget-image.min.css?ver=3.32.2 HTTP/1.1" 200 3769 "https://ew.inglory.de/" "Serf/1.3.9 (mod_pagespeed/1.13.35.2-0)"
91.10.123.91 - - [20/Jan/2026:15:10:13 +0100] "GET / HTTP/1.0" 200 33349 "-" "Mozilla/5.0 (Macintosh; Intel Mac OS X 10_15_7) AppleWebKit/605.1.15 (KHTML, like Gecko) Version/26.1 Safari/605.1.15"
94.130.90.54 - - [20/Jan/2026:15:10:14 +0100] "GET /wp-content/plugins/pro-elements/assets/css/widget-nav-menu.min.css?ver=3.31.3 HTTP/1.1" 200 30940 "https://ew.inglory.de/" "Serf/1.3.9 (mod_pagespeed/1.13.35.2-0)"
94.130.90.54 - - [20/Jan/2026:15:10:14 +0100] "GET /wp-content/plugins/pro-elements/assets/css/modules/sticky.min.css?ver=3.31.3 HTTP/1.1" 200 3677 "https://ew.inglory.de/" "Serf/1.3.9 (mod_pagespeed/1.13.35.2-0)"
94.130.90.54 - - [20/Jan/2026:15:10:14 +0100] "GET /wp-content/plugins/elementor/assets/css/widget-icon-list.min.css?ver=3.32.2 HTTP/1.1" 200 14018 "https://ew.inglory.de/" "Serf/1.3.9 (mod_pagespeed/1.13.35.2-0)"
94.130.90.54 - - [20/Jan/2026:15:10:14 +0100] "GET /wp-content/plugins/elementor/assets/lib/animations/styles/e-animation-shrink.min.css?ver=3.32.2 HTTP/1.1" 200 3720 "https://ew.inglory.de/" "Serf/1.3.9 (mod_pagespeed/1.13.35.2-0)"
94.130.90.54 - - [20/Jan/2026:15:10:14 +0100] "GET /wp-content/plugins/elementor/assets/css/widget-social-icons.min.css?ver=3.32.2 HTTP/1.1" 200 8697 "https://ew.inglory.de/" "Serf/1.3.9 (mod_pagespeed/1.13.35.2-0)"
94.130.90.54 - - [20/Jan/2026:15:10:14 +0100] "GET /wp-content/plugins/elementor/assets/css/conditionals/apple-webkit.min.css?ver=3.32.2 HTTP/1.1" 200 10572 "https://ew.inglory.de/" "Serf/1.3.9 (mod_pagespeed/1.13.35.2-0)"
94.130.90.54 - - [20/Jan/2026:15:10:14 +0100] "GET /wp-content/plugins/elementor/assets/lib/animations/styles/fadeInDown.min.css?ver=3.32.2 HTTP/1.1" 200 3652 "https://ew.inglory.de/" "Serf/1.3.9 (mod_pagespeed/1.13.35.2-0)"
94.130.90.54 - - [20/Jan/2026:15:10:14 +0100] "GET /wp-content/plugins/pro-elements/assets/css/conditionals/popup.min.css?ver=3.31.3 HTTP/1.1" 200 4511 "https://ew.inglory.de/" "Serf/1.3.9 (mod_pagespeed/1.13.35.2-0)"
94.130.90.54 - - [20/Jan/2026:15:10:14 +0100] "GET /wp-content/plugins/elementor/assets/lib/eicons/css/elementor-icons.min.css?ver=5.44.0 HTTP/1.1" 200 24833 "https://ew.inglory.de/" "Serf/1.3.9 (mod_pagespeed/1.13.35.2-0)"
94.130.90.54 - - [20/Jan/2026:15:10:14 +0100] "GET /wp-content/uploads/elementor/css/post-6.css?ver=1761633076 HTTP/1.1" 200 10982 "https://ew.inglory.de/" "Serf/1.3.9 (mod_pagespeed/1.13.35.2-0)"
94.130.90.54 - - [20/Jan/2026:15:10:14 +0100] "GET /wp-content/plugins/elementor/assets/css/widget-heading.min.css?ver=3.32.2 HTTP/1.1" 200 4116 "https://ew.inglory.de/" "Serf/1.3.9 (mod_pagespeed/1.13.35.2-0)"
94.130.90.54 - - [20/Jan/2026:15:10:14 +0100] "GET /wp-content/plugins/elementor/assets/css/widget-nested-accordion.min.css?ver=3.32.2 HTTP/1.1" 200 8711 "https://ew.inglory.de/" "Serf/1.3.9 (mod_pagespeed/1.13.35.2-0)"
91.10.123.91 - - [20/Jan/2026:15:10:14 +0100] "GET /wp-content/themes/hello-elementor/assets/css/reset.css,qver=3.4.5.pagespeed.ce.r0uWONaZVx.css HTTP/1.0" 200 5945 "https://ew.inglory.de/" "Mozilla/5.0 (Macintosh; Intel Mac OS X 10_15_7) AppleWebKit/605.1.15 (KHTML, like Gecko) Version/26.1 Safari/605.1.15"
91.10.123.91 - - [20/Jan/2026:15:10:14 +0100] "GET /wp-content/themes/hello-elementor/assets/css/theme.css,qver=3.4.5.pagespeed.ce.pIDSv4xSPa.css HTTP/1.0" 200 5380 "https://ew.inglory.de/" "Mozilla/5.0 (Macintosh; Intel Mac OS X 10_15_7) AppleWebKit/605.1.15 (KHTML, like Gecko) Version/26.1 Safari/605.1.15"
94.130.90.54 - - [20/Jan/2026:15:10:14 +0100] "GET /wp-content/plugins/elementor/assets/css/widget-divider.min.css?ver=3.32.2 HTTP/1.1" 200 7845 "https://ew.inglory.de/" "Serf/1.3.9 (mod_pagespeed/1.13.35.2-0)"
91.10.123.91 - - [20/Jan/2026:15:10:14 +0100] "GET /wp-content/themes/hello-elementor/assets/css/header-footer.css,qver=3.4.5.pagespeed.ce.htu0eVW7nb.css HTTP/1.0" 200 5532 "https://ew.inglory.de/" "Mozilla/5.0 (Macintosh; Intel Mac OS X 10_15_7) AppleWebKit/605.1.15 (KHTML, like Gecko) Version/26.1 Safari/605.1.15"
91.10.123.91 - - [20/Jan/2026:15:10:14 +0100] "GET /wp-content/plugins/elementor/assets/css/frontend.min.css?ver=3.32.2 HTTP/1.0" 200 11322 "https://ew.inglory.de/" "Mozilla/5.0 (Macintosh; Intel Mac OS X 10_15_7) AppleWebKit/605.1.15 (KHTML, like Gecko) Version/26.1 Safari/605.1.15"
91.10.123.91 - - [20/Jan/2026:15:10:14 +0100] "GET /wp-content/plugins/pro-elements/assets/css/widget-nav-menu.min.css?ver=3.31.3 HTTP/1.0" 200 7595 "https://ew.inglory.de/" "Mozilla/5.0 (Macintosh; Intel Mac OS X 10_15_7) AppleWebKit/605.1.15 (KHTML, like Gecko) Version/26.1 Safari/605.1.15"
91.10.123.91 - - [20/Jan/2026:15:10:14 +0100] "GET /wp-content/plugins/pro-elements/assets/css/modules/sticky.min.css?ver=3.31.3 HTTP/1.0" 200 4272 "https://ew.inglory.de/" "Mozilla/5.0 (Macintosh; Intel Mac OS X 10_15_7) AppleWebKit/605.1.15 (KHTML, like Gecko) Version/26.1 Safari/605.1.15"
91.10.123.91 - - [20/Jan/2026:15:10:14 +0100] "GET /wp-content/plugins/elementor/assets/lib/animations/styles/e-animation-shrink.min.css?ver=3.32.2 HTTP/1.0" 200 4274 "https://ew.inglory.de/" "Mozilla/5.0 (Macintosh; Intel Mac OS X 10_15_7) AppleWebKit/605.1.15 (KHTML, like Gecko) Version/26.1 Safari/605.1.15"
91.10.123.91 - - [20/Jan/2026:15:10:14 +0100] "GET /wp-content/plugins/elementor/assets/css/widget-icon-list.min.css?ver=3.32.2 HTTP/1.0" 200 5218 "https://ew.inglory.de/" "Mozilla/5.0 (Macintosh; Intel Mac OS X 10_15_7) AppleWebKit/605.1.15 (KHTML, like Gecko) Version/26.1 Safari/605.1.15"
91.10.123.91 - - [20/Jan/2026:15:10:14 +0100] "GET /wp-content/plugins/elementor/assets/css/widget-image.min.css?ver=3.32.2 HTTP/1.0" 200 4320 "https://ew.inglory.de/" "Mozilla/5.0 (Macintosh; Intel Mac OS X 10_15_7) AppleWebKit/605.1.15 (KHTML, like Gecko) Version/26.1 Safari/605.1.15"
91.10.123.91 - - [20/Jan/2026:15:10:14 +0100] "GET /wp-content/plugins/elementor/assets/css/widget-social-icons.min.css?ver=3.32.2 HTTP/1.0" 200 5316 "https://ew.inglory.de/" "Mozilla/5.0 (Macintosh; Intel Mac OS X 10_15_7) AppleWebKit/605.1.15 (KHTML, like Gecko) Version/26.1 Safari/605.1.15"
91.10.123.91 - - [20/Jan/2026:15:10:14 +0100] "GET /wp-content/plugins/elementor/assets/css/conditionals/apple-webkit.min.css?ver=3.32.2 HTTP/1.0" 200 4714 "https://ew.inglory.de/" "Mozilla/5.0 (Macintosh; Intel Mac OS X 10_15_7) AppleWebKit/605.1.15 (KHTML, like Gecko) Version/26.1 Safari/605.1.15"
91.10.123.91 - - [20/Jan/2026:15:10:14 +0100] "GET /wp-content/plugins/elementor/assets/lib/animations/styles/fadeInDown.min.css?ver=3.32.2 HTTP/1.0" 200 4276 "https://ew.inglory.de/" "Mozilla/5.0 (Macintosh; Intel Mac OS X 10_15_7) AppleWebKit/605.1.15 (KHTML, like Gecko) Version/26.1 Safari/605.1.15"
94.130.90.54 - - [20/Jan/2026:15:10:14 +0100] "GET /wp-content/plugins/pro-elements/assets/css/widget-form.min.css?ver=3.31.3 HTTP/1.1" 200 10344 "https://ew.inglory.de/" "Serf/1.3.9 (mod_pagespeed/1.13.35.2-0)"
91.10.123.91 - - [20/Jan/2026:15:10:14 +0100] "GET /wp-content/plugins/pro-elements/assets/css/conditionals/popup.min.css?ver=3.31.3 HTTP/1.0" 200 4577 "https://ew.inglory.de/" "Mozilla/5.0 (Macintosh; Intel Mac OS X 10_15_7) AppleWebKit/605.1.15 (KHTML, like Gecko) Version/26.1 Safari/605.1.15"
94.130.90.54 - - [20/Jan/2026:15:10:14 +0100] "GET /wp-content/uploads/elementor/css/post-14.css?ver=1761685745 HTTP/1.1" 200 145939 "https://ew.inglory.de/" "Serf/1.3.9 (mod_pagespeed/1.13.35.2-0)"
91.10.123.91 - - [20/Jan/2026:15:10:14 +0100] "GET /wp-content/plugins/elementor/assets/lib/eicons/css/elementor-icons.min.css?ver=5.44.0 HTTP/1.0" 200 8453 "https://ew.inglory.de/" "Mozilla/5.0 (Macintosh; Intel Mac OS X 10_15_7) AppleWebKit/605.1.15 (KHTML, like Gecko) Version/26.1 Safari/605.1.15"
91.10.123.91 - - [20/Jan/2026:15:10:14 +0100] "GET /wp-content/uploads/elementor/css/post-6.css?ver=1761633076 HTTP/1.0" 200 5202 "https://ew.inglory.de/" "Mozilla/5.0 (Macintosh; Intel Mac OS X 10_15_7) AppleWebKit/605.1.15 (KHTML, like Gecko) Version/26.1 Safari/605.1.15"
91.10.123.91 - - [20/Jan/2026:15:10:14 +0100] "GET /wp-content/plugins/elementor/assets/css/widget-heading.min.css?ver=3.32.2 HTTP/1.0" 200 4345 "https://ew.inglory.de/" "Mozilla/5.0 (Macintosh; Intel Mac OS X 10_15_7) AppleWebKit/605.1.15 (KHTML, like Gecko) Version/26.1 Safari/605.1.15"
91.10.123.91 - - [20/Jan/2026:15:10:14 +0100] "GET /wp-content/plugins/elementor/assets/css/widget-nested-accordion.min.css?ver=3.32.2 HTTP/1.0" 200 4976 "https://ew.inglory.de/" "Mozilla/5.0 (Macintosh; Intel Mac OS X 10_15_7) AppleWebKit/605.1.15 (KHTML, like Gecko) Version/26.1 Safari/605.1.15"
91.10.123.91 - - [20/Jan/2026:15:10:14 +0100] "GET /wp-content/plugins/pro-elements/assets/css/widget-form.min.css?ver=3.31.3 HTTP/1.0" 200 5729 "https://ew.inglory.de/" "Mozilla/5.0 (Macintosh; Intel Mac OS X 10_15_7) AppleWebKit/605.1.15 (KHTML, like Gecko) Version/26.1 Safari/605.1.15"
91.10.123.91 - - [20/Jan/2026:15:10:14 +0100] "GET /wp-content/plugins/elementor/assets/css/widget-divider.min.css?ver=3.32.2 HTTP/1.0" 200 4922 "https://ew.inglory.de/" "Mozilla/5.0 (Macintosh; Intel Mac OS X 10_15_7) AppleWebKit/605.1.15 (KHTML, like Gecko) Version/26.1 Safari/605.1.15"
91.10.123.91 - - [20/Jan/2026:15:10:14 +0100] "GET /wp-content/uploads/elementor/css/post-14.css?ver=1761685745 HTTP/1.0" 200 12301 "https://ew.inglory.de/" "Mozilla/5.0 (Macintosh; Intel Mac OS X 10_15_7) AppleWebKit/605.1.15 (KHTML, like Gecko) Version/26.1 Safari/605.1.15"
91.10.123.91 - - [20/Jan/2026:15:10:14 +0100] "GET /wp-content/uploads/elementor/css/post-479.css?ver=1761633076 HTTP/1.0" 200 6602 "https://ew.inglory.de/" "Mozilla/5.0 (Macintosh; Intel Mac OS X 10_15_7) AppleWebKit/605.1.15 (KHTML, like Gecko) Version/26.1 Safari/605.1.15"
94.130.90.54 - - [20/Jan/2026:15:10:14 +0100] "GET /wp-content/uploads/elementor/css/post-385.css?ver=1761633076 HTTP/1.1" 200 11868 "https://ew.inglory.de/" "Serf/1.3.9 (mod_pagespeed/1.13.35.2-0)"
91.10.123.91 - - [20/Jan/2026:15:10:14 +0100] "GET /wp-content/uploads/elementor/css/post-385.css?ver=1761633076 HTTP/1.0" 200 5366 "https://ew.inglory.de/" "Mozilla/5.0 (Macintosh; Intel Mac OS X 10_15_7) AppleWebKit/605.1.15 (KHTML, like Gecko) Version/26.1 Safari/605.1.15"
91.10.123.91 - - [20/Jan/2026:15:10:14 +0100] "GET /wp-content/plugins/elementor/assets/lib/font-awesome/css/regular.min.css?ver=5.15.3 HTTP/1.0" 200 4352 "https://ew.inglory.de/" "Mozilla/5.0 (Macintosh; Intel Mac OS X 10_15_7) AppleWebKit/605.1.15 (KHTML, like Gecko) Version/26.1 Safari/605.1.15"
91.10.123.91 - - [20/Jan/2026:15:10:14 +0100] "GET /wp-content/uploads/elementor/css/post-449.css?ver=1761633076 HTTP/1.0" 200 5263 "https://ew.inglory.de/" "Mozilla/5.0 (Macintosh; Intel Mac OS X 10_15_7) AppleWebKit/605.1.15 (KHTML, like Gecko) Version/26.1 Safari/605.1.15"
94.130.90.54 - - [20/Jan/2026:15:10:14 +0100] "GET /wp-content/uploads/elementor/css/post-479.css?ver=1761633076 HTTP/1.1" 200 34920 "https://ew.inglory.de/" "Serf/1.3.9 (mod_pagespeed/1.13.35.2-0)"
91.10.123.91 - - [20/Jan/2026:15:10:14 +0100] "GET /wp-content/uploads/elementor/google-fonts/css/rem.css?ver=1742315437 HTTP/1.0" 200 4823 "https://ew.inglory.de/" "Mozilla/5.0 (Macintosh; Intel Mac OS X 10_15_7) AppleWebKit/605.1.15 (KHTML, like Gecko) Version/26.1 Safari/605.1.15"
91.10.123.91 - - [20/Jan/2026:15:10:14 +0100] "GET /wp-content/plugins/elementor/assets/lib/font-awesome/css/solid.min.css?ver=5.15.3 HTTP/1.0" 200 4353 "https://ew.inglory.de/" "Mozilla/5.0 (Macintosh; Intel Mac OS X 10_15_7) AppleWebKit/605.1.15 (KHTML, like Gecko) Version/26.1 Safari/605.1.15"
91.10.123.91 - - [20/Jan/2026:15:10:14 +0100] "GET /wp-content/plugins/elementor/assets/lib/font-awesome/css/fontawesome.min.css?ver=5.15.3 HTTP/1.0" 200 16730 "https://ew.inglory.de/" "Mozilla/5.0 (Macintosh; Intel Mac OS X 10_15_7) AppleWebKit/605.1.15 (KHTML, like Gecko) Version/26.1 Safari/605.1.15"
91.10.123.91 - - [20/Jan/2026:15:10:14 +0100] "GET /wp-content/uploads/EasyWay-Logo-bright.png HTTP/1.0" 200 56456 "https://ew.inglory.de/" "Mozilla/5.0 (Macintosh; Intel Mac OS X 10_15_7) AppleWebKit/605.1.15 (KHTML, like Gecko) Version/26.1 Safari/605.1.15"
91.10.123.91 - - [20/Jan/2026:15:10:14 +0100] "GET /wp-includes/js/jquery/jquery-migrate.min.js?ver=3.4.1 HTTP/1.0" 200 8976 "https://ew.inglory.de/" "Mozilla/5.0 (Macintosh; Intel Mac OS X 10_15_7) AppleWebKit/605.1.15 (KHTML, like Gecko) Version/26.1 Safari/605.1.15"
94.130.90.54 - - [20/Jan/2026:15:10:14 +0100] "GET /wp-content/uploads/elementor/css/post-449.css?ver=1761633076 HTTP/1.1" 200 10561 "https://ew.inglory.de/" "Serf/1.3.9 (mod_pagespeed/1.13.35.2-0)"
91.10.123.91 - - [20/Jan/2026:15:10:14 +0100] "GET /wp-content/plugins/elementor/assets/js/webpack.runtime.min.js?ver=3.32.2 HTTP/1.0" 200 6615 "https://ew.inglory.de/" "Mozilla/5.0 (Macintosh; Intel Mac OS X 10_15_7) AppleWebKit/605.1.15 (KHTML, like Gecko) Version/26.1 Safari/605.1.15"
91.10.123.91 - - [20/Jan/2026:15:10:14 +0100] "GET /wp-includes/js/jquery/jquery.min.js?ver=3.7.1 HTTP/1.0" 200 34540 "https://ew.inglory.de/" "Mozilla/5.0 (Macintosh; Intel Mac OS X 10_15_7) AppleWebKit/605.1.15 (KHTML, like Gecko) Version/26.1 Safari/605.1.15"
94.130.90.54 - - [20/Jan/2026:15:10:14 +0100] "GET /wp-content/uploads/elementor/google-fonts/css/rem.css?ver=1742315437 HTTP/1.1" 200 27148 "https://ew.inglory.de/" "Serf/1.3.9 (mod_pagespeed/1.13.35.2-0)"
91.10.123.91 - - [20/Jan/2026:15:10:14 +0100] "GET /wp-content/plugins/elementor/assets/js/frontend-modules.min.js?ver=3.32.2 HTTP/1.0" 200 22779 "https://ew.inglory.de/" "Mozilla/5.0 (Macintosh; Intel Mac OS X 10_15_7) AppleWebKit/605.1.15 (KHTML, like Gecko) Version/26.1 Safari/605.1.15"
91.10.123.91 - - [20/Jan/2026:15:10:14 +0100] "GET /wp-includes/js/jquery/ui/core.min.js?ver=1.13.3 HTTP/1.0" 200 11210 "https://ew.inglory.de/" "Mozilla/5.0 (Macintosh; Intel Mac OS X 10_15_7) AppleWebKit/605.1.15 (KHTML, like Gecko) Version/26.1 Safari/605.1.15"
91.10.123.91 - - [20/Jan/2026:15:10:14 +0100] "GET /wp-content/plugins/pro-elements/assets/lib/sticky/jquery.sticky.min.js?ver=3.31.3 HTTP/1.0" 200 5601 "https://ew.inglory.de/" "Mozilla/5.0 (Macintosh; Intel Mac OS X 10_15_7) AppleWebKit/605.1.15 (KHTML, like Gecko) Version/26.1 Safari/605.1.15"
91.10.123.91 - - [20/Jan/2026:15:10:14 +0100] "GET /wp-includes/js/dist/i18n.min.js?ver=c26c3dc7bed366793375 HTTP/1.0" 200 6333 "https://ew.inglory.de/" "Mozilla/5.0 (Macintosh; Intel Mac OS X 10_15_7) AppleWebKit/605.1.15 (KHTML, like Gecko) Version/26.1 Safari/605.1.15"
91.10.123.91 - - [20/Jan/2026:15:10:14 +0100] "GET /wp-content/plugins/elementor/assets/js/frontend.min.js?ver=3.32.2 HTTP/1.0" 200 14589 "https://ew.inglory.de/" "Mozilla/5.0 (Macintosh; Intel Mac OS X 10_15_7) AppleWebKit/605.1.15 (KHTML, like Gecko) Version/26.1 Safari/605.1.15"
91.10.123.91 - - [20/Jan/2026:15:10:14 +0100] "GET /wp-content/plugins/pro-elements/assets/js/webpack-pro.runtime.min.js?ver=3.31.3 HTTP/1.0" 200 6960 "https://ew.inglory.de/" "Mozilla/5.0 (Macintosh; Intel Mac OS X 10_15_7) AppleWebKit/605.1.15 (KHTML, like Gecko) Version/26.1 Safari/605.1.15"
94.130.90.54 - - [20/Jan/2026:15:10:14 +0100] "GET /wp-content/plugins/elementor/assets/lib/font-awesome/css/fontawesome.min.css?ver=5.15.3 HTTP/1.1" 200 61706 "https://ew.inglory.de/" "Serf/1.3.9 (mod_pagespeed/1.13.35.2-0)"
91.10.123.91 - - [20/Jan/2026:15:10:14 +0100] "GET /wp-includes/js/dist/hooks.min.js?ver=dd5603f07f9220ed27f1 HTTP/1.0" 200 6045 "https://ew.inglory.de/" "Mozilla/5.0 (Macintosh; Intel Mac OS X 10_15_7) AppleWebKit/605.1.15 (KHTML, like Gecko) Version/26.1 Safari/605.1.15"
91.10.123.91 - - [20/Jan/2026:15:10:14 +0100] "GET /wp-content/plugins/pro-elements/assets/lib/smartmenus/jquery.smartmenus.min.js?ver=1.2.1 HTTP/1.0" 200 11191 "https://ew.inglory.de/" "Mozilla/5.0 (Macintosh; Intel Mac OS X 10_15_7) AppleWebKit/605.1.15 (KHTML, like Gecko) Version/26.1 Safari/605.1.15"
91.10.123.91 - - [20/Jan/2026:15:10:14 +0100] "GET /wp-content/plugins/pro-elements/assets/js/frontend.min.js?ver=3.31.3 HTTP/1.0" 200 10616 "https://ew.inglory.de/" "Mozilla/5.0 (Macintosh; Intel Mac OS X 10_15_7) AppleWebKit/605.1.15 (KHTML, like Gecko) Version/26.1 Safari/605.1.15"
91.10.123.91 - - [20/Jan/2026:15:10:14 +0100] "GET /wp-content/plugins/pro-elements/assets/js/elements-handlers.min.js?ver=3.31.3 HTTP/1.0" 200 14793 "https://ew.inglory.de/" "Mozilla/5.0 (Macintosh; Intel Mac OS X 10_15_7) AppleWebKit/605.1.15 (KHTML, like Gecko) Version/26.1 Safari/605.1.15"
94.130.90.54 - - [20/Jan/2026:15:10:14 +0100] "GET /wp-content/plugins/elementor/assets/lib/font-awesome/css/solid.min.css?ver=5.15.3 HTTP/1.1" 200 4185 "https://ew.inglory.de/" "Serf/1.3.9 (mod_pagespeed/1.13.35.2-0)"
94.130.90.54 - - [20/Jan/2026:15:10:14 +0100] "GET /wp-content/plugins/elementor/assets/lib/font-awesome/css/regular.min.css?ver=5.15.3 HTTP/1.1" 200 4193 "https://ew.inglory.de/" "Serf/1.3.9 (mod_pagespeed/1.13.35.2-0)"
94.130.90.54 - - [20/Jan/2026:15:10:14 +0100] "GET /wp-content/plugins/elementor/assets/js/frontend-modules.min.js?ver=3.32.2 HTTP/1.1" 200 63228 "https://ew.inglory.de/" "Serf/1.3.9 (mod_pagespeed/1.13.35.2-0)"
94.130.90.54 - - [20/Jan/2026:15:10:14 +0100] "GET /wp-includes/js/jquery/ui/core.min.js?ver=1.13.3 HTTP/1.1" 200 25055 "https://ew.inglory.de/" "Serf/1.3.9 (mod_pagespeed/1.13.35.2-0)"
94.130.90.54 - - [20/Jan/2026:15:10:14 +0100] "GET /wp-content/plugins/pro-elements/assets/lib/smartmenus/jquery.smartmenus.min.js?ver=1.2.1 HTTP/1.1" 200 27700 "https://ew.inglory.de/" "Serf/1.3.9 (mod_pagespeed/1.13.35.2-0)"
94.130.90.54 - - [20/Jan/2026:15:10:14 +0100] "GET /wp-content/plugins/pro-elements/assets/lib/sticky/jquery.sticky.min.js?ver=3.31.3 HTTP/1.1" 200 7281 "https://ew.inglory.de/" "Serf/1.3.9 (mod_pagespeed/1.13.35.2-0)"
94.130.90.54 - - [20/Jan/2026:15:10:14 +0100] "GET /wp-includes/js/dist/hooks.min.js?ver=dd5603f07f9220ed27f1 HTTP/1.1" 200 9222 "https://ew.inglory.de/" "Serf/1.3.9 (mod_pagespeed/1.13.35.2-0)"
94.130.90.54 - - [20/Jan/2026:15:10:14 +0100] "GET /wp-includes/js/dist/i18n.min.js?ver=c26c3dc7bed366793375 HTTP/1.1" 200 8875 "https://ew.inglory.de/" "Serf/1.3.9 (mod_pagespeed/1.13.35.2-0)"
94.130.90.54 - - [20/Jan/2026:15:10:14 +0100] "GET /wp-content/uploads/cropped-cropped-favicon-32x32.png HTTP/1.1" 200 4388 "https://ew.inglory.de/" "Serf/1.3.9 (mod_pagespeed/1.13.35.2-0)"
94.130.90.54 - - [20/Jan/2026:15:10:14 +0100] "GET /wp-content/uploads/cropped-cropped-favicon-192x192.png HTTP/1.1" 200 7249 "https://ew.inglory.de/" "Serf/1.3.9 (mod_pagespeed/1.13.35.2-0)"
94.130.90.54 - - [20/Jan/2026:15:10:14 +0100] "GET /wp-content/uploads/cropped-cropped-favicon-180x180.png HTTP/1.1" 200 7077 "https://ew.inglory.de/" "Serf/1.3.9 (mod_pagespeed/1.13.35.2-0)"
94.130.90.54 - - [20/Jan/2026:15:10:14 +0100] "GET /wp-content/uploads/EasyWay-Logo-bright.png HTTP/1.1" 200 55985 "https://ew.inglory.de/" "Serf/1.3.9 (mod_pagespeed/1.13.35.2-0)"
91.10.123.91 - - [20/Jan/2026:15:10:14 +0100] "GET /wp-content/uploads/crash.png HTTP/1.0" 200 531066 "https://ew.inglory.de/" "Mozilla/5.0 (Macintosh; Intel Mac OS X 10_15_7) AppleWebKit/605.1.15 (KHTML, like Gecko) Version/26.1 Safari/605.1.15"
91.10.123.91 - - [20/Jan/2026:15:10:14 +0100] "GET /wp-content/uploads/signature.png HTTP/1.0" 200 20292 "https://ew.inglory.de/" "Mozilla/5.0 (Macintosh; Intel Mac OS X 10_15_7) AppleWebKit/605.1.15 (KHTML, like Gecko) Version/26.1 Safari/605.1.15"
94.130.90.54 - - [20/Jan/2026:15:10:14 +0100] "GET /wp-content/uploads/EasyWay-Logo-bright.png HTTP/1.1" 200 55985 "https://ew.inglory.de/" "Serf/1.3.9 (mod_pagespeed/1.13.35.2-0)"
94.130.90.54 - - [20/Jan/2026:15:10:14 +0100] "GET /wp-content/uploads/EasyWay-Logo-bright-300x71.png HTTP/1.1" 200 12248 "https://ew.inglory.de/" "Serf/1.3.9 (mod_pagespeed/1.13.35.2-0)"
94.130.90.54 - - [20/Jan/2026:15:10:14 +0100] "GET /wp-content/uploads/EasyWay-Logo-bright-1024x244.png HTTP/1.1" 200 38073 "https://ew.inglory.de/" "Serf/1.3.9 (mod_pagespeed/1.13.35.2-0)"
94.130.90.54 - - [20/Jan/2026:15:10:14 +0100] "GET /wp-content/uploads/EasyWay-Logo-bright-768x183.png HTTP/1.1" 200 28776 "https://ew.inglory.de/" "Serf/1.3.9 (mod_pagespeed/1.13.35.2-0)"
94.130.90.54 - - [20/Jan/2026:15:10:14 +0100] "GET /wp-content/uploads/EasyWay-Logo-bright-1536x366.png HTTP/1.1" 200 58963 "https://ew.inglory.de/" "Serf/1.3.9 (mod_pagespeed/1.13.35.2-0)"
94.130.90.54 - - [20/Jan/2026:15:10:14 +0100] "GET /wp-content/uploads/EasyWay-Logo-bright-2048x487.png HTTP/1.1" 200 79852 "https://ew.inglory.de/" "Serf/1.3.9 (mod_pagespeed/1.13.35.2-0)"
94.130.90.54 - - [20/Jan/2026:15:10:14 +0100] "GET /wp-content/uploads/crash.png HTTP/1.1" 200 530798 "https://ew.inglory.de/" "Serf/1.3.9 (mod_pagespeed/1.13.35.2-0)"
94.130.90.54 - - [20/Jan/2026:15:10:14 +0100] "GET /wp-content/uploads/crash.png HTTP/1.1" 200 530798 "https://ew.inglory.de/" "Serf/1.3.9 (mod_pagespeed/1.13.35.2-0)"
94.130.90.54 - - [20/Jan/2026:15:10:14 +0100] "GET /wp-content/uploads/crash-300x152.png HTTP/1.1" 200 29227 "https://ew.inglory.de/" "Serf/1.3.9 (mod_pagespeed/1.13.35.2-0)"
94.130.90.54 - - [20/Jan/2026:15:10:14 +0100] "GET /wp-content/uploads/crash-768x388.png HTTP/1.1" 200 127819 "https://ew.inglory.de/" "Serf/1.3.9 (mod_pagespeed/1.13.35.2-0)"
94.130.90.54 - - [20/Jan/2026:15:10:14 +0100] "GET /wp-content/uploads/signature.png HTTP/1.1" 200 19800 "https://ew.inglory.de/" "Serf/1.3.9 (mod_pagespeed/1.13.35.2-0)"
94.130.90.54 - - [20/Jan/2026:15:10:14 +0100] "GET /wp-content/uploads/signature.png HTTP/1.1" 200 19800 "https://ew.inglory.de/" "Serf/1.3.9 (mod_pagespeed/1.13.35.2-0)"
94.130.90.54 - - [20/Jan/2026:15:10:14 +0100] "GET /wp-content/uploads/signature-300x47.png HTTP/1.1" 200 9395 "https://ew.inglory.de/" "Serf/1.3.9 (mod_pagespeed/1.13.35.2-0)"
94.130.90.54 - - [20/Jan/2026:15:10:14 +0100] "GET /wp-content/uploads/signature-768x119.png HTTP/1.1" 200 25201 "https://ew.inglory.de/" "Serf/1.3.9 (mod_pagespeed/1.13.35.2-0)"
94.130.90.54 - - [20/Jan/2026:15:10:14 +0100] "GET /wp-content/uploads/pic1.jpg HTTP/1.1" 200 117095 "https://ew.inglory.de/" "Serf/1.3.9 (mod_pagespeed/1.13.35.2-0)"
91.10.123.91 - - [20/Jan/2026:15:10:14 +0100] "GET /wp-content/plugins/elementor/assets/lib/font-awesome/webfonts/fa-regular-400.woff2 HTTP/1.0" 200 17295 "https://ew.inglory.de/" "Mozilla/5.0 (Macintosh; Intel Mac OS X 10_15_7) AppleWebKit/605.1.15 (KHTML, like Gecko) Version/26.1 Safari/605.1.15"
91.10.123.91 - - [20/Jan/2026:15:10:14 +0100] "GET /wp-content/uploads/elementor/google-fonts/fonts/rem-wnz3haiosdytytau.woff2 HTTP/1.0" 200 41243 "https://ew.inglory.de/" "Mozilla/5.0 (Macintosh; Intel Mac OS X 10_15_7) AppleWebKit/605.1.15 (KHTML, like Gecko) Version/26.1 Safari/605.1.15"
91.10.123.91 - - [20/Jan/2026:15:10:14 +0100] "GET /wp-content/plugins/elementor/assets/lib/font-awesome/webfonts/fa-solid-900.woff2 HTTP/1.0" 200 82304 "https://ew.inglory.de/" "Mozilla/5.0 (Macintosh; Intel Mac OS X 10_15_7) AppleWebKit/605.1.15 (KHTML, like Gecko) Version/26.1 Safari/605.1.15"
94.130.90.54 - - [20/Jan/2026:15:10:14 +0100] "GET /wp-content/uploads/pic1.jpg HTTP/1.1" 200 117095 "https://ew.inglory.de/" "Serf/1.3.9 (mod_pagespeed/1.13.35.2-0)"
