143.198.39.172 - - [12/Jan/2026:16:45:49 +0100] "POST //xmlrpc.php HTTP/1.0" 200 4357 "-" "Mozilla/5.0 (Windows NT 10.0; Win64; x64) AppleWebKit/537.36 (KHTML, like Gecko) Chrome/80.0.3987.149 Safari/537.36"
143.198.39.172 - - [12/Jan/2026:16:45:49 +0100] "POST //xmlrpc.php HTTP/1.0" 200 4357 "-" "Mozilla/5.0 (Windows NT 10.0; Win64; x64) AppleWebKit/537.36 (KHTML, like Gecko) Chrome/80.0.3987.149 Safari/537.36"
143.198.39.172 - - [12/Jan/2026:16:45:50 +0100] "POST //xmlrpc.php HTTP/1.0" 200 4357 "-" "Mozilla/5.0 (Windows NT 10.0; Win64; x64) AppleWebKit/537.36 (KHTML, like Gecko) Chrome/80.0.3987.149 Safari/537.36"
143.198.39.172 - - [12/Jan/2026:16:45:51 +0100] "POST //xmlrpc.php HTTP/1.0" 200 4357 "-" "Mozilla/5.0 (Windows NT 10.0; Win64; x64) AppleWebKit/537.36 (KHTML, like Gecko) Chrome/80.0.3987.149 Safari/537.36"
143.198.39.172 - - [12/Jan/2026:16:45:51 +0100] "POST //xmlrpc.php HTTP/1.0" 200 4357 "-" "Mozilla/5.0 (Windows NT 10.0; Win64; x64) AppleWebKit/537.36 (KHTML, like Gecko) Chrome/80.0.3987.149 Safari/537.36"
143.198.39.172 - - [12/Jan/2026:16:45:52 +0100] "POST //xmlrpc.php HTTP/1.0" 200 4357 "-" "Mozilla/5.0 (Windows NT 10.0; Win64; x64) AppleWebKit/537.36 (KHTML, like Gecko) Chrome/80.0.3987.149 Safari/537.36"
143.198.39.172 - - [12/Jan/2026:16:45:52 +0100] "POST //xmlrpc.php HTTP/1.0" 200 4357 "-" "Mozilla/5.0 (Windows NT 10.0; Win64; x64) AppleWebKit/537.36 (KHTML, like Gecko) Chrome/80.0.3987.149 Safari/537.36"
143.198.39.172 - - [12/Jan/2026:16:45:53 +0100] "POST //xmlrpc.php HTTP/1.0" 200 4357 "-" "Mozilla/5.0 (Windows NT 10.0; Win64; x64) AppleWebKit/537.36 (KHTML, like Gecko) Chrome/80.0.3987.149 Safari/537.36"
143.198.39.172 - - [12/Jan/2026:16:45:53 +0100] "POST //xmlrpc.php HTTP/1.0" 200 4357 "-" "Mozilla/5.0 (Windows NT 10.0; Win64; x64) AppleWebKit/537.36 (KHTML, like Gecko) Chrome/80.0.3987.149 Safari/537.36"
143.198.39.172 - - [12/Jan/2026:16:45:54 +0100] "POST //xmlrpc.php HTTP/1.0" 200 4357 "-" "Mozilla/5.0 (Windows NT 10.0; Win64; x64) AppleWebKit/537.36 (KHTML, like Gecko) Chrome/80.0.3987.149 Safari/537.36"
143.198.39.172 - - [12/Jan/2026:16:45:54 +0100] "POST //xmlrpc.php HTTP/1.0" 200 4357 "-" "Mozilla/5.0 (Windows NT 10.0; Win64; x64) AppleWebKit/537.36 (KHTML, like Gecko) Chrome/80.0.3987.149 Safari/537.36"
143.198.39.172 - - [12/Jan/2026:16:45:55 +0100] "POST //xmlrpc.php HTTP/1.0" 200 4357 "-" "Mozilla/5.0 (Windows NT 10.0; Win64; x64) AppleWebKit/537.36 (KHTML, like Gecko) Chrome/80.0.3987.149 Safari/537.36"
143.198.39.172 - - [12/Jan/2026:16:45:55 +0100] "POST //xmlrpc.php HTTP/1.0" 200 4357 "-" "Mozilla/5.0 (Windows NT 10.0; Win64; x64) AppleWebKit/537.36 (KHTML, like Gecko) Chrome/80.0.3987.149 Safari/537.36"
143.198.39.172 - - [12/Jan/2026:16:45:56 +0100] "POST //xmlrpc.php HTTP/1.0" 200 4357 "-" "Mozilla/5.0 (Windows NT 10.0; Win64; x64) AppleWebKit/537.36 (KHTML, like Gecko) Chrome/80.0.3987.149 Safari/537.36"
143.198.39.172 - - [12/Jan/2026:16:45:56 +0100] "POST //xmlrpc.php HTTP/1.0" 200 4357 "-" "Mozilla/5.0 (Windows NT 10.0; Win64; x64) AppleWebKit/537.36 (KHTML, like Gecko) Chrome/80.0.3987.149 Safari/537.36"
143.198.39.172 - - [12/Jan/2026:16:45:57 +0100] "POST //xmlrpc.php HTTP/1.0" 200 4357 "-" "Mozilla/5.0 (Windows NT 10.0; Win64; x64) AppleWebKit/537.36 (KHTML, like Gecko) Chrome/80.0.3987.149 Safari/537.36"
143.198.39.172 - - [12/Jan/2026:16:45:57 +0100] "POST //xmlrpc.php HTTP/1.0" 200 4357 "-" "Mozilla/5.0 (Windows NT 10.0; Win64; x64) AppleWebKit/537.36 (KHTML, like Gecko) Chrome/80.0.3987.149 Safari/537.36"
143.198.39.172 - - [12/Jan/2026:16:45:58 +0100] "POST //xmlrpc.php HTTP/1.0" 200 4357 "-" "Mozilla/5.0 (Windows NT 10.0; Win64; x64) AppleWebKit/537.36 (KHTML, like Gecko) Chrome/80.0.3987.149 Safari/537.36"
143.198.39.172 - - [12/Jan/2026:16:45:58 +0100] "POST //xmlrpc.php HTTP/1.0" 200 4357 "-" "Mozilla/5.0 (Windows NT 10.0; Win64; x64) AppleWebKit/537.36 (KHTML, like Gecko) Chrome/80.0.3987.149 Safari/537.36"
143.198.39.172 - - [12/Jan/2026:16:45:59 +0100] "POST //xmlrpc.php HTTP/1.0" 200 4357 "-" "Mozilla/5.0 (Windows NT 10.0; Win64; x64) AppleWebKit/537.36 (KHTML, like Gecko) Chrome/80.0.3987.149 Safari/537.36"
143.198.39.172 - - [12/Jan/2026:16:46:00 +0100] "POST //xmlrpc.php HTTP/1.0" 200 4357 "-" "Mozilla/5.0 (Windows NT 10.0; Win64; x64) AppleWebKit/537.36 (KHTML, like Gecko) Chrome/80.0.3987.149 Safari/537.36"
143.198.39.172 - - [12/Jan/2026:16:46:00 +0100] "POST //xmlrpc.php HTTP/1.0" 200 4357 "-" "Mozilla/5.0 (Windows NT 10.0; Win64; x64) AppleWebKit/537.36 (KHTML, like Gecko) Chrome/80.0.3987.149 Safari/537.36"
143.198.39.172 - - [12/Jan/2026:16:46:01 +0100] "POST //xmlrpc.php HTTP/1.0" 200 4357 "-" "Mozilla/5.0 (Windows NT 10.0; Win64; x64) AppleWebKit/537.36 (KHTML, like Gecko) Chrome/80.0.3987.149 Safari/537.36"
143.198.39.172 - - [12/Jan/2026:16:46:01 +0100] "POST //xmlrpc.php HTTP/1.0" 200 4357 "-" "Mozilla/5.0 (Windows NT 10.0; Win64; x64) AppleWebKit/537.36 (KHTML, like Gecko) Chrome/80.0.3987.149 Safari/537.36"
143.198.39.172 - - [12/Jan/2026:16:46:02 +0100] "POST //xmlrpc.php HTTP/1.0" 200 4357 "-" "Mozilla/5.0 (Windows NT 10.0; Win64; x64) AppleWebKit/537.36 (KHTML, like Gecko) Chrome/80.0.3987.149 Safari/537.36"
143.198.39.172 - - [12/Jan/2026:16:46:02 +0100] "POST //xmlrpc.php HTTP/1.0" 200 4357 "-" "Mozilla/5.0 (Windows NT 10.0; Win64; x64) AppleWebKit/537.36 (KHTML, like Gecko) Chrome/80.0.3987.149 Safari/537.36"
143.198.39.172 - - [12/Jan/2026:16:46:03 +0100] "POST //xmlrpc.php HTTP/1.0" 200 4357 "-" "Mozilla/5.0 (Windows NT 10.0; Win64; x64) AppleWebKit/537.36 (KHTML, like Gecko) Chrome/80.0.3987.149 Safari/537.36"
143.198.39.172 - - [12/Jan/2026:16:46:03 +0100] "POST //xmlrpc.php HTTP/1.0" 200 4357 "-" "Mozilla/5.0 (Windows NT 10.0; Win64; x64) AppleWebKit/537.36 (KHTML, like Gecko) Chrome/80.0.3987.149 Safari/537.36"
143.198.39.172 - - [12/Jan/2026:16:46:04 +0100] "POST //xmlrpc.php HTTP/1.0" 200 4357 "-" "Mozilla/5.0 (Windows NT 10.0; Win64; x64) AppleWebKit/537.36 (KHTML, like Gecko) Chrome/80.0.3987.149 Safari/537.36"
143.198.39.172 - - [12/Jan/2026:16:46:04 +0100] "POST //xmlrpc.php HTTP/1.0" 200 4357 "-" "Mozilla/5.0 (Windows NT 10.0; Win64; x64) AppleWebKit/537.36 (KHTML, like Gecko) Chrome/80.0.3987.149 Safari/537.36"
143.198.39.172 - - [12/Jan/2026:16:46:05 +0100] "POST //xmlrpc.php HTTP/1.0" 200 4357 "-" "Mozilla/5.0 (Windows NT 10.0; Win64; x64) AppleWebKit/537.36 (KHTML, like Gecko) Chrome/80.0.3987.149 Safari/537.36"
143.198.39.172 - - [12/Jan/2026:16:46:05 +0100] "POST //xmlrpc.php HTTP/1.0" 200 4357 "-" "Mozilla/5.0 (Windows NT 10.0; Win64; x64) AppleWebKit/537.36 (KHTML, like Gecko) Chrome/80.0.3987.149 Safari/537.36"
94.130.90.54 - - [12/Jan/2026:17:06:09 +0100] "GET /wp-content/themes/hello-elementor/assets/css/reset.css?ver=3.4.5 HTTP/1.1" 304 3417 "https://eliteboxing.inglory.de/" "Serf/1.3.9 (mod_pagespeed/1.13.35.2-0)"
94.130.90.54 - - [12/Jan/2026:17:06:09 +0100] "GET /wp-content/themes/hello-elementor/assets/css/theme.css?ver=3.4.5 HTTP/1.1" 304 3417 "https://eliteboxing.inglory.de/" "Serf/1.3.9 (mod_pagespeed/1.13.35.2-0)"
18.201.156.202 - - [12/Jan/2026:17:06:08 +0100] "GET / HTTP/1.0" 200 36140 "-" "Plesk screenshot bot https://support.plesk.com/hc/en-us/articles/10301006946066"
94.130.90.54 - - [12/Jan/2026:17:06:09 +0100] "GET /wp-content/themes/hello-elementor/assets/css/header-footer.css?ver=3.4.5 HTTP/1.1" 304 3417 "https://eliteboxing.inglory.de/" "Serf/1.3.9 (mod_pagespeed/1.13.35.2-0)"
94.130.90.54 - - [12/Jan/2026:17:06:09 +0100] "GET /wp-content/plugins/pro-elements/assets/css/widget-nav-menu.min.css?ver=3.25.3 HTTP/1.1" 304 3417 "https://eliteboxing.inglory.de/" "Serf/1.3.9 (mod_pagespeed/1.13.35.2-0)"
94.130.90.54 - - [12/Jan/2026:17:06:09 +0100] "GET /wp-content/plugins/elementor/assets/lib/eicons/css/elementor-icons.min.css?ver=5.45.0 HTTP/1.1" 304 3417 "https://eliteboxing.inglory.de/" "Serf/1.3.9 (mod_pagespeed/1.13.35.2-0)"
94.130.90.54 - - [12/Jan/2026:17:06:09 +0100] "GET /wp-content/plugins/pro-elements/assets/css/conditionals/popup.min.css?ver=3.25.3 HTTP/1.1" 304 3416 "https://eliteboxing.inglory.de/" "Serf/1.3.9 (mod_pagespeed/1.13.35.2-0)"
94.130.90.54 - - [12/Jan/2026:17:06:09 +0100] "GET /wp-content/plugins/elementor/assets/lib/swiper/v8/css/swiper.min.css?ver=8.4.5 HTTP/1.1" 304 3417 "https://eliteboxing.inglory.de/" "Serf/1.3.9 (mod_pagespeed/1.13.35.2-0)"
94.130.90.54 - - [12/Jan/2026:17:06:09 +0100] "GET /wp-content/plugins/pro-elements/assets/css/widget-testimonial-carousel.min.css?ver=3.25.3 HTTP/1.1" 304 3417 "https://eliteboxing.inglory.de/" "Serf/1.3.9 (mod_pagespeed/1.13.35.2-0)"
94.130.90.54 - - [12/Jan/2026:17:06:09 +0100] "GET /wp-content/plugins/pro-elements/assets/css/widget-carousel-module-base.min.css?ver=3.25.3 HTTP/1.1" 304 3416 "https://eliteboxing.inglory.de/" "Serf/1.3.9 (mod_pagespeed/1.13.35.2-0)"
94.130.90.54 - - [12/Jan/2026:17:06:09 +0100] "GET /wp-content/plugins/pro-elements/assets/css/widget-form.min.css?ver=3.25.3 HTTP/1.1" 304 3417 "https://eliteboxing.inglory.de/" "Serf/1.3.9 (mod_pagespeed/1.13.35.2-0)"
94.130.90.54 - - [12/Jan/2026:17:06:09 +0100] "GET /wp-content/uploads/elementor/google-fonts/css/raleway.css?ver=1742275045 HTTP/1.1" 304 3417 "https://eliteboxing.inglory.de/" "Serf/1.3.9 (mod_pagespeed/1.13.35.2-0)"
94.130.90.54 - - [12/Jan/2026:17:06:09 +0100] "GET /wp-content/uploads/elementor/google-fonts/css/geologica.css?ver=1742275048 HTTP/1.1" 304 3417 "https://eliteboxing.inglory.de/" "Serf/1.3.9 (mod_pagespeed/1.13.35.2-0)"
94.130.90.54 - - [12/Jan/2026:17:06:09 +0100] "GET /wp-content/plugins/elementor/assets/lib/font-awesome/css/fontawesome.min.css?ver=5.15.3 HTTP/1.1" 304 3417 "https://eliteboxing.inglory.de/" "Serf/1.3.9 (mod_pagespeed/1.13.35.2-0)"
94.130.90.54 - - [12/Jan/2026:17:06:09 +0100] "GET /wp-content/plugins/elementor/assets/lib/font-awesome/css/brands.min.css?ver=5.15.3 HTTP/1.1" 304 3416 "https://eliteboxing.inglory.de/" "Serf/1.3.9 (mod_pagespeed/1.13.35.2-0)"
94.130.90.54 - - [12/Jan/2026:17:06:09 +0100] "GET /wp-content/plugins/elementor/assets/lib/font-awesome/css/solid.min.css?ver=5.15.3 HTTP/1.1" 304 3416 "https://eliteboxing.inglory.de/" "Serf/1.3.9 (mod_pagespeed/1.13.35.2-0)"
94.130.90.54 - - [12/Jan/2026:17:06:09 +0100] "GET /wp-content/plugins/pro-elements/assets/css/modules/sticky.min.css?ver=3.25.3 HTTP/1.1" 304 3415 "https://eliteboxing.inglory.de/" "Serf/1.3.9 (mod_pagespeed/1.13.35.2-0)"
94.130.90.54 - - [12/Jan/2026:17:06:09 +0100] "GET /wp-content/plugins/pro-elements/assets/lib/smartmenus/jquery.smartmenus.min.js?ver=1.2.1 HTTP/1.1" 304 3417 "https://eliteboxing.inglory.de/" "Serf/1.3.9 (mod_pagespeed/1.13.35.2-0)"
94.130.90.54 - - [12/Jan/2026:17:06:09 +0100] "GET /wp-content/plugins/pro-elements/assets/lib/sticky/jquery.sticky.min.js?ver=3.25.3 HTTP/1.1" 304 3416 "https://eliteboxing.inglory.de/" "Serf/1.3.9 (mod_pagespeed/1.13.35.2-0)"
94.130.90.54 - - [12/Jan/2026:17:06:09 +0100] "GET /wp-includes/js/imagesloaded.min.js?ver=5.0.0 HTTP/1.1" 304 3417 "https://eliteboxing.inglory.de/" "Serf/1.3.9 (mod_pagespeed/1.13.35.2-0)"
94.130.90.54 - - [12/Jan/2026:17:06:09 +0100] "GET /wp-includes/js/dist/hooks.min.js?ver=dd5603f07f9220ed27f1 HTTP/1.1" 304 3417 "https://eliteboxing.inglory.de/" "Serf/1.3.9 (mod_pagespeed/1.13.35.2-0)"
94.130.90.54 - - [12/Jan/2026:17:06:09 +0100] "GET /wp-includes/js/dist/i18n.min.js?ver=c26c3dc7bed366793375 HTTP/1.1" 304 3417 "https://eliteboxing.inglory.de/" "Serf/1.3.9 (mod_pagespeed/1.13.35.2-0)"
94.130.90.54 - - [12/Jan/2026:17:06:09 +0100] "GET /wp-content/uploads/items-150x150.png HTTP/1.1" 304 3417 "https://eliteboxing.inglory.de/" "Serf/1.3.9 (mod_pagespeed/1.13.35.2-0)"
94.130.90.54 - - [12/Jan/2026:17:06:09 +0100] "GET /wp-content/uploads/items-300x300.png HTTP/1.1" 304 3417 "https://eliteboxing.inglory.de/" "Serf/1.3.9 (mod_pagespeed/1.13.35.2-0)"
94.130.90.54 - - [12/Jan/2026:17:06:09 +0100] "GET /wp-content/uploads/Group-2-2.png HTTP/1.1" 304 3418 "https://eliteboxing.inglory.de/" "Serf/1.3.9 (mod_pagespeed/1.13.35.2-0)"
94.130.90.54 - - [12/Jan/2026:17:06:09 +0100] "GET /wp-content/uploads/Group-2-2.png HTTP/1.1" 304 3418 "https://eliteboxing.inglory.de/" "Serf/1.3.9 (mod_pagespeed/1.13.35.2-0)"
18.201.156.202 - - [12/Jan/2026:17:06:09 +0100] "GET /wp-content/themes/hello-elementor/assets/css/reset.css?ver=3.4.5 HTTP/1.0" 200 6016 "https://eliteboxing.inglory.de/" "Plesk screenshot bot https://support.plesk.com/hc/en-us/articles/10301006946066"
94.130.90.54 - - [12/Jan/2026:17:06:09 +0100] "GET /wp-content/uploads/Group-2-2-300x125.png HTTP/1.1" 304 3417 "https://eliteboxing.inglory.de/" "Serf/1.3.9 (mod_pagespeed/1.13.35.2-0)"
18.201.156.202 - - [12/Jan/2026:17:06:09 +0100] "GET /wp-content/themes/hello-elementor/assets/css/theme.css?ver=3.4.5 HTTP/1.0" 200 5473 "https://eliteboxing.inglory.de/" "Plesk screenshot bot https://support.plesk.com/hc/en-us/articles/10301006946066"
18.201.156.202 - - [12/Jan/2026:17:06:09 +0100] "GET /wp-content/themes/hello-elementor/assets/css/header-footer.css?ver=3.4.5 HTTP/1.0" 200 5616 "https://eliteboxing.inglory.de/" "Plesk screenshot bot https://support.plesk.com/hc/en-us/articles/10301006946066"
94.130.90.54 - - [12/Jan/2026:17:06:09 +0100] "GET /wp-content/uploads/Group-2-2-1024x426.png HTTP/1.1" 304 3418 "https://eliteboxing.inglory.de/" "Serf/1.3.9 (mod_pagespeed/1.13.35.2-0)"
94.130.90.54 - - [12/Jan/2026:17:06:09 +0100] "GET /wp-content/uploads/Group-2-2-768x320.png HTTP/1.1" 304 3418 "https://eliteboxing.inglory.de/" "Serf/1.3.9 (mod_pagespeed/1.13.35.2-0)"
18.201.156.202 - - [12/Jan/2026:17:06:09 +0100] "GET /wp-content/plugins/elementor/assets/css/frontend.min.css?ver=3.34.1 HTTP/1.0" 200 11376 "https://eliteboxing.inglory.de/" "Plesk screenshot bot https://support.plesk.com/hc/en-us/articles/10301006946066"
18.201.156.202 - - [12/Jan/2026:17:06:09 +0100] "GET /wp-content/plugins/elementor/assets/css/widget-image.min.css?ver=3.34.1 HTTP/1.0" 200 4220 "https://eliteboxing.inglory.de/" "Plesk screenshot bot https://support.plesk.com/hc/en-us/articles/10301006946066"
94.130.90.54 - - [12/Jan/2026:17:06:09 +0100] "GET /wp-content/uploads/img-1-1.jpg HTTP/1.1" 304 3418 "https://eliteboxing.inglory.de/" "Serf/1.3.9 (mod_pagespeed/1.13.35.2-0)"
94.130.90.54 - - [12/Jan/2026:17:06:09 +0100] "GET /wp-content/uploads/img-1-1.jpg HTTP/1.1" 304 3418 "https://eliteboxing.inglory.de/" "Serf/1.3.9 (mod_pagespeed/1.13.35.2-0)"
94.130.90.54 - - [12/Jan/2026:17:06:09 +0100] "GET /wp-content/uploads/img-1-1-240x300.jpg HTTP/1.1" 304 3417 "https://eliteboxing.inglory.de/" "Serf/1.3.9 (mod_pagespeed/1.13.35.2-0)"
94.130.90.54 - - [12/Jan/2026:17:06:09 +0100] "GET /wp-content/uploads/Frame-4567-1-1.jpg HTTP/1.1" 304 3418 "https://eliteboxing.inglory.de/" "Serf/1.3.9 (mod_pagespeed/1.13.35.2-0)"
94.130.90.54 - - [12/Jan/2026:17:06:09 +0100] "GET /wp-content/uploads/Frame-4567-1-1.jpg HTTP/1.1" 304 3418 "https://eliteboxing.inglory.de/" "Serf/1.3.9 (mod_pagespeed/1.13.35.2-0)"
94.130.90.54 - - [12/Jan/2026:17:06:09 +0100] "GET /wp-content/uploads/Frame-4567-1-1-300x223.jpg HTTP/1.1" 304 3417 "https://eliteboxing.inglory.de/" "Serf/1.3.9 (mod_pagespeed/1.13.35.2-0)"
94.130.90.54 - - [12/Jan/2026:17:06:09 +0100] "GET /wp-content/uploads/Frame-4567-1-1-1024x761.jpg HTTP/1.1" 304 3418 "https://eliteboxing.inglory.de/" "Serf/1.3.9 (mod_pagespeed/1.13.35.2-0)"
94.130.90.54 - - [12/Jan/2026:17:06:09 +0100] "GET /wp-content/uploads/Frame-4567-1-1-768x571.jpg HTTP/1.1" 304 3418 "https://eliteboxing.inglory.de/" "Serf/1.3.9 (mod_pagespeed/1.13.35.2-0)"
94.130.90.54 - - [12/Jan/2026:17:06:09 +0100] "GET /wp-content/uploads/Frame-4585-1-1.jpg HTTP/1.1" 304 3418 "https://eliteboxing.inglory.de/" "Serf/1.3.9 (mod_pagespeed/1.13.35.2-0)"
94.130.90.54 - - [12/Jan/2026:17:06:09 +0100] "GET /wp-content/uploads/Frame-4585-1-1.jpg HTTP/1.1" 304 3418 "https://eliteboxing.inglory.de/" "Serf/1.3.9 (mod_pagespeed/1.13.35.2-0)"
94.130.90.54 - - [12/Jan/2026:17:06:09 +0100] "GET /wp-content/uploads/Frame-4585-1-1-293x300.jpg HTTP/1.1" 304 3417 "https://eliteboxing.inglory.de/" "Serf/1.3.9 (mod_pagespeed/1.13.35.2-0)"
94.130.90.54 - - [12/Jan/2026:17:06:09 +0100] "GET /wp-content/uploads/Frame-4586-1.jpg HTTP/1.1" 304 3417 "https://eliteboxing.inglory.de/" "Serf/1.3.9 (mod_pagespeed/1.13.35.2-0)"
94.130.90.54 - - [12/Jan/2026:17:06:09 +0100] "GET /wp-content/uploads/Frame-4586-1.jpg HTTP/1.1" 304 3417 "https://eliteboxing.inglory.de/" "Serf/1.3.9 (mod_pagespeed/1.13.35.2-0)"
94.130.90.54 - - [12/Jan/2026:17:06:09 +0100] "GET /wp-content/uploads/Frame-4586-1-293x300.jpg HTTP/1.1" 304 3417 "https://eliteboxing.inglory.de/" "Serf/1.3.9 (mod_pagespeed/1.13.35.2-0)"
94.130.90.54 - - [12/Jan/2026:17:06:09 +0100] "GET /wp-content/uploads/Frame-4572-1.jpg HTTP/1.1" 304 3418 "https://eliteboxing.inglory.de/" "Serf/1.3.9 (mod_pagespeed/1.13.35.2-0)"
94.130.90.54 - - [12/Jan/2026:17:06:09 +0100] "GET /wp-content/uploads/Frame-4572-1.jpg HTTP/1.1" 304 3418 "https://eliteboxing.inglory.de/" "Serf/1.3.9 (mod_pagespeed/1.13.35.2-0)"
94.130.90.54 - - [12/Jan/2026:17:06:09 +0100] "GET /wp-content/uploads/Frame-4572-1-300x148.jpg HTTP/1.1" 304 3417 "https://eliteboxing.inglory.de/" "Serf/1.3.9 (mod_pagespeed/1.13.35.2-0)"
94.130.90.54 - - [12/Jan/2026:17:06:09 +0100] "GET /wp-content/uploads/Frame-4572-1-1024x505.jpg HTTP/1.1" 304 3418 "https://eliteboxing.inglory.de/" "Serf/1.3.9 (mod_pagespeed/1.13.35.2-0)"
94.130.90.54 - - [12/Jan/2026:17:06:09 +0100] "GET /wp-content/uploads/Frame-4572-1-768x379.jpg HTTP/1.1" 304 3417 "https://eliteboxing.inglory.de/" "Serf/1.3.9 (mod_pagespeed/1.13.35.2-0)"
94.130.90.54 - - [12/Jan/2026:17:06:09 +0100] "GET /wp-content/uploads/Frame-4572-2-1.jpg HTTP/1.1" 304 3418 "https://eliteboxing.inglory.de/" "Serf/1.3.9 (mod_pagespeed/1.13.35.2-0)"
94.130.90.54 - - [12/Jan/2026:17:06:09 +0100] "GET /wp-content/uploads/Frame-4572-2-1.jpg HTTP/1.1" 304 3418 "https://eliteboxing.inglory.de/" "Serf/1.3.9 (mod_pagespeed/1.13.35.2-0)"
94.130.90.54 - - [12/Jan/2026:17:06:09 +0100] "GET /wp-content/uploads/Frame-4572-2-1-300x148.jpg HTTP/1.1" 304 3417 "https://eliteboxing.inglory.de/" "Serf/1.3.9 (mod_pagespeed/1.13.35.2-0)"
94.130.90.54 - - [12/Jan/2026:17:06:09 +0100] "GET /wp-content/uploads/Frame-4572-2-1-1024x505.jpg HTTP/1.1" 304 3418 "https://eliteboxing.inglory.de/" "Serf/1.3.9 (mod_pagespeed/1.13.35.2-0)"
94.130.90.54 - - [12/Jan/2026:17:06:09 +0100] "GET /wp-content/uploads/Frame-4572-2-1-768x379.jpg HTTP/1.1" 304 3417 "https://eliteboxing.inglory.de/" "Serf/1.3.9 (mod_pagespeed/1.13.35.2-0)"
94.130.90.54 - - [12/Jan/2026:17:06:09 +0100] "GET /wp-content/uploads/Frame-4586-2-1.jpg HTTP/1.1" 304 3417 "https://eliteboxing.inglory.de/" "Serf/1.3.9 (mod_pagespeed/1.13.35.2-0)"
18.201.156.202 - - [12/Jan/2026:17:06:09 +0100] "GET /wp-content/plugins/pro-elements/assets/css/widget-nav-menu.min.css?ver=3.25.3 HTTP/1.0" 200 7526 "https://eliteboxing.inglory.de/" "Plesk screenshot bot https://support.plesk.com/hc/en-us/articles/10301006946066"
18.201.156.202 - - [12/Jan/2026:17:06:09 +0100] "GET /wp-content/plugins/elementor/assets/css/widget-heading.min.css?ver=3.34.1 HTTP/1.0" 200 4246 "https://eliteboxing.inglory.de/" "Plesk screenshot bot https://support.plesk.com/hc/en-us/articles/10301006946066"
94.130.90.54 - - [12/Jan/2026:17:06:09 +0100] "GET /wp-content/uploads/Frame-4586-2-1.jpg HTTP/1.1" 304 3417 "https://eliteboxing.inglory.de/" "Serf/1.3.9 (mod_pagespeed/1.13.35.2-0)"
18.201.156.202 - - [12/Jan/2026:17:06:09 +0100] "GET /wp-content/plugins/elementor/assets/css/widget-icon-list.min.css?ver=3.34.1 HTTP/1.0" 200 5111 "https://eliteboxing.inglory.de/" "Plesk screenshot bot https://support.plesk.com/hc/en-us/articles/10301006946066"
18.201.156.202 - - [12/Jan/2026:17:06:09 +0100] "GET /wp-content/plugins/elementor/assets/css/widget-social-icons.min.css?ver=3.34.1 HTTP/1.0" 200 5230 "https://eliteboxing.inglory.de/" "Plesk screenshot bot https://support.plesk.com/hc/en-us/articles/10301006946066"
94.130.90.54 - - [12/Jan/2026:17:06:09 +0100] "GET /wp-content/uploads/Frame-4586-2-1-293x300.jpg HTTP/1.1" 304 3417 "https://eliteboxing.inglory.de/" "Serf/1.3.9 (mod_pagespeed/1.13.35.2-0)"
94.130.90.54 - - [12/Jan/2026:17:06:09 +0100] "GET /wp-content/uploads/Frame-4585-2-1.jpg HTTP/1.1" 304 3418 "https://eliteboxing.inglory.de/" "Serf/1.3.9 (mod_pagespeed/1.13.35.2-0)"
94.130.90.54 - - [12/Jan/2026:17:06:09 +0100] "GET /wp-content/uploads/Frame-4585-2-1.jpg HTTP/1.1" 304 3418 "https://eliteboxing.inglory.de/" "Serf/1.3.9 (mod_pagespeed/1.13.35.2-0)"
94.130.90.54 - - [12/Jan/2026:17:06:09 +0100] "GET /wp-content/uploads/Frame-4585-2-1-293x300.jpg HTTP/1.1" 304 3417 "https://eliteboxing.inglory.de/" "Serf/1.3.9 (mod_pagespeed/1.13.35.2-0)"
94.130.90.54 - - [12/Jan/2026:17:06:09 +0100] "GET /wp-content/uploads/image.png HTTP/1.1" 304 3417 "https://eliteboxing.inglory.de/" "Serf/1.3.9 (mod_pagespeed/1.13.35.2-0)"
94.130.90.54 - - [12/Jan/2026:17:06:09 +0100] "GET /wp-content/uploads/img.png HTTP/1.1" 304 3417 "https://eliteboxing.inglory.de/" "Serf/1.3.9 (mod_pagespeed/1.13.35.2-0)"
94.130.90.54 - - [12/Jan/2026:17:06:09 +0100] "GET /wp-content/uploads/img-3.png HTTP/1.1" 304 3416 "https://eliteboxing.inglory.de/" "Serf/1.3.9 (mod_pagespeed/1.13.35.2-0)"
94.130.90.54 - - [12/Jan/2026:17:06:09 +0100] "GET /wp-content/uploads/image-1.png HTTP/1.1" 304 3417 "https://eliteboxing.inglory.de/" "Serf/1.3.9 (mod_pagespeed/1.13.35.2-0)"
94.130.90.54 - - [12/Jan/2026:17:06:09 +0100] "GET /wp-content/uploads/img-1.png HTTP/1.1" 304 3417 "https://eliteboxing.inglory.de/" "Serf/1.3.9 (mod_pagespeed/1.13.35.2-0)"
94.130.90.54 - - [12/Jan/2026:17:06:09 +0100] "GET /wp-content/uploads/img-4.png HTTP/1.1" 304 3416 "https://eliteboxing.inglory.de/" "Serf/1.3.9 (mod_pagespeed/1.13.35.2-0)"
94.130.90.54 - - [12/Jan/2026:17:06:09 +0100] "GET /wp-content/uploads/image-2-1.png HTTP/1.1" 304 3416 "https://eliteboxing.inglory.de/" "Serf/1.3.9 (mod_pagespeed/1.13.35.2-0)"
94.130.90.54 - - [12/Jan/2026:17:06:09 +0100] "GET /wp-content/uploads/img-2.png HTTP/1.1" 304 3416 "https://eliteboxing.inglory.de/" "Serf/1.3.9 (mod_pagespeed/1.13.35.2-0)"
94.130.90.54 - - [12/Jan/2026:17:06:09 +0100] "GET /wp-content/uploads/img-5.png HTTP/1.1" 304 3417 "https://eliteboxing.inglory.de/" "Serf/1.3.9 (mod_pagespeed/1.13.35.2-0)"
94.130.90.54 - - [12/Jan/2026:17:06:09 +0100] "GET /wp-content/uploads/img-1.jpg HTTP/1.1" 304 3418 "https://eliteboxing.inglory.de/" "Serf/1.3.9 (mod_pagespeed/1.13.35.2-0)"
94.130.90.54 - - [12/Jan/2026:17:06:09 +0100] "GET /wp-content/uploads/img-1.jpg HTTP/1.1" 304 3418 "https://eliteboxing.inglory.de/" "Serf/1.3.9 (mod_pagespeed/1.13.35.2-0)"
94.130.90.54 - - [12/Jan/2026:17:06:09 +0100] "GET /wp-content/uploads/img-1-300x288.jpg HTTP/1.1" 304 3417 "https://eliteboxing.inglory.de/" "Serf/1.3.9 (mod_pagespeed/1.13.35.2-0)"
94.130.90.54 - - [12/Jan/2026:17:06:09 +0100] "GET /wp-content/uploads/img-1-1024x983.jpg HTTP/1.1" 304 3418 "https://eliteboxing.inglory.de/" "Serf/1.3.9 (mod_pagespeed/1.13.35.2-0)"
94.130.90.54 - - [12/Jan/2026:17:06:09 +0100] "GET /wp-content/uploads/img-1-768x738.jpg HTTP/1.1" 304 3418 "https://eliteboxing.inglory.de/" "Serf/1.3.9 (mod_pagespeed/1.13.35.2-0)"
18.201.156.202 - - [12/Jan/2026:17:06:09 +0100] "GET /wp-content/plugins/pro-elements/assets/css/conditionals/popup.min.css?ver=3.25.3 HTTP/1.0" 200 4609 "https://eliteboxing.inglory.de/" "Plesk screenshot bot https://support.plesk.com/hc/en-us/articles/10301006946066"
18.201.156.202 - - [12/Jan/2026:17:06:09 +0100] "GET /wp-content/uploads/elementor/css/post-9.css?ver=1767948733 HTTP/1.0" 200 5100 "https://eliteboxing.inglory.de/" "Plesk screenshot bot https://support.plesk.com/hc/en-us/articles/10301006946066"
18.201.156.202 - - [12/Jan/2026:17:06:09 +0100] "GET /wp-content/plugins/elementor/assets/css/widget-icon-box.min.css?ver=3.34.1 HTTP/1.0" 200 4522 "https://eliteboxing.inglory.de/" "Plesk screenshot bot https://support.plesk.com/hc/en-us/articles/10301006946066"
18.201.156.202 - - [12/Jan/2026:17:06:09 +0100] "GET /wp-content/plugins/elementor/assets/lib/animations/styles/fadeIn.min.css?ver=3.34.1 HTTP/1.0" 200 4163 "https://eliteboxing.inglory.de/" "Plesk screenshot bot https://support.plesk.com/hc/en-us/articles/10301006946066"
18.201.156.202 - - [12/Jan/2026:17:06:09 +0100] "GET /wp-content/plugins/elementor/assets/lib/eicons/css/elementor-icons.min.css?ver=5.45.0 HTTP/1.0" 200 8523 "https://eliteboxing.inglory.de/" "Plesk screenshot bot https://support.plesk.com/hc/en-us/articles/10301006946066"
18.201.156.202 - - [12/Jan/2026:17:06:09 +0100] "GET /wp-content/plugins/elementor/assets/css/conditionals/e-swiper.min.css?ver=3.34.1 HTTP/1.0" 200 4886 "https://eliteboxing.inglory.de/" "Plesk screenshot bot https://support.plesk.com/hc/en-us/articles/10301006946066"
18.201.156.202 - - [12/Jan/2026:17:06:09 +0100] "GET /wp-content/plugins/elementor/assets/css/conditionals/apple-webkit.min.css?ver=3.34.1 HTTP/1.0" 200 4634 "https://eliteboxing.inglory.de/" "Plesk screenshot bot https://support.plesk.com/hc/en-us/articles/10301006946066"
94.130.90.54 - - [12/Jan/2026:17:06:09 +0100] "GET /wp-content/uploads/img-2-1.jpg HTTP/1.1" 304 3417 "https://eliteboxing.inglory.de/" "Serf/1.3.9 (mod_pagespeed/1.13.35.2-0)"
18.201.156.202 - - [12/Jan/2026:17:06:09 +0100] "GET /wp-content/plugins/elementor/assets/css/widget-divider.min.css?ver=3.34.1 HTTP/1.0" 200 4828 "https://eliteboxing.inglory.de/" "Plesk screenshot bot https://support.plesk.com/hc/en-us/articles/10301006946066"
18.201.156.202 - - [12/Jan/2026:17:06:09 +0100] "GET /wp-content/plugins/pro-elements/assets/css/widget-carousel-module-base.min.css?ver=3.25.3 HTTP/1.0" 200 4873 "https://eliteboxing.inglory.de/" "Plesk screenshot bot https://support.plesk.com/hc/en-us/articles/10301006946066"
18.201.156.202 - - [12/Jan/2026:17:06:09 +0100] "GET /wp-content/plugins/elementor/assets/css/widget-rating.min.css?ver=3.34.1 HTTP/1.0" 200 4485 "https://eliteboxing.inglory.de/" "Plesk screenshot bot https://support.plesk.com/hc/en-us/articles/10301006946066"
18.201.156.202 - - [12/Jan/2026:17:06:09 +0100] "GET /wp-content/plugins/elementor/assets/css/widget-google_maps.min.css?ver=3.34.1 HTTP/1.0" 200 4224 "https://eliteboxing.inglory.de/" "Plesk screenshot bot https://support.plesk.com/hc/en-us/articles/10301006946066"
18.201.156.202 - - [12/Jan/2026:17:06:09 +0100] "GET /wp-content/plugins/pro-elements/assets/css/widget-form.min.css?ver=3.25.3 HTTP/1.0" 200 5765 "https://eliteboxing.inglory.de/" "Plesk screenshot bot https://support.plesk.com/hc/en-us/articles/10301006946066"
94.130.90.54 - - [12/Jan/2026:17:06:09 +0100] "GET /wp-content/uploads/img-2-1.jpg HTTP/1.1" 304 3417 "https://eliteboxing.inglory.de/" "Serf/1.3.9 (mod_pagespeed/1.13.35.2-0)"
18.201.156.202 - - [12/Jan/2026:17:06:09 +0100] "GET /wp-content/uploads/elementor/css/post-108.css?ver=1767948733 HTTP/1.0" 200 5333 "https://eliteboxing.inglory.de/" "Plesk screenshot bot https://support.plesk.com/hc/en-us/articles/10301006946066"
18.201.156.202 - - [12/Jan/2026:17:06:09 +0100] "GET /wp-content/uploads/elementor/css/post-110.css?ver=1767948733 HTTP/1.0" 200 5186 "https://eliteboxing.inglory.de/" "Plesk screenshot bot https://support.plesk.com/hc/en-us/articles/10301006946066"
18.201.156.202 - - [12/Jan/2026:17:06:09 +0100] "GET /wp-content/plugins/elementor/assets/lib/swiper/v8/css/swiper.min.css?ver=8.4.5 HTTP/1.0" 200 8786 "https://eliteboxing.inglory.de/" "Plesk screenshot bot https://support.plesk.com/hc/en-us/articles/10301006946066"
94.130.90.54 - - [12/Jan/2026:17:06:09 +0100] "GET /wp-content/uploads/img-2-1-221x300.jpg HTTP/1.1" 304 3417 "https://eliteboxing.inglory.de/" "Serf/1.3.9 (mod_pagespeed/1.13.35.2-0)"
18.201.156.202 - - [12/Jan/2026:17:06:09 +0100] "GET /wp-content/plugins/pro-elements/assets/css/widget-testimonial-carousel.min.css?ver=3.25.3 HTTP/1.0" 200 5685 "https://eliteboxing.inglory.de/" "Plesk screenshot bot https://support.plesk.com/hc/en-us/articles/10301006946066"
18.201.156.202 - - [12/Jan/2026:17:06:09 +0100] "GET /wp-content/uploads/elementor/css/post-109.css?ver=1767948733 HTTP/1.0" 200 6423 "https://eliteboxing.inglory.de/" "Plesk screenshot bot https://support.plesk.com/hc/en-us/articles/10301006946066"
94.130.90.54 - - [12/Jan/2026:17:06:09 +0100] "GET /wp-content/uploads/img-3-1.jpg HTTP/1.1" 304 3418 "https://eliteboxing.inglory.de/" "Serf/1.3.9 (mod_pagespeed/1.13.35.2-0)"
94.130.90.54 - - [12/Jan/2026:17:06:09 +0100] "GET /wp-content/uploads/img-3-1.jpg HTTP/1.1" 304 3418 "https://eliteboxing.inglory.de/" "Serf/1.3.9 (mod_pagespeed/1.13.35.2-0)"
18.201.156.202 - - [12/Jan/2026:17:06:09 +0100] "GET /wp-content/uploads/elementor/css/post-14.css?ver=1767959239 HTTP/1.0" 200 18448 "https://eliteboxing.inglory.de/" "Plesk screenshot bot https://support.plesk.com/hc/en-us/articles/10301006946066"
94.130.90.54 - - [12/Jan/2026:17:06:09 +0100] "GET /wp-content/uploads/img-3-1-221x300.jpg HTTP/1.1" 304 3417 "https://eliteboxing.inglory.de/" "Serf/1.3.9 (mod_pagespeed/1.13.35.2-0)"
94.130.90.54 - - [12/Jan/2026:17:06:09 +0100] "GET /wp-content/uploads/img-5-1.jpg HTTP/1.1" 304 3417 "https://eliteboxing.inglory.de/" "Serf/1.3.9 (mod_pagespeed/1.13.35.2-0)"
94.130.90.54 - - [12/Jan/2026:17:06:09 +0100] "GET /wp-content/uploads/img-5-1.jpg HTTP/1.1" 304 3417 "https://eliteboxing.inglory.de/" "Serf/1.3.9 (mod_pagespeed/1.13.35.2-0)"
94.130.90.54 - - [12/Jan/2026:17:06:09 +0100] "GET /wp-content/uploads/img-5-1-240x300.jpg HTTP/1.1" 304 3417 "https://eliteboxing.inglory.de/" "Serf/1.3.9 (mod_pagespeed/1.13.35.2-0)"
94.130.90.54 - - [12/Jan/2026:17:06:09 +0100] "GET /wp-content/uploads/img-6-1.jpg HTTP/1.1" 304 3417 "https://eliteboxing.inglory.de/" "Serf/1.3.9 (mod_pagespeed/1.13.35.2-0)"
94.130.90.54 - - [12/Jan/2026:17:06:09 +0100] "GET /wp-content/uploads/img-6-1.jpg HTTP/1.1" 304 3417 "https://eliteboxing.inglory.de/" "Serf/1.3.9 (mod_pagespeed/1.13.35.2-0)"
18.201.156.202 - - [12/Jan/2026:17:06:09 +0100] "GET /wp-content/uploads/elementor/google-fonts/css/raleway.css?ver=1742275045 HTTP/1.0" 200 5282 "https://eliteboxing.inglory.de/" "Plesk screenshot bot https://support.plesk.com/hc/en-us/articles/10301006946066"
18.201.156.202 - - [12/Jan/2026:17:06:09 +0100] "GET /wp-content/uploads/elementor/google-fonts/css/geologica.css?ver=1742275048 HTTP/1.0" 200 5167 "https://eliteboxing.inglory.de/" "Plesk screenshot bot https://support.plesk.com/hc/en-us/articles/10301006946066"
18.201.156.202 - - [12/Jan/2026:17:06:09 +0100] "GET /wp-content/plugins/elementor/assets/lib/font-awesome/css/solid.min.css?ver=5.15.3 HTTP/1.0" 200 4508 "https://eliteboxing.inglory.de/" "Plesk screenshot bot https://support.plesk.com/hc/en-us/articles/10301006946066"
18.201.156.202 - - [12/Jan/2026:17:06:09 +0100] "GET /wp-content/plugins/elementor/assets/lib/font-awesome/css/brands.min.css?ver=5.15.3 HTTP/1.0" 200 4507 "https://eliteboxing.inglory.de/" "Plesk screenshot bot https://support.plesk.com/hc/en-us/articles/10301006946066"
18.201.156.202 - - [12/Jan/2026:17:06:09 +0100] "GET /wp-content/plugins/elementor/assets/lib/font-awesome/css/fontawesome.min.css?ver=5.15.3 HTTP/1.0" 200 16683 "https://eliteboxing.inglory.de/" "Plesk screenshot bot https://support.plesk.com/hc/en-us/articles/10301006946066"
18.201.156.202 - - [12/Jan/2026:17:06:09 +0100] "GET /wp-includes/js/jquery/jquery-migrate.min.js?ver=3.4.1 HTTP/1.0" 200 9018 "https://eliteboxing.inglory.de/" "Plesk screenshot bot https://support.plesk.com/hc/en-us/articles/10301006946066"
18.201.156.202 - - [12/Jan/2026:17:06:09 +0100] "GET /wp-content/uploads/Group-2-2-1024x426.png HTTP/1.0" 200 161829 "https://eliteboxing.inglory.de/" "Plesk screenshot bot https://support.plesk.com/hc/en-us/articles/10301006946066"
94.130.90.54 - - [12/Jan/2026:17:06:09 +0100] "GET /wp-content/uploads/img-6-1-240x300.jpg HTTP/1.1" 304 3417 "https://eliteboxing.inglory.de/" "Serf/1.3.9 (mod_pagespeed/1.13.35.2-0)"
18.201.156.202 - - [12/Jan/2026:17:06:09 +0100] "GET /wp-content/uploads/logo-1.svg HTTP/1.0" 200 44883 "https://eliteboxing.inglory.de/" "Plesk screenshot bot https://support.plesk.com/hc/en-us/articles/10301006946066"
18.201.156.202 - - [12/Jan/2026:17:06:09 +0100] "GET /wp-content/uploads/sponsers.png HTTP/1.0" 200 113276 "https://eliteboxing.inglory.de/" "Plesk screenshot bot https://support.plesk.com/hc/en-us/articles/10301006946066"
94.130.90.54 - - [12/Jan/2026:17:06:09 +0100] "GET /wp-content/uploads/sponsers.png HTTP/1.1" 304 3418 "https://eliteboxing.inglory.de/" "Serf/1.3.9 (mod_pagespeed/1.13.35.2-0)"
94.130.90.54 - - [12/Jan/2026:17:06:09 +0100] "GET /wp-content/uploads/sponsers.png HTTP/1.1" 304 3418 "https://eliteboxing.inglory.de/" "Serf/1.3.9 (mod_pagespeed/1.13.35.2-0)"
18.201.156.202 - - [12/Jan/2026:17:06:09 +0100] "GET /wp-includes/js/jquery/jquery.min.js?ver=3.7.1 HTTP/1.0" 200 34582 "https://eliteboxing.inglory.de/" "Plesk screenshot bot https://support.plesk.com/hc/en-us/articles/10301006946066"
94.130.90.54 - - [12/Jan/2026:17:06:09 +0100] "GET /wp-content/uploads/sponsers-300x110.png HTTP/1.1" 304 3417 "https://eliteboxing.inglory.de/" "Serf/1.3.9 (mod_pagespeed/1.13.35.2-0)"
94.130.90.54 - - [12/Jan/2026:17:06:09 +0100] "GET /wp-content/uploads/sponsers-1-1.png HTTP/1.1" 304 3418 "https://eliteboxing.inglory.de/" "Serf/1.3.9 (mod_pagespeed/1.13.35.2-0)"
94.130.90.54 - - [12/Jan/2026:17:06:09 +0100] "GET /wp-content/uploads/sponsers-1-1.png HTTP/1.1" 304 3418 "https://eliteboxing.inglory.de/" "Serf/1.3.9 (mod_pagespeed/1.13.35.2-0)"
94.130.90.54 - - [12/Jan/2026:17:06:09 +0100] "GET /wp-content/uploads/sponsers-1-1-300x200.png HTTP/1.1" 304 3417 "https://eliteboxing.inglory.de/" "Serf/1.3.9 (mod_pagespeed/1.13.35.2-0)"
94.130.90.54 - - [12/Jan/2026:17:06:09 +0100] "GET /wp-content/uploads/sponsers-1-1-768x512.png HTTP/1.1" 304 3418 "https://eliteboxing.inglory.de/" "Serf/1.3.9 (mod_pagespeed/1.13.35.2-0)"
94.130.90.54 - - [12/Jan/2026:17:06:09 +0100] "GET /wp-includes/js/jquery/jquery.min.js?ver=3.7.1 HTTP/1.1" 304 3418 "https://eliteboxing.inglory.de/" "Serf/1.3.9 (mod_pagespeed/1.13.35.2-0)"
94.130.90.54 - - [12/Jan/2026:17:06:09 +0100] "GET /wp-includes/js/jquery/jquery-migrate.min.js?ver=3.4.1 HTTP/1.1" 304 3417 "https://eliteboxing.inglory.de/" "Serf/1.3.9 (mod_pagespeed/1.13.35.2-0)"
94.130.90.54 - - [12/Jan/2026:17:06:09 +0100] "GET /wp-content/plugins/elementor/assets/js/webpack.runtime.min.js?ver=3.34.1 HTTP/1.1" 304 3417 "https://eliteboxing.inglory.de/" "Serf/1.3.9 (mod_pagespeed/1.13.35.2-0)"
94.130.90.54 - - [12/Jan/2026:17:06:09 +0100] "GET /wp-content/plugins/elementor/assets/js/frontend-modules.min.js?ver=3.34.1 HTTP/1.1" 304 3418 "https://eliteboxing.inglory.de/" "Serf/1.3.9 (mod_pagespeed/1.13.35.2-0)"
94.130.90.54 - - [12/Jan/2026:17:06:09 +0100] "GET /wp-includes/js/jquery/ui/core.min.js?ver=1.13.3 HTTP/1.1" 304 3417 "https://eliteboxing.inglory.de/" "Serf/1.3.9 (mod_pagespeed/1.13.35.2-0)"
94.130.90.54 - - [12/Jan/2026:17:06:09 +0100] "GET /wp-content/plugins/pro-elements/assets/js/frontend.min.js?ver=3.25.3 HTTP/1.1" 304 3417 "https://eliteboxing.inglory.de/" "Serf/1.3.9 (mod_pagespeed/1.13.35.2-0)"
94.130.90.54 - - [12/Jan/2026:17:06:09 +0100] "GET /wp-content/plugins/pro-elements/assets/js/elements-handlers.min.js?ver=3.25.3 HTTP/1.1" 304 3417 "https://eliteboxing.inglory.de/" "Serf/1.3.9 (mod_pagespeed/1.13.35.2-0)"
94.130.90.54 - - [12/Jan/2026:17:06:09 +0100] "GET /wp-content/plugins/elementor/assets/css/frontend.min.css?ver=3.34.1 HTTP/1.1" 304 3417 "https://eliteboxing.inglory.de/" "Serf/1.3.9 (mod_pagespeed/1.13.35.2-0)"
94.130.90.54 - - [12/Jan/2026:17:06:09 +0100] "GET /wp-content/plugins/elementor/assets/css/widget-image.min.css?ver=3.34.1 HTTP/1.1" 304 3415 "https://eliteboxing.inglory.de/" "Serf/1.3.9 (mod_pagespeed/1.13.35.2-0)"
94.130.90.54 - - [12/Jan/2026:17:06:09 +0100] "GET /wp-content/plugins/elementor/assets/css/widget-heading.min.css?ver=3.34.1 HTTP/1.1" 304 3416 "https://eliteboxing.inglory.de/" "Serf/1.3.9 (mod_pagespeed/1.13.35.2-0)"
94.130.90.54 - - [12/Jan/2026:17:06:09 +0100] "GET /wp-content/plugins/elementor/assets/css/widget-icon-list.min.css?ver=3.34.1 HTTP/1.1" 304 3417 "https://eliteboxing.inglory.de/" "Serf/1.3.9 (mod_pagespeed/1.13.35.2-0)"
94.130.90.54 - - [12/Jan/2026:17:06:09 +0100] "GET /wp-content/plugins/elementor/assets/css/widget-social-icons.min.css?ver=3.34.1 HTTP/1.1" 304 3417 "https://eliteboxing.inglory.de/" "Serf/1.3.9 (mod_pagespeed/1.13.35.2-0)"
94.130.90.54 - - [12/Jan/2026:17:06:09 +0100] "GET /wp-content/plugins/elementor/assets/css/conditionals/apple-webkit.min.css?ver=3.34.1 HTTP/1.1" 304 3417 "https://eliteboxing.inglory.de/" "Serf/1.3.9 (mod_pagespeed/1.13.35.2-0)"
94.130.90.54 - - [12/Jan/2026:17:06:09 +0100] "GET /wp-content/plugins/elementor/assets/lib/animations/styles/fadeIn.min.css?ver=3.34.1 HTTP/1.1" 304 3415 "https://eliteboxing.inglory.de/" "Serf/1.3.9 (mod_pagespeed/1.13.35.2-0)"
94.130.90.54 - - [12/Jan/2026:17:06:09 +0100] "GET /wp-content/uploads/elementor/css/post-9.css?ver=1767948733 HTTP/1.1" 304 3417 "https://eliteboxing.inglory.de/" "Serf/1.3.9 (mod_pagespeed/1.13.35.2-0)"
94.130.90.54 - - [12/Jan/2026:17:06:09 +0100] "GET /wp-content/plugins/elementor/assets/css/widget-icon-box.min.css?ver=3.34.1 HTTP/1.1" 304 3417 "https://eliteboxing.inglory.de/" "Serf/1.3.9 (mod_pagespeed/1.13.35.2-0)"
94.130.90.54 - - [12/Jan/2026:17:06:09 +0100] "GET /wp-content/plugins/elementor/assets/css/conditionals/e-swiper.min.css?ver=3.34.1 HTTP/1.1" 304 3417 "https://eliteboxing.inglory.de/" "Serf/1.3.9 (mod_pagespeed/1.13.35.2-0)"
94.130.90.54 - - [12/Jan/2026:17:06:09 +0100] "GET /wp-content/plugins/elementor/assets/css/widget-rating.min.css?ver=3.34.1 HTTP/1.1" 304 3416 "https://eliteboxing.inglory.de/" "Serf/1.3.9 (mod_pagespeed/1.13.35.2-0)"
94.130.90.54 - - [12/Jan/2026:17:06:09 +0100] "GET /wp-content/plugins/elementor/assets/css/widget-divider.min.css?ver=3.34.1 HTTP/1.1" 304 3417 "https://eliteboxing.inglory.de/" "Serf/1.3.9 (mod_pagespeed/1.13.35.2-0)"
94.130.90.54 - - [12/Jan/2026:17:06:09 +0100] "GET /wp-content/plugins/elementor/assets/css/widget-google_maps.min.css?ver=3.34.1 HTTP/1.1" 304 3416 "https://eliteboxing.inglory.de/" "Serf/1.3.9 (mod_pagespeed/1.13.35.2-0)"
94.130.90.54 - - [12/Jan/2026:17:06:09 +0100] "GET /wp-content/uploads/elementor/css/post-14.css?ver=1767959239 HTTP/1.1" 304 3418 "https://eliteboxing.inglory.de/" "Serf/1.3.9 (mod_pagespeed/1.13.35.2-0)"
94.130.90.54 - - [12/Jan/2026:17:06:09 +0100] "GET /wp-content/uploads/elementor/css/post-108.css?ver=1767948733 HTTP/1.1" 304 3417 "https://eliteboxing.inglory.de/" "Serf/1.3.9 (mod_pagespeed/1.13.35.2-0)"
94.130.90.54 - - [12/Jan/2026:17:06:09 +0100] "GET /wp-content/uploads/elementor/css/post-109.css?ver=1767948733 HTTP/1.1" 304 3417 "https://eliteboxing.inglory.de/" "Serf/1.3.9 (mod_pagespeed/1.13.35.2-0)"
94.130.90.54 - - [12/Jan/2026:17:06:09 +0100] "GET /wp-content/uploads/elementor/css/post-110.css?ver=1767948733 HTTP/1.1" 304 3417 "https://eliteboxing.inglory.de/" "Serf/1.3.9 (mod_pagespeed/1.13.35.2-0)"
94.130.90.54 - - [12/Jan/2026:17:06:09 +0100] "GET /wp-content/uploads/elementor/css/post-290.css?ver=1767959239 HTTP/1.1" 304 3417 "https://eliteboxing.inglory.de/" "Serf/1.3.9 (mod_pagespeed/1.13.35.2-0)"
94.130.90.54 - - [12/Jan/2026:17:06:09 +0100] "GET /wp-content/uploads/elementor/css/post-298.css?ver=1767959239 HTTP/1.1" 304 3417 "https://eliteboxing.inglory.de/" "Serf/1.3.9 (mod_pagespeed/1.13.35.2-0)"
94.130.90.54 - - [12/Jan/2026:17:06:09 +0100] "GET /wp-content/uploads/elementor/css/post-299.css?ver=1767959239 HTTP/1.1" 304 3417 "https://eliteboxing.inglory.de/" "Serf/1.3.9 (mod_pagespeed/1.13.35.2-0)"
94.130.90.54 - - [12/Jan/2026:17:06:09 +0100] "GET /wp-content/uploads/elementor/css/post-300.css?ver=1767959240 HTTP/1.1" 304 3417 "https://eliteboxing.inglory.de/" "Serf/1.3.9 (mod_pagespeed/1.13.35.2-0)"
94.130.90.54 - - [12/Jan/2026:17:06:09 +0100] "GET /wp-content/uploads/elementor/css/post-301.css?ver=1767959240 HTTP/1.1" 304 3417 "https://eliteboxing.inglory.de/" "Serf/1.3.9 (mod_pagespeed/1.13.35.2-0)"
94.130.90.54 - - [12/Jan/2026:17:06:09 +0100] "GET /wp-content/uploads/elementor/css/post-302.css?ver=1767959240 HTTP/1.1" 304 3417 "https://eliteboxing.inglory.de/" "Serf/1.3.9 (mod_pagespeed/1.13.35.2-0)"
94.130.90.54 - - [12/Jan/2026:17:06:09 +0100] "GET /wp-content/uploads/elementor/css/post-303.css?ver=1767959240 HTTP/1.1" 304 3417 "https://eliteboxing.inglory.de/" "Serf/1.3.9 (mod_pagespeed/1.13.35.2-0)"
94.130.90.54 - - [12/Jan/2026:17:06:09 +0100] "GET /wp-content/uploads/elementor/css/post-304.css?ver=1767959240 HTTP/1.1" 304 3417 "https://eliteboxing.inglory.de/" "Serf/1.3.9 (mod_pagespeed/1.13.35.2-0)"
94.130.90.54 - - [12/Jan/2026:17:06:09 +0100] "GET /wp-content/uploads/elementor/css/post-305.css?ver=1767959240 HTTP/1.1" 304 3417 "https://eliteboxing.inglory.de/" "Serf/1.3.9 (mod_pagespeed/1.13.35.2-0)"
94.130.90.54 - - [12/Jan/2026:17:06:09 +0100] "GET /wp-content/uploads/logo-1.svg HTTP/1.1" 200 44389 "https://eliteboxing.inglory.de/" "Serf/1.3.9 (mod_pagespeed/1.13.35.2-0)"
94.130.90.54 - - [12/Jan/2026:17:06:09 +0100] "GET /wp-content/uploads/menu-button-3.svg HTTP/1.1" 200 3834 "https://eliteboxing.inglory.de/" "Serf/1.3.9 (mod_pagespeed/1.13.35.2-0)"
94.130.90.54 - - [12/Jan/2026:17:06:09 +0100] "GET /wp-content/uploads/logo.svg HTTP/1.1" 200 4699 "https://eliteboxing.inglory.de/" "Serf/1.3.9 (mod_pagespeed/1.13.35.2-0)"
94.130.90.54 - - [12/Jan/2026:17:06:09 +0100] "GET /wp-content/uploads/quote.svg HTTP/1.1" 200 10505 "https://eliteboxing.inglory.de/" "Serf/1.3.9 (mod_pagespeed/1.13.35.2-0)"
94.130.90.54 - - [12/Jan/2026:17:06:09 +0100] "GET /wp-content/uploads/rating.svg HTTP/1.1" 200 6729 "https://eliteboxing.inglory.de/" "Serf/1.3.9 (mod_pagespeed/1.13.35.2-0)"
94.130.90.54 - - [12/Jan/2026:17:06:09 +0100] "GET /wp-content/uploads/menu-button-2.svg HTTP/1.1" 200 3743 "https://eliteboxing.inglory.de/" "Serf/1.3.9 (mod_pagespeed/1.13.35.2-0)"
94.130.90.54 - - [12/Jan/2026:17:06:09 +0100] "GET /wp-content/plugins/elementor/assets/js/frontend.min.js?ver=3.34.1 HTTP/1.1" 304 3417 "https://eliteboxing.inglory.de/" "Serf/1.3.9 (mod_pagespeed/1.13.35.2-0)"
94.130.90.54 - - [12/Jan/2026:17:06:09 +0100] "GET /wp-content/plugins/pro-elements/assets/js/webpack-pro.runtime.min.js?ver=3.25.3 HTTP/1.1" 304 3417 "https://eliteboxing.inglory.de/" "Serf/1.3.9 (mod_pagespeed/1.13.35.2-0)"
94.130.90.54 - - [12/Jan/2026:17:06:09 +0100] "GET /wp-content/uploads/bg-3-1.jpg HTTP/1.1" 304 3418 "https://eliteboxing.inglory.de/" "Serf/1.3.9 (mod_pagespeed/1.13.35.2-0)"
94.130.90.54 - - [12/Jan/2026:17:06:09 +0100] "GET /wp-content/uploads/Group-4-1.jpg HTTP/1.1" 304 3417 "https://eliteboxing.inglory.de/" "Serf/1.3.9 (mod_pagespeed/1.13.35.2-0)"
94.130.90.54 - - [12/Jan/2026:17:06:09 +0100] "GET /wp-content/uploads/Group-5-1.jpg HTTP/1.1" 304 3417 "https://eliteboxing.inglory.de/" "Serf/1.3.9 (mod_pagespeed/1.13.35.2-0)"
94.130.90.54 - - [12/Jan/2026:17:06:09 +0100] "GET /wp-content/uploads/Group-3-1.jpg HTTP/1.1" 304 3418 "https://eliteboxing.inglory.de/" "Serf/1.3.9 (mod_pagespeed/1.13.35.2-0)"
94.130.90.54 - - [12/Jan/2026:17:06:09 +0100] "GET /wp-content/uploads/Group-3-2-1.jpg HTTP/1.1" 304 3418 "https://eliteboxing.inglory.de/" "Serf/1.3.9 (mod_pagespeed/1.13.35.2-0)"
94.130.90.54 - - [12/Jan/2026:17:06:09 +0100] "GET /wp-content/uploads/bg-1.jpg HTTP/1.1" 304 3418 "https://eliteboxing.inglory.de/" "Serf/1.3.9 (mod_pagespeed/1.13.35.2-0)"
94.130.90.54 - - [12/Jan/2026:17:06:09 +0100] "GET /wp-content/uploads/bg-4-1.jpg HTTP/1.1" 304 3418 "https://eliteboxing.inglory.de/" "Serf/1.3.9 (mod_pagespeed/1.13.35.2-0)"
94.130.90.54 - - [12/Jan/2026:17:06:09 +0100] "GET /wp-content/uploads/Group-4-5-1.png HTTP/1.1" 304 3418 "https://eliteboxing.inglory.de/" "Serf/1.3.9 (mod_pagespeed/1.13.35.2-0)"
94.130.90.54 - - [12/Jan/2026:17:06:09 +0100] "GET /wp-content/uploads/Group-6-2-1.png HTTP/1.1" 304 3418 "https://eliteboxing.inglory.de/" "Serf/1.3.9 (mod_pagespeed/1.13.35.2-0)"
94.130.90.54 - - [12/Jan/2026:17:06:09 +0100] "GET /wp-content/uploads/Group-4-1.png HTTP/1.1" 304 3418 "https://eliteboxing.inglory.de/" "Serf/1.3.9 (mod_pagespeed/1.13.35.2-0)"
18.201.156.202 - - [12/Jan/2026:17:06:09 +0100] "GET /wp-content/uploads/sponsers-1-1.png HTTP/1.0" 200 101319 "https://eliteboxing.inglory.de/" "Plesk screenshot bot https://support.plesk.com/hc/en-us/articles/10301006946066"
18.201.156.202 - - [12/Jan/2026:17:06:09 +0100] "GET /wp-content/uploads/elementor/css/post-290.css?ver=1767959239 HTTP/1.0" 200 5275 "https://eliteboxing.inglory.de/" "Plesk screenshot bot https://support.plesk.com/hc/en-us/articles/10301006946066"
18.201.156.202 - - [12/Jan/2026:17:06:09 +0100] "GET /wp-content/uploads/elementor/css/post-298.css?ver=1767959239 HTTP/1.0" 200 5276 "https://eliteboxing.inglory.de/" "Plesk screenshot bot https://support.plesk.com/hc/en-us/articles/10301006946066"
18.201.156.202 - - [12/Jan/2026:17:06:09 +0100] "GET /wp-content/uploads/elementor/css/post-301.css?ver=1767959240 HTTP/1.0" 200 5276 "https://eliteboxing.inglory.de/" "Plesk screenshot bot https://support.plesk.com/hc/en-us/articles/10301006946066"
18.201.156.202 - - [12/Jan/2026:17:06:09 +0100] "GET /wp-content/uploads/elementor/css/post-300.css?ver=1767959240 HTTP/1.0" 200 5277 "https://eliteboxing.inglory.de/" "Plesk screenshot bot https://support.plesk.com/hc/en-us/articles/10301006946066"
18.201.156.202 - - [12/Jan/2026:17:06:09 +0100] "GET /wp-content/uploads/elementor/css/post-299.css?ver=1767959239 HTTP/1.0" 200 5277 "https://eliteboxing.inglory.de/" "Plesk screenshot bot https://support.plesk.com/hc/en-us/articles/10301006946066"
18.201.156.202 - - [12/Jan/2026:17:06:09 +0100] "GET /wp-content/uploads/elementor/css/post-302.css?ver=1767959240 HTTP/1.0" 200 5276 "https://eliteboxing.inglory.de/" "Plesk screenshot bot https://support.plesk.com/hc/en-us/articles/10301006946066"
18.201.156.202 - - [12/Jan/2026:17:06:09 +0100] "GET /wp-content/uploads/elementor/css/post-303.css?ver=1767959240 HTTP/1.0" 200 5276 "https://eliteboxing.inglory.de/" "Plesk screenshot bot https://support.plesk.com/hc/en-us/articles/10301006946066"
18.201.156.202 - - [12/Jan/2026:17:06:09 +0100] "GET /wp-content/uploads/elementor/css/post-304.css?ver=1767959240 HTTP/1.0" 200 5275 "https://eliteboxing.inglory.de/" "Plesk screenshot bot https://support.plesk.com/hc/en-us/articles/10301006946066"
18.201.156.202 - - [12/Jan/2026:17:06:09 +0100] "GET /wp-content/plugins/pro-elements/assets/css/modules/sticky.min.css?ver=3.25.3 HTTP/1.0" 200 4314 "https://eliteboxing.inglory.de/" "Plesk screenshot bot https://support.plesk.com/hc/en-us/articles/10301006946066"
18.201.156.202 - - [12/Jan/2026:17:06:09 +0100] "GET /wp-content/plugins/elementor/assets/js/webpack.runtime.min.js?ver=3.34.1 HTTP/1.0" 200 6713 "https://eliteboxing.inglory.de/" "Plesk screenshot bot https://support.plesk.com/hc/en-us/articles/10301006946066"
18.201.156.202 - - [12/Jan/2026:17:06:09 +0100] "GET /wp-content/plugins/elementor/assets/js/frontend-modules.min.js?ver=3.34.1 HTTP/1.0" 200 29823 "https://eliteboxing.inglory.de/" "Plesk screenshot bot https://support.plesk.com/hc/en-us/articles/10301006946066"
18.201.156.202 - - [12/Jan/2026:17:06:09 +0100] "GET /wp-includes/js/jquery/ui/core.min.js?ver=1.13.3 HTTP/1.0" 200 11332 "https://eliteboxing.inglory.de/" "Plesk screenshot bot https://support.plesk.com/hc/en-us/articles/10301006946066"
18.201.156.202 - - [12/Jan/2026:17:06:09 +0100] "GET /wp-content/uploads/elementor/css/post-305.css?ver=1767959240 HTTP/1.0" 200 5274 "https://eliteboxing.inglory.de/" "Plesk screenshot bot https://support.plesk.com/hc/en-us/articles/10301006946066"
18.201.156.202 - - [12/Jan/2026:17:06:09 +0100] "GET /wp-content/plugins/pro-elements/assets/lib/smartmenus/jquery.smartmenus.min.js?ver=1.2.1 HTTP/1.0" 200 11293 "https://eliteboxing.inglory.de/" "Plesk screenshot bot https://support.plesk.com/hc/en-us/articles/10301006946066"
18.201.156.202 - - [12/Jan/2026:17:06:09 +0100] "GET /wp-content/plugins/elementor/assets/js/frontend.min.js?ver=3.34.1 HTTP/1.0" 200 14547 "https://eliteboxing.inglory.de/" "Plesk screenshot bot https://support.plesk.com/hc/en-us/articles/10301006946066"
18.201.156.202 - - [12/Jan/2026:17:06:09 +0100] "GET /wp-includes/js/imagesloaded.min.js?ver=5.0.0 HTTP/1.0" 200 6039 "https://eliteboxing.inglory.de/" "Plesk screenshot bot https://support.plesk.com/hc/en-us/articles/10301006946066"
18.201.156.202 - - [12/Jan/2026:17:06:09 +0100] "GET /wp-content/plugins/pro-elements/assets/lib/sticky/jquery.sticky.min.js?ver=3.25.3 HTTP/1.0" 200 5757 "https://eliteboxing.inglory.de/" "Plesk screenshot bot https://support.plesk.com/hc/en-us/articles/10301006946066"
18.201.156.202 - - [12/Jan/2026:17:06:09 +0100] "GET /wp-content/plugins/pro-elements/assets/js/webpack-pro.runtime.min.js?ver=3.25.3 HTTP/1.0" 200 7093 "https://eliteboxing.inglory.de/" "Plesk screenshot bot https://support.plesk.com/hc/en-us/articles/10301006946066"
18.201.156.202 - - [12/Jan/2026:17:06:09 +0100] "GET /wp-includes/js/dist/i18n.min.js?ver=c26c3dc7bed366793375 HTTP/1.0" 200 6466 "https://eliteboxing.inglory.de/" "Plesk screenshot bot https://support.plesk.com/hc/en-us/articles/10301006946066"
18.201.156.202 - - [12/Jan/2026:17:06:09 +0100] "GET /wp-content/uploads/logo.svg HTTP/1.0" 200 5186 "https://eliteboxing.inglory.de/" "Plesk screenshot bot https://support.plesk.com/hc/en-us/articles/10301006946066"
18.201.156.202 - - [12/Jan/2026:17:06:09 +0100] "GET /wp-content/plugins/pro-elements/assets/js/elements-handlers.min.js?ver=3.25.3 HTTP/1.0" 200 14360 "https://eliteboxing.inglory.de/" "Plesk screenshot bot https://support.plesk.com/hc/en-us/articles/10301006946066"
18.201.156.202 - - [12/Jan/2026:17:06:09 +0100] "GET /wp-content/uploads/rating.svg HTTP/1.0" 200 7209 "https://eliteboxing.inglory.de/" "Plesk screenshot bot https://support.plesk.com/hc/en-us/articles/10301006946066"
