94.130.90.54 - - [15/Jan/2026:13:18:39 +0100] "GET /wp-includes/js/jquery/ui/core.min.js?ver=1.13.3 HTTP/1.1" 200 25081 "https://eliteboxing.inglory.de/" "Serf/1.3.9 (mod_pagespeed/1.13.35.2-0)"
94.130.90.54 - - [15/Jan/2026:13:18:39 +0100] "GET /wp-content/plugins/pro-elements/assets/js/frontend.min.js?ver=3.25.3 HTTP/1.1" 200 28530 "https://eliteboxing.inglory.de/" "Serf/1.3.9 (mod_pagespeed/1.13.35.2-0)"
94.130.90.54 - - [15/Jan/2026:13:18:39 +0100] "GET /wp-content/plugins/pro-elements/assets/js/elements-handlers.min.js?ver=3.25.3 HTTP/1.1" 200 46553 "https://eliteboxing.inglory.de/" "Serf/1.3.9 (mod_pagespeed/1.13.35.2-0)"
94.130.90.54 - - [15/Jan/2026:13:18:39 +0100] "GET /wp-content/uploads/elementor/css/post-14.css?ver=1767959239 HTTP/1.1" 200 261531 "https://eliteboxing.inglory.de/" "Serf/1.3.9 (mod_pagespeed/1.13.35.2-0)"
94.130.90.54 - - [15/Jan/2026:13:18:39 +0100] "GET /wp-content/uploads/logo-1.svg HTTP/1.1" 200 44389 "https://eliteboxing.inglory.de/" "Serf/1.3.9 (mod_pagespeed/1.13.35.2-0)"
94.130.90.54 - - [15/Jan/2026:13:18:39 +0100] "GET /wp-content/uploads/menu-button-3.svg HTTP/1.1" 200 3834 "https://eliteboxing.inglory.de/" "Serf/1.3.9 (mod_pagespeed/1.13.35.2-0)"
94.130.90.54 - - [15/Jan/2026:13:18:39 +0100] "GET /wp-content/uploads/logo.svg HTTP/1.1" 200 4699 "https://eliteboxing.inglory.de/" "Serf/1.3.9 (mod_pagespeed/1.13.35.2-0)"
94.130.90.54 - - [15/Jan/2026:13:18:39 +0100] "GET /wp-content/uploads/quote.svg HTTP/1.1" 200 10505 "https://eliteboxing.inglory.de/" "Serf/1.3.9 (mod_pagespeed/1.13.35.2-0)"
94.130.90.54 - - [15/Jan/2026:13:18:39 +0100] "GET /wp-content/uploads/rating.svg HTTP/1.1" 200 6729 "https://eliteboxing.inglory.de/" "Serf/1.3.9 (mod_pagespeed/1.13.35.2-0)"
94.130.90.54 - - [15/Jan/2026:13:18:39 +0100] "GET /wp-content/uploads/menu-button-2.svg HTTP/1.1" 200 3743 "https://eliteboxing.inglory.de/" "Serf/1.3.9 (mod_pagespeed/1.13.35.2-0)"
94.130.90.54 - - [15/Jan/2026:13:18:39 +0100] "GET /wp-content/plugins/elementor/assets/js/frontend.min.js?ver=3.34.1 HTTP/1.1" 200 35497 "https://eliteboxing.inglory.de/" "Serf/1.3.9 (mod_pagespeed/1.13.35.2-0)"
94.130.90.54 - - [15/Jan/2026:13:18:39 +0100] "GET /wp-content/plugins/pro-elements/assets/js/webpack-pro.runtime.min.js?ver=3.25.3 HTTP/1.1" 200 9849 "https://eliteboxing.inglory.de/" "Serf/1.3.9 (mod_pagespeed/1.13.35.2-0)"
94.130.90.54 - - [15/Jan/2026:13:18:39 +0100] "GET /wp-content/uploads/bg-3-1.jpg HTTP/1.1" 200 212002 "https://eliteboxing.inglory.de/" "Serf/1.3.9 (mod_pagespeed/1.13.35.2-0)"
94.130.90.54 - - [15/Jan/2026:13:18:39 +0100] "GET /wp-content/uploads/Group-4-1.jpg HTTP/1.1" 200 60948 "https://eliteboxing.inglory.de/" "Serf/1.3.9 (mod_pagespeed/1.13.35.2-0)"
94.130.90.54 - - [15/Jan/2026:13:18:39 +0100] "GET /wp-content/uploads/Group-5-1.jpg HTTP/1.1" 200 67320 "https://eliteboxing.inglory.de/" "Serf/1.3.9 (mod_pagespeed/1.13.35.2-0)"
94.130.90.54 - - [15/Jan/2026:13:18:39 +0100] "GET /wp-content/uploads/Group-3-1.jpg HTTP/1.1" 200 105807 "https://eliteboxing.inglory.de/" "Serf/1.3.9 (mod_pagespeed/1.13.35.2-0)"
94.130.90.54 - - [15/Jan/2026:13:18:39 +0100] "GET /wp-content/uploads/Group-3-2-1.jpg HTTP/1.1" 200 97812 "https://eliteboxing.inglory.de/" "Serf/1.3.9 (mod_pagespeed/1.13.35.2-0)"
94.130.90.54 - - [15/Jan/2026:13:18:39 +0100] "GET /wp-content/uploads/bg-1.jpg HTTP/1.1" 200 113436 "https://eliteboxing.inglory.de/" "Serf/1.3.9 (mod_pagespeed/1.13.35.2-0)"
94.130.90.54 - - [15/Jan/2026:13:18:39 +0100] "GET /wp-content/uploads/bg-4-1.jpg HTTP/1.1" 200 232515 "https://eliteboxing.inglory.de/" "Serf/1.3.9 (mod_pagespeed/1.13.35.2-0)"
94.130.90.54 - - [15/Jan/2026:13:18:39 +0100] "GET /wp-content/uploads/Group-4-5-1.png HTTP/1.1" 200 209789 "https://eliteboxing.inglory.de/" "Serf/1.3.9 (mod_pagespeed/1.13.35.2-0)"
94.130.90.54 - - [15/Jan/2026:13:18:39 +0100] "GET /wp-content/uploads/Group-6-2-1.png HTTP/1.1" 200 222011 "https://eliteboxing.inglory.de/" "Serf/1.3.9 (mod_pagespeed/1.13.35.2-0)"
94.130.90.54 - - [15/Jan/2026:13:18:39 +0100] "GET /wp-content/uploads/Group-4-1.png HTTP/1.1" 200 191566 "https://eliteboxing.inglory.de/" "Serf/1.3.9 (mod_pagespeed/1.13.35.2-0)"
94.130.90.54 - - [15/Jan/2026:18:06:21 +0100] "POST /wp-cron.php?doing_wp_cron=1768496781.9264330863952636718750 HTTP/1.0" 200 4080 "-" "WordPress/6.9; https://eliteboxing.inglory.de"
94.130.90.54 - - [15/Jan/2026:18:06:21 +0100] "GET /wp-content/themes/hello-elementor/assets/css/reset.css?ver=3.4.5 HTTP/1.1" 200 9029 "https://eliteboxing.inglory.de/" "Serf/1.3.9 (mod_pagespeed/1.13.35.2-0)"
94.130.90.54 - - [15/Jan/2026:18:06:21 +0100] "GET /wp-content/themes/hello-elementor/assets/css/theme.css?ver=3.4.5 HTTP/1.1" 200 8670 "https://eliteboxing.inglory.de/" "Serf/1.3.9 (mod_pagespeed/1.13.35.2-0)"
94.130.90.54 - - [15/Jan/2026:18:06:21 +0100] "GET /wp-content/themes/hello-elementor/assets/css/header-footer.css?ver=3.4.5 HTTP/1.1" 200 10755 "https://eliteboxing.inglory.de/" "Serf/1.3.9 (mod_pagespeed/1.13.35.2-0)"
94.130.90.54 - - [15/Jan/2026:18:06:21 +0100] "GET /wp-content/plugins/elementor/assets/css/frontend.min.css?ver=3.34.1 HTTP/1.1" 200 58225 "https://eliteboxing.inglory.de/" "Serf/1.3.9 (mod_pagespeed/1.13.35.2-0)"
94.130.90.54 - - [15/Jan/2026:18:06:21 +0100] "GET /wp-content/plugins/elementor/assets/css/widget-image.min.css?ver=3.34.1 HTTP/1.1" 200 3755 "https://eliteboxing.inglory.de/" "Serf/1.3.9 (mod_pagespeed/1.13.35.2-0)"
94.130.90.54 - - [15/Jan/2026:18:06:21 +0100] "GET /wp-content/plugins/pro-elements/assets/css/widget-nav-menu.min.css?ver=3.25.3 HTTP/1.1" 200 30395 "https://eliteboxing.inglory.de/" "Serf/1.3.9 (mod_pagespeed/1.13.35.2-0)"
54.246.43.186 - - [15/Jan/2026:18:06:21 +0100] "GET / HTTP/1.0" 200 36189 "-" "Plesk screenshot bot https://support.plesk.com/hc/en-us/articles/10301006946066"
94.130.90.54 - - [15/Jan/2026:18:06:22 +0100] "GET /wp-content/plugins/elementor/assets/css/widget-heading.min.css?ver=3.34.1 HTTP/1.1" 200 4102 "https://eliteboxing.inglory.de/" "Serf/1.3.9 (mod_pagespeed/1.13.35.2-0)"
94.130.90.54 - - [15/Jan/2026:18:06:22 +0100] "GET /wp-content/plugins/elementor/assets/css/widget-icon-list.min.css?ver=3.34.1 HTTP/1.1" 200 13829 "https://eliteboxing.inglory.de/" "Serf/1.3.9 (mod_pagespeed/1.13.35.2-0)"
94.130.90.54 - - [15/Jan/2026:18:06:22 +0100] "GET /wp-content/plugins/elementor/assets/css/widget-social-icons.min.css?ver=3.34.1 HTTP/1.1" 200 8683 "https://eliteboxing.inglory.de/" "Serf/1.3.9 (mod_pagespeed/1.13.35.2-0)"
94.130.90.54 - - [15/Jan/2026:18:06:22 +0100] "GET /wp-content/plugins/elementor/assets/css/conditionals/apple-webkit.min.css?ver=3.34.1 HTTP/1.1" 200 10286 "https://eliteboxing.inglory.de/" "Serf/1.3.9 (mod_pagespeed/1.13.35.2-0)"
94.130.90.54 - - [15/Jan/2026:18:06:22 +0100] "GET /wp-content/plugins/elementor/assets/lib/animations/styles/fadeIn.min.css?ver=3.34.1 HTTP/1.1" 200 3617 "https://eliteboxing.inglory.de/" "Serf/1.3.9 (mod_pagespeed/1.13.35.2-0)"
94.130.90.54 - - [15/Jan/2026:18:06:22 +0100] "GET /wp-content/plugins/elementor/assets/lib/eicons/css/elementor-icons.min.css?ver=5.45.0 HTTP/1.1" 200 25018 "https://eliteboxing.inglory.de/" "Serf/1.3.9 (mod_pagespeed/1.13.35.2-0)"
94.130.90.54 - - [15/Jan/2026:18:06:22 +0100] "GET /wp-content/uploads/elementor/css/post-9.css?ver=1767948733 HTTP/1.1" 200 8948 "https://eliteboxing.inglory.de/" "Serf/1.3.9 (mod_pagespeed/1.13.35.2-0)"
94.130.90.54 - - [15/Jan/2026:18:06:22 +0100] "GET /wp-content/plugins/pro-elements/assets/css/conditionals/popup.min.css?ver=3.25.3 HTTP/1.1" 200 4516 "https://eliteboxing.inglory.de/" "Serf/1.3.9 (mod_pagespeed/1.13.35.2-0)"
94.130.90.54 - - [15/Jan/2026:18:06:22 +0100] "GET /wp-content/plugins/elementor/assets/css/widget-icon-box.min.css?ver=3.34.1 HTTP/1.1" 200 8299 "https://eliteboxing.inglory.de/" "Serf/1.3.9 (mod_pagespeed/1.13.35.2-0)"
94.130.90.54 - - [15/Jan/2026:18:06:22 +0100] "GET /wp-content/plugins/elementor/assets/lib/swiper/v8/css/swiper.min.css?ver=8.4.5 HTTP/1.1" 200 20074 "https://eliteboxing.inglory.de/" "Serf/1.3.9 (mod_pagespeed/1.13.35.2-0)"
94.130.90.54 - - [15/Jan/2026:18:06:22 +0100] "GET /wp-content/plugins/elementor/assets/css/conditionals/e-swiper.min.css?ver=3.34.1 HTTP/1.1" 200 9059 "https://eliteboxing.inglory.de/" "Serf/1.3.9 (mod_pagespeed/1.13.35.2-0)"
94.130.90.54 - - [15/Jan/2026:18:06:22 +0100] "GET /wp-content/plugins/pro-elements/assets/css/widget-testimonial-carousel.min.css?ver=3.25.3 HTTP/1.1" 200 23637 "https://eliteboxing.inglory.de/" "Serf/1.3.9 (mod_pagespeed/1.13.35.2-0)"
94.130.90.54 - - [15/Jan/2026:18:06:22 +0100] "GET /wp-content/plugins/pro-elements/assets/css/widget-carousel-module-base.min.css?ver=3.25.3 HTTP/1.1" 200 7418 "https://eliteboxing.inglory.de/" "Serf/1.3.9 (mod_pagespeed/1.13.35.2-0)"
94.130.90.54 - - [15/Jan/2026:18:06:22 +0100] "GET /wp-content/plugins/elementor/assets/css/widget-rating.min.css?ver=3.34.1 HTTP/1.1" 200 4853 "https://eliteboxing.inglory.de/" "Serf/1.3.9 (mod_pagespeed/1.13.35.2-0)"
94.130.90.54 - - [15/Jan/2026:18:06:22 +0100] "GET /wp-content/plugins/elementor/assets/css/widget-divider.min.css?ver=3.34.1 HTTP/1.1" 200 7831 "https://eliteboxing.inglory.de/" "Serf/1.3.9 (mod_pagespeed/1.13.35.2-0)"
94.130.90.54 - - [15/Jan/2026:18:06:22 +0100] "GET /wp-content/plugins/elementor/assets/css/widget-google_maps.min.css?ver=3.34.1 HTTP/1.1" 200 3803 "https://eliteboxing.inglory.de/" "Serf/1.3.9 (mod_pagespeed/1.13.35.2-0)"
94.130.90.54 - - [15/Jan/2026:18:06:22 +0100] "GET /wp-content/plugins/pro-elements/assets/css/widget-form.min.css?ver=3.25.3 HTTP/1.1" 200 10353 "https://eliteboxing.inglory.de/" "Serf/1.3.9 (mod_pagespeed/1.13.35.2-0)"
94.130.90.54 - - [15/Jan/2026:18:06:22 +0100] "GET /wp-content/uploads/elementor/css/post-108.css?ver=1767948733 HTTP/1.1" 200 11238 "https://eliteboxing.inglory.de/" "Serf/1.3.9 (mod_pagespeed/1.13.35.2-0)"
94.130.90.54 - - [15/Jan/2026:18:06:22 +0100] "GET /wp-content/uploads/elementor/css/post-109.css?ver=1767948733 HTTP/1.1" 200 27954 "https://eliteboxing.inglory.de/" "Serf/1.3.9 (mod_pagespeed/1.13.35.2-0)"
94.130.90.54 - - [15/Jan/2026:18:06:22 +0100] "GET /wp-content/uploads/elementor/css/post-110.css?ver=1767948733 HTTP/1.1" 200 10148 "https://eliteboxing.inglory.de/" "Serf/1.3.9 (mod_pagespeed/1.13.35.2-0)"
94.130.90.54 - - [15/Jan/2026:18:06:22 +0100] "GET /wp-content/uploads/elementor/google-fonts/css/raleway.css?ver=1742275045 HTTP/1.1" 200 41054 "https://eliteboxing.inglory.de/" "Serf/1.3.9 (mod_pagespeed/1.13.35.2-0)"
94.130.90.54 - - [15/Jan/2026:18:06:22 +0100] "GET /wp-content/uploads/elementor/google-fonts/css/geologica.css?ver=1742275048 HTTP/1.1" 200 28614 "https://eliteboxing.inglory.de/" "Serf/1.3.9 (mod_pagespeed/1.13.35.2-0)"
94.130.90.54 - - [15/Jan/2026:18:06:22 +0100] "GET /wp-content/plugins/elementor/assets/lib/font-awesome/css/fontawesome.min.css?ver=5.15.3 HTTP/1.1" 200 61732 "https://eliteboxing.inglory.de/" "Serf/1.3.9 (mod_pagespeed/1.13.35.2-0)"
54.246.43.186 - - [15/Jan/2026:18:06:22 +0100] "GET /wp-content/themes/hello-elementor/assets/css/reset.css,qver=3.4.5.pagespeed.ce.r0uWONaZVx.css HTTP/1.0" 200 5987 "https://eliteboxing.inglory.de/" "Plesk screenshot bot https://support.plesk.com/hc/en-us/articles/10301006946066"
54.246.43.186 - - [15/Jan/2026:18:06:22 +0100] "GET /wp-content/plugins/elementor/assets/css/widget-image.min.css?ver=3.34.1 HTTP/1.0" 200 4333 "https://eliteboxing.inglory.de/" "Plesk screenshot bot https://support.plesk.com/hc/en-us/articles/10301006946066"
54.246.43.186 - - [15/Jan/2026:18:06:22 +0100] "GET /wp-content/plugins/pro-elements/assets/css/widget-nav-menu.min.css?ver=3.25.3 HTTP/1.0" 200 7526 "https://eliteboxing.inglory.de/" "Plesk screenshot bot https://support.plesk.com/hc/en-us/articles/10301006946066"
54.246.43.186 - - [15/Jan/2026:18:06:22 +0100] "GET /wp-content/themes/hello-elementor/assets/css/header-footer.css,qver=3.4.5.pagespeed.ce.htu0eVW7nb.css HTTP/1.0" 200 5574 "https://eliteboxing.inglory.de/" "Plesk screenshot bot https://support.plesk.com/hc/en-us/articles/10301006946066"
54.246.43.186 - - [15/Jan/2026:18:06:22 +0100] "GET /wp-content/plugins/elementor/assets/css/frontend.min.css?ver=3.34.1 HTTP/1.0" 200 11406 "https://eliteboxing.inglory.de/" "Plesk screenshot bot https://support.plesk.com/hc/en-us/articles/10301006946066"
54.246.43.186 - - [15/Jan/2026:18:06:22 +0100] "GET /wp-content/plugins/elementor/assets/css/widget-icon-list.min.css?ver=3.34.1 HTTP/1.0" 200 5221 "https://eliteboxing.inglory.de/" "Plesk screenshot bot https://support.plesk.com/hc/en-us/articles/10301006946066"
54.246.43.186 - - [15/Jan/2026:18:06:22 +0100] "GET /wp-content/themes/hello-elementor/assets/css/theme.css,qver=3.4.5.pagespeed.ce.pIDSv4xSPa.css HTTP/1.0" 200 5422 "https://eliteboxing.inglory.de/" "Plesk screenshot bot https://support.plesk.com/hc/en-us/articles/10301006946066"
54.246.43.186 - - [15/Jan/2026:18:06:22 +0100] "GET /wp-content/plugins/elementor/assets/css/conditionals/apple-webkit.min.css?ver=3.34.1 HTTP/1.0" 200 4746 "https://eliteboxing.inglory.de/" "Plesk screenshot bot https://support.plesk.com/hc/en-us/articles/10301006946066"
54.246.43.186 - - [15/Jan/2026:18:06:22 +0100] "GET /wp-content/uploads/elementor/css/post-9.css?ver=1767948733 HTTP/1.0" 200 5193 "https://eliteboxing.inglory.de/" "Plesk screenshot bot https://support.plesk.com/hc/en-us/articles/10301006946066"
54.246.43.186 - - [15/Jan/2026:18:06:22 +0100] "GET /wp-content/plugins/elementor/assets/lib/animations/styles/fadeIn.min.css?ver=3.34.1 HTTP/1.0" 200 4275 "https://eliteboxing.inglory.de/" "Plesk screenshot bot https://support.plesk.com/hc/en-us/articles/10301006946066"
54.246.43.186 - - [15/Jan/2026:18:06:22 +0100] "GET /wp-content/plugins/elementor/assets/css/widget-social-icons.min.css?ver=3.34.1 HTTP/1.0" 200 5332 "https://eliteboxing.inglory.de/" "Plesk screenshot bot https://support.plesk.com/hc/en-us/articles/10301006946066"
54.246.43.186 - - [15/Jan/2026:18:06:22 +0100] "GET /wp-content/plugins/elementor/assets/lib/eicons/css/elementor-icons.min.css?ver=5.45.0 HTTP/1.0" 200 8523 "https://eliteboxing.inglory.de/" "Plesk screenshot bot https://support.plesk.com/hc/en-us/articles/10301006946066"
54.246.43.186 - - [15/Jan/2026:18:06:22 +0100] "GET /wp-content/plugins/pro-elements/assets/css/conditionals/popup.min.css?ver=3.25.3 HTTP/1.0" 200 4609 "https://eliteboxing.inglory.de/" "Plesk screenshot bot https://support.plesk.com/hc/en-us/articles/10301006946066"
54.246.43.186 - - [15/Jan/2026:18:06:22 +0100] "GET /wp-content/plugins/elementor/assets/css/widget-heading.min.css?ver=3.34.1 HTTP/1.0" 200 4359 "https://eliteboxing.inglory.de/" "Plesk screenshot bot https://support.plesk.com/hc/en-us/articles/10301006946066"
54.246.43.186 - - [15/Jan/2026:18:06:22 +0100] "GET /wp-content/plugins/elementor/assets/css/widget-icon-box.min.css?ver=3.34.1 HTTP/1.0" 200 4635 "https://eliteboxing.inglory.de/" "Plesk screenshot bot https://support.plesk.com/hc/en-us/articles/10301006946066"
54.246.43.186 - - [15/Jan/2026:18:06:22 +0100] "GET /wp-content/plugins/elementor/assets/lib/swiper/v8/css/swiper.min.css?ver=8.4.5 HTTP/1.0" 200 8786 "https://eliteboxing.inglory.de/" "Plesk screenshot bot https://support.plesk.com/hc/en-us/articles/10301006946066"
94.130.90.54 - - [15/Jan/2026:18:06:22 +0100] "GET /wp-content/plugins/elementor/assets/lib/font-awesome/css/brands.min.css?ver=5.15.3 HTTP/1.1" 200 4217 "https://eliteboxing.inglory.de/" "Serf/1.3.9 (mod_pagespeed/1.13.35.2-0)"
54.246.43.186 - - [15/Jan/2026:18:06:22 +0100] "GET /wp-content/plugins/elementor/assets/css/conditionals/e-swiper.min.css?ver=3.34.1 HTTP/1.0" 200 4990 "https://eliteboxing.inglory.de/" "Plesk screenshot bot https://support.plesk.com/hc/en-us/articles/10301006946066"
94.130.90.54 - - [15/Jan/2026:18:06:22 +0100] "GET /wp-content/plugins/elementor/assets/lib/font-awesome/css/solid.min.css?ver=5.15.3 HTTP/1.1" 200 4211 "https://eliteboxing.inglory.de/" "Serf/1.3.9 (mod_pagespeed/1.13.35.2-0)"
94.130.90.54 - - [15/Jan/2026:18:06:22 +0100] "GET /wp-content/uploads/elementor/css/post-290.css?ver=1767959239 HTTP/1.1" 200 10116 "https://eliteboxing.inglory.de/" "Serf/1.3.9 (mod_pagespeed/1.13.35.2-0)"
94.130.90.54 - - [15/Jan/2026:18:06:22 +0100] "GET /wp-content/uploads/elementor/css/post-298.css?ver=1767959239 HTTP/1.1" 200 10116 "https://eliteboxing.inglory.de/" "Serf/1.3.9 (mod_pagespeed/1.13.35.2-0)"
94.130.90.54 - - [15/Jan/2026:18:06:22 +0100] "GET /wp-content/uploads/elementor/css/post-299.css?ver=1767959239 HTTP/1.1" 200 10116 "https://eliteboxing.inglory.de/" "Serf/1.3.9 (mod_pagespeed/1.13.35.2-0)"
94.130.90.54 - - [15/Jan/2026:18:06:22 +0100] "GET /wp-content/uploads/elementor/css/post-300.css?ver=1767959240 HTTP/1.1" 200 10116 "https://eliteboxing.inglory.de/" "Serf/1.3.9 (mod_pagespeed/1.13.35.2-0)"
94.130.90.54 - - [15/Jan/2026:18:06:22 +0100] "GET /wp-content/uploads/elementor/css/post-301.css?ver=1767959240 HTTP/1.1" 200 10116 "https://eliteboxing.inglory.de/" "Serf/1.3.9 (mod_pagespeed/1.13.35.2-0)"
94.130.90.54 - - [15/Jan/2026:18:06:22 +0100] "GET /wp-content/uploads/elementor/css/post-302.css?ver=1767959240 HTTP/1.1" 200 10116 "https://eliteboxing.inglory.de/" "Serf/1.3.9 (mod_pagespeed/1.13.35.2-0)"
94.130.90.54 - - [15/Jan/2026:18:06:22 +0100] "GET /wp-content/uploads/elementor/css/post-303.css?ver=1767959240 HTTP/1.1" 200 10116 "https://eliteboxing.inglory.de/" "Serf/1.3.9 (mod_pagespeed/1.13.35.2-0)"
54.246.43.186 - - [15/Jan/2026:18:06:22 +0100] "GET /wp-content/uploads/elementor/google-fonts/css/raleway.css?ver=1742275045 HTTP/1.0" 200 5282 "https://eliteboxing.inglory.de/" "Plesk screenshot bot https://support.plesk.com/hc/en-us/articles/10301006946066"
54.246.43.186 - - [15/Jan/2026:18:06:22 +0100] "GET /wp-content/plugins/pro-elements/assets/css/widget-testimonial-carousel.min.css?ver=3.25.3 HTTP/1.0" 200 5685 "https://eliteboxing.inglory.de/" "Plesk screenshot bot https://support.plesk.com/hc/en-us/articles/10301006946066"
54.246.43.186 - - [15/Jan/2026:18:06:22 +0100] "GET /wp-content/plugins/pro-elements/assets/css/widget-carousel-module-base.min.css?ver=3.25.3 HTTP/1.0" 200 4873 "https://eliteboxing.inglory.de/" "Plesk screenshot bot https://support.plesk.com/hc/en-us/articles/10301006946066"
54.246.43.186 - - [15/Jan/2026:18:06:22 +0100] "GET /wp-content/plugins/elementor/assets/css/widget-divider.min.css?ver=3.34.1 HTTP/1.0" 200 4933 "https://eliteboxing.inglory.de/" "Plesk screenshot bot https://support.plesk.com/hc/en-us/articles/10301006946066"
54.246.43.186 - - [15/Jan/2026:18:06:22 +0100] "GET /wp-content/plugins/elementor/assets/css/widget-rating.min.css?ver=3.34.1 HTTP/1.0" 200 4597 "https://eliteboxing.inglory.de/" "Plesk screenshot bot https://support.plesk.com/hc/en-us/articles/10301006946066"
54.246.43.186 - - [15/Jan/2026:18:06:22 +0100] "GET /wp-content/plugins/elementor/assets/css/widget-google_maps.min.css?ver=3.34.1 HTTP/1.0" 200 4335 "https://eliteboxing.inglory.de/" "Plesk screenshot bot https://support.plesk.com/hc/en-us/articles/10301006946066"
94.130.90.54 - - [15/Jan/2026:18:06:22 +0100] "GET /wp-content/uploads/elementor/css/post-304.css?ver=1767959240 HTTP/1.1" 200 10116 "https://eliteboxing.inglory.de/" "Serf/1.3.9 (mod_pagespeed/1.13.35.2-0)"
54.246.43.186 - - [15/Jan/2026:18:06:22 +0100] "GET /wp-content/uploads/elementor/css/post-108.css?ver=1767948733 HTTP/1.0" 200 5440 "https://eliteboxing.inglory.de/" "Plesk screenshot bot https://support.plesk.com/hc/en-us/articles/10301006946066"
54.246.43.186 - - [15/Jan/2026:18:06:22 +0100] "GET /wp-content/plugins/pro-elements/assets/css/widget-form.min.css?ver=3.25.3 HTTP/1.0" 200 5765 "https://eliteboxing.inglory.de/" "Plesk screenshot bot https://support.plesk.com/hc/en-us/articles/10301006946066"
54.246.43.186 - - [15/Jan/2026:18:06:22 +0100] "GET /wp-content/uploads/elementor/css/post-109.css?ver=1767948733 HTTP/1.0" 200 6493 "https://eliteboxing.inglory.de/" "Plesk screenshot bot https://support.plesk.com/hc/en-us/articles/10301006946066"
54.246.43.186 - - [15/Jan/2026:18:06:22 +0100] "GET /wp-content/uploads/elementor/css/post-110.css?ver=1767948733 HTTP/1.0" 200 5297 "https://eliteboxing.inglory.de/" "Plesk screenshot bot https://support.plesk.com/hc/en-us/articles/10301006946066"
54.246.43.186 - - [15/Jan/2026:18:06:22 +0100] "GET /wp-content/uploads/elementor/google-fonts/css/geologica.css?ver=1742275048 HTTP/1.0" 200 5167 "https://eliteboxing.inglory.de/" "Plesk screenshot bot https://support.plesk.com/hc/en-us/articles/10301006946066"
54.246.43.186 - - [15/Jan/2026:18:06:22 +0100] "GET /wp-content/plugins/elementor/assets/lib/font-awesome/css/fontawesome.min.css?ver=5.15.3 HTTP/1.0" 200 16683 "https://eliteboxing.inglory.de/" "Plesk screenshot bot https://support.plesk.com/hc/en-us/articles/10301006946066"
54.246.43.186 - - [15/Jan/2026:18:06:22 +0100] "GET /wp-content/plugins/elementor/assets/lib/font-awesome/css/brands.min.css?ver=5.15.3 HTTP/1.0" 200 4507 "https://eliteboxing.inglory.de/" "Plesk screenshot bot https://support.plesk.com/hc/en-us/articles/10301006946066"
94.130.90.54 - - [15/Jan/2026:18:06:22 +0100] "GET /wp-content/uploads/elementor/css/post-305.css?ver=1767959240 HTTP/1.1" 200 10116 "https://eliteboxing.inglory.de/" "Serf/1.3.9 (mod_pagespeed/1.13.35.2-0)"
54.246.43.186 - - [15/Jan/2026:18:06:22 +0100] "GET /wp-content/plugins/elementor/assets/lib/font-awesome/css/solid.min.css?ver=5.15.3 HTTP/1.0" 200 4508 "https://eliteboxing.inglory.de/" "Plesk screenshot bot https://support.plesk.com/hc/en-us/articles/10301006946066"
54.246.43.186 - - [15/Jan/2026:18:06:22 +0100] "GET /wp-content/uploads/logo-1.svg HTTP/1.0" 200 44883 "https://eliteboxing.inglory.de/" "Plesk screenshot bot https://support.plesk.com/hc/en-us/articles/10301006946066"
54.246.43.186 - - [15/Jan/2026:18:06:22 +0100] "GET /wp-content/uploads/Group-2-2-1024x426.png HTTP/1.0" 200 161743 "https://eliteboxing.inglory.de/" "Plesk screenshot bot https://support.plesk.com/hc/en-us/articles/10301006946066"
54.246.43.186 - - [15/Jan/2026:18:06:22 +0100] "GET /wp-includes/js/jquery/jquery-migrate.min.js?ver=3.4.1 HTTP/1.0" 200 9018 "https://eliteboxing.inglory.de/" "Plesk screenshot bot https://support.plesk.com/hc/en-us/articles/10301006946066"
54.246.43.186 - - [15/Jan/2026:18:06:22 +0100] "GET /wp-content/uploads/sponsers.png HTTP/1.0" 200 113276 "https://eliteboxing.inglory.de/" "Plesk screenshot bot https://support.plesk.com/hc/en-us/articles/10301006946066"
94.130.90.54 - - [15/Jan/2026:18:06:22 +0100] "GET /wp-content/plugins/pro-elements/assets/css/modules/sticky.min.css?ver=3.25.3 HTTP/1.1" 200 3703 "https://eliteboxing.inglory.de/" "Serf/1.3.9 (mod_pagespeed/1.13.35.2-0)"
54.246.43.186 - - [15/Jan/2026:18:06:22 +0100] "GET /wp-content/uploads/elementor/css/post-14.css?ver=1767959239 HTTP/1.0" 200 18448 "https://eliteboxing.inglory.de/" "Plesk screenshot bot https://support.plesk.com/hc/en-us/articles/10301006946066"
94.130.90.54 - - [15/Jan/2026:18:06:22 +0100] "GET /wp-content/plugins/pro-elements/assets/lib/smartmenus/jquery.smartmenus.min.js?ver=1.2.1 HTTP/1.1" 200 27726 "https://eliteboxing.inglory.de/" "Serf/1.3.9 (mod_pagespeed/1.13.35.2-0)"
54.246.43.186 - - [15/Jan/2026:18:06:22 +0100] "GET /wp-includes/js/jquery/jquery.min.js?ver=3.7.1 HTTP/1.0" 200 34582 "https://eliteboxing.inglory.de/" "Plesk screenshot bot https://support.plesk.com/hc/en-us/articles/10301006946066"
94.130.90.54 - - [15/Jan/2026:18:06:22 +0100] "GET /wp-content/plugins/pro-elements/assets/lib/sticky/jquery.sticky.min.js?ver=3.25.3 HTTP/1.1" 200 7307 "https://eliteboxing.inglory.de/" "Serf/1.3.9 (mod_pagespeed/1.13.35.2-0)"
94.130.90.54 - - [15/Jan/2026:18:06:22 +0100] "GET /wp-includes/js/imagesloaded.min.js?ver=5.0.0 HTTP/1.1" 200 9107 "https://eliteboxing.inglory.de/" "Serf/1.3.9 (mod_pagespeed/1.13.35.2-0)"
94.130.90.54 - - [15/Jan/2026:18:06:22 +0100] "GET /wp-includes/js/dist/hooks.min.js?ver=dd5603f07f9220ed27f1 HTTP/1.1" 200 9248 "https://eliteboxing.inglory.de/" "Serf/1.3.9 (mod_pagespeed/1.13.35.2-0)"
94.130.90.54 - - [15/Jan/2026:18:06:22 +0100] "GET /wp-includes/js/dist/i18n.min.js?ver=c26c3dc7bed366793375 HTTP/1.1" 200 8901 "https://eliteboxing.inglory.de/" "Serf/1.3.9 (mod_pagespeed/1.13.35.2-0)"
94.130.90.54 - - [15/Jan/2026:18:06:22 +0100] "GET /wp-content/uploads/items-150x150.png HTTP/1.1" 200 14531 "https://eliteboxing.inglory.de/" "Serf/1.3.9 (mod_pagespeed/1.13.35.2-0)"
94.130.90.54 - - [15/Jan/2026:18:06:22 +0100] "GET /wp-content/uploads/items-300x300.png HTTP/1.1" 200 25744 "https://eliteboxing.inglory.de/" "Serf/1.3.9 (mod_pagespeed/1.13.35.2-0)"
94.130.90.54 - - [15/Jan/2026:18:06:22 +0100] "GET /wp-content/uploads/Group-2-2.png HTTP/1.1" 200 299733 "https://eliteboxing.inglory.de/" "Serf/1.3.9 (mod_pagespeed/1.13.35.2-0)"
94.130.90.54 - - [15/Jan/2026:18:06:22 +0100] "GET /wp-content/uploads/Group-2-2.png HTTP/1.1" 200 299733 "https://eliteboxing.inglory.de/" "Serf/1.3.9 (mod_pagespeed/1.13.35.2-0)"
94.130.90.54 - - [15/Jan/2026:18:06:22 +0100] "GET /wp-content/uploads/Group-2-2-300x125.png HTTP/1.1" 200 20333 "https://eliteboxing.inglory.de/" "Serf/1.3.9 (mod_pagespeed/1.13.35.2-0)"
94.130.90.54 - - [15/Jan/2026:18:06:22 +0100] "GET /wp-content/uploads/Group-2-2-1024x426.png HTTP/1.1" 200 161298 "https://eliteboxing.inglory.de/" "Serf/1.3.9 (mod_pagespeed/1.13.35.2-0)"
94.130.90.54 - - [15/Jan/2026:18:06:22 +0100] "GET /wp-content/uploads/Group-2-2-768x320.png HTTP/1.1" 200 94565 "https://eliteboxing.inglory.de/" "Serf/1.3.9 (mod_pagespeed/1.13.35.2-0)"
94.130.90.54 - - [15/Jan/2026:18:06:22 +0100] "GET /wp-content/uploads/img-1-1.jpg HTTP/1.1" 200 155351 "https://eliteboxing.inglory.de/" "Serf/1.3.9 (mod_pagespeed/1.13.35.2-0)"
94.130.90.54 - - [15/Jan/2026:18:06:22 +0100] "GET /wp-content/uploads/img-1-1.jpg HTTP/1.1" 200 155351 "https://eliteboxing.inglory.de/" "Serf/1.3.9 (mod_pagespeed/1.13.35.2-0)"
94.130.90.54 - - [15/Jan/2026:18:06:22 +0100] "GET /wp-content/uploads/img-1-1-240x300.jpg HTTP/1.1" 200 33739 "https://eliteboxing.inglory.de/" "Serf/1.3.9 (mod_pagespeed/1.13.35.2-0)"
94.130.90.54 - - [15/Jan/2026:18:06:22 +0100] "GET /wp-content/uploads/Frame-4567-1-1.jpg HTTP/1.1" 200 142189 "https://eliteboxing.inglory.de/" "Serf/1.3.9 (mod_pagespeed/1.13.35.2-0)"
94.130.90.54 - - [15/Jan/2026:18:06:22 +0100] "GET /wp-content/uploads/Frame-4567-1-1.jpg HTTP/1.1" 200 142189 "https://eliteboxing.inglory.de/" "Serf/1.3.9 (mod_pagespeed/1.13.35.2-0)"
94.130.90.54 - - [15/Jan/2026:18:06:22 +0100] "GET /wp-content/uploads/Frame-4567-1-1-300x223.jpg HTTP/1.1" 200 25613 "https://eliteboxing.inglory.de/" "Serf/1.3.9 (mod_pagespeed/1.13.35.2-0)"
94.130.90.54 - - [15/Jan/2026:18:06:22 +0100] "GET /wp-content/uploads/Frame-4567-1-1-1024x761.jpg HTTP/1.1" 200 143721 "https://eliteboxing.inglory.de/" "Serf/1.3.9 (mod_pagespeed/1.13.35.2-0)"
94.130.90.54 - - [15/Jan/2026:18:06:22 +0100] "GET /wp-content/uploads/Frame-4567-1-1-768x571.jpg HTTP/1.1" 200 95905 "https://eliteboxing.inglory.de/" "Serf/1.3.9 (mod_pagespeed/1.13.35.2-0)"
94.130.90.54 - - [15/Jan/2026:18:06:22 +0100] "GET /wp-content/uploads/Frame-4585-1-1.jpg HTTP/1.1" 200 74709 "https://eliteboxing.inglory.de/" "Serf/1.3.9 (mod_pagespeed/1.13.35.2-0)"
94.130.90.54 - - [15/Jan/2026:18:06:22 +0100] "GET /wp-content/uploads/Frame-4585-1-1.jpg HTTP/1.1" 200 74709 "https://eliteboxing.inglory.de/" "Serf/1.3.9 (mod_pagespeed/1.13.35.2-0)"
94.130.90.54 - - [15/Jan/2026:18:06:22 +0100] "GET /wp-content/uploads/Frame-4585-1-1-293x300.jpg HTTP/1.1" 200 29249 "https://eliteboxing.inglory.de/" "Serf/1.3.9 (mod_pagespeed/1.13.35.2-0)"
94.130.90.54 - - [15/Jan/2026:18:06:22 +0100] "GET /wp-content/uploads/Frame-4586-1.jpg HTTP/1.1" 200 65123 "https://eliteboxing.inglory.de/" "Serf/1.3.9 (mod_pagespeed/1.13.35.2-0)"
94.130.90.54 - - [15/Jan/2026:18:06:22 +0100] "GET /wp-content/uploads/Frame-4586-1.jpg HTTP/1.1" 200 65123 "https://eliteboxing.inglory.de/" "Serf/1.3.9 (mod_pagespeed/1.13.35.2-0)"
94.130.90.54 - - [15/Jan/2026:18:06:22 +0100] "GET /wp-content/uploads/Frame-4586-1-293x300.jpg HTTP/1.1" 200 26081 "https://eliteboxing.inglory.de/" "Serf/1.3.9 (mod_pagespeed/1.13.35.2-0)"
94.130.90.54 - - [15/Jan/2026:18:06:22 +0100] "GET /wp-content/uploads/Frame-4572-1.jpg HTTP/1.1" 200 124299 "https://eliteboxing.inglory.de/" "Serf/1.3.9 (mod_pagespeed/1.13.35.2-0)"
94.130.90.54 - - [15/Jan/2026:18:06:22 +0100] "GET /wp-content/uploads/Frame-4572-1.jpg HTTP/1.1" 200 124299 "https://eliteboxing.inglory.de/" "Serf/1.3.9 (mod_pagespeed/1.13.35.2-0)"
94.130.90.54 - - [15/Jan/2026:18:06:22 +0100] "GET /wp-content/uploads/Frame-4572-1-300x148.jpg HTTP/1.1" 200 16277 "https://eliteboxing.inglory.de/" "Serf/1.3.9 (mod_pagespeed/1.13.35.2-0)"
94.130.90.54 - - [15/Jan/2026:18:06:22 +0100] "GET /wp-content/uploads/Frame-4572-1-1024x505.jpg HTTP/1.1" 200 89386 "https://eliteboxing.inglory.de/" "Serf/1.3.9 (mod_pagespeed/1.13.35.2-0)"
94.130.90.54 - - [15/Jan/2026:18:06:22 +0100] "GET /wp-content/uploads/Frame-4572-1-768x379.jpg HTTP/1.1" 200 59696 "https://eliteboxing.inglory.de/" "Serf/1.3.9 (mod_pagespeed/1.13.35.2-0)"
94.130.90.54 - - [15/Jan/2026:18:06:22 +0100] "GET /wp-content/uploads/Frame-4572-2-1.jpg HTTP/1.1" 200 127688 "https://eliteboxing.inglory.de/" "Serf/1.3.9 (mod_pagespeed/1.13.35.2-0)"
94.130.90.54 - - [15/Jan/2026:18:06:22 +0100] "GET /wp-content/uploads/Frame-4572-2-1.jpg HTTP/1.1" 200 127688 "https://eliteboxing.inglory.de/" "Serf/1.3.9 (mod_pagespeed/1.13.35.2-0)"
94.130.90.54 - - [15/Jan/2026:18:06:22 +0100] "GET /wp-content/uploads/Frame-4572-2-1-300x148.jpg HTTP/1.1" 200 15456 "https://eliteboxing.inglory.de/" "Serf/1.3.9 (mod_pagespeed/1.13.35.2-0)"
94.130.90.54 - - [15/Jan/2026:18:06:22 +0100] "GET /wp-content/uploads/Frame-4572-2-1-1024x505.jpg HTTP/1.1" 200 83083 "https://eliteboxing.inglory.de/" "Serf/1.3.9 (mod_pagespeed/1.13.35.2-0)"
94.130.90.54 - - [15/Jan/2026:18:06:22 +0100] "GET /wp-content/uploads/Frame-4572-2-1-768x379.jpg HTTP/1.1" 200 54712 "https://eliteboxing.inglory.de/" "Serf/1.3.9 (mod_pagespeed/1.13.35.2-0)"
94.130.90.54 - - [15/Jan/2026:18:06:22 +0100] "GET /wp-content/uploads/Frame-4586-2-1.jpg HTTP/1.1" 200 67772 "https://eliteboxing.inglory.de/" "Serf/1.3.9 (mod_pagespeed/1.13.35.2-0)"
94.130.90.54 - - [15/Jan/2026:18:06:22 +0100] "GET /wp-content/uploads/Frame-4586-2-1.jpg HTTP/1.1" 200 67772 "https://eliteboxing.inglory.de/" "Serf/1.3.9 (mod_pagespeed/1.13.35.2-0)"
94.130.90.54 - - [15/Jan/2026:18:06:22 +0100] "GET /wp-content/uploads/Frame-4586-2-1-293x300.jpg HTTP/1.1" 200 28361 "https://eliteboxing.inglory.de/" "Serf/1.3.9 (mod_pagespeed/1.13.35.2-0)"
94.130.90.54 - - [15/Jan/2026:18:06:22 +0100] "GET /wp-content/uploads/Frame-4585-2-1.jpg HTTP/1.1" 200 71901 "https://eliteboxing.inglory.de/" "Serf/1.3.9 (mod_pagespeed/1.13.35.2-0)"
94.130.90.54 - - [15/Jan/2026:18:06:22 +0100] "GET /wp-content/uploads/Frame-4585-2-1.jpg HTTP/1.1" 200 71901 "https://eliteboxing.inglory.de/" "Serf/1.3.9 (mod_pagespeed/1.13.35.2-0)"
94.130.90.54 - - [15/Jan/2026:18:06:22 +0100] "GET /wp-content/uploads/Frame-4585-2-1-293x300.jpg HTTP/1.1" 200 29751 "https://eliteboxing.inglory.de/" "Serf/1.3.9 (mod_pagespeed/1.13.35.2-0)"
94.130.90.54 - - [15/Jan/2026:18:06:22 +0100] "GET /wp-content/uploads/image.png HTTP/1.1" 200 10384 "https://eliteboxing.inglory.de/" "Serf/1.3.9 (mod_pagespeed/1.13.35.2-0)"
94.130.90.54 - - [15/Jan/2026:18:06:22 +0100] "GET /wp-content/uploads/img.png HTTP/1.1" 200 11303 "https://eliteboxing.inglory.de/" "Serf/1.3.9 (mod_pagespeed/1.13.35.2-0)"
94.130.90.54 - - [15/Jan/2026:18:06:22 +0100] "GET /wp-content/uploads/img-3.png HTTP/1.1" 200 6627 "https://eliteboxing.inglory.de/" "Serf/1.3.9 (mod_pagespeed/1.13.35.2-0)"
94.130.90.54 - - [15/Jan/2026:18:06:22 +0100] "GET /wp-content/uploads/image-1.png HTTP/1.1" 200 10372 "https://eliteboxing.inglory.de/" "Serf/1.3.9 (mod_pagespeed/1.13.35.2-0)"
94.130.90.54 - - [15/Jan/2026:18:06:22 +0100] "GET /wp-content/uploads/img-1.png HTTP/1.1" 200 11686 "https://eliteboxing.inglory.de/" "Serf/1.3.9 (mod_pagespeed/1.13.35.2-0)"
94.130.90.54 - - [15/Jan/2026:18:06:22 +0100] "GET /wp-content/uploads/img-4.png HTTP/1.1" 200 6224 "https://eliteboxing.inglory.de/" "Serf/1.3.9 (mod_pagespeed/1.13.35.2-0)"
94.130.90.54 - - [15/Jan/2026:18:06:22 +0100] "GET /wp-content/uploads/image-2-1.png HTTP/1.1" 200 7641 "https://eliteboxing.inglory.de/" "Serf/1.3.9 (mod_pagespeed/1.13.35.2-0)"
94.130.90.54 - - [15/Jan/2026:18:06:22 +0100] "GET /wp-content/uploads/img-2.png HTTP/1.1" 200 7584 "https://eliteboxing.inglory.de/" "Serf/1.3.9 (mod_pagespeed/1.13.35.2-0)"
94.130.90.54 - - [15/Jan/2026:18:06:22 +0100] "GET /wp-content/uploads/img-5.png HTTP/1.1" 200 8861 "https://eliteboxing.inglory.de/" "Serf/1.3.9 (mod_pagespeed/1.13.35.2-0)"
94.130.90.54 - - [15/Jan/2026:18:06:22 +0100] "GET /wp-content/uploads/img-1.jpg HTTP/1.1" 200 104772 "https://eliteboxing.inglory.de/" "Serf/1.3.9 (mod_pagespeed/1.13.35.2-0)"
94.130.90.54 - - [15/Jan/2026:18:06:22 +0100] "GET /wp-content/uploads/img-1.jpg HTTP/1.1" 200 104772 "https://eliteboxing.inglory.de/" "Serf/1.3.9 (mod_pagespeed/1.13.35.2-0)"
94.130.90.54 - - [15/Jan/2026:18:06:22 +0100] "GET /wp-content/uploads/img-1-300x288.jpg HTTP/1.1" 200 21267 "https://eliteboxing.inglory.de/" "Serf/1.3.9 (mod_pagespeed/1.13.35.2-0)"
94.130.90.54 - - [15/Jan/2026:18:06:22 +0100] "GET /wp-content/uploads/img-1-1024x983.jpg HTTP/1.1" 200 106213 "https://eliteboxing.inglory.de/" "Serf/1.3.9 (mod_pagespeed/1.13.35.2-0)"
94.130.90.54 - - [15/Jan/2026:18:06:22 +0100] "GET /wp-content/uploads/img-1-768x738.jpg HTTP/1.1" 200 70632 "https://eliteboxing.inglory.de/" "Serf/1.3.9 (mod_pagespeed/1.13.35.2-0)"
94.130.90.54 - - [15/Jan/2026:18:06:22 +0100] "GET /wp-content/uploads/img-2-1.jpg HTTP/1.1" 200 48593 "https://eliteboxing.inglory.de/" "Serf/1.3.9 (mod_pagespeed/1.13.35.2-0)"
94.130.90.54 - - [15/Jan/2026:18:06:22 +0100] "GET /wp-content/uploads/img-2-1.jpg HTTP/1.1" 200 48593 "https://eliteboxing.inglory.de/" "Serf/1.3.9 (mod_pagespeed/1.13.35.2-0)"
94.130.90.54 - - [15/Jan/2026:18:06:22 +0100] "GET /wp-content/uploads/img-2-1-221x300.jpg HTTP/1.1" 200 17087 "https://eliteboxing.inglory.de/" "Serf/1.3.9 (mod_pagespeed/1.13.35.2-0)"
94.130.90.54 - - [15/Jan/2026:18:06:22 +0100] "GET /wp-content/uploads/img-3-1.jpg HTTP/1.1" 200 78859 "https://eliteboxing.inglory.de/" "Serf/1.3.9 (mod_pagespeed/1.13.35.2-0)"
94.130.90.54 - - [15/Jan/2026:18:06:22 +0100] "GET /wp-content/uploads/img-3-1.jpg HTTP/1.1" 200 78859 "https://eliteboxing.inglory.de/" "Serf/1.3.9 (mod_pagespeed/1.13.35.2-0)"
94.130.90.54 - - [15/Jan/2026:18:06:22 +0100] "GET /wp-content/uploads/img-3-1-221x300.jpg HTTP/1.1" 200 21717 "https://eliteboxing.inglory.de/" "Serf/1.3.9 (mod_pagespeed/1.13.35.2-0)"
94.130.90.54 - - [15/Jan/2026:18:06:22 +0100] "GET /wp-content/uploads/img-5-1.jpg HTTP/1.1" 200 54486 "https://eliteboxing.inglory.de/" "Serf/1.3.9 (mod_pagespeed/1.13.35.2-0)"
94.130.90.54 - - [15/Jan/2026:18:06:22 +0100] "GET /wp-content/uploads/img-5-1.jpg HTTP/1.1" 200 54486 "https://eliteboxing.inglory.de/" "Serf/1.3.9 (mod_pagespeed/1.13.35.2-0)"
94.130.90.54 - - [15/Jan/2026:18:06:22 +0100] "GET /wp-content/uploads/img-5-1-240x300.jpg HTTP/1.1" 200 19649 "https://eliteboxing.inglory.de/" "Serf/1.3.9 (mod_pagespeed/1.13.35.2-0)"
94.130.90.54 - - [15/Jan/2026:18:06:22 +0100] "GET /wp-content/uploads/img-6-1.jpg HTTP/1.1" 200 52220 "https://eliteboxing.inglory.de/" "Serf/1.3.9 (mod_pagespeed/1.13.35.2-0)"
94.130.90.54 - - [15/Jan/2026:18:06:22 +0100] "GET /wp-content/uploads/img-6-1.jpg HTTP/1.1" 200 52220 "https://eliteboxing.inglory.de/" "Serf/1.3.9 (mod_pagespeed/1.13.35.2-0)"
94.130.90.54 - - [15/Jan/2026:18:06:22 +0100] "GET /wp-content/uploads/img-6-1-240x300.jpg HTTP/1.1" 200 17918 "https://eliteboxing.inglory.de/" "Serf/1.3.9 (mod_pagespeed/1.13.35.2-0)"
94.130.90.54 - - [15/Jan/2026:18:06:22 +0100] "GET /wp-content/uploads/sponsers.png HTTP/1.1" 200 112810 "https://eliteboxing.inglory.de/" "Serf/1.3.9 (mod_pagespeed/1.13.35.2-0)"
94.130.90.54 - - [15/Jan/2026:18:06:22 +0100] "GET /wp-content/uploads/sponsers.png HTTP/1.1" 200 112810 "https://eliteboxing.inglory.de/" "Serf/1.3.9 (mod_pagespeed/1.13.35.2-0)"
94.130.90.54 - - [15/Jan/2026:18:06:22 +0100] "GET /wp-content/uploads/sponsers-300x110.png HTTP/1.1" 200 36573 "https://eliteboxing.inglory.de/" "Serf/1.3.9 (mod_pagespeed/1.13.35.2-0)"
94.130.90.54 - - [15/Jan/2026:18:06:22 +0100] "GET /wp-content/uploads/sponsers-1-1.png HTTP/1.1" 200 100760 "https://eliteboxing.inglory.de/" "Serf/1.3.9 (mod_pagespeed/1.13.35.2-0)"
94.130.90.54 - - [15/Jan/2026:18:06:22 +0100] "GET /wp-content/uploads/sponsers-1-1.png HTTP/1.1" 200 100760 "https://eliteboxing.inglory.de/" "Serf/1.3.9 (mod_pagespeed/1.13.35.2-0)"
94.130.90.54 - - [15/Jan/2026:18:06:22 +0100] "GET /wp-content/uploads/sponsers-1-1-300x200.png HTTP/1.1" 200 58486 "https://eliteboxing.inglory.de/" "Serf/1.3.9 (mod_pagespeed/1.13.35.2-0)"
94.130.90.54 - - [15/Jan/2026:18:06:22 +0100] "GET /wp-content/uploads/sponsers-1-1-768x512.png HTTP/1.1" 200 257403 "https://eliteboxing.inglory.de/" "Serf/1.3.9 (mod_pagespeed/1.13.35.2-0)"
94.130.90.54 - - [15/Jan/2026:18:06:22 +0100] "GET /wp-includes/js/jquery/jquery.min.js?ver=3.7.1 HTTP/1.1" 200 91287 "https://eliteboxing.inglory.de/" "Serf/1.3.9 (mod_pagespeed/1.13.35.2-0)"
94.130.90.54 - - [15/Jan/2026:18:06:22 +0100] "GET /wp-includes/js/jquery/jquery-migrate.min.js?ver=3.4.1 HTTP/1.1" 200 17165 "https://eliteboxing.inglory.de/" "Serf/1.3.9 (mod_pagespeed/1.13.35.2-0)"
94.130.90.54 - - [15/Jan/2026:18:06:22 +0100] "GET /wp-content/plugins/elementor/assets/js/webpack.runtime.min.js?ver=3.34.1 HTTP/1.1" 200 9264 "https://eliteboxing.inglory.de/" "Serf/1.3.9 (mod_pagespeed/1.13.35.2-0)"
94.130.90.54 - - [15/Jan/2026:18:06:22 +0100] "GET /wp-content/plugins/elementor/assets/js/frontend-modules.min.js?ver=3.34.1 HTTP/1.1" 200 89503 "https://eliteboxing.inglory.de/" "Serf/1.3.9 (mod_pagespeed/1.13.35.2-0)"
94.130.90.54 - - [15/Jan/2026:18:06:22 +0100] "GET /wp-includes/js/jquery/ui/core.min.js?ver=1.13.3 HTTP/1.1" 200 25081 "https://eliteboxing.inglory.de/" "Serf/1.3.9 (mod_pagespeed/1.13.35.2-0)"
94.130.90.54 - - [15/Jan/2026:18:06:22 +0100] "GET /wp-content/plugins/pro-elements/assets/js/frontend.min.js?ver=3.25.3 HTTP/1.1" 200 28530 "https://eliteboxing.inglory.de/" "Serf/1.3.9 (mod_pagespeed/1.13.35.2-0)"
94.130.90.54 - - [15/Jan/2026:18:06:22 +0100] "GET /wp-content/plugins/pro-elements/assets/js/elements-handlers.min.js?ver=3.25.3 HTTP/1.1" 200 46553 "https://eliteboxing.inglory.de/" "Serf/1.3.9 (mod_pagespeed/1.13.35.2-0)"
94.130.90.54 - - [15/Jan/2026:18:06:22 +0100] "GET /wp-content/uploads/elementor/css/post-14.css?ver=1767959239 HTTP/1.1" 200 261531 "https://eliteboxing.inglory.de/" "Serf/1.3.9 (mod_pagespeed/1.13.35.2-0)"
94.130.90.54 - - [15/Jan/2026:18:06:22 +0100] "GET /wp-content/uploads/logo-1.svg HTTP/1.1" 200 44389 "https://eliteboxing.inglory.de/" "Serf/1.3.9 (mod_pagespeed/1.13.35.2-0)"
94.130.90.54 - - [15/Jan/2026:18:06:22 +0100] "GET /wp-content/uploads/menu-button-3.svg HTTP/1.1" 200 3834 "https://eliteboxing.inglory.de/" "Serf/1.3.9 (mod_pagespeed/1.13.35.2-0)"
94.130.90.54 - - [15/Jan/2026:18:06:22 +0100] "GET /wp-content/uploads/logo.svg HTTP/1.1" 200 4699 "https://eliteboxing.inglory.de/" "Serf/1.3.9 (mod_pagespeed/1.13.35.2-0)"
54.246.43.186 - - [15/Jan/2026:18:06:22 +0100] "GET /wp-content/uploads/sponsers-1-1.png HTTP/1.0" 200 101319 "https://eliteboxing.inglory.de/" "Plesk screenshot bot https://support.plesk.com/hc/en-us/articles/10301006946066"
54.246.43.186 - - [15/Jan/2026:18:06:22 +0100] "GET /wp-content/uploads/elementor/css/post-290.css?ver=1767959239 HTTP/1.0" 200 5275 "https://eliteboxing.inglory.de/" "Plesk screenshot bot https://support.plesk.com/hc/en-us/articles/10301006946066"
94.130.90.54 - - [15/Jan/2026:18:06:22 +0100] "GET /wp-content/uploads/quote.svg HTTP/1.1" 200 10505 "https://eliteboxing.inglory.de/" "Serf/1.3.9 (mod_pagespeed/1.13.35.2-0)"
54.246.43.186 - - [15/Jan/2026:18:06:22 +0100] "GET /wp-content/uploads/elementor/css/post-298.css?ver=1767959239 HTTP/1.0" 200 5276 "https://eliteboxing.inglory.de/" "Plesk screenshot bot https://support.plesk.com/hc/en-us/articles/10301006946066"
54.246.43.186 - - [15/Jan/2026:18:06:22 +0100] "GET /wp-content/uploads/elementor/css/post-299.css?ver=1767959239 HTTP/1.0" 200 5277 "https://eliteboxing.inglory.de/" "Plesk screenshot bot https://support.plesk.com/hc/en-us/articles/10301006946066"
54.246.43.186 - - [15/Jan/2026:18:06:22 +0100] "GET /wp-content/uploads/elementor/css/post-300.css?ver=1767959240 HTTP/1.0" 200 5277 "https://eliteboxing.inglory.de/" "Plesk screenshot bot https://support.plesk.com/hc/en-us/articles/10301006946066"
54.246.43.186 - - [15/Jan/2026:18:06:22 +0100] "GET /wp-content/uploads/elementor/css/post-301.css?ver=1767959240 HTTP/1.0" 200 5276 "https://eliteboxing.inglory.de/" "Plesk screenshot bot https://support.plesk.com/hc/en-us/articles/10301006946066"
54.246.43.186 - - [15/Jan/2026:18:06:22 +0100] "GET /wp-content/uploads/elementor/css/post-303.css?ver=1767959240 HTTP/1.0" 200 5276 "https://eliteboxing.inglory.de/" "Plesk screenshot bot https://support.plesk.com/hc/en-us/articles/10301006946066"
54.246.43.186 - - [15/Jan/2026:18:06:22 +0100] "GET /wp-content/uploads/elementor/css/post-304.css?ver=1767959240 HTTP/1.0" 200 5275 "https://eliteboxing.inglory.de/" "Plesk screenshot bot https://support.plesk.com/hc/en-us/articles/10301006946066"
54.246.43.186 - - [15/Jan/2026:18:06:22 +0100] "GET /wp-content/uploads/elementor/css/post-302.css?ver=1767959240 HTTP/1.0" 200 5276 "https://eliteboxing.inglory.de/" "Plesk screenshot bot https://support.plesk.com/hc/en-us/articles/10301006946066"
54.246.43.186 - - [15/Jan/2026:18:06:22 +0100] "GET /wp-content/uploads/elementor/css/post-305.css?ver=1767959240 HTTP/1.0" 200 5274 "https://eliteboxing.inglory.de/" "Plesk screenshot bot https://support.plesk.com/hc/en-us/articles/10301006946066"
94.130.90.54 - - [15/Jan/2026:18:06:22 +0100] "GET /wp-content/uploads/rating.svg HTTP/1.1" 200 6729 "https://eliteboxing.inglory.de/" "Serf/1.3.9 (mod_pagespeed/1.13.35.2-0)"
54.246.43.186 - - [15/Jan/2026:18:06:22 +0100] "GET /wp-content/plugins/elementor/assets/js/webpack.runtime.min.js?ver=3.34.1 HTTP/1.0" 200 6713 "https://eliteboxing.inglory.de/" "Plesk screenshot bot https://support.plesk.com/hc/en-us/articles/10301006946066"
54.246.43.186 - - [15/Jan/2026:18:06:22 +0100] "GET /wp-includes/js/jquery/ui/core.min.js?ver=1.13.3 HTTP/1.0" 200 11332 "https://eliteboxing.inglory.de/" "Plesk screenshot bot https://support.plesk.com/hc/en-us/articles/10301006946066"
54.246.43.186 - - [15/Jan/2026:18:06:22 +0100] "GET /wp-content/plugins/elementor/assets/js/frontend-modules.min.js?ver=3.34.1 HTTP/1.0" 200 29823 "https://eliteboxing.inglory.de/" "Plesk screenshot bot https://support.plesk.com/hc/en-us/articles/10301006946066"
54.246.43.186 - - [15/Jan/2026:18:06:22 +0100] "GET /wp-content/plugins/pro-elements/assets/css/modules/sticky.min.css?ver=3.25.3 HTTP/1.0" 200 4314 "https://eliteboxing.inglory.de/" "Plesk screenshot bot https://support.plesk.com/hc/en-us/articles/10301006946066"
54.246.43.186 - - [15/Jan/2026:18:06:22 +0100] "GET /wp-content/plugins/pro-elements/assets/lib/smartmenus/jquery.smartmenus.min.js?ver=1.2.1 HTTP/1.0" 200 11293 "https://eliteboxing.inglory.de/" "Plesk screenshot bot https://support.plesk.com/hc/en-us/articles/10301006946066"
54.246.43.186 - - [15/Jan/2026:18:06:22 +0100] "GET /wp-content/plugins/pro-elements/assets/lib/sticky/jquery.sticky.min.js?ver=3.25.3 HTTP/1.0" 200 5757 "https://eliteboxing.inglory.de/" "Plesk screenshot bot https://support.plesk.com/hc/en-us/articles/10301006946066"
54.246.43.186 - - [15/Jan/2026:18:06:22 +0100] "GET /wp-includes/js/imagesloaded.min.js?ver=5.0.0 HTTP/1.0" 200 6039 "https://eliteboxing.inglory.de/" "Plesk screenshot bot https://support.plesk.com/hc/en-us/articles/10301006946066"
94.130.90.54 - - [15/Jan/2026:18:06:22 +0100] "GET /wp-content/uploads/menu-button-2.svg HTTP/1.1" 200 3743 "https://eliteboxing.inglory.de/" "Serf/1.3.9 (mod_pagespeed/1.13.35.2-0)"
54.246.43.186 - - [15/Jan/2026:18:06:22 +0100] "GET /wp-content/plugins/pro-elements/assets/js/webpack-pro.runtime.min.js?ver=3.25.3 HTTP/1.0" 200 7002 "https://eliteboxing.inglory.de/" "Plesk screenshot bot https://support.plesk.com/hc/en-us/articles/10301006946066"
54.246.43.186 - - [15/Jan/2026:18:06:22 +0100] "GET /wp-content/plugins/elementor/assets/js/frontend.min.js?ver=3.34.1 HTTP/1.0" 200 14494 "https://eliteboxing.inglory.de/" "Plesk screenshot bot https://support.plesk.com/hc/en-us/articles/10301006946066"
54.246.43.186 - - [15/Jan/2026:18:06:22 +0100] "GET /wp-includes/js/dist/hooks.min.js?ver=dd5603f07f9220ed27f1 HTTP/1.0" 200 6179 "https://eliteboxing.inglory.de/" "Plesk screenshot bot https://support.plesk.com/hc/en-us/articles/10301006946066"
54.246.43.186 - - [15/Jan/2026:18:06:22 +0100] "GET /wp-includes/js/dist/i18n.min.js?ver=c26c3dc7bed366793375 HTTP/1.0" 200 6466 "https://eliteboxing.inglory.de/" "Plesk screenshot bot https://support.plesk.com/hc/en-us/articles/10301006946066"
54.246.43.186 - - [15/Jan/2026:18:06:22 +0100] "GET /wp-content/plugins/pro-elements/assets/js/frontend.min.js?ver=3.25.3 HTTP/1.0" 200 10896 "https://eliteboxing.inglory.de/" "Plesk screenshot bot https://support.plesk.com/hc/en-us/articles/10301006946066"
94.130.90.54 - - [15/Jan/2026:18:06:22 +0100] "GET /wp-content/plugins/elementor/assets/js/frontend.min.js?ver=3.34.1 HTTP/1.1" 200 35497 "https://eliteboxing.inglory.de/" "Serf/1.3.9 (mod_pagespeed/1.13.35.2-0)"
54.246.43.186 - - [15/Jan/2026:18:06:22 +0100] "GET /wp-content/plugins/pro-elements/assets/js/elements-handlers.min.js?ver=3.25.3 HTTP/1.0" 200 14360 "https://eliteboxing.inglory.de/" "Plesk screenshot bot https://support.plesk.com/hc/en-us/articles/10301006946066"
54.246.43.186 - - [15/Jan/2026:18:06:22 +0100] "GET /wp-content/uploads/logo.svg HTTP/1.0" 200 5186 "https://eliteboxing.inglory.de/" "Plesk screenshot bot https://support.plesk.com/hc/en-us/articles/10301006946066"
54.246.43.186 - - [15/Jan/2026:18:06:22 +0100] "GET /wp-content/uploads/rating.svg HTTP/1.0" 200 7209 "https://eliteboxing.inglory.de/" "Plesk screenshot bot https://support.plesk.com/hc/en-us/articles/10301006946066"
54.246.43.186 - - [15/Jan/2026:18:06:22 +0100] "GET /wp-content/uploads/menu-button-3.svg HTTP/1.0" 200 4321 "https://eliteboxing.inglory.de/" "Plesk screenshot bot https://support.plesk.com/hc/en-us/articles/10301006946066"
54.246.43.186 - - [15/Jan/2026:18:06:22 +0100] "GET /wp-content/uploads/menu-button-2.svg HTTP/1.0" 200 4230 "https://eliteboxing.inglory.de/" "Plesk screenshot bot https://support.plesk.com/hc/en-us/articles/10301006946066"
94.130.90.54 - - [15/Jan/2026:18:06:22 +0100] "GET /wp-content/plugins/pro-elements/assets/js/webpack-pro.runtime.min.js?ver=3.25.3 HTTP/1.1" 200 9849 "https://eliteboxing.inglory.de/" "Serf/1.3.9 (mod_pagespeed/1.13.35.2-0)"
54.246.43.186 - - [15/Jan/2026:18:06:22 +0100] "GET /wp-content/uploads/bg-3-1.jpg HTTP/1.0" 200 212426 "https://eliteboxing.inglory.de/wp-content/uploads/elementor/css/post-14.css?ver=1767959239" "Plesk screenshot bot https://support.plesk.com/hc/en-us/articles/10301006946066"
54.246.43.186 - - [15/Jan/2026:18:06:22 +0100] "GET /wp-content/uploads/bg-1.jpg HTTP/1.0" 200 113902 "https://eliteboxing.inglory.de/wp-content/uploads/elementor/css/post-14.css?ver=1767959239" "Plesk screenshot bot https://support.plesk.com/hc/en-us/articles/10301006946066"
94.130.90.54 - - [15/Jan/2026:18:06:22 +0100] "GET /wp-content/uploads/bg-3-1.jpg HTTP/1.1" 200 212002 "https://eliteboxing.inglory.de/" "Serf/1.3.9 (mod_pagespeed/1.13.35.2-0)"
54.246.43.186 - - [15/Jan/2026:18:06:22 +0100] "GET /wp-content/uploads/elementor/google-fonts/fonts/geologica-oy1l8evir7j9p3tn9ywnadyjzuydkkkdagojh1ulcduihaidhczon1flsig7jfvccphzckuwe1le.woff2 HTTP/1.0" 200 29283 "https://eliteboxing.inglory.de/wp-content/uploads/elementor/google-fonts/css/geologica.css?ver=1742275048" "Plesk screenshot bot https://support.plesk.com/hc/en-us/articles/10301006946066"
94.130.90.54 - - [15/Jan/2026:18:06:22 +0100] "GET /wp-content/uploads/Group-4-1.jpg HTTP/1.1" 200 60948 "https://eliteboxing.inglory.de/" "Serf/1.3.9 (mod_pagespeed/1.13.35.2-0)"
54.246.43.186 - - [15/Jan/2026:18:06:22 +0100] "GET /wp-content/uploads/elementor/google-fonts/fonts/raleway-1ptug8zys_skggpnyc0itw.woff2 HTTP/1.0" 200 52441 "https://eliteboxing.inglory.de/wp-content/uploads/elementor/google-fonts/css/raleway.css?ver=1742275045" "Plesk screenshot bot https://support.plesk.com/hc/en-us/articles/10301006946066"
94.130.90.54 - - [15/Jan/2026:18:06:22 +0100] "GET /wp-content/uploads/Group-5-1.jpg HTTP/1.1" 200 67320 "https://eliteboxing.inglory.de/" "Serf/1.3.9 (mod_pagespeed/1.13.35.2-0)"
94.130.90.54 - - [15/Jan/2026:18:06:22 +0100] "GET /wp-content/uploads/Group-3-1.jpg HTTP/1.1" 200 105807 "https://eliteboxing.inglory.de/" "Serf/1.3.9 (mod_pagespeed/1.13.35.2-0)"
94.130.90.54 - - [15/Jan/2026:18:06:22 +0100] "GET /wp-content/uploads/Group-3-2-1.jpg HTTP/1.1" 200 97812 "https://eliteboxing.inglory.de/" "Serf/1.3.9 (mod_pagespeed/1.13.35.2-0)"
94.130.90.54 - - [15/Jan/2026:18:06:22 +0100] "GET /wp-content/uploads/bg-1.jpg HTTP/1.1" 200 113436 "https://eliteboxing.inglory.de/" "Serf/1.3.9 (mod_pagespeed/1.13.35.2-0)"
94.130.90.54 - - [15/Jan/2026:18:06:22 +0100] "GET /wp-content/uploads/bg-4-1.jpg HTTP/1.1" 200 232515 "https://eliteboxing.inglory.de/" "Serf/1.3.9 (mod_pagespeed/1.13.35.2-0)"
94.130.90.54 - - [15/Jan/2026:18:06:22 +0100] "GET /wp-content/uploads/Group-4-5-1.png HTTP/1.1" 200 209789 "https://eliteboxing.inglory.de/" "Serf/1.3.9 (mod_pagespeed/1.13.35.2-0)"
94.130.90.54 - - [15/Jan/2026:18:06:22 +0100] "GET /wp-content/uploads/Group-6-2-1.png HTTP/1.1" 200 222011 "https://eliteboxing.inglory.de/" "Serf/1.3.9 (mod_pagespeed/1.13.35.2-0)"
