54.246.142.114 - - [12/Mar/2026:10:05:49 +0100] "GET /wp-content/uploads/2024/02/Layer-2-1.png HTTP/1.0" 200 36637 "https://autenrieth.inglory.de/" "Plesk screenshot bot https://support.plesk.com/hc/en-us/articles/10301006946066"
51.38.104.193 - - [12/Mar/2026:10:11:37 +0100] "GET /wp-content/plugins/wordpress-file-upload-pro/css/wordpress_file_upload_style.css HTTP/1.0" 404 79652 "-" "Mozilla/5.0 (Windows NT 10.0; Win64; x64) AppleWebKit/537.36 (KHTML, like Gecko) Chrome/127.0.0.0 Safari/537.36"
51.38.104.193 - - [12/Mar/2026:10:11:37 +0100] "GET /wp-content/plugins/wordpress-file-upload-pro/css/wordpress_file_upload_style.css HTTP/1.0" 404 79652 "-" "Mozilla/5.0 (Windows NT 10.0; Win64; x64) AppleWebKit/537.36 (KHTML, like Gecko) Chrome/127.0.0.0 Safari/537.36"
94.130.90.54 - - [12/Mar/2026:10:18:29 +0100] "POST /wp-cron.php?doing_wp_cron=1773307109.3751320838928222656250 HTTP/1.0" 200 4069 "-" "WordPress/6.9.4; https://autenrieth.inglory.de"
172.71.144.38 - - [12/Mar/2026:10:18:29 +0100] "GET /favicon.ico HTTP/1.0" 302 4168 "-" "-"
162.158.95.230 - - [12/Mar/2026:10:18:29 +0100] "GET /wp-content/uploads/2024/02/cropped-Logo-SVG-1-32x32.png HTTP/1.0" 200 5207 "-" "-"
87.170.175.102 - - [12/Mar/2026:10:18:49 +0100] "GET /wp-content/uploads/2024/02/Logo-Vektor-SVG.svg HTTP/1.0" 200 8315 "https://weingut-autenrieth.com/" "Mozilla/5.0 (Linux; Android 10; K) AppleWebKit/537.36 (KHTML, like Gecko) Chrome/145.0.0.0 Mobile Safari/537.36 (Ecosia android@145.0.0.0)"
182.2.198.85 - - [12/Mar/2026:10:31:05 +0100] "GET / HTTP/1.0" 403 4826 "https://www.google.com/" "Mozilla/5.0 (Linux; Android 10; K) AppleWebKit/537.36 (KHTML, like Gecko) Chrome/145.0.0.0 Mobile Safari/537.36"
182.2.198.85 - - [12/Mar/2026:10:31:05 +0100] "GET /error_docs/styles.css HTTP/1.0" 200 5023 "https://autenrieth.inglory.de/" "Mozilla/5.0 (Linux; Android 10; K) AppleWebKit/537.36 (KHTML, like Gecko) Chrome/145.0.0.0 Mobile Safari/537.36"
182.2.198.85 - - [12/Mar/2026:10:31:05 +0100] "GET /error_docs/server.svg HTTP/1.0" 200 11468 "https://autenrieth.inglory.de/error_docs/styles.css" "Mozilla/5.0 (Linux; Android 10; K) AppleWebKit/537.36 (KHTML, like Gecko) Chrome/145.0.0.0 Mobile Safari/537.36"
94.130.90.54 - - [12/Mar/2026:10:31:06 +0100] "POST /wp-cron.php?doing_wp_cron=1773307866.0330939292907714843750 HTTP/1.0" 200 4069 "-" "WordPress/6.9.4; https://autenrieth.inglory.de"
182.2.198.85 - - [12/Mar/2026:10:31:05 +0100] "GET /favicon.ico HTTP/1.0" 302 4168 "https://autenrieth.inglory.de/" "Mozilla/5.0 (Linux; Android 10; K) AppleWebKit/537.36 (KHTML, like Gecko) Chrome/145.0.0.0 Mobile Safari/537.36"
182.2.198.85 - - [12/Mar/2026:10:31:06 +0100] "GET /wp-content/uploads/2024/02/cropped-Logo-SVG-1-32x32.png HTTP/1.0" 200 5207 "https://autenrieth.inglory.de/" "Mozilla/5.0 (Linux; Android 10; K) AppleWebKit/537.36 (KHTML, like Gecko) Chrome/145.0.0.0 Mobile Safari/537.36"
182.2.85.160 - - [12/Mar/2026:10:40:27 +0100] "GET / HTTP/1.0" 403 4826 "https://www.google.com/" "Mozilla/5.0 (Linux; Android 10; K) AppleWebKit/537.36 (KHTML, like Gecko) Chrome/145.0.0.0 Mobile Safari/537.36"
182.2.85.160 - - [12/Mar/2026:10:40:27 +0100] "GET /error_docs/styles.css HTTP/1.0" 200 5023 "https://autenrieth.inglory.de/" "Mozilla/5.0 (Linux; Android 10; K) AppleWebKit/537.36 (KHTML, like Gecko) Chrome/145.0.0.0 Mobile Safari/537.36"
182.2.85.160 - - [12/Mar/2026:10:40:28 +0100] "GET /error_docs/server.svg HTTP/1.0" 200 11468 "https://autenrieth.inglory.de/error_docs/styles.css" "Mozilla/5.0 (Linux; Android 10; K) AppleWebKit/537.36 (KHTML, like Gecko) Chrome/145.0.0.0 Mobile Safari/537.36"
182.2.85.160 - - [12/Mar/2026:10:40:28 +0100] "GET /favicon.ico HTTP/1.0" 302 4168 "https://autenrieth.inglory.de/" "Mozilla/5.0 (Linux; Android 10; K) AppleWebKit/537.36 (KHTML, like Gecko) Chrome/145.0.0.0 Mobile Safari/537.36"
182.2.85.160 - - [12/Mar/2026:10:40:28 +0100] "GET /wp-content/uploads/2024/02/cropped-Logo-SVG-1-32x32.png HTTP/1.0" 200 5207 "https://autenrieth.inglory.de/" "Mozilla/5.0 (Linux; Android 10; K) AppleWebKit/537.36 (KHTML, like Gecko) Chrome/145.0.0.0 Mobile Safari/537.36"
114.8.210.202 - - [12/Mar/2026:10:43:20 +0100] "GET / HTTP/1.0" 403 4798 "https://www.google.com/" "Mozilla/5.0 (Linux; Android 10; K) AppleWebKit/537.36 (KHTML, like Gecko) Chrome/145.0.0.0 Mobile Safari/537.36"
114.8.210.202 - - [12/Mar/2026:10:43:20 +0100] "GET /error_docs/styles.css HTTP/1.0" 200 5129 "https://autenrieth.inglory.de/" "Mozilla/5.0 (Linux; Android 10; K) AppleWebKit/537.36 (KHTML, like Gecko) Chrome/145.0.0.0 Mobile Safari/537.36"
94.130.90.54 - - [12/Mar/2026:10:43:20 +0100] "GET /error_docs/server.svg HTTP/1.1" 200 10960 "https://autenrieth.inglory.de/error_docs/styles.css" "Serf/1.3.9 (mod_pagespeed/1.13.35.2-0)"
114.8.210.202 - - [12/Mar/2026:10:43:21 +0100] "GET /error_docs/server.svg HTTP/1.0" 200 11440 "https://autenrieth.inglory.de/error_docs/styles.css" "Mozilla/5.0 (Linux; Android 10; K) AppleWebKit/537.36 (KHTML, like Gecko) Chrome/145.0.0.0 Mobile Safari/537.36"
114.8.210.202 - - [12/Mar/2026:10:43:21 +0100] "GET /favicon.ico HTTP/1.0" 302 4140 "https://autenrieth.inglory.de/" "Mozilla/5.0 (Linux; Android 10; K) AppleWebKit/537.36 (KHTML, like Gecko) Chrome/145.0.0.0 Mobile Safari/537.36"
114.8.210.202 - - [12/Mar/2026:10:43:21 +0100] "GET /wp-content/uploads/2024/02/cropped-Logo-SVG-1-32x32.png HTTP/1.0" 200 5280 "https://autenrieth.inglory.de/" "Mozilla/5.0 (Linux; Android 10; K) AppleWebKit/537.36 (KHTML, like Gecko) Chrome/145.0.0.0 Mobile Safari/537.36"
94.130.90.54 - - [12/Mar/2026:11:02:25 +0100] "POST /wp-cron.php?doing_wp_cron=1773309745.3542120456695556640625 HTTP/1.0" 200 4069 "-" "WordPress/6.9.4; https://autenrieth.inglory.de"
74.7.241.58 - - [12/Mar/2026:11:02:25 +0100] "GET /wp-sitemap.xml HTTP/1.0" 200 4211 "-" "Mozilla/5.0 AppleWebKit/537.36 (KHTML, like Gecko; compatible; GPTBot/1.3; +https://openai.com/gptbot)"
57.141.20.7 - - [12/Mar/2026:11:07:54 +0100] "GET /wp-sitemap.xml HTTP/1.0" 200 4339 "-" "meta-externalagent/1.1 (+https://developers.facebook.com/docs/sharing/webmasters/crawler)"
94.130.90.54 - - [12/Mar/2026:11:18:11 +0100] "POST /wp-cron.php?doing_wp_cron=1773310691.7129690647125244140625 HTTP/1.0" 200 4069 "-" "WordPress/6.9.4; https://autenrieth.inglory.de"
57.141.20.44 - - [12/Mar/2026:11:18:11 +0100] "GET /wp-sitemap-users-1.xml HTTP/1.0" 200 4285 "-" "meta-externalagent/1.1 (+https://developers.facebook.com/docs/sharing/webmasters/crawler)"
94.130.90.54 - - [12/Mar/2026:11:29:13 +0100] "POST /wp-cron.php?doing_wp_cron=1773311353.4807209968566894531250 HTTP/1.0" 200 4069 "-" "WordPress/6.9.4; https://autenrieth.inglory.de"
57.141.20.15 - - [12/Mar/2026:11:29:13 +0100] "GET /wp-sitemap-posts-page-1.xml HTTP/1.0" 200 4462 "-" "meta-externalagent/1.1 (+https://developers.facebook.com/docs/sharing/webmasters/crawler)"
94.130.90.54 - - [12/Mar/2026:11:53:54 +0100] "POST /wp-cron.php?doing_wp_cron=1773312834.7225770950317382812500 HTTP/1.0" 200 4069 "-" "WordPress/6.9.4; https://autenrieth.inglory.de"
157.55.39.11 - - [12/Mar/2026:11:53:54 +0100] "GET /wp-sitemap.xml HTTP/1.0" 200 4211 "-" "Mozilla/5.0 AppleWebKit/537.36 (KHTML, like Gecko; compatible; bingbot/2.0; +http://www.bing.com/bingbot.htm) Chrome/116.0.1938.76 Safari/537.36"
94.130.90.54 - - [12/Mar/2026:12:01:19 +0100] "GET /wp-content/plugins/loftloader-pro/assets/css/loftloader.min.css?ver=2022112801 HTTP/1.1" 200 75399 "https://autenrieth.inglory.de/" "Serf/1.3.9 (mod_pagespeed/1.13.35.2-0)"
94.130.90.54 - - [12/Mar/2026:12:01:19 +0100] "GET /wp-content/themes/hello-elementor/assets/css/reset.css?ver=3.4.6 HTTP/1.1" 200 8995 "https://autenrieth.inglory.de/" "Serf/1.3.9 (mod_pagespeed/1.13.35.2-0)"
94.130.90.54 - - [12/Mar/2026:12:01:19 +0100] "GET /wp-content/themes/hello-elementor/assets/css/theme.css?ver=3.4.6 HTTP/1.1" 200 8636 "https://autenrieth.inglory.de/" "Serf/1.3.9 (mod_pagespeed/1.13.35.2-0)"
165.232.51.144 - - [12/Mar/2026:12:01:18 +0100] "GET / HTTP/1.0" 200 30643 "-" "Mozilla/5.0 (Windows NT 10.0; Win64; x64) AppleWebKit/537.36 (KHTML, like Gecko) Chrome/58.0.3029.110 Safari/537.3"
94.130.90.54 - - [12/Mar/2026:12:01:19 +0100] "GET /wp-content/themes/hello-elementor/assets/css/header-footer.css?ver=3.4.6 HTTP/1.1" 200 10721 "https://autenrieth.inglory.de/" "Serf/1.3.9 (mod_pagespeed/1.13.35.2-0)"
94.130.90.54 - - [12/Mar/2026:12:01:19 +0100] "GET /wp-content/plugins/elementor/assets/lib/eicons/css/elementor-icons.min.css?ver=5.30.0 HTTP/1.1" 200 23389 "https://autenrieth.inglory.de/" "Serf/1.3.9 (mod_pagespeed/1.13.35.2-0)"
94.130.90.54 - - [12/Mar/2026:12:01:19 +0100] "GET /wp-content/uploads/elementor/css/custom-frontend-lite.min.css?ver=1723465678 HTTP/1.1" 200 216191 "https://autenrieth.inglory.de/" "Serf/1.3.9 (mod_pagespeed/1.13.35.2-0)"
94.130.90.54 - - [12/Mar/2026:12:01:19 +0100] "GET /wp-content/plugins/elementor/assets/lib/swiper/css/swiper.min.css?ver=5.3.6 HTTP/1.1" 200 16416 "https://autenrieth.inglory.de/" "Serf/1.3.9 (mod_pagespeed/1.13.35.2-0)"
94.130.90.54 - - [12/Mar/2026:12:01:19 +0100] "GET /wp-content/uploads/elementor/css/post-7.css?ver=1723465678 HTTP/1.1" 200 10132 "https://autenrieth.inglory.de/" "Serf/1.3.9 (mod_pagespeed/1.13.35.2-0)"
94.130.90.54 - - [12/Mar/2026:12:01:19 +0100] "GET /wp-content/uploads/elementor/css/custom-pro-frontend-lite.min.css?ver=1723465678 HTTP/1.1" 200 14549 "https://autenrieth.inglory.de/" "Serf/1.3.9 (mod_pagespeed/1.13.35.2-0)"
94.130.90.54 - - [12/Mar/2026:12:01:19 +0100] "GET /wp-content/uploads/elementor/css/post-388.css?ver=1723465678 HTTP/1.1" 200 11705 "https://autenrieth.inglory.de/" "Serf/1.3.9 (mod_pagespeed/1.13.35.2-0)"
94.130.90.54 - - [12/Mar/2026:12:01:19 +0100] "GET /wp-content/cache/borlabs-cookie/1/borlabs-cookie-1-de.css?ver=3.0.1-425 HTTP/1.1" 200 104917 "https://autenrieth.inglory.de/" "Serf/1.3.9 (mod_pagespeed/1.13.35.2-0)"
94.130.90.54 - - [12/Mar/2026:12:01:19 +0100] "GET /wp-content/plugins/mystickyelements-pro/css/font-awesome.min.css?ver=2.0.7 HTTP/1.1" 200 57872 "https://autenrieth.inglory.de/" "Serf/1.3.9 (mod_pagespeed/1.13.35.2-0)"
94.130.90.54 - - [12/Mar/2026:12:01:19 +0100] "GET /wp-content/plugins/elementor/assets/lib/font-awesome/css/fontawesome.min.css?ver=5.15.3 HTTP/1.1" 200 61698 "https://autenrieth.inglory.de/" "Serf/1.3.9 (mod_pagespeed/1.13.35.2-0)"
94.130.90.54 - - [12/Mar/2026:12:01:19 +0100] "GET /wp-content/plugins/elementor/assets/lib/font-awesome/css/solid.min.css?ver=5.15.3 HTTP/1.1" 200 4177 "https://autenrieth.inglory.de/" "Serf/1.3.9 (mod_pagespeed/1.13.35.2-0)"
94.130.90.54 - - [12/Mar/2026:12:01:19 +0100] "GET /wp-content/plugins/elementor/assets/lib/font-awesome/css/brands.min.css?ver=5.15.3 HTTP/1.1" 200 4183 "https://autenrieth.inglory.de/" "Serf/1.3.9 (mod_pagespeed/1.13.35.2-0)"
94.130.90.54 - - [12/Mar/2026:12:01:19 +0100] "GET /wp-content/plugins/elementor/assets/lib/animations/animations.min.css?ver=3.23.4 HTTP/1.1" 200 22037 "https://autenrieth.inglory.de/" "Serf/1.3.9 (mod_pagespeed/1.13.35.2-0)"
94.130.90.54 - - [12/Mar/2026:12:01:19 +0100] "GET /wp-content/uploads/elementor/css/post-107.css?ver=1723465678 HTTP/1.1" 200 10507 "https://autenrieth.inglory.de/" "Serf/1.3.9 (mod_pagespeed/1.13.35.2-0)"
94.130.90.54 - - [12/Mar/2026:12:01:19 +0100] "GET /wp-content/uploads/elementor/css/post-183.css?ver=1723465678 HTTP/1.1" 200 10672 "https://autenrieth.inglory.de/" "Serf/1.3.9 (mod_pagespeed/1.13.35.2-0)"
94.130.90.54 - - [12/Mar/2026:12:01:19 +0100] "GET /wp-content/uploads/elementor/css/post-186.css?ver=1723465678 HTTP/1.1" 200 10714 "https://autenrieth.inglory.de/" "Serf/1.3.9 (mod_pagespeed/1.13.35.2-0)"
94.130.90.54 - - [12/Mar/2026:12:01:19 +0100] "GET /wp-content/uploads/elementor/css/post-608.css?ver=1723465678 HTTP/1.1" 200 10629 "https://autenrieth.inglory.de/" "Serf/1.3.9 (mod_pagespeed/1.13.35.2-0)"
94.130.90.54 - - [12/Mar/2026:12:01:19 +0100] "GET /wp-content/uploads/elementor/css/post-753.css?ver=1723465679 HTTP/1.1" 200 9718 "https://autenrieth.inglory.de/" "Serf/1.3.9 (mod_pagespeed/1.13.35.2-0)"
94.130.90.54 - - [12/Mar/2026:12:01:19 +0100] "GET /wp-content/plugins/mystickyelements-pro/intl-tel-input-src/build/js/intlTelInput.js?ver=2.0.7 HTTP/1.1" 200 94388 "https://autenrieth.inglory.de/" "Serf/1.3.9 (mod_pagespeed/1.13.35.2-0)"
94.130.90.54 - - [12/Mar/2026:12:01:19 +0100] "GET /wp-content/plugins/mystickyelements-pro/js/jquery.cookie.js?ver=2.0.7 HTTP/1.1" 200 4954 "https://autenrieth.inglory.de/" "Serf/1.3.9 (mod_pagespeed/1.13.35.2-0)"
94.130.90.54 - - [12/Mar/2026:12:01:19 +0100] "GET /wp-content/plugins/mystickyelements-pro/js/mystickyelements-fronted.min.js?ver=2.0.7 HTTP/1.1" 200 32726 "https://autenrieth.inglory.de/" "Serf/1.3.9 (mod_pagespeed/1.13.35.2-0)"
94.130.90.54 - - [12/Mar/2026:12:01:20 +0100] "GET /wp-content/plugins/elementor-pro/assets/lib/smartmenus/jquery.smartmenus.min.js?ver=1.2.1 HTTP/1.1" 200 27692 "https://autenrieth.inglory.de/" "Serf/1.3.9 (mod_pagespeed/1.13.35.2-0)"
94.130.90.54 - - [12/Mar/2026:12:01:20 +0100] "GET /wp-includes/js/imagesloaded.min.js?ver=5.0.0 HTTP/1.1" 200 9073 "https://autenrieth.inglory.de/" "Serf/1.3.9 (mod_pagespeed/1.13.35.2-0)"
94.130.90.54 - - [12/Mar/2026:12:01:20 +0100] "GET /wp-content/plugins/elementor/assets/js/frontend-modules.min.js?ver=3.23.4 HTTP/1.1" 200 77239 "https://autenrieth.inglory.de/" "Serf/1.3.9 (mod_pagespeed/1.13.35.2-0)"
94.130.90.54 - - [12/Mar/2026:12:01:20 +0100] "GET /wp-includes/js/dist/hooks.min.js?ver=dd5603f07f9220ed27f1 HTTP/1.1" 200 9214 "https://autenrieth.inglory.de/" "Serf/1.3.9 (mod_pagespeed/1.13.35.2-0)"
94.130.90.54 - - [12/Mar/2026:12:01:20 +0100] "GET /wp-includes/js/dist/i18n.min.js?ver=c26c3dc7bed366793375 HTTP/1.1" 200 8867 "https://autenrieth.inglory.de/" "Serf/1.3.9 (mod_pagespeed/1.13.35.2-0)"
94.130.90.54 - - [12/Mar/2026:12:01:20 +0100] "GET /wp-content/plugins/elementor-pro/assets/js/frontend.min.js?ver=3.21.2 HTTP/1.1" 200 28649 "https://autenrieth.inglory.de/" "Serf/1.3.9 (mod_pagespeed/1.13.35.2-0)"
94.130.90.54 - - [12/Mar/2026:12:01:20 +0100] "GET /wp-content/plugins/elementor/assets/lib/waypoints/waypoints.min.js?ver=4.0.2 HTTP/1.1" 200 15752 "https://autenrieth.inglory.de/" "Serf/1.3.9 (mod_pagespeed/1.13.35.2-0)"
94.130.90.54 - - [12/Mar/2026:12:01:20 +0100] "GET /wp-includes/js/jquery/ui/core.min.js?ver=1.13.3 HTTP/1.1" 200 25047 "https://autenrieth.inglory.de/" "Serf/1.3.9 (mod_pagespeed/1.13.35.2-0)"
94.130.90.54 - - [12/Mar/2026:12:01:20 +0100] "GET /wp-content/uploads/2024/02/cropped-Logo-SVG-1-32x32.png HTTP/1.1" 304 3405 "https://autenrieth.inglory.de/" "Serf/1.3.9 (mod_pagespeed/1.13.35.2-0)"
94.130.90.54 - - [12/Mar/2026:12:01:20 +0100] "GET /wp-content/uploads/2024/02/cropped-Logo-SVG-1-192x192.png HTTP/1.1" 200 13023 "https://autenrieth.inglory.de/" "Serf/1.3.9 (mod_pagespeed/1.13.35.2-0)"
94.130.90.54 - - [12/Mar/2026:12:01:20 +0100] "GET /wp-content/uploads/2024/02/cropped-Logo-SVG-1-180x180.png HTTP/1.1" 200 12300 "https://autenrieth.inglory.de/" "Serf/1.3.9 (mod_pagespeed/1.13.35.2-0)"
94.130.90.54 - - [12/Mar/2026:12:01:20 +0100] "GET /wp-content/uploads/2024/02/OBJECTS-1.png HTTP/1.1" 200 62071 "https://autenrieth.inglory.de/" "Serf/1.3.9 (mod_pagespeed/1.13.35.2-0)"
94.130.90.54 - - [12/Mar/2026:12:01:20 +0100] "GET /wp-content/uploads/2024/02/OBJECTS-1.png HTTP/1.1" 200 62071 "https://autenrieth.inglory.de/" "Serf/1.3.9 (mod_pagespeed/1.13.35.2-0)"
94.130.90.54 - - [12/Mar/2026:12:01:20 +0100] "GET /wp-content/uploads/2024/02/OBJECTS-1-300x260.png HTTP/1.1" 200 41645 "https://autenrieth.inglory.de/" "Serf/1.3.9 (mod_pagespeed/1.13.35.2-0)"
94.130.90.54 - - [12/Mar/2026:12:01:20 +0100] "GET /wp-content/uploads/2024/02/Layer-3-3.png HTTP/1.1" 200 26520 "https://autenrieth.inglory.de/" "Serf/1.3.9 (mod_pagespeed/1.13.35.2-0)"
94.130.90.54 - - [12/Mar/2026:12:01:20 +0100] "GET /wp-content/uploads/2024/02/Layer-3-3.png HTTP/1.1" 200 26520 "https://autenrieth.inglory.de/" "Serf/1.3.9 (mod_pagespeed/1.13.35.2-0)"
94.130.90.54 - - [12/Mar/2026:12:01:20 +0100] "GET /wp-content/uploads/2024/02/Layer-3-3-74x300.png HTTP/1.1" 200 16528 "https://autenrieth.inglory.de/" "Serf/1.3.9 (mod_pagespeed/1.13.35.2-0)"
94.130.90.54 - - [12/Mar/2026:12:01:20 +0100] "GET /wp-content/uploads/2024/02/Layer-2-1.png HTTP/1.1" 200 37915 "https://autenrieth.inglory.de/" "Serf/1.3.9 (mod_pagespeed/1.13.35.2-0)"
94.130.90.54 - - [12/Mar/2026:12:01:20 +0100] "GET /wp-content/uploads/2024/02/Layer-2-1.png HTTP/1.1" 200 37915 "https://autenrieth.inglory.de/" "Serf/1.3.9 (mod_pagespeed/1.13.35.2-0)"
94.130.90.54 - - [12/Mar/2026:12:01:20 +0100] "GET /wp-content/uploads/2024/02/Layer-2-1-74x300.png HTTP/1.1" 200 20732 "https://autenrieth.inglory.de/" "Serf/1.3.9 (mod_pagespeed/1.13.35.2-0)"
94.130.90.54 - - [12/Mar/2026:12:01:20 +0100] "GET /wp-content/uploads/2024/02/Layer-3-5.png HTTP/1.1" 200 29142 "https://autenrieth.inglory.de/" "Serf/1.3.9 (mod_pagespeed/1.13.35.2-0)"
94.130.90.54 - - [12/Mar/2026:12:01:20 +0100] "GET /wp-content/uploads/2024/02/Layer-3-5.png HTTP/1.1" 200 29142 "https://autenrieth.inglory.de/" "Serf/1.3.9 (mod_pagespeed/1.13.35.2-0)"
94.130.90.54 - - [12/Mar/2026:12:01:20 +0100] "GET /wp-content/uploads/2024/02/Layer-3-5-74x300.png HTTP/1.1" 200 18106 "https://autenrieth.inglory.de/" "Serf/1.3.9 (mod_pagespeed/1.13.35.2-0)"
94.130.90.54 - - [12/Mar/2026:12:01:20 +0100] "GET /wp-content/uploads/2024/02/red-v3-1-1-2.png HTTP/1.1" 200 14538 "https://autenrieth.inglory.de/" "Serf/1.3.9 (mod_pagespeed/1.13.35.2-0)"
94.130.90.54 - - [12/Mar/2026:12:01:20 +0100] "GET /wp-content/uploads/2024/02/red-v3-1-1-2.png HTTP/1.1" 200 14538 "https://autenrieth.inglory.de/" "Serf/1.3.9 (mod_pagespeed/1.13.35.2-0)"
94.130.90.54 - - [12/Mar/2026:12:01:20 +0100] "GET /wp-content/uploads/2024/02/red-v3-1-1-2-74x300.png HTTP/1.1" 200 22138 "https://autenrieth.inglory.de/" "Serf/1.3.9 (mod_pagespeed/1.13.35.2-0)"
94.130.90.54 - - [12/Mar/2026:12:01:20 +0100] "GET /wp-content/uploads/2024/02/Traditional-Line-1.png HTTP/1.1" 200 63684 "https://autenrieth.inglory.de/" "Serf/1.3.9 (mod_pagespeed/1.13.35.2-0)"
94.130.90.54 - - [12/Mar/2026:12:01:20 +0100] "GET /wp-content/uploads/2024/02/Traditional-Line-1.png HTTP/1.1" 200 63684 "https://autenrieth.inglory.de/" "Serf/1.3.9 (mod_pagespeed/1.13.35.2-0)"
94.130.90.54 - - [12/Mar/2026:12:01:20 +0100] "GET /wp-content/uploads/2024/02/Traditional-Line-1-300x264.png HTTP/1.1" 200 63745 "https://autenrieth.inglory.de/" "Serf/1.3.9 (mod_pagespeed/1.13.35.2-0)"
94.130.90.54 - - [12/Mar/2026:12:01:20 +0100] "GET /wp-content/uploads/2024/02/Traditional-Line-1-768x675.png HTTP/1.1" 200 299876 "https://autenrieth.inglory.de/" "Serf/1.3.9 (mod_pagespeed/1.13.35.2-0)"
94.130.90.54 - - [12/Mar/2026:12:01:20 +0100] "GET /wp-content/uploads/2024/02/silver-1.jpg HTTP/1.1" 200 18011 "https://autenrieth.inglory.de/" "Serf/1.3.9 (mod_pagespeed/1.13.35.2-0)"
94.130.90.54 - - [12/Mar/2026:12:01:20 +0100] "GET /wp-content/uploads/2024/02/silver-1.jpg HTTP/1.1" 200 18011 "https://autenrieth.inglory.de/" "Serf/1.3.9 (mod_pagespeed/1.13.35.2-0)"
94.130.90.54 - - [12/Mar/2026:12:01:20 +0100] "GET /wp-content/uploads/2024/02/silver-1-300x263.jpg HTTP/1.1" 200 9520 "https://autenrieth.inglory.de/" "Serf/1.3.9 (mod_pagespeed/1.13.35.2-0)"
94.130.90.54 - - [12/Mar/2026:12:01:20 +0100] "GET /wp-content/uploads/2024/02/silver-1-768x673.jpg HTTP/1.1" 200 27094 "https://autenrieth.inglory.de/" "Serf/1.3.9 (mod_pagespeed/1.13.35.2-0)"
94.130.90.54 - - [12/Mar/2026:12:01:20 +0100] "GET /wp-content/uploads/2024/02/gold-1.png HTTP/1.1" 200 58149 "https://autenrieth.inglory.de/" "Serf/1.3.9 (mod_pagespeed/1.13.35.2-0)"
94.130.90.54 - - [12/Mar/2026:12:01:20 +0100] "GET /wp-content/uploads/2024/02/gold-1.png HTTP/1.1" 200 58149 "https://autenrieth.inglory.de/" "Serf/1.3.9 (mod_pagespeed/1.13.35.2-0)"
94.130.90.54 - - [12/Mar/2026:12:01:20 +0100] "GET /wp-content/uploads/2024/02/gold-1-300x264.png HTTP/1.1" 200 54259 "https://autenrieth.inglory.de/" "Serf/1.3.9 (mod_pagespeed/1.13.35.2-0)"
94.130.90.54 - - [12/Mar/2026:12:01:20 +0100] "GET /wp-content/uploads/2024/02/gold-1-768x676.png HTTP/1.1" 200 264138 "https://autenrieth.inglory.de/" "Serf/1.3.9 (mod_pagespeed/1.13.35.2-0)"
94.130.90.54 - - [12/Mar/2026:12:01:20 +0100] "GET /wp-content/uploads/2024/02/Group-1261156729-1.png HTTP/1.1" 200 80683 "https://autenrieth.inglory.de/" "Serf/1.3.9 (mod_pagespeed/1.13.35.2-0)"
94.130.90.54 - - [12/Mar/2026:12:01:20 +0100] "GET /wp-content/uploads/2024/02/Group-1261156729-1.png HTTP/1.1" 200 80683 "https://autenrieth.inglory.de/" "Serf/1.3.9 (mod_pagespeed/1.13.35.2-0)"
94.130.90.54 - - [12/Mar/2026:12:01:20 +0100] "GET /wp-content/uploads/2024/02/Group-1261156729-1-168x300.png HTTP/1.1" 200 28895 "https://autenrieth.inglory.de/" "Serf/1.3.9 (mod_pagespeed/1.13.35.2-0)"
94.130.90.54 - - [12/Mar/2026:12:01:20 +0100] "GET /wp-content/uploads/2024/02/Group-1261156729-1-572x1024.png HTTP/1.1" 200 161656 "https://autenrieth.inglory.de/" "Serf/1.3.9 (mod_pagespeed/1.13.35.2-0)"
94.130.90.54 - - [12/Mar/2026:12:01:20 +0100] "GET /wp-content/uploads/2024/02/Frame-1261156729-2-1.jpg HTTP/1.1" 200 130779 "https://autenrieth.inglory.de/" "Serf/1.3.9 (mod_pagespeed/1.13.35.2-0)"
94.130.90.54 - - [12/Mar/2026:12:01:20 +0100] "GET /wp-content/uploads/2024/02/Frame-1261156729-2-1.jpg HTTP/1.1" 200 130779 "https://autenrieth.inglory.de/" "Serf/1.3.9 (mod_pagespeed/1.13.35.2-0)"
94.130.90.54 - - [12/Mar/2026:12:01:20 +0100] "GET /wp-content/uploads/2024/02/Frame-1261156729-2-1-265x300.jpg HTTP/1.1" 200 34229 "https://autenrieth.inglory.de/" "Serf/1.3.9 (mod_pagespeed/1.13.35.2-0)"
94.130.90.54 - - [12/Mar/2026:12:01:20 +0100] "GET /wp-content/uploads/2024/04/Group-1261156712-1.png HTTP/1.1" 200 14186 "https://autenrieth.inglory.de/" "Serf/1.3.9 (mod_pagespeed/1.13.35.2-0)"
94.130.90.54 - - [12/Mar/2026:12:01:20 +0100] "GET /wp-content/uploads/2024/02/Group-1261156732-1-1.jpg HTTP/1.1" 200 77986 "https://autenrieth.inglory.de/" "Serf/1.3.9 (mod_pagespeed/1.13.35.2-0)"
94.130.90.54 - - [12/Mar/2026:12:01:20 +0100] "GET /wp-content/uploads/2024/02/Group-1261156732-1-1.jpg HTTP/1.1" 200 77986 "https://autenrieth.inglory.de/" "Serf/1.3.9 (mod_pagespeed/1.13.35.2-0)"
94.130.90.54 - - [12/Mar/2026:12:01:20 +0100] "GET /wp-content/uploads/2024/02/Group-1261156732-1-1-290x300.jpg HTTP/1.1" 200 28802 "https://autenrieth.inglory.de/" "Serf/1.3.9 (mod_pagespeed/1.13.35.2-0)"
94.130.90.54 - - [12/Mar/2026:12:01:20 +0100] "GET /wp-content/uploads/2024/02/Frame-1261156736.png HTTP/1.1" 200 4891 "https://autenrieth.inglory.de/" "Serf/1.3.9 (mod_pagespeed/1.13.35.2-0)"
94.130.90.54 - - [12/Mar/2026:12:01:20 +0100] "GET /wp-content/uploads/2024/02/red-v3-1.png HTTP/1.1" 200 200772 "https://autenrieth.inglory.de/" "Serf/1.3.9 (mod_pagespeed/1.13.35.2-0)"
94.130.90.54 - - [12/Mar/2026:12:01:20 +0100] "GET /wp-content/uploads/2024/02/red-v3-1.png HTTP/1.1" 200 200772 "https://autenrieth.inglory.de/" "Serf/1.3.9 (mod_pagespeed/1.13.35.2-0)"
94.130.90.54 - - [12/Mar/2026:12:01:20 +0100] "GET /wp-content/uploads/2024/02/red-v3-1-86x300.png HTTP/1.1" 200 31147 "https://autenrieth.inglory.de/" "Serf/1.3.9 (mod_pagespeed/1.13.35.2-0)"
94.130.90.54 - - [12/Mar/2026:12:01:20 +0100] "GET /wp-content/uploads/2024/02/Frame-1261156713-1.png HTTP/1.1" 200 50612 "https://autenrieth.inglory.de/" "Serf/1.3.9 (mod_pagespeed/1.13.35.2-0)"
94.130.90.54 - - [12/Mar/2026:12:01:20 +0100] "GET /wp-content/uploads/2024/02/Frame-1261156713-1.png HTTP/1.1" 200 50612 "https://autenrieth.inglory.de/" "Serf/1.3.9 (mod_pagespeed/1.13.35.2-0)"
94.130.90.54 - - [12/Mar/2026:12:01:20 +0100] "GET /wp-content/uploads/2024/02/Frame-1261156713-1-82x300.png HTTP/1.1" 200 18125 "https://autenrieth.inglory.de/" "Serf/1.3.9 (mod_pagespeed/1.13.35.2-0)"
94.130.90.54 - - [12/Mar/2026:12:01:20 +0100] "GET /wp-content/uploads/2024/02/Layer-2-1-1.png HTTP/1.1" 200 39191 "https://autenrieth.inglory.de/" "Serf/1.3.9 (mod_pagespeed/1.13.35.2-0)"
94.130.90.54 - - [12/Mar/2026:12:01:20 +0100] "GET /wp-content/uploads/2024/02/Layer-2-1-1.png HTTP/1.1" 200 39191 "https://autenrieth.inglory.de/" "Serf/1.3.9 (mod_pagespeed/1.13.35.2-0)"
94.130.90.54 - - [12/Mar/2026:12:01:20 +0100] "GET /wp-content/uploads/2024/02/Layer-2-1-1-72x300.png HTTP/1.1" 200 21049 "https://autenrieth.inglory.de/" "Serf/1.3.9 (mod_pagespeed/1.13.35.2-0)"
94.130.90.54 - - [12/Mar/2026:12:01:20 +0100] "GET /wp-content/uploads/2024/02/Frame-1261156714-1.png HTTP/1.1" 200 50311 "https://autenrieth.inglory.de/" "Serf/1.3.9 (mod_pagespeed/1.13.35.2-0)"
94.130.90.54 - - [12/Mar/2026:12:01:20 +0100] "GET /wp-content/uploads/2024/02/Frame-1261156714-1.png HTTP/1.1" 200 50311 "https://autenrieth.inglory.de/" "Serf/1.3.9 (mod_pagespeed/1.13.35.2-0)"
94.130.90.54 - - [12/Mar/2026:12:01:20 +0100] "GET /wp-content/uploads/2024/02/Frame-1261156714-1-87x300.png HTTP/1.1" 200 20201 "https://autenrieth.inglory.de/" "Serf/1.3.9 (mod_pagespeed/1.13.35.2-0)"
94.130.90.54 - - [12/Mar/2026:12:01:20 +0100] "GET /wp-content/plugins/borlabs-cookie/assets/javascript/borlabs-cookie.min.js?ver=3.0.1 HTTP/1.1" 200 4728 "https://autenrieth.inglory.de/" "Serf/1.3.9 (mod_pagespeed/1.13.35.2-0)"
94.130.90.54 - - [12/Mar/2026:12:01:20 +0100] "GET /wp-content/uploads/elementor/css/custom-pro-widget-nav-menu.min.css?ver=1723465678 HTTP/1.1" 200 30448 "https://autenrieth.inglory.de/" "Serf/1.3.9 (mod_pagespeed/1.13.35.2-0)"
94.130.90.54 - - [12/Mar/2026:12:01:20 +0100] "GET /wp-content/plugins/elementor-pro/assets/css/widget-carousel.min.css HTTP/1.1" 200 36628 "https://autenrieth.inglory.de/" "Serf/1.3.9 (mod_pagespeed/1.13.35.2-0)"
94.130.90.54 - - [12/Mar/2026:12:01:20 +0100] "GET /wp-content/uploads/elementor/css/custom-widget-icon-list.min.css?ver=1723465678 HTTP/1.1" 200 13428 "https://autenrieth.inglory.de/" "Serf/1.3.9 (mod_pagespeed/1.13.35.2-0)"
94.130.90.54 - - [12/Mar/2026:12:01:20 +0100] "GET /wp-content/cache/borlabs-cookie/1/borlabs-cookie-config-de.json.js?ver=3.0.1-428 HTTP/1.1" 200 19544 "https://autenrieth.inglory.de/" "Serf/1.3.9 (mod_pagespeed/1.13.35.2-0)"
94.130.90.54 - - [12/Mar/2026:12:01:20 +0100] "GET /wp-includes/js/jquery/jquery.min.js?ver=3.7.1 HTTP/1.1" 200 91253 "https://autenrieth.inglory.de/" "Serf/1.3.9 (mod_pagespeed/1.13.35.2-0)"
94.130.90.54 - - [12/Mar/2026:12:01:20 +0100] "GET /wp-includes/js/jquery/jquery-migrate.min.js?ver=3.4.1 HTTP/1.1" 200 17131 "https://autenrieth.inglory.de/" "Serf/1.3.9 (mod_pagespeed/1.13.35.2-0)"
94.130.90.54 - - [12/Mar/2026:12:01:20 +0100] "GET /wp-content/plugins/loftloader-pro/assets/js/jquery.waitformedias.min.js?ver=2022112801 HTTP/1.1" 200 8030 "https://autenrieth.inglory.de/" "Serf/1.3.9 (mod_pagespeed/1.13.35.2-0)"
94.130.90.54 - - [12/Mar/2026:12:01:20 +0100] "GET /wp-content/plugins/loftloader-pro/assets/js/loftloader.js?ver=2022112801 HTTP/1.1" 200 29560 "https://autenrieth.inglory.de/" "Serf/1.3.9 (mod_pagespeed/1.13.35.2-0)"
94.130.90.54 - - [12/Mar/2026:12:01:20 +0100] "GET /wp-content/plugins/elementor/assets/js/frontend.min.js?ver=3.23.4 HTTP/1.1" 200 43861 "https://autenrieth.inglory.de/" "Serf/1.3.9 (mod_pagespeed/1.13.35.2-0)"
94.130.90.54 - - [12/Mar/2026:12:01:20 +0100] "GET /wp-content/plugins/elementor-pro/assets/js/elements-handlers.min.js?ver=3.21.2 HTTP/1.1" 200 41894 "https://autenrieth.inglory.de/" "Serf/1.3.9 (mod_pagespeed/1.13.35.2-0)"
94.130.90.54 - - [12/Mar/2026:12:01:20 +0100] "GET /wp-content/plugins/elementor-pro/assets/lib/sticky/jquery.sticky.min.js?ver=3.21.2 HTTP/1.1" 200 7273 "https://autenrieth.inglory.de/" "Serf/1.3.9 (mod_pagespeed/1.13.35.2-0)"
94.130.90.54 - - [12/Mar/2026:12:01:20 +0100] "GET /wp-content/uploads/elementor/css/post-19.css?ver=1723465678 HTTP/1.1" 200 123603 "https://autenrieth.inglory.de/" "Serf/1.3.9 (mod_pagespeed/1.13.35.2-0)"
94.130.90.54 - - [12/Mar/2026:12:01:20 +0100] "GET /wp-content/uploads/elementor/css/post-281.css?ver=1723465678 HTTP/1.1" 200 17833 "https://autenrieth.inglory.de/" "Serf/1.3.9 (mod_pagespeed/1.13.35.2-0)"
94.130.90.54 - - [12/Mar/2026:12:01:20 +0100] "GET /wp-content/plugins/mystickyelements-pro/css/mystickyelements-front.min.css?ver=2.0.7 HTTP/1.1" 200 204825 "https://autenrieth.inglory.de/" "Serf/1.3.9 (mod_pagespeed/1.13.35.2-0)"
94.130.90.54 - - [12/Mar/2026:12:01:20 +0100] "GET /wp-content/plugins/mystickyelements-pro/intl-tel-input-src/build/css/intlTelInput.css?ver=2.0.7 HTTP/1.1" 200 29751 "https://autenrieth.inglory.de/" "Serf/1.3.9 (mod_pagespeed/1.13.35.2-0)"
94.130.90.54 - - [12/Mar/2026:12:01:20 +0100] "GET /wp-content/uploads/elementor/css/post-162.css?ver=1723465679 HTTP/1.1" 200 12109 "https://autenrieth.inglory.de/" "Serf/1.3.9 (mod_pagespeed/1.13.35.2-0)"
94.130.90.54 - - [12/Mar/2026:12:01:20 +0100] "GET /wp-content/uploads/elementor/css/post-679.css?ver=1723465679 HTTP/1.1" 200 12240 "https://autenrieth.inglory.de/" "Serf/1.3.9 (mod_pagespeed/1.13.35.2-0)"
94.130.90.54 - - [12/Mar/2026:12:01:20 +0100] "GET /wp-content/uploads/elementor/css/post-688.css?ver=1723465679 HTTP/1.1" 200 12255 "https://autenrieth.inglory.de/" "Serf/1.3.9 (mod_pagespeed/1.13.35.2-0)"
94.130.90.54 - - [12/Mar/2026:12:01:20 +0100] "GET /wp-content/uploads/elementor/css/post-696.css?ver=1723465679 HTTP/1.1" 200 12240 "https://autenrieth.inglory.de/" "Serf/1.3.9 (mod_pagespeed/1.13.35.2-0)"
94.130.90.54 - - [12/Mar/2026:12:01:20 +0100] "GET /wp-content/uploads/2024/02/Logo-Vektor-SVG.svg HTTP/1.1" 200 12612 "https://autenrieth.inglory.de/" "Serf/1.3.9 (mod_pagespeed/1.13.35.2-0)"
94.130.90.54 - - [12/Mar/2026:12:01:20 +0100] "GET /wp-content/uploads/2024/02/Logo-Vektor-SVG.svg HTTP/1.1" 200 12612 "https://autenrieth.inglory.de/" "Serf/1.3.9 (mod_pagespeed/1.13.35.2-0)"
94.130.90.54 - - [12/Mar/2026:12:01:20 +0100] "GET /wp-content/uploads/2024/02/menu.svg HTTP/1.1" 200 4163 "https://autenrieth.inglory.de/" "Serf/1.3.9 (mod_pagespeed/1.13.35.2-0)"
94.130.90.54 - - [12/Mar/2026:12:01:20 +0100] "GET /wp-content/uploads/2024/02/Group-1261156719.svg HTTP/1.1" 200 4952 "https://autenrieth.inglory.de/" "Serf/1.3.9 (mod_pagespeed/1.13.35.2-0)"
94.130.90.54 - - [12/Mar/2026:12:01:20 +0100] "GET /wp-content/uploads/2024/02/OBJECTS.svg HTTP/1.1" 200 318880 "https://autenrieth.inglory.de/" "Serf/1.3.9 (mod_pagespeed/1.13.35.2-0)"
94.130.90.54 - - [12/Mar/2026:12:01:20 +0100] "GET /wp-content/uploads/2024/02/Group-1261156720-1.svg HTTP/1.1" 200 4849 "https://autenrieth.inglory.de/" "Serf/1.3.9 (mod_pagespeed/1.13.35.2-0)"
94.130.90.54 - - [12/Mar/2026:12:01:20 +0100] "GET /wp-content/uploads/2024/02/OBJECTS-2-2.svg HTTP/1.1" 200 137996 "https://autenrieth.inglory.de/" "Serf/1.3.9 (mod_pagespeed/1.13.35.2-0)"
94.130.90.54 - - [12/Mar/2026:12:01:20 +0100] "GET /wp-content/uploads/2024/02/OBJECTS-1-1.svg HTTP/1.1" 200 181699 "https://autenrieth.inglory.de/" "Serf/1.3.9 (mod_pagespeed/1.13.35.2-0)"
94.130.90.54 - - [12/Mar/2026:12:01:20 +0100] "GET /wp-content/uploads/2024/02/Group-1261156721.svg HTTP/1.1" 200 5975 "https://autenrieth.inglory.de/" "Serf/1.3.9 (mod_pagespeed/1.13.35.2-0)"
94.130.90.54 - - [12/Mar/2026:12:01:20 +0100] "GET /wp-content/uploads/2024/02/Group-1261156722.svg HTTP/1.1" 200 6152 "https://autenrieth.inglory.de/" "Serf/1.3.9 (mod_pagespeed/1.13.35.2-0)"
94.130.90.54 - - [12/Mar/2026:12:01:20 +0100] "GET /wp-content/uploads/2024/02/OBJECTS-4-1.svg HTTP/1.1" 200 222647 "https://autenrieth.inglory.de/" "Serf/1.3.9 (mod_pagespeed/1.13.35.2-0)"
94.130.90.54 - - [12/Mar/2026:12:01:20 +0100] "GET /wp-content/uploads/2024/02/OBJECTS-3-2.svg HTTP/1.1" 200 187348 "https://autenrieth.inglory.de/" "Serf/1.3.9 (mod_pagespeed/1.13.35.2-0)"
94.130.90.54 - - [12/Mar/2026:12:01:20 +0100] "GET /wp-content/uploads/2024/02/OBJECTS-3-1.svg HTTP/1.1" 200 191724 "https://autenrieth.inglory.de/" "Serf/1.3.9 (mod_pagespeed/1.13.35.2-0)"
94.130.90.54 - - [12/Mar/2026:12:01:20 +0100] "GET /wp-content/uploads/2024/02/OBJECTS-2-1.svg HTTP/1.1" 200 191677 "https://autenrieth.inglory.de/" "Serf/1.3.9 (mod_pagespeed/1.13.35.2-0)"
94.130.90.54 - - [12/Mar/2026:12:01:20 +0100] "GET /wp-content/uploads/2024/02/x-close.svg HTTP/1.1" 200 3738 "https://autenrieth.inglory.de/" "Serf/1.3.9 (mod_pagespeed/1.13.35.2-0)"
94.130.90.54 - - [12/Mar/2026:12:01:20 +0100] "GET /wp-content/plugins/elementor-pro/assets/js/webpack-pro.runtime.min.js?ver=3.21.2 HTTP/1.1" 200 9378 "https://autenrieth.inglory.de/" "Serf/1.3.9 (mod_pagespeed/1.13.35.2-0)"
94.130.90.54 - - [12/Mar/2026:12:01:20 +0100] "GET /wp-content/plugins/elementor/assets/js/webpack.runtime.min.js?ver=3.23.4 HTTP/1.1" 200 8550 "https://autenrieth.inglory.de/" "Serf/1.3.9 (mod_pagespeed/1.13.35.2-0)"
94.130.90.54 - - [12/Mar/2026:12:01:20 +0100] "GET /wp-content/uploads/2024/02/hero-1.png HTTP/1.1" 200 752027 "https://autenrieth.inglory.de/" "Serf/1.3.9 (mod_pagespeed/1.13.35.2-0)"
94.130.90.54 - - [12/Mar/2026:12:01:20 +0100] "GET /wp-content/uploads/2024/02/OBJECTS-1-1.png HTTP/1.1" 200 15256 "https://autenrieth.inglory.de/" "Serf/1.3.9 (mod_pagespeed/1.13.35.2-0)"
94.130.90.54 - - [12/Mar/2026:12:01:20 +0100] "GET /wp-content/uploads/2024/02/Group-1261156723-1.png HTTP/1.1" 200 289292 "https://autenrieth.inglory.de/" "Serf/1.3.9 (mod_pagespeed/1.13.35.2-0)"
94.130.90.54 - - [12/Mar/2026:12:01:20 +0100] "GET /wp-content/uploads/2024/02/Group-1261156725-1-1.png HTTP/1.1" 200 234829 "https://autenrieth.inglory.de/" "Serf/1.3.9 (mod_pagespeed/1.13.35.2-0)"
94.130.90.54 - - [12/Mar/2026:12:01:20 +0100] "GET /wp-content/uploads/2024/02/Group-1261156726-2-1.png HTTP/1.1" 200 279798 "https://autenrieth.inglory.de/" "Serf/1.3.9 (mod_pagespeed/1.13.35.2-0)"
94.130.90.54 - - [12/Mar/2026:12:01:20 +0100] "GET /wp-content/uploads/2024/02/black-1-1.png HTTP/1.1" 200 354033 "https://autenrieth.inglory.de/" "Serf/1.3.9 (mod_pagespeed/1.13.35.2-0)"
94.130.90.54 - - [12/Mar/2026:12:01:20 +0100] "GET /wp-content/uploads/2024/02/CTA-1-scaled.jpg HTTP/1.1" 200 120297 "https://autenrieth.inglory.de/" "Serf/1.3.9 (mod_pagespeed/1.13.35.2-0)"
94.130.90.54 - - [12/Mar/2026:12:01:20 +0100] "GET /wp-content/uploads/2024/02/Group-1261156723-2-1.png HTTP/1.1" 200 95418 "https://autenrieth.inglory.de/" "Serf/1.3.9 (mod_pagespeed/1.13.35.2-0)"
94.130.90.54 - - [12/Mar/2026:12:01:20 +0100] "GET /wp-content/uploads/2024/02/Group-1261156725-3-1.png HTTP/1.1" 200 119264 "https://autenrieth.inglory.de/" "Serf/1.3.9 (mod_pagespeed/1.13.35.2-0)"
94.130.90.54 - - [12/Mar/2026:12:01:20 +0100] "GET /wp-content/uploads/2024/02/Group-1261156726-3-1.png HTTP/1.1" 200 102520 "https://autenrieth.inglory.de/" "Serf/1.3.9 (mod_pagespeed/1.13.35.2-0)"
94.130.90.54 - - [12/Mar/2026:12:01:20 +0100] "GET /wp-content/uploads/2024/02/Rectangle-16.png HTTP/1.1" 200 3631 "https://autenrieth.inglory.de/" "Serf/1.3.9 (mod_pagespeed/1.13.35.2-0)"
94.130.90.54 - - [12/Mar/2026:12:01:20 +0100] "GET /wp-content/uploads/2024/02/OBJECTS-5.svg HTTP/1.1" 200 182722 "https://autenrieth.inglory.de/" "Serf/1.3.9 (mod_pagespeed/1.13.35.2-0)"
94.130.90.54 - - [12/Mar/2026:12:01:20 +0100] "GET /wp-content/uploads/2024/02/OBJECTS-6.svg HTTP/1.1" 200 264474 "https://autenrieth.inglory.de/" "Serf/1.3.9 (mod_pagespeed/1.13.35.2-0)"
94.130.90.54 - - [12/Mar/2026:12:01:20 +0100] "GET /wp-content/uploads/2024/02/OBJECTS-7.svg HTTP/1.1" 200 492930 "https://autenrieth.inglory.de/" "Serf/1.3.9 (mod_pagespeed/1.13.35.2-0)"
94.130.90.54 - - [12/Mar/2026:12:01:20 +0100] "GET /wp-content/uploads/2024/02/Pattern.svg HTTP/1.1" 200 21842 "https://autenrieth.inglory.de/" "Serf/1.3.9 (mod_pagespeed/1.13.35.2-0)"
94.130.90.54 - - [12/Mar/2026:12:01:20 +0100] "GET /wp-content/plugins/mystickyelements-pro/intl-tel-input-src/build/img/flags.png HTTP/1.1" 200 74515 "https://autenrieth.inglory.de/" "Serf/1.3.9 (mod_pagespeed/1.13.35.2-0)"
94.130.90.54 - - [12/Mar/2026:12:01:20 +0100] "GET /wp-content/plugins/mystickyelements-pro/intl-tel-input-src/build/img/flags@2x.png HTTP/1.1" 200 178202 "https://autenrieth.inglory.de/" "Serf/1.3.9 (mod_pagespeed/1.13.35.2-0)"
94.130.90.54 - - [12/Mar/2026:12:01:20 +0100] "GET /wp-content/uploads/2024/02/Frame-1261156742-1.png HTTP/1.1" 200 139844 "https://autenrieth.inglory.de/" "Serf/1.3.9 (mod_pagespeed/1.13.35.2-0)"
94.130.90.54 - - [12/Mar/2026:12:01:20 +0100] "GET /wp-content/uploads/2024/02/Silver-4-1.png HTTP/1.1" 200 11092 "https://autenrieth.inglory.de/" "Serf/1.3.9 (mod_pagespeed/1.13.35.2-0)"
94.130.90.54 - - [12/Mar/2026:12:01:20 +0100] "GET /wp-content/uploads/2024/02/Gold-1-1.png HTTP/1.1" 200 10359 "https://autenrieth.inglory.de/" "Serf/1.3.9 (mod_pagespeed/1.13.35.2-0)"
94.130.90.54 - - [12/Mar/2026:12:01:20 +0100] "GET /wp-content/uploads/2024/02/BLACK-1.png HTTP/1.1" 200 15941 "https://autenrieth.inglory.de/" "Serf/1.3.9 (mod_pagespeed/1.13.35.2-0)"
66.249.79.169 - - [12/Mar/2026:12:03:26 +0100] "GET /datenschutz HTTP/1.0" 403 4826 "-" "Mozilla/5.0 (Linux; Android 6.0.1; Nexus 5X Build/MMB29P) AppleWebKit/537.36 (KHTML, like Gecko) Chrome/145.0.7632.116 Mobile Safari/537.36 (compatible; Googlebot/2.1; +http://www.google.com/bot.html)"
51.38.104.193 - - [12/Mar/2026:12:17:18 +0100] "GET /wp-json/teknocore/v1/ HTTP/1.0" 404 4446 "-" "Mozilla/5.0 (Windows NT 10.0; Win64; x64) AppleWebKit/537.36 (KHTML, like Gecko) Chrome/127.0.0.0 Safari/537.36"
51.38.104.193 - - [12/Mar/2026:12:17:19 +0100] "GET /wp-content/plugins/wp-file-upload/css/wordpress_file_upload_style.css HTTP/1.0" 404 79630 "-" "Mozilla/5.0 (Windows NT 10.0; Win64; x64) AppleWebKit/537.36 (KHTML, like Gecko) Chrome/127.0.0.0 Safari/537.36"
94.130.90.54 - - [12/Mar/2026:12:17:20 +0100] "POST /wp-cron.php?doing_wp_cron=1773314240.3984770774841308593750 HTTP/1.0" 200 4069 "-" "WordPress/6.9.4; https://autenrieth.inglory.de"
51.38.104.193 - - [12/Mar/2026:12:17:19 +0100] "GET /wp-content/plugins/cidaas-pro-master/composer.json HTTP/1.0" 404 79652 "-" "Mozilla/5.0 (Windows NT 10.0; Win64; x64) AppleWebKit/537.36 (KHTML, like Gecko) Chrome/127.0.0.0 Safari/537.36"
51.38.104.193 - - [12/Mar/2026:12:17:20 +0100] "GET /ss.php?c_c HTTP/1.0" 403 4826 "-" "Mozilla/5.0 (Windows NT 10.0; Win64; x64) AppleWebKit/537.36 (KHTML, like Gecko) Chrome/127.0.0.0 Safari/537.36"
51.38.104.193 - - [12/Mar/2026:12:17:20 +0100] "GET /images/images/cache.php HTTP/1.0" 404 79630 "-" "Mozilla/5.0 (Windows NT 10.0; Win64; x64) AppleWebKit/537.36 (KHTML, like Gecko) Chrome/127.0.0.0 Safari/537.36"
51.38.104.193 - - [12/Mar/2026:12:17:21 +0100] "GET /wp-content/plugins/fancy-elementor-gallery-box/assets/js/fancy-elementor-flipbox.js HTTP/1.0" 404 79630 "-" "Mozilla/5.0 (Windows NT 10.0; Win64; x64) AppleWebKit/537.36 (KHTML, like Gecko) Chrome/127.0.0.0 Safari/537.36"
94.130.90.54 - - [12/Mar/2026:12:45:59 +0100] "POST /wp-cron.php?doing_wp_cron=1773315959.9058640003204345703125 HTTP/1.0" 200 4069 "-" "WordPress/6.9.4; https://autenrieth.inglory.de"
51.38.104.193 - - [12/Mar/2026:12:45:59 +0100] "GET /wp-json/teknocore/v1/ HTTP/1.0" 404 4446 "-" "Mozilla/5.0 (Windows NT 10.0; Win64; x64) AppleWebKit/537.36 (KHTML, like Gecko) Chrome/127.0.0.0 Safari/537.36"
51.38.104.193 - - [12/Mar/2026:12:51:58 +0100] "GET /wp-content/plugins/cidaas-pro-master/composer.json HTTP/1.0" 404 79652 "-" "Mozilla/5.0 (Windows NT 10.0; Win64; x64) AppleWebKit/537.36 (KHTML, like Gecko) Chrome/127.0.0.0 Safari/537.36"
94.130.90.54 - - [12/Mar/2026:12:51:59 +0100] "POST /wp-cron.php?doing_wp_cron=1773316319.3647310733795166015625 HTTP/1.0" 200 4069 "-" "WordPress/6.9.4; https://autenrieth.inglory.de"
51.38.104.193 - - [12/Mar/2026:12:51:58 +0100] "GET /wp-content/plugins/fancy-elementor-gallery-box/assets/js/fancy-elementor-flipbox.js HTTP/1.0" 404 79652 "-" "Mozilla/5.0 (Windows NT 10.0; Win64; x64) AppleWebKit/537.36 (KHTML, like Gecko) Chrome/127.0.0.0 Safari/537.36"
94.130.90.54 - - [12/Mar/2026:12:51:59 +0100] "POST /wp-cron.php?doing_wp_cron=1773316319.7486310005187988281250 HTTP/1.0" 200 4069 "-" "WordPress/6.9.4; https://autenrieth.inglory.de"
51.38.104.193 - - [12/Mar/2026:12:51:59 +0100] "GET /wp-content/plugins/wp-file-upload/css/wordpress_file_upload_style.css HTTP/1.0" 404 79630 "-" "Mozilla/5.0 (Windows NT 10.0; Win64; x64) AppleWebKit/537.36 (KHTML, like Gecko) Chrome/127.0.0.0 Safari/537.36"
51.38.104.193 - - [12/Mar/2026:12:52:00 +0100] "GET /images/images/cache.php HTTP/1.0" 404 79652 "-" "Mozilla/5.0 (Windows NT 10.0; Win64; x64) AppleWebKit/537.36 (KHTML, like Gecko) Chrome/127.0.0.0 Safari/537.36"
51.38.104.193 - - [12/Mar/2026:12:52:14 +0100] "GET /ss.php?c_c HTTP/1.0" 403 4826 "-" "Mozilla/5.0 (Windows NT 10.0; Win64; x64) AppleWebKit/537.36 (KHTML, like Gecko) Chrome/127.0.0.0 Safari/537.36"
94.130.90.54 - - [12/Mar/2026:13:24:07 +0100] "POST /wp-cron.php?doing_wp_cron=1773318247.9658439159393310546875 HTTP/1.0" 200 4069 "-" "WordPress/6.9.4; https://autenrieth.inglory.de"
51.38.104.193 - - [12/Mar/2026:13:24:07 +0100] "GET /blog-verify HTTP/1.0" 404 79630 "-" "Mozilla/5.0 (Windows NT 10.0; Win64; x64) AppleWebKit/537.36 (KHTML, like Gecko) Chrome/127.0.0.0 Safari/537.36"
94.130.90.54 - - [12/Mar/2026:13:24:08 +0100] "POST /wp-cron.php?doing_wp_cron=1773318248.4894959926605224609375 HTTP/1.0" 200 4069 "-" "WordPress/6.9.4; https://autenrieth.inglory.de"
51.38.104.193 - - [12/Mar/2026:13:24:07 +0100] "GET /blog-verify HTTP/1.0" 404 79630 "-" "Mozilla/5.0 (Windows NT 10.0; Win64; x64) AppleWebKit/537.36 (KHTML, like Gecko) Chrome/127.0.0.0 Safari/537.36"
182.10.161.237 - - [12/Mar/2026:13:36:11 +0100] "GET / HTTP/1.0" 403 4826 "https://www.google.com/" "Mozilla/5.0 (Linux; Android 10; K) AppleWebKit/537.36 (KHTML, like Gecko) Chrome/145.0.0.0 Mobile Safari/537.36"
182.10.161.237 - - [12/Mar/2026:13:36:11 +0100] "GET /error_docs/styles.css HTTP/1.0" 200 5023 "https://autenrieth.inglory.de/" "Mozilla/5.0 (Linux; Android 10; K) AppleWebKit/537.36 (KHTML, like Gecko) Chrome/145.0.0.0 Mobile Safari/537.36"
182.10.161.237 - - [12/Mar/2026:13:36:11 +0100] "GET /error_docs/server.svg HTTP/1.0" 200 11468 "https://autenrieth.inglory.de/error_docs/styles.css" "Mozilla/5.0 (Linux; Android 10; K) AppleWebKit/537.36 (KHTML, like Gecko) Chrome/145.0.0.0 Mobile Safari/537.36"
94.130.90.54 - - [12/Mar/2026:13:36:12 +0100] "POST /wp-cron.php?doing_wp_cron=1773318972.0448338985443115234375 HTTP/1.0" 200 4069 "-" "WordPress/6.9.4; https://autenrieth.inglory.de"
182.10.161.237 - - [12/Mar/2026:13:36:11 +0100] "GET /favicon.ico HTTP/1.0" 302 4168 "https://autenrieth.inglory.de/" "Mozilla/5.0 (Linux; Android 10; K) AppleWebKit/537.36 (KHTML, like Gecko) Chrome/145.0.0.0 Mobile Safari/537.36"
182.10.161.237 - - [12/Mar/2026:13:36:12 +0100] "GET /wp-content/uploads/2024/02/cropped-Logo-SVG-1-32x32.png HTTP/1.0" 200 5207 "https://autenrieth.inglory.de/" "Mozilla/5.0 (Linux; Android 10; K) AppleWebKit/537.36 (KHTML, like Gecko) Chrome/145.0.0.0 Mobile Safari/537.36"
94.130.90.54 - - [12/Mar/2026:13:52:10 +0100] "POST /wp-cron.php?doing_wp_cron=1773319930.5847730636596679687500 HTTP/1.0" 200 4069 "-" "WordPress/6.9.4; https://autenrieth.inglory.de"
94.130.90.54 - - [12/Mar/2026:13:52:10 +0100] "GET /wp-content/plugins/loftloader-pro/assets/css/loftloader.min.css?ver=2022112801 HTTP/1.1" 304 3407 "https://autenrieth.inglory.de/" "Serf/1.3.9 (mod_pagespeed/1.13.35.2-0)"
202.65.239.52 - - [12/Mar/2026:13:52:09 +0100] "GET / HTTP/1.0" 200 30775 "-" "Mozilla/5.0 (Linux; Android 10; K) AppleWebKit/537.36 (KHTML, like Gecko) Chrome/146.0.0.0 Mobile Safari/537.36"
94.130.90.54 - - [12/Mar/2026:13:52:10 +0100] "GET /wp-content/themes/hello-elementor/assets/css/reset.css?ver=3.4.6 HTTP/1.1" 304 3406 "https://autenrieth.inglory.de/" "Serf/1.3.9 (mod_pagespeed/1.13.35.2-0)"
94.130.90.54 - - [12/Mar/2026:13:52:10 +0100] "GET /wp-content/themes/hello-elementor/assets/css/theme.css?ver=3.4.6 HTTP/1.1" 304 3406 "https://autenrieth.inglory.de/" "Serf/1.3.9 (mod_pagespeed/1.13.35.2-0)"
94.130.90.54 - - [12/Mar/2026:13:52:10 +0100] "GET /wp-content/themes/hello-elementor/assets/css/header-footer.css?ver=3.4.6 HTTP/1.1" 304 3406 "https://autenrieth.inglory.de/" "Serf/1.3.9 (mod_pagespeed/1.13.35.2-0)"
94.130.90.54 - - [12/Mar/2026:13:52:10 +0100] "GET /wp-content/plugins/elementor/assets/lib/eicons/css/elementor-icons.min.css?ver=5.30.0 HTTP/1.1" 304 3406 "https://autenrieth.inglory.de/" "Serf/1.3.9 (mod_pagespeed/1.13.35.2-0)"
94.130.90.54 - - [12/Mar/2026:13:52:10 +0100] "GET /wp-content/uploads/elementor/css/custom-frontend-lite.min.css?ver=1723465678 HTTP/1.1" 304 3407 "https://autenrieth.inglory.de/" "Serf/1.3.9 (mod_pagespeed/1.13.35.2-0)"
94.130.90.54 - - [12/Mar/2026:13:52:10 +0100] "GET /wp-content/plugins/elementor/assets/lib/swiper/css/swiper.min.css?ver=5.3.6 HTTP/1.1" 304 3406 "https://autenrieth.inglory.de/" "Serf/1.3.9 (mod_pagespeed/1.13.35.2-0)"
94.130.90.54 - - [12/Mar/2026:13:52:10 +0100] "GET /wp-content/uploads/elementor/css/post-7.css?ver=1723465678 HTTP/1.1" 304 3406 "https://autenrieth.inglory.de/" "Serf/1.3.9 (mod_pagespeed/1.13.35.2-0)"
94.130.90.54 - - [12/Mar/2026:13:52:10 +0100] "GET /wp-content/uploads/elementor/css/custom-pro-frontend-lite.min.css?ver=1723465678 HTTP/1.1" 304 3406 "https://autenrieth.inglory.de/" "Serf/1.3.9 (mod_pagespeed/1.13.35.2-0)"
94.130.90.54 - - [12/Mar/2026:13:52:10 +0100] "GET /wp-content/uploads/elementor/css/post-388.css?ver=1723465678 HTTP/1.1" 304 3406 "https://autenrieth.inglory.de/" "Serf/1.3.9 (mod_pagespeed/1.13.35.2-0)"
94.130.90.54 - - [12/Mar/2026:13:52:10 +0100] "GET /wp-content/cache/borlabs-cookie/1/borlabs-cookie-1-de.css?ver=3.0.1-425 HTTP/1.1" 304 3407 "https://autenrieth.inglory.de/" "Serf/1.3.9 (mod_pagespeed/1.13.35.2-0)"
94.130.90.54 - - [12/Mar/2026:13:52:10 +0100] "GET /wp-content/plugins/mystickyelements-pro/css/font-awesome.min.css?ver=2.0.7 HTTP/1.1" 304 3406 "https://autenrieth.inglory.de/" "Serf/1.3.9 (mod_pagespeed/1.13.35.2-0)"
94.130.90.54 - - [12/Mar/2026:13:52:10 +0100] "GET /wp-content/plugins/elementor/assets/lib/font-awesome/css/fontawesome.min.css?ver=5.15.3 HTTP/1.1" 304 3406 "https://autenrieth.inglory.de/" "Serf/1.3.9 (mod_pagespeed/1.13.35.2-0)"
94.130.90.54 - - [12/Mar/2026:13:52:10 +0100] "GET /wp-content/plugins/elementor/assets/lib/font-awesome/css/solid.min.css?ver=5.15.3 HTTP/1.1" 304 3405 "https://autenrieth.inglory.de/" "Serf/1.3.9 (mod_pagespeed/1.13.35.2-0)"
94.130.90.54 - - [12/Mar/2026:13:52:10 +0100] "GET /wp-content/plugins/elementor/assets/lib/font-awesome/css/brands.min.css?ver=5.15.3 HTTP/1.1" 304 3405 "https://autenrieth.inglory.de/" "Serf/1.3.9 (mod_pagespeed/1.13.35.2-0)"
94.130.90.54 - - [12/Mar/2026:13:52:10 +0100] "GET /wp-content/plugins/elementor/assets/lib/animations/animations.min.css?ver=3.23.4 HTTP/1.1" 304 3406 "https://autenrieth.inglory.de/" "Serf/1.3.9 (mod_pagespeed/1.13.35.2-0)"
94.130.90.54 - - [12/Mar/2026:13:52:10 +0100] "GET /wp-content/uploads/elementor/css/post-107.css?ver=1723465678 HTTP/1.1" 304 3406 "https://autenrieth.inglory.de/" "Serf/1.3.9 (mod_pagespeed/1.13.35.2-0)"
94.130.90.54 - - [12/Mar/2026:13:52:10 +0100] "GET /wp-content/uploads/elementor/css/post-183.css?ver=1723465678 HTTP/1.1" 304 3406 "https://autenrieth.inglory.de/" "Serf/1.3.9 (mod_pagespeed/1.13.35.2-0)"
94.130.90.54 - - [12/Mar/2026:13:52:10 +0100] "GET /wp-content/uploads/elementor/css/post-186.css?ver=1723465678 HTTP/1.1" 304 3406 "https://autenrieth.inglory.de/" "Serf/1.3.9 (mod_pagespeed/1.13.35.2-0)"
94.130.90.54 - - [12/Mar/2026:13:52:10 +0100] "GET /wp-content/uploads/elementor/css/post-608.css?ver=1723465678 HTTP/1.1" 304 3406 "https://autenrieth.inglory.de/" "Serf/1.3.9 (mod_pagespeed/1.13.35.2-0)"
94.130.90.54 - - [12/Mar/2026:13:52:10 +0100] "GET /wp-content/uploads/elementor/css/post-753.css?ver=1723465679 HTTP/1.1" 304 3406 "https://autenrieth.inglory.de/" "Serf/1.3.9 (mod_pagespeed/1.13.35.2-0)"
94.130.90.54 - - [12/Mar/2026:13:52:10 +0100] "GET /wp-content/plugins/mystickyelements-pro/intl-tel-input-src/build/js/intlTelInput.js?ver=2.0.7 HTTP/1.1" 304 3407 "https://autenrieth.inglory.de/" "Serf/1.3.9 (mod_pagespeed/1.13.35.2-0)"
94.130.90.54 - - [12/Mar/2026:13:52:10 +0100] "GET /wp-content/plugins/mystickyelements-pro/js/jquery.cookie.js?ver=2.0.7 HTTP/1.1" 304 3405 "https://autenrieth.inglory.de/" "Serf/1.3.9 (mod_pagespeed/1.13.35.2-0)"
94.130.90.54 - - [12/Mar/2026:13:52:10 +0100] "GET /wp-content/plugins/mystickyelements-pro/js/mystickyelements-fronted.min.js?ver=2.0.7 HTTP/1.1" 304 3406 "https://autenrieth.inglory.de/" "Serf/1.3.9 (mod_pagespeed/1.13.35.2-0)"
94.130.90.54 - - [12/Mar/2026:13:52:10 +0100] "GET /wp-content/plugins/elementor-pro/assets/lib/smartmenus/jquery.smartmenus.min.js?ver=1.2.1 HTTP/1.1" 304 3406 "https://autenrieth.inglory.de/" "Serf/1.3.9 (mod_pagespeed/1.13.35.2-0)"
94.130.90.54 - - [12/Mar/2026:13:52:10 +0100] "GET /wp-includes/js/imagesloaded.min.js?ver=5.0.0 HTTP/1.1" 304 3406 "https://autenrieth.inglory.de/" "Serf/1.3.9 (mod_pagespeed/1.13.35.2-0)"
94.130.90.54 - - [12/Mar/2026:13:52:10 +0100] "GET /wp-content/plugins/elementor/assets/js/frontend-modules.min.js?ver=3.23.4 HTTP/1.1" 304 3407 "https://autenrieth.inglory.de/" "Serf/1.3.9 (mod_pagespeed/1.13.35.2-0)"
94.130.90.54 - - [12/Mar/2026:13:52:10 +0100] "GET /wp-includes/js/dist/hooks.min.js?ver=dd5603f07f9220ed27f1 HTTP/1.1" 304 3406 "https://autenrieth.inglory.de/" "Serf/1.3.9 (mod_pagespeed/1.13.35.2-0)"
94.130.90.54 - - [12/Mar/2026:13:52:10 +0100] "GET /wp-includes/js/dist/i18n.min.js?ver=c26c3dc7bed366793375 HTTP/1.1" 304 3406 "https://autenrieth.inglory.de/" "Serf/1.3.9 (mod_pagespeed/1.13.35.2-0)"
94.130.90.54 - - [12/Mar/2026:13:52:10 +0100] "GET /wp-content/plugins/elementor-pro/assets/js/frontend.min.js?ver=3.21.2 HTTP/1.1" 304 3406 "https://autenrieth.inglory.de/" "Serf/1.3.9 (mod_pagespeed/1.13.35.2-0)"
94.130.90.54 - - [12/Mar/2026:13:52:10 +0100] "GET /wp-content/plugins/elementor/assets/lib/waypoints/waypoints.min.js?ver=4.0.2 HTTP/1.1" 304 3406 "https://autenrieth.inglory.de/" "Serf/1.3.9 (mod_pagespeed/1.13.35.2-0)"
94.130.90.54 - - [12/Mar/2026:13:52:10 +0100] "GET /wp-includes/js/jquery/ui/core.min.js?ver=1.13.3 HTTP/1.1" 304 3406 "https://autenrieth.inglory.de/" "Serf/1.3.9 (mod_pagespeed/1.13.35.2-0)"
