66.249.84.104 - - [12/Mar/2026:20:01:47 +0100] "GET /wp-content/uploads/2024/02/OBJECTS-3-1.svg HTTP/1.0" 200 75614 "https://autenrieth.inglory.de/" "Mozilla/5.0 (Linux; U; Android 4.3; en-us; SM-N900T Build/JSS15J) AppleWebKit/534.30 (KHTML, like Gecko) Version/4.0 Mobile Safari/534.30"
192.178.15.1 - - [12/Mar/2026:20:01:47 +0100] "GET /wp-content/themes/hello-elementor/assets/css/reset.css,qver=3.4.6.pagespeed.ce.r0uWONaZVx.css HTTP/1.0" 200 5976 "https://autenrieth.inglory.de/" "Mozilla/5.0 (Linux; U; Android 4.3; en-us; SM-N900T Build/JSS15J) AppleWebKit/534.30 (KHTML, like Gecko) Version/4.0 Mobile Safari/534.30"
192.178.15.2 - - [12/Mar/2026:20:01:47 +0100] "GET /wp-content/themes/hello-elementor/assets/css/theme.css,qver=3.4.6.pagespeed.ce.pIDSv4xSPa.css HTTP/1.0" 200 5411 "https://autenrieth.inglory.de/" "Mozilla/5.0 (Linux; U; Android 4.3; en-us; SM-N900T Build/JSS15J) AppleWebKit/534.30 (KHTML, like Gecko) Version/4.0 Mobile Safari/534.30"
192.178.15.2 - - [12/Mar/2026:20:01:47 +0100] "GET /wp-content/uploads/elementor/css/A.post-19.css,qver=1723465678.pagespeed.cf.5Jm6GPysju.css HTTP/1.0" 200 11293 "https://autenrieth.inglory.de/" "Mozilla/5.0 (Linux; U; Android 4.3; en-us; SM-N900T Build/JSS15J) AppleWebKit/534.30 (KHTML, like Gecko) Version/4.0 Mobile Safari/534.30"
66.249.84.104 - - [12/Mar/2026:20:01:47 +0100] "GET /wp-content/uploads/2024/04/3-2.jpg HTTP/1.0" 200 147870 "https://autenrieth.inglory.de/" "Mozilla/5.0 (Linux; U; Android 4.3; en-us; SM-N900T Build/JSS15J) AppleWebKit/534.30 (KHTML, like Gecko) Version/4.0 Mobile Safari/534.30"
66.249.84.106 - - [12/Mar/2026:20:01:47 +0100] "GET /wp-content/uploads/2024/02/OBJECTS-2-1.svg HTTP/1.0" 200 75245 "https://autenrieth.inglory.de/" "Mozilla/5.0 (Linux; U; Android 4.3; en-us; SM-N900T Build/JSS15J) AppleWebKit/534.30 (KHTML, like Gecko) Version/4.0 Mobile Safari/534.30"
192.178.15.1 - - [12/Mar/2026:20:01:47 +0100] "GET /wp-content/plugins/elementor/assets/lib/font-awesome/css/A.fontawesome.min.css,qver=5.15.3.pagespeed.cf.OnyloIe9DI.css HTTP/1.0" 200 16478 "https://autenrieth.inglory.de/" "Mozilla/5.0 (Linux; U; Android 4.3; en-us; SM-N900T Build/JSS15J) AppleWebKit/534.30 (KHTML, like Gecko) Version/4.0 Mobile Safari/534.30"
66.249.84.104 - - [12/Mar/2026:20:01:47 +0100] "GET /wp-content/uploads/2024/02/xFrame-1261156742-1.png.pagespeed.ic.MyddBY2nY4.png HTTP/1.0" 200 92031 "https://autenrieth.inglory.de/" "Mozilla/5.0 (Linux; U; Android 4.3; en-us; SM-N900T Build/JSS15J) AppleWebKit/534.30 (KHTML, like Gecko) Version/4.0 Mobile Safari/534.30"
192.178.15.2 - - [12/Mar/2026:20:01:47 +0100] "GET /wp-content/plugins/mystickyelements-pro/intl-tel-input-src/build/css/A.intlTelInput.css,qver=2.0.7.pagespeed.cf.RC9eEhGsJx.css HTTP/1.0" 200 7102 "https://autenrieth.inglory.de/" "Mozilla/5.0 (Linux; U; Android 4.3; en-us; SM-N900T Build/JSS15J) AppleWebKit/534.30 (KHTML, like Gecko) Version/4.0 Mobile Safari/534.30"
74.125.210.32 - - [12/Mar/2026:20:01:47 +0100] "GET /wp-content/uploads/2024/04/Frame-1261156730-1-1.jpg HTTP/1.0" 200 56803 "https://autenrieth.inglory.de/" "Mozilla/5.0 (X11; Linux x86_64) AppleWebKit/537.36 (KHTML, like Gecko) Chrome/121.0.0.0 Safari/537.36"
192.178.15.1 - - [12/Mar/2026:20:01:47 +0100] "GET /wp-content/uploads/elementor/css/A.post-281.css,qver=1723465678.pagespeed.cf.XCG_GVcWQ2.css HTTP/1.0" 200 5673 "https://autenrieth.inglory.de/" "Mozilla/5.0 (X11; Linux x86_64) AppleWebKit/537.36 (KHTML, like Gecko) Chrome/121.0.0.0 Safari/537.36"
192.178.15.1 - - [12/Mar/2026:20:01:47 +0100] "GET /wp-content/cache/borlabs-cookie/1/A.borlabs-cookie-1-de.css,qver=3.0.1-425.pagespeed.cf.ZW6QnaYjdc.css HTTP/1.0" 200 15614 "https://autenrieth.inglory.de/" "Mozilla/5.0 (X11; Linux x86_64) AppleWebKit/537.36 (KHTML, like Gecko) Chrome/121.0.0.0 Safari/537.36"
192.178.15.3 - - [12/Mar/2026:20:01:47 +0100] "GET /wp-content/plugins/loftloader-pro/assets/css/A.loftloader.min.css,qver=2022112801.pagespeed.cf.022XFbJey_.css HTTP/1.0" 200 11044 "https://autenrieth.inglory.de/" "Mozilla/5.0 (X11; Linux x86_64) AppleWebKit/537.36 (KHTML, like Gecko) Chrome/121.0.0.0 Safari/537.36"
192.178.15.2 - - [12/Mar/2026:20:01:47 +0100] "GET /wp-content/plugins/mystickyelements-pro/css/A.mystickyelements-front.min.css,qver=2.0.7.pagespeed.cf.Rih4iCCZha.css HTTP/1.0" 200 18258 "https://autenrieth.inglory.de/" "Mozilla/5.0 (X11; Linux x86_64) AppleWebKit/537.36 (KHTML, like Gecko) Chrome/121.0.0.0 Safari/537.36"
66.249.84.105 - - [12/Mar/2026:20:01:47 +0100] "GET /wp-content/uploads/2024/02/Silver-4-1.png.pagespeed.ce.XRILFid8E2.png HTTP/1.0" 200 11761 "https://autenrieth.inglory.de/" "Mozilla/5.0 (Linux; U; Android 4.3; en-us; SM-N900T Build/JSS15J) AppleWebKit/534.30 (KHTML, like Gecko) Version/4.0 Mobile Safari/534.30"
192.178.15.1 - - [12/Mar/2026:20:01:47 +0100] "GET /wp-content/plugins/mystickyelements-pro/intl-tel-input-src/build/css/A.intlTelInput.css,qver=2.0.7.pagespeed.cf.IOX6y97evN.css HTTP/1.0" 200 7110 "https://autenrieth.inglory.de/" "Mozilla/5.0 (X11; Linux x86_64) AppleWebKit/537.36 (KHTML, like Gecko) Chrome/121.0.0.0 Safari/537.36"
66.249.84.106 - - [12/Mar/2026:20:01:47 +0100] "GET /wp-content/uploads/2024/02/xFrame-1261156742-1.png.pagespeed.ic.IhJO3yrFyH.webp HTTP/1.0" 200 114472 "https://autenrieth.inglory.de/" "Mozilla/5.0 (X11; Linux x86_64) AppleWebKit/537.36 (KHTML, like Gecko) Chrome/121.0.0.0 Safari/537.36"
192.178.15.2 - - [12/Mar/2026:20:01:47 +0100] "GET /wp-content/plugins/elementor/assets/lib/font-awesome/css/A.fontawesome.min.css,qver=5.15.3.pagespeed.cf.OnyloIe9DI.css HTTP/1.0" 200 16478 "https://autenrieth.inglory.de/" "Mozilla/5.0 (X11; Linux x86_64) AppleWebKit/537.36 (KHTML, like Gecko) Chrome/121.0.0.0 Safari/537.36"
192.178.15.3 - - [12/Mar/2026:20:01:47 +0100] "GET /wp-content/plugins/elementor/assets/lib/animations/animations.min.css,qver=3.23.4.pagespeed.ce.RgG6VQREE3.css HTTP/1.0" 200 6777 "https://autenrieth.inglory.de/" "Mozilla/5.0 (X11; Linux x86_64) AppleWebKit/537.36 (KHTML, like Gecko) Chrome/121.0.0.0 Safari/537.36"
192.178.15.2 - - [12/Mar/2026:20:01:47 +0100] "GET /wp-content/themes/hello-elementor/assets/css/reset.css,qver=3.4.6.pagespeed.ce.r0uWONaZVx.css HTTP/1.0" 200 5976 "https://autenrieth.inglory.de/" "Mozilla/5.0 (X11; Linux x86_64) AppleWebKit/537.36 (KHTML, like Gecko) Chrome/121.0.0.0 Safari/537.36"
192.178.15.3 - - [12/Mar/2026:20:01:47 +0100] "GET /wp-content/themes/hello-elementor/assets/css/theme.css,qver=3.4.6.pagespeed.ce.pIDSv4xSPa.css HTTP/1.0" 200 5411 "https://autenrieth.inglory.de/" "Mozilla/5.0 (X11; Linux x86_64) AppleWebKit/537.36 (KHTML, like Gecko) Chrome/121.0.0.0 Safari/537.36"
66.249.84.106 - - [12/Mar/2026:20:01:47 +0100] "GET /wp-content/uploads/2024/02/Frame-1261156713-1.png.pagespeed.ce.fAnCitcY04.png HTTP/1.0" 200 51276 "https://autenrieth.inglory.de/" "Mozilla/5.0 (Linux; U; Android 4.3; en-us; SM-N900T Build/JSS15J) AppleWebKit/534.30 (KHTML, like Gecko) Version/4.0 Mobile Safari/534.30"
192.178.15.1 - - [12/Mar/2026:20:01:47 +0100] "GET /wp-content/plugins/elementor/assets/lib/eicons/css/A.elementor-icons.min.css,qver=5.30.0.pagespeed.cf.aHMuBxXHzb.css HTTP/1.0" 200 8121 "https://autenrieth.inglory.de/" "Mozilla/5.0 (X11; Linux x86_64) AppleWebKit/537.36 (KHTML, like Gecko) Chrome/121.0.0.0 Safari/537.36"
74.125.210.32 - - [12/Mar/2026:20:01:47 +0100] "GET /wp-includes/js/wp-emoji-release.min.js?ver=6.9.4 HTTP/1.0" 200 9375 "https://autenrieth.inglory.de/" "Mozilla/5.0 (X11; Linux x86_64) AppleWebKit/537.36 (KHTML, like Gecko) Chrome/121.0.0.0 Safari/537.36"
66.249.84.106 - - [12/Mar/2026:20:01:47 +0100] "GET /wp-content/uploads/2024/02/xGold-1-1.png.pagespeed.ic.hLRqjB6BRd.webp HTTP/1.0" 200 10998 "https://autenrieth.inglory.de/" "Mozilla/5.0 (X11; Linux x86_64) AppleWebKit/537.36 (KHTML, like Gecko) Chrome/121.0.0.0 Safari/537.36"
66.249.84.105 - - [12/Mar/2026:20:01:47 +0100] "GET /wp-content/uploads/2024/02/xBLACK-1.png.pagespeed.ic.c76IXjv-lS.webp HTTP/1.0" 200 15905 "https://autenrieth.inglory.de/" "Mozilla/5.0 (X11; Linux x86_64) AppleWebKit/537.36 (KHTML, like Gecko) Chrome/121.0.0.0 Safari/537.36"
66.249.84.105 - - [12/Mar/2026:20:01:47 +0100] "GET /wp-content/uploads/2024/02/Gold-1-1.png.pagespeed.ce.8OIuI8MJda.png HTTP/1.0" 200 11026 "https://autenrieth.inglory.de/" "Mozilla/5.0 (Linux; U; Android 4.3; en-us; SM-N900T Build/JSS15J) AppleWebKit/534.30 (KHTML, like Gecko) Version/4.0 Mobile Safari/534.30"
66.249.84.104 - - [12/Mar/2026:20:01:47 +0100] "GET /wp-content/plugins/elementor/assets/lib/dialog/dialog.min.js?ver=4.9.0 HTTP/1.0" 200 7545 "https://autenrieth.inglory.de/" "Mozilla/5.0 (X11; Linux x86_64) AppleWebKit/537.36 (KHTML, like Gecko) Chrome/121.0.0.0 Safari/537.36"
192.178.15.3 - - [12/Mar/2026:20:01:47 +0100] "GET /wp-content/uploads/elementor/css/A.post-107.css,qver=1723465678.pagespeed.cf.l3hllbBXhh.css HTTP/1.0" 200 5136 "https://autenrieth.inglory.de/" "Mozilla/5.0 (Linux; U; Android 4.3; en-us; SM-N900T Build/JSS15J) AppleWebKit/534.30 (KHTML, like Gecko) Version/4.0 Mobile Safari/534.30"
74.125.210.39 - - [12/Mar/2026:20:01:47 +0100] "GET /wp-content/plugins/borlabs-cookie/assets/images/borlabs-cookie-widget-a.svg HTTP/1.0" 200 5933 "https://autenrieth.inglory.de/" "Mozilla/5.0 (X11; Linux x86_64) AppleWebKit/537.36 (KHTML, like Gecko) Chrome/121.0.0.0 Safari/537.36"
192.178.15.2 - - [12/Mar/2026:20:01:47 +0100] "GET /wp-content/uploads/elementor/css/A.post-186.css,qver=1723465678.pagespeed.cf.go_WKzmCny.css HTTP/1.0" 200 5147 "https://autenrieth.inglory.de/" "Mozilla/5.0 (Linux; U; Android 4.3; en-us; SM-N900T Build/JSS15J) AppleWebKit/534.30 (KHTML, like Gecko) Version/4.0 Mobile Safari/534.30"
192.178.15.2 - - [12/Mar/2026:20:01:47 +0100] "GET /wp-content/uploads/elementor/css/A.post-608.css,qver=1723465678.pagespeed.cf.yXVoBde1e0.css HTTP/1.0" 200 5144 "https://autenrieth.inglory.de/" "Mozilla/5.0 (Linux; U; Android 4.3; en-us; SM-N900T Build/JSS15J) AppleWebKit/534.30 (KHTML, like Gecko) Version/4.0 Mobile Safari/534.30"
192.178.15.2 - - [12/Mar/2026:20:01:47 +0100] "GET /wp-content/uploads/elementor/css/A.post-688.css,qver=1723465679.pagespeed.cf.nbwLWs9qW5.css HTTP/1.0" 200 5543 "https://autenrieth.inglory.de/" "Mozilla/5.0 (Linux; U; Android 4.3; en-us; SM-N900T Build/JSS15J) AppleWebKit/534.30 (KHTML, like Gecko) Version/4.0 Mobile Safari/534.30"
66.249.84.106 - - [12/Mar/2026:20:01:47 +0100] "GET /wp-content/uploads/2024/02/xSilver-4-1.png.pagespeed.ic.MOK3e6509m.webp HTTP/1.0" 200 11690 "https://autenrieth.inglory.de/" "Mozilla/5.0 (X11; Linux x86_64) AppleWebKit/537.36 (KHTML, like Gecko) Chrome/121.0.0.0 Safari/537.36"
66.249.84.106 - - [12/Mar/2026:20:01:47 +0100] "GET /wp-includes/js/wp-emoji-release.min.js?ver=6.9.4 HTTP/1.0" 200 9375 "https://autenrieth.inglory.de/" "Mozilla/5.0 (Linux; U; Android 4.3; en-us; SM-N900T Build/JSS15J) AppleWebKit/534.30 (KHTML, like Gecko) Version/4.0 Mobile Safari/534.30"
192.178.15.1 - - [12/Mar/2026:20:01:47 +0100] "GET /wp-content/uploads/elementor/css/post-19.css?ver=1723465678 HTTP/1.0" 200 11285 "https://autenrieth.inglory.de/" "Mozilla/5.0 (X11; Linux x86_64) AppleWebKit/537.36 (KHTML, like Gecko) Chrome/121.0.0.0 Safari/537.36"
192.178.15.2 - - [12/Mar/2026:20:01:47 +0100] "GET /wp-content/uploads/elementor/css/A.post-696.css,qver=1723465679.pagespeed.cf.l5WHW3kJsy.css HTTP/1.0" 200 5527 "https://autenrieth.inglory.de/" "Mozilla/5.0 (Linux; U; Android 4.3; en-us; SM-N900T Build/JSS15J) AppleWebKit/534.30 (KHTML, like Gecko) Version/4.0 Mobile Safari/534.30"
66.249.84.104 - - [12/Mar/2026:20:01:47 +0100] "GET /wp-content/plugins/borlabs-cookie/assets/images/borlabs-cookie-widget-a.svg HTTP/1.0" 200 5933 "https://autenrieth.inglory.de/" "Mozilla/5.0 (Linux; U; Android 4.3; en-us; SM-N900T Build/JSS15J) AppleWebKit/534.30 (KHTML, like Gecko) Version/4.0 Mobile Safari/534.30"
66.249.84.105 - - [12/Mar/2026:20:01:47 +0100] "GET /wp-content/uploads/2024/02/Layer-2-1-1.png.pagespeed.ce.no3tKKX3NA.png HTTP/1.0" 200 39848 "https://autenrieth.inglory.de/" "Mozilla/5.0 (Linux; U; Android 4.3; en-us; SM-N900T Build/JSS15J) AppleWebKit/534.30 (KHTML, like Gecko) Version/4.0 Mobile Safari/534.30"
192.178.15.2 - - [12/Mar/2026:20:01:47 +0100] "GET /wp-content/uploads/elementor/css/A.post-753.css,qver=1723465679.pagespeed.cf.SzPR3J2IHw.css HTTP/1.0" 200 5174 "https://autenrieth.inglory.de/" "Mozilla/5.0 (Linux; U; Android 4.3; en-us; SM-N900T Build/JSS15J) AppleWebKit/534.30 (KHTML, like Gecko) Version/4.0 Mobile Safari/534.30"
192.178.15.2 - - [12/Mar/2026:20:01:47 +0100] "GET /wp-content/uploads/elementor/css/A.post-388.css,qver=1723465678.pagespeed.cf.5cGqs5akQO.css HTTP/1.0" 200 5267 "https://autenrieth.inglory.de/" "Mozilla/5.0 (X11; Linux x86_64) AppleWebKit/537.36 (KHTML, like Gecko) Chrome/121.0.0.0 Safari/537.36"
192.178.15.1 - - [12/Mar/2026:20:01:47 +0100] "GET /wp-content/uploads/elementor/css/A.post-107.css,qver=1723465678.pagespeed.cf.l3hllbBXhh.css HTTP/1.0" 200 5136 "https://autenrieth.inglory.de/" "Mozilla/5.0 (X11; Linux x86_64) AppleWebKit/537.36 (KHTML, like Gecko) Chrome/121.0.0.0 Safari/537.36"
66.249.84.104 - - [12/Mar/2026:20:01:47 +0100] "GET /wp-content/plugins/elementor/assets/lib/dialog/dialog.min.js?ver=4.9.0 HTTP/1.0" 200 7545 "https://autenrieth.inglory.de/" "Mozilla/5.0 (Linux; U; Android 4.3; en-us; SM-N900T Build/JSS15J) AppleWebKit/534.30 (KHTML, like Gecko) Version/4.0 Mobile Safari/534.30"
66.249.84.104 - - [12/Mar/2026:20:01:47 +0100] "GET /wp-content/plugins/elementor-pro/assets/js/nav-menu.d43af66e5000fd109c04.bundle.min.js HTTP/1.0" 200 5906 "https://autenrieth.inglory.de/" "Mozilla/5.0 (Linux; U; Android 4.3; en-us; SM-N900T Build/JSS15J) AppleWebKit/534.30 (KHTML, like Gecko) Version/4.0 Mobile Safari/534.30"
192.178.15.2 - - [12/Mar/2026:20:01:47 +0100] "GET /wp-content/uploads/elementor/css/A.post-186.css,qver=1723465678.pagespeed.cf.go_WKzmCny.css HTTP/1.0" 200 5147 "https://autenrieth.inglory.de/" "Mozilla/5.0 (X11; Linux x86_64) AppleWebKit/537.36 (KHTML, like Gecko) Chrome/121.0.0.0 Safari/537.36"
192.178.15.2 - - [12/Mar/2026:20:01:47 +0100] "GET /wp-content/uploads/elementor/css/A.post-679.css,qver=1723465679.pagespeed.cf.8AaZJm6aF8.css HTTP/1.0" 200 5526 "https://autenrieth.inglory.de/" "Mozilla/5.0 (X11; Linux x86_64) AppleWebKit/537.36 (KHTML, like Gecko) Chrome/121.0.0.0 Safari/537.36"
192.178.15.2 - - [12/Mar/2026:20:01:47 +0100] "GET /wp-content/uploads/elementor/css/A.post-162.css,qver=1723465679.pagespeed.cf.GL77PkKSfT.css HTTP/1.0" 200 5511 "https://autenrieth.inglory.de/" "Mozilla/5.0 (X11; Linux x86_64) AppleWebKit/537.36 (KHTML, like Gecko) Chrome/121.0.0.0 Safari/537.36"
192.178.15.1 - - [12/Mar/2026:20:01:47 +0100] "GET /wp-content/uploads/elementor/css/A.post-688.css,qver=1723465679.pagespeed.cf.4bVSpGOAL1.css HTTP/1.0" 200 5545 "https://autenrieth.inglory.de/" "Mozilla/5.0 (X11; Linux x86_64) AppleWebKit/537.36 (KHTML, like Gecko) Chrome/121.0.0.0 Safari/537.36"
192.178.15.1 - - [12/Mar/2026:20:01:47 +0100] "GET /wp-content/uploads/elementor/css/A.post-753.css,qver=1723465679.pagespeed.cf.SzPR3J2IHw.css HTTP/1.0" 200 5174 "https://autenrieth.inglory.de/" "Mozilla/5.0 (X11; Linux x86_64) AppleWebKit/537.36 (KHTML, like Gecko) Chrome/121.0.0.0 Safari/537.36"
192.178.15.2 - - [12/Mar/2026:20:01:47 +0100] "GET /wp-content/plugins/elementor/assets/lib/font-awesome/css/A.fontawesome.min.css,qver=5.15.3.pagespeed.cf.OnyloIe9DI.css HTTP/1.0" 200 16478 "https://autenrieth.inglory.de/" "Mozilla/5.0 (X11; Linux x86_64) AppleWebKit/537.36 (KHTML, like Gecko) Chrome/121.0.0.0 Safari/537.36"
66.249.84.105 - - [12/Mar/2026:20:01:47 +0100] "GET /wp-content/plugins/elementor/assets/js/text-editor.2c35aafbe5bf0e127950.bundle.min.js HTTP/1.0" 200 4870 "https://autenrieth.inglory.de/" "Mozilla/5.0 (Linux; U; Android 4.3; en-us; SM-N900T Build/JSS15J) AppleWebKit/534.30 (KHTML, like Gecko) Version/4.0 Mobile Safari/534.30"
192.178.15.3 - - [12/Mar/2026:20:01:47 +0100] "GET /wp-content/plugins/mystickyelements-pro/intl-tel-input-src/build/css/A.intlTelInput.css,qver=2.0.7.pagespeed.cf.IOX6y97evN.css HTTP/1.0" 200 7110 "https://autenrieth.inglory.de/" "Mozilla/5.0 (X11; Linux x86_64) AppleWebKit/537.36 (KHTML, like Gecko) Chrome/121.0.0.0 Safari/537.36"
192.178.15.1 - - [12/Mar/2026:20:01:47 +0100] "GET /wp-content/uploads/elementor/css/A.custom-widget-icon-list.min.css,qver=1723465678.pagespeed.cf.qpO9w4Bi0s.css HTTP/1.0" 200 5080 "https://autenrieth.inglory.de/" "Mozilla/5.0 (Linux; U; Android 4.3; en-us; SM-N900T Build/JSS15J) AppleWebKit/534.30 (KHTML, like Gecko) Version/4.0 Mobile Safari/534.30"
192.178.15.1 - - [12/Mar/2026:20:01:47 +0100] "GET /wp-content/uploads/elementor/css/A.post-183.css,qver=1723465678.pagespeed.cf.2AST0147Aa.css HTTP/1.0" 200 5145 "https://autenrieth.inglory.de/" "Mozilla/5.0 (X11; Linux x86_64) AppleWebKit/537.36 (KHTML, like Gecko) Chrome/121.0.0.0 Safari/537.36"
66.249.84.105 - - [12/Mar/2026:20:01:47 +0100] "GET /wp-content/plugins/elementor-pro/assets/js/nav-menu.d43af66e5000fd109c04.bundle.min.js HTTP/1.0" 200 5906 "https://autenrieth.inglory.de/" "Mozilla/5.0 (X11; Linux x86_64) AppleWebKit/537.36 (KHTML, like Gecko) Chrome/121.0.0.0 Safari/537.36"
66.249.84.104 - - [12/Mar/2026:20:01:47 +0100] "GET /wp-content/plugins/elementor/assets/js/text-editor.2c35aafbe5bf0e127950.bundle.min.js HTTP/1.0" 200 4870 "https://autenrieth.inglory.de/" "Mozilla/5.0 (X11; Linux x86_64) AppleWebKit/537.36 (KHTML, like Gecko) Chrome/121.0.0.0 Safari/537.36"
66.249.84.104 - - [12/Mar/2026:20:01:47 +0100] "GET /wp-content/plugins/elementor-pro/assets/js/carousel.9b02b45d7826c1c48f33.bundle.min.js HTTP/1.0" 200 5923 "https://autenrieth.inglory.de/" "Mozilla/5.0 (Linux; U; Android 4.3; en-us; SM-N900T Build/JSS15J) AppleWebKit/534.30 (KHTML, like Gecko) Version/4.0 Mobile Safari/534.30"
66.249.84.105 - - [12/Mar/2026:20:01:47 +0100] "GET /wp-content/plugins/elementor-pro/assets/js/carousel.9b02b45d7826c1c48f33.bundle.min.js HTTP/1.0" 200 5923 "https://autenrieth.inglory.de/" "Mozilla/5.0 (X11; Linux x86_64) AppleWebKit/537.36 (KHTML, like Gecko) Chrome/121.0.0.0 Safari/537.36"
192.178.15.3 - - [12/Mar/2026:20:01:47 +0100] "GET /wp-content/uploads/elementor/css/A.post-608.css,qver=1723465678.pagespeed.cf.yXVoBde1e0.css HTTP/1.0" 200 5144 "https://autenrieth.inglory.de/" "Mozilla/5.0 (X11; Linux x86_64) AppleWebKit/537.36 (KHTML, like Gecko) Chrome/121.0.0.0 Safari/537.36"
192.178.15.1 - - [12/Mar/2026:20:01:47 +0100] "GET /wp-content/uploads/elementor/css/post-162.css?ver=1723465679 HTTP/1.0" 200 5506 "https://autenrieth.inglory.de/" "Mozilla/5.0 (X11; Linux x86_64) AppleWebKit/537.36 (KHTML, like Gecko) Chrome/121.0.0.0 Safari/537.36"
66.249.84.104 - - [12/Mar/2026:20:01:47 +0100] "GET /wp-content/plugins/elementor/assets/lib/swiper/swiper.min.js?ver=5.3.6 HTTP/1.0" 200 39379 "https://autenrieth.inglory.de/" "Mozilla/5.0 (X11; Linux x86_64) AppleWebKit/537.36 (KHTML, like Gecko) Chrome/121.0.0.0 Safari/537.36"
66.249.84.105 - - [12/Mar/2026:20:01:47 +0100] "GET /wp-content/plugins/elementor/assets/lib/swiper/swiper.min.js?ver=5.3.6 HTTP/1.0" 200 39379 "https://autenrieth.inglory.de/" "Mozilla/5.0 (Linux; U; Android 4.3; en-us; SM-N900T Build/JSS15J) AppleWebKit/534.30 (KHTML, like Gecko) Version/4.0 Mobile Safari/534.30"
192.178.15.3 - - [12/Mar/2026:20:01:47 +0100] "GET /wp-content/plugins/borlabs-cookie/assets/css/borlabs-cookie-box.50ba957b.min.css HTTP/1.0" 200 4917 "https://autenrieth.inglory.de/" "Mozilla/5.0 (X11; Linux x86_64) AppleWebKit/537.36 (KHTML, like Gecko) Chrome/121.0.0.0 Safari/537.36"
192.178.15.1 - - [12/Mar/2026:20:01:47 +0100] "GET /wp-content/uploads/elementor/css/post-688.css?ver=1723465679 HTTP/1.0" 200 5541 "https://autenrieth.inglory.de/" "Mozilla/5.0 (X11; Linux x86_64) AppleWebKit/537.36 (KHTML, like Gecko) Chrome/121.0.0.0 Safari/537.36"
192.178.15.2 - - [12/Mar/2026:20:01:47 +0100] "GET /wp-content/uploads/elementor/css/A.custom-widget-icon-list.min.css,qver=1723465678.pagespeed.cf.qpO9w4Bi0s.css HTTP/1.0" 200 5080 "https://autenrieth.inglory.de/" "Mozilla/5.0 (X11; Linux x86_64) AppleWebKit/537.36 (KHTML, like Gecko) Chrome/121.0.0.0 Safari/537.36"
66.249.84.105 - - [12/Mar/2026:20:01:47 +0100] "GET /wp-content/uploads/2024/04/Frame-1261156715-1-1.jpg HTTP/1.0" 200 94402 "https://autenrieth.inglory.de/" "Mozilla/5.0 (Linux; U; Android 4.3; en-us; SM-N900T Build/JSS15J) AppleWebKit/534.30 (KHTML, like Gecko) Version/4.0 Mobile Safari/534.30"
66.249.84.104 - - [12/Mar/2026:20:01:47 +0100] "GET /wp-content/uploads/2024/04/Frame-1261156715-3.jpg HTTP/1.0" 200 50499 "https://autenrieth.inglory.de/" "Mozilla/5.0 (Linux; U; Android 4.3; en-us; SM-N900T Build/JSS15J) AppleWebKit/534.30 (KHTML, like Gecko) Version/4.0 Mobile Safari/534.30"
192.178.15.3 - - [12/Mar/2026:20:01:47 +0100] "GET /wp-content/uploads/2024/02/cropped-Logo-SVG-1-32x32.png.pagespeed.ce.nS7q8cxRw2.png HTTP/1.0" 200 5383 "https://autenrieth.inglory.de/" "Mozilla/5.0 (Linux; U; Android 4.3; en-us; SM-N900T Build/JSS15J) AppleWebKit/534.30 (KHTML, like Gecko) Version/4.0 Mobile Safari/534.30"
192.178.15.2 - - [12/Mar/2026:20:01:47 +0100] "GET /wp-content/uploads/elementor/css/post-696.css?ver=1723465679 HTTP/1.0" 200 5525 "https://autenrieth.inglory.de/" "Mozilla/5.0 (X11; Linux x86_64) AppleWebKit/537.36 (KHTML, like Gecko) Chrome/121.0.0.0 Safari/537.36"
192.178.15.2 - - [12/Mar/2026:20:01:47 +0100] "GET /wp-content/themes/hello-elementor/assets/css/reset.css,qver=3.4.6.pagespeed.ce.r0uWONaZVx.css HTTP/1.0" 200 5976 "https://autenrieth.inglory.de/" "Mozilla/5.0 (Linux; U; Android 4.3; en-us; SM-N900T Build/JSS15J) AppleWebKit/534.30 (KHTML, like Gecko) Version/4.0 Mobile Safari/534.30"
192.178.15.3 - - [12/Mar/2026:20:01:47 +0100] "GET /wp-content/plugins/elementor/assets/lib/eicons/css/A.elementor-icons.min.css,qver=5.30.0.pagespeed.cf.aHMuBxXHzb.css HTTP/1.0" 200 8121 "https://autenrieth.inglory.de/" "Mozilla/5.0 (Linux; U; Android 4.3; en-us; SM-N900T Build/JSS15J) AppleWebKit/534.30 (KHTML, like Gecko) Version/4.0 Mobile Safari/534.30"
192.178.15.2 - - [12/Mar/2026:20:01:47 +0100] "GET /wp-content/uploads/elementor/css/A.custom-frontend-lite.min.css,qver=1723465678.pagespeed.cf.6iuHL0lgWF.css HTTP/1.0" 200 26837 "https://autenrieth.inglory.de/" "Mozilla/5.0 (Linux; U; Android 4.3; en-us; SM-N900T Build/JSS15J) AppleWebKit/534.30 (KHTML, like Gecko) Version/4.0 Mobile Safari/534.30"
192.178.15.1 - - [12/Mar/2026:20:01:47 +0100] "GET /wp-content/uploads/elementor/css/A.post-7.css,qver=1723465678.pagespeed.cf.7I9b0YqvI0.css HTTP/1.0" 200 5162 "https://autenrieth.inglory.de/" "Mozilla/5.0 (Linux; U; Android 4.3; en-us; SM-N900T Build/JSS15J) AppleWebKit/534.30 (KHTML, like Gecko) Version/4.0 Mobile Safari/534.30"
192.178.15.3 - - [12/Mar/2026:20:01:47 +0100] "GET /wp-content/plugins/elementor/assets/lib/swiper/css/swiper.min.css,qver=5.3.6.pagespeed.ce.vK13gbPnTb.css HTTP/1.0" 200 6594 "https://autenrieth.inglory.de/" "Mozilla/5.0 (Linux; U; Android 4.3; en-us; SM-N900T Build/JSS15J) AppleWebKit/534.30 (KHTML, like Gecko) Version/4.0 Mobile Safari/534.30"
66.249.84.105 - - [12/Mar/2026:20:01:47 +0100] "GET /wp-content/uploads/2024/02/cropped-Logo-SVG-1-32x32.png.pagespeed.ce.nS7q8cxRw2.png HTTP/1.0" 200 5383 "https://autenrieth.inglory.de/" "Mozilla/5.0 (Linux; U; Android 4.3; en-us; SM-N900T Build/JSS15J) AppleWebKit/534.30 (KHTML, like Gecko) Version/4.0 Mobile Safari/534.30"
66.249.84.106 - - [12/Mar/2026:20:01:47 +0100] "GET /wp-content/themes/hello-elementor/assets/css/header-footer.css,qver=3.4.6.pagespeed.ce.htu0eVW7nb.css HTTP/1.0" 200 5563 "https://autenrieth.inglory.de/" "Mozilla/5.0 (Linux; U; Android 4.3; en-us; SM-N900T Build/JSS15J) AppleWebKit/534.30 (KHTML, like Gecko) Version/4.0 Mobile Safari/534.30"
66.249.84.104 - - [12/Mar/2026:20:01:47 +0100] "GET /wp-content/uploads/elementor/css/custom-pro-frontend-lite.min.css,qver=1723465678.pagespeed.ce.1B0riWj0t8.css HTTP/1.0" 200 5625 "https://autenrieth.inglory.de/" "Mozilla/5.0 (Linux; U; Android 4.3; en-us; SM-N900T Build/JSS15J) AppleWebKit/534.30 (KHTML, like Gecko) Version/4.0 Mobile Safari/534.30"
66.249.84.106 - - [12/Mar/2026:20:01:47 +0100] "GET /wp-content/uploads/2024/04/Frame-1261156715-2-1.jpg HTTP/1.0" 200 264581 "https://autenrieth.inglory.de/" "Mozilla/5.0 (Linux; U; Android 4.3; en-us; SM-N900T Build/JSS15J) AppleWebKit/534.30 (KHTML, like Gecko) Version/4.0 Mobile Safari/534.30"
66.249.84.105 - - [12/Mar/2026:20:01:47 +0100] "GET /wp-content/uploads/2024/04/Frame-1261156715-3.jpg HTTP/1.0" 200 50499 "https://autenrieth.inglory.de/" "Mozilla/5.0 (X11; Linux x86_64) AppleWebKit/537.36 (KHTML, like Gecko) Chrome/121.0.0.0 Safari/537.36"
66.249.84.106 - - [12/Mar/2026:20:01:47 +0100] "GET /wp-content/uploads/2024/04/Frame-1261156715-1-1.jpg HTTP/1.0" 200 94402 "https://autenrieth.inglory.de/" "Mozilla/5.0 (X11; Linux x86_64) AppleWebKit/537.36 (KHTML, like Gecko) Chrome/121.0.0.0 Safari/537.36"
66.249.84.104 - - [12/Mar/2026:20:01:47 +0100] "GET /wp-content/plugins/mystickyelements-pro/css/A.mystickyelements-front.min.css,qver=2.0.7.pagespeed.cf.1mvclvofWF.css HTTP/1.0" 200 18251 "https://autenrieth.inglory.de/" "Mozilla/5.0 (Linux; U; Android 4.3; en-us; SM-N900T Build/JSS15J) AppleWebKit/534.30 (KHTML, like Gecko) Version/4.0 Mobile Safari/534.30"
192.178.15.2 - - [12/Mar/2026:20:01:47 +0100] "GET /wp-content/plugins/elementor-pro/assets/css/A.widget-carousel.min.css.pagespeed.cf.iKhB3l1vZF.css HTTP/1.0" 200 7386 "https://autenrieth.inglory.de/" "Mozilla/5.0 (X11; Linux x86_64) AppleWebKit/537.36 (KHTML, like Gecko) Chrome/121.0.0.0 Safari/537.36"
192.178.15.2 - - [12/Mar/2026:20:01:47 +0100] "GET /wp-content/uploads/elementor/css/A.custom-widget-icon-list.min.css,qver=1723465678.pagespeed.cf.qpO9w4Bi0s.css HTTP/1.0" 200 5080 "https://autenrieth.inglory.de/" "Mozilla/5.0 (X11; Linux x86_64) AppleWebKit/537.36 (KHTML, like Gecko) Chrome/121.0.0.0 Safari/537.36"
66.249.84.106 - - [12/Mar/2026:20:01:47 +0100] "GET /wp-content/plugins/elementor/assets/lib/font-awesome/css/A.fontawesome.min.css,qver=5.15.3.pagespeed.cf.OnyloIe9DI.css HTTP/1.0" 200 16478 "https://autenrieth.inglory.de/" "Mozilla/5.0 (Linux; U; Android 4.3; en-us; SM-N900T Build/JSS15J) AppleWebKit/534.30 (KHTML, like Gecko) Version/4.0 Mobile Safari/534.30"
66.249.84.104 - - [12/Mar/2026:20:01:47 +0100] "GET /wp-content/uploads/2024/04/2-1.jpg HTTP/1.0" 200 96164 "https://autenrieth.inglory.de/" "Mozilla/5.0 (Linux; U; Android 4.3; en-us; SM-N900T Build/JSS15J) AppleWebKit/534.30 (KHTML, like Gecko) Version/4.0 Mobile Safari/534.30"
66.249.84.105 - - [12/Mar/2026:20:01:47 +0100] "GET /wp-content/uploads/2024/04/Frame-1261156715-2-1.jpg HTTP/1.0" 200 264581 "https://autenrieth.inglory.de/" "Mozilla/5.0 (X11; Linux x86_64) AppleWebKit/537.36 (KHTML, like Gecko) Chrome/121.0.0.0 Safari/537.36"
66.249.84.106 - - [12/Mar/2026:20:01:47 +0100] "GET /wp-content/uploads/elementor/css/A.post-186.css,qver=1723465678.pagespeed.cf.go_WKzmCny.css HTTP/1.0" 200 5147 "https://autenrieth.inglory.de/" "Mozilla/5.0 (Linux; U; Android 4.3; en-us; SM-N900T Build/JSS15J) AppleWebKit/534.30 (KHTML, like Gecko) Version/4.0 Mobile Safari/534.30"
66.249.84.105 - - [12/Mar/2026:20:01:47 +0100] "GET /wp-content/uploads/2024/04/1-1.jpg HTTP/1.0" 200 112801 "https://autenrieth.inglory.de/" "Mozilla/5.0 (Linux; U; Android 4.3; en-us; SM-N900T Build/JSS15J) AppleWebKit/534.30 (KHTML, like Gecko) Version/4.0 Mobile Safari/534.30"
66.249.84.106 - - [12/Mar/2026:20:01:47 +0100] "GET /wp-content/uploads/2024/04/2-1.jpg HTTP/1.0" 200 96164 "https://autenrieth.inglory.de/" "Mozilla/5.0 (X11; Linux x86_64) AppleWebKit/537.36 (KHTML, like Gecko) Chrome/121.0.0.0 Safari/537.36"
66.249.84.105 - - [12/Mar/2026:20:01:47 +0100] "GET /wp-content/uploads/2024/04/1-1.jpg HTTP/1.0" 200 112801 "https://autenrieth.inglory.de/" "Mozilla/5.0 (X11; Linux x86_64) AppleWebKit/537.36 (KHTML, like Gecko) Chrome/121.0.0.0 Safari/537.36"
66.249.84.106 - - [12/Mar/2026:20:01:47 +0100] "GET /wp-content/uploads/2024/04/3-2.jpg HTTP/1.0" 200 147870 "https://autenrieth.inglory.de/" "Mozilla/5.0 (X11; Linux x86_64) AppleWebKit/537.36 (KHTML, like Gecko) Chrome/121.0.0.0 Safari/537.36"
66.249.84.106 - - [12/Mar/2026:20:01:47 +0100] "GET /wp-content/uploads/2024/04/3-2.jpg HTTP/1.0" 200 147870 "https://autenrieth.inglory.de/" "Mozilla/5.0 (Linux; U; Android 4.3; en-us; SM-N900T Build/JSS15J) AppleWebKit/534.30 (KHTML, like Gecko) Version/4.0 Mobile Safari/534.30"
192.178.15.1 - - [12/Mar/2026:20:01:47 +0100] "GET /wp-content/uploads/elementor/css/custom-pro-frontend-lite.min.css,qver=1723465678.pagespeed.ce.1B0riWj0t8.css HTTP/1.0" 200 5625 "https://autenrieth.inglory.de/" "Mozilla/5.0 (Linux; U; Android 4.3; en-us; SM-N900T Build/JSS15J) AppleWebKit/534.30 (KHTML, like Gecko) Version/4.0 Mobile Safari/534.30"
192.178.15.3 - - [12/Mar/2026:20:01:47 +0100] "GET /wp-content/uploads/elementor/css/A.post-19.css,qver=1723465678.pagespeed.cf.5Jm6GPysju.css HTTP/1.0" 200 11293 "https://autenrieth.inglory.de/" "Mozilla/5.0 (Linux; U; Android 4.3; en-us; SM-N900T Build/JSS15J) AppleWebKit/534.30 (KHTML, like Gecko) Version/4.0 Mobile Safari/534.30"
192.178.15.1 - - [12/Mar/2026:20:01:47 +0100] "GET /wp-content/uploads/elementor/css/A.post-388.css,qver=1723465678.pagespeed.cf.5cGqs5akQO.css HTTP/1.0" 200 5267 "https://autenrieth.inglory.de/" "Mozilla/5.0 (Linux; U; Android 4.3; en-us; SM-N900T Build/JSS15J) AppleWebKit/534.30 (KHTML, like Gecko) Version/4.0 Mobile Safari/534.30"
192.178.15.2 - - [12/Mar/2026:20:01:47 +0100] "GET /wp-content/uploads/elementor/css/A.post-281.css,qver=1723465678.pagespeed.cf.XCG_GVcWQ2.css HTTP/1.0" 200 5673 "https://autenrieth.inglory.de/" "Mozilla/5.0 (Linux; U; Android 4.3; en-us; SM-N900T Build/JSS15J) AppleWebKit/534.30 (KHTML, like Gecko) Version/4.0 Mobile Safari/534.30"
192.178.15.3 - - [12/Mar/2026:20:01:47 +0100] "GET /wp-content/cache/borlabs-cookie/1/A.borlabs-cookie-1-de.css,qver=3.0.1-425.pagespeed.cf.ZW6QnaYjdc.css HTTP/1.0" 200 15614 "https://autenrieth.inglory.de/" "Mozilla/5.0 (Linux; U; Android 4.3; en-us; SM-N900T Build/JSS15J) AppleWebKit/534.30 (KHTML, like Gecko) Version/4.0 Mobile Safari/534.30"
66.249.84.106 - - [12/Mar/2026:20:01:47 +0100] "GET /wp-content/plugins/borlabs-cookie/assets/images/borlabs-cookie-widget-a.svg HTTP/1.0" 200 5933 "https://autenrieth.inglory.de/" "Mozilla/5.0 (Linux; U; Android 4.3; en-us; SM-N900T Build/JSS15J) AppleWebKit/534.30 (KHTML, like Gecko) Version/4.0 Mobile Safari/534.30"
66.249.84.104 - - [12/Mar/2026:20:01:47 +0100] "GET /wp-content/uploads/elementor/css/A.post-608.css,qver=1723465678.pagespeed.cf.yXVoBde1e0.css HTTP/1.0" 200 5144 "https://autenrieth.inglory.de/" "Mozilla/5.0 (Linux; U; Android 4.3; en-us; SM-N900T Build/JSS15J) AppleWebKit/534.30 (KHTML, like Gecko) Version/4.0 Mobile Safari/534.30"
66.249.84.104 - - [12/Mar/2026:20:01:47 +0100] "GET /wp-content/uploads/elementor/css/A.post-679.css,qver=1723465679.pagespeed.cf.2nrOMjWSCE.css HTTP/1.0" 200 5526 "https://autenrieth.inglory.de/" "Mozilla/5.0 (Linux; U; Android 4.3; en-us; SM-N900T Build/JSS15J) AppleWebKit/534.30 (KHTML, like Gecko) Version/4.0 Mobile Safari/534.30"
66.249.84.105 - - [12/Mar/2026:20:01:47 +0100] "GET /wp-content/uploads/elementor/css/A.post-753.css,qver=1723465679.pagespeed.cf.SzPR3J2IHw.css HTTP/1.0" 200 5174 "https://autenrieth.inglory.de/" "Mozilla/5.0 (Linux; U; Android 4.3; en-us; SM-N900T Build/JSS15J) AppleWebKit/534.30 (KHTML, like Gecko) Version/4.0 Mobile Safari/534.30"
66.249.84.104 - - [12/Mar/2026:20:01:47 +0100] "GET /wp-content/uploads/2024/04/Frame-1261156729-3.jpg HTTP/1.0" 200 183786 "https://autenrieth.inglory.de/" "Mozilla/5.0 (X11; Linux x86_64) AppleWebKit/537.36 (KHTML, like Gecko) Chrome/121.0.0.0 Safari/537.36"
66.249.84.106 - - [12/Mar/2026:20:01:47 +0100] "GET /wp-content/uploads/2024/04/Frame-1261156729-1-1.jpg HTTP/1.0" 200 147759 "https://autenrieth.inglory.de/" "Mozilla/5.0 (X11; Linux x86_64) AppleWebKit/537.36 (KHTML, like Gecko) Chrome/121.0.0.0 Safari/537.36"
74.125.210.38 - - [12/Mar/2026:20:01:47 +0100] "GET /wp-content/uploads/2024/02/xcropped-Logo-SVG-1-32x32.png.pagespeed.ic.re2N8Js9cQ.webp HTTP/1.0" 200 4967 "https://autenrieth.inglory.de/" "Mozilla/5.0 (X11; Linux x86_64) AppleWebKit/537.36 (KHTML, like Gecko) Chrome/121.0.0.0 Safari/537.36"
192.178.15.1 - - [12/Mar/2026:20:01:47 +0100] "GET /wp-content/plugins/mystickyelements-pro/css/A.font-awesome.min.css,qver=2.0.7.pagespeed.cf.4o9rjSkGlP.css HTTP/1.0" 200 15806 "https://autenrieth.inglory.de/" "Mozilla/5.0 (Linux; U; Android 4.3; en-us; SM-N900T Build/JSS15J) AppleWebKit/534.30 (KHTML, like Gecko) Version/4.0 Mobile Safari/534.30"
192.178.15.2 - - [12/Mar/2026:20:01:47 +0100] "GET /wp-content/plugins/mystickyelements-pro/intl-tel-input-src/build/css/A.intlTelInput.css,qver=2.0.7.pagespeed.cf.RC9eEhGsJx.css HTTP/1.0" 200 7102 "https://autenrieth.inglory.de/" "Mozilla/5.0 (Linux; U; Android 4.3; en-us; SM-N900T Build/JSS15J) AppleWebKit/534.30 (KHTML, like Gecko) Version/4.0 Mobile Safari/534.30"
192.178.15.1 - - [12/Mar/2026:20:01:47 +0100] "GET /wp-content/uploads/elementor/css/A.post-107.css,qver=1723465678.pagespeed.cf.l3hllbBXhh.css HTTP/1.0" 200 5136 "https://autenrieth.inglory.de/" "Mozilla/5.0 (Linux; U; Android 4.3; en-us; SM-N900T Build/JSS15J) AppleWebKit/534.30 (KHTML, like Gecko) Version/4.0 Mobile Safari/534.30"
192.178.15.1 - - [12/Mar/2026:20:01:47 +0100] "GET /wp-content/plugins/elementor/assets/lib/animations/animations.min.css,qver=3.23.4.pagespeed.ce.RgG6VQREE3.css HTTP/1.0" 200 6777 "https://autenrieth.inglory.de/" "Mozilla/5.0 (Linux; U; Android 4.3; en-us; SM-N900T Build/JSS15J) AppleWebKit/534.30 (KHTML, like Gecko) Version/4.0 Mobile Safari/534.30"
192.178.15.3 - - [12/Mar/2026:20:01:47 +0100] "GET /wp-content/uploads/elementor/css/A.post-183.css,qver=1723465678.pagespeed.cf.2AST0147Aa.css HTTP/1.0" 200 5145 "https://autenrieth.inglory.de/" "Mozilla/5.0 (Linux; U; Android 4.3; en-us; SM-N900T Build/JSS15J) AppleWebKit/534.30 (KHTML, like Gecko) Version/4.0 Mobile Safari/534.30"
192.178.15.3 - - [12/Mar/2026:20:01:47 +0100] "GET /wp-content/uploads/elementor/css/A.post-186.css,qver=1723465678.pagespeed.cf.go_WKzmCny.css HTTP/1.0" 200 5147 "https://autenrieth.inglory.de/" "Mozilla/5.0 (Linux; U; Android 4.3; en-us; SM-N900T Build/JSS15J) AppleWebKit/534.30 (KHTML, like Gecko) Version/4.0 Mobile Safari/534.30"
66.249.84.104 - - [12/Mar/2026:20:01:47 +0100] "GET /wp-content/uploads/2024/02/red-v3-1-1-2.png.pagespeed.ce.hkCwDlvnyC.png HTTP/1.0" 200 15210 "https://autenrieth.inglory.de/" "Mozilla/5.0 (Linux; U; Android 4.3; en-us; SM-N900T Build/JSS15J) AppleWebKit/534.30 (KHTML, like Gecko) Version/4.0 Mobile Safari/534.30"
74.125.210.32 - - [12/Mar/2026:20:01:47 +0100] "GET /wp-content/plugins/loftloader-pro/assets/css/A.loftloader.min.css,qver=2022112801.pagespeed.cf.022XFbJey_.css HTTP/1.0" 200 11044 "https://autenrieth.inglory.de/" "Mozilla/5.0 (X11; Linux x86_64) AppleWebKit/537.36 (KHTML, like Gecko) Chrome/121.0.0.0 Safari/537.36"
74.125.210.39 - - [12/Mar/2026:20:01:47 +0100] "GET /wp-content/plugins/elementor/assets/lib/eicons/css/A.elementor-icons.min.css,qver=5.30.0.pagespeed.cf.aHMuBxXHzb.css HTTP/1.0" 200 8121 "https://autenrieth.inglory.de/" "Mozilla/5.0 (X11; Linux x86_64) AppleWebKit/537.36 (KHTML, like Gecko) Chrome/121.0.0.0 Safari/537.36"
74.125.210.38 - - [12/Mar/2026:20:01:47 +0100] "GET /wp-content/themes/hello-elementor/assets/css/header-footer.css,qver=3.4.6.pagespeed.ce.htu0eVW7nb.css HTTP/1.0" 200 5563 "https://autenrieth.inglory.de/" "Mozilla/5.0 (X11; Linux x86_64) AppleWebKit/537.36 (KHTML, like Gecko) Chrome/121.0.0.0 Safari/537.36"
74.125.210.32 - - [12/Mar/2026:20:01:47 +0100] "GET /wp-content/uploads/elementor/css/A.custom-frontend-lite.min.css,qver=1723465678.pagespeed.cf.6iuHL0lgWF.css HTTP/1.0" 200 26837 "https://autenrieth.inglory.de/" "Mozilla/5.0 (X11; Linux x86_64) AppleWebKit/537.36 (KHTML, like Gecko) Chrome/121.0.0.0 Safari/537.36"
74.125.210.32 - - [12/Mar/2026:20:01:47 +0100] "GET /wp-content/uploads/elementor/css/A.post-7.css,qver=1723465678.pagespeed.cf.7I9b0YqvI0.css HTTP/1.0" 200 5162 "https://autenrieth.inglory.de/" "Mozilla/5.0 (X11; Linux x86_64) AppleWebKit/537.36 (KHTML, like Gecko) Chrome/121.0.0.0 Safari/537.36"
66.249.84.106 - - [12/Mar/2026:20:01:47 +0100] "GET /wp-content/uploads/2024/04/Frame-1261156729-2-1.jpg HTTP/1.0" 200 221048 "https://autenrieth.inglory.de/" "Mozilla/5.0 (X11; Linux x86_64) AppleWebKit/537.36 (KHTML, like Gecko) Chrome/121.0.0.0 Safari/537.36"
66.249.84.104 - - [12/Mar/2026:20:01:47 +0100] "GET /wp-content/uploads/2024/04/Frame-1261156730-3.jpg HTTP/1.0" 200 60828 "https://autenrieth.inglory.de/" "Mozilla/5.0 (X11; Linux x86_64) AppleWebKit/537.36 (KHTML, like Gecko) Chrome/121.0.0.0 Safari/537.36"
74.125.210.32 - - [12/Mar/2026:20:01:47 +0100] "GET /wp-content/uploads/elementor/css/A.post-19.css,qver=1723465678.pagespeed.cf.lklr-ao2vH.css HTTP/1.0" 200 11315 "https://autenrieth.inglory.de/" "Mozilla/5.0 (X11; Linux x86_64) AppleWebKit/537.36 (KHTML, like Gecko) Chrome/121.0.0.0 Safari/537.36"
192.178.15.1 - - [12/Mar/2026:20:01:47 +0100] "GET /wp-content/uploads/elementor/css/A.post-162.css,qver=1723465679.pagespeed.cf.9o3J0c0rwQ.css HTTP/1.0" 200 5508 "https://autenrieth.inglory.de/" "Mozilla/5.0 (Linux; U; Android 4.3; en-us; SM-N900T Build/JSS15J) AppleWebKit/534.30 (KHTML, like Gecko) Version/4.0 Mobile Safari/534.30"
192.178.15.3 - - [12/Mar/2026:20:01:47 +0100] "GET /wp-content/uploads/elementor/css/A.post-688.css,qver=1723465679.pagespeed.cf.nbwLWs9qW5.css HTTP/1.0" 200 5543 "https://autenrieth.inglory.de/" "Mozilla/5.0 (Linux; U; Android 4.3; en-us; SM-N900T Build/JSS15J) AppleWebKit/534.30 (KHTML, like Gecko) Version/4.0 Mobile Safari/534.30"
192.178.15.2 - - [12/Mar/2026:20:01:47 +0100] "GET /wp-content/uploads/elementor/css/A.post-679.css,qver=1723465679.pagespeed.cf.2nrOMjWSCE.css HTTP/1.0" 200 5526 "https://autenrieth.inglory.de/" "Mozilla/5.0 (Linux; U; Android 4.3; en-us; SM-N900T Build/JSS15J) AppleWebKit/534.30 (KHTML, like Gecko) Version/4.0 Mobile Safari/534.30"
192.178.15.1 - - [12/Mar/2026:20:01:47 +0100] "GET /wp-content/uploads/elementor/css/A.post-753.css,qver=1723465679.pagespeed.cf.SzPR3J2IHw.css HTTP/1.0" 200 5174 "https://autenrieth.inglory.de/" "Mozilla/5.0 (Linux; U; Android 4.3; en-us; SM-N900T Build/JSS15J) AppleWebKit/534.30 (KHTML, like Gecko) Version/4.0 Mobile Safari/534.30"
192.178.15.2 - - [12/Mar/2026:20:01:47 +0100] "GET /wp-content/plugins/borlabs-cookie/assets/css/base-button.38f38120.min.css HTTP/1.0" 200 4297 "https://autenrieth.inglory.de/" "Mozilla/5.0 (Linux; U; Android 4.3; en-us; SM-N900T Build/JSS15J) AppleWebKit/534.30 (KHTML, like Gecko) Version/4.0 Mobile Safari/534.30"
192.178.15.3 - - [12/Mar/2026:20:01:47 +0100] "GET /wp-content/plugins/borlabs-cookie/assets/css/borlabs-cookie-box.50ba957b.min.css HTTP/1.0" 200 4917 "https://autenrieth.inglory.de/" "Mozilla/5.0 (Linux; U; Android 4.3; en-us; SM-N900T Build/JSS15J) AppleWebKit/534.30 (KHTML, like Gecko) Version/4.0 Mobile Safari/534.30"
66.249.84.104 - - [12/Mar/2026:20:01:47 +0100] "GET /wp-content/uploads/2024/04/Frame-1261156730-2-1.jpg HTTP/1.0" 200 69442 "https://autenrieth.inglory.de/" "Mozilla/5.0 (X11; Linux x86_64) AppleWebKit/537.36 (KHTML, like Gecko) Chrome/121.0.0.0 Safari/537.36"
74.125.210.39 - - [12/Mar/2026:20:01:47 +0100] "GET /wp-content/uploads/elementor/css/A.post-388.css,qver=1723465678.pagespeed.cf.5cGqs5akQO.css HTTP/1.0" 200 5267 "https://autenrieth.inglory.de/" "Mozilla/5.0 (X11; Linux x86_64) AppleWebKit/537.36 (KHTML, like Gecko) Chrome/121.0.0.0 Safari/537.36"
74.125.210.38 - - [12/Mar/2026:20:01:47 +0100] "GET /wp-content/uploads/elementor/css/A.post-281.css,qver=1723465678.pagespeed.cf.XCG_GVcWQ2.css HTTP/1.0" 200 5673 "https://autenrieth.inglory.de/" "Mozilla/5.0 (X11; Linux x86_64) AppleWebKit/537.36 (KHTML, like Gecko) Chrome/121.0.0.0 Safari/537.36"
74.125.210.39 - - [12/Mar/2026:20:01:47 +0100] "GET /wp-content/cache/borlabs-cookie/1/A.borlabs-cookie-1-de.css,qver=3.0.1-425.pagespeed.cf.ZW6QnaYjdc.css HTTP/1.0" 200 15614 "https://autenrieth.inglory.de/" "Mozilla/5.0 (X11; Linux x86_64) AppleWebKit/537.36 (KHTML, like Gecko) Chrome/121.0.0.0 Safari/537.36"
74.125.210.39 - - [12/Mar/2026:20:01:47 +0100] "GET /wp-content/plugins/mystickyelements-pro/css/A.font-awesome.min.css,qver=2.0.7.pagespeed.cf.4o9rjSkGlP.css HTTP/1.0" 200 15806 "https://autenrieth.inglory.de/" "Mozilla/5.0 (X11; Linux x86_64) AppleWebKit/537.36 (KHTML, like Gecko) Chrome/121.0.0.0 Safari/537.36"
66.249.84.104 - - [12/Mar/2026:20:01:47 +0100] "GET /wp-content/uploads/2024/02/cropped-Logo-SVG-1-32x32.png.pagespeed.ce.nS7q8cxRw2.png HTTP/1.0" 200 5383 "https://autenrieth.inglory.de/" "Mozilla/5.0 (Linux; U; Android 4.3; en-us; SM-N900T Build/JSS15J) AppleWebKit/534.30 (KHTML, like Gecko) Version/4.0 Mobile Safari/534.30"
74.125.210.32 - - [12/Mar/2026:20:01:47 +0100] "GET /wp-content/plugins/mystickyelements-pro/intl-tel-input-src/build/css/A.intlTelInput.css,qver=2.0.7.pagespeed.cf.IOX6y97evN.css HTTP/1.0" 200 7110 "https://autenrieth.inglory.de/" "Mozilla/5.0 (X11; Linux x86_64) AppleWebKit/537.36 (KHTML, like Gecko) Chrome/121.0.0.0 Safari/537.36"
74.125.210.32 - - [12/Mar/2026:20:01:47 +0100] "GET /wp-content/plugins/elementor/assets/lib/font-awesome/css/A.fontawesome.min.css,qver=5.15.3.pagespeed.cf.OnyloIe9DI.css HTTP/1.0" 200 16478 "https://autenrieth.inglory.de/" "Mozilla/5.0 (X11; Linux x86_64) AppleWebKit/537.36 (KHTML, like Gecko) Chrome/121.0.0.0 Safari/537.36"
192.178.15.2 - - [12/Mar/2026:20:01:47 +0100] "GET /wp-content/plugins/elementor-pro/assets/css/A.widget-carousel.min.css.pagespeed.cf.iKhB3l1vZF.css HTTP/1.0" 200 7386 "https://autenrieth.inglory.de/" "Mozilla/5.0 (Linux; U; Android 4.3; en-us; SM-N900T Build/JSS15J) AppleWebKit/534.30 (KHTML, like Gecko) Version/4.0 Mobile Safari/534.30"
192.178.15.1 - - [12/Mar/2026:20:01:47 +0100] "GET /wp-content/uploads/elementor/css/A.custom-widget-icon-list.min.css,qver=1723465678.pagespeed.cf.qpO9w4Bi0s.css HTTP/1.0" 200 5080 "https://autenrieth.inglory.de/" "Mozilla/5.0 (Linux; U; Android 4.3; en-us; SM-N900T Build/JSS15J) AppleWebKit/534.30 (KHTML, like Gecko) Version/4.0 Mobile Safari/534.30"
66.249.84.104 - - [12/Mar/2026:20:01:47 +0100] "GET /wp-content/uploads/2024/04/Frame-1261156730-1-1.jpg HTTP/1.0" 200 56803 "https://autenrieth.inglory.de/" "Mozilla/5.0 (X11; Linux x86_64) AppleWebKit/537.36 (KHTML, like Gecko) Chrome/121.0.0.0 Safari/537.36"
66.249.84.104 - - [12/Mar/2026:20:01:47 +0100] "GET /wp-includes/js/wp-emoji-release.min.js?ver=6.9.4 HTTP/1.0" 200 9375 "https://autenrieth.inglory.de/" "Mozilla/5.0 (X11; Linux x86_64) AppleWebKit/537.36 (KHTML, like Gecko) Chrome/121.0.0.0 Safari/537.36"
66.249.84.105 - - [12/Mar/2026:20:01:47 +0100] "GET /wp-content/themes/hello-elementor/assets/css/header-footer.css,qver=3.4.6.pagespeed.ce.htu0eVW7nb.css HTTP/1.0" 200 5563 "https://autenrieth.inglory.de/" "Mozilla/5.0 (Linux; U; Android 4.3; en-us; SM-N900T Build/JSS15J) AppleWebKit/534.30 (KHTML, like Gecko) Version/4.0 Mobile Safari/534.30"
66.249.84.106 - - [12/Mar/2026:20:01:47 +0100] "GET /wp-content/plugins/loftloader-pro/assets/css/A.loftloader.min.css,qver=2022112801.pagespeed.cf.022XFbJey_.css HTTP/1.0" 200 11044 "https://autenrieth.inglory.de/" "Mozilla/5.0 (Linux; U; Android 4.3; en-us; SM-N900T Build/JSS15J) AppleWebKit/534.30 (KHTML, like Gecko) Version/4.0 Mobile Safari/534.30"
74.125.210.38 - - [12/Mar/2026:20:01:47 +0100] "GET /wp-content/uploads/elementor/css/A.post-107.css,qver=1723465678.pagespeed.cf.l3hllbBXhh.css HTTP/1.0" 200 5136 "https://autenrieth.inglory.de/" "Mozilla/5.0 (X11; Linux x86_64) AppleWebKit/537.36 (KHTML, like Gecko) Chrome/121.0.0.0 Safari/537.36"
74.125.210.32 - - [12/Mar/2026:20:01:47 +0100] "GET /wp-content/plugins/elementor/assets/lib/animations/animations.min.css,qver=3.23.4.pagespeed.ce.RgG6VQREE3.css HTTP/1.0" 200 6777 "https://autenrieth.inglory.de/" "Mozilla/5.0 (X11; Linux x86_64) AppleWebKit/537.36 (KHTML, like Gecko) Chrome/121.0.0.0 Safari/537.36"
66.249.84.104 - - [12/Mar/2026:20:01:47 +0100] "GET /wp-content/uploads/elementor/css/A.post-7.css,qver=1723465678.pagespeed.cf.7I9b0YqvI0.css HTTP/1.0" 200 5162 "https://autenrieth.inglory.de/" "Mozilla/5.0 (Linux; U; Android 4.3; en-us; SM-N900T Build/JSS15J) AppleWebKit/534.30 (KHTML, like Gecko) Version/4.0 Mobile Safari/534.30"
74.125.210.32 - - [12/Mar/2026:20:01:47 +0100] "GET /wp-content/uploads/elementor/css/A.post-183.css,qver=1723465678.pagespeed.cf.2AST0147Aa.css HTTP/1.0" 200 5145 "https://autenrieth.inglory.de/" "Mozilla/5.0 (X11; Linux x86_64) AppleWebKit/537.36 (KHTML, like Gecko) Chrome/121.0.0.0 Safari/537.36"
66.249.84.106 - - [12/Mar/2026:20:01:47 +0100] "GET /wp-content/uploads/elementor/css/custom-pro-frontend-lite.min.css,qver=1723465678.pagespeed.ce.1B0riWj0t8.css HTTP/1.0" 200 5625 "https://autenrieth.inglory.de/" "Mozilla/5.0 (Linux; U; Android 4.3; en-us; SM-N900T Build/JSS15J) AppleWebKit/534.30 (KHTML, like Gecko) Version/4.0 Mobile Safari/534.30"
74.125.210.32 - - [12/Mar/2026:20:01:48 +0100] "GET /wp-content/uploads/elementor/css/A.post-162.css,qver=1723465679.pagespeed.cf.GL77PkKSfT.css HTTP/1.0" 200 5511 "https://autenrieth.inglory.de/" "Mozilla/5.0 (X11; Linux x86_64) AppleWebKit/537.36 (KHTML, like Gecko) Chrome/121.0.0.0 Safari/537.36"
66.249.84.104 - - [12/Mar/2026:20:01:48 +0100] "GET /wp-content/uploads/elementor/css/A.post-388.css,qver=1723465678.pagespeed.cf.5cGqs5akQO.css HTTP/1.0" 200 5267 "https://autenrieth.inglory.de/" "Mozilla/5.0 (Linux; U; Android 4.3; en-us; SM-N900T Build/JSS15J) AppleWebKit/534.30 (KHTML, like Gecko) Version/4.0 Mobile Safari/534.30"
66.249.84.104 - - [12/Mar/2026:20:01:48 +0100] "GET /wp-content/plugins/borlabs-cookie/assets/images/borlabs-cookie-widget-a.svg HTTP/1.0" 200 5933 "https://autenrieth.inglory.de/" "Mozilla/5.0 (X11; Linux x86_64) AppleWebKit/537.36 (KHTML, like Gecko) Chrome/121.0.0.0 Safari/537.36"
74.125.210.32 - - [12/Mar/2026:20:01:48 +0100] "GET /wp-content/uploads/elementor/css/A.post-696.css,qver=1723465679.pagespeed.cf.KcnvClVybk.css HTTP/1.0" 200 5533 "https://autenrieth.inglory.de/" "Mozilla/5.0 (X11; Linux x86_64) AppleWebKit/537.36 (KHTML, like Gecko) Chrome/121.0.0.0 Safari/537.36"
74.125.210.38 - - [12/Mar/2026:20:01:48 +0100] "GET /wp-content/plugins/borlabs-cookie/assets/css/borlabs-cookie-box.50ba957b.min.css HTTP/1.0" 200 4917 "https://autenrieth.inglory.de/" "Mozilla/5.0 (X11; Linux x86_64) AppleWebKit/537.36 (KHTML, like Gecko) Chrome/121.0.0.0 Safari/537.36"
66.249.84.106 - - [12/Mar/2026:20:01:48 +0100] "GET /wp-content/uploads/elementor/css/A.post-281.css,qver=1723465678.pagespeed.cf.XCG_GVcWQ2.css HTTP/1.0" 200 5673 "https://autenrieth.inglory.de/" "Mozilla/5.0 (Linux; U; Android 4.3; en-us; SM-N900T Build/JSS15J) AppleWebKit/534.30 (KHTML, like Gecko) Version/4.0 Mobile Safari/534.30"
66.249.84.105 - - [12/Mar/2026:20:01:48 +0100] "GET /wp-content/plugins/elementor/assets/lib/animations/animations.min.css,qver=3.23.4.pagespeed.ce.RgG6VQREE3.css HTTP/1.0" 200 6777 "https://autenrieth.inglory.de/" "Mozilla/5.0 (Linux; U; Android 4.3; en-us; SM-N900T Build/JSS15J) AppleWebKit/534.30 (KHTML, like Gecko) Version/4.0 Mobile Safari/534.30"
66.249.84.104 - - [12/Mar/2026:20:01:48 +0100] "GET /wp-content/uploads/elementor/css/A.post-183.css,qver=1723465678.pagespeed.cf.2AST0147Aa.css HTTP/1.0" 200 5145 "https://autenrieth.inglory.de/" "Mozilla/5.0 (Linux; U; Android 4.3; en-us; SM-N900T Build/JSS15J) AppleWebKit/534.30 (KHTML, like Gecko) Version/4.0 Mobile Safari/534.30"
66.249.84.104 - - [12/Mar/2026:20:01:48 +0100] "GET /wp-content/uploads/elementor/css/A.post-162.css,qver=1723465679.pagespeed.cf.9o3J0c0rwQ.css HTTP/1.0" 200 5508 "https://autenrieth.inglory.de/" "Mozilla/5.0 (Linux; U; Android 4.3; en-us; SM-N900T Build/JSS15J) AppleWebKit/534.30 (KHTML, like Gecko) Version/4.0 Mobile Safari/534.30"
74.125.210.32 - - [12/Mar/2026:20:01:48 +0100] "GET /wp-content/uploads/2024/02/red-v3-1-1-2.png.pagespeed.ce.hkCwDlvnyC.png HTTP/1.0" 200 15210 "https://autenrieth.inglory.de/" "Mozilla/5.0 (Linux; U; Android 4.3; en-us; SM-N900T Build/JSS15J) AppleWebKit/534.30 (KHTML, like Gecko) Version/4.0 Mobile Safari/534.30"
74.125.210.39 - - [12/Mar/2026:20:01:48 +0100] "GET /wp-content/uploads/2024/02/xLayer-3-3.png.pagespeed.ic.yxBRaHmYf7.png HTTP/1.0" 200 25704 "https://autenrieth.inglory.de/" "Mozilla/5.0 (Linux; U; Android 4.3; en-us; SM-N900T Build/JSS15J) AppleWebKit/534.30 (KHTML, like Gecko) Version/4.0 Mobile Safari/534.30"
66.249.84.105 - - [12/Mar/2026:20:01:48 +0100] "GET /wp-content/uploads/elementor/css/custom-pro-widget-nav-menu.min.css,qver=1723465678.pagespeed.ce.63AjBJUm5h.css HTTP/1.0" 200 7505 "https://autenrieth.inglory.de/" "Mozilla/5.0 (Linux; U; Android 4.3; en-us; SM-N900T Build/JSS15J) AppleWebKit/534.30 (KHTML, like Gecko) Version/4.0 Mobile Safari/534.30"
66.249.84.105 - - [12/Mar/2026:20:01:48 +0100] "GET /wp-content/plugins/elementor-pro/assets/css/A.widget-carousel.min.css.pagespeed.cf.iKhB3l1vZF.css HTTP/1.0" 200 7386 "https://autenrieth.inglory.de/" "Mozilla/5.0 (Linux; U; Android 4.3; en-us; SM-N900T Build/JSS15J) AppleWebKit/534.30 (KHTML, like Gecko) Version/4.0 Mobile Safari/534.30"
66.249.84.105 - - [12/Mar/2026:20:01:48 +0100] "GET /wp-content/uploads/elementor/css/A.custom-widget-icon-list.min.css,qver=1723465678.pagespeed.cf.qpO9w4Bi0s.css HTTP/1.0" 200 5080 "https://autenrieth.inglory.de/" "Mozilla/5.0 (Linux; U; Android 4.3; en-us; SM-N900T Build/JSS15J) AppleWebKit/534.30 (KHTML, like Gecko) Version/4.0 Mobile Safari/534.30"
66.249.84.106 - - [12/Mar/2026:20:01:48 +0100] "GET /wp-content/uploads/2024/02/xcropped-Logo-SVG-1-32x32.png.pagespeed.ic.re2N8Js9cQ.webp HTTP/1.0" 200 4967 "https://autenrieth.inglory.de/" "Mozilla/5.0 (X11; Linux x86_64) AppleWebKit/537.36 (KHTML, like Gecko) Chrome/121.0.0.0 Safari/537.36"
