54.246.142.114 - - [12/Mar/2026:10:05:42 +0100] "GET /wp-content/plugins/elementor-pro/assets/css/widget-carousel.min.css HTTP/1.0" 200 7392 "https://autenrieth.inglory.de/" "Plesk screenshot bot https://support.plesk.com/hc/en-us/articles/10301006946066"
54.246.142.114 - - [12/Mar/2026:10:05:42 +0100] "GET /wp-content/uploads/elementor/css/post-696.css?ver=1723465679 HTTP/1.0" 200 5475 "https://autenrieth.inglory.de/" "Plesk screenshot bot https://support.plesk.com/hc/en-us/articles/10301006946066"
54.246.142.114 - - [12/Mar/2026:10:05:42 +0100] "GET /wp-content/uploads/elementor/css/custom-pro-widget-nav-menu.min.css?ver=1723465678 HTTP/1.0" 200 7418 "https://autenrieth.inglory.de/" "Plesk screenshot bot https://support.plesk.com/hc/en-us/articles/10301006946066"
94.130.90.54 - - [12/Mar/2026:10:05:42 +0100] "GET /wp-content/plugins/mystickyelements-pro/js/jquery.cookie.js?ver=2.0.7 HTTP/1.1" 304 3405 "https://autenrieth.inglory.de/" "Serf/1.3.9 (mod_pagespeed/1.13.35.2-0)"
54.246.142.114 - - [12/Mar/2026:10:05:42 +0100] "GET /wp-content/cache/borlabs-cookie/1/borlabs-cookie-config-de.json.js?ver=3.0.1-428 HTTP/1.0" 200 8502 "https://autenrieth.inglory.de/" "Plesk screenshot bot https://support.plesk.com/hc/en-us/articles/10301006946066"
54.246.142.114 - - [12/Mar/2026:10:05:42 +0100] "GET /wp-content/plugins/borlabs-cookie/assets/javascript/borlabs-cookie.min.js?ver=3.0.1 HTTP/1.0" 200 4596 "https://autenrieth.inglory.de/" "Plesk screenshot bot https://support.plesk.com/hc/en-us/articles/10301006946066"
94.130.90.54 - - [12/Mar/2026:10:05:42 +0100] "GET /wp-content/plugins/mystickyelements-pro/js/mystickyelements-fronted.min.js?ver=2.0.7 HTTP/1.1" 304 3406 "https://autenrieth.inglory.de/" "Serf/1.3.9 (mod_pagespeed/1.13.35.2-0)"
94.130.90.54 - - [12/Mar/2026:10:05:42 +0100] "GET /wp-content/plugins/elementor-pro/assets/lib/smartmenus/jquery.smartmenus.min.js?ver=1.2.1 HTTP/1.1" 304 3406 "https://autenrieth.inglory.de/" "Serf/1.3.9 (mod_pagespeed/1.13.35.2-0)"
54.246.142.114 - - [12/Mar/2026:10:05:42 +0100] "GET /wp-includes/js/jquery/jquery-migrate.min.js?ver=3.4.1 HTTP/1.0" 200 8984 "https://autenrieth.inglory.de/" "Plesk screenshot bot https://support.plesk.com/hc/en-us/articles/10301006946066"
54.246.142.114 - - [12/Mar/2026:10:05:42 +0100] "GET /wp-includes/js/jquery/jquery.min.js?ver=3.7.1 HTTP/1.0" 200 34548 "https://autenrieth.inglory.de/" "Plesk screenshot bot https://support.plesk.com/hc/en-us/articles/10301006946066"
94.130.90.54 - - [12/Mar/2026:10:05:42 +0100] "GET /wp-includes/js/imagesloaded.min.js?ver=5.0.0 HTTP/1.1" 304 3406 "https://autenrieth.inglory.de/" "Serf/1.3.9 (mod_pagespeed/1.13.35.2-0)"
94.130.90.54 - - [12/Mar/2026:10:05:42 +0100] "GET /wp-content/plugins/elementor/assets/js/frontend-modules.min.js?ver=3.23.4 HTTP/1.1" 304 3407 "https://autenrieth.inglory.de/" "Serf/1.3.9 (mod_pagespeed/1.13.35.2-0)"
94.130.90.54 - - [12/Mar/2026:10:05:42 +0100] "GET /wp-includes/js/dist/hooks.min.js?ver=dd5603f07f9220ed27f1 HTTP/1.1" 304 3406 "https://autenrieth.inglory.de/" "Serf/1.3.9 (mod_pagespeed/1.13.35.2-0)"
94.130.90.54 - - [12/Mar/2026:10:05:42 +0100] "GET /wp-includes/js/dist/i18n.min.js?ver=c26c3dc7bed366793375 HTTP/1.1" 304 3406 "https://autenrieth.inglory.de/" "Serf/1.3.9 (mod_pagespeed/1.13.35.2-0)"
94.130.90.54 - - [12/Mar/2026:10:05:42 +0100] "GET /wp-content/plugins/elementor-pro/assets/js/frontend.min.js?ver=3.21.2 HTTP/1.1" 304 3406 "https://autenrieth.inglory.de/" "Serf/1.3.9 (mod_pagespeed/1.13.35.2-0)"
94.130.90.54 - - [12/Mar/2026:10:05:42 +0100] "GET /wp-content/plugins/elementor/assets/lib/waypoints/waypoints.min.js?ver=4.0.2 HTTP/1.1" 304 3406 "https://autenrieth.inglory.de/" "Serf/1.3.9 (mod_pagespeed/1.13.35.2-0)"
94.130.90.54 - - [12/Mar/2026:10:05:42 +0100] "GET /wp-includes/js/jquery/ui/core.min.js?ver=1.13.3 HTTP/1.1" 304 3406 "https://autenrieth.inglory.de/" "Serf/1.3.9 (mod_pagespeed/1.13.35.2-0)"
94.130.90.54 - - [12/Mar/2026:10:05:42 +0100] "GET /wp-content/uploads/2024/02/cropped-Logo-SVG-1-32x32.png HTTP/1.1" 304 3405 "https://autenrieth.inglory.de/" "Serf/1.3.9 (mod_pagespeed/1.13.35.2-0)"
54.246.142.114 - - [12/Mar/2026:10:05:42 +0100] "GET /wp-content/uploads/elementor/css/custom-widget-icon-list.min.css?ver=1723465678 HTTP/1.0" 200 4997 "https://autenrieth.inglory.de/" "Plesk screenshot bot https://support.plesk.com/hc/en-us/articles/10301006946066"
94.130.90.54 - - [12/Mar/2026:10:05:42 +0100] "GET /wp-content/uploads/2024/02/cropped-Logo-SVG-1-192x192.png HTTP/1.1" 304 3406 "https://autenrieth.inglory.de/" "Serf/1.3.9 (mod_pagespeed/1.13.35.2-0)"
94.130.90.54 - - [12/Mar/2026:10:05:42 +0100] "GET /wp-content/uploads/2024/02/cropped-Logo-SVG-1-180x180.png HTTP/1.1" 304 3406 "https://autenrieth.inglory.de/" "Serf/1.3.9 (mod_pagespeed/1.13.35.2-0)"
94.130.90.54 - - [12/Mar/2026:10:05:42 +0100] "GET /wp-content/uploads/2024/02/OBJECTS-1.png HTTP/1.1" 304 3406 "https://autenrieth.inglory.de/" "Serf/1.3.9 (mod_pagespeed/1.13.35.2-0)"
94.130.90.54 - - [12/Mar/2026:10:05:42 +0100] "GET /wp-content/uploads/2024/02/OBJECTS-1.png HTTP/1.1" 304 3406 "https://autenrieth.inglory.de/" "Serf/1.3.9 (mod_pagespeed/1.13.35.2-0)"
54.246.142.114 - - [12/Mar/2026:10:05:42 +0100] "GET /wp-content/uploads/2024/02/OBJECTS-3-1.svg HTTP/1.0" 200 75642 "https://autenrieth.inglory.de/" "Plesk screenshot bot https://support.plesk.com/hc/en-us/articles/10301006946066"
94.130.90.54 - - [12/Mar/2026:10:05:42 +0100] "GET /wp-content/uploads/2024/02/OBJECTS-1-300x260.png HTTP/1.1" 304 3406 "https://autenrieth.inglory.de/" "Serf/1.3.9 (mod_pagespeed/1.13.35.2-0)"
94.130.90.54 - - [12/Mar/2026:10:05:42 +0100] "GET /wp-content/uploads/2024/02/Layer-3-3.png HTTP/1.1" 304 3406 "https://autenrieth.inglory.de/" "Serf/1.3.9 (mod_pagespeed/1.13.35.2-0)"
94.130.90.54 - - [12/Mar/2026:10:05:42 +0100] "GET /wp-content/uploads/2024/02/Layer-3-3.png HTTP/1.1" 304 3406 "https://autenrieth.inglory.de/" "Serf/1.3.9 (mod_pagespeed/1.13.35.2-0)"
94.130.90.54 - - [12/Mar/2026:10:05:42 +0100] "GET /wp-content/uploads/2024/02/Layer-3-3-74x300.png HTTP/1.1" 304 3406 "https://autenrieth.inglory.de/" "Serf/1.3.9 (mod_pagespeed/1.13.35.2-0)"
94.130.90.54 - - [12/Mar/2026:10:05:42 +0100] "GET /wp-content/uploads/2024/02/Layer-2-1.png HTTP/1.1" 304 3406 "https://autenrieth.inglory.de/" "Serf/1.3.9 (mod_pagespeed/1.13.35.2-0)"
94.130.90.54 - - [12/Mar/2026:10:05:42 +0100] "GET /wp-content/uploads/2024/02/Layer-2-1.png HTTP/1.1" 304 3406 "https://autenrieth.inglory.de/" "Serf/1.3.9 (mod_pagespeed/1.13.35.2-0)"
94.130.90.54 - - [12/Mar/2026:10:05:42 +0100] "GET /wp-content/uploads/2024/02/Layer-2-1-74x300.png HTTP/1.1" 304 3406 "https://autenrieth.inglory.de/" "Serf/1.3.9 (mod_pagespeed/1.13.35.2-0)"
94.130.90.54 - - [12/Mar/2026:10:05:42 +0100] "GET /wp-content/uploads/2024/02/Layer-3-5.png HTTP/1.1" 304 3406 "https://autenrieth.inglory.de/" "Serf/1.3.9 (mod_pagespeed/1.13.35.2-0)"
94.130.90.54 - - [12/Mar/2026:10:05:42 +0100] "GET /wp-content/uploads/2024/02/Layer-3-5.png HTTP/1.1" 304 3406 "https://autenrieth.inglory.de/" "Serf/1.3.9 (mod_pagespeed/1.13.35.2-0)"
94.130.90.54 - - [12/Mar/2026:10:05:42 +0100] "GET /wp-content/uploads/2024/02/Layer-3-5-74x300.png HTTP/1.1" 304 3406 "https://autenrieth.inglory.de/" "Serf/1.3.9 (mod_pagespeed/1.13.35.2-0)"
94.130.90.54 - - [12/Mar/2026:10:05:42 +0100] "GET /wp-content/uploads/2024/02/red-v3-1-1-2.png HTTP/1.1" 304 3406 "https://autenrieth.inglory.de/" "Serf/1.3.9 (mod_pagespeed/1.13.35.2-0)"
94.130.90.54 - - [12/Mar/2026:10:05:42 +0100] "GET /wp-content/uploads/2024/02/red-v3-1-1-2.png HTTP/1.1" 304 3406 "https://autenrieth.inglory.de/" "Serf/1.3.9 (mod_pagespeed/1.13.35.2-0)"
94.130.90.54 - - [12/Mar/2026:10:05:42 +0100] "GET /wp-content/uploads/2024/02/red-v3-1-1-2-74x300.png HTTP/1.1" 304 3406 "https://autenrieth.inglory.de/" "Serf/1.3.9 (mod_pagespeed/1.13.35.2-0)"
94.130.90.54 - - [12/Mar/2026:10:05:42 +0100] "GET /wp-content/uploads/2024/02/Traditional-Line-1.png HTTP/1.1" 304 3406 "https://autenrieth.inglory.de/" "Serf/1.3.9 (mod_pagespeed/1.13.35.2-0)"
94.130.90.54 - - [12/Mar/2026:10:05:42 +0100] "GET /wp-content/uploads/2024/02/Traditional-Line-1.png HTTP/1.1" 304 3406 "https://autenrieth.inglory.de/" "Serf/1.3.9 (mod_pagespeed/1.13.35.2-0)"
94.130.90.54 - - [12/Mar/2026:10:05:42 +0100] "GET /wp-content/uploads/2024/02/Traditional-Line-1-300x264.png HTTP/1.1" 304 3406 "https://autenrieth.inglory.de/" "Serf/1.3.9 (mod_pagespeed/1.13.35.2-0)"
94.130.90.54 - - [12/Mar/2026:10:05:42 +0100] "GET /wp-content/uploads/2024/02/Traditional-Line-1-768x675.png HTTP/1.1" 304 3407 "https://autenrieth.inglory.de/" "Serf/1.3.9 (mod_pagespeed/1.13.35.2-0)"
94.130.90.54 - - [12/Mar/2026:10:05:42 +0100] "GET /wp-content/uploads/2024/02/silver-1.jpg HTTP/1.1" 304 3406 "https://autenrieth.inglory.de/" "Serf/1.3.9 (mod_pagespeed/1.13.35.2-0)"
94.130.90.54 - - [12/Mar/2026:10:05:42 +0100] "GET /wp-content/uploads/2024/02/silver-1.jpg HTTP/1.1" 304 3406 "https://autenrieth.inglory.de/" "Serf/1.3.9 (mod_pagespeed/1.13.35.2-0)"
54.246.142.114 - - [12/Mar/2026:10:05:42 +0100] "GET /wp-content/uploads/2024/02/red-v3-1.png HTTP/1.0" 200 201196 "https://autenrieth.inglory.de/" "Plesk screenshot bot https://support.plesk.com/hc/en-us/articles/10301006946066"
94.130.90.54 - - [12/Mar/2026:10:05:42 +0100] "GET /wp-content/uploads/2024/02/silver-1-300x263.jpg HTTP/1.1" 304 3406 "https://autenrieth.inglory.de/" "Serf/1.3.9 (mod_pagespeed/1.13.35.2-0)"
54.246.142.114 - - [12/Mar/2026:10:05:42 +0100] "GET /wp-content/uploads/2024/02/OBJECTS-2-1.svg HTTP/1.0" 200 75273 "https://autenrieth.inglory.de/" "Plesk screenshot bot https://support.plesk.com/hc/en-us/articles/10301006946066"
94.130.90.54 - - [12/Mar/2026:10:05:42 +0100] "GET /wp-content/uploads/2024/02/silver-1-768x673.jpg HTTP/1.1" 304 3406 "https://autenrieth.inglory.de/" "Serf/1.3.9 (mod_pagespeed/1.13.35.2-0)"
94.130.90.54 - - [12/Mar/2026:10:05:42 +0100] "GET /wp-content/uploads/2024/02/gold-1.png HTTP/1.1" 304 3406 "https://autenrieth.inglory.de/" "Serf/1.3.9 (mod_pagespeed/1.13.35.2-0)"
94.130.90.54 - - [12/Mar/2026:10:05:42 +0100] "GET /wp-content/uploads/2024/02/gold-1.png HTTP/1.1" 304 3406 "https://autenrieth.inglory.de/" "Serf/1.3.9 (mod_pagespeed/1.13.35.2-0)"
94.130.90.54 - - [12/Mar/2026:10:05:42 +0100] "GET /wp-content/uploads/2024/02/gold-1-300x264.png HTTP/1.1" 304 3406 "https://autenrieth.inglory.de/" "Serf/1.3.9 (mod_pagespeed/1.13.35.2-0)"
54.246.142.114 - - [12/Mar/2026:10:05:42 +0100] "GET /wp-content/plugins/loftloader-pro/assets/js/jquery.waitformedias.min.js?ver=2022112801 HTTP/1.0" 200 5952 "https://autenrieth.inglory.de/" "Plesk screenshot bot https://support.plesk.com/hc/en-us/articles/10301006946066"
54.246.142.114 - - [12/Mar/2026:10:05:42 +0100] "GET /wp-content/plugins/loftloader-pro/assets/js/loftloader.js?ver=2022112801 HTTP/1.0" 200 10214 "https://autenrieth.inglory.de/" "Plesk screenshot bot https://support.plesk.com/hc/en-us/articles/10301006946066"
54.246.142.114 - - [12/Mar/2026:10:05:42 +0100] "GET /wp-content/plugins/mystickyelements-pro/intl-tel-input-src/build/js/intlTelInput.js?ver=2.0.7 HTTP/1.0" 200 25051 "https://autenrieth.inglory.de/" "Plesk screenshot bot https://support.plesk.com/hc/en-us/articles/10301006946066"
54.246.142.114 - - [12/Mar/2026:10:05:42 +0100] "GET /wp-content/uploads/2024/02/Frame-1261156713-1.png HTTP/1.0" 200 51106 "https://autenrieth.inglory.de/" "Plesk screenshot bot https://support.plesk.com/hc/en-us/articles/10301006946066"
94.130.90.54 - - [12/Mar/2026:10:05:42 +0100] "GET /wp-content/uploads/2024/02/gold-1-768x676.png HTTP/1.1" 304 3407 "https://autenrieth.inglory.de/" "Serf/1.3.9 (mod_pagespeed/1.13.35.2-0)"
54.246.142.114 - - [12/Mar/2026:10:05:42 +0100] "GET /wp-content/uploads/2024/02/Layer-2-1-1.png HTTP/1.0" 200 39685 "https://autenrieth.inglory.de/" "Plesk screenshot bot https://support.plesk.com/hc/en-us/articles/10301006946066"
94.130.90.54 - - [12/Mar/2026:10:05:42 +0100] "GET /wp-content/uploads/2024/02/Group-1261156729-1.png HTTP/1.1" 304 3407 "https://autenrieth.inglory.de/" "Serf/1.3.9 (mod_pagespeed/1.13.35.2-0)"
94.130.90.54 - - [12/Mar/2026:10:05:42 +0100] "GET /wp-content/uploads/2024/02/Group-1261156729-1.png HTTP/1.1" 304 3407 "https://autenrieth.inglory.de/" "Serf/1.3.9 (mod_pagespeed/1.13.35.2-0)"
94.130.90.54 - - [12/Mar/2026:10:05:42 +0100] "GET /wp-content/uploads/2024/02/Group-1261156729-1-168x300.png HTTP/1.1" 304 3406 "https://autenrieth.inglory.de/" "Serf/1.3.9 (mod_pagespeed/1.13.35.2-0)"
94.130.90.54 - - [12/Mar/2026:10:05:42 +0100] "GET /wp-content/uploads/2024/02/Group-1261156729-1-572x1024.png HTTP/1.1" 304 3407 "https://autenrieth.inglory.de/" "Serf/1.3.9 (mod_pagespeed/1.13.35.2-0)"
94.130.90.54 - - [12/Mar/2026:10:05:42 +0100] "GET /wp-content/uploads/2024/02/Frame-1261156729-2-1.jpg HTTP/1.1" 304 3407 "https://autenrieth.inglory.de/" "Serf/1.3.9 (mod_pagespeed/1.13.35.2-0)"
54.246.142.114 - - [12/Mar/2026:10:05:42 +0100] "GET /wp-includes/js/imagesloaded.min.js?ver=5.0.0 HTTP/1.0" 200 6028 "https://autenrieth.inglory.de/" "Plesk screenshot bot https://support.plesk.com/hc/en-us/articles/10301006946066"
94.130.90.54 - - [12/Mar/2026:10:05:42 +0100] "GET /wp-content/uploads/2024/02/Frame-1261156729-2-1.jpg HTTP/1.1" 304 3407 "https://autenrieth.inglory.de/" "Serf/1.3.9 (mod_pagespeed/1.13.35.2-0)"
94.130.90.54 - - [12/Mar/2026:10:05:42 +0100] "GET /wp-content/uploads/2024/02/Frame-1261156729-2-1-265x300.jpg HTTP/1.1" 304 3406 "https://autenrieth.inglory.de/" "Serf/1.3.9 (mod_pagespeed/1.13.35.2-0)"
54.246.142.114 - - [12/Mar/2026:10:05:42 +0100] "GET /wp-content/plugins/elementor/assets/js/webpack.runtime.min.js?ver=3.23.4 HTTP/1.0" 200 6326 "https://autenrieth.inglory.de/" "Plesk screenshot bot https://support.plesk.com/hc/en-us/articles/10301006946066"
54.246.142.114 - - [12/Mar/2026:10:05:42 +0100] "GET /wp-content/plugins/mystickyelements-pro/js/mystickyelements-fronted.min.js?ver=2.0.7 HTTP/1.0" 200 9294 "https://autenrieth.inglory.de/" "Plesk screenshot bot https://support.plesk.com/hc/en-us/articles/10301006946066"
54.246.142.114 - - [12/Mar/2026:10:05:42 +0100] "GET /wp-content/plugins/mystickyelements-pro/js/jquery.cookie.js?ver=2.0.7 HTTP/1.0" 200 4996 "https://autenrieth.inglory.de/" "Plesk screenshot bot https://support.plesk.com/hc/en-us/articles/10301006946066"
94.130.90.54 - - [12/Mar/2026:10:05:42 +0100] "GET /wp-content/uploads/2024/04/Group-1261156712-1.png HTTP/1.1" 304 3406 "https://autenrieth.inglory.de/" "Serf/1.3.9 (mod_pagespeed/1.13.35.2-0)"
54.246.142.114 - - [12/Mar/2026:10:05:42 +0100] "GET /wp-content/plugins/elementor-pro/assets/lib/smartmenus/jquery.smartmenus.min.js?ver=1.2.1 HTTP/1.0" 200 11282 "https://autenrieth.inglory.de/" "Plesk screenshot bot https://support.plesk.com/hc/en-us/articles/10301006946066"
54.246.142.114 - - [12/Mar/2026:10:05:42 +0100] "GET /wp-content/plugins/elementor-pro/assets/js/webpack-pro.runtime.min.js?ver=3.21.2 HTTP/1.0" 200 6764 "https://autenrieth.inglory.de/" "Plesk screenshot bot https://support.plesk.com/hc/en-us/articles/10301006946066"
94.130.90.54 - - [12/Mar/2026:10:05:42 +0100] "GET /wp-content/uploads/2024/02/Group-1261156732-1-1.jpg HTTP/1.1" 304 3407 "https://autenrieth.inglory.de/" "Serf/1.3.9 (mod_pagespeed/1.13.35.2-0)"
54.246.142.114 - - [12/Mar/2026:10:05:42 +0100] "GET /wp-content/plugins/elementor/assets/js/frontend.min.js?ver=3.23.4 HTTP/1.0" 200 16361 "https://autenrieth.inglory.de/" "Plesk screenshot bot https://support.plesk.com/hc/en-us/articles/10301006946066"
94.130.90.54 - - [12/Mar/2026:10:05:42 +0100] "GET /wp-content/uploads/2024/02/Group-1261156732-1-1.jpg HTTP/1.1" 304 3407 "https://autenrieth.inglory.de/" "Serf/1.3.9 (mod_pagespeed/1.13.35.2-0)"
54.246.142.114 - - [12/Mar/2026:10:05:42 +0100] "GET /wp-content/plugins/elementor-pro/assets/lib/sticky/jquery.sticky.min.js?ver=3.21.2 HTTP/1.0" 200 5609 "https://autenrieth.inglory.de/" "Plesk screenshot bot https://support.plesk.com/hc/en-us/articles/10301006946066"
94.130.90.54 - - [12/Mar/2026:10:05:42 +0100] "GET /wp-content/uploads/2024/02/Group-1261156732-1-1-290x300.jpg HTTP/1.1" 304 3406 "https://autenrieth.inglory.de/" "Serf/1.3.9 (mod_pagespeed/1.13.35.2-0)"
54.246.142.114 - - [12/Mar/2026:10:05:42 +0100] "GET /wp-content/uploads/2024/02/hero-1.png HTTP/1.0" 200 752220 "https://autenrieth.inglory.de/wp-content/uploads/elementor/css/post-19.css?ver=1723465678" "Plesk screenshot bot https://support.plesk.com/hc/en-us/articles/10301006946066"
94.130.90.54 - - [12/Mar/2026:10:05:42 +0100] "GET /wp-content/uploads/2024/02/Frame-1261156736.png HTTP/1.1" 304 3405 "https://autenrieth.inglory.de/" "Serf/1.3.9 (mod_pagespeed/1.13.35.2-0)"
54.246.142.114 - - [12/Mar/2026:10:05:42 +0100] "GET /wp-includes/js/dist/i18n.min.js?ver=c26c3dc7bed366793375 HTTP/1.0" 200 6455 "https://autenrieth.inglory.de/" "Plesk screenshot bot https://support.plesk.com/hc/en-us/articles/10301006946066"
54.246.142.114 - - [12/Mar/2026:10:05:42 +0100] "GET /wp-content/plugins/elementor/assets/js/frontend-modules.min.js?ver=3.23.4 HTTP/1.0" 200 24027 "https://autenrieth.inglory.de/" "Plesk screenshot bot https://support.plesk.com/hc/en-us/articles/10301006946066"
54.246.142.114 - - [12/Mar/2026:10:05:42 +0100] "GET /wp-content/plugins/elementor-pro/assets/js/frontend.min.js?ver=3.21.2 HTTP/1.0" 200 10904 "https://autenrieth.inglory.de/" "Plesk screenshot bot https://support.plesk.com/hc/en-us/articles/10301006946066"
54.246.142.114 - - [12/Mar/2026:10:05:42 +0100] "GET /wp-includes/js/dist/hooks.min.js?ver=dd5603f07f9220ed27f1 HTTP/1.0" 200 6168 "https://autenrieth.inglory.de/" "Plesk screenshot bot https://support.plesk.com/hc/en-us/articles/10301006946066"
94.130.90.54 - - [12/Mar/2026:10:05:42 +0100] "GET /wp-content/uploads/2024/02/red-v3-1.png HTTP/1.1" 304 3407 "https://autenrieth.inglory.de/" "Serf/1.3.9 (mod_pagespeed/1.13.35.2-0)"
54.246.142.114 - - [12/Mar/2026:10:05:42 +0100] "GET /wp-content/plugins/elementor/assets/lib/waypoints/waypoints.min.js?ver=4.0.2 HTTP/1.0" 200 7222 "https://autenrieth.inglory.de/" "Plesk screenshot bot https://support.plesk.com/hc/en-us/articles/10301006946066"
54.246.142.114 - - [12/Mar/2026:10:05:42 +0100] "GET /wp-includes/js/jquery/ui/core.min.js?ver=1.13.3 HTTP/1.0" 200 11321 "https://autenrieth.inglory.de/" "Plesk screenshot bot https://support.plesk.com/hc/en-us/articles/10301006946066"
94.130.90.54 - - [12/Mar/2026:10:05:42 +0100] "GET /wp-content/uploads/2024/02/red-v3-1.png HTTP/1.1" 304 3407 "https://autenrieth.inglory.de/" "Serf/1.3.9 (mod_pagespeed/1.13.35.2-0)"
54.246.142.114 - - [12/Mar/2026:10:05:42 +0100] "GET /wp-content/plugins/elementor-pro/assets/js/elements-handlers.min.js?ver=3.21.2 HTTP/1.0" 200 13399 "https://autenrieth.inglory.de/" "Plesk screenshot bot https://support.plesk.com/hc/en-us/articles/10301006946066"
54.246.142.114 - - [12/Mar/2026:10:05:42 +0100] "GET /wp-content/uploads/2024/02/Logo-Vektor-SVG.svg HTTP/1.0" 200 8315 "https://autenrieth.inglory.de/" "Plesk screenshot bot https://support.plesk.com/hc/en-us/articles/10301006946066"
94.130.90.54 - - [12/Mar/2026:10:05:42 +0100] "GET /wp-content/uploads/2024/02/red-v3-1-86x300.png HTTP/1.1" 304 3406 "https://autenrieth.inglory.de/" "Serf/1.3.9 (mod_pagespeed/1.13.35.2-0)"
54.246.142.114 - - [12/Mar/2026:10:05:42 +0100] "GET /wp-content/uploads/2024/02/menu.svg HTTP/1.0" 200 4353 "https://autenrieth.inglory.de/" "Plesk screenshot bot https://support.plesk.com/hc/en-us/articles/10301006946066"
94.130.90.54 - - [12/Mar/2026:10:05:42 +0100] "GET /wp-content/uploads/2024/02/Frame-1261156713-1.png HTTP/1.1" 304 3406 "https://autenrieth.inglory.de/" "Serf/1.3.9 (mod_pagespeed/1.13.35.2-0)"
54.246.142.114 - - [12/Mar/2026:10:05:42 +0100] "GET /wp-content/uploads/2024/02/Group-1261156719.svg HTTP/1.0" 200 4756 "https://autenrieth.inglory.de/" "Plesk screenshot bot https://support.plesk.com/hc/en-us/articles/10301006946066"
54.246.142.114 - - [12/Mar/2026:10:05:42 +0100] "GET /wp-content/uploads/2024/02/Frame-1261156714-1.png HTTP/1.0" 200 50805 "https://autenrieth.inglory.de/" "Plesk screenshot bot https://support.plesk.com/hc/en-us/articles/10301006946066"
54.246.142.114 - - [12/Mar/2026:10:05:42 +0100] "GET /wp-content/uploads/2024/02/x-close.svg HTTP/1.0" 200 4236 "https://autenrieth.inglory.de/" "Plesk screenshot bot https://support.plesk.com/hc/en-us/articles/10301006946066"
54.246.142.114 - - [12/Mar/2026:10:05:42 +0100] "GET /wp-content/uploads/2024/02/Frame-1261156736.png HTTP/1.0" 200 5492 "https://autenrieth.inglory.de/" "Plesk screenshot bot https://support.plesk.com/hc/en-us/articles/10301006946066"
94.130.90.54 - - [12/Mar/2026:10:05:42 +0100] "GET /wp-content/uploads/2024/02/Frame-1261156713-1.png HTTP/1.1" 304 3406 "https://autenrieth.inglory.de/" "Serf/1.3.9 (mod_pagespeed/1.13.35.2-0)"
54.246.142.114 - - [12/Mar/2026:10:05:42 +0100] "GET /wp-content/plugins/elementor/assets/lib/eicons/fonts/eicons.woff2?5.30.0 HTTP/1.0" 200 101293 "https://autenrieth.inglory.de/wp-content/plugins/elementor/assets/lib/eicons/css/elementor-icons.min.css?ver=5.30.0" "Plesk screenshot bot https://support.plesk.com/hc/en-us/articles/10301006946066"
94.130.90.54 - - [12/Mar/2026:10:05:42 +0100] "GET /wp-content/uploads/2024/02/Frame-1261156713-1-82x300.png HTTP/1.1" 304 3406 "https://autenrieth.inglory.de/" "Serf/1.3.9 (mod_pagespeed/1.13.35.2-0)"
54.246.142.114 - - [12/Mar/2026:10:05:42 +0100] "GET /wp-content/uploads/2024/02/OBJECTS-1-1.png HTTP/1.0" 200 15764 "https://autenrieth.inglory.de/wp-content/uploads/elementor/css/post-19.css?ver=1723465678" "Plesk screenshot bot https://support.plesk.com/hc/en-us/articles/10301006946066"
94.130.90.54 - - [12/Mar/2026:10:05:42 +0100] "GET /wp-content/uploads/2024/02/Layer-2-1-1.png HTTP/1.1" 304 3406 "https://autenrieth.inglory.de/" "Serf/1.3.9 (mod_pagespeed/1.13.35.2-0)"
94.130.90.54 - - [12/Mar/2026:10:05:42 +0100] "GET /wp-content/uploads/2024/02/Layer-2-1-1.png HTTP/1.1" 304 3406 "https://autenrieth.inglory.de/" "Serf/1.3.9 (mod_pagespeed/1.13.35.2-0)"
94.130.90.54 - - [12/Mar/2026:10:05:42 +0100] "GET /wp-content/uploads/2024/02/Layer-2-1-1-72x300.png HTTP/1.1" 304 3406 "https://autenrieth.inglory.de/" "Serf/1.3.9 (mod_pagespeed/1.13.35.2-0)"
94.130.90.54 - - [12/Mar/2026:10:05:42 +0100] "GET /wp-content/uploads/2024/02/Frame-1261156714-1.png HTTP/1.1" 304 3406 "https://autenrieth.inglory.de/" "Serf/1.3.9 (mod_pagespeed/1.13.35.2-0)"
94.130.90.54 - - [12/Mar/2026:10:05:42 +0100] "GET /wp-content/uploads/2024/02/Frame-1261156714-1.png HTTP/1.1" 304 3406 "https://autenrieth.inglory.de/" "Serf/1.3.9 (mod_pagespeed/1.13.35.2-0)"
94.130.90.54 - - [12/Mar/2026:10:05:42 +0100] "GET /wp-content/uploads/2024/02/Frame-1261156714-1-87x300.png HTTP/1.1" 304 3406 "https://autenrieth.inglory.de/" "Serf/1.3.9 (mod_pagespeed/1.13.35.2-0)"
94.130.90.54 - - [12/Mar/2026:10:05:42 +0100] "GET /wp-content/plugins/borlabs-cookie/assets/javascript/borlabs-cookie.min.js?ver=3.0.1 HTTP/1.1" 304 3405 "https://autenrieth.inglory.de/" "Serf/1.3.9 (mod_pagespeed/1.13.35.2-0)"
94.130.90.54 - - [12/Mar/2026:10:05:42 +0100] "GET /wp-content/uploads/elementor/css/custom-pro-widget-nav-menu.min.css?ver=1723465678 HTTP/1.1" 304 3406 "https://autenrieth.inglory.de/" "Serf/1.3.9 (mod_pagespeed/1.13.35.2-0)"
94.130.90.54 - - [12/Mar/2026:10:05:42 +0100] "GET /wp-content/plugins/elementor-pro/assets/css/widget-carousel.min.css HTTP/1.1" 304 3406 "https://autenrieth.inglory.de/" "Serf/1.3.9 (mod_pagespeed/1.13.35.2-0)"
94.130.90.54 - - [12/Mar/2026:10:05:42 +0100] "GET /wp-content/uploads/elementor/css/custom-widget-icon-list.min.css?ver=1723465678 HTTP/1.1" 304 3406 "https://autenrieth.inglory.de/" "Serf/1.3.9 (mod_pagespeed/1.13.35.2-0)"
94.130.90.54 - - [12/Mar/2026:10:05:42 +0100] "GET /wp-content/cache/borlabs-cookie/1/borlabs-cookie-config-de.json.js?ver=3.0.1-428 HTTP/1.1" 304 3406 "https://autenrieth.inglory.de/" "Serf/1.3.9 (mod_pagespeed/1.13.35.2-0)"
94.130.90.54 - - [12/Mar/2026:10:05:42 +0100] "GET /wp-includes/js/jquery/jquery.min.js?ver=3.7.1 HTTP/1.1" 304 3407 "https://autenrieth.inglory.de/" "Serf/1.3.9 (mod_pagespeed/1.13.35.2-0)"
54.246.142.114 - - [12/Mar/2026:10:05:42 +0100] "GET /wp-content/uploads/2024/02/Layer-3-3.png HTTP/1.0" 200 27107 "https://autenrieth.inglory.de/" "Plesk screenshot bot https://support.plesk.com/hc/en-us/articles/10301006946066"
54.246.142.114 - - [12/Mar/2026:10:05:42 +0100] "GET /wp-content/uploads/2024/02/OBJECTS-1.png HTTP/1.0" 200 62644 "https://autenrieth.inglory.de/" "Plesk screenshot bot https://support.plesk.com/hc/en-us/articles/10301006946066"
54.246.142.114 - - [12/Mar/2026:10:05:42 +0100] "GET /wp-content/uploads/2024/02/Group-1261156720-1.svg HTTP/1.0" 200 4672 "https://autenrieth.inglory.de/" "Plesk screenshot bot https://support.plesk.com/hc/en-us/articles/10301006946066"
54.246.142.114 - - [12/Mar/2026:10:05:42 +0100] "GET /wp-content/uploads/2024/02/Layer-2-1.png HTTP/1.0" 200 38495 "https://autenrieth.inglory.de/" "Plesk screenshot bot https://support.plesk.com/hc/en-us/articles/10301006946066"
94.130.90.54 - - [12/Mar/2026:10:05:42 +0100] "GET /wp-includes/js/jquery/jquery-migrate.min.js?ver=3.4.1 HTTP/1.1" 304 3406 "https://autenrieth.inglory.de/" "Serf/1.3.9 (mod_pagespeed/1.13.35.2-0)"
94.130.90.54 - - [12/Mar/2026:10:05:42 +0100] "GET /wp-content/plugins/loftloader-pro/assets/js/jquery.waitformedias.min.js?ver=2022112801 HTTP/1.1" 304 3406 "https://autenrieth.inglory.de/" "Serf/1.3.9 (mod_pagespeed/1.13.35.2-0)"
94.130.90.54 - - [12/Mar/2026:10:05:42 +0100] "GET /wp-content/plugins/loftloader-pro/assets/js/loftloader.js?ver=2022112801 HTTP/1.1" 304 3406 "https://autenrieth.inglory.de/" "Serf/1.3.9 (mod_pagespeed/1.13.35.2-0)"
94.130.90.54 - - [12/Mar/2026:10:05:42 +0100] "GET /wp-content/plugins/elementor/assets/js/frontend.min.js?ver=3.23.4 HTTP/1.1" 304 3406 "https://autenrieth.inglory.de/" "Serf/1.3.9 (mod_pagespeed/1.13.35.2-0)"
54.246.142.114 - - [12/Mar/2026:10:05:42 +0100] "GET /wp-content/uploads/2024/02/OBJECTS-1-1.svg HTTP/1.0" 200 78500 "https://autenrieth.inglory.de/" "Plesk screenshot bot https://support.plesk.com/hc/en-us/articles/10301006946066"
94.130.90.54 - - [12/Mar/2026:10:05:42 +0100] "GET /wp-content/plugins/elementor-pro/assets/js/elements-handlers.min.js?ver=3.21.2 HTTP/1.1" 304 3406 "https://autenrieth.inglory.de/" "Serf/1.3.9 (mod_pagespeed/1.13.35.2-0)"
54.246.142.114 - - [12/Mar/2026:10:05:42 +0100] "GET /wp-content/uploads/2024/02/OBJECTS.svg HTTP/1.0" 200 120242 "https://autenrieth.inglory.de/" "Plesk screenshot bot https://support.plesk.com/hc/en-us/articles/10301006946066"
94.130.90.54 - - [12/Mar/2026:10:05:42 +0100] "GET /wp-content/plugins/elementor-pro/assets/lib/sticky/jquery.sticky.min.js?ver=3.21.2 HTTP/1.1" 304 3405 "https://autenrieth.inglory.de/" "Serf/1.3.9 (mod_pagespeed/1.13.35.2-0)"
94.130.90.54 - - [12/Mar/2026:10:05:42 +0100] "GET /wp-content/uploads/elementor/css/post-19.css?ver=1723465678 HTTP/1.1" 304 3407 "https://autenrieth.inglory.de/" "Serf/1.3.9 (mod_pagespeed/1.13.35.2-0)"
94.130.90.54 - - [12/Mar/2026:10:05:42 +0100] "GET /wp-content/uploads/elementor/css/post-281.css?ver=1723465678 HTTP/1.1" 304 3406 "https://autenrieth.inglory.de/" "Serf/1.3.9 (mod_pagespeed/1.13.35.2-0)"
94.130.90.54 - - [12/Mar/2026:10:05:42 +0100] "GET /wp-content/plugins/mystickyelements-pro/css/mystickyelements-front.min.css?ver=2.0.7 HTTP/1.1" 304 3407 "https://autenrieth.inglory.de/" "Serf/1.3.9 (mod_pagespeed/1.13.35.2-0)"
94.130.90.54 - - [12/Mar/2026:10:05:42 +0100] "GET /wp-content/plugins/mystickyelements-pro/intl-tel-input-src/build/css/intlTelInput.css?ver=2.0.7 HTTP/1.1" 304 3406 "https://autenrieth.inglory.de/" "Serf/1.3.9 (mod_pagespeed/1.13.35.2-0)"
94.130.90.54 - - [12/Mar/2026:10:05:42 +0100] "GET /wp-content/uploads/elementor/css/post-162.css?ver=1723465679 HTTP/1.1" 304 3406 "https://autenrieth.inglory.de/" "Serf/1.3.9 (mod_pagespeed/1.13.35.2-0)"
94.130.90.54 - - [12/Mar/2026:10:05:42 +0100] "GET /wp-content/uploads/elementor/css/post-679.css?ver=1723465679 HTTP/1.1" 304 3406 "https://autenrieth.inglory.de/" "Serf/1.3.9 (mod_pagespeed/1.13.35.2-0)"
94.130.90.54 - - [12/Mar/2026:10:05:42 +0100] "GET /wp-content/uploads/elementor/css/post-688.css?ver=1723465679 HTTP/1.1" 304 3406 "https://autenrieth.inglory.de/" "Serf/1.3.9 (mod_pagespeed/1.13.35.2-0)"
94.130.90.54 - - [12/Mar/2026:10:05:42 +0100] "GET /wp-content/uploads/elementor/css/post-696.css?ver=1723465679 HTTP/1.1" 304 3406 "https://autenrieth.inglory.de/" "Serf/1.3.9 (mod_pagespeed/1.13.35.2-0)"
94.130.90.54 - - [12/Mar/2026:10:05:42 +0100] "GET /wp-content/uploads/2024/02/Logo-Vektor-SVG.svg HTTP/1.1" 200 12612 "https://autenrieth.inglory.de/" "Serf/1.3.9 (mod_pagespeed/1.13.35.2-0)"
94.130.90.54 - - [12/Mar/2026:10:05:42 +0100] "GET /wp-content/uploads/2024/02/Logo-Vektor-SVG.svg HTTP/1.1" 200 12612 "https://autenrieth.inglory.de/" "Serf/1.3.9 (mod_pagespeed/1.13.35.2-0)"
94.130.90.54 - - [12/Mar/2026:10:05:42 +0100] "GET /wp-content/uploads/2024/02/menu.svg HTTP/1.1" 200 4163 "https://autenrieth.inglory.de/" "Serf/1.3.9 (mod_pagespeed/1.13.35.2-0)"
94.130.90.54 - - [12/Mar/2026:10:05:42 +0100] "GET /wp-content/uploads/2024/02/Group-1261156719.svg HTTP/1.1" 200 4952 "https://autenrieth.inglory.de/" "Serf/1.3.9 (mod_pagespeed/1.13.35.2-0)"
94.130.90.54 - - [12/Mar/2026:10:05:42 +0100] "GET /wp-content/uploads/2024/02/OBJECTS.svg HTTP/1.1" 200 318880 "https://autenrieth.inglory.de/" "Serf/1.3.9 (mod_pagespeed/1.13.35.2-0)"
54.246.142.114 - - [12/Mar/2026:10:05:42 +0100] "GET /wp-content/uploads/2024/02/Group-1261156723-2-1.png HTTP/1.0" 200 95891 "https://autenrieth.inglory.de/wp-content/uploads/elementor/css/post-19.css?ver=1723465678" "Plesk screenshot bot https://support.plesk.com/hc/en-us/articles/10301006946066"
54.246.142.114 - - [12/Mar/2026:10:05:42 +0100] "GET /wp-content/uploads/2024/02/OBJECTS-5.svg HTTP/1.0" 200 72568 "https://autenrieth.inglory.de/wp-content/uploads/elementor/css/post-19.css?ver=1723465678" "Plesk screenshot bot https://support.plesk.com/hc/en-us/articles/10301006946066"
54.246.142.114 - - [12/Mar/2026:10:05:42 +0100] "GET /wp-content/uploads/2024/02/Group-1261156725-3-1.png HTTP/1.0" 200 119723 "https://autenrieth.inglory.de/wp-content/uploads/elementor/css/post-19.css?ver=1723465678" "Plesk screenshot bot https://support.plesk.com/hc/en-us/articles/10301006946066"
54.246.142.114 - - [12/Mar/2026:10:05:42 +0100] "GET /wp-content/uploads/2024/02/Pattern.svg HTTP/1.0" 200 9848 "https://autenrieth.inglory.de/wp-content/uploads/elementor/css/post-281.css?ver=1723465678" "Plesk screenshot bot https://support.plesk.com/hc/en-us/articles/10301006946066"
94.130.90.54 - - [12/Mar/2026:10:05:42 +0100] "GET /wp-content/uploads/2024/02/Group-1261156720-1.svg HTTP/1.1" 200 4849 "https://autenrieth.inglory.de/" "Serf/1.3.9 (mod_pagespeed/1.13.35.2-0)"
54.246.142.114 - - [12/Mar/2026:10:05:42 +0100] "GET /wp-content/uploads/2024/02/Rectangle-16.png HTTP/1.0" 200 4146 "https://autenrieth.inglory.de/wp-content/uploads/elementor/css/post-19.css?ver=1723465678" "Plesk screenshot bot https://support.plesk.com/hc/en-us/articles/10301006946066"
94.130.90.54 - - [12/Mar/2026:10:05:42 +0100] "GET /wp-content/uploads/2024/02/OBJECTS-2-2.svg HTTP/1.1" 200 137996 "https://autenrieth.inglory.de/" "Serf/1.3.9 (mod_pagespeed/1.13.35.2-0)"
94.130.90.54 - - [12/Mar/2026:10:05:42 +0100] "GET /wp-content/uploads/2024/02/OBJECTS-1-1.svg HTTP/1.1" 200 181699 "https://autenrieth.inglory.de/" "Serf/1.3.9 (mod_pagespeed/1.13.35.2-0)"
54.246.142.114 - - [12/Mar/2026:10:05:42 +0100] "GET /wp-content/uploads/2024/02/Group-1261156726-3-1.png HTTP/1.0" 200 102986 "https://autenrieth.inglory.de/wp-content/uploads/elementor/css/post-19.css?ver=1723465678" "Plesk screenshot bot https://support.plesk.com/hc/en-us/articles/10301006946066"
54.246.142.114 - - [12/Mar/2026:10:05:42 +0100] "GET /wp-content/plugins/elementor/assets/lib/font-awesome/webfonts/fa-solid-900.woff2 HTTP/1.0" 200 82335 "https://autenrieth.inglory.de/wp-content/plugins/elementor/assets/lib/font-awesome/css/solid.min.css?ver=5.15.3" "Plesk screenshot bot https://support.plesk.com/hc/en-us/articles/10301006946066"
54.246.142.114 - - [12/Mar/2026:10:05:42 +0100] "GET /wp-content/plugins/elementor/assets/lib/font-awesome/webfonts/fa-brands-400.woff2 HTTP/1.0" 200 85751 "https://autenrieth.inglory.de/wp-content/plugins/elementor/assets/lib/font-awesome/css/brands.min.css?ver=5.15.3" "Plesk screenshot bot https://support.plesk.com/hc/en-us/articles/10301006946066"
54.246.142.114 - - [12/Mar/2026:10:05:42 +0100] "GET /wp-content/uploads/2024/02/CTA-1-scaled.jpg HTTP/1.0" 200 120756 "https://autenrieth.inglory.de/wp-content/uploads/elementor/css/post-19.css?ver=1723465678" "Plesk screenshot bot https://support.plesk.com/hc/en-us/articles/10301006946066"
54.246.142.114 - - [12/Mar/2026:10:05:42 +0100] "GET /wp-content/uploads/2024/02/OBJECTS-6.svg HTTP/1.0" 200 101519 "https://autenrieth.inglory.de/wp-content/uploads/elementor/css/post-19.css?ver=1723465678" "Plesk screenshot bot https://support.plesk.com/hc/en-us/articles/10301006946066"
94.130.90.54 - - [12/Mar/2026:10:05:42 +0100] "GET /wp-content/uploads/2024/02/Group-1261156721.svg HTTP/1.1" 200 5975 "https://autenrieth.inglory.de/" "Serf/1.3.9 (mod_pagespeed/1.13.35.2-0)"
94.130.90.54 - - [12/Mar/2026:10:05:42 +0100] "GET /wp-content/uploads/2024/02/Group-1261156722.svg HTTP/1.1" 200 6152 "https://autenrieth.inglory.de/" "Serf/1.3.9 (mod_pagespeed/1.13.35.2-0)"
94.130.90.54 - - [12/Mar/2026:10:05:42 +0100] "GET /wp-content/uploads/2024/02/OBJECTS-4-1.svg HTTP/1.1" 200 222647 "https://autenrieth.inglory.de/" "Serf/1.3.9 (mod_pagespeed/1.13.35.2-0)"
94.130.90.54 - - [12/Mar/2026:10:05:42 +0100] "GET /wp-content/uploads/2024/02/OBJECTS-3-2.svg HTTP/1.1" 200 187348 "https://autenrieth.inglory.de/" "Serf/1.3.9 (mod_pagespeed/1.13.35.2-0)"
94.130.90.54 - - [12/Mar/2026:10:05:42 +0100] "GET /wp-content/uploads/2024/02/OBJECTS-3-1.svg HTTP/1.1" 200 191724 "https://autenrieth.inglory.de/" "Serf/1.3.9 (mod_pagespeed/1.13.35.2-0)"
94.130.90.54 - - [12/Mar/2026:10:05:42 +0100] "GET /wp-content/uploads/2024/02/OBJECTS-2-1.svg HTTP/1.1" 200 191677 "https://autenrieth.inglory.de/" "Serf/1.3.9 (mod_pagespeed/1.13.35.2-0)"
94.130.90.54 - - [12/Mar/2026:10:05:42 +0100] "GET /wp-content/uploads/2024/02/x-close.svg HTTP/1.1" 200 3738 "https://autenrieth.inglory.de/" "Serf/1.3.9 (mod_pagespeed/1.13.35.2-0)"
94.130.90.54 - - [12/Mar/2026:10:05:42 +0100] "GET /wp-content/plugins/elementor-pro/assets/js/webpack-pro.runtime.min.js?ver=3.21.2 HTTP/1.1" 304 3406 "https://autenrieth.inglory.de/" "Serf/1.3.9 (mod_pagespeed/1.13.35.2-0)"
54.246.142.114 - - [12/Mar/2026:10:05:42 +0100] "GET /wp-content/uploads/2024/02/OBJECTS-7.svg HTTP/1.0" 200 197708 "https://autenrieth.inglory.de/wp-content/uploads/elementor/css/post-19.css?ver=1723465678" "Plesk screenshot bot https://support.plesk.com/hc/en-us/articles/10301006946066"
94.130.90.54 - - [12/Mar/2026:10:05:42 +0100] "GET /wp-content/plugins/elementor/assets/js/webpack.runtime.min.js?ver=3.23.4 HTTP/1.1" 304 3406 "https://autenrieth.inglory.de/" "Serf/1.3.9 (mod_pagespeed/1.13.35.2-0)"
94.130.90.54 - - [12/Mar/2026:10:05:42 +0100] "GET /wp-content/uploads/2024/02/Group-1261156723-1.png HTTP/1.1" 304 3407 "https://autenrieth.inglory.de/" "Serf/1.3.9 (mod_pagespeed/1.13.35.2-0)"
94.130.90.54 - - [12/Mar/2026:10:05:42 +0100] "GET /wp-content/uploads/2024/02/Group-1261156725-1-1.png HTTP/1.1" 304 3407 "https://autenrieth.inglory.de/" "Serf/1.3.9 (mod_pagespeed/1.13.35.2-0)"
94.130.90.54 - - [12/Mar/2026:10:05:42 +0100] "GET /wp-content/uploads/2024/02/Group-1261156726-2-1.png HTTP/1.1" 304 3407 "https://autenrieth.inglory.de/" "Serf/1.3.9 (mod_pagespeed/1.13.35.2-0)"
94.130.90.54 - - [12/Mar/2026:10:05:42 +0100] "GET /wp-content/uploads/2024/02/black-1-1.png HTTP/1.1" 304 3407 "https://autenrieth.inglory.de/" "Serf/1.3.9 (mod_pagespeed/1.13.35.2-0)"
94.130.90.54 - - [12/Mar/2026:10:05:42 +0100] "GET /wp-content/uploads/2024/02/CTA-1-scaled.jpg HTTP/1.1" 304 3407 "https://autenrieth.inglory.de/" "Serf/1.3.9 (mod_pagespeed/1.13.35.2-0)"
94.130.90.54 - - [12/Mar/2026:10:05:42 +0100] "GET /wp-content/uploads/2024/02/Group-1261156723-2-1.png HTTP/1.1" 304 3407 "https://autenrieth.inglory.de/" "Serf/1.3.9 (mod_pagespeed/1.13.35.2-0)"
94.130.90.54 - - [12/Mar/2026:10:05:42 +0100] "GET /wp-content/uploads/2024/02/Group-1261156725-3-1.png HTTP/1.1" 304 3407 "https://autenrieth.inglory.de/" "Serf/1.3.9 (mod_pagespeed/1.13.35.2-0)"
94.130.90.54 - - [12/Mar/2026:10:05:42 +0100] "GET /wp-content/uploads/2024/02/Group-1261156726-3-1.png HTTP/1.1" 304 3407 "https://autenrieth.inglory.de/" "Serf/1.3.9 (mod_pagespeed/1.13.35.2-0)"
94.130.90.54 - - [12/Mar/2026:10:05:42 +0100] "GET /wp-content/uploads/2024/02/Rectangle-16.png HTTP/1.1" 304 3404 "https://autenrieth.inglory.de/" "Serf/1.3.9 (mod_pagespeed/1.13.35.2-0)"
94.130.90.54 - - [12/Mar/2026:10:05:42 +0100] "GET /wp-content/uploads/2024/02/OBJECTS-5.svg HTTP/1.1" 200 182722 "https://autenrieth.inglory.de/" "Serf/1.3.9 (mod_pagespeed/1.13.35.2-0)"
94.130.90.54 - - [12/Mar/2026:10:05:42 +0100] "GET /wp-content/uploads/2024/02/OBJECTS-6.svg HTTP/1.1" 200 264474 "https://autenrieth.inglory.de/" "Serf/1.3.9 (mod_pagespeed/1.13.35.2-0)"
94.130.90.54 - - [12/Mar/2026:10:05:42 +0100] "GET /wp-content/uploads/2024/02/OBJECTS-7.svg HTTP/1.1" 200 492930 "https://autenrieth.inglory.de/" "Serf/1.3.9 (mod_pagespeed/1.13.35.2-0)"
94.130.90.54 - - [12/Mar/2026:10:05:42 +0100] "GET /wp-content/plugins/mystickyelements-pro/intl-tel-input-src/build/img/flags.png HTTP/1.1" 304 3407 "https://autenrieth.inglory.de/" "Serf/1.3.9 (mod_pagespeed/1.13.35.2-0)"
94.130.90.54 - - [12/Mar/2026:10:05:42 +0100] "GET /wp-content/plugins/mystickyelements-pro/intl-tel-input-src/build/img/flags@2x.png HTTP/1.1" 304 3407 "https://autenrieth.inglory.de/" "Serf/1.3.9 (mod_pagespeed/1.13.35.2-0)"
94.130.90.54 - - [12/Mar/2026:10:05:42 +0100] "GET /wp-content/uploads/2024/02/Frame-1261156742-1.png HTTP/1.1" 304 3407 "https://autenrieth.inglory.de/" "Serf/1.3.9 (mod_pagespeed/1.13.35.2-0)"
94.130.90.54 - - [12/Mar/2026:10:05:42 +0100] "GET /wp-content/uploads/2024/02/Pattern.svg HTTP/1.1" 200 21842 "https://autenrieth.inglory.de/" "Serf/1.3.9 (mod_pagespeed/1.13.35.2-0)"
94.130.90.54 - - [12/Mar/2026:10:05:42 +0100] "GET /wp-content/uploads/2024/02/Silver-4-1.png HTTP/1.1" 304 3406 "https://autenrieth.inglory.de/" "Serf/1.3.9 (mod_pagespeed/1.13.35.2-0)"
94.130.90.54 - - [12/Mar/2026:10:05:42 +0100] "GET /wp-content/uploads/2024/02/Gold-1-1.png HTTP/1.1" 304 3406 "https://autenrieth.inglory.de/" "Serf/1.3.9 (mod_pagespeed/1.13.35.2-0)"
94.130.90.54 - - [12/Mar/2026:10:05:42 +0100] "GET /wp-content/uploads/2024/02/BLACK-1.png HTTP/1.1" 304 3406 "https://autenrieth.inglory.de/" "Serf/1.3.9 (mod_pagespeed/1.13.35.2-0)"
54.246.142.114 - - [12/Mar/2026:10:05:43 +0100] "GET /wp-content/uploads/2024/02/Layer-3-5.png HTTP/1.0" 200 29729 "https://autenrieth.inglory.de/" "Plesk screenshot bot https://support.plesk.com/hc/en-us/articles/10301006946066"
54.246.142.114 - - [12/Mar/2026:10:05:43 +0100] "GET /wp-content/uploads/2024/02/red-v3-1-1-2.png HTTP/1.0" 200 15132 "https://autenrieth.inglory.de/" "Plesk screenshot bot https://support.plesk.com/hc/en-us/articles/10301006946066"
54.246.142.114 - - [12/Mar/2026:10:05:43 +0100] "GET /wp-content/uploads/2024/02/Traditional-Line-1.png HTTP/1.0" 200 64257 "https://autenrieth.inglory.de/" "Plesk screenshot bot https://support.plesk.com/hc/en-us/articles/10301006946066"
54.246.142.114 - - [12/Mar/2026:10:05:43 +0100] "GET /wp-content/uploads/2024/02/Group-1261156721.svg HTTP/1.0" 200 5167 "https://autenrieth.inglory.de/" "Plesk screenshot bot https://support.plesk.com/hc/en-us/articles/10301006946066"
54.246.142.114 - - [12/Mar/2026:10:05:43 +0100] "GET /wp-content/uploads/2024/02/silver-1.jpg HTTP/1.0" 200 18605 "https://autenrieth.inglory.de/" "Plesk screenshot bot https://support.plesk.com/hc/en-us/articles/10301006946066"
54.246.142.114 - - [12/Mar/2026:10:05:43 +0100] "GET /wp-content/uploads/2024/02/gold-1.png HTTP/1.0" 200 58722 "https://autenrieth.inglory.de/" "Plesk screenshot bot https://support.plesk.com/hc/en-us/articles/10301006946066"
54.246.142.114 - - [12/Mar/2026:10:05:43 +0100] "GET /wp-content/uploads/2024/02/Group-1261156729-1.png HTTP/1.0" 200 81249 "https://autenrieth.inglory.de/" "Plesk screenshot bot https://support.plesk.com/hc/en-us/articles/10301006946066"
54.246.142.114 - - [12/Mar/2026:10:05:43 +0100] "GET /wp-content/uploads/2024/02/OBJECTS-2-2.svg HTTP/1.0" 200 59532 "https://autenrieth.inglory.de/" "Plesk screenshot bot https://support.plesk.com/hc/en-us/articles/10301006946066"
54.246.142.114 - - [12/Mar/2026:10:05:43 +0100] "GET /wp-content/uploads/2024/02/Frame-1261156729-2-1.jpg HTTP/1.0" 200 131324 "https://autenrieth.inglory.de/" "Plesk screenshot bot https://support.plesk.com/hc/en-us/articles/10301006946066"
54.246.142.114 - - [12/Mar/2026:10:05:43 +0100] "GET /wp-content/uploads/2024/04/Group-1261156712-1.png HTTP/1.0" 200 14780 "https://autenrieth.inglory.de/" "Plesk screenshot bot https://support.plesk.com/hc/en-us/articles/10301006946066"
54.246.142.114 - - [12/Mar/2026:10:05:43 +0100] "GET /wp-content/uploads/2024/02/Group-1261156732-1-1.jpg HTTP/1.0" 200 78552 "https://autenrieth.inglory.de/" "Plesk screenshot bot https://support.plesk.com/hc/en-us/articles/10301006946066"
54.246.142.114 - - [12/Mar/2026:10:05:43 +0100] "GET /wp-content/uploads/2024/02/OBJECTS-4-1.svg HTTP/1.0" 200 92603 "https://autenrieth.inglory.de/" "Plesk screenshot bot https://support.plesk.com/hc/en-us/articles/10301006946066"
54.246.142.114 - - [12/Mar/2026:10:05:43 +0100] "GET /wp-content/uploads/2024/02/Group-1261156722.svg HTTP/1.0" 200 5230 "https://autenrieth.inglory.de/" "Plesk screenshot bot https://support.plesk.com/hc/en-us/articles/10301006946066"
54.246.142.114 - - [12/Mar/2026:10:05:43 +0100] "GET /wp-content/uploads/2024/02/Frame-1261156742-1.png HTTP/1.0" 200 140382 "https://autenrieth.inglory.de/" "Plesk screenshot bot https://support.plesk.com/hc/en-us/articles/10301006946066"
54.246.142.114 - - [12/Mar/2026:10:05:43 +0100] "GET /wp-content/uploads/2024/02/OBJECTS-3-2.svg HTTP/1.0" 200 81057 "https://autenrieth.inglory.de/" "Plesk screenshot bot https://support.plesk.com/hc/en-us/articles/10301006946066"
54.246.142.114 - - [12/Mar/2026:10:05:43 +0100] "GET /wp-content/uploads/2024/02/Silver-4-1.png HTTP/1.0" 200 11686 "https://autenrieth.inglory.de/" "Plesk screenshot bot https://support.plesk.com/hc/en-us/articles/10301006946066"
54.246.142.114 - - [12/Mar/2026:10:05:43 +0100] "GET /wp-content/uploads/2024/02/Gold-1-1.png HTTP/1.0" 200 10953 "https://autenrieth.inglory.de/" "Plesk screenshot bot https://support.plesk.com/hc/en-us/articles/10301006946066"
54.246.142.114 - - [12/Mar/2026:10:05:43 +0100] "GET /wp-content/uploads/2024/02/BLACK-1.png HTTP/1.0" 200 16535 "https://autenrieth.inglory.de/" "Plesk screenshot bot https://support.plesk.com/hc/en-us/articles/10301006946066"
54.246.142.114 - - [12/Mar/2026:10:05:43 +0100] "GET /wp-content/plugins/borlabs-cookie/assets/javascript/observer.472990d3.min.js HTTP/1.0" 200 7792 "https://autenrieth.inglory.de/wp-content/plugins/borlabs-cookie/assets/javascript/borlabs-cookie.min.js?ver=3.0.1" "Plesk screenshot bot https://support.plesk.com/hc/en-us/articles/10301006946066"
54.246.142.114 - - [12/Mar/2026:10:05:43 +0100] "GET /wp-content/plugins/borlabs-cookie/assets/javascript/init.d0a8a83e.min.js HTTP/1.0" 200 14853 "https://autenrieth.inglory.de/wp-content/plugins/borlabs-cookie/assets/javascript/borlabs-cookie.min.js?ver=3.0.1" "Plesk screenshot bot https://support.plesk.com/hc/en-us/articles/10301006946066"
54.246.142.114 - - [12/Mar/2026:10:05:43 +0100] "GET /wp-content/plugins/borlabs-cookie/assets/javascript/vue.a50c3feb.min.js HTTP/1.0" 200 30726 "https://autenrieth.inglory.de/wp-content/plugins/borlabs-cookie/assets/javascript/borlabs-cookie.min.js?ver=3.0.1" "Plesk screenshot bot https://support.plesk.com/hc/en-us/articles/10301006946066"
54.246.142.114 - - [12/Mar/2026:10:05:43 +0100] "GET /wp-content/plugins/borlabs-cookie/assets/javascript/borlabs-widget.87b9a45d.min.js HTTP/1.0" 200 4660 "-" "Plesk screenshot bot https://support.plesk.com/hc/en-us/articles/10301006946066"
54.246.142.114 - - [12/Mar/2026:10:05:43 +0100] "GET /wp-content/plugins/elementor/assets/lib/dialog/dialog.min.js?ver=4.9.0 HTTP/1.0" 200 7600 "https://autenrieth.inglory.de/" "Plesk screenshot bot https://support.plesk.com/hc/en-us/articles/10301006946066"
54.246.142.114 - - [12/Mar/2026:10:05:43 +0100] "GET /wp-content/uploads/2024/02/Logo-Vektor-SVG.svg HTTP/1.0" 200 8287 "https://autenrieth.inglory.de/" "Plesk screenshot bot https://support.plesk.com/hc/en-us/articles/10301006946066"
54.246.142.114 - - [12/Mar/2026:10:05:43 +0100] "GET /wp-content/uploads/2024/02/menu.svg HTTP/1.0" 200 4325 "https://autenrieth.inglory.de/" "Plesk screenshot bot https://support.plesk.com/hc/en-us/articles/10301006946066"
54.246.142.114 - - [12/Mar/2026:10:05:43 +0100] "GET /wp-content/uploads/elementor/css/custom-pro-widget-nav-menu.min.css?ver=1723465678 HTTP/1.0" 200 7498 "https://autenrieth.inglory.de/" "Plesk screenshot bot https://support.plesk.com/hc/en-us/articles/10301006946066"
54.246.142.114 - - [12/Mar/2026:10:05:43 +0100] "GET /wp-content/plugins/elementor-pro/assets/js/nav-menu.d43af66e5000fd109c04.bundle.min.js HTTP/1.0" 200 5752 "https://autenrieth.inglory.de/" "Plesk screenshot bot https://support.plesk.com/hc/en-us/articles/10301006946066"
54.246.142.114 - - [12/Mar/2026:10:05:43 +0100] "GET /wp-content/plugins/elementor/assets/js/text-editor.2c35aafbe5bf0e127950.bundle.min.js HTTP/1.0" 200 4732 "https://autenrieth.inglory.de/" "Plesk screenshot bot https://support.plesk.com/hc/en-us/articles/10301006946066"
54.246.142.114 - - [12/Mar/2026:10:05:43 +0100] "GET /wp-content/plugins/elementor-pro/assets/js/carousel.9b02b45d7826c1c48f33.bundle.min.js HTTP/1.0" 200 5764 "https://autenrieth.inglory.de/" "Plesk screenshot bot https://support.plesk.com/hc/en-us/articles/10301006946066"
54.246.142.114 - - [12/Mar/2026:10:05:43 +0100] "GET /wp-content/uploads/2024/04/Frame-1261156715-1-1.jpg HTTP/1.0" 200 94321 "https://autenrieth.inglory.de/" "Plesk screenshot bot https://support.plesk.com/hc/en-us/articles/10301006946066"
54.246.142.114 - - [12/Mar/2026:10:05:43 +0100] "GET /wp-content/uploads/2024/04/Frame-1261156715-3.jpg HTTP/1.0" 200 50418 "https://autenrieth.inglory.de/" "Plesk screenshot bot https://support.plesk.com/hc/en-us/articles/10301006946066"
54.246.142.114 - - [12/Mar/2026:10:05:43 +0100] "GET /wp-content/uploads/2024/04/Frame-1261156715-2-1.jpg HTTP/1.0" 200 264500 "https://autenrieth.inglory.de/" "Plesk screenshot bot https://support.plesk.com/hc/en-us/articles/10301006946066"
54.246.142.114 - - [12/Mar/2026:10:05:43 +0100] "GET /wp-content/plugins/elementor/assets/lib/swiper/swiper.min.js?ver=5.3.6 HTTP/1.0" 200 39693 "https://autenrieth.inglory.de/" "Plesk screenshot bot https://support.plesk.com/hc/en-us/articles/10301006946066"
54.246.142.114 - - [12/Mar/2026:10:05:43 +0100] "GET /wp-content/uploads/2024/04/1-1.jpg HTTP/1.0" 200 112720 "https://autenrieth.inglory.de/" "Plesk screenshot bot https://support.plesk.com/hc/en-us/articles/10301006946066"
54.246.142.114 - - [12/Mar/2026:10:05:43 +0100] "GET /wp-content/uploads/2024/04/2-1.jpg HTTP/1.0" 200 96083 "https://autenrieth.inglory.de/" "Plesk screenshot bot https://support.plesk.com/hc/en-us/articles/10301006946066"
54.246.142.114 - - [12/Mar/2026:10:05:43 +0100] "GET /wp-content/uploads/2024/04/3-2.jpg HTTP/1.0" 200 147789 "https://autenrieth.inglory.de/" "Plesk screenshot bot https://support.plesk.com/hc/en-us/articles/10301006946066"
54.246.142.114 - - [12/Mar/2026:10:05:43 +0100] "POST /wp-json/borlabs-cookie/v1/consent/statistic HTTP/1.0" 200 4530 "https://autenrieth.inglory.de/" "Plesk screenshot bot https://support.plesk.com/hc/en-us/articles/10301006946066"
54.246.142.114 - - [12/Mar/2026:10:05:43 +0100] "GET /wp-content/uploads/2024/02/cropped-Logo-SVG-1-32x32.png HTTP/1.0" 200 5293 "https://autenrieth.inglory.de/" "Plesk screenshot bot https://support.plesk.com/hc/en-us/articles/10301006946066"
54.246.142.114 - - [12/Mar/2026:10:05:43 +0100] "GET /wp-content/plugins/borlabs-cookie/assets/images/borlabs-cookie-widget-a.svg HTTP/1.0" 200 5933 "https://autenrieth.inglory.de/" "Plesk screenshot bot https://support.plesk.com/hc/en-us/articles/10301006946066"
54.246.142.114 - - [12/Mar/2026:10:05:43 +0100] "POST /wp-json/borlabs-cookie/v1/consent/log HTTP/1.0" 200 4530 "https://autenrieth.inglory.de/" "Plesk screenshot bot https://support.plesk.com/hc/en-us/articles/10301006946066"
54.246.142.114 - - [12/Mar/2026:10:05:44 +0100] "GET /wp-content/uploads/2024/02/Layer-3-5.png HTTP/1.0" 200 29729 "https://autenrieth.inglory.de/" "Plesk screenshot bot https://support.plesk.com/hc/en-us/articles/10301006946066"
54.246.142.114 - - [12/Mar/2026:10:05:44 +0100] "GET /wp-content/uploads/2024/02/Layer-2-1.png HTTP/1.0" 200 38495 "https://autenrieth.inglory.de/" "Plesk screenshot bot https://support.plesk.com/hc/en-us/articles/10301006946066"
54.246.142.114 - - [12/Mar/2026:10:05:44 +0100] "GET /wp-content/uploads/2024/02/red-v3-1-1-2.png HTTP/1.0" 200 15119 "https://autenrieth.inglory.de/" "Plesk screenshot bot https://support.plesk.com/hc/en-us/articles/10301006946066"
54.246.142.114 - - [12/Mar/2026:10:05:44 +0100] "GET /wp-content/uploads/2024/02/Layer-3-3.png HTTP/1.0" 200 27107 "https://autenrieth.inglory.de/" "Plesk screenshot bot https://support.plesk.com/hc/en-us/articles/10301006946066"
54.246.142.114 - - [12/Mar/2026:10:05:44 +0100] "GET /wp-includes/js/wp-emoji-release.min.js?ver=6.9.4 HTTP/1.0" 200 9487 "https://autenrieth.inglory.de/" "Plesk screenshot bot https://support.plesk.com/hc/en-us/articles/10301006946066"
