24.134.46.45 - - [12/Mar/2026:17:33:54 +0100] "GET /wp-content/themes/hello-elementor/assets/css/reset.css?ver=3.4.6 HTTP/1.0" 200 6005 "https://autenrieth.inglory.de/impressum/" "Mozilla/5.0 (Windows NT 10.0; Win64; x64) AppleWebKit/537.36 (KHTML, like Gecko) Chrome/145.0.0.0 Safari/537.36 Edg/145.0.0.0"
94.130.90.54 - - [12/Mar/2026:17:33:54 +0100] "GET /wp-content/plugins/mystickyelements-pro/css/font-awesome.min.css?ver=2.0.7 HTTP/1.1" 304 3406 "https://autenrieth.inglory.de/impressum/" "Serf/1.3.9 (mod_pagespeed/1.13.35.2-0)"
24.134.46.45 - - [12/Mar/2026:17:33:54 +0100] "GET /wp-content/themes/hello-elementor/assets/css/header-footer.css?ver=3.4.6 HTTP/1.0" 200 5605 "https://autenrieth.inglory.de/impressum/" "Mozilla/5.0 (Windows NT 10.0; Win64; x64) AppleWebKit/537.36 (KHTML, like Gecko) Chrome/145.0.0.0 Safari/537.36 Edg/145.0.0.0"
24.134.46.45 - - [12/Mar/2026:17:33:54 +0100] "GET /wp-content/themes/hello-elementor/assets/css/theme.css?ver=3.4.6 HTTP/1.0" 200 5462 "https://autenrieth.inglory.de/impressum/" "Mozilla/5.0 (Windows NT 10.0; Win64; x64) AppleWebKit/537.36 (KHTML, like Gecko) Chrome/145.0.0.0 Safari/537.36 Edg/145.0.0.0"
24.134.46.45 - - [12/Mar/2026:17:33:54 +0100] "GET /wp-content/plugins/loftloader-pro/assets/css/A.loftloader.min.css,qver=2022112801.pagespeed.cf.022XFbJey_.css HTTP/1.0" 200 11181 "https://autenrieth.inglory.de/impressum/" "Mozilla/5.0 (Windows NT 10.0; Win64; x64) AppleWebKit/537.36 (KHTML, like Gecko) Chrome/145.0.0.0 Safari/537.36 Edg/145.0.0.0"
24.134.46.45 - - [12/Mar/2026:17:33:54 +0100] "GET /wp-content/plugins/elementor/assets/lib/eicons/css/elementor-icons.min.css?ver=5.30.0 HTTP/1.0" 200 8209 "https://autenrieth.inglory.de/impressum/" "Mozilla/5.0 (Windows NT 10.0; Win64; x64) AppleWebKit/537.36 (KHTML, like Gecko) Chrome/145.0.0.0 Safari/537.36 Edg/145.0.0.0"
94.130.90.54 - - [12/Mar/2026:17:33:54 +0100] "GET /wp-content/plugins/elementor/assets/lib/font-awesome/css/fontawesome.min.css?ver=5.15.3 HTTP/1.1" 304 3406 "https://autenrieth.inglory.de/impressum/" "Serf/1.3.9 (mod_pagespeed/1.13.35.2-0)"
24.134.46.45 - - [12/Mar/2026:17:33:54 +0100] "GET /wp-content/uploads/elementor/css/custom-frontend-lite.min.css?ver=1723465678 HTTP/1.0" 200 26874 "https://autenrieth.inglory.de/impressum/" "Mozilla/5.0 (Windows NT 10.0; Win64; x64) AppleWebKit/537.36 (KHTML, like Gecko) Chrome/145.0.0.0 Safari/537.36 Edg/145.0.0.0"
94.130.90.54 - - [12/Mar/2026:17:33:54 +0100] "GET /wp-content/plugins/elementor/assets/lib/font-awesome/css/solid.min.css?ver=5.15.3 HTTP/1.1" 304 3405 "https://autenrieth.inglory.de/impressum/" "Serf/1.3.9 (mod_pagespeed/1.13.35.2-0)"
24.134.46.45 - - [12/Mar/2026:17:33:54 +0100] "GET /wp-content/plugins/elementor/assets/lib/swiper/css/swiper.min.css?ver=5.3.6 HTTP/1.0" 200 6596 "https://autenrieth.inglory.de/impressum/" "Mozilla/5.0 (Windows NT 10.0; Win64; x64) AppleWebKit/537.36 (KHTML, like Gecko) Chrome/145.0.0.0 Safari/537.36 Edg/145.0.0.0"
24.134.46.45 - - [12/Mar/2026:17:33:54 +0100] "GET /wp-content/uploads/elementor/css/post-7.css?ver=1723465678 HTTP/1.0" 200 5231 "https://autenrieth.inglory.de/impressum/" "Mozilla/5.0 (Windows NT 10.0; Win64; x64) AppleWebKit/537.36 (KHTML, like Gecko) Chrome/145.0.0.0 Safari/537.36 Edg/145.0.0.0"
94.130.90.54 - - [12/Mar/2026:17:33:54 +0100] "GET /wp-content/plugins/elementor/assets/lib/font-awesome/css/brands.min.css?ver=5.15.3 HTTP/1.1" 304 3405 "https://autenrieth.inglory.de/impressum/" "Serf/1.3.9 (mod_pagespeed/1.13.35.2-0)"
24.134.46.45 - - [12/Mar/2026:17:33:54 +0100] "GET /wp-content/uploads/elementor/css/post-967.css?ver=1723468767 HTTP/1.0" 200 5232 "https://autenrieth.inglory.de/impressum/" "Mozilla/5.0 (Windows NT 10.0; Win64; x64) AppleWebKit/537.36 (KHTML, like Gecko) Chrome/145.0.0.0 Safari/537.36 Edg/145.0.0.0"
94.130.90.54 - - [12/Mar/2026:17:33:54 +0100] "GET /wp-content/uploads/elementor/css/post-753.css?ver=1723465679 HTTP/1.1" 304 3406 "https://autenrieth.inglory.de/impressum/" "Serf/1.3.9 (mod_pagespeed/1.13.35.2-0)"
24.134.46.45 - - [12/Mar/2026:17:33:54 +0100] "GET /wp-content/uploads/elementor/css/custom-pro-frontend-lite.min.css?ver=1723465678 HTTP/1.0" 200 5667 "https://autenrieth.inglory.de/impressum/" "Mozilla/5.0 (Windows NT 10.0; Win64; x64) AppleWebKit/537.36 (KHTML, like Gecko) Chrome/145.0.0.0 Safari/537.36 Edg/145.0.0.0"
24.134.46.45 - - [12/Mar/2026:17:33:54 +0100] "GET /wp-content/uploads/elementor/css/post-388.css?ver=1723465678 HTTP/1.0" 200 5388 "https://autenrieth.inglory.de/impressum/" "Mozilla/5.0 (Windows NT 10.0; Win64; x64) AppleWebKit/537.36 (KHTML, like Gecko) Chrome/145.0.0.0 Safari/537.36 Edg/145.0.0.0"
24.134.46.45 - - [12/Mar/2026:17:33:54 +0100] "GET /wp-content/cache/borlabs-cookie/1/borlabs-cookie-1-de.css?ver=3.0.1-425 HTTP/1.0" 200 16028 "https://autenrieth.inglory.de/impressum/" "Mozilla/5.0 (Windows NT 10.0; Win64; x64) AppleWebKit/537.36 (KHTML, like Gecko) Chrome/145.0.0.0 Safari/537.36 Edg/145.0.0.0"
24.134.46.45 - - [12/Mar/2026:17:33:54 +0100] "GET /wp-content/uploads/elementor/css/post-281.css?ver=1723465678 HTTP/1.0" 200 5597 "https://autenrieth.inglory.de/impressum/" "Mozilla/5.0 (Windows NT 10.0; Win64; x64) AppleWebKit/537.36 (KHTML, like Gecko) Chrome/145.0.0.0 Safari/537.36 Edg/145.0.0.0"
24.134.46.45 - - [12/Mar/2026:17:33:54 +0100] "GET /wp-content/plugins/mystickyelements-pro/intl-tel-input-src/build/css/intlTelInput.css?ver=2.0.7 HTTP/1.0" 200 7278 "https://autenrieth.inglory.de/impressum/" "Mozilla/5.0 (Windows NT 10.0; Win64; x64) AppleWebKit/537.36 (KHTML, like Gecko) Chrome/145.0.0.0 Safari/537.36 Edg/145.0.0.0"
94.130.90.54 - - [12/Mar/2026:17:33:54 +0100] "GET /wp-content/plugins/elementor/assets/lib/animations/animations.min.css?ver=3.23.4 HTTP/1.1" 304 3406 "https://autenrieth.inglory.de/impressum/" "Serf/1.3.9 (mod_pagespeed/1.13.35.2-0)"
24.134.46.45 - - [12/Mar/2026:17:33:54 +0100] "GET /wp-content/plugins/elementor/assets/lib/font-awesome/css/fontawesome.min.css?ver=5.15.3 HTTP/1.0" 200 16672 "https://autenrieth.inglory.de/impressum/" "Mozilla/5.0 (Windows NT 10.0; Win64; x64) AppleWebKit/537.36 (KHTML, like Gecko) Chrome/145.0.0.0 Safari/537.36 Edg/145.0.0.0"
24.134.46.45 - - [12/Mar/2026:17:33:54 +0100] "GET /wp-content/plugins/mystickyelements-pro/css/font-awesome.min.css?ver=2.0.7 HTTP/1.0" 200 15990 "https://autenrieth.inglory.de/impressum/" "Mozilla/5.0 (Windows NT 10.0; Win64; x64) AppleWebKit/537.36 (KHTML, like Gecko) Chrome/145.0.0.0 Safari/537.36 Edg/145.0.0.0"
94.130.90.54 - - [12/Mar/2026:17:33:54 +0100] "GET /wp-content/plugins/mystickyelements-pro/intl-tel-input-src/build/js/intlTelInput.js?ver=2.0.7 HTTP/1.1" 304 3407 "https://autenrieth.inglory.de/impressum/" "Serf/1.3.9 (mod_pagespeed/1.13.35.2-0)"
24.134.46.45 - - [12/Mar/2026:17:33:54 +0100] "GET /wp-content/plugins/elementor/assets/lib/font-awesome/css/solid.min.css?ver=5.15.3 HTTP/1.0" 200 4497 "https://autenrieth.inglory.de/impressum/" "Mozilla/5.0 (Windows NT 10.0; Win64; x64) AppleWebKit/537.36 (KHTML, like Gecko) Chrome/145.0.0.0 Safari/537.36 Edg/145.0.0.0"
24.134.46.45 - - [12/Mar/2026:17:33:54 +0100] "GET /wp-content/plugins/elementor/assets/lib/font-awesome/css/brands.min.css?ver=5.15.3 HTTP/1.0" 200 4496 "https://autenrieth.inglory.de/impressum/" "Mozilla/5.0 (Windows NT 10.0; Win64; x64) AppleWebKit/537.36 (KHTML, like Gecko) Chrome/145.0.0.0 Safari/537.36 Edg/145.0.0.0"
94.130.90.54 - - [12/Mar/2026:17:33:54 +0100] "GET /wp-content/plugins/mystickyelements-pro/js/jquery.cookie.js?ver=2.0.7 HTTP/1.1" 304 3405 "https://autenrieth.inglory.de/impressum/" "Serf/1.3.9 (mod_pagespeed/1.13.35.2-0)"
24.134.46.45 - - [12/Mar/2026:17:33:54 +0100] "GET /wp-includes/js/jquery/jquery-migrate.min.js?ver=3.4.1 HTTP/1.0" 200 8984 "https://autenrieth.inglory.de/impressum/" "Mozilla/5.0 (Windows NT 10.0; Win64; x64) AppleWebKit/537.36 (KHTML, like Gecko) Chrome/145.0.0.0 Safari/537.36 Edg/145.0.0.0"
94.130.90.54 - - [12/Mar/2026:17:33:54 +0100] "GET /wp-content/plugins/mystickyelements-pro/js/mystickyelements-fronted.min.js?ver=2.0.7 HTTP/1.1" 304 3406 "https://autenrieth.inglory.de/impressum/" "Serf/1.3.9 (mod_pagespeed/1.13.35.2-0)"
24.134.46.45 - - [12/Mar/2026:17:33:54 +0100] "GET /wp-content/uploads/elementor/css/post-753.css?ver=1723465679 HTTP/1.0" 200 5232 "https://autenrieth.inglory.de/impressum/" "Mozilla/5.0 (Windows NT 10.0; Win64; x64) AppleWebKit/537.36 (KHTML, like Gecko) Chrome/145.0.0.0 Safari/537.36 Edg/145.0.0.0"
24.134.46.45 - - [12/Mar/2026:17:33:54 +0100] "GET /wp-content/cache/borlabs-cookie/1/borlabs-cookie-config-de.json.js?ver=3.0.1-428 HTTP/1.0" 200 8502 "https://autenrieth.inglory.de/impressum/" "Mozilla/5.0 (Windows NT 10.0; Win64; x64) AppleWebKit/537.36 (KHTML, like Gecko) Chrome/145.0.0.0 Safari/537.36 Edg/145.0.0.0"
94.130.90.54 - - [12/Mar/2026:17:33:54 +0100] "GET /wp-content/plugins/elementor-pro/assets/lib/smartmenus/jquery.smartmenus.min.js?ver=1.2.1 HTTP/1.1" 304 3406 "https://autenrieth.inglory.de/impressum/" "Serf/1.3.9 (mod_pagespeed/1.13.35.2-0)"
24.134.46.45 - - [12/Mar/2026:17:33:54 +0100] "GET /wp-includes/js/jquery/jquery.min.js?ver=3.7.1 HTTP/1.0" 200 34548 "https://autenrieth.inglory.de/impressum/" "Mozilla/5.0 (Windows NT 10.0; Win64; x64) AppleWebKit/537.36 (KHTML, like Gecko) Chrome/145.0.0.0 Safari/537.36 Edg/145.0.0.0"
24.134.46.45 - - [12/Mar/2026:17:33:54 +0100] "GET /wp-content/plugins/elementor/assets/lib/animations/animations.min.css?ver=3.23.4 HTTP/1.0" 200 6774 "https://autenrieth.inglory.de/impressum/" "Mozilla/5.0 (Windows NT 10.0; Win64; x64) AppleWebKit/537.36 (KHTML, like Gecko) Chrome/145.0.0.0 Safari/537.36 Edg/145.0.0.0"
24.134.46.45 - - [12/Mar/2026:17:33:54 +0100] "GET /wp-content/plugins/borlabs-cookie/assets/javascript/borlabs-cookie.min.js?ver=3.0.1 HTTP/1.0" 200 4596 "https://autenrieth.inglory.de/impressum/" "Mozilla/5.0 (Windows NT 10.0; Win64; x64) AppleWebKit/537.36 (KHTML, like Gecko) Chrome/145.0.0.0 Safari/537.36 Edg/145.0.0.0"
24.134.46.45 - - [12/Mar/2026:17:33:54 +0100] "GET /wp-content/uploads/elementor/css/custom-pro-widget-nav-menu.min.css?ver=1723465678 HTTP/1.0" 200 7418 "https://autenrieth.inglory.de/impressum/" "Mozilla/5.0 (Windows NT 10.0; Win64; x64) AppleWebKit/537.36 (KHTML, like Gecko) Chrome/145.0.0.0 Safari/537.36 Edg/145.0.0.0"
94.130.90.54 - - [12/Mar/2026:17:33:54 +0100] "GET /wp-content/plugins/elementor/assets/js/frontend-modules.min.js?ver=3.23.4 HTTP/1.1" 304 3407 "https://autenrieth.inglory.de/impressum/" "Serf/1.3.9 (mod_pagespeed/1.13.35.2-0)"
94.130.90.54 - - [12/Mar/2026:17:33:54 +0100] "GET /wp-includes/js/dist/hooks.min.js?ver=dd5603f07f9220ed27f1 HTTP/1.1" 304 3406 "https://autenrieth.inglory.de/impressum/" "Serf/1.3.9 (mod_pagespeed/1.13.35.2-0)"
94.130.90.54 - - [12/Mar/2026:17:33:54 +0100] "GET /wp-includes/js/dist/i18n.min.js?ver=c26c3dc7bed366793375 HTTP/1.1" 304 3406 "https://autenrieth.inglory.de/impressum/" "Serf/1.3.9 (mod_pagespeed/1.13.35.2-0)"
94.130.90.54 - - [12/Mar/2026:17:33:54 +0100] "GET /wp-content/plugins/elementor-pro/assets/js/frontend.min.js?ver=3.21.2 HTTP/1.1" 304 3406 "https://autenrieth.inglory.de/impressum/" "Serf/1.3.9 (mod_pagespeed/1.13.35.2-0)"
94.130.90.54 - - [12/Mar/2026:17:33:54 +0100] "GET /wp-content/plugins/elementor/assets/lib/waypoints/waypoints.min.js?ver=4.0.2 HTTP/1.1" 304 3406 "https://autenrieth.inglory.de/impressum/" "Serf/1.3.9 (mod_pagespeed/1.13.35.2-0)"
94.130.90.54 - - [12/Mar/2026:17:33:54 +0100] "GET /wp-includes/js/jquery/ui/core.min.js?ver=1.13.3 HTTP/1.1" 304 3406 "https://autenrieth.inglory.de/impressum/" "Serf/1.3.9 (mod_pagespeed/1.13.35.2-0)"
24.134.46.45 - - [12/Mar/2026:17:33:54 +0100] "GET /wp-content/plugins/mystickyelements-pro/css/mystickyelements-front.min.css?ver=2.0.7 HTTP/1.0" 200 18540 "https://autenrieth.inglory.de/impressum/" "Mozilla/5.0 (Windows NT 10.0; Win64; x64) AppleWebKit/537.36 (KHTML, like Gecko) Chrome/145.0.0.0 Safari/537.36 Edg/145.0.0.0"
94.130.90.54 - - [12/Mar/2026:17:33:54 +0100] "GET /wp-content/uploads/2024/02/cropped-Logo-SVG-1-32x32.png HTTP/1.1" 304 3405 "https://autenrieth.inglory.de/impressum/" "Serf/1.3.9 (mod_pagespeed/1.13.35.2-0)"
24.134.46.45 - - [12/Mar/2026:17:33:54 +0100] "GET /wp-content/uploads/2024/02/OBJECTS-3-1.svg HTTP/1.0" 200 75642 "https://autenrieth.inglory.de/impressum/" "Mozilla/5.0 (Windows NT 10.0; Win64; x64) AppleWebKit/537.36 (KHTML, like Gecko) Chrome/145.0.0.0 Safari/537.36 Edg/145.0.0.0"
94.130.90.54 - - [12/Mar/2026:17:33:54 +0100] "GET /wp-content/uploads/2024/02/cropped-Logo-SVG-1-192x192.png HTTP/1.1" 304 3406 "https://autenrieth.inglory.de/impressum/" "Serf/1.3.9 (mod_pagespeed/1.13.35.2-0)"
24.134.46.45 - - [12/Mar/2026:17:33:54 +0100] "GET /wp-content/uploads/2024/02/OBJECTS.svg HTTP/1.0" 200 120242 "https://autenrieth.inglory.de/impressum/" "Mozilla/5.0 (Windows NT 10.0; Win64; x64) AppleWebKit/537.36 (KHTML, like Gecko) Chrome/145.0.0.0 Safari/537.36 Edg/145.0.0.0"
94.130.90.54 - - [12/Mar/2026:17:33:54 +0100] "GET /wp-content/uploads/2024/02/cropped-Logo-SVG-1-180x180.png HTTP/1.1" 304 3406 "https://autenrieth.inglory.de/impressum/" "Serf/1.3.9 (mod_pagespeed/1.13.35.2-0)"
94.130.90.54 - - [12/Mar/2026:17:33:54 +0100] "GET /wp-content/uploads/2024/02/OBJECTS-1.png HTTP/1.1" 304 3406 "https://autenrieth.inglory.de/impressum/" "Serf/1.3.9 (mod_pagespeed/1.13.35.2-0)"
94.130.90.54 - - [12/Mar/2026:17:33:54 +0100] "GET /wp-content/uploads/2024/02/OBJECTS-1.png HTTP/1.1" 304 3406 "https://autenrieth.inglory.de/impressum/" "Serf/1.3.9 (mod_pagespeed/1.13.35.2-0)"
94.130.90.54 - - [12/Mar/2026:17:33:54 +0100] "GET /wp-content/uploads/2024/02/OBJECTS-1-300x260.png HTTP/1.1" 304 3406 "https://autenrieth.inglory.de/impressum/" "Serf/1.3.9 (mod_pagespeed/1.13.35.2-0)"
94.130.90.54 - - [12/Mar/2026:17:33:54 +0100] "GET /wp-content/uploads/2024/02/Frame-1261156736.png HTTP/1.1" 304 3405 "https://autenrieth.inglory.de/impressum/" "Serf/1.3.9 (mod_pagespeed/1.13.35.2-0)"
94.130.90.54 - - [12/Mar/2026:17:33:54 +0100] "GET /wp-content/plugins/borlabs-cookie/assets/javascript/borlabs-cookie.min.js?ver=3.0.1 HTTP/1.1" 304 3405 "https://autenrieth.inglory.de/impressum/" "Serf/1.3.9 (mod_pagespeed/1.13.35.2-0)"
24.134.46.45 - - [12/Mar/2026:17:33:54 +0100] "GET /wp-content/uploads/2024/02/OBJECTS-2-1.svg HTTP/1.0" 200 75273 "https://autenrieth.inglory.de/impressum/" "Mozilla/5.0 (Windows NT 10.0; Win64; x64) AppleWebKit/537.36 (KHTML, like Gecko) Chrome/145.0.0.0 Safari/537.36 Edg/145.0.0.0"
94.130.90.54 - - [12/Mar/2026:17:33:54 +0100] "GET /wp-content/uploads/elementor/css/custom-pro-widget-nav-menu.min.css?ver=1723465678 HTTP/1.1" 304 3406 "https://autenrieth.inglory.de/impressum/" "Serf/1.3.9 (mod_pagespeed/1.13.35.2-0)"
24.134.46.45 - - [12/Mar/2026:17:33:54 +0100] "GET /wp-content/uploads/elementor/css/custom-widget-icon-list.min.css?ver=1723465678 HTTP/1.0" 200 4997 "https://autenrieth.inglory.de/impressum/" "Mozilla/5.0 (Windows NT 10.0; Win64; x64) AppleWebKit/537.36 (KHTML, like Gecko) Chrome/145.0.0.0 Safari/537.36 Edg/145.0.0.0"
94.130.90.54 - - [12/Mar/2026:17:33:54 +0100] "GET /wp-content/uploads/elementor/css/custom-widget-icon-list.min.css?ver=1723465678 HTTP/1.1" 304 3406 "https://autenrieth.inglory.de/impressum/" "Serf/1.3.9 (mod_pagespeed/1.13.35.2-0)"
94.130.90.54 - - [12/Mar/2026:17:33:54 +0100] "GET /wp-content/cache/borlabs-cookie/1/borlabs-cookie-config-de.json.js?ver=3.0.1-428 HTTP/1.1" 304 3406 "https://autenrieth.inglory.de/impressum/" "Serf/1.3.9 (mod_pagespeed/1.13.35.2-0)"
94.130.90.54 - - [12/Mar/2026:17:33:54 +0100] "GET /wp-includes/js/jquery/jquery.min.js?ver=3.7.1 HTTP/1.1" 304 3407 "https://autenrieth.inglory.de/impressum/" "Serf/1.3.9 (mod_pagespeed/1.13.35.2-0)"
94.130.90.54 - - [12/Mar/2026:17:33:54 +0100] "GET /wp-includes/js/jquery/jquery-migrate.min.js?ver=3.4.1 HTTP/1.1" 304 3406 "https://autenrieth.inglory.de/impressum/" "Serf/1.3.9 (mod_pagespeed/1.13.35.2-0)"
94.130.90.54 - - [12/Mar/2026:17:33:54 +0100] "GET /wp-content/plugins/loftloader-pro/assets/js/jquery.waitformedias.min.js?ver=2022112801 HTTP/1.1" 304 3406 "https://autenrieth.inglory.de/impressum/" "Serf/1.3.9 (mod_pagespeed/1.13.35.2-0)"
94.130.90.54 - - [12/Mar/2026:17:33:54 +0100] "GET /wp-content/plugins/loftloader-pro/assets/js/loftloader.js?ver=2022112801 HTTP/1.1" 304 3406 "https://autenrieth.inglory.de/impressum/" "Serf/1.3.9 (mod_pagespeed/1.13.35.2-0)"
24.134.46.45 - - [12/Mar/2026:17:33:54 +0100] "GET /wp-content/plugins/loftloader-pro/assets/js/loftloader.js?ver=2022112801 HTTP/1.0" 200 10312 "https://autenrieth.inglory.de/impressum/" "Mozilla/5.0 (Windows NT 10.0; Win64; x64) AppleWebKit/537.36 (KHTML, like Gecko) Chrome/145.0.0.0 Safari/537.36 Edg/145.0.0.0"
24.134.46.45 - - [12/Mar/2026:17:33:54 +0100] "GET /wp-content/plugins/loftloader-pro/assets/js/jquery.waitformedias.min.js?ver=2022112801 HTTP/1.0" 200 6065 "https://autenrieth.inglory.de/impressum/" "Mozilla/5.0 (Windows NT 10.0; Win64; x64) AppleWebKit/537.36 (KHTML, like Gecko) Chrome/145.0.0.0 Safari/537.36 Edg/145.0.0.0"
94.130.90.54 - - [12/Mar/2026:17:33:54 +0100] "GET /wp-content/plugins/elementor/assets/js/frontend.min.js?ver=3.23.4 HTTP/1.1" 304 3406 "https://autenrieth.inglory.de/impressum/" "Serf/1.3.9 (mod_pagespeed/1.13.35.2-0)"
94.130.90.54 - - [12/Mar/2026:17:33:54 +0100] "GET /wp-content/plugins/elementor-pro/assets/js/elements-handlers.min.js?ver=3.21.2 HTTP/1.1" 304 3406 "https://autenrieth.inglory.de/impressum/" "Serf/1.3.9 (mod_pagespeed/1.13.35.2-0)"
24.134.46.45 - - [12/Mar/2026:17:33:54 +0100] "GET /wp-content/plugins/mystickyelements-pro/intl-tel-input-src/build/js/intlTelInput.js?ver=2.0.7 HTTP/1.0" 200 25051 "https://autenrieth.inglory.de/impressum/" "Mozilla/5.0 (Windows NT 10.0; Win64; x64) AppleWebKit/537.36 (KHTML, like Gecko) Chrome/145.0.0.0 Safari/537.36 Edg/145.0.0.0"
94.130.90.54 - - [12/Mar/2026:17:33:54 +0100] "GET /wp-content/plugins/elementor-pro/assets/lib/sticky/jquery.sticky.min.js?ver=3.21.2 HTTP/1.1" 304 3405 "https://autenrieth.inglory.de/impressum/" "Serf/1.3.9 (mod_pagespeed/1.13.35.2-0)"
24.134.46.45 - - [12/Mar/2026:17:33:54 +0100] "GET /wp-content/plugins/mystickyelements-pro/js/jquery.cookie.js?ver=2.0.7 HTTP/1.0" 200 4996 "https://autenrieth.inglory.de/impressum/" "Mozilla/5.0 (Windows NT 10.0; Win64; x64) AppleWebKit/537.36 (KHTML, like Gecko) Chrome/145.0.0.0 Safari/537.36 Edg/145.0.0.0"
24.134.46.45 - - [12/Mar/2026:17:33:54 +0100] "GET /wp-includes/js/dist/i18n.min.js?ver=c26c3dc7bed366793375 HTTP/1.0" 200 6455 "https://autenrieth.inglory.de/impressum/" "Mozilla/5.0 (Windows NT 10.0; Win64; x64) AppleWebKit/537.36 (KHTML, like Gecko) Chrome/145.0.0.0 Safari/537.36 Edg/145.0.0.0"
94.130.90.54 - - [12/Mar/2026:17:33:54 +0100] "GET /wp-content/uploads/elementor/css/post-281.css?ver=1723465678 HTTP/1.1" 304 3406 "https://autenrieth.inglory.de/impressum/" "Serf/1.3.9 (mod_pagespeed/1.13.35.2-0)"
24.134.46.45 - - [12/Mar/2026:17:33:54 +0100] "GET /wp-content/plugins/elementor-pro/assets/js/frontend.min.js?ver=3.21.2 HTTP/1.0" 200 10904 "https://autenrieth.inglory.de/impressum/" "Mozilla/5.0 (Windows NT 10.0; Win64; x64) AppleWebKit/537.36 (KHTML, like Gecko) Chrome/145.0.0.0 Safari/537.36 Edg/145.0.0.0"
94.130.90.54 - - [12/Mar/2026:17:33:54 +0100] "GET /wp-content/plugins/mystickyelements-pro/css/mystickyelements-front.min.css?ver=2.0.7 HTTP/1.1" 304 3407 "https://autenrieth.inglory.de/impressum/" "Serf/1.3.9 (mod_pagespeed/1.13.35.2-0)"
24.134.46.45 - - [12/Mar/2026:17:33:54 +0100] "GET /wp-includes/js/jquery/ui/core.min.js?ver=1.13.3 HTTP/1.0" 200 11321 "https://autenrieth.inglory.de/impressum/" "Mozilla/5.0 (Windows NT 10.0; Win64; x64) AppleWebKit/537.36 (KHTML, like Gecko) Chrome/145.0.0.0 Safari/537.36 Edg/145.0.0.0"
24.134.46.45 - - [12/Mar/2026:17:33:54 +0100] "GET /wp-content/uploads/2024/02/Frame-1261156736.png HTTP/1.0" 200 5492 "https://autenrieth.inglory.de/impressum/" "Mozilla/5.0 (Windows NT 10.0; Win64; x64) AppleWebKit/537.36 (KHTML, like Gecko) Chrome/145.0.0.0 Safari/537.36 Edg/145.0.0.0"
94.130.90.54 - - [12/Mar/2026:17:33:54 +0100] "GET /wp-content/plugins/mystickyelements-pro/intl-tel-input-src/build/css/intlTelInput.css?ver=2.0.7 HTTP/1.1" 304 3406 "https://autenrieth.inglory.de/impressum/" "Serf/1.3.9 (mod_pagespeed/1.13.35.2-0)"
24.134.46.45 - - [12/Mar/2026:17:33:54 +0100] "GET /wp-content/uploads/2024/02/x-close.svg HTTP/1.0" 200 4236 "https://autenrieth.inglory.de/impressum/" "Mozilla/5.0 (Windows NT 10.0; Win64; x64) AppleWebKit/537.36 (KHTML, like Gecko) Chrome/145.0.0.0 Safari/537.36 Edg/145.0.0.0"
24.134.46.45 - - [12/Mar/2026:17:33:54 +0100] "GET /wp-content/plugins/elementor-pro/assets/lib/smartmenus/jquery.smartmenus.min.js?ver=1.2.1 HTTP/1.0" 200 11282 "https://autenrieth.inglory.de/impressum/" "Mozilla/5.0 (Windows NT 10.0; Win64; x64) AppleWebKit/537.36 (KHTML, like Gecko) Chrome/145.0.0.0 Safari/537.36 Edg/145.0.0.0"
94.130.90.54 - - [12/Mar/2026:17:33:54 +0100] "GET /wp-content/uploads/2024/02/Logo-Vektor-SVG.svg HTTP/1.1" 200 12612 "https://autenrieth.inglory.de/impressum/" "Serf/1.3.9 (mod_pagespeed/1.13.35.2-0)"
24.134.46.45 - - [12/Mar/2026:17:33:54 +0100] "GET /wp-content/plugins/mystickyelements-pro/js/mystickyelements-fronted.min.js?ver=2.0.7 HTTP/1.0" 200 9294 "https://autenrieth.inglory.de/impressum/" "Mozilla/5.0 (Windows NT 10.0; Win64; x64) AppleWebKit/537.36 (KHTML, like Gecko) Chrome/145.0.0.0 Safari/537.36 Edg/145.0.0.0"
94.130.90.54 - - [12/Mar/2026:17:33:54 +0100] "GET /wp-content/uploads/2024/02/Logo-Vektor-SVG.svg HTTP/1.1" 200 12612 "https://autenrieth.inglory.de/impressum/" "Serf/1.3.9 (mod_pagespeed/1.13.35.2-0)"
24.134.46.45 - - [12/Mar/2026:17:33:54 +0100] "GET /wp-content/plugins/elementor/assets/js/webpack.runtime.min.js?ver=3.23.4 HTTP/1.0" 200 6326 "https://autenrieth.inglory.de/impressum/" "Mozilla/5.0 (Windows NT 10.0; Win64; x64) AppleWebKit/537.36 (KHTML, like Gecko) Chrome/145.0.0.0 Safari/537.36 Edg/145.0.0.0"
24.134.46.45 - - [12/Mar/2026:17:33:54 +0100] "GET /wp-content/plugins/elementor-pro/assets/js/webpack-pro.runtime.min.js?ver=3.21.2 HTTP/1.0" 200 6764 "https://autenrieth.inglory.de/impressum/" "Mozilla/5.0 (Windows NT 10.0; Win64; x64) AppleWebKit/537.36 (KHTML, like Gecko) Chrome/145.0.0.0 Safari/537.36 Edg/145.0.0.0"
94.130.90.54 - - [12/Mar/2026:17:33:54 +0100] "GET /wp-content/uploads/2024/02/menu.svg HTTP/1.1" 200 4163 "https://autenrieth.inglory.de/impressum/" "Serf/1.3.9 (mod_pagespeed/1.13.35.2-0)"
24.134.46.45 - - [12/Mar/2026:17:33:54 +0100] "GET /wp-includes/js/dist/hooks.min.js?ver=dd5603f07f9220ed27f1 HTTP/1.0" 200 6168 "https://autenrieth.inglory.de/impressum/" "Mozilla/5.0 (Windows NT 10.0; Win64; x64) AppleWebKit/537.36 (KHTML, like Gecko) Chrome/145.0.0.0 Safari/537.36 Edg/145.0.0.0"
24.134.46.45 - - [12/Mar/2026:17:33:54 +0100] "GET /wp-content/plugins/elementor/assets/lib/waypoints/waypoints.min.js?ver=4.0.2 HTTP/1.0" 200 7222 "https://autenrieth.inglory.de/impressum/" "Mozilla/5.0 (Windows NT 10.0; Win64; x64) AppleWebKit/537.36 (KHTML, like Gecko) Chrome/145.0.0.0 Safari/537.36 Edg/145.0.0.0"
24.134.46.45 - - [12/Mar/2026:17:33:54 +0100] "GET /wp-content/plugins/elementor/assets/js/frontend-modules.min.js?ver=3.23.4 HTTP/1.0" 200 24027 "https://autenrieth.inglory.de/impressum/" "Mozilla/5.0 (Windows NT 10.0; Win64; x64) AppleWebKit/537.36 (KHTML, like Gecko) Chrome/145.0.0.0 Safari/537.36 Edg/145.0.0.0"
94.130.90.54 - - [12/Mar/2026:17:33:54 +0100] "GET /wp-content/uploads/2024/02/OBJECTS.svg HTTP/1.1" 200 318880 "https://autenrieth.inglory.de/impressum/" "Serf/1.3.9 (mod_pagespeed/1.13.35.2-0)"
24.134.46.45 - - [12/Mar/2026:17:33:54 +0100] "GET /wp-content/plugins/elementor/assets/js/frontend.min.js?ver=3.23.4 HTTP/1.0" 200 16419 "https://autenrieth.inglory.de/impressum/" "Mozilla/5.0 (Windows NT 10.0; Win64; x64) AppleWebKit/537.36 (KHTML, like Gecko) Chrome/145.0.0.0 Safari/537.36 Edg/145.0.0.0"
94.130.90.54 - - [12/Mar/2026:17:33:54 +0100] "GET /wp-content/uploads/2024/03/line.svg HTTP/1.1" 200 4061 "https://autenrieth.inglory.de/impressum/" "Serf/1.3.9 (mod_pagespeed/1.13.35.2-0)"
24.134.46.45 - - [12/Mar/2026:17:33:54 +0100] "GET /wp-content/plugins/elementor-pro/assets/js/elements-handlers.min.js?ver=3.21.2 HTTP/1.0" 200 13447 "https://autenrieth.inglory.de/impressum/" "Mozilla/5.0 (Windows NT 10.0; Win64; x64) AppleWebKit/537.36 (KHTML, like Gecko) Chrome/145.0.0.0 Safari/537.36 Edg/145.0.0.0"
24.134.46.45 - - [12/Mar/2026:17:33:54 +0100] "GET /wp-content/plugins/elementor-pro/assets/lib/sticky/jquery.sticky.min.js?ver=3.21.2 HTTP/1.0" 200 5746 "https://autenrieth.inglory.de/impressum/" "Mozilla/5.0 (Windows NT 10.0; Win64; x64) AppleWebKit/537.36 (KHTML, like Gecko) Chrome/145.0.0.0 Safari/537.36 Edg/145.0.0.0"
94.130.90.54 - - [12/Mar/2026:17:33:54 +0100] "GET /wp-content/uploads/2024/02/OBJECTS-2-2.svg HTTP/1.1" 200 137996 "https://autenrieth.inglory.de/impressum/" "Serf/1.3.9 (mod_pagespeed/1.13.35.2-0)"
24.134.46.45 - - [12/Mar/2026:17:33:54 +0100] "GET /wp-content/uploads/2024/02/menu.svg HTTP/1.0" 200 4325 "https://autenrieth.inglory.de/impressum/" "Mozilla/5.0 (Windows NT 10.0; Win64; x64) AppleWebKit/537.36 (KHTML, like Gecko) Chrome/145.0.0.0 Safari/537.36 Edg/145.0.0.0"
24.134.46.45 - - [12/Mar/2026:17:33:54 +0100] "GET /wp-content/uploads/2024/02/Logo-Vektor-SVG.svg HTTP/1.0" 200 8287 "https://autenrieth.inglory.de/impressum/" "Mozilla/5.0 (Windows NT 10.0; Win64; x64) AppleWebKit/537.36 (KHTML, like Gecko) Chrome/145.0.0.0 Safari/537.36 Edg/145.0.0.0"
94.130.90.54 - - [12/Mar/2026:17:33:54 +0100] "GET /wp-content/uploads/2024/02/OBJECTS-1-1.svg HTTP/1.1" 200 181699 "https://autenrieth.inglory.de/impressum/" "Serf/1.3.9 (mod_pagespeed/1.13.35.2-0)"
94.130.90.54 - - [12/Mar/2026:17:33:54 +0100] "GET /wp-content/uploads/2024/02/OBJECTS-3-1.svg HTTP/1.1" 200 191724 "https://autenrieth.inglory.de/impressum/" "Serf/1.3.9 (mod_pagespeed/1.13.35.2-0)"
94.130.90.54 - - [12/Mar/2026:17:33:54 +0100] "GET /wp-content/uploads/2024/02/OBJECTS-2-1.svg HTTP/1.1" 200 191677 "https://autenrieth.inglory.de/impressum/" "Serf/1.3.9 (mod_pagespeed/1.13.35.2-0)"
94.130.90.54 - - [12/Mar/2026:17:33:54 +0100] "GET /wp-content/uploads/2024/02/x-close.svg HTTP/1.1" 200 3738 "https://autenrieth.inglory.de/impressum/" "Serf/1.3.9 (mod_pagespeed/1.13.35.2-0)"
24.134.46.45 - - [12/Mar/2026:17:33:54 +0100] "GET /wp-content/uploads/2024/02/Pattern.svg HTTP/1.0" 200 9848 "https://autenrieth.inglory.de/wp-content/uploads/elementor/css/post-281.css?ver=1723465678" "Mozilla/5.0 (Windows NT 10.0; Win64; x64) AppleWebKit/537.36 (KHTML, like Gecko) Chrome/145.0.0.0 Safari/537.36 Edg/145.0.0.0"
94.130.90.54 - - [12/Mar/2026:17:33:54 +0100] "GET /wp-content/plugins/elementor-pro/assets/js/webpack-pro.runtime.min.js?ver=3.21.2 HTTP/1.1" 304 3406 "https://autenrieth.inglory.de/impressum/" "Serf/1.3.9 (mod_pagespeed/1.13.35.2-0)"
94.130.90.54 - - [12/Mar/2026:17:33:54 +0100] "GET /wp-content/plugins/elementor/assets/js/webpack.runtime.min.js?ver=3.23.4 HTTP/1.1" 304 3406 "https://autenrieth.inglory.de/impressum/" "Serf/1.3.9 (mod_pagespeed/1.13.35.2-0)"
94.130.90.54 - - [12/Mar/2026:17:33:54 +0100] "GET /wp-content/uploads/2024/02/Pattern.svg HTTP/1.1" 200 21842 "https://autenrieth.inglory.de/impressum/" "Serf/1.3.9 (mod_pagespeed/1.13.35.2-0)"
94.130.90.54 - - [12/Mar/2026:17:33:54 +0100] "GET /wp-content/plugins/mystickyelements-pro/intl-tel-input-src/build/img/flags.png HTTP/1.1" 304 3407 "https://autenrieth.inglory.de/impressum/" "Serf/1.3.9 (mod_pagespeed/1.13.35.2-0)"
94.130.90.54 - - [12/Mar/2026:17:33:54 +0100] "GET /wp-content/plugins/mystickyelements-pro/intl-tel-input-src/build/img/flags@2x.png HTTP/1.1" 304 3407 "https://autenrieth.inglory.de/impressum/" "Serf/1.3.9 (mod_pagespeed/1.13.35.2-0)"
24.134.46.45 - - [12/Mar/2026:17:33:54 +0100] "GET /wp-content/uploads/2024/02/OBJECTS-1.png HTTP/1.0" 200 62644 "https://autenrieth.inglory.de/impressum/" "Mozilla/5.0 (Windows NT 10.0; Win64; x64) AppleWebKit/537.36 (KHTML, like Gecko) Chrome/145.0.0.0 Safari/537.36 Edg/145.0.0.0"
24.134.46.45 - - [12/Mar/2026:17:33:54 +0100] "GET /wp-content/plugins/elementor/assets/lib/font-awesome/webfonts/fa-solid-900.woff2 HTTP/1.0" 200 82335 "https://autenrieth.inglory.de/wp-content/plugins/elementor/assets/lib/font-awesome/css/solid.min.css?ver=5.15.3" "Mozilla/5.0 (Windows NT 10.0; Win64; x64) AppleWebKit/537.36 (KHTML, like Gecko) Chrome/145.0.0.0 Safari/537.36 Edg/145.0.0.0"
24.134.46.45 - - [12/Mar/2026:17:33:54 +0100] "GET /wp-content/plugins/elementor/assets/lib/font-awesome/webfonts/fa-brands-400.woff2 HTTP/1.0" 200 85751 "https://autenrieth.inglory.de/wp-content/plugins/elementor/assets/lib/font-awesome/css/brands.min.css?ver=5.15.3" "Mozilla/5.0 (Windows NT 10.0; Win64; x64) AppleWebKit/537.36 (KHTML, like Gecko) Chrome/145.0.0.0 Safari/537.36 Edg/145.0.0.0"
24.134.46.45 - - [12/Mar/2026:17:33:54 +0100] "GET /wp-content/uploads/2024/02/OBJECTS-2-2.svg HTTP/1.0" 200 59532 "https://autenrieth.inglory.de/impressum/" "Mozilla/5.0 (Windows NT 10.0; Win64; x64) AppleWebKit/537.36 (KHTML, like Gecko) Chrome/145.0.0.0 Safari/537.36 Edg/145.0.0.0"
24.134.46.45 - - [12/Mar/2026:17:33:54 +0100] "GET /wp-content/uploads/2024/03/line.svg HTTP/1.0" 200 4357 "https://autenrieth.inglory.de/impressum/" "Mozilla/5.0 (Windows NT 10.0; Win64; x64) AppleWebKit/537.36 (KHTML, like Gecko) Chrome/145.0.0.0 Safari/537.36 Edg/145.0.0.0"
24.134.46.45 - - [12/Mar/2026:17:33:54 +0100] "GET /wp-content/uploads/2024/02/OBJECTS-1-1.svg HTTP/1.0" 200 78472 "https://autenrieth.inglory.de/impressum/" "Mozilla/5.0 (Windows NT 10.0; Win64; x64) AppleWebKit/537.36 (KHTML, like Gecko) Chrome/145.0.0.0 Safari/537.36 Edg/145.0.0.0"
24.134.46.45 - - [12/Mar/2026:17:33:54 +0100] "GET /wp-content/plugins/borlabs-cookie/assets/javascript/observer.472990d3.min.js HTTP/1.0" 200 7792 "https://autenrieth.inglory.de/wp-content/plugins/borlabs-cookie/assets/javascript/borlabs-cookie.min.js?ver=3.0.1" "Mozilla/5.0 (Windows NT 10.0; Win64; x64) AppleWebKit/537.36 (KHTML, like Gecko) Chrome/145.0.0.0 Safari/537.36 Edg/145.0.0.0"
24.134.46.45 - - [12/Mar/2026:17:33:54 +0100] "GET /wp-content/plugins/borlabs-cookie/assets/javascript/init.d0a8a83e.min.js HTTP/1.0" 200 14853 "https://autenrieth.inglory.de/wp-content/plugins/borlabs-cookie/assets/javascript/borlabs-cookie.min.js?ver=3.0.1" "Mozilla/5.0 (Windows NT 10.0; Win64; x64) AppleWebKit/537.36 (KHTML, like Gecko) Chrome/145.0.0.0 Safari/537.36 Edg/145.0.0.0"
24.134.46.45 - - [12/Mar/2026:17:33:54 +0100] "GET /wp-content/plugins/borlabs-cookie/assets/javascript/vue.a50c3feb.min.js HTTP/1.0" 200 30726 "https://autenrieth.inglory.de/wp-content/plugins/borlabs-cookie/assets/javascript/borlabs-cookie.min.js?ver=3.0.1" "Mozilla/5.0 (Windows NT 10.0; Win64; x64) AppleWebKit/537.36 (KHTML, like Gecko) Chrome/145.0.0.0 Safari/537.36 Edg/145.0.0.0"
24.134.46.45 - - [12/Mar/2026:17:33:54 +0100] "GET /wp-content/plugins/borlabs-cookie/assets/javascript/borlabs-widget.87b9a45d.min.js HTTP/1.0" 200 4660 "-" "Mozilla/5.0 (Windows NT 10.0; Win64; x64) AppleWebKit/537.36 (KHTML, like Gecko) Chrome/145.0.0.0 Safari/537.36 Edg/145.0.0.0"
24.134.46.45 - - [12/Mar/2026:17:33:54 +0100] "GET /wp-content/plugins/elementor/assets/lib/dialog/dialog.min.js?ver=4.9.0 HTTP/1.0" 200 7600 "https://autenrieth.inglory.de/impressum/" "Mozilla/5.0 (Windows NT 10.0; Win64; x64) AppleWebKit/537.36 (KHTML, like Gecko) Chrome/145.0.0.0 Safari/537.36 Edg/145.0.0.0"
24.134.46.45 - - [12/Mar/2026:17:33:54 +0100] "GET /wp-content/plugins/elementor-pro/assets/js/nav-menu.d43af66e5000fd109c04.bundle.min.js HTTP/1.0" 200 5752 "https://autenrieth.inglory.de/impressum/" "Mozilla/5.0 (Windows NT 10.0; Win64; x64) AppleWebKit/537.36 (KHTML, like Gecko) Chrome/145.0.0.0 Safari/537.36 Edg/145.0.0.0"
24.134.46.45 - - [12/Mar/2026:17:33:54 +0100] "GET /wp-content/plugins/elementor/assets/js/text-editor.2c35aafbe5bf0e127950.bundle.min.js HTTP/1.0" 200 4732 "https://autenrieth.inglory.de/impressum/" "Mozilla/5.0 (Windows NT 10.0; Win64; x64) AppleWebKit/537.36 (KHTML, like Gecko) Chrome/145.0.0.0 Safari/537.36 Edg/145.0.0.0"
24.134.46.45 - - [12/Mar/2026:17:33:54 +0100] "GET /wp-content/plugins/borlabs-cookie/assets/images/borlabs-cookie-widget-a.svg HTTP/1.0" 200 5933 "https://autenrieth.inglory.de/impressum/" "Mozilla/5.0 (Windows NT 10.0; Win64; x64) AppleWebKit/537.36 (KHTML, like Gecko) Chrome/145.0.0.0 Safari/537.36 Edg/145.0.0.0"
24.134.46.45 - - [12/Mar/2026:17:33:54 +0100] "POST /mod_pagespeed_beacon?url=https%3A%2F%2Fautenrieth.inglory.de%2Fimpressum%2F HTTP/1.0" 204 3899 "https://autenrieth.inglory.de/impressum/" "Mozilla/5.0 (Windows NT 10.0; Win64; x64) AppleWebKit/537.36 (KHTML, like Gecko) Chrome/145.0.0.0 Safari/537.36 Edg/145.0.0.0"
24.134.46.45 - - [12/Mar/2026:17:33:54 +0100] "GET /wp-content/uploads/2024/02/cropped-Logo-SVG-1-32x32.png HTTP/1.0" 200 5293 "https://autenrieth.inglory.de/impressum/" "Mozilla/5.0 (Windows NT 10.0; Win64; x64) AppleWebKit/537.36 (KHTML, like Gecko) Chrome/145.0.0.0 Safari/537.36 Edg/145.0.0.0"
24.134.46.45 - - [12/Mar/2026:17:33:54 +0100] "GET /wp-includes/js/wp-emoji-release.min.js?ver=6.9.4 HTTP/1.0" 200 9487 "https://autenrieth.inglory.de/impressum/" "Mozilla/5.0 (Windows NT 10.0; Win64; x64) AppleWebKit/537.36 (KHTML, like Gecko) Chrome/145.0.0.0 Safari/537.36 Edg/145.0.0.0"
94.130.90.54 - - [12/Mar/2026:17:34:10 +0100] "GET /wp-content/uploads/elementor/css/post-107.css?ver=1723465678 HTTP/1.1" 304 3406 "https://autenrieth.inglory.de/" "Serf/1.3.9 (mod_pagespeed/1.13.35.2-0)"
94.130.90.54 - - [12/Mar/2026:17:34:10 +0100] "GET /wp-content/uploads/elementor/css/post-183.css?ver=1723465678 HTTP/1.1" 304 3406 "https://autenrieth.inglory.de/" "Serf/1.3.9 (mod_pagespeed/1.13.35.2-0)"
94.130.90.54 - - [12/Mar/2026:17:34:10 +0100] "GET /wp-content/uploads/elementor/css/post-186.css?ver=1723465678 HTTP/1.1" 304 3406 "https://autenrieth.inglory.de/" "Serf/1.3.9 (mod_pagespeed/1.13.35.2-0)"
94.130.90.54 - - [12/Mar/2026:17:34:10 +0100] "GET /wp-content/uploads/elementor/css/post-608.css?ver=1723465678 HTTP/1.1" 304 3406 "https://autenrieth.inglory.de/" "Serf/1.3.9 (mod_pagespeed/1.13.35.2-0)"
24.134.46.45 - - [12/Mar/2026:17:34:08 +0100] "GET / HTTP/1.0" 200 33097 "https://autenrieth.inglory.de/impressum/" "Mozilla/5.0 (Windows NT 10.0; Win64; x64) AppleWebKit/537.36 (KHTML, like Gecko) Chrome/145.0.0.0 Safari/537.36 Edg/145.0.0.0"
94.130.90.54 - - [12/Mar/2026:17:34:10 +0100] "GET /wp-includes/js/imagesloaded.min.js?ver=5.0.0 HTTP/1.1" 304 3406 "https://autenrieth.inglory.de/" "Serf/1.3.9 (mod_pagespeed/1.13.35.2-0)"
94.130.90.54 - - [12/Mar/2026:17:34:10 +0100] "GET /wp-content/uploads/2024/02/Layer-3-3.png HTTP/1.1" 304 3406 "https://autenrieth.inglory.de/" "Serf/1.3.9 (mod_pagespeed/1.13.35.2-0)"
94.130.90.54 - - [12/Mar/2026:17:34:10 +0100] "GET /wp-content/uploads/2024/02/Layer-3-3.png HTTP/1.1" 304 3406 "https://autenrieth.inglory.de/" "Serf/1.3.9 (mod_pagespeed/1.13.35.2-0)"
94.130.90.54 - - [12/Mar/2026:17:34:10 +0100] "GET /wp-content/uploads/2024/02/Layer-3-3-74x300.png HTTP/1.1" 304 3406 "https://autenrieth.inglory.de/" "Serf/1.3.9 (mod_pagespeed/1.13.35.2-0)"
94.130.90.54 - - [12/Mar/2026:17:34:10 +0100] "GET /wp-content/uploads/2024/02/Layer-2-1.png HTTP/1.1" 304 3406 "https://autenrieth.inglory.de/" "Serf/1.3.9 (mod_pagespeed/1.13.35.2-0)"
94.130.90.54 - - [12/Mar/2026:17:34:10 +0100] "GET /wp-content/uploads/2024/02/Layer-2-1.png HTTP/1.1" 304 3406 "https://autenrieth.inglory.de/" "Serf/1.3.9 (mod_pagespeed/1.13.35.2-0)"
94.130.90.54 - - [12/Mar/2026:17:34:10 +0100] "GET /wp-content/uploads/2024/02/Layer-2-1-74x300.png HTTP/1.1" 304 3406 "https://autenrieth.inglory.de/" "Serf/1.3.9 (mod_pagespeed/1.13.35.2-0)"
94.130.90.54 - - [12/Mar/2026:17:34:10 +0100] "GET /wp-content/uploads/2024/02/Layer-3-5.png HTTP/1.1" 304 3406 "https://autenrieth.inglory.de/" "Serf/1.3.9 (mod_pagespeed/1.13.35.2-0)"
94.130.90.54 - - [12/Mar/2026:17:34:10 +0100] "GET /wp-content/uploads/2024/02/Layer-3-5.png HTTP/1.1" 304 3406 "https://autenrieth.inglory.de/" "Serf/1.3.9 (mod_pagespeed/1.13.35.2-0)"
94.130.90.54 - - [12/Mar/2026:17:34:10 +0100] "GET /wp-content/uploads/2024/02/Layer-3-5-74x300.png HTTP/1.1" 304 3406 "https://autenrieth.inglory.de/" "Serf/1.3.9 (mod_pagespeed/1.13.35.2-0)"
94.130.90.54 - - [12/Mar/2026:17:34:10 +0100] "GET /wp-content/uploads/2024/02/red-v3-1-1-2.png HTTP/1.1" 304 3406 "https://autenrieth.inglory.de/" "Serf/1.3.9 (mod_pagespeed/1.13.35.2-0)"
94.130.90.54 - - [12/Mar/2026:17:34:10 +0100] "GET /wp-content/uploads/2024/02/red-v3-1-1-2.png HTTP/1.1" 304 3406 "https://autenrieth.inglory.de/" "Serf/1.3.9 (mod_pagespeed/1.13.35.2-0)"
24.134.46.45 - - [12/Mar/2026:17:34:10 +0100] "GET /wp-content/themes/hello-elementor/assets/css/reset.css,qver=3.4.6.pagespeed.ce.r0uWONaZVx.css HTTP/1.0" 200 5976 "https://autenrieth.inglory.de/" "Mozilla/5.0 (Windows NT 10.0; Win64; x64) AppleWebKit/537.36 (KHTML, like Gecko) Chrome/145.0.0.0 Safari/537.36 Edg/145.0.0.0"
94.130.90.54 - - [12/Mar/2026:17:34:10 +0100] "GET /wp-content/uploads/2024/02/red-v3-1-1-2-74x300.png HTTP/1.1" 304 3406 "https://autenrieth.inglory.de/" "Serf/1.3.9 (mod_pagespeed/1.13.35.2-0)"
24.134.46.45 - - [12/Mar/2026:17:34:10 +0100] "GET /wp-content/themes/hello-elementor/assets/css/header-footer.css,qver=3.4.6.pagespeed.ce.htu0eVW7nb.css HTTP/1.0" 200 5563 "https://autenrieth.inglory.de/" "Mozilla/5.0 (Windows NT 10.0; Win64; x64) AppleWebKit/537.36 (KHTML, like Gecko) Chrome/145.0.0.0 Safari/537.36 Edg/145.0.0.0"
94.130.90.54 - - [12/Mar/2026:17:34:10 +0100] "GET /wp-content/uploads/2024/02/Traditional-Line-1.png HTTP/1.1" 304 3406 "https://autenrieth.inglory.de/" "Serf/1.3.9 (mod_pagespeed/1.13.35.2-0)"
24.134.46.45 - - [12/Mar/2026:17:34:10 +0100] "GET /wp-content/uploads/elementor/css/A.post-281.css,qver=1723465678.pagespeed.cf.XCG_GVcWQ2.css HTTP/1.0" 200 5673 "https://autenrieth.inglory.de/" "Mozilla/5.0 (Windows NT 10.0; Win64; x64) AppleWebKit/537.36 (KHTML, like Gecko) Chrome/145.0.0.0 Safari/537.36 Edg/145.0.0.0"
24.134.46.45 - - [12/Mar/2026:17:34:10 +0100] "GET /wp-content/plugins/mystickyelements-pro/css/A.mystickyelements-front.min.css,qver=2.0.7.pagespeed.cf.Rih4iCCZha.css HTTP/1.0" 200 18258 "https://autenrieth.inglory.de/" "Mozilla/5.0 (Windows NT 10.0; Win64; x64) AppleWebKit/537.36 (KHTML, like Gecko) Chrome/145.0.0.0 Safari/537.36 Edg/145.0.0.0"
24.134.46.45 - - [12/Mar/2026:17:34:10 +0100] "GET /wp-content/plugins/mystickyelements-pro/intl-tel-input-src/build/css/A.intlTelInput.css,qver=2.0.7.pagespeed.cf.IOX6y97evN.css HTTP/1.0" 200 7110 "https://autenrieth.inglory.de/" "Mozilla/5.0 (Windows NT 10.0; Win64; x64) AppleWebKit/537.36 (KHTML, like Gecko) Chrome/145.0.0.0 Safari/537.36 Edg/145.0.0.0"
24.134.46.45 - - [12/Mar/2026:17:34:10 +0100] "GET /wp-content/uploads/elementor/css/A.post-7.css,qver=1723465678.pagespeed.cf.7I9b0YqvI0.css HTTP/1.0" 200 10773 "https://autenrieth.inglory.de/" "Mozilla/5.0 (Windows NT 10.0; Win64; x64) AppleWebKit/537.36 (KHTML, like Gecko) Chrome/145.0.0.0 Safari/537.36 Edg/145.0.0.0"
24.134.46.45 - - [12/Mar/2026:17:34:10 +0100] "GET /wp-content/uploads/elementor/css/post-19.css?ver=1723465678 HTTP/1.0" 200 11304 "https://autenrieth.inglory.de/" "Mozilla/5.0 (Windows NT 10.0; Win64; x64) AppleWebKit/537.36 (KHTML, like Gecko) Chrome/145.0.0.0 Safari/537.36 Edg/145.0.0.0"
24.134.46.45 - - [12/Mar/2026:17:34:10 +0100] "GET /wp-content/plugins/elementor/assets/lib/eicons/css/A.elementor-icons.min.css,qver=5.30.0.pagespeed.cf.aHMuBxXHzb.css HTTP/1.0" 200 8230 "https://autenrieth.inglory.de/" "Mozilla/5.0 (Windows NT 10.0; Win64; x64) AppleWebKit/537.36 (KHTML, like Gecko) Chrome/145.0.0.0 Safari/537.36 Edg/145.0.0.0"
94.130.90.54 - - [12/Mar/2026:17:34:10 +0100] "GET /wp-content/uploads/2024/02/Traditional-Line-1.png HTTP/1.1" 304 3406 "https://autenrieth.inglory.de/" "Serf/1.3.9 (mod_pagespeed/1.13.35.2-0)"
24.134.46.45 - - [12/Mar/2026:17:34:10 +0100] "GET /wp-content/uploads/elementor/css/A.post-388.css,qver=1723465678.pagespeed.cf.5cGqs5akQO.css HTTP/1.0" 200 12346 "https://autenrieth.inglory.de/" "Mozilla/5.0 (Windows NT 10.0; Win64; x64) AppleWebKit/537.36 (KHTML, like Gecko) Chrome/145.0.0.0 Safari/537.36 Edg/145.0.0.0"
94.130.90.54 - - [12/Mar/2026:17:34:10 +0100] "GET /wp-content/uploads/2024/02/Traditional-Line-1-300x264.png HTTP/1.1" 304 3406 "https://autenrieth.inglory.de/" "Serf/1.3.9 (mod_pagespeed/1.13.35.2-0)"
24.134.46.45 - - [12/Mar/2026:17:34:10 +0100] "GET /wp-content/uploads/elementor/css/A.custom-frontend-lite.min.css,qver=1723465678.pagespeed.cf.6iuHL0lgWF.css HTTP/1.0" 200 216749 "https://autenrieth.inglory.de/" "Mozilla/5.0 (Windows NT 10.0; Win64; x64) AppleWebKit/537.36 (KHTML, like Gecko) Chrome/145.0.0.0 Safari/537.36 Edg/145.0.0.0"
24.134.46.45 - - [12/Mar/2026:17:34:10 +0100] "GET /wp-content/uploads/elementor/css/post-162.css?ver=1723465679 HTTP/1.0" 200 5448 "https://autenrieth.inglory.de/" "Mozilla/5.0 (Windows NT 10.0; Win64; x64) AppleWebKit/537.36 (KHTML, like Gecko) Chrome/145.0.0.0 Safari/537.36 Edg/145.0.0.0"
94.130.90.54 - - [12/Mar/2026:17:34:10 +0100] "GET /wp-content/uploads/2024/02/Traditional-Line-1-768x675.png HTTP/1.1" 304 3407 "https://autenrieth.inglory.de/" "Serf/1.3.9 (mod_pagespeed/1.13.35.2-0)"
24.134.46.45 - - [12/Mar/2026:17:34:10 +0100] "GET /wp-content/cache/borlabs-cookie/1/A.borlabs-cookie-1-de.css,qver=3.0.1-425.pagespeed.cf.ZW6QnaYjdc.css HTTP/1.0" 200 105517 "https://autenrieth.inglory.de/" "Mozilla/5.0 (Windows NT 10.0; Win64; x64) AppleWebKit/537.36 (KHTML, like Gecko) Chrome/145.0.0.0 Safari/537.36 Edg/145.0.0.0"
94.130.90.54 - - [12/Mar/2026:17:34:10 +0100] "GET /wp-content/uploads/2024/02/silver-1.jpg HTTP/1.1" 304 3406 "https://autenrieth.inglory.de/" "Serf/1.3.9 (mod_pagespeed/1.13.35.2-0)"
24.134.46.45 - - [12/Mar/2026:17:34:10 +0100] "GET /wp-content/uploads/elementor/css/post-183.css?ver=1723465678 HTTP/1.0" 200 5197 "https://autenrieth.inglory.de/" "Mozilla/5.0 (Windows NT 10.0; Win64; x64) AppleWebKit/537.36 (KHTML, like Gecko) Chrome/145.0.0.0 Safari/537.36 Edg/145.0.0.0"
24.134.46.45 - - [12/Mar/2026:17:34:10 +0100] "GET /wp-content/plugins/mystickyelements-pro/css/A.font-awesome.min.css,qver=2.0.7.pagespeed.cf.4o9rjSkGlP.css HTTP/1.0" 200 58493 "https://autenrieth.inglory.de/" "Mozilla/5.0 (Windows NT 10.0; Win64; x64) AppleWebKit/537.36 (KHTML, like Gecko) Chrome/145.0.0.0 Safari/537.36 Edg/145.0.0.0"
24.134.46.45 - - [12/Mar/2026:17:34:10 +0100] "GET /wp-content/plugins/elementor/assets/lib/font-awesome/css/A.fontawesome.min.css,qver=5.15.3.pagespeed.cf.OnyloIe9DI.css HTTP/1.0" 200 62319 "https://autenrieth.inglory.de/" "Mozilla/5.0 (Windows NT 10.0; Win64; x64) AppleWebKit/537.36 (KHTML, like Gecko) Chrome/145.0.0.0 Safari/537.36 Edg/145.0.0.0"
24.134.46.45 - - [12/Mar/2026:17:34:10 +0100] "GET /wp-content/cache/borlabs-cookie/1/borlabs-cookie-config-de.json.js,qver=3.0.1-428.pagespeed.jm.LqjWzSZ5Xp.js HTTP/1.0" 200 20186 "https://autenrieth.inglory.de/" "Mozilla/5.0 (Windows NT 10.0; Win64; x64) AppleWebKit/537.36 (KHTML, like Gecko) Chrome/145.0.0.0 Safari/537.36 Edg/145.0.0.0"
94.130.90.54 - - [12/Mar/2026:17:34:10 +0100] "GET /wp-content/uploads/2024/02/silver-1.jpg HTTP/1.1" 304 3406 "https://autenrieth.inglory.de/" "Serf/1.3.9 (mod_pagespeed/1.13.35.2-0)"
24.134.46.45 - - [12/Mar/2026:17:34:10 +0100] "GET /wp-content/uploads/elementor/css/post-186.css?ver=1723465678 HTTP/1.0" 200 5201 "https://autenrieth.inglory.de/" "Mozilla/5.0 (Windows NT 10.0; Win64; x64) AppleWebKit/537.36 (KHTML, like Gecko) Chrome/145.0.0.0 Safari/537.36 Edg/145.0.0.0"
24.134.46.45 - - [12/Mar/2026:17:34:10 +0100] "GET /wp-includes/js/jquery/jquery-migrate.min.js,qver=3.4.1.pagespeed.jm.bhhu-RahTI.js HTTP/1.0" 200 17773 "https://autenrieth.inglory.de/" "Mozilla/5.0 (Windows NT 10.0; Win64; x64) AppleWebKit/537.36 (KHTML, like Gecko) Chrome/145.0.0.0 Safari/537.36 Edg/145.0.0.0"
24.134.46.45 - - [12/Mar/2026:17:34:10 +0100] "GET /wp-content/uploads/elementor/css/post-608.css?ver=1723465678 HTTP/1.0" 200 5203 "https://autenrieth.inglory.de/" "Mozilla/5.0 (Windows NT 10.0; Win64; x64) AppleWebKit/537.36 (KHTML, like Gecko) Chrome/145.0.0.0 Safari/537.36 Edg/145.0.0.0"
24.134.46.45 - - [12/Mar/2026:17:34:10 +0100] "GET /wp-includes/js/jquery/jquery.min.js,qver=3.7.1.pagespeed.jm.PoWN7KAtLT.js HTTP/1.0" 200 91859 "https://autenrieth.inglory.de/" "Mozilla/5.0 (Windows NT 10.0; Win64; x64) AppleWebKit/537.36 (KHTML, like Gecko) Chrome/145.0.0.0 Safari/537.36 Edg/145.0.0.0"
24.134.46.45 - - [12/Mar/2026:17:34:10 +0100] "GET /wp-content/uploads/elementor/css/A.post-107.css,qver=1723465678.pagespeed.cf.l3hllbBXhh.css HTTP/1.0" 200 11148 "https://autenrieth.inglory.de/" "Mozilla/5.0 (Windows NT 10.0; Win64; x64) AppleWebKit/537.36 (KHTML, like Gecko) Chrome/145.0.0.0 Safari/537.36 Edg/145.0.0.0"
94.130.90.54 - - [12/Mar/2026:17:34:10 +0100] "GET /wp-content/uploads/2024/02/silver-1-300x263.jpg HTTP/1.1" 304 3406 "https://autenrieth.inglory.de/" "Serf/1.3.9 (mod_pagespeed/1.13.35.2-0)"
24.134.46.45 - - [12/Mar/2026:17:34:10 +0100] "GET /wp-content/uploads/elementor/css/post-696.css?ver=1723465679 HTTP/1.0" 200 5475 "https://autenrieth.inglory.de/" "Mozilla/5.0 (Windows NT 10.0; Win64; x64) AppleWebKit/537.36 (KHTML, like Gecko) Chrome/145.0.0.0 Safari/537.36 Edg/145.0.0.0"
24.134.46.45 - - [12/Mar/2026:17:34:10 +0100] "GET /wp-content/uploads/elementor/css/post-679.css?ver=1723465679 HTTP/1.0" 200 5471 "https://autenrieth.inglory.de/" "Mozilla/5.0 (Windows NT 10.0; Win64; x64) AppleWebKit/537.36 (KHTML, like Gecko) Chrome/145.0.0.0 Safari/537.36 Edg/145.0.0.0"
24.134.46.45 - - [12/Mar/2026:17:34:10 +0100] "GET /wp-content/uploads/elementor/css/post-688.css?ver=1723465679 HTTP/1.0" 200 5489 "https://autenrieth.inglory.de/" "Mozilla/5.0 (Windows NT 10.0; Win64; x64) AppleWebKit/537.36 (KHTML, like Gecko) Chrome/145.0.0.0 Safari/537.36 Edg/145.0.0.0"
24.134.46.45 - - [12/Mar/2026:17:34:10 +0100] "GET /wp-content/plugins/elementor-pro/assets/css/widget-carousel.min.css HTTP/1.0" 200 7392 "https://autenrieth.inglory.de/" "Mozilla/5.0 (Windows NT 10.0; Win64; x64) AppleWebKit/537.36 (KHTML, like Gecko) Chrome/145.0.0.0 Safari/537.36 Edg/145.0.0.0"
94.130.90.54 - - [12/Mar/2026:17:34:10 +0100] "GET /wp-content/uploads/2024/02/silver-1-768x673.jpg HTTP/1.1" 304 3406 "https://autenrieth.inglory.de/" "Serf/1.3.9 (mod_pagespeed/1.13.35.2-0)"
94.130.90.54 - - [12/Mar/2026:17:34:10 +0100] "GET /wp-content/uploads/2024/02/gold-1.png HTTP/1.1" 304 3406 "https://autenrieth.inglory.de/" "Serf/1.3.9 (mod_pagespeed/1.13.35.2-0)"
24.134.46.45 - - [12/Mar/2026:17:34:10 +0100] "GET /wp-content/uploads/elementor/css/A.post-753.css,qver=1723465679.pagespeed.cf.SzPR3J2IHw.css HTTP/1.0" 200 10359 "https://autenrieth.inglory.de/" "Mozilla/5.0 (Windows NT 10.0; Win64; x64) AppleWebKit/537.36 (KHTML, like Gecko) Chrome/145.0.0.0 Safari/537.36 Edg/145.0.0.0"
94.130.90.54 - - [12/Mar/2026:17:34:10 +0100] "GET /wp-content/uploads/2024/02/gold-1.png HTTP/1.1" 304 3406 "https://autenrieth.inglory.de/" "Serf/1.3.9 (mod_pagespeed/1.13.35.2-0)"
94.130.90.54 - - [12/Mar/2026:17:34:10 +0100] "GET /wp-content/uploads/2024/02/gold-1-300x264.png HTTP/1.1" 304 3406 "https://autenrieth.inglory.de/" "Serf/1.3.9 (mod_pagespeed/1.13.35.2-0)"
94.130.90.54 - - [12/Mar/2026:17:34:10 +0100] "GET /wp-content/uploads/2024/02/gold-1-768x676.png HTTP/1.1" 304 3407 "https://autenrieth.inglory.de/" "Serf/1.3.9 (mod_pagespeed/1.13.35.2-0)"
94.130.90.54 - - [12/Mar/2026:17:34:10 +0100] "GET /wp-content/uploads/2024/02/Group-1261156729-1.png HTTP/1.1" 304 3407 "https://autenrieth.inglory.de/" "Serf/1.3.9 (mod_pagespeed/1.13.35.2-0)"
94.130.90.54 - - [12/Mar/2026:17:34:10 +0100] "GET /wp-content/uploads/2024/02/Group-1261156729-1.png HTTP/1.1" 304 3407 "https://autenrieth.inglory.de/" "Serf/1.3.9 (mod_pagespeed/1.13.35.2-0)"
24.134.46.45 - - [12/Mar/2026:17:34:10 +0100] "GET /wp-content/plugins/elementor/assets/lib/animations/animations.min.css,qver=3.23.4.pagespeed.ce.RgG6VQREE3.css HTTP/1.0" 200 6777 "https://autenrieth.inglory.de/" "Mozilla/5.0 (Windows NT 10.0; Win64; x64) AppleWebKit/537.36 (KHTML, like Gecko) Chrome/145.0.0.0 Safari/537.36 Edg/145.0.0.0"
94.130.90.54 - - [12/Mar/2026:17:34:10 +0100] "GET /wp-content/uploads/2024/02/Group-1261156729-1-168x300.png HTTP/1.1" 304 3406 "https://autenrieth.inglory.de/" "Serf/1.3.9 (mod_pagespeed/1.13.35.2-0)"
94.130.90.54 - - [12/Mar/2026:17:34:10 +0100] "GET /wp-content/uploads/2024/02/Group-1261156729-1-572x1024.png HTTP/1.1" 304 3407 "https://autenrieth.inglory.de/" "Serf/1.3.9 (mod_pagespeed/1.13.35.2-0)"
94.130.90.54 - - [12/Mar/2026:17:34:10 +0100] "GET /wp-content/uploads/2024/02/Frame-1261156729-2-1.jpg HTTP/1.1" 304 3407 "https://autenrieth.inglory.de/" "Serf/1.3.9 (mod_pagespeed/1.13.35.2-0)"
94.130.90.54 - - [12/Mar/2026:17:34:10 +0100] "GET /wp-content/uploads/2024/02/Frame-1261156729-2-1.jpg HTTP/1.1" 304 3407 "https://autenrieth.inglory.de/" "Serf/1.3.9 (mod_pagespeed/1.13.35.2-0)"
94.130.90.54 - - [12/Mar/2026:17:34:10 +0100] "GET /wp-content/uploads/2024/02/Frame-1261156729-2-1-265x300.jpg HTTP/1.1" 304 3406 "https://autenrieth.inglory.de/" "Serf/1.3.9 (mod_pagespeed/1.13.35.2-0)"
94.130.90.54 - - [12/Mar/2026:17:34:10 +0100] "GET /wp-content/uploads/2024/04/Group-1261156712-1.png HTTP/1.1" 304 3406 "https://autenrieth.inglory.de/" "Serf/1.3.9 (mod_pagespeed/1.13.35.2-0)"
94.130.90.54 - - [12/Mar/2026:17:34:10 +0100] "GET /wp-content/uploads/2024/02/Group-1261156732-1-1.jpg HTTP/1.1" 304 3407 "https://autenrieth.inglory.de/" "Serf/1.3.9 (mod_pagespeed/1.13.35.2-0)"
94.130.90.54 - - [12/Mar/2026:17:34:10 +0100] "GET /wp-content/uploads/2024/02/Group-1261156732-1-1.jpg HTTP/1.1" 304 3407 "https://autenrieth.inglory.de/" "Serf/1.3.9 (mod_pagespeed/1.13.35.2-0)"
94.130.90.54 - - [12/Mar/2026:17:34:10 +0100] "GET /wp-content/uploads/2024/02/Group-1261156732-1-1-290x300.jpg HTTP/1.1" 304 3406 "https://autenrieth.inglory.de/" "Serf/1.3.9 (mod_pagespeed/1.13.35.2-0)"
