192.178.15.3 - - [12/Mar/2026:20:01:43 +0100] "GET /wp-content/plugins/borlabs-cookie/assets/css/base-button.38f38120.min.css HTTP/1.0" 200 4297 "https://autenrieth.inglory.de/" "Mozilla/5.0 (X11; Linux x86_64) AppleWebKit/537.36 (KHTML, like Gecko) Chrome/121.0.0.0 Safari/537.36"
66.249.84.104 - - [12/Mar/2026:20:01:43 +0100] "GET /wp-content/plugins/mystickyelements-pro/intl-tel-input-src,_build,_js,_intlTelInput.js,qver==2.0.7+js,_jquery.cookie.js,qver==2.0.7.pagespeed.jc.XGW1SXPSoy.js HTTP/1.0" 200 17641 "https://autenrieth.inglory.de/" "Mozilla/5.0 (Linux; U; Android 4.3; en-us; SM-N900T Build/JSS15J) AppleWebKit/534.30 (KHTML, like Gecko) Version/4.0 Mobile Safari/534.30"
74.125.210.32 - - [12/Mar/2026:20:01:43 +0100] "GET /wp-content/uploads/2024/02/Silver-4-1.png HTTP/1.0" 200 11673 "https://autenrieth.inglory.de/" "Mozilla/5.0 (Linux; U; Android 4.3; en-us; SM-N900T Build/JSS15J) AppleWebKit/534.30 (KHTML, like Gecko) Version/4.0 Mobile Safari/534.30"
66.249.84.106 - - [12/Mar/2026:20:01:43 +0100] "GET /wp-content/uploads/2024/02/xOBJECTS-1.png.pagespeed.ic.Rzd29v4TL9.webp HTTP/1.0" 200 27083 "https://autenrieth.inglory.de/datenschutz/" "Mozilla/5.0 (X11; Linux x86_64) AppleWebKit/537.36 (KHTML, like Gecko) Chrome/121.0.0.0 Safari/537.36"
66.249.84.104 - - [12/Mar/2026:20:01:43 +0100] "GET /wp-content/uploads/2024/03/line.svg HTTP/1.0" 200 4357 "https://autenrieth.inglory.de/datenschutz/" "Mozilla/5.0 (X11; Linux x86_64) AppleWebKit/537.36 (KHTML, like Gecko) Chrome/121.0.0.0 Safari/537.36"
66.249.84.104 - - [12/Mar/2026:20:01:43 +0100] "GET /wp-content/uploads/2024/02/x-close.svg HTTP/1.0" 200 4208 "https://autenrieth.inglory.de/author/inglory/" "Mozilla/5.0 (X11; Linux x86_64) AppleWebKit/537.36 (KHTML, like Gecko) Chrome/121.0.0.0 Safari/537.36"
66.249.84.104 - - [12/Mar/2026:20:01:43 +0100] "GET /wp-content/uploads/2024/03/line.svg HTTP/1.0" 200 4357 "https://autenrieth.inglory.de/datenschutz/" "Mozilla/5.0 (Linux; U; Android 4.3; en-us; SM-N900T Build/JSS15J) AppleWebKit/534.30 (KHTML, like Gecko) Version/4.0 Mobile Safari/534.30"
66.249.84.104 - - [12/Mar/2026:20:01:43 +0100] "GET /wp-content/uploads/2024/02/OBJECTS-2-1.svg HTTP/1.0" 200 75245 "https://autenrieth.inglory.de/author/inglory/" "Mozilla/5.0 (X11; Linux x86_64) AppleWebKit/537.36 (KHTML, like Gecko) Chrome/121.0.0.0 Safari/537.36"
66.249.84.104 - - [12/Mar/2026:20:01:43 +0100] "GET /wp-content/uploads/2024/02/OBJECTS-2-2.svg HTTP/1.0" 200 59532 "https://autenrieth.inglory.de/datenschutz/" "Mozilla/5.0 (Linux; U; Android 4.3; en-us; SM-N900T Build/JSS15J) AppleWebKit/534.30 (KHTML, like Gecko) Version/4.0 Mobile Safari/534.30"
66.249.84.104 - - [12/Mar/2026:20:01:43 +0100] "GET /wp-content/plugins/elementor/assets/js/frontend.min.js,qver=3.23.4.pagespeed.ce.bmZuhK0yOD.js HTTP/1.0" 200 16448 "https://autenrieth.inglory.de/datenschutz/" "Mozilla/5.0 (Linux; U; Android 4.3; en-us; SM-N900T Build/JSS15J) AppleWebKit/534.30 (KHTML, like Gecko) Version/4.0 Mobile Safari/534.30"
66.249.84.105 - - [12/Mar/2026:20:01:43 +0100] "GET /wp-content/uploads/2024/02/OBJECTS-1-1.svg HTTP/1.0" 200 78472 "https://autenrieth.inglory.de/datenschutz/" "Mozilla/5.0 (Linux; U; Android 4.3; en-us; SM-N900T Build/JSS15J) AppleWebKit/534.30 (KHTML, like Gecko) Version/4.0 Mobile Safari/534.30"
66.249.84.106 - - [12/Mar/2026:20:01:43 +0100] "GET /wp-content/uploads/2024/02/OBJECTS-2-2.svg HTTP/1.0" 200 59532 "https://autenrieth.inglory.de/impressum/" "Mozilla/5.0 (Linux; U; Android 4.3; en-us; SM-N900T Build/JSS15J) AppleWebKit/534.30 (KHTML, like Gecko) Version/4.0 Mobile Safari/534.30"
66.249.84.105 - - [12/Mar/2026:20:01:43 +0100] "GET /wp-content/uploads/2024/02/xOBJECTS-1-1.png.pagespeed.ic.WXq6RLtBjd.webp HTTP/1.0" 200 15587 "https://autenrieth.inglory.de/wp-content/uploads/elementor/css/A.post-19.css,qver=1723465678.pagespeed.cf.lklr-ao2vH.css" "Mozilla/5.0 (X11; Linux x86_64) AppleWebKit/537.36 (KHTML, like Gecko) Chrome/121.0.0.0 Safari/537.36"
66.249.84.104 - - [12/Mar/2026:20:01:43 +0100] "GET /wp-content/uploads/2024/02/x-close.svg HTTP/1.0" 200 4208 "https://autenrieth.inglory.de/author/inglory/" "Mozilla/5.0 (X11; Linux x86_64) AppleWebKit/537.36 (KHTML, like Gecko) Chrome/121.0.0.0 Safari/537.36"
66.249.84.104 - - [12/Mar/2026:20:01:43 +0100] "GET /wp-content/plugins/elementor/assets/lib/font-awesome/webfonts/fa-solid-900.woff2 HTTP/1.0" 200 82335 "https://autenrieth.inglory.de/datenschutz/" "Mozilla/5.0 (Linux; U; Android 4.3; en-us; SM-N900T Build/JSS15J) AppleWebKit/534.30 (KHTML, like Gecko) Version/4.0 Mobile Safari/534.30"
74.125.210.38 - - [12/Mar/2026:20:01:43 +0100] "GET /wp-content/plugins/elementor/assets/lib/eicons/fonts/eicons.woff2?5.30.0 HTTP/1.0" 200 101293 "https://autenrieth.inglory.de/wp-content/plugins/elementor/assets/lib/eicons/css/A.elementor-icons.min.css,qver=5.30.0.pagespeed.cf.aHMuBxXHzb.css" "Mozilla/5.0 (X11; Linux x86_64) AppleWebKit/537.36 (KHTML, like Gecko) Chrome/121.0.0.0 Safari/537.36"
74.125.210.38 - - [12/Mar/2026:20:01:43 +0100] "GET /wp-content/uploads/2024/02/Gold-1-1.png HTTP/1.0" 200 10940 "https://autenrieth.inglory.de/" "Mozilla/5.0 (Linux; U; Android 4.3; en-us; SM-N900T Build/JSS15J) AppleWebKit/534.30 (KHTML, like Gecko) Version/4.0 Mobile Safari/534.30"
74.125.210.38 - - [12/Mar/2026:20:01:43 +0100] "GET /wp-content/uploads/2024/02/Layer-2-1-1.png HTTP/1.0" 200 39758 "https://autenrieth.inglory.de/" "Mozilla/5.0 (Linux; U; Android 4.3; en-us; SM-N900T Build/JSS15J) AppleWebKit/534.30 (KHTML, like Gecko) Version/4.0 Mobile Safari/534.30"
192.178.15.2 - - [12/Mar/2026:20:01:43 +0100] "GET /wp-content/plugins/borlabs-cookie/assets/css/borlabs-cookie-box.50ba957b.min.css HTTP/1.0" 200 4970 "https://autenrieth.inglory.de/" "Mozilla/5.0 (X11; Linux x86_64) AppleWebKit/537.36 (KHTML, like Gecko) Chrome/121.0.0.0 Safari/537.36"
192.178.15.2 - - [12/Mar/2026:20:01:43 +0100] "GET /wp-content/plugins/borlabs-cookie/assets/css/borlabs-cookie-box.50ba957b.min.css HTTP/1.0" 200 4970 "https://autenrieth.inglory.de/" "Mozilla/5.0 (X11; Linux x86_64) AppleWebKit/537.36 (KHTML, like Gecko) Chrome/121.0.0.0 Safari/537.36"
192.178.15.3 - - [12/Mar/2026:20:01:43 +0100] "GET /wp-content/plugins/borlabs-cookie/assets/css/borlabs-cookie-box.50ba957b.min.css HTTP/1.0" 200 4970 "https://autenrieth.inglory.de/" "Mozilla/5.0 (X11; Linux x86_64) AppleWebKit/537.36 (KHTML, like Gecko) Chrome/121.0.0.0 Safari/537.36"
74.125.210.38 - - [12/Mar/2026:20:01:43 +0100] "GET /wp-content/plugins/borlabs-cookie/assets/javascript/vue.a50c3feb.min.js HTTP/1.0" 200 30817 "https://autenrieth.inglory.de/wp-content/plugins/borlabs-cookie/assets/javascript/borlabs-cookie.min.js,qver=3.0.1.pagespeed.ce.Mi8-j8D_PK.js" "Mozilla/5.0 (Linux; U; Android 4.3; en-us; SM-N900T Build/JSS15J) AppleWebKit/534.30 (KHTML, like Gecko) Version/4.0 Mobile Safari/534.30"
192.178.15.3 - - [12/Mar/2026:20:01:43 +0100] "GET /wp-content/uploads/2024/02/Frame-1261156714-1.png.pagespeed.ce.q73933vK6c.png HTTP/1.0" 200 50975 "https://autenrieth.inglory.de/" "Mozilla/5.0 (Linux; U; Android 4.3; en-us; SM-N900T Build/JSS15J) AppleWebKit/534.30 (KHTML, like Gecko) Version/4.0 Mobile Safari/534.30"
192.178.15.1 - - [12/Mar/2026:20:01:43 +0100] "GET /wp-content/plugins/borlabs-cookie/assets/javascript/borlabs-cookie-box.cd3478fc.min.js HTTP/1.0" 200 16958 "-" "Mozilla/5.0 (X11; Linux x86_64) AppleWebKit/537.36 (KHTML, like Gecko) Chrome/121.0.0.0 Safari/537.36"
66.249.84.105 - - [12/Mar/2026:20:01:43 +0100] "GET /wp-content,_plugins,_mystickyelements-pro,_js,_mystickyelements-fronted.min.js,qver==2.0.7+wp-content,_plugins,_elementor-pro,_assets,_lib,_smartmenus,_jquery.smartmenus.min.js,qver==1.2.1+wp-includes,_js,_imagesloaded.min.js,qver==5.0.0.pagespeed.jc.8a_Umt4pgb.js HTTP/1.0" 200 17761 "https://autenrieth.inglory.de/" "Mozilla/5.0 (Linux; U; Android 4.3; en-us; SM-N900T Build/JSS15J) AppleWebKit/534.30 (KHTML, like Gecko) Version/4.0 Mobile Safari/534.30"
66.249.84.104 - - [12/Mar/2026:20:01:43 +0100] "GET /wp-content/uploads/2024/02/OBJECTS-2-2.svg HTTP/1.0" 200 59532 "https://autenrieth.inglory.de/datenschutz/" "Mozilla/5.0 (X11; Linux x86_64) AppleWebKit/537.36 (KHTML, like Gecko) Chrome/121.0.0.0 Safari/537.36"
66.249.84.105 - - [12/Mar/2026:20:01:43 +0100] "GET /wp-content/uploads/2024/02/OBJECTS-2-1.svg HTTP/1.0" 200 75245 "https://autenrieth.inglory.de/author/inglory/" "Mozilla/5.0 (X11; Linux x86_64) AppleWebKit/537.36 (KHTML, like Gecko) Chrome/121.0.0.0 Safari/537.36"
192.178.15.1 - - [12/Mar/2026:20:01:43 +0100] "GET /wp-content/plugins/borlabs-cookie/assets/javascript/borlabs-cookie-box.cd3478fc.min.js HTTP/1.0" 200 16958 "-" "Mozilla/5.0 (X11; Linux x86_64) AppleWebKit/537.36 (KHTML, like Gecko) Chrome/121.0.0.0 Safari/537.36"
66.249.84.104 - - [12/Mar/2026:20:01:43 +0100] "GET /wp-content/plugins/elementor/assets/lib/font-awesome/webfonts/fa-solid-900.woff2 HTTP/1.0" 200 82335 "https://autenrieth.inglory.de/author/inglory/" "Mozilla/5.0 (X11; Linux x86_64) AppleWebKit/537.36 (KHTML, like Gecko) Chrome/121.0.0.0 Safari/537.36"
66.249.84.106 - - [12/Mar/2026:20:01:43 +0100] "GET /wp-content/uploads/2024/02/xOBJECTS-1.png.pagespeed.ic.Rzd29v4TL9.webp HTTP/1.0" 200 27083 "https://autenrieth.inglory.de/" "Mozilla/5.0 (X11; Linux x86_64) AppleWebKit/537.36 (KHTML, like Gecko) Chrome/121.0.0.0 Safari/537.36"
66.249.84.104 - - [12/Mar/2026:20:01:43 +0100] "GET /wp-content/plugins/elementor/assets/lib/font-awesome/webfonts/fa-brands-400.woff2 HTTP/1.0" 200 85751 "https://autenrieth.inglory.de/" "Mozilla/5.0 (Linux; U; Android 4.3; en-us; SM-N900T Build/JSS15J) AppleWebKit/534.30 (KHTML, like Gecko) Version/4.0 Mobile Safari/534.30"
74.125.210.32 - - [12/Mar/2026:20:01:43 +0100] "GET /wp-content/uploads/2024/02/OBJECTS.svg HTTP/1.0" 200 120214 "https://autenrieth.inglory.de/" "Mozilla/5.0 (X11; Linux x86_64) AppleWebKit/537.36 (KHTML, like Gecko) Chrome/121.0.0.0 Safari/537.36"
66.249.84.106 - - [12/Mar/2026:20:01:43 +0100] "GET /wp-content/plugins/elementor/assets/lib/font-awesome/webfonts/fa-brands-400.woff2 HTTP/1.0" 200 85751 "https://autenrieth.inglory.de/author/inglory/" "Mozilla/5.0 (X11; Linux x86_64) AppleWebKit/537.36 (KHTML, like Gecko) Chrome/121.0.0.0 Safari/537.36"
66.249.84.105 - - [12/Mar/2026:20:01:43 +0100] "GET /wp-content/uploads/2024/02/OBJECTS.svg HTTP/1.0" 200 120214 "https://autenrieth.inglory.de/" "Mozilla/5.0 (X11; Linux x86_64) AppleWebKit/537.36 (KHTML, like Gecko) Chrome/121.0.0.0 Safari/537.36"
66.249.84.106 - - [12/Mar/2026:20:01:43 +0100] "GET /wp-content/uploads/2024/02/hero-1.png.pagespeed.ce.WcPKcTFLhR.png HTTP/1.0" 200 752378 "https://autenrieth.inglory.de/wp-content/uploads/elementor/css/A.post-19.css,qver=1723465678.pagespeed.cf.5Jm6GPysju.css" "Mozilla/5.0 (Linux; U; Android 4.3; en-us; SM-N900T Build/JSS15J) AppleWebKit/534.30 (KHTML, like Gecko) Version/4.0 Mobile Safari/534.30"
192.178.15.3 - - [12/Mar/2026:20:01:43 +0100] "GET /wp-content/plugins/borlabs-cookie/assets/javascript/borlabs-cookie-box.cd3478fc.min.js HTTP/1.0" 200 16958 "-" "Mozilla/5.0 (X11; Linux x86_64) AppleWebKit/537.36 (KHTML, like Gecko) Chrome/121.0.0.0 Safari/537.36"
192.178.15.1 - - [12/Mar/2026:20:01:43 +0100] "GET /wp-content/plugins/borlabs-cookie/assets/javascript/_plugin-vue_export-helper.c27b6911.min.js HTTP/1.0" 200 4302 "-" "Mozilla/5.0 (X11; Linux x86_64) AppleWebKit/537.36 (KHTML, like Gecko) Chrome/121.0.0.0 Safari/537.36"
192.178.15.2 - - [12/Mar/2026:20:01:43 +0100] "GET /wp-content/plugins/borlabs-cookie/assets/javascript/_plugin-vue_export-helper.c27b6911.min.js HTTP/1.0" 200 4302 "-" "Mozilla/5.0 (X11; Linux x86_64) AppleWebKit/537.36 (KHTML, like Gecko) Chrome/121.0.0.0 Safari/537.36"
66.249.84.106 - - [12/Mar/2026:20:01:43 +0100] "GET /wp-content/plugins/elementor/assets/js/webpack.runtime.min.js?ver=3.23.4 HTTP/1.0" 200 6427 "https://autenrieth.inglory.de/impressum/" "Mozilla/5.0 (X11; Linux x86_64) AppleWebKit/537.36 (KHTML, like Gecko) Chrome/121.0.0.0 Safari/537.36"
66.249.84.106 - - [12/Mar/2026:20:01:43 +0100] "GET /wp-content/plugins/borlabs-cookie/assets/javascript/init.d0a8a83e.min.js HTTP/1.0" 200 14921 "https://autenrieth.inglory.de/wp-content/plugins/borlabs-cookie/assets/javascript/borlabs-cookie.min.js,qver=3.0.1.pagespeed.ce.Mi8-j8D_PK.js" "Mozilla/5.0 (X11; Linux x86_64) AppleWebKit/537.36 (KHTML, like Gecko) Chrome/121.0.0.0 Safari/537.36"
74.125.210.39 - - [12/Mar/2026:20:01:43 +0100] "GET /wp-content/uploads/2024/02/BLACK-1.png.pagespeed.ce.k2bApd-ckm.png HTTP/1.0" 200 16608 "https://autenrieth.inglory.de/" "Mozilla/5.0 (Linux; U; Android 4.3; en-us; SM-N900T Build/JSS15J) AppleWebKit/534.30 (KHTML, like Gecko) Version/4.0 Mobile Safari/534.30"
192.178.15.2 - - [12/Mar/2026:20:01:43 +0100] "GET /wp-content/plugins/elementor/assets/lib/eicons/fonts/eicons.woff2?5.30.0 HTTP/1.0" 200 101293 "https://autenrieth.inglory.de/wp-content/plugins/elementor/assets/lib/eicons/css/A.elementor-icons.min.css,qver=5.30.0.pagespeed.cf.aHMuBxXHzb.css" "Mozilla/5.0 (Linux; U; Android 4.3; en-us; SM-N900T Build/JSS15J) AppleWebKit/534.30 (KHTML, like Gecko) Version/4.0 Mobile Safari/534.30"
66.249.84.104 - - [12/Mar/2026:20:01:43 +0100] "GET /wp-content/uploads/2024/02/xOBJECTS-1.png.pagespeed.ic.K4orya6Tic.png HTTP/1.0" 200 28084 "https://autenrieth.inglory.de/datenschutz/" "Mozilla/5.0 (Linux; U; Android 4.3; en-us; SM-N900T Build/JSS15J) AppleWebKit/534.30 (KHTML, like Gecko) Version/4.0 Mobile Safari/534.30"
74.125.210.32 - - [12/Mar/2026:20:01:43 +0100] "GET /wp-content/uploads/2024/02/Frame-1261156714-1.png HTTP/1.0" 200 50878 "https://autenrieth.inglory.de/" "Mozilla/5.0 (Linux; U; Android 4.3; en-us; SM-N900T Build/JSS15J) AppleWebKit/534.30 (KHTML, like Gecko) Version/4.0 Mobile Safari/534.30"
66.249.84.106 - - [12/Mar/2026:20:01:43 +0100] "GET /wp-content/plugins/elementor/assets/lib/font-awesome/webfonts/fa-solid-900.woff2 HTTP/1.0" 200 82335 "https://autenrieth.inglory.de/impressum/" "Mozilla/5.0 (Linux; U; Android 4.3; en-us; SM-N900T Build/JSS15J) AppleWebKit/534.30 (KHTML, like Gecko) Version/4.0 Mobile Safari/534.30"
66.249.84.104 - - [12/Mar/2026:20:01:43 +0100] "GET /wp-content/plugins/borlabs-cookie/assets/javascript/observer.472990d3.min.js HTTP/1.0" 200 7909 "https://autenrieth.inglory.de/wp-content/plugins/borlabs-cookie/assets/javascript/borlabs-cookie.min.js,qver=3.0.1.pagespeed.ce.Mi8-j8D_PK.js" "Mozilla/5.0 (X11; Linux x86_64) AppleWebKit/537.36 (KHTML, like Gecko) Chrome/121.0.0.0 Safari/537.36"
66.249.84.104 - - [12/Mar/2026:20:01:43 +0100] "GET /wp-content,_plugins,_elementor-pro,_assets,_js,_frontend.min.js,qver==3.21.2+wp-content,_plugins,_elementor,_assets,_lib,_waypoints,_waypoints.min.js,qver==4.0.2+wp-includes,_js,_jquery,_ui,_core.min.js,qver==1.13.3.pagespeed.jc.dGFpfOGu8O.js HTTP/1.0" 200 19962 "https://autenrieth.inglory.de/impressum/" "Mozilla/5.0 (X11; Linux x86_64) AppleWebKit/537.36 (KHTML, like Gecko) Chrome/121.0.0.0 Safari/537.36"
66.249.84.104 - - [12/Mar/2026:20:01:43 +0100] "GET /wp-content/plugins/borlabs-cookie/assets/javascript/init.d0a8a83e.min.js HTTP/1.0" 200 14921 "https://autenrieth.inglory.de/wp-content/plugins/borlabs-cookie/assets/javascript/borlabs-cookie.min.js,qver=3.0.1.pagespeed.ce.Mi8-j8D_PK.js" "Mozilla/5.0 (X11; Linux x86_64) AppleWebKit/537.36 (KHTML, like Gecko) Chrome/121.0.0.0 Safari/537.36"
66.249.84.105 - - [12/Mar/2026:20:01:43 +0100] "GET /wp-content/uploads/2024/03/line.svg HTTP/1.0" 200 4357 "https://autenrieth.inglory.de/datenschutz/" "Mozilla/5.0 (Linux; U; Android 4.3; en-us; SM-N900T Build/JSS15J) AppleWebKit/534.30 (KHTML, like Gecko) Version/4.0 Mobile Safari/534.30"
74.125.210.32 - - [12/Mar/2026:20:01:43 +0100] "GET /wp-content/uploads/2024/02/x-close.svg HTTP/1.0" 200 4208 "https://autenrieth.inglory.de/" "Mozilla/5.0 (Linux; U; Android 4.3; en-us; SM-N900T Build/JSS15J) AppleWebKit/534.30 (KHTML, like Gecko) Version/4.0 Mobile Safari/534.30"
66.249.84.104 - - [12/Mar/2026:20:01:43 +0100] "GET /wp-content/plugins/elementor/assets/js/frontend.min.js,qver=3.23.4.pagespeed.ce.bmZuhK0yOD.js HTTP/1.0" 200 16448 "https://autenrieth.inglory.de/impressum/" "Mozilla/5.0 (X11; Linux x86_64) AppleWebKit/537.36 (KHTML, like Gecko) Chrome/121.0.0.0 Safari/537.36"
74.125.210.38 - - [12/Mar/2026:20:01:43 +0100] "GET /wp-content/plugins/elementor/assets/lib/dialog/dialog.min.js?ver=4.9.0 HTTP/1.0" 200 7545 "https://autenrieth.inglory.de/" "Mozilla/5.0 (Linux; U; Android 4.3; en-us; SM-N900T Build/JSS15J) AppleWebKit/534.30 (KHTML, like Gecko) Version/4.0 Mobile Safari/534.30"
66.249.84.106 - - [12/Mar/2026:20:01:43 +0100] "GET /wp-content/plugins/borlabs-cookie/assets/javascript/init.d0a8a83e.min.js HTTP/1.0" 200 14921 "https://autenrieth.inglory.de/wp-content/plugins/borlabs-cookie/assets/javascript/borlabs-cookie.min.js,qver=3.0.1.pagespeed.ce.Mi8-j8D_PK.js" "Mozilla/5.0 (X11; Linux x86_64) AppleWebKit/537.36 (KHTML, like Gecko) Chrome/121.0.0.0 Safari/537.36"
192.178.15.1 - - [12/Mar/2026:20:01:43 +0100] "GET /wp-content/plugins/borlabs-cookie/assets/javascript/_plugin-vue_export-helper.c27b6911.min.js HTTP/1.0" 200 4302 "-" "Mozilla/5.0 (X11; Linux x86_64) AppleWebKit/537.36 (KHTML, like Gecko) Chrome/121.0.0.0 Safari/537.36"
74.125.210.32 - - [12/Mar/2026:20:01:43 +0100] "GET /wp-content/uploads/2024/02/xCTA-1-scaled.jpg.pagespeed.ic.3HJuLWnCn2.webp HTTP/1.0" 200 120908 "https://autenrieth.inglory.de/wp-content/uploads/elementor/css/A.post-19.css,qver=1723465678.pagespeed.cf.5Jm6GPysju.css" "Mozilla/5.0 (Linux; U; Android 4.3; en-us; SM-N900T Build/JSS15J) AppleWebKit/534.30 (KHTML, like Gecko) Version/4.0 Mobile Safari/534.30"
66.249.84.106 - - [12/Mar/2026:20:01:43 +0100] "GET /wp-content/plugins/borlabs-cookie/assets/javascript/observer.472990d3.min.js HTTP/1.0" 200 7909 "https://autenrieth.inglory.de/wp-content/plugins/borlabs-cookie/assets/javascript/borlabs-cookie.min.js,qver=3.0.1.pagespeed.ce.Mi8-j8D_PK.js" "Mozilla/5.0 (X11; Linux x86_64) AppleWebKit/537.36 (KHTML, like Gecko) Chrome/121.0.0.0 Safari/537.36"
74.125.210.32 - - [12/Mar/2026:20:01:43 +0100] "GET /wp-content/plugins/elementor-pro/assets/js/nav-menu.d43af66e5000fd109c04.bundle.min.js HTTP/1.0" 200 5906 "https://autenrieth.inglory.de/" "Mozilla/5.0 (Linux; U; Android 4.3; en-us; SM-N900T Build/JSS15J) AppleWebKit/534.30 (KHTML, like Gecko) Version/4.0 Mobile Safari/534.30"
66.249.84.106 - - [12/Mar/2026:20:01:43 +0100] "GET /wp-content/plugins/elementor/assets/lib/font-awesome/webfonts/fa-brands-400.woff2 HTTP/1.0" 200 85751 "https://autenrieth.inglory.de/impressum/" "Mozilla/5.0 (Linux; U; Android 4.3; en-us; SM-N900T Build/JSS15J) AppleWebKit/534.30 (KHTML, like Gecko) Version/4.0 Mobile Safari/534.30"
66.249.84.105 - - [12/Mar/2026:20:01:43 +0100] "GET /wp-content/plugins/elementor/assets/js/webpack.runtime.min.js?ver=3.23.4 HTTP/1.0" 200 6427 "https://autenrieth.inglory.de/" "Mozilla/5.0 (Linux; U; Android 4.3; en-us; SM-N900T Build/JSS15J) AppleWebKit/534.30 (KHTML, like Gecko) Version/4.0 Mobile Safari/534.30"
66.249.84.106 - - [12/Mar/2026:20:01:43 +0100] "GET /wp-content/uploads/2024/02/menu.svg HTTP/1.0" 200 4325 "https://autenrieth.inglory.de/" "Mozilla/5.0 (Linux; U; Android 4.3; en-us; SM-N900T Build/JSS15J) AppleWebKit/534.30 (KHTML, like Gecko) Version/4.0 Mobile Safari/534.30"
66.249.84.104 - - [12/Mar/2026:20:01:43 +0100] "GET /wp-content,_plugins,_mystickyelements-pro,_js,_mystickyelements-fronted.min.js,qver==2.0.7+wp-content,_plugins,_elementor-pro,_assets,_lib,_smartmenus,_jquery.smartmenus.min.js,qver==1.2.1+wp-includes,_js,_imagesloaded.min.js,qver==5.0.0.pagespeed.jc.8a_Umt4pgb.js HTTP/1.0" 200 17761 "https://autenrieth.inglory.de/" "Mozilla/5.0 (Linux; U; Android 4.3; en-us; SM-N900T Build/JSS15J) AppleWebKit/534.30 (KHTML, like Gecko) Version/4.0 Mobile Safari/534.30"
74.125.210.38 - - [12/Mar/2026:20:01:43 +0100] "GET /wp-content/plugins/elementor/assets/js/text-editor.2c35aafbe5bf0e127950.bundle.min.js HTTP/1.0" 200 4870 "https://autenrieth.inglory.de/" "Mozilla/5.0 (Linux; U; Android 4.3; en-us; SM-N900T Build/JSS15J) AppleWebKit/534.30 (KHTML, like Gecko) Version/4.0 Mobile Safari/534.30"
66.249.84.104 - - [12/Mar/2026:20:01:43 +0100] "GET /wp-content/plugins/borlabs-cookie/assets/javascript/init.d0a8a83e.min.js HTTP/1.0" 200 14921 "https://autenrieth.inglory.de/wp-content/plugins/borlabs-cookie/assets/javascript/borlabs-cookie.min.js,qver=3.0.1.pagespeed.ce.Mi8-j8D_PK.js" "Mozilla/5.0 (Linux; U; Android 4.3; en-us; SM-N900T Build/JSS15J) AppleWebKit/534.30 (KHTML, like Gecko) Version/4.0 Mobile Safari/534.30"
66.249.84.105 - - [12/Mar/2026:20:01:43 +0100] "GET /wp-content/uploads/2024/02/OBJECTS-1-1.svg HTTP/1.0" 200 78472 "https://autenrieth.inglory.de/datenschutz/" "Mozilla/5.0 (Linux; U; Android 4.3; en-us; SM-N900T Build/JSS15J) AppleWebKit/534.30 (KHTML, like Gecko) Version/4.0 Mobile Safari/534.30"
66.249.84.104 - - [12/Mar/2026:20:01:43 +0100] "GET /wp-content/plugins/borlabs-cookie/assets/javascript/vue.a50c3feb.min.js HTTP/1.0" 200 30817 "https://autenrieth.inglory.de/wp-content/plugins/borlabs-cookie/assets/javascript/borlabs-cookie.min.js,qver=3.0.1.pagespeed.ce.Mi8-j8D_PK.js" "Mozilla/5.0 (X11; Linux x86_64) AppleWebKit/537.36 (KHTML, like Gecko) Chrome/121.0.0.0 Safari/537.36"
66.249.84.106 - - [12/Mar/2026:20:01:43 +0100] "GET /wp-content,_plugins,_elementor,_assets,_js,_frontend-modules.min.js,qver==3.23.4+wp-includes,_js,_dist,_hooks.min.js,qver==dd5603f07f9220ed27f1+wp-includes,_js,_dist,_i18n.min.js,qver==c26c3dc7bed366793375.pagespeed.jc.P8Yx3nO6gW.js HTTP/1.0" 200 27904 "https://autenrieth.inglory.de/" "Mozilla/5.0 (Linux; U; Android 4.3; en-us; SM-N900T Build/JSS15J) AppleWebKit/534.30 (KHTML, like Gecko) Version/4.0 Mobile Safari/534.30"
192.178.15.2 - - [12/Mar/2026:20:01:43 +0100] "GET /wp-content/plugins/borlabs-cookie/assets/javascript/use-iabtcf-vendors.698208c6.min.js HTTP/1.0" 200 4844 "-" "Mozilla/5.0 (X11; Linux x86_64) AppleWebKit/537.36 (KHTML, like Gecko) Chrome/121.0.0.0 Safari/537.36"
74.125.210.38 - - [12/Mar/2026:20:01:43 +0100] "GET /wp-content/uploads/2024/02/Pattern.svg HTTP/1.0" 200 9820 "https://autenrieth.inglory.de/wp-content/uploads/elementor/css/A.post-281.css,qver=1723465678.pagespeed.cf.XCG_GVcWQ2.css" "Mozilla/5.0 (Linux; U; Android 4.3; en-us; SM-N900T Build/JSS15J) AppleWebKit/534.30 (KHTML, like Gecko) Version/4.0 Mobile Safari/534.30"
192.178.15.1 - - [12/Mar/2026:20:01:43 +0100] "GET /wp-content/plugins/borlabs-cookie/assets/javascript/use-iabtcf-vendors.698208c6.min.js HTTP/1.0" 200 4844 "-" "Mozilla/5.0 (X11; Linux x86_64) AppleWebKit/537.36 (KHTML, like Gecko) Chrome/121.0.0.0 Safari/537.36"
192.178.15.3 - - [12/Mar/2026:20:01:43 +0100] "GET /wp-content/plugins/borlabs-cookie/assets/javascript/iabtcf.cc626483.min.js HTTP/1.0" 200 21913 "-" "Mozilla/5.0 (X11; Linux x86_64) AppleWebKit/537.36 (KHTML, like Gecko) Chrome/121.0.0.0 Safari/537.36"
192.178.15.1 - - [12/Mar/2026:20:01:43 +0100] "GET /wp-content/plugins/borlabs-cookie/assets/javascript/iabtcf.cc626483.min.js HTTP/1.0" 200 21913 "-" "Mozilla/5.0 (X11; Linux x86_64) AppleWebKit/537.36 (KHTML, like Gecko) Chrome/121.0.0.0 Safari/537.36"
74.125.210.32 - - [12/Mar/2026:20:01:43 +0100] "GET /wp-content/uploads/2024/02/OBJECTS-7.svg HTTP/1.0" 200 197680 "https://autenrieth.inglory.de/wp-content/uploads/elementor/css/A.post-19.css,qver=1723465678.pagespeed.cf.5Jm6GPysju.css" "Mozilla/5.0 (Linux; U; Android 4.3; en-us; SM-N900T Build/JSS15J) AppleWebKit/534.30 (KHTML, like Gecko) Version/4.0 Mobile Safari/534.30"
192.178.15.2 - - [12/Mar/2026:20:01:43 +0100] "GET /wp-content/plugins/borlabs-cookie/assets/javascript/iabtcf.cc626483.min.js HTTP/1.0" 200 21913 "-" "Mozilla/5.0 (X11; Linux x86_64) AppleWebKit/537.36 (KHTML, like Gecko) Chrome/121.0.0.0 Safari/537.36"
66.249.84.104 - - [12/Mar/2026:20:01:43 +0100] "GET /wp-content,_plugins,_elementor-pro,_assets,_js,_frontend.min.js,qver==3.21.2+wp-content,_plugins,_elementor,_assets,_lib,_waypoints,_waypoints.min.js,qver==4.0.2+wp-includes,_js,_jquery,_ui,_core.min.js,qver==1.13.3.pagespeed.jc.dGFpfOGu8O.js HTTP/1.0" 200 19962 "https://autenrieth.inglory.de/" "Mozilla/5.0 (Linux; U; Android 4.3; en-us; SM-N900T Build/JSS15J) AppleWebKit/534.30 (KHTML, like Gecko) Version/4.0 Mobile Safari/534.30"
66.249.84.105 - - [12/Mar/2026:20:01:43 +0100] "GET /wp-content/plugins/borlabs-cookie/assets/javascript/init.d0a8a83e.min.js HTTP/1.0" 200 14921 "https://autenrieth.inglory.de/wp-content/plugins/borlabs-cookie/assets/javascript/borlabs-cookie.min.js,qver=3.0.1.pagespeed.ce.Mi8-j8D_PK.js" "Mozilla/5.0 (Linux; U; Android 4.3; en-us; SM-N900T Build/JSS15J) AppleWebKit/534.30 (KHTML, like Gecko) Version/4.0 Mobile Safari/534.30"
66.249.84.104 - - [12/Mar/2026:20:01:43 +0100] "GET /wp-content/plugins/elementor-pro/assets/js/webpack-pro.runtime.min.js?ver=3.21.2 HTTP/1.0" 200 6863 "https://autenrieth.inglory.de/" "Mozilla/5.0 (Linux; U; Android 4.3; en-us; SM-N900T Build/JSS15J) AppleWebKit/534.30 (KHTML, like Gecko) Version/4.0 Mobile Safari/534.30"
66.249.84.106 - - [12/Mar/2026:20:01:43 +0100] "GET /wp-content/plugins/borlabs-cookie/assets/javascript/init.d0a8a83e.min.js HTTP/1.0" 200 14921 "https://autenrieth.inglory.de/wp-content/plugins/borlabs-cookie/assets/javascript/borlabs-cookie.min.js,qver=3.0.1.pagespeed.ce.Mi8-j8D_PK.js" "Mozilla/5.0 (Linux; U; Android 4.3; en-us; SM-N900T Build/JSS15J) AppleWebKit/534.30 (KHTML, like Gecko) Version/4.0 Mobile Safari/534.30"
66.249.84.104 - - [12/Mar/2026:20:01:43 +0100] "GET /wp-content/plugins/elementor/assets/js/frontend.min.js,qver=3.23.4.pagespeed.ce.bmZuhK0yOD.js HTTP/1.0" 200 16448 "https://autenrieth.inglory.de/" "Mozilla/5.0 (Linux; U; Android 4.3; en-us; SM-N900T Build/JSS15J) AppleWebKit/534.30 (KHTML, like Gecko) Version/4.0 Mobile Safari/534.30"
192.178.15.2 - - [12/Mar/2026:20:01:43 +0100] "GET /wp-content/plugins/borlabs-cookie/assets/javascript/_commonjsHelpers.187a63f9.min.js HTTP/1.0" 200 4389 "-" "Mozilla/5.0 (X11; Linux x86_64) AppleWebKit/537.36 (KHTML, like Gecko) Chrome/121.0.0.0 Safari/537.36"
192.178.15.2 - - [12/Mar/2026:20:01:43 +0100] "GET /wp-content/plugins/borlabs-cookie/assets/javascript/_commonjsHelpers.187a63f9.min.js HTTP/1.0" 200 4389 "-" "Mozilla/5.0 (X11; Linux x86_64) AppleWebKit/537.36 (KHTML, like Gecko) Chrome/121.0.0.0 Safari/537.36"
192.178.15.1 - - [12/Mar/2026:20:01:43 +0100] "GET /wp-content/plugins/borlabs-cookie/assets/javascript/use-iabtcf-purposes.261b12e4.min.js HTTP/1.0" 200 4554 "-" "Mozilla/5.0 (X11; Linux x86_64) AppleWebKit/537.36 (KHTML, like Gecko) Chrome/121.0.0.0 Safari/537.36"
192.178.15.1 - - [12/Mar/2026:20:01:43 +0100] "GET /wp-content/plugins/borlabs-cookie/assets/javascript/_commonjsHelpers.187a63f9.min.js HTTP/1.0" 200 4389 "-" "Mozilla/5.0 (X11; Linux x86_64) AppleWebKit/537.36 (KHTML, like Gecko) Chrome/121.0.0.0 Safari/537.36"
66.249.84.105 - - [12/Mar/2026:20:01:43 +0100] "GET /wp-content/plugins/elementor/assets/lib/font-awesome/webfonts/fa-solid-900.woff2 HTTP/1.0" 200 82335 "https://autenrieth.inglory.de/" "Mozilla/5.0 (X11; Linux x86_64) AppleWebKit/537.36 (KHTML, like Gecko) Chrome/121.0.0.0 Safari/537.36"
74.125.210.32 - - [12/Mar/2026:20:01:43 +0100] "GET /wp-content/plugins/elementor/assets/lib/swiper/swiper.min.js?ver=5.3.6 HTTP/1.0" 200 39619 "https://autenrieth.inglory.de/" "Mozilla/5.0 (Linux; U; Android 4.3; en-us; SM-N900T Build/JSS15J) AppleWebKit/534.30 (KHTML, like Gecko) Version/4.0 Mobile Safari/534.30"
74.125.210.38 - - [12/Mar/2026:20:01:43 +0100] "GET /wp-content/uploads/2024/04/Frame-1261156715-3.jpg HTTP/1.0" 200 50491 "https://autenrieth.inglory.de/" "Mozilla/5.0 (Linux; U; Android 4.3; en-us; SM-N900T Build/JSS15J) AppleWebKit/534.30 (KHTML, like Gecko) Version/4.0 Mobile Safari/534.30"
66.249.84.104 - - [12/Mar/2026:20:01:43 +0100] "GET /wp-content/plugins/borlabs-cookie/assets/javascript/vue.a50c3feb.min.js HTTP/1.0" 200 30817 "https://autenrieth.inglory.de/wp-content/plugins/borlabs-cookie/assets/javascript/borlabs-cookie.min.js,qver=3.0.1.pagespeed.ce.Mi8-j8D_PK.js" "Mozilla/5.0 (X11; Linux x86_64) AppleWebKit/537.36 (KHTML, like Gecko) Chrome/121.0.0.0 Safari/537.36"
192.178.15.3 - - [12/Mar/2026:20:01:43 +0100] "GET /wp-content/plugins/borlabs-cookie/assets/javascript/init.d0a8a83e.min.js HTTP/1.0" 200 14921 "https://autenrieth.inglory.de/wp-content/plugins/borlabs-cookie/assets/javascript/borlabs-cookie.min.js,qver=3.0.1.pagespeed.ce.Mi8-j8D_PK.js" "Mozilla/5.0 (Linux; U; Android 4.3; en-us; SM-N900T Build/JSS15J) AppleWebKit/534.30 (KHTML, like Gecko) Version/4.0 Mobile Safari/534.30"
74.125.210.39 - - [12/Mar/2026:20:01:43 +0100] "GET /wp-content/plugins/borlabs-cookie/assets/javascript/observer.472990d3.min.js HTTP/1.0" 200 7909 "https://autenrieth.inglory.de/wp-content/plugins/borlabs-cookie/assets/javascript/borlabs-cookie.min.js,qver=3.0.1.pagespeed.ce.Mi8-j8D_PK.js" "Mozilla/5.0 (X11; Linux x86_64) AppleWebKit/537.36 (KHTML, like Gecko) Chrome/121.0.0.0 Safari/537.36"
74.125.210.32 - - [12/Mar/2026:20:01:43 +0100] "GET /wp-content/uploads/2024/04/Frame-1261156715-1-1.jpg HTTP/1.0" 200 94394 "https://autenrieth.inglory.de/" "Mozilla/5.0 (Linux; U; Android 4.3; en-us; SM-N900T Build/JSS15J) AppleWebKit/534.30 (KHTML, like Gecko) Version/4.0 Mobile Safari/534.30"
192.178.15.2 - - [12/Mar/2026:20:01:43 +0100] "GET /wp-content/plugins/borlabs-cookie/assets/javascript/use-iabtcf-purposes.261b12e4.min.js HTTP/1.0" 200 4554 "-" "Mozilla/5.0 (X11; Linux x86_64) AppleWebKit/537.36 (KHTML, like Gecko) Chrome/121.0.0.0 Safari/537.36"
74.125.210.39 - - [12/Mar/2026:20:01:43 +0100] "GET /wp-content/uploads/2024/04/Frame-1261156715-2-1.jpg HTTP/1.0" 200 264573 "https://autenrieth.inglory.de/" "Mozilla/5.0 (Linux; U; Android 4.3; en-us; SM-N900T Build/JSS15J) AppleWebKit/534.30 (KHTML, like Gecko) Version/4.0 Mobile Safari/534.30"
192.178.15.3 - - [12/Mar/2026:20:01:43 +0100] "GET /wp-content/plugins/borlabs-cookie/assets/javascript/observer.472990d3.min.js HTTP/1.0" 200 7909 "https://autenrieth.inglory.de/wp-content/plugins/borlabs-cookie/assets/javascript/borlabs-cookie.min.js,qver=3.0.1.pagespeed.ce.Mi8-j8D_PK.js" "Mozilla/5.0 (Linux; U; Android 4.3; en-us; SM-N900T Build/JSS15J) AppleWebKit/534.30 (KHTML, like Gecko) Version/4.0 Mobile Safari/534.30"
66.249.84.105 - - [12/Mar/2026:20:01:43 +0100] "GET /wp-content/plugins/borlabs-cookie/assets/javascript/observer.472990d3.min.js HTTP/1.0" 200 7909 "https://autenrieth.inglory.de/wp-content/plugins/borlabs-cookie/assets/javascript/borlabs-cookie.min.js,qver=3.0.1.pagespeed.ce.Mi8-j8D_PK.js" "Mozilla/5.0 (Linux; U; Android 4.3; en-us; SM-N900T Build/JSS15J) AppleWebKit/534.30 (KHTML, like Gecko) Version/4.0 Mobile Safari/534.30"
192.178.15.2 - - [12/Mar/2026:20:01:43 +0100] "GET /wp-content/plugins/borlabs-cookie/assets/javascript/use-special-features.8baed93f.min.js HTTP/1.0" 200 4552 "-" "Mozilla/5.0 (X11; Linux x86_64) AppleWebKit/537.36 (KHTML, like Gecko) Chrome/121.0.0.0 Safari/537.36"
74.125.210.38 - - [12/Mar/2026:20:01:43 +0100] "GET /wp-content/uploads/2024/02/Logo-Vektor-SVG.svg HTTP/1.0" 200 8287 "https://autenrieth.inglory.de/" "Mozilla/5.0 (Linux; U; Android 4.3; en-us; SM-N900T Build/JSS15J) AppleWebKit/534.30 (KHTML, like Gecko) Version/4.0 Mobile Safari/534.30"
66.249.84.105 - - [12/Mar/2026:20:01:43 +0100] "GET /wp-content/plugins/borlabs-cookie/assets/javascript/vue.a50c3feb.min.js HTTP/1.0" 200 30817 "https://autenrieth.inglory.de/wp-content/plugins/borlabs-cookie/assets/javascript/borlabs-cookie.min.js,qver=3.0.1.pagespeed.ce.Mi8-j8D_PK.js" "Mozilla/5.0 (Linux; U; Android 4.3; en-us; SM-N900T Build/JSS15J) AppleWebKit/534.30 (KHTML, like Gecko) Version/4.0 Mobile Safari/534.30"
192.178.15.1 - - [12/Mar/2026:20:01:43 +0100] "GET /wp-content/plugins/borlabs-cookie/assets/javascript/vue.a50c3feb.min.js HTTP/1.0" 200 30817 "https://autenrieth.inglory.de/wp-content/plugins/borlabs-cookie/assets/javascript/borlabs-cookie.min.js,qver=3.0.1.pagespeed.ce.Mi8-j8D_PK.js" "Mozilla/5.0 (Linux; U; Android 4.3; en-us; SM-N900T Build/JSS15J) AppleWebKit/534.30 (KHTML, like Gecko) Version/4.0 Mobile Safari/534.30"
66.249.84.106 - - [12/Mar/2026:20:01:43 +0100] "GET /wp-content/plugins/elementor/assets/lib/font-awesome/webfonts/fa-solid-900.woff2 HTTP/1.0" 200 82335 "https://autenrieth.inglory.de/author/inglory/" "Mozilla/5.0 (X11; Linux x86_64) AppleWebKit/537.36 (KHTML, like Gecko) Chrome/121.0.0.0 Safari/537.36"
66.249.84.106 - - [12/Mar/2026:20:01:43 +0100] "GET /wp-content/plugins/elementor/assets/lib/font-awesome/webfonts/fa-brands-400.woff2 HTTP/1.0" 200 85751 "https://autenrieth.inglory.de/author/inglory/" "Mozilla/5.0 (X11; Linux x86_64) AppleWebKit/537.36 (KHTML, like Gecko) Chrome/121.0.0.0 Safari/537.36"
74.125.210.38 - - [12/Mar/2026:20:01:41 +0100] "GET /wp-content/uploads/2024/02/xred-v3-1.png.pagespeed.ic.FiB6O7HznF.png HTTP/1.0" 200 190990 "https://autenrieth.inglory.de/" "Mozilla/5.0 (Linux; U; Android 4.3; en-us; SM-N900T Build/JSS15J) AppleWebKit/534.30 (KHTML, like Gecko) Version/4.0 Mobile Safari/534.30"
66.249.84.106 - - [12/Mar/2026:20:01:43 +0100] "GET /wp-content/plugins/borlabs-cookie/assets/javascript/observer.472990d3.min.js HTTP/1.0" 200 7909 "https://autenrieth.inglory.de/wp-content/plugins/borlabs-cookie/assets/javascript/borlabs-cookie.min.js,qver=3.0.1.pagespeed.ce.Mi8-j8D_PK.js" "Mozilla/5.0 (Linux; U; Android 4.3; en-us; SM-N900T Build/JSS15J) AppleWebKit/534.30 (KHTML, like Gecko) Version/4.0 Mobile Safari/534.30"
66.249.84.106 - - [12/Mar/2026:20:01:43 +0100] "GET /wp-content/uploads/2024/02/xOBJECTS-1.png.pagespeed.ic.K4orya6Tic.png HTTP/1.0" 200 28084 "https://autenrieth.inglory.de/datenschutz/" "Mozilla/5.0 (Linux; U; Android 4.3; en-us; SM-N900T Build/JSS15J) AppleWebKit/534.30 (KHTML, like Gecko) Version/4.0 Mobile Safari/534.30"
66.249.84.105 - - [12/Mar/2026:20:01:43 +0100] "GET /wp-content/plugins/elementor/assets/js/webpack.runtime.min.js?ver=3.23.4 HTTP/1.0" 200 6427 "https://autenrieth.inglory.de/" "Mozilla/5.0 (Linux; U; Android 4.3; en-us; SM-N900T Build/JSS15J) AppleWebKit/534.30 (KHTML, like Gecko) Version/4.0 Mobile Safari/534.30"
74.125.210.39 - - [12/Mar/2026:20:01:43 +0100] "GET /wp-content/uploads/2024/02/menu.svg HTTP/1.0" 200 4325 "https://autenrieth.inglory.de/" "Mozilla/5.0 (Linux; U; Android 4.3; en-us; SM-N900T Build/JSS15J) AppleWebKit/534.30 (KHTML, like Gecko) Version/4.0 Mobile Safari/534.30"
66.249.84.105 - - [12/Mar/2026:20:01:43 +0100] "GET /wp-content/plugins/borlabs-cookie/assets/javascript/init.d0a8a83e.min.js HTTP/1.0" 200 14921 "https://autenrieth.inglory.de/wp-content/plugins/borlabs-cookie/assets/javascript/borlabs-cookie.min.js,qver=3.0.1.pagespeed.ce.Mi8-j8D_PK.js" "Mozilla/5.0 (Linux; U; Android 4.3; en-us; SM-N900T Build/JSS15J) AppleWebKit/534.30 (KHTML, like Gecko) Version/4.0 Mobile Safari/534.30"
192.178.15.1 - - [12/Mar/2026:20:01:43 +0100] "GET /wp-content/plugins/borlabs-cookie/assets/javascript/x-icon.0dc80929.min.js HTTP/1.0" 200 4602 "-" "Mozilla/5.0 (X11; Linux x86_64) AppleWebKit/537.36 (KHTML, like Gecko) Chrome/121.0.0.0 Safari/537.36"
66.249.84.105 - - [12/Mar/2026:20:01:43 +0100] "GET /wp-content/plugins/borlabs-cookie/assets/javascript/vue.a50c3feb.min.js HTTP/1.0" 200 30817 "https://autenrieth.inglory.de/wp-content/plugins/borlabs-cookie/assets/javascript/borlabs-cookie.min.js,qver=3.0.1.pagespeed.ce.Mi8-j8D_PK.js" "Mozilla/5.0 (Linux; U; Android 4.3; en-us; SM-N900T Build/JSS15J) AppleWebKit/534.30 (KHTML, like Gecko) Version/4.0 Mobile Safari/534.30"
192.178.15.3 - - [12/Mar/2026:20:01:43 +0100] "GET /wp-content/plugins/borlabs-cookie/assets/javascript/use-iabtcf-purposes.261b12e4.min.js HTTP/1.0" 200 4554 "-" "Mozilla/5.0 (X11; Linux x86_64) AppleWebKit/537.36 (KHTML, like Gecko) Chrome/121.0.0.0 Safari/537.36"
192.178.15.2 - - [12/Mar/2026:20:01:43 +0100] "GET /wp-content/plugins/borlabs-cookie/assets/javascript/base-button.f7e450d7.min.js HTTP/1.0" 200 4652 "-" "Mozilla/5.0 (X11; Linux x86_64) AppleWebKit/537.36 (KHTML, like Gecko) Chrome/121.0.0.0 Safari/537.36"
66.249.84.105 - - [12/Mar/2026:20:01:43 +0100] "GET /wp-content,_plugins,_elementor,_assets,_js,_frontend-modules.min.js,qver==3.23.4+wp-includes,_js,_dist,_hooks.min.js,qver==dd5603f07f9220ed27f1+wp-includes,_js,_dist,_i18n.min.js,qver==c26c3dc7bed366793375.pagespeed.jc.P8Yx3nO6gW.js HTTP/1.0" 200 27904 "https://autenrieth.inglory.de/" "Mozilla/5.0 (Linux; U; Android 4.3; en-us; SM-N900T Build/JSS15J) AppleWebKit/534.30 (KHTML, like Gecko) Version/4.0 Mobile Safari/534.30"
74.125.210.32 - - [12/Mar/2026:20:01:43 +0100] "GET /wp-content/uploads/2024/04/2-1.jpg HTTP/1.0" 200 96156 "https://autenrieth.inglory.de/" "Mozilla/5.0 (Linux; U; Android 4.3; en-us; SM-N900T Build/JSS15J) AppleWebKit/534.30 (KHTML, like Gecko) Version/4.0 Mobile Safari/534.30"
192.178.15.1 - - [12/Mar/2026:20:01:43 +0100] "GET /wp-content/plugins/borlabs-cookie/assets/javascript/use-special-features.8baed93f.min.js HTTP/1.0" 200 4552 "-" "Mozilla/5.0 (X11; Linux x86_64) AppleWebKit/537.36 (KHTML, like Gecko) Chrome/121.0.0.0 Safari/537.36"
66.249.84.106 - - [12/Mar/2026:20:01:43 +0100] "GET /wp-content/plugins/elementor/assets/lib/font-awesome/webfonts/fa-solid-900.woff2 HTTP/1.0" 200 82335 "https://autenrieth.inglory.de/datenschutz/" "Mozilla/5.0 (Linux; U; Android 4.3; en-us; SM-N900T Build/JSS15J) AppleWebKit/534.30 (KHTML, like Gecko) Version/4.0 Mobile Safari/534.30"
192.178.15.3 - - [12/Mar/2026:20:01:43 +0100] "GET /wp-content/plugins/borlabs-cookie/assets/javascript/use-special-features.8baed93f.min.js HTTP/1.0" 200 4552 "-" "Mozilla/5.0 (X11; Linux x86_64) AppleWebKit/537.36 (KHTML, like Gecko) Chrome/121.0.0.0 Safari/537.36"
66.249.84.105 - - [12/Mar/2026:20:01:43 +0100] "GET /wp-content/plugins/borlabs-cookie/assets/javascript/observer.472990d3.min.js HTTP/1.0" 200 7909 "https://autenrieth.inglory.de/wp-content/plugins/borlabs-cookie/assets/javascript/borlabs-cookie.min.js,qver=3.0.1.pagespeed.ce.Mi8-j8D_PK.js" "Mozilla/5.0 (Linux; U; Android 4.3; en-us; SM-N900T Build/JSS15J) AppleWebKit/534.30 (KHTML, like Gecko) Version/4.0 Mobile Safari/534.30"
192.178.15.3 - - [12/Mar/2026:20:01:43 +0100] "GET /wp-content/plugins/borlabs-cookie/assets/javascript/x-icon.0dc80929.min.js HTTP/1.0" 200 4602 "-" "Mozilla/5.0 (X11; Linux x86_64) AppleWebKit/537.36 (KHTML, like Gecko) Chrome/121.0.0.0 Safari/537.36"
66.249.84.104 - - [12/Mar/2026:20:01:43 +0100] "GET /wp-content/plugins/borlabs-cookie/assets/javascript/observer.472990d3.min.js HTTP/1.0" 200 7909 "https://autenrieth.inglory.de/wp-content/plugins/borlabs-cookie/assets/javascript/borlabs-cookie.min.js,qver=3.0.1.pagespeed.ce.Mi8-j8D_PK.js" "Mozilla/5.0 (Linux; U; Android 4.3; en-us; SM-N900T Build/JSS15J) AppleWebKit/534.30 (KHTML, like Gecko) Version/4.0 Mobile Safari/534.30"
66.249.88.199 - - [12/Mar/2026:20:01:43 +0100] "POST /mod_pagespeed_beacon?url=https%3A%2F%2Fautenrieth.inglory.de%2F HTTP/1.0" 204 3899 "https://autenrieth.inglory.de/" "Mozilla/5.0 (Linux; U; Android 4.3; en-us; SM-N900T Build/JSS15J) AppleWebKit/534.30 (KHTML, like Gecko) Version/4.0 Mobile Safari/534.30"
192.178.15.3 - - [12/Mar/2026:20:01:43 +0100] "GET /wp-content/plugins/borlabs-cookie/assets/javascript/use-iabtcf-legitimate-interests.1e9766de.min.js HTTP/1.0" 200 4942 "-" "Mozilla/5.0 (X11; Linux x86_64) AppleWebKit/537.36 (KHTML, like Gecko) Chrome/121.0.0.0 Safari/537.36"
74.125.210.38 - - [12/Mar/2026:20:01:43 +0100] "GET /wp-content/uploads/2024/04/1-1.jpg HTTP/1.0" 200 112793 "https://autenrieth.inglory.de/" "Mozilla/5.0 (Linux; U; Android 4.3; en-us; SM-N900T Build/JSS15J) AppleWebKit/534.30 (KHTML, like Gecko) Version/4.0 Mobile Safari/534.30"
66.249.84.106 - - [12/Mar/2026:20:01:43 +0100] "GET /wp-content/plugins/borlabs-cookie/assets/javascript/vue.a50c3feb.min.js HTTP/1.0" 200 30817 "https://autenrieth.inglory.de/wp-content/plugins/borlabs-cookie/assets/javascript/borlabs-cookie.min.js,qver=3.0.1.pagespeed.ce.Mi8-j8D_PK.js" "Mozilla/5.0 (Linux; U; Android 4.3; en-us; SM-N900T Build/JSS15J) AppleWebKit/534.30 (KHTML, like Gecko) Version/4.0 Mobile Safari/534.30"
192.178.15.2 - - [12/Mar/2026:20:01:43 +0100] "GET /wp-content/plugins/borlabs-cookie/assets/javascript/base-button.f7e450d7.min.js HTTP/1.0" 200 4652 "-" "Mozilla/5.0 (X11; Linux x86_64) AppleWebKit/537.36 (KHTML, like Gecko) Chrome/121.0.0.0 Safari/537.36"
74.125.210.32 - - [12/Mar/2026:20:01:43 +0100] "GET /wp-content/plugins/borlabs-cookie/assets/javascript/vue.a50c3feb.min.js HTTP/1.0" 200 30817 "https://autenrieth.inglory.de/wp-content/plugins/borlabs-cookie/assets/javascript/borlabs-cookie.min.js,qver=3.0.1.pagespeed.ce.Mi8-j8D_PK.js" "Mozilla/5.0 (X11; Linux x86_64) AppleWebKit/537.36 (KHTML, like Gecko) Chrome/121.0.0.0 Safari/537.36"
192.178.15.2 - - [12/Mar/2026:20:01:43 +0100] "GET /wp-content/plugins/borlabs-cookie/assets/javascript/x-icon.0dc80929.min.js HTTP/1.0" 200 4602 "-" "Mozilla/5.0 (X11; Linux x86_64) AppleWebKit/537.36 (KHTML, like Gecko) Chrome/121.0.0.0 Safari/537.36"
66.249.84.106 - - [12/Mar/2026:20:01:43 +0100] "GET /wp-content,_plugins,_elementor-pro,_assets,_js,_frontend.min.js,qver==3.21.2+wp-content,_plugins,_elementor,_assets,_lib,_waypoints,_waypoints.min.js,qver==4.0.2+wp-includes,_js,_jquery,_ui,_core.min.js,qver==1.13.3.pagespeed.jc.dGFpfOGu8O.js HTTP/1.0" 200 19962 "https://autenrieth.inglory.de/" "Mozilla/5.0 (Linux; U; Android 4.3; en-us; SM-N900T Build/JSS15J) AppleWebKit/534.30 (KHTML, like Gecko) Version/4.0 Mobile Safari/534.30"
74.125.210.38 - - [12/Mar/2026:20:01:43 +0100] "GET /wp-content/uploads/2024/04/3-2.jpg HTTP/1.0" 200 147862 "https://autenrieth.inglory.de/" "Mozilla/5.0 (Linux; U; Android 4.3; en-us; SM-N900T Build/JSS15J) AppleWebKit/534.30 (KHTML, like Gecko) Version/4.0 Mobile Safari/534.30"
66.249.84.104 - - [12/Mar/2026:20:01:43 +0100] "GET /wp-content/uploads/2024/02/Logo-Vektor-SVG.svg HTTP/1.0" 200 8287 "https://autenrieth.inglory.de/impressum/" "Mozilla/5.0 (X11; Linux x86_64) AppleWebKit/537.36 (KHTML, like Gecko) Chrome/121.0.0.0 Safari/537.36"
66.249.84.104 - - [12/Mar/2026:20:01:43 +0100] "GET /wp-content/plugins/elementor-pro/assets/js/webpack-pro.runtime.min.js?ver=3.21.2 HTTP/1.0" 200 6863 "https://autenrieth.inglory.de/" "Mozilla/5.0 (Linux; U; Android 4.3; en-us; SM-N900T Build/JSS15J) AppleWebKit/534.30 (KHTML, like Gecko) Version/4.0 Mobile Safari/534.30"
66.249.84.105 - - [12/Mar/2026:20:01:43 +0100] "GET /wp-content/uploads/2024/02/OBJECTS-2-2.svg HTTP/1.0" 200 59532 "https://autenrieth.inglory.de/datenschutz/" "Mozilla/5.0 (Linux; U; Android 4.3; en-us; SM-N900T Build/JSS15J) AppleWebKit/534.30 (KHTML, like Gecko) Version/4.0 Mobile Safari/534.30"
66.249.84.106 - - [12/Mar/2026:20:01:43 +0100] "GET /wp-content/plugins/elementor-pro/assets/js/elements-handlers.min.js,qver=3.21.2.pagespeed.ce.gzkS2wmBaY.js HTTP/1.0" 200 13486 "https://autenrieth.inglory.de/impressum/" "Mozilla/5.0 (X11; Linux x86_64) AppleWebKit/537.36 (KHTML, like Gecko) Chrome/121.0.0.0 Safari/537.36"
66.249.84.106 - - [12/Mar/2026:20:01:43 +0100] "GET /wp-content/plugins/elementor-pro/assets/lib/sticky/jquery.sticky.min.js,qver=3.21.2.pagespeed.ce.PjGg3bH5EP.js HTTP/1.0" 200 5696 "https://autenrieth.inglory.de/impressum/" "Mozilla/5.0 (X11; Linux x86_64) AppleWebKit/537.36 (KHTML, like Gecko) Chrome/121.0.0.0 Safari/537.36"
74.125.210.38 - - [12/Mar/2026:20:01:43 +0100] "GET /wp-includes/js/wp-emoji-release.min.js?ver=6.9.4 HTTP/1.0" 200 9375 "https://autenrieth.inglory.de/" "Mozilla/5.0 (Linux; U; Android 4.3; en-us; SM-N900T Build/JSS15J) AppleWebKit/534.30 (KHTML, like Gecko) Version/4.0 Mobile Safari/534.30"
66.249.84.105 - - [12/Mar/2026:20:01:43 +0100] "GET /wp-content/plugins/borlabs-cookie/assets/javascript/vue.a50c3feb.min.js HTTP/1.0" 200 30817 "https://autenrieth.inglory.de/wp-content/plugins/borlabs-cookie/assets/javascript/borlabs-cookie.min.js,qver=3.0.1.pagespeed.ce.Mi8-j8D_PK.js" "Mozilla/5.0 (Linux; U; Android 4.3; en-us; SM-N900T Build/JSS15J) AppleWebKit/534.30 (KHTML, like Gecko) Version/4.0 Mobile Safari/534.30"
74.125.210.32 - - [12/Mar/2026:20:01:43 +0100] "GET /wp-content/uploads/2024/02/Group-1261156723-1.png.pagespeed.ce.My0WJfn8Rt.png HTTP/1.0" 200 289851 "https://autenrieth.inglory.de/wp-content/uploads/elementor/css/A.post-19.css,qver=1723465678.pagespeed.cf.lklr-ao2vH.css" "Mozilla/5.0 (X11; Linux x86_64) AppleWebKit/537.36 (KHTML, like Gecko) Chrome/121.0.0.0 Safari/537.36"
66.249.84.104 - - [12/Mar/2026:20:01:43 +0100] "GET /wp-content/plugins/elementor/assets/lib/font-awesome/webfonts/fa-brands-400.woff2 HTTP/1.0" 200 85751 "https://autenrieth.inglory.de/" "Mozilla/5.0 (X11; Linux x86_64) AppleWebKit/537.36 (KHTML, like Gecko) Chrome/121.0.0.0 Safari/537.36"
192.178.15.2 - - [12/Mar/2026:20:01:43 +0100] "GET /wp-content/plugins/borlabs-cookie/assets/javascript/borlabs-widget.87b9a45d.min.js HTTP/1.0" 200 4797 "-" "Mozilla/5.0 (X11; Linux x86_64) AppleWebKit/537.36 (KHTML, like Gecko) Chrome/121.0.0.0 Safari/537.36"
66.249.84.106 - - [12/Mar/2026:20:01:43 +0100] "GET /wp-content/plugins/borlabs-cookie/assets/javascript/init.d0a8a83e.min.js HTTP/1.0" 200 14921 "https://autenrieth.inglory.de/wp-content/plugins/borlabs-cookie/assets/javascript/borlabs-cookie.min.js,qver=3.0.1.pagespeed.ce.Mi8-j8D_PK.js" "Mozilla/5.0 (X11; Linux x86_64) AppleWebKit/537.36 (KHTML, like Gecko) Chrome/121.0.0.0 Safari/537.36"
66.249.84.106 - - [12/Mar/2026:20:01:43 +0100] "GET /wp-content/plugins/elementor/assets/lib/font-awesome/webfonts/fa-brands-400.woff2 HTTP/1.0" 200 85751 "https://autenrieth.inglory.de/datenschutz/" "Mozilla/5.0 (Linux; U; Android 4.3; en-us; SM-N900T Build/JSS15J) AppleWebKit/534.30 (KHTML, like Gecko) Version/4.0 Mobile Safari/534.30"
192.178.15.2 - - [12/Mar/2026:20:01:43 +0100] "GET /wp-content/uploads/2024/04/xGroup-1261156712-1.png.pagespeed.ic.BpP9zDAizp.webp HTTP/1.0" 200 14490 "https://autenrieth.inglory.de/" "Mozilla/5.0 (X11; Linux x86_64) AppleWebKit/537.36 (KHTML, like Gecko) Chrome/121.0.0.0 Safari/537.36"
74.125.210.32 - - [12/Mar/2026:20:01:43 +0100] "GET /wp-content/plugins/borlabs-cookie/assets/javascript/init.d0a8a83e.min.js HTTP/1.0" 200 14921 "https://autenrieth.inglory.de/wp-content/plugins/borlabs-cookie/assets/javascript/borlabs-cookie.min.js,qver=3.0.1.pagespeed.ce.Mi8-j8D_PK.js" "Mozilla/5.0 (X11; Linux x86_64) AppleWebKit/537.36 (KHTML, like Gecko) Chrome/121.0.0.0 Safari/537.36"
192.178.15.2 - - [12/Mar/2026:20:01:43 +0100] "GET /wp-content/uploads/2024/02/OBJECTS-5.svg HTTP/1.0" 200 72540 "https://autenrieth.inglory.de/wp-content/uploads/elementor/css/A.post-19.css,qver=1723465678.pagespeed.cf.5Jm6GPysju.css" "Mozilla/5.0 (Linux; U; Android 4.3; en-us; SM-N900T Build/JSS15J) AppleWebKit/534.30 (KHTML, like Gecko) Version/4.0 Mobile Safari/534.30"
74.125.210.32 - - [12/Mar/2026:20:01:43 +0100] "GET /wp-content/plugins/elementor-pro/assets/js/carousel.9b02b45d7826c1c48f33.bundle.min.js HTTP/1.0" 200 5915 "https://autenrieth.inglory.de/" "Mozilla/5.0 (Linux; U; Android 4.3; en-us; SM-N900T Build/JSS15J) AppleWebKit/534.30 (KHTML, like Gecko) Version/4.0 Mobile Safari/534.30"
192.178.15.1 - - [12/Mar/2026:20:01:43 +0100] "GET /wp-content/uploads/2024/02/xGroup-1261156732-1-1.jpg.pagespeed.ic.AuhrC-jC8B.webp HTTP/1.0" 200 78626 "https://autenrieth.inglory.de/" "Mozilla/5.0 (X11; Linux x86_64) AppleWebKit/537.36 (KHTML, like Gecko) Chrome/121.0.0.0 Safari/537.36"
192.178.15.2 - - [12/Mar/2026:20:01:43 +0100] "GET /wp-content/uploads/2024/02/OBJECTS-6.svg HTTP/1.0" 200 101491 "https://autenrieth.inglory.de/wp-content/uploads/elementor/css/A.post-19.css,qver=1723465678.pagespeed.cf.5Jm6GPysju.css" "Mozilla/5.0 (Linux; U; Android 4.3; en-us; SM-N900T Build/JSS15J) AppleWebKit/534.30 (KHTML, like Gecko) Version/4.0 Mobile Safari/534.30"
66.249.84.105 - - [12/Mar/2026:20:01:43 +0100] "GET /wp-content/uploads/2024/02/menu.svg HTTP/1.0" 200 4325 "https://autenrieth.inglory.de/impressum/" "Mozilla/5.0 (X11; Linux x86_64) AppleWebKit/537.36 (KHTML, like Gecko) Chrome/121.0.0.0 Safari/537.36"
66.249.84.106 - - [12/Mar/2026:20:01:43 +0100] "GET /wp-content,_plugins,_elementor,_assets,_js,_frontend-modules.min.js,qver==3.23.4+wp-includes,_js,_dist,_hooks.min.js,qver==dd5603f07f9220ed27f1+wp-includes,_js,_dist,_i18n.min.js,qver==c26c3dc7bed366793375.pagespeed.jc.P8Yx3nO6gW.js HTTP/1.0" 200 27904 "https://autenrieth.inglory.de/impressum/" "Mozilla/5.0 (X11; Linux x86_64) AppleWebKit/537.36 (KHTML, like Gecko) Chrome/121.0.0.0 Safari/537.36"
192.178.15.1 - - [12/Mar/2026:20:01:43 +0100] "GET /wp-content/uploads/2024/02/xRectangle-16.png.pagespeed.ic.uhwo9K5ILT.png HTTP/1.0" 200 4270 "https://autenrieth.inglory.de/wp-content/uploads/elementor/css/A.post-19.css,qver=1723465678.pagespeed.cf.5Jm6GPysju.css" "Mozilla/5.0 (Linux; U; Android 4.3; en-us; SM-N900T Build/JSS15J) AppleWebKit/534.30 (KHTML, like Gecko) Version/4.0 Mobile Safari/534.30"
74.125.210.32 - - [12/Mar/2026:20:01:43 +0100] "GET /wp-content/uploads/2024/02/xLayer-2-1.png.pagespeed.ic.-Fngdp3Z_M.png HTTP/1.0" 200 36736 "https://autenrieth.inglory.de/" "Mozilla/5.0 (Linux; U; Android 4.3; en-us; SM-N900T Build/JSS15J) AppleWebKit/534.30 (KHTML, like Gecko) Version/4.0 Mobile Safari/534.30"
66.249.84.106 - - [12/Mar/2026:20:01:43 +0100] "GET /wp-content/plugins/elementor/assets/lib/font-awesome/webfonts/fa-brands-400.woff2 HTTP/1.0" 200 85751 "https://autenrieth.inglory.de/datenschutz/" "Mozilla/5.0 (Linux; U; Android 4.3; en-us; SM-N900T Build/JSS15J) AppleWebKit/534.30 (KHTML, like Gecko) Version/4.0 Mobile Safari/534.30"
192.178.15.3 - - [12/Mar/2026:20:01:43 +0100] "GET /wp-content/uploads/2024/02/xFrame-1261156742-1.png.pagespeed.ic.IhJO3yrFyH.webp HTTP/1.0" 200 140454 "https://autenrieth.inglory.de/" "Mozilla/5.0 (X11; Linux x86_64) AppleWebKit/537.36 (KHTML, like Gecko) Chrome/121.0.0.0 Safari/537.36"
