94.130.90.54 - - [12/Mar/2026:09:53:21 +0100] "GET /wp-content/uploads/2024/02/OBJECTS-1-1.png HTTP/1.1" 200 15256 "https://autenrieth.inglory.de/" "Serf/1.3.9 (mod_pagespeed/1.13.35.2-0)"
94.130.90.54 - - [12/Mar/2026:09:53:21 +0100] "GET /wp-content/uploads/2024/02/Group-1261156723-1.png HTTP/1.1" 200 289292 "https://autenrieth.inglory.de/" "Serf/1.3.9 (mod_pagespeed/1.13.35.2-0)"
94.130.90.54 - - [12/Mar/2026:09:53:21 +0100] "GET /wp-content/uploads/2024/02/Group-1261156725-1-1.png HTTP/1.1" 200 234829 "https://autenrieth.inglory.de/" "Serf/1.3.9 (mod_pagespeed/1.13.35.2-0)"
94.130.90.54 - - [12/Mar/2026:09:53:21 +0100] "GET /wp-content/uploads/2024/02/Group-1261156726-2-1.png HTTP/1.1" 200 279798 "https://autenrieth.inglory.de/" "Serf/1.3.9 (mod_pagespeed/1.13.35.2-0)"
94.130.90.54 - - [12/Mar/2026:09:53:21 +0100] "GET /wp-content/uploads/2024/02/black-1-1.png HTTP/1.1" 200 354033 "https://autenrieth.inglory.de/" "Serf/1.3.9 (mod_pagespeed/1.13.35.2-0)"
94.130.90.54 - - [12/Mar/2026:09:53:21 +0100] "GET /wp-content/uploads/2024/02/CTA-1-scaled.jpg HTTP/1.1" 200 120297 "https://autenrieth.inglory.de/" "Serf/1.3.9 (mod_pagespeed/1.13.35.2-0)"
94.130.90.54 - - [12/Mar/2026:09:53:21 +0100] "GET /wp-content/uploads/2024/02/Group-1261156723-2-1.png HTTP/1.1" 200 95418 "https://autenrieth.inglory.de/" "Serf/1.3.9 (mod_pagespeed/1.13.35.2-0)"
94.130.90.54 - - [12/Mar/2026:09:53:21 +0100] "GET /wp-content/uploads/2024/02/Group-1261156725-3-1.png HTTP/1.1" 200 119264 "https://autenrieth.inglory.de/" "Serf/1.3.9 (mod_pagespeed/1.13.35.2-0)"
94.130.90.54 - - [12/Mar/2026:09:53:21 +0100] "GET /wp-content/uploads/2024/02/Group-1261156726-3-1.png HTTP/1.1" 200 102520 "https://autenrieth.inglory.de/" "Serf/1.3.9 (mod_pagespeed/1.13.35.2-0)"
94.130.90.54 - - [12/Mar/2026:09:53:21 +0100] "GET /wp-content/uploads/2024/02/Rectangle-16.png HTTP/1.1" 200 3631 "https://autenrieth.inglory.de/" "Serf/1.3.9 (mod_pagespeed/1.13.35.2-0)"
94.130.90.54 - - [12/Mar/2026:09:53:21 +0100] "GET /wp-content/uploads/2024/02/OBJECTS-5.svg HTTP/1.1" 200 182722 "https://autenrieth.inglory.de/" "Serf/1.3.9 (mod_pagespeed/1.13.35.2-0)"
94.130.90.54 - - [12/Mar/2026:09:53:21 +0100] "GET /wp-content/uploads/2024/02/OBJECTS-6.svg HTTP/1.1" 200 264474 "https://autenrieth.inglory.de/" "Serf/1.3.9 (mod_pagespeed/1.13.35.2-0)"
94.130.90.54 - - [12/Mar/2026:09:53:21 +0100] "GET /wp-content/uploads/2024/02/OBJECTS-7.svg HTTP/1.1" 200 492930 "https://autenrieth.inglory.de/" "Serf/1.3.9 (mod_pagespeed/1.13.35.2-0)"
94.130.90.54 - - [12/Mar/2026:09:53:21 +0100] "GET /wp-content/uploads/2024/02/Pattern.svg HTTP/1.1" 200 21842 "https://autenrieth.inglory.de/" "Serf/1.3.9 (mod_pagespeed/1.13.35.2-0)"
94.130.90.54 - - [12/Mar/2026:09:53:21 +0100] "GET /wp-content/plugins/mystickyelements-pro/intl-tel-input-src/build/img/flags.png HTTP/1.1" 200 74515 "https://autenrieth.inglory.de/" "Serf/1.3.9 (mod_pagespeed/1.13.35.2-0)"
94.130.90.54 - - [12/Mar/2026:09:53:21 +0100] "GET /wp-content/plugins/mystickyelements-pro/intl-tel-input-src/build/img/flags@2x.png HTTP/1.1" 200 178202 "https://autenrieth.inglory.de/" "Serf/1.3.9 (mod_pagespeed/1.13.35.2-0)"
202.65.238.70 - - [12/Mar/2026:09:53:21 +0100] "GET /wp-content/themes/hello-elementor/assets/css/reset.css?ver=3.4.6 HTTP/1.0" 200 6005 "https://autenrieth.inglory.de/" "Mozilla/5.0 (Linux; Android 9; RMX1941) AppleWebKit/537.36 (KHTML, like Gecko) Chrome/71.0.3578.99 Mobile Safari/537.36"
202.65.238.70 - - [12/Mar/2026:09:53:21 +0100] "GET /wp-content/uploads/elementor/css/custom-pro-frontend-lite.min.css?ver=1723465678 HTTP/1.0" 200 5667 "https://autenrieth.inglory.de/" "Mozilla/5.0 (Linux; Android 9; RMX1941) AppleWebKit/537.36 (KHTML, like Gecko) Chrome/71.0.3578.99 Mobile Safari/537.36"
202.65.238.70 - - [12/Mar/2026:09:53:21 +0100] "GET /wp-content/uploads/elementor/css/custom-frontend-lite.min.css?ver=1723465678 HTTP/1.0" 200 26874 "https://autenrieth.inglory.de/" "Mozilla/5.0 (Linux; Android 9; RMX1941) AppleWebKit/537.36 (KHTML, like Gecko) Chrome/71.0.3578.99 Mobile Safari/537.36"
202.65.238.70 - - [12/Mar/2026:09:53:21 +0100] "GET /wp-content/uploads/elementor/css/post-281.css?ver=1723465678 HTTP/1.0" 200 5723 "https://autenrieth.inglory.de/" "Mozilla/5.0 (Linux; Android 9; RMX1941) AppleWebKit/537.36 (KHTML, like Gecko) Chrome/71.0.3578.99 Mobile Safari/537.36"
202.65.238.70 - - [12/Mar/2026:09:53:21 +0100] "GET /wp-content/themes/hello-elementor/assets/css/theme.css?ver=3.4.6 HTTP/1.0" 200 5462 "https://autenrieth.inglory.de/" "Mozilla/5.0 (Linux; Android 9; RMX1941) AppleWebKit/537.36 (KHTML, like Gecko) Chrome/71.0.3578.99 Mobile Safari/537.36"
202.65.238.70 - - [12/Mar/2026:09:53:21 +0100] "GET /wp-content/cache/borlabs-cookie/1/borlabs-cookie-1-de.css?ver=3.0.1-425 HTTP/1.0" 200 16028 "https://autenrieth.inglory.de/" "Mozilla/5.0 (Linux; Android 9; RMX1941) AppleWebKit/537.36 (KHTML, like Gecko) Chrome/71.0.3578.99 Mobile Safari/537.36"
202.65.238.70 - - [12/Mar/2026:09:53:21 +0100] "GET /wp-content/uploads/elementor/css/post-7.css?ver=1723465678 HTTP/1.0" 200 5231 "https://autenrieth.inglory.de/" "Mozilla/5.0 (Linux; Android 9; RMX1941) AppleWebKit/537.36 (KHTML, like Gecko) Chrome/71.0.3578.99 Mobile Safari/537.36"
202.65.238.70 - - [12/Mar/2026:09:53:21 +0100] "GET /wp-content/plugins/elementor/assets/lib/eicons/css/elementor-icons.min.css?ver=5.30.0 HTTP/1.0" 200 8209 "https://autenrieth.inglory.de/" "Mozilla/5.0 (Linux; Android 9; RMX1941) AppleWebKit/537.36 (KHTML, like Gecko) Chrome/71.0.3578.99 Mobile Safari/537.36"
202.65.238.70 - - [12/Mar/2026:09:53:21 +0100] "GET /wp-content/themes/hello-elementor/assets/css/header-footer.css?ver=3.4.6 HTTP/1.0" 200 5605 "https://autenrieth.inglory.de/" "Mozilla/5.0 (Linux; Android 9; RMX1941) AppleWebKit/537.36 (KHTML, like Gecko) Chrome/71.0.3578.99 Mobile Safari/537.36"
202.65.238.70 - - [12/Mar/2026:09:53:21 +0100] "GET /wp-content/uploads/elementor/css/post-19.css?ver=1723465678 HTTP/1.0" 200 11241 "https://autenrieth.inglory.de/" "Mozilla/5.0 (Linux; Android 9; RMX1941) AppleWebKit/537.36 (KHTML, like Gecko) Chrome/71.0.3578.99 Mobile Safari/537.36"
202.65.238.70 - - [12/Mar/2026:09:53:21 +0100] "GET /wp-content/uploads/elementor/css/post-388.css?ver=1723465678 HTTP/1.0" 200 5388 "https://autenrieth.inglory.de/" "Mozilla/5.0 (Linux; Android 9; RMX1941) AppleWebKit/537.36 (KHTML, like Gecko) Chrome/71.0.3578.99 Mobile Safari/537.36"
94.130.90.54 - - [12/Mar/2026:09:53:21 +0100] "GET /wp-content/uploads/2024/02/Frame-1261156742-1.png HTTP/1.1" 200 139844 "https://autenrieth.inglory.de/" "Serf/1.3.9 (mod_pagespeed/1.13.35.2-0)"
202.65.238.70 - - [12/Mar/2026:09:53:21 +0100] "GET /wp-content/plugins/elementor/assets/lib/swiper/css/swiper.min.css?ver=5.3.6 HTTP/1.0" 200 6596 "https://autenrieth.inglory.de/" "Mozilla/5.0 (Linux; Android 9; RMX1941) AppleWebKit/537.36 (KHTML, like Gecko) Chrome/71.0.3578.99 Mobile Safari/537.36"
94.130.90.54 - - [12/Mar/2026:09:53:21 +0100] "GET /wp-content/uploads/2024/02/Silver-4-1.png HTTP/1.1" 200 11092 "https://autenrieth.inglory.de/" "Serf/1.3.9 (mod_pagespeed/1.13.35.2-0)"
94.130.90.54 - - [12/Mar/2026:09:53:21 +0100] "GET /wp-content/uploads/2024/02/Gold-1-1.png HTTP/1.1" 200 10359 "https://autenrieth.inglory.de/" "Serf/1.3.9 (mod_pagespeed/1.13.35.2-0)"
94.130.90.54 - - [12/Mar/2026:09:53:21 +0100] "GET /wp-content/uploads/2024/02/BLACK-1.png HTTP/1.1" 200 15941 "https://autenrieth.inglory.de/" "Serf/1.3.9 (mod_pagespeed/1.13.35.2-0)"
202.65.238.70 - - [12/Mar/2026:09:53:21 +0100] "GET /wp-content/plugins/loftloader-pro/assets/css/A.loftloader.min.css,qver=2022112801.pagespeed.cf.022XFbJey_.css HTTP/1.0" 200 76012 "https://autenrieth.inglory.de/" "Mozilla/5.0 (Linux; Android 9; RMX1941) AppleWebKit/537.36 (KHTML, like Gecko) Chrome/71.0.3578.99 Mobile Safari/537.36"
202.65.238.70 - - [12/Mar/2026:09:53:21 +0100] "GET /wp-content/plugins/mystickyelements-pro/css/font-awesome.min.css?ver=2.0.7 HTTP/1.0" 200 15990 "https://autenrieth.inglory.de/" "Mozilla/5.0 (Linux; Android 9; RMX1941) AppleWebKit/537.36 (KHTML, like Gecko) Chrome/71.0.3578.99 Mobile Safari/537.36"
202.65.238.70 - - [12/Mar/2026:09:53:21 +0100] "GET /wp-content/plugins/mystickyelements-pro/css/mystickyelements-front.min.css?ver=2.0.7 HTTP/1.0" 200 18232 "https://autenrieth.inglory.de/" "Mozilla/5.0 (Linux; Android 9; RMX1941) AppleWebKit/537.36 (KHTML, like Gecko) Chrome/71.0.3578.99 Mobile Safari/537.36"
202.65.238.70 - - [12/Mar/2026:09:53:21 +0100] "GET /wp-content/plugins/mystickyelements-pro/intl-tel-input-src/build/css/intlTelInput.css?ver=2.0.7 HTTP/1.0" 200 7238 "https://autenrieth.inglory.de/" "Mozilla/5.0 (Linux; Android 9; RMX1941) AppleWebKit/537.36 (KHTML, like Gecko) Chrome/71.0.3578.99 Mobile Safari/537.36"
202.65.238.70 - - [12/Mar/2026:09:53:21 +0100] "GET /wp-content/plugins/elementor/assets/lib/font-awesome/css/fontawesome.min.css?ver=5.15.3 HTTP/1.0" 200 16672 "https://autenrieth.inglory.de/" "Mozilla/5.0 (Linux; Android 9; RMX1941) AppleWebKit/537.36 (KHTML, like Gecko) Chrome/71.0.3578.99 Mobile Safari/537.36"
202.65.238.70 - - [12/Mar/2026:09:53:21 +0100] "GET /wp-content/plugins/elementor/assets/lib/font-awesome/css/brands.min.css?ver=5.15.3 HTTP/1.0" 200 4496 "https://autenrieth.inglory.de/" "Mozilla/5.0 (Linux; Android 9; RMX1941) AppleWebKit/537.36 (KHTML, like Gecko) Chrome/71.0.3578.99 Mobile Safari/537.36"
202.65.238.70 - - [12/Mar/2026:09:53:21 +0100] "GET /wp-content/plugins/elementor/assets/lib/animations/animations.min.css?ver=3.23.4 HTTP/1.0" 200 6774 "https://autenrieth.inglory.de/" "Mozilla/5.0 (Linux; Android 9; RMX1941) AppleWebKit/537.36 (KHTML, like Gecko) Chrome/71.0.3578.99 Mobile Safari/537.36"
202.65.238.70 - - [12/Mar/2026:09:53:21 +0100] "GET /wp-content/uploads/elementor/css/post-107.css?ver=1723465678 HTTP/1.0" 200 5187 "https://autenrieth.inglory.de/" "Mozilla/5.0 (Linux; Android 9; RMX1941) AppleWebKit/537.36 (KHTML, like Gecko) Chrome/71.0.3578.99 Mobile Safari/537.36"
202.65.238.70 - - [12/Mar/2026:09:53:21 +0100] "GET /wp-content/uploads/elementor/css/post-186.css?ver=1723465678 HTTP/1.0" 200 5201 "https://autenrieth.inglory.de/" "Mozilla/5.0 (Linux; Android 9; RMX1941) AppleWebKit/537.36 (KHTML, like Gecko) Chrome/71.0.3578.99 Mobile Safari/537.36"
202.65.238.70 - - [12/Mar/2026:09:53:21 +0100] "GET /wp-content/uploads/elementor/css/post-608.css?ver=1723465678 HTTP/1.0" 200 5203 "https://autenrieth.inglory.de/" "Mozilla/5.0 (Linux; Android 9; RMX1941) AppleWebKit/537.36 (KHTML, like Gecko) Chrome/71.0.3578.99 Mobile Safari/537.36"
202.65.238.70 - - [12/Mar/2026:09:53:21 +0100] "GET /wp-content/uploads/elementor/css/post-162.css?ver=1723465679 HTTP/1.0" 200 5581 "https://autenrieth.inglory.de/" "Mozilla/5.0 (Linux; Android 9; RMX1941) AppleWebKit/537.36 (KHTML, like Gecko) Chrome/71.0.3578.99 Mobile Safari/537.36"
202.65.238.70 - - [12/Mar/2026:09:53:21 +0100] "GET /wp-includes/js/jquery/jquery.min.js?ver=3.7.1 HTTP/1.0" 200 34594 "https://autenrieth.inglory.de/" "Mozilla/5.0 (Linux; Android 9; RMX1941) AppleWebKit/537.36 (KHTML, like Gecko) Chrome/71.0.3578.99 Mobile Safari/537.36"
202.65.238.70 - - [12/Mar/2026:09:53:21 +0100] "GET /wp-includes/js/jquery/jquery-migrate.min.js?ver=3.4.1 HTTP/1.0" 200 9097 "https://autenrieth.inglory.de/" "Mozilla/5.0 (Linux; Android 9; RMX1941) AppleWebKit/537.36 (KHTML, like Gecko) Chrome/71.0.3578.99 Mobile Safari/537.36"
202.65.238.70 - - [12/Mar/2026:09:53:21 +0100] "GET /wp-content/uploads/2024/02/Logo-Vektor-SVG.svg HTTP/1.0" 200 8287 "https://autenrieth.inglory.de/" "Mozilla/5.0 (Linux; Android 9; RMX1941) AppleWebKit/537.36 (KHTML, like Gecko) Chrome/71.0.3578.99 Mobile Safari/537.36"
202.65.238.70 - - [12/Mar/2026:09:53:21 +0100] "GET /wp-content/uploads/2024/02/menu.svg HTTP/1.0" 200 4325 "https://autenrieth.inglory.de/" "Mozilla/5.0 (Linux; Android 9; RMX1941) AppleWebKit/537.36 (KHTML, like Gecko) Chrome/71.0.3578.99 Mobile Safari/537.36"
202.65.238.70 - - [12/Mar/2026:09:53:21 +0100] "GET /wp-content/plugins/elementor/assets/lib/font-awesome/css/solid.min.css?ver=5.15.3 HTTP/1.0" 200 4497 "https://autenrieth.inglory.de/" "Mozilla/5.0 (Linux; Android 9; RMX1941) AppleWebKit/537.36 (KHTML, like Gecko) Chrome/71.0.3578.99 Mobile Safari/537.36"
202.65.238.70 - - [12/Mar/2026:09:53:21 +0100] "GET /wp-content/uploads/elementor/css/post-183.css?ver=1723465678 HTTP/1.0" 200 5197 "https://autenrieth.inglory.de/" "Mozilla/5.0 (Linux; Android 9; RMX1941) AppleWebKit/537.36 (KHTML, like Gecko) Chrome/71.0.3578.99 Mobile Safari/537.36"
202.65.238.70 - - [12/Mar/2026:09:53:21 +0100] "GET /wp-content/uploads/elementor/css/post-679.css?ver=1723465679 HTTP/1.0" 200 5598 "https://autenrieth.inglory.de/" "Mozilla/5.0 (Linux; Android 9; RMX1941) AppleWebKit/537.36 (KHTML, like Gecko) Chrome/71.0.3578.99 Mobile Safari/537.36"
202.65.238.70 - - [12/Mar/2026:09:53:21 +0100] "GET /wp-content/uploads/elementor/css/post-688.css?ver=1723465679 HTTP/1.0" 200 5616 "https://autenrieth.inglory.de/" "Mozilla/5.0 (Linux; Android 9; RMX1941) AppleWebKit/537.36 (KHTML, like Gecko) Chrome/71.0.3578.99 Mobile Safari/537.36"
202.65.238.70 - - [12/Mar/2026:09:53:21 +0100] "GET /wp-content/uploads/elementor/css/post-696.css?ver=1723465679 HTTP/1.0" 200 5605 "https://autenrieth.inglory.de/" "Mozilla/5.0 (Linux; Android 9; RMX1941) AppleWebKit/537.36 (KHTML, like Gecko) Chrome/71.0.3578.99 Mobile Safari/537.36"
202.65.238.70 - - [12/Mar/2026:09:53:21 +0100] "GET /wp-content/uploads/elementor/css/post-753.css?ver=1723465679 HTTP/1.0" 200 5232 "https://autenrieth.inglory.de/" "Mozilla/5.0 (Linux; Android 9; RMX1941) AppleWebKit/537.36 (KHTML, like Gecko) Chrome/71.0.3578.99 Mobile Safari/537.36"
202.65.238.70 - - [12/Mar/2026:09:53:21 +0100] "GET /wp-content/uploads/elementor/css/custom-pro-widget-nav-menu.min.css?ver=1723465678 HTTP/1.0" 200 7498 "https://autenrieth.inglory.de/" "Mozilla/5.0 (Linux; Android 9; RMX1941) AppleWebKit/537.36 (KHTML, like Gecko) Chrome/71.0.3578.99 Mobile Safari/537.36"
202.65.238.70 - - [12/Mar/2026:09:53:21 +0100] "GET /wp-content/plugins/elementor-pro/assets/css/widget-carousel.min.css HTTP/1.0" 200 7466 "https://autenrieth.inglory.de/" "Mozilla/5.0 (Linux; Android 9; RMX1941) AppleWebKit/537.36 (KHTML, like Gecko) Chrome/71.0.3578.99 Mobile Safari/537.36"
202.65.238.70 - - [12/Mar/2026:09:53:21 +0100] "GET /wp-content/uploads/elementor/css/custom-widget-icon-list.min.css?ver=1723465678 HTTP/1.0" 200 5131 "https://autenrieth.inglory.de/" "Mozilla/5.0 (Linux; Android 9; RMX1941) AppleWebKit/537.36 (KHTML, like Gecko) Chrome/71.0.3578.99 Mobile Safari/537.36"
202.65.238.70 - - [12/Mar/2026:09:53:21 +0100] "GET /wp-content/cache/borlabs-cookie/1/borlabs-cookie-config-de.json.js?ver=3.0.1-428 HTTP/1.0" 200 8618 "https://autenrieth.inglory.de/" "Mozilla/5.0 (Linux; Android 9; RMX1941) AppleWebKit/537.36 (KHTML, like Gecko) Chrome/71.0.3578.99 Mobile Safari/537.36"
202.65.238.70 - - [12/Mar/2026:09:53:21 +0100] "GET /wp-content/plugins/loftloader-pro/assets/js/jquery.waitformedias.min.js?ver=2022112801 HTTP/1.0" 200 6065 "https://autenrieth.inglory.de/" "Mozilla/5.0 (Linux; Android 9; RMX1941) AppleWebKit/537.36 (KHTML, like Gecko) Chrome/71.0.3578.99 Mobile Safari/537.36"
202.65.238.70 - - [12/Mar/2026:09:53:21 +0100] "GET /wp-content/plugins/loftloader-pro/assets/js/loftloader.js?ver=2022112801 HTTP/1.0" 200 10312 "https://autenrieth.inglory.de/" "Mozilla/5.0 (Linux; Android 9; RMX1941) AppleWebKit/537.36 (KHTML, like Gecko) Chrome/71.0.3578.99 Mobile Safari/537.36"
202.65.238.70 - - [12/Mar/2026:09:53:22 +0100] "GET /wp-content/plugins/mystickyelements-pro/intl-tel-input-src/build/js/intlTelInput.js?ver=2.0.7 HTTP/1.0" 200 25051 "https://autenrieth.inglory.de/" "Mozilla/5.0 (Linux; Android 9; RMX1941) AppleWebKit/537.36 (KHTML, like Gecko) Chrome/71.0.3578.99 Mobile Safari/537.36"
202.65.238.70 - - [12/Mar/2026:09:53:22 +0100] "GET /wp-content/plugins/mystickyelements-pro/js/jquery.cookie.js?ver=2.0.7 HTTP/1.0" 200 4996 "https://autenrieth.inglory.de/" "Mozilla/5.0 (Linux; Android 9; RMX1941) AppleWebKit/537.36 (KHTML, like Gecko) Chrome/71.0.3578.99 Mobile Safari/537.36"
202.65.238.70 - - [12/Mar/2026:09:53:22 +0100] "GET /wp-content/plugins/mystickyelements-pro/js/mystickyelements-fronted.min.js?ver=2.0.7 HTTP/1.0" 200 9294 "https://autenrieth.inglory.de/" "Mozilla/5.0 (Linux; Android 9; RMX1941) AppleWebKit/537.36 (KHTML, like Gecko) Chrome/71.0.3578.99 Mobile Safari/537.36"
202.65.238.70 - - [12/Mar/2026:09:53:22 +0100] "GET /wp-content/plugins/elementor-pro/assets/lib/smartmenus/jquery.smartmenus.min.js?ver=1.2.1 HTTP/1.0" 200 11282 "https://autenrieth.inglory.de/" "Mozilla/5.0 (Linux; Android 9; RMX1941) AppleWebKit/537.36 (KHTML, like Gecko) Chrome/71.0.3578.99 Mobile Safari/537.36"
202.65.238.70 - - [12/Mar/2026:09:53:22 +0100] "GET /wp-content/plugins/borlabs-cookie/assets/javascript/borlabs-cookie.min.js?ver=3.0.1 HTTP/1.0" 200 4734 "https://autenrieth.inglory.de/" "Mozilla/5.0 (Linux; Android 9; RMX1941) AppleWebKit/537.36 (KHTML, like Gecko) Chrome/71.0.3578.99 Mobile Safari/537.36"
202.65.238.70 - - [12/Mar/2026:09:53:22 +0100] "GET /wp-content/plugins/elementor-pro/assets/js/webpack-pro.runtime.min.js?ver=3.21.2 HTTP/1.0" 200 6876 "https://autenrieth.inglory.de/" "Mozilla/5.0 (Linux; Android 9; RMX1941) AppleWebKit/537.36 (KHTML, like Gecko) Chrome/71.0.3578.99 Mobile Safari/537.36"
202.65.238.70 - - [12/Mar/2026:09:53:22 +0100] "GET /wp-content/plugins/elementor/assets/js/webpack.runtime.min.js?ver=3.23.4 HTTP/1.0" 200 6440 "https://autenrieth.inglory.de/" "Mozilla/5.0 (Linux; Android 9; RMX1941) AppleWebKit/537.36 (KHTML, like Gecko) Chrome/71.0.3578.99 Mobile Safari/537.36"
202.65.238.70 - - [12/Mar/2026:09:53:22 +0100] "GET /wp-includes/js/dist/hooks.min.js?ver=dd5603f07f9220ed27f1 HTTP/1.0" 200 6168 "https://autenrieth.inglory.de/" "Mozilla/5.0 (Linux; Android 9; RMX1941) AppleWebKit/537.36 (KHTML, like Gecko) Chrome/71.0.3578.99 Mobile Safari/537.36"
202.65.238.70 - - [12/Mar/2026:09:53:22 +0100] "GET /wp-content/plugins/elementor-pro/assets/js/frontend.min.js?ver=3.21.2 HTTP/1.0" 200 10904 "https://autenrieth.inglory.de/" "Mozilla/5.0 (Linux; Android 9; RMX1941) AppleWebKit/537.36 (KHTML, like Gecko) Chrome/71.0.3578.99 Mobile Safari/537.36"
202.65.238.70 - - [12/Mar/2026:09:53:22 +0100] "GET /wp-includes/js/jquery/ui/core.min.js?ver=1.13.3 HTTP/1.0" 200 11321 "https://autenrieth.inglory.de/" "Mozilla/5.0 (Linux; Android 9; RMX1941) AppleWebKit/537.36 (KHTML, like Gecko) Chrome/71.0.3578.99 Mobile Safari/537.36"
202.65.238.70 - - [12/Mar/2026:09:53:22 +0100] "GET /wp-content/plugins/elementor-pro/assets/lib/sticky/jquery.sticky.min.js?ver=3.21.2 HTTP/1.0" 200 5746 "https://autenrieth.inglory.de/" "Mozilla/5.0 (Linux; Android 9; RMX1941) AppleWebKit/537.36 (KHTML, like Gecko) Chrome/71.0.3578.99 Mobile Safari/537.36"
202.65.238.70 - - [12/Mar/2026:09:53:22 +0100] "GET /wp-content/uploads/2024/02/Group-1261156719.svg HTTP/1.0" 200 4728 "https://autenrieth.inglory.de/" "Mozilla/5.0 (Linux; Android 9; RMX1941) AppleWebKit/537.36 (KHTML, like Gecko) Chrome/71.0.3578.99 Mobile Safari/537.36"
202.65.238.70 - - [12/Mar/2026:09:53:22 +0100] "GET /wp-includes/js/imagesloaded.min.js?ver=5.0.0 HTTP/1.0" 200 6028 "https://autenrieth.inglory.de/" "Mozilla/5.0 (Linux; Android 9; RMX1941) AppleWebKit/537.36 (KHTML, like Gecko) Chrome/71.0.3578.99 Mobile Safari/537.36"
202.65.238.70 - - [12/Mar/2026:09:53:22 +0100] "GET /wp-includes/js/dist/i18n.min.js?ver=c26c3dc7bed366793375 HTTP/1.0" 200 6455 "https://autenrieth.inglory.de/" "Mozilla/5.0 (Linux; Android 9; RMX1941) AppleWebKit/537.36 (KHTML, like Gecko) Chrome/71.0.3578.99 Mobile Safari/537.36"
202.65.238.70 - - [12/Mar/2026:09:53:22 +0100] "GET /wp-content/plugins/elementor/assets/js/frontend-modules.min.js?ver=3.23.4 HTTP/1.0" 200 24027 "https://autenrieth.inglory.de/" "Mozilla/5.0 (Linux; Android 9; RMX1941) AppleWebKit/537.36 (KHTML, like Gecko) Chrome/71.0.3578.99 Mobile Safari/537.36"
202.65.238.70 - - [12/Mar/2026:09:53:22 +0100] "GET /wp-content/plugins/elementor/assets/lib/waypoints/waypoints.min.js?ver=4.0.2 HTTP/1.0" 200 7222 "https://autenrieth.inglory.de/" "Mozilla/5.0 (Linux; Android 9; RMX1941) AppleWebKit/537.36 (KHTML, like Gecko) Chrome/71.0.3578.99 Mobile Safari/537.36"
202.65.238.70 - - [12/Mar/2026:09:53:22 +0100] "GET /wp-content/plugins/elementor/assets/js/frontend.min.js?ver=3.23.4 HTTP/1.0" 200 16419 "https://autenrieth.inglory.de/" "Mozilla/5.0 (Linux; Android 9; RMX1941) AppleWebKit/537.36 (KHTML, like Gecko) Chrome/71.0.3578.99 Mobile Safari/537.36"
202.65.238.70 - - [12/Mar/2026:09:53:22 +0100] "GET /wp-content/plugins/elementor-pro/assets/js/elements-handlers.min.js?ver=3.21.2 HTTP/1.0" 200 13447 "https://autenrieth.inglory.de/" "Mozilla/5.0 (Linux; Android 9; RMX1941) AppleWebKit/537.36 (KHTML, like Gecko) Chrome/71.0.3578.99 Mobile Safari/537.36"
202.65.238.70 - - [12/Mar/2026:09:53:22 +0100] "GET /wp-content/uploads/2024/02/Layer-3-3.png HTTP/1.0" 200 27107 "https://autenrieth.inglory.de/" "Mozilla/5.0 (Linux; Android 9; RMX1941) AppleWebKit/537.36 (KHTML, like Gecko) Chrome/71.0.3578.99 Mobile Safari/537.36"
202.65.238.70 - - [12/Mar/2026:09:53:22 +0100] "GET /wp-content/uploads/2024/02/OBJECTS-1.png HTTP/1.0" 200 62644 "https://autenrieth.inglory.de/" "Mozilla/5.0 (Linux; Android 9; RMX1941) AppleWebKit/537.36 (KHTML, like Gecko) Chrome/71.0.3578.99 Mobile Safari/537.36"
202.65.238.70 - - [12/Mar/2026:09:53:22 +0100] "GET /wp-content/uploads/2024/02/Layer-2-1.png HTTP/1.0" 200 38495 "https://autenrieth.inglory.de/" "Mozilla/5.0 (Linux; Android 9; RMX1941) AppleWebKit/537.36 (KHTML, like Gecko) Chrome/71.0.3578.99 Mobile Safari/537.36"
202.65.238.70 - - [12/Mar/2026:09:53:22 +0100] "GET /wp-content/uploads/2024/02/OBJECTS.svg HTTP/1.0" 200 120214 "https://autenrieth.inglory.de/" "Mozilla/5.0 (Linux; Android 9; RMX1941) AppleWebKit/537.36 (KHTML, like Gecko) Chrome/71.0.3578.99 Mobile Safari/537.36"
202.65.238.70 - - [12/Mar/2026:09:53:22 +0100] "GET /wp-content/uploads/2024/02/gold-1-768x676.png HTTP/1.0" 200 264627 "https://autenrieth.inglory.de/" "Mozilla/5.0 (Linux; Android 9; RMX1941) AppleWebKit/537.36 (KHTML, like Gecko) Chrome/71.0.3578.99 Mobile Safari/537.36"
202.65.238.70 - - [12/Mar/2026:09:53:22 +0100] "GET /wp-content/uploads/2024/02/Group-1261156729-1.png HTTP/1.0" 200 81249 "https://autenrieth.inglory.de/" "Mozilla/5.0 (Linux; Android 9; RMX1941) AppleWebKit/537.36 (KHTML, like Gecko) Chrome/71.0.3578.99 Mobile Safari/537.36"
202.65.238.70 - - [12/Mar/2026:09:53:22 +0100] "GET /wp-content/uploads/2024/02/Group-1261156722.svg HTTP/1.0" 200 5230 "https://autenrieth.inglory.de/" "Mozilla/5.0 (Linux; Android 9; RMX1941) AppleWebKit/537.36 (KHTML, like Gecko) Chrome/71.0.3578.99 Mobile Safari/537.36"
202.65.238.70 - - [12/Mar/2026:09:53:22 +0100] "GET /wp-content/uploads/2024/04/Group-1261156712-1.png HTTP/1.0" 200 14780 "https://autenrieth.inglory.de/" "Mozilla/5.0 (Linux; Android 9; RMX1941) AppleWebKit/537.36 (KHTML, like Gecko) Chrome/71.0.3578.99 Mobile Safari/537.36"
202.65.238.70 - - [12/Mar/2026:09:53:22 +0100] "GET /wp-content/uploads/2024/02/Layer-3-5.png HTTP/1.0" 200 29729 "https://autenrieth.inglory.de/" "Mozilla/5.0 (Linux; Android 9; RMX1941) AppleWebKit/537.36 (KHTML, like Gecko) Chrome/71.0.3578.99 Mobile Safari/537.36"
202.65.238.70 - - [12/Mar/2026:09:53:22 +0100] "GET /wp-content/uploads/2024/02/red-v3-1-1-2.png HTTP/1.0" 200 15132 "https://autenrieth.inglory.de/" "Mozilla/5.0 (Linux; Android 9; RMX1941) AppleWebKit/537.36 (KHTML, like Gecko) Chrome/71.0.3578.99 Mobile Safari/537.36"
202.65.238.70 - - [12/Mar/2026:09:53:22 +0100] "GET /wp-content/uploads/2024/02/Group-1261156720-1.svg HTTP/1.0" 200 4644 "https://autenrieth.inglory.de/" "Mozilla/5.0 (Linux; Android 9; RMX1941) AppleWebKit/537.36 (KHTML, like Gecko) Chrome/71.0.3578.99 Mobile Safari/537.36"
202.65.238.70 - - [12/Mar/2026:09:53:22 +0100] "GET /wp-content/uploads/2024/02/Traditional-Line-1-768x675.png HTTP/1.0" 200 300344 "https://autenrieth.inglory.de/" "Mozilla/5.0 (Linux; Android 9; RMX1941) AppleWebKit/537.36 (KHTML, like Gecko) Chrome/71.0.3578.99 Mobile Safari/537.36"
202.65.238.70 - - [12/Mar/2026:09:53:22 +0100] "GET /wp-content/uploads/2024/02/silver-1-768x673.jpg HTTP/1.0" 200 27681 "https://autenrieth.inglory.de/" "Mozilla/5.0 (Linux; Android 9; RMX1941) AppleWebKit/537.36 (KHTML, like Gecko) Chrome/71.0.3578.99 Mobile Safari/537.36"
202.65.238.70 - - [12/Mar/2026:09:53:22 +0100] "GET /wp-content/uploads/2024/02/Group-1261156721.svg HTTP/1.0" 200 5167 "https://autenrieth.inglory.de/" "Mozilla/5.0 (Linux; Android 9; RMX1941) AppleWebKit/537.36 (KHTML, like Gecko) Chrome/71.0.3578.99 Mobile Safari/537.36"
202.65.238.70 - - [12/Mar/2026:09:53:22 +0100] "GET /wp-content/uploads/2024/02/OBJECTS-4-1.svg HTTP/1.0" 200 92603 "https://autenrieth.inglory.de/" "Mozilla/5.0 (Linux; Android 9; RMX1941) AppleWebKit/537.36 (KHTML, like Gecko) Chrome/71.0.3578.99 Mobile Safari/537.36"
202.65.238.70 - - [12/Mar/2026:09:53:22 +0100] "GET /wp-content/uploads/2024/02/OBJECTS-2-2.svg HTTP/1.0" 200 59532 "https://autenrieth.inglory.de/" "Mozilla/5.0 (Linux; Android 9; RMX1941) AppleWebKit/537.36 (KHTML, like Gecko) Chrome/71.0.3578.99 Mobile Safari/537.36"
202.65.238.70 - - [12/Mar/2026:09:53:22 +0100] "GET /wp-content/uploads/2024/02/OBJECTS-1-1.svg HTTP/1.0" 200 78472 "https://autenrieth.inglory.de/" "Mozilla/5.0 (Linux; Android 9; RMX1941) AppleWebKit/537.36 (KHTML, like Gecko) Chrome/71.0.3578.99 Mobile Safari/537.36"
202.65.238.70 - - [12/Mar/2026:09:53:22 +0100] "GET /wp-content/uploads/2024/02/Frame-1261156729-2-1.jpg HTTP/1.0" 200 131324 "https://autenrieth.inglory.de/" "Mozilla/5.0 (Linux; Android 9; RMX1941) AppleWebKit/537.36 (KHTML, like Gecko) Chrome/71.0.3578.99 Mobile Safari/537.36"
202.65.238.70 - - [12/Mar/2026:09:53:22 +0100] "GET /wp-content/uploads/2024/02/OBJECTS-3-2.svg HTTP/1.0" 200 81057 "https://autenrieth.inglory.de/" "Mozilla/5.0 (Linux; Android 9; RMX1941) AppleWebKit/537.36 (KHTML, like Gecko) Chrome/71.0.3578.99 Mobile Safari/537.36"
202.65.238.70 - - [12/Mar/2026:09:53:22 +0100] "GET /wp-content/uploads/2024/02/Group-1261156732-1-1.jpg HTTP/1.0" 200 78552 "https://autenrieth.inglory.de/" "Mozilla/5.0 (Linux; Android 9; RMX1941) AppleWebKit/537.36 (KHTML, like Gecko) Chrome/71.0.3578.99 Mobile Safari/537.36"
202.65.238.70 - - [12/Mar/2026:09:53:22 +0100] "GET /wp-content/uploads/2024/02/Frame-1261156736.png HTTP/1.0" 200 5492 "https://autenrieth.inglory.de/" "Mozilla/5.0 (Linux; Android 9; RMX1941) AppleWebKit/537.36 (KHTML, like Gecko) Chrome/71.0.3578.99 Mobile Safari/537.36"
202.65.238.70 - - [12/Mar/2026:09:53:22 +0100] "GET /wp-content/uploads/2024/02/red-v3-1.png HTTP/1.0" 200 201282 "https://autenrieth.inglory.de/" "Mozilla/5.0 (Linux; Android 9; RMX1941) AppleWebKit/537.36 (KHTML, like Gecko) Chrome/71.0.3578.99 Mobile Safari/537.36"
202.65.238.70 - - [12/Mar/2026:09:53:22 +0100] "GET /wp-content/uploads/2024/02/Layer-2-1-1.png HTTP/1.0" 200 39771 "https://autenrieth.inglory.de/" "Mozilla/5.0 (Linux; Android 9; RMX1941) AppleWebKit/537.36 (KHTML, like Gecko) Chrome/71.0.3578.99 Mobile Safari/537.36"
202.65.238.70 - - [12/Mar/2026:09:53:22 +0100] "GET /wp-content/uploads/2024/02/Frame-1261156713-1.png HTTP/1.0" 200 51192 "https://autenrieth.inglory.de/" "Mozilla/5.0 (Linux; Android 9; RMX1941) AppleWebKit/537.36 (KHTML, like Gecko) Chrome/71.0.3578.99 Mobile Safari/537.36"
202.65.238.70 - - [12/Mar/2026:09:53:22 +0100] "GET /wp-content/uploads/2024/02/OBJECTS-1-1.png HTTP/1.0" 200 15850 "https://autenrieth.inglory.de/wp-content/uploads/elementor/css/post-19.css?ver=1723465678" "Mozilla/5.0 (Linux; Android 9; RMX1941) AppleWebKit/537.36 (KHTML, like Gecko) Chrome/71.0.3578.99 Mobile Safari/537.36"
202.65.238.70 - - [12/Mar/2026:09:53:22 +0100] "GET /wp-content/uploads/2024/02/Frame-1261156714-1.png HTTP/1.0" 200 50891 "https://autenrieth.inglory.de/" "Mozilla/5.0 (Linux; Android 9; RMX1941) AppleWebKit/537.36 (KHTML, like Gecko) Chrome/71.0.3578.99 Mobile Safari/537.36"
202.65.238.70 - - [12/Mar/2026:09:53:22 +0100] "GET /wp-content/uploads/2024/02/x-close.svg HTTP/1.0" 200 4208 "https://autenrieth.inglory.de/" "Mozilla/5.0 (Linux; Android 9; RMX1941) AppleWebKit/537.36 (KHTML, like Gecko) Chrome/71.0.3578.99 Mobile Safari/537.36"
202.65.238.70 - - [12/Mar/2026:09:53:22 +0100] "GET /wp-content/uploads/2024/02/Group-1261156723-2-1.png HTTP/1.0" 200 95977 "https://autenrieth.inglory.de/wp-content/uploads/elementor/css/post-19.css?ver=1723465678" "Mozilla/5.0 (Linux; Android 9; RMX1941) AppleWebKit/537.36 (KHTML, like Gecko) Chrome/71.0.3578.99 Mobile Safari/537.36"
202.65.238.70 - - [12/Mar/2026:09:53:22 +0100] "GET /wp-content/uploads/2024/02/hero-1.png HTTP/1.0" 200 752306 "https://autenrieth.inglory.de/wp-content/uploads/elementor/css/post-19.css?ver=1723465678" "Mozilla/5.0 (Linux; Android 9; RMX1941) AppleWebKit/537.36 (KHTML, like Gecko) Chrome/71.0.3578.99 Mobile Safari/537.36"
202.65.238.70 - - [12/Mar/2026:09:53:22 +0100] "GET /wp-content/uploads/2024/02/Group-1261156725-3-1.png HTTP/1.0" 200 119809 "https://autenrieth.inglory.de/wp-content/uploads/elementor/css/post-19.css?ver=1723465678" "Mozilla/5.0 (Linux; Android 9; RMX1941) AppleWebKit/537.36 (KHTML, like Gecko) Chrome/71.0.3578.99 Mobile Safari/537.36"
202.65.238.70 - - [12/Mar/2026:09:53:22 +0100] "GET /wp-content/uploads/2024/02/CTA-1-scaled.jpg HTTP/1.0" 200 120842 "https://autenrieth.inglory.de/wp-content/uploads/elementor/css/post-19.css?ver=1723465678" "Mozilla/5.0 (Linux; Android 9; RMX1941) AppleWebKit/537.36 (KHTML, like Gecko) Chrome/71.0.3578.99 Mobile Safari/537.36"
202.65.238.70 - - [12/Mar/2026:09:53:22 +0100] "GET /wp-content/uploads/2024/02/Pattern.svg HTTP/1.0" 200 9820 "https://autenrieth.inglory.de/wp-content/uploads/elementor/css/post-281.css?ver=1723465678" "Mozilla/5.0 (Linux; Android 9; RMX1941) AppleWebKit/537.36 (KHTML, like Gecko) Chrome/71.0.3578.99 Mobile Safari/537.36"
202.65.238.70 - - [12/Mar/2026:09:53:22 +0100] "GET /wp-content/uploads/2024/02/Group-1261156726-3-1.png HTTP/1.0" 200 103072 "https://autenrieth.inglory.de/wp-content/uploads/elementor/css/post-19.css?ver=1723465678" "Mozilla/5.0 (Linux; Android 9; RMX1941) AppleWebKit/537.36 (KHTML, like Gecko) Chrome/71.0.3578.99 Mobile Safari/537.36"
202.65.238.70 - - [12/Mar/2026:09:53:22 +0100] "GET /wp-content/uploads/2024/02/OBJECTS-3-1.svg HTTP/1.0" 200 75614 "https://autenrieth.inglory.de/" "Mozilla/5.0 (Linux; Android 9; RMX1941) AppleWebKit/537.36 (KHTML, like Gecko) Chrome/71.0.3578.99 Mobile Safari/537.36"
202.65.238.70 - - [12/Mar/2026:09:53:22 +0100] "GET /wp-content/uploads/2024/02/Rectangle-16.png HTTP/1.0" 200 4232 "https://autenrieth.inglory.de/wp-content/uploads/elementor/css/post-19.css?ver=1723465678" "Mozilla/5.0 (Linux; Android 9; RMX1941) AppleWebKit/537.36 (KHTML, like Gecko) Chrome/71.0.3578.99 Mobile Safari/537.36"
202.65.238.70 - - [12/Mar/2026:09:53:22 +0100] "GET /wp-content/plugins/elementor/assets/lib/eicons/fonts/eicons.woff2?5.30.0 HTTP/1.0" 200 101293 "https://autenrieth.inglory.de/wp-content/plugins/elementor/assets/lib/eicons/css/elementor-icons.min.css?ver=5.30.0" "Mozilla/5.0 (Linux; Android 9; RMX1941) AppleWebKit/537.36 (KHTML, like Gecko) Chrome/71.0.3578.99 Mobile Safari/537.36"
202.65.238.70 - - [12/Mar/2026:09:53:22 +0100] "GET /wp-content/uploads/2024/02/OBJECTS-2-1.svg HTTP/1.0" 200 75245 "https://autenrieth.inglory.de/" "Mozilla/5.0 (Linux; Android 9; RMX1941) AppleWebKit/537.36 (KHTML, like Gecko) Chrome/71.0.3578.99 Mobile Safari/537.36"
202.65.238.70 - - [12/Mar/2026:09:53:22 +0100] "GET /wp-content/plugins/elementor/assets/lib/font-awesome/webfonts/fa-brands-400.woff2 HTTP/1.0" 200 85751 "https://autenrieth.inglory.de/wp-content/plugins/elementor/assets/lib/font-awesome/css/brands.min.css?ver=5.15.3" "Mozilla/5.0 (Linux; Android 9; RMX1941) AppleWebKit/537.36 (KHTML, like Gecko) Chrome/71.0.3578.99 Mobile Safari/537.36"
202.65.238.70 - - [12/Mar/2026:09:53:22 +0100] "GET /wp-content/plugins/elementor/assets/lib/font-awesome/webfonts/fa-solid-900.woff2 HTTP/1.0" 200 82335 "https://autenrieth.inglory.de/wp-content/plugins/elementor/assets/lib/font-awesome/css/solid.min.css?ver=5.15.3" "Mozilla/5.0 (Linux; Android 9; RMX1941) AppleWebKit/537.36 (KHTML, like Gecko) Chrome/71.0.3578.99 Mobile Safari/537.36"
202.65.238.70 - - [12/Mar/2026:09:53:22 +0100] "GET /wp-content/uploads/2024/02/OBJECTS-5.svg HTTP/1.0" 200 72540 "https://autenrieth.inglory.de/wp-content/uploads/elementor/css/post-19.css?ver=1723465678" "Mozilla/5.0 (Linux; Android 9; RMX1941) AppleWebKit/537.36 (KHTML, like Gecko) Chrome/71.0.3578.99 Mobile Safari/537.36"
202.65.238.70 - - [12/Mar/2026:09:53:22 +0100] "GET /wp-content/uploads/2024/02/OBJECTS-6.svg HTTP/1.0" 200 101491 "https://autenrieth.inglory.de/wp-content/uploads/elementor/css/post-19.css?ver=1723465678" "Mozilla/5.0 (Linux; Android 9; RMX1941) AppleWebKit/537.36 (KHTML, like Gecko) Chrome/71.0.3578.99 Mobile Safari/537.36"
202.65.238.70 - - [12/Mar/2026:09:53:22 +0100] "GET /wp-content/uploads/2024/02/OBJECTS-7.svg HTTP/1.0" 200 197680 "https://autenrieth.inglory.de/wp-content/uploads/elementor/css/post-19.css?ver=1723465678" "Mozilla/5.0 (Linux; Android 9; RMX1941) AppleWebKit/537.36 (KHTML, like Gecko) Chrome/71.0.3578.99 Mobile Safari/537.36"
202.65.238.70 - - [12/Mar/2026:09:53:23 +0100] "GET /wp-content/uploads/2024/02/Frame-1261156742-1.png HTTP/1.0" 200 140382 "https://autenrieth.inglory.de/wp-content/uploads/elementor/css/post-162.css?ver=1723465679" "Mozilla/5.0 (Linux; Android 9; RMX1941) AppleWebKit/537.36 (KHTML, like Gecko) Chrome/71.0.3578.99 Mobile Safari/537.36"
202.65.238.70 - - [12/Mar/2026:09:53:23 +0100] "GET /wp-content/uploads/2024/02/Silver-4-1.png HTTP/1.0" 200 11686 "https://autenrieth.inglory.de/wp-content/uploads/elementor/css/post-679.css?ver=1723465679" "Mozilla/5.0 (Linux; Android 9; RMX1941) AppleWebKit/537.36 (KHTML, like Gecko) Chrome/71.0.3578.99 Mobile Safari/537.36"
202.65.238.70 - - [12/Mar/2026:09:53:23 +0100] "GET /wp-content/uploads/2024/02/Gold-1-1.png HTTP/1.0" 200 10953 "https://autenrieth.inglory.de/wp-content/uploads/elementor/css/post-688.css?ver=1723465679" "Mozilla/5.0 (Linux; Android 9; RMX1941) AppleWebKit/537.36 (KHTML, like Gecko) Chrome/71.0.3578.99 Mobile Safari/537.36"
202.65.238.70 - - [12/Mar/2026:09:53:23 +0100] "GET /wp-content/uploads/2024/02/BLACK-1.png HTTP/1.0" 200 16535 "https://autenrieth.inglory.de/wp-content/uploads/elementor/css/post-696.css?ver=1723465679" "Mozilla/5.0 (Linux; Android 9; RMX1941) AppleWebKit/537.36 (KHTML, like Gecko) Chrome/71.0.3578.99 Mobile Safari/537.36"
202.65.238.70 - - [12/Mar/2026:09:53:23 +0100] "GET /wp-content/plugins/borlabs-cookie/assets/javascript/observer.472990d3.min.js HTTP/1.0" 200 7792 "https://autenrieth.inglory.de/wp-content/plugins/borlabs-cookie/assets/javascript/borlabs-cookie.min.js?ver=3.0.1" "Mozilla/5.0 (Linux; Android 9; RMX1941) AppleWebKit/537.36 (KHTML, like Gecko) Chrome/71.0.3578.99 Mobile Safari/537.36"
202.65.238.70 - - [12/Mar/2026:09:53:23 +0100] "GET /wp-content/plugins/borlabs-cookie/assets/javascript/init.d0a8a83e.min.js HTTP/1.0" 200 14853 "https://autenrieth.inglory.de/wp-content/plugins/borlabs-cookie/assets/javascript/borlabs-cookie.min.js?ver=3.0.1" "Mozilla/5.0 (Linux; Android 9; RMX1941) AppleWebKit/537.36 (KHTML, like Gecko) Chrome/71.0.3578.99 Mobile Safari/537.36"
202.65.238.70 - - [12/Mar/2026:09:53:23 +0100] "GET /wp-content/plugins/borlabs-cookie/assets/javascript/vue.a50c3feb.min.js HTTP/1.0" 200 30726 "https://autenrieth.inglory.de/wp-content/plugins/borlabs-cookie/assets/javascript/borlabs-cookie.min.js?ver=3.0.1" "Mozilla/5.0 (Linux; Android 9; RMX1941) AppleWebKit/537.36 (KHTML, like Gecko) Chrome/71.0.3578.99 Mobile Safari/537.36"
202.65.238.70 - - [12/Mar/2026:09:53:26 +0100] "GET /wp-content/plugins/borlabs-cookie/assets/javascript/borlabs-widget.87b9a45d.min.js HTTP/1.0" 200 4660 "-" "Mozilla/5.0 (Linux; Android 9; RMX1941) AppleWebKit/537.36 (KHTML, like Gecko) Chrome/71.0.3578.99 Mobile Safari/537.36"
202.65.238.70 - - [12/Mar/2026:09:53:26 +0100] "POST /mod_pagespeed_beacon?url=https%3A%2F%2Fautenrieth.inglory.de%2F HTTP/1.0" 204 3899 "https://autenrieth.inglory.de/" "Mozilla/5.0 (Linux; Android 9; RMX1941) AppleWebKit/537.36 (KHTML, like Gecko) Chrome/71.0.3578.99 Mobile Safari/537.36"
202.65.238.70 - - [12/Mar/2026:09:53:26 +0100] "GET /wp-content/plugins/borlabs-cookie/assets/images/borlabs-cookie-widget-a.svg HTTP/1.0" 200 5933 "https://autenrieth.inglory.de/" "Mozilla/5.0 (Linux; Android 9; RMX1941) AppleWebKit/537.36 (KHTML, like Gecko) Chrome/71.0.3578.99 Mobile Safari/537.36"
202.65.238.70 - - [12/Mar/2026:09:53:26 +0100] "GET /wp-content/uploads/2024/02/cropped-Logo-SVG-1-192x192.png HTTP/1.0" 200 13617 "https://autenrieth.inglory.de/" "Mozilla/5.0 (Linux; Android 9; RMX1941) AppleWebKit/537.36 (KHTML, like Gecko) Chrome/71.0.3578.99 Mobile Safari/537.36"
202.65.238.70 - - [12/Mar/2026:09:53:26 +0100] "GET /wp-content/uploads/2024/02/cropped-Logo-SVG-1-180x180.png HTTP/1.0" 200 12894 "https://autenrieth.inglory.de/" "Mozilla/5.0 (Linux; Android 9; RMX1941) AppleWebKit/537.36 (KHTML, like Gecko) Chrome/71.0.3578.99 Mobile Safari/537.36"
202.65.238.70 - - [12/Mar/2026:09:53:26 +0100] "GET /wp-includes/js/wp-emoji-release.min.js?ver=6.9.4 HTTP/1.0" 200 9487 "https://autenrieth.inglory.de/" "Mozilla/5.0 (Linux; Android 9; RMX1941) AppleWebKit/537.36 (KHTML, like Gecko) Chrome/71.0.3578.99 Mobile Safari/537.36"
94.130.90.54 - - [12/Mar/2026:10:05:42 +0100] "GET /wp-content/plugins/loftloader-pro/assets/css/loftloader.min.css?ver=2022112801 HTTP/1.1" 304 3407 "https://autenrieth.inglory.de/" "Serf/1.3.9 (mod_pagespeed/1.13.35.2-0)"
54.246.142.114 - - [12/Mar/2026:10:05:40 +0100] "GET / HTTP/1.0" 200 28398 "-" "Plesk screenshot bot https://support.plesk.com/hc/en-us/articles/10301006946066"
94.130.90.54 - - [12/Mar/2026:10:05:42 +0100] "GET /wp-content/themes/hello-elementor/assets/css/reset.css?ver=3.4.6 HTTP/1.1" 304 3406 "https://autenrieth.inglory.de/" "Serf/1.3.9 (mod_pagespeed/1.13.35.2-0)"
94.130.90.54 - - [12/Mar/2026:10:05:42 +0100] "GET /wp-content/themes/hello-elementor/assets/css/theme.css?ver=3.4.6 HTTP/1.1" 304 3406 "https://autenrieth.inglory.de/" "Serf/1.3.9 (mod_pagespeed/1.13.35.2-0)"
94.130.90.54 - - [12/Mar/2026:10:05:42 +0100] "GET /wp-content/themes/hello-elementor/assets/css/header-footer.css?ver=3.4.6 HTTP/1.1" 304 3406 "https://autenrieth.inglory.de/" "Serf/1.3.9 (mod_pagespeed/1.13.35.2-0)"
94.130.90.54 - - [12/Mar/2026:10:05:42 +0100] "GET /wp-content/plugins/elementor/assets/lib/eicons/css/elementor-icons.min.css?ver=5.30.0 HTTP/1.1" 304 3406 "https://autenrieth.inglory.de/" "Serf/1.3.9 (mod_pagespeed/1.13.35.2-0)"
94.130.90.54 - - [12/Mar/2026:10:05:42 +0100] "GET /wp-content/uploads/elementor/css/custom-frontend-lite.min.css?ver=1723465678 HTTP/1.1" 304 3407 "https://autenrieth.inglory.de/" "Serf/1.3.9 (mod_pagespeed/1.13.35.2-0)"
94.130.90.54 - - [12/Mar/2026:10:05:42 +0100] "GET /wp-content/plugins/elementor/assets/lib/swiper/css/swiper.min.css?ver=5.3.6 HTTP/1.1" 304 3406 "https://autenrieth.inglory.de/" "Serf/1.3.9 (mod_pagespeed/1.13.35.2-0)"
94.130.90.54 - - [12/Mar/2026:10:05:42 +0100] "GET /wp-content/uploads/elementor/css/post-7.css?ver=1723465678 HTTP/1.1" 304 3406 "https://autenrieth.inglory.de/" "Serf/1.3.9 (mod_pagespeed/1.13.35.2-0)"
54.246.142.114 - - [12/Mar/2026:10:05:42 +0100] "GET /wp-content/plugins/elementor/assets/lib/eicons/css/elementor-icons.min.css?ver=5.30.0 HTTP/1.0" 200 8209 "https://autenrieth.inglory.de/" "Plesk screenshot bot https://support.plesk.com/hc/en-us/articles/10301006946066"
54.246.142.114 - - [12/Mar/2026:10:05:42 +0100] "GET /wp-content/uploads/elementor/css/custom-frontend-lite.min.css?ver=1723465678 HTTP/1.0" 200 26874 "https://autenrieth.inglory.de/" "Plesk screenshot bot https://support.plesk.com/hc/en-us/articles/10301006946066"
54.246.142.114 - - [12/Mar/2026:10:05:42 +0100] "GET /wp-content/plugins/elementor/assets/lib/swiper/css/swiper.min.css?ver=5.3.6 HTTP/1.0" 200 6596 "https://autenrieth.inglory.de/" "Plesk screenshot bot https://support.plesk.com/hc/en-us/articles/10301006946066"
94.130.90.54 - - [12/Mar/2026:10:05:42 +0100] "GET /wp-content/uploads/elementor/css/custom-pro-frontend-lite.min.css?ver=1723465678 HTTP/1.1" 304 3406 "https://autenrieth.inglory.de/" "Serf/1.3.9 (mod_pagespeed/1.13.35.2-0)"
54.246.142.114 - - [12/Mar/2026:10:05:42 +0100] "GET /wp-content/plugins/loftloader-pro/assets/css/loftloader.min.css?ver=2022112801 HTTP/1.0" 200 11143 "https://autenrieth.inglory.de/" "Plesk screenshot bot https://support.plesk.com/hc/en-us/articles/10301006946066"
54.246.142.114 - - [12/Mar/2026:10:05:42 +0100] "GET /wp-content/themes/hello-elementor/assets/css/theme.css?ver=3.4.6 HTTP/1.0" 200 5462 "https://autenrieth.inglory.de/" "Plesk screenshot bot https://support.plesk.com/hc/en-us/articles/10301006946066"
54.246.142.114 - - [12/Mar/2026:10:05:42 +0100] "GET /wp-content/themes/hello-elementor/assets/css/header-footer.css?ver=3.4.6 HTTP/1.0" 200 5605 "https://autenrieth.inglory.de/" "Plesk screenshot bot https://support.plesk.com/hc/en-us/articles/10301006946066"
54.246.142.114 - - [12/Mar/2026:10:05:42 +0100] "GET /wp-content/themes/hello-elementor/assets/css/reset.css?ver=3.4.6 HTTP/1.0" 200 6005 "https://autenrieth.inglory.de/" "Plesk screenshot bot https://support.plesk.com/hc/en-us/articles/10301006946066"
94.130.90.54 - - [12/Mar/2026:10:05:42 +0100] "GET /wp-content/uploads/elementor/css/post-388.css?ver=1723465678 HTTP/1.1" 304 3406 "https://autenrieth.inglory.de/" "Serf/1.3.9 (mod_pagespeed/1.13.35.2-0)"
94.130.90.54 - - [12/Mar/2026:10:05:42 +0100] "GET /wp-content/cache/borlabs-cookie/1/borlabs-cookie-1-de.css?ver=3.0.1-425 HTTP/1.1" 304 3407 "https://autenrieth.inglory.de/" "Serf/1.3.9 (mod_pagespeed/1.13.35.2-0)"
54.246.142.114 - - [12/Mar/2026:10:05:42 +0100] "GET /wp-content/uploads/elementor/css/post-19.css?ver=1723465678 HTTP/1.0" 200 11304 "https://autenrieth.inglory.de/" "Plesk screenshot bot https://support.plesk.com/hc/en-us/articles/10301006946066"
54.246.142.114 - - [12/Mar/2026:10:05:42 +0100] "GET /wp-content/uploads/elementor/css/custom-pro-frontend-lite.min.css?ver=1723465678 HTTP/1.0" 200 5667 "https://autenrieth.inglory.de/" "Plesk screenshot bot https://support.plesk.com/hc/en-us/articles/10301006946066"
94.130.90.54 - - [12/Mar/2026:10:05:42 +0100] "GET /wp-content/plugins/mystickyelements-pro/css/font-awesome.min.css?ver=2.0.7 HTTP/1.1" 304 3406 "https://autenrieth.inglory.de/" "Serf/1.3.9 (mod_pagespeed/1.13.35.2-0)"
54.246.142.114 - - [12/Mar/2026:10:05:42 +0100] "GET /wp-content/uploads/elementor/css/post-7.css?ver=1723465678 HTTP/1.0" 200 5231 "https://autenrieth.inglory.de/" "Plesk screenshot bot https://support.plesk.com/hc/en-us/articles/10301006946066"
94.130.90.54 - - [12/Mar/2026:10:05:42 +0100] "GET /wp-content/plugins/elementor/assets/lib/font-awesome/css/fontawesome.min.css?ver=5.15.3 HTTP/1.1" 304 3406 "https://autenrieth.inglory.de/" "Serf/1.3.9 (mod_pagespeed/1.13.35.2-0)"
54.246.142.114 - - [12/Mar/2026:10:05:42 +0100] "GET /wp-content/uploads/elementor/css/post-162.css?ver=1723465679 HTTP/1.0" 200 5448 "https://autenrieth.inglory.de/" "Plesk screenshot bot https://support.plesk.com/hc/en-us/articles/10301006946066"
94.130.90.54 - - [12/Mar/2026:10:05:42 +0100] "GET /wp-content/plugins/elementor/assets/lib/font-awesome/css/solid.min.css?ver=5.15.3 HTTP/1.1" 304 3405 "https://autenrieth.inglory.de/" "Serf/1.3.9 (mod_pagespeed/1.13.35.2-0)"
94.130.90.54 - - [12/Mar/2026:10:05:42 +0100] "GET /wp-content/plugins/elementor/assets/lib/font-awesome/css/brands.min.css?ver=5.15.3 HTTP/1.1" 304 3405 "https://autenrieth.inglory.de/" "Serf/1.3.9 (mod_pagespeed/1.13.35.2-0)"
54.246.142.114 - - [12/Mar/2026:10:05:42 +0100] "GET /wp-content/uploads/elementor/css/post-688.css?ver=1723465679 HTTP/1.0" 200 5489 "https://autenrieth.inglory.de/" "Plesk screenshot bot https://support.plesk.com/hc/en-us/articles/10301006946066"
94.130.90.54 - - [12/Mar/2026:10:05:42 +0100] "GET /wp-content/plugins/elementor/assets/lib/animations/animations.min.css?ver=3.23.4 HTTP/1.1" 304 3406 "https://autenrieth.inglory.de/" "Serf/1.3.9 (mod_pagespeed/1.13.35.2-0)"
54.246.142.114 - - [12/Mar/2026:10:05:42 +0100] "GET /wp-content/uploads/elementor/css/post-753.css?ver=1723465679 HTTP/1.0" 200 5096 "https://autenrieth.inglory.de/" "Plesk screenshot bot https://support.plesk.com/hc/en-us/articles/10301006946066"
54.246.142.114 - - [12/Mar/2026:10:05:42 +0100] "GET /wp-content/uploads/elementor/css/post-388.css?ver=1723465678 HTTP/1.0" 200 5388 "https://autenrieth.inglory.de/" "Plesk screenshot bot https://support.plesk.com/hc/en-us/articles/10301006946066"
94.130.90.54 - - [12/Mar/2026:10:05:42 +0100] "GET /wp-content/uploads/elementor/css/post-107.css?ver=1723465678 HTTP/1.1" 304 3406 "https://autenrieth.inglory.de/" "Serf/1.3.9 (mod_pagespeed/1.13.35.2-0)"
54.246.142.114 - - [12/Mar/2026:10:05:42 +0100] "GET /wp-content/uploads/elementor/css/post-281.css?ver=1723465678 HTTP/1.0" 200 5597 "https://autenrieth.inglory.de/" "Plesk screenshot bot https://support.plesk.com/hc/en-us/articles/10301006946066"
94.130.90.54 - - [12/Mar/2026:10:05:42 +0100] "GET /wp-content/uploads/elementor/css/post-183.css?ver=1723465678 HTTP/1.1" 304 3406 "https://autenrieth.inglory.de/" "Serf/1.3.9 (mod_pagespeed/1.13.35.2-0)"
54.246.142.114 - - [12/Mar/2026:10:05:42 +0100] "GET /wp-content/cache/borlabs-cookie/1/borlabs-cookie-1-de.css?ver=3.0.1-425 HTTP/1.0" 200 16028 "https://autenrieth.inglory.de/" "Plesk screenshot bot https://support.plesk.com/hc/en-us/articles/10301006946066"
54.246.142.114 - - [12/Mar/2026:10:05:42 +0100] "GET /wp-content/plugins/mystickyelements-pro/css/font-awesome.min.css?ver=2.0.7 HTTP/1.0" 200 15990 "https://autenrieth.inglory.de/" "Plesk screenshot bot https://support.plesk.com/hc/en-us/articles/10301006946066"
94.130.90.54 - - [12/Mar/2026:10:05:42 +0100] "GET /wp-content/uploads/elementor/css/post-186.css?ver=1723465678 HTTP/1.1" 304 3406 "https://autenrieth.inglory.de/" "Serf/1.3.9 (mod_pagespeed/1.13.35.2-0)"
54.246.142.114 - - [12/Mar/2026:10:05:42 +0100] "GET /wp-content/plugins/elementor/assets/lib/font-awesome/css/solid.min.css?ver=5.15.3 HTTP/1.0" 200 4497 "https://autenrieth.inglory.de/" "Plesk screenshot bot https://support.plesk.com/hc/en-us/articles/10301006946066"
54.246.142.114 - - [12/Mar/2026:10:05:42 +0100] "GET /wp-content/plugins/elementor/assets/lib/font-awesome/css/fontawesome.min.css?ver=5.15.3 HTTP/1.0" 200 16672 "https://autenrieth.inglory.de/" "Plesk screenshot bot https://support.plesk.com/hc/en-us/articles/10301006946066"
54.246.142.114 - - [12/Mar/2026:10:05:42 +0100] "GET /wp-content/plugins/elementor/assets/lib/font-awesome/css/brands.min.css?ver=5.15.3 HTTP/1.0" 200 4496 "https://autenrieth.inglory.de/" "Plesk screenshot bot https://support.plesk.com/hc/en-us/articles/10301006946066"
54.246.142.114 - - [12/Mar/2026:10:05:42 +0100] "GET /wp-content/plugins/elementor/assets/lib/animations/animations.min.css?ver=3.23.4 HTTP/1.0" 200 6774 "https://autenrieth.inglory.de/" "Plesk screenshot bot https://support.plesk.com/hc/en-us/articles/10301006946066"
54.246.142.114 - - [12/Mar/2026:10:05:42 +0100] "GET /wp-content/plugins/mystickyelements-pro/intl-tel-input-src/build/css/intlTelInput.css?ver=2.0.7 HTTP/1.0" 200 7278 "https://autenrieth.inglory.de/" "Plesk screenshot bot https://support.plesk.com/hc/en-us/articles/10301006946066"
54.246.142.114 - - [12/Mar/2026:10:05:42 +0100] "GET /wp-content/uploads/elementor/css/post-107.css?ver=1723465678 HTTP/1.0" 200 5187 "https://autenrieth.inglory.de/" "Plesk screenshot bot https://support.plesk.com/hc/en-us/articles/10301006946066"
54.246.142.114 - - [12/Mar/2026:10:05:42 +0100] "GET /wp-content/uploads/elementor/css/post-183.css?ver=1723465678 HTTP/1.0" 200 5197 "https://autenrieth.inglory.de/" "Plesk screenshot bot https://support.plesk.com/hc/en-us/articles/10301006946066"
94.130.90.54 - - [12/Mar/2026:10:05:42 +0100] "GET /wp-content/uploads/elementor/css/post-608.css?ver=1723465678 HTTP/1.1" 304 3406 "https://autenrieth.inglory.de/" "Serf/1.3.9 (mod_pagespeed/1.13.35.2-0)"
54.246.142.114 - - [12/Mar/2026:10:05:42 +0100] "GET /wp-content/uploads/elementor/css/post-186.css?ver=1723465678 HTTP/1.0" 200 5201 "https://autenrieth.inglory.de/" "Plesk screenshot bot https://support.plesk.com/hc/en-us/articles/10301006946066"
54.246.142.114 - - [12/Mar/2026:10:05:42 +0100] "GET /wp-content/uploads/elementor/css/post-608.css?ver=1723465678 HTTP/1.0" 200 5203 "https://autenrieth.inglory.de/" "Plesk screenshot bot https://support.plesk.com/hc/en-us/articles/10301006946066"
54.246.142.114 - - [12/Mar/2026:10:05:42 +0100] "GET /wp-content/plugins/mystickyelements-pro/css/mystickyelements-front.min.css?ver=2.0.7 HTTP/1.0" 200 18540 "https://autenrieth.inglory.de/" "Plesk screenshot bot https://support.plesk.com/hc/en-us/articles/10301006946066"
94.130.90.54 - - [12/Mar/2026:10:05:42 +0100] "GET /wp-content/uploads/elementor/css/post-753.css?ver=1723465679 HTTP/1.1" 304 3406 "https://autenrieth.inglory.de/" "Serf/1.3.9 (mod_pagespeed/1.13.35.2-0)"
54.246.142.114 - - [12/Mar/2026:10:05:42 +0100] "GET /wp-content/uploads/elementor/css/post-679.css?ver=1723465679 HTTP/1.0" 200 5471 "https://autenrieth.inglory.de/" "Plesk screenshot bot https://support.plesk.com/hc/en-us/articles/10301006946066"
94.130.90.54 - - [12/Mar/2026:10:05:42 +0100] "GET /wp-content/plugins/mystickyelements-pro/intl-tel-input-src/build/js/intlTelInput.js?ver=2.0.7 HTTP/1.1" 304 3407 "https://autenrieth.inglory.de/" "Serf/1.3.9 (mod_pagespeed/1.13.35.2-0)"
