66.249.84.104 - - [12/Mar/2026:20:01:42 +0100] "GET /wp-content/uploads/2024/02/xred-v3-1.png.pagespeed.ic.FiB6O7HznF.png HTTP/1.0" 200 190967 "https://autenrieth.inglory.de/" "Mozilla/5.0 (Linux; U; Android 4.3; en-us; SM-N900T Build/JSS15J) AppleWebKit/534.30 (KHTML, like Gecko) Version/4.0 Mobile Safari/534.30"
192.178.15.3 - - [12/Mar/2026:20:01:42 +0100] "GET /wp-content/plugins/elementor-pro/assets/lib/sticky/jquery.sticky.min.js,qver=3.21.2.pagespeed.ce.PjGg3bH5EP.js HTTP/1.0" 200 5696 "https://autenrieth.inglory.de/" "Mozilla/5.0 (Linux; U; Android 4.3; en-us; SM-N900T Build/JSS15J) AppleWebKit/534.30 (KHTML, like Gecko) Version/4.0 Mobile Safari/534.30"
66.249.84.106 - - [12/Mar/2026:20:01:42 +0100] "GET /wp-content/uploads/2024/02/Layer-2-1-1.png.pagespeed.ce.no3tKKX3NA.png HTTP/1.0" 200 39848 "https://autenrieth.inglory.de/" "Mozilla/5.0 (Linux; U; Android 4.3; en-us; SM-N900T Build/JSS15J) AppleWebKit/534.30 (KHTML, like Gecko) Version/4.0 Mobile Safari/534.30"
66.249.84.105 - - [12/Mar/2026:20:01:42 +0100] "GET /wp-content/uploads/2024/02/OBJECTS-3-1.svg HTTP/1.0" 200 75614 "https://autenrieth.inglory.de/" "Mozilla/5.0 (Linux; U; Android 4.3; en-us; SM-N900T Build/JSS15J) AppleWebKit/534.30 (KHTML, like Gecko) Version/4.0 Mobile Safari/534.30"
66.249.84.106 - - [12/Mar/2026:20:01:42 +0100] "GET /wp-content,_plugins,_elementor,_assets,_js,_frontend-modules.min.js,qver==3.23.4+wp-includes,_js,_dist,_hooks.min.js,qver==dd5603f07f9220ed27f1+wp-includes,_js,_dist,_i18n.min.js,qver==c26c3dc7bed366793375.pagespeed.jc.P8Yx3nO6gW.js HTTP/1.0" 200 27904 "https://autenrieth.inglory.de/" "Mozilla/5.0 (X11; Linux x86_64) AppleWebKit/537.36 (KHTML, like Gecko) Chrome/121.0.0.0 Safari/537.36"
66.249.84.106 - - [12/Mar/2026:20:01:42 +0100] "GET /wp-content/plugins/mystickyelements-pro,_js,_mystickyelements-fronted.min.js,qver==2.0.7+elementor-pro,_assets,_lib,_smartmenus,_jquery.smartmenus.min.js,qver==1.2.1.pagespeed.jc.Jf9k061WOB.js HTTP/1.0" 200 16099 "https://autenrieth.inglory.de/datenschutz/" "Mozilla/5.0 (Linux; U; Android 4.3; en-us; SM-N900T Build/JSS15J) AppleWebKit/534.30 (KHTML, like Gecko) Version/4.0 Mobile Safari/534.30"
66.249.84.105 - - [12/Mar/2026:20:01:42 +0100] "GET /wp-content/plugins/elementor/assets/js/webpack.runtime.min.js?ver=3.23.4 HTTP/1.0" 200 6427 "https://autenrieth.inglory.de/" "Mozilla/5.0 (X11; Linux x86_64) AppleWebKit/537.36 (KHTML, like Gecko) Chrome/121.0.0.0 Safari/537.36"
66.249.84.105 - - [12/Mar/2026:20:01:42 +0100] "GET /wp-content/uploads/2024/02/OBJECTS-2-1.svg HTTP/1.0" 200 75245 "https://autenrieth.inglory.de/" "Mozilla/5.0 (Linux; U; Android 4.3; en-us; SM-N900T Build/JSS15J) AppleWebKit/534.30 (KHTML, like Gecko) Version/4.0 Mobile Safari/534.30"
74.125.210.32 - - [12/Mar/2026:20:01:42 +0100] "GET /wp-content/uploads/2024/02/OBJECTS-1-1.svg HTTP/1.0" 200 78472 "https://autenrieth.inglory.de/" "Mozilla/5.0 (Linux; U; Android 4.3; en-us; SM-N900T Build/JSS15J) AppleWebKit/534.30 (KHTML, like Gecko) Version/4.0 Mobile Safari/534.30"
66.249.84.106 - - [12/Mar/2026:20:01:42 +0100] "GET /wp-content/uploads/2024/02/x-close.svg HTTP/1.0" 200 4208 "https://autenrieth.inglory.de/impressum/" "Mozilla/5.0 (Linux; U; Android 4.3; en-us; SM-N900T Build/JSS15J) AppleWebKit/534.30 (KHTML, like Gecko) Version/4.0 Mobile Safari/534.30"
66.249.84.104 - - [12/Mar/2026:20:01:42 +0100] "GET /wp-content/uploads/2024/02/Frame-1261156713-1.png.pagespeed.ce.fAnCitcY04.png HTTP/1.0" 200 51276 "https://autenrieth.inglory.de/" "Mozilla/5.0 (Linux; U; Android 4.3; en-us; SM-N900T Build/JSS15J) AppleWebKit/534.30 (KHTML, like Gecko) Version/4.0 Mobile Safari/534.30"
192.178.15.3 - - [12/Mar/2026:20:01:42 +0100] "GET /wp-content/uploads/2024/02/xGroup-1261156725-1-1.png.pagespeed.ic.dnqzTgxxCy.webp HTTP/1.0" 200 228482 "https://autenrieth.inglory.de/wp-content/uploads/elementor/css/A.post-19.css,qver=1723465678.pagespeed.cf.lklr-ao2vH.css" "Mozilla/5.0 (X11; Linux x86_64) AppleWebKit/537.36 (KHTML, like Gecko) Chrome/121.0.0.0 Safari/537.36"
74.125.210.38 - - [12/Mar/2026:20:01:39 +0100] "GET /wp-content/themes/hello-elementor/assets/css/header-footer.css,qver=3.4.6.pagespeed.ce.htu0eVW7nb.css HTTP/1.0" 200 5563 "https://autenrieth.inglory.de/" "Mozilla/5.0 (X11; Linux x86_64) AppleWebKit/537.36 (KHTML, like Gecko) Chrome/121.0.0.0 Safari/537.36"
66.249.84.105 - - [12/Mar/2026:20:01:39 +0100] "GET /wp-content/themes/hello-elementor/assets/css/reset.css,qver=3.4.6.pagespeed.ce.r0uWONaZVx.css HTTP/1.0" 200 5976 "https://autenrieth.inglory.de/" "Mozilla/5.0 (X11; Linux x86_64) AppleWebKit/537.36 (KHTML, like Gecko) Chrome/121.0.0.0 Safari/537.36"
192.178.15.3 - - [12/Mar/2026:20:01:39 +0100] "GET /wp-content/uploads/elementor/css/custom-pro-widget-nav-menu.min.css,qver=1723465678.pagespeed.ce.63AjBJUm5h.css HTTP/1.0" 200 7505 "https://autenrieth.inglory.de/" "Mozilla/5.0 (Linux; U; Android 4.3; en-us; SM-N900T Build/JSS15J) AppleWebKit/534.30 (KHTML, like Gecko) Version/4.0 Mobile Safari/534.30"
66.249.84.104 - - [12/Mar/2026:20:01:42 +0100] "GET /wp-content/uploads/2024/02/OBJECTS-2-1.svg HTTP/1.0" 200 75245 "https://autenrieth.inglory.de/" "Mozilla/5.0 (Linux; U; Android 4.3; en-us; SM-N900T Build/JSS15J) AppleWebKit/534.30 (KHTML, like Gecko) Version/4.0 Mobile Safari/534.30"
74.125.210.39 - - [12/Mar/2026:20:01:40 +0100] "GET /wp-content/plugins/elementor/assets/lib/animations/animations.min.css,qver=3.23.4.pagespeed.ce.RgG6VQREE3.css HTTP/1.0" 200 6777 "https://autenrieth.inglory.de/" "Mozilla/5.0 (X11; Linux x86_64) AppleWebKit/537.36 (KHTML, like Gecko) Chrome/121.0.0.0 Safari/537.36"
192.178.15.3 - - [12/Mar/2026:20:01:40 +0100] "GET /wp-content/plugins/borlabs-cookie/assets/javascript/borlabs-cookie.min.js,qver=3.0.1.pagespeed.ce.Mi8-j8D_PK.js HTTP/1.0" 200 4683 "https://autenrieth.inglory.de/datenschutz/" "Mozilla/5.0 (X11; Linux x86_64) AppleWebKit/537.36 (KHTML, like Gecko) Chrome/121.0.0.0 Safari/537.36"
74.125.210.39 - - [12/Mar/2026:20:01:39 +0100] "GET /wp-content/themes/hello-elementor/assets/css/theme.css,qver=3.4.6.pagespeed.ce.pIDSv4xSPa.css HTTP/1.0" 200 5411 "https://autenrieth.inglory.de/" "Mozilla/5.0 (X11; Linux x86_64) AppleWebKit/537.36 (KHTML, like Gecko) Chrome/121.0.0.0 Safari/537.36"
192.178.15.2 - - [12/Mar/2026:20:01:39 +0100] "GET /wp-content/plugins/borlabs-cookie/assets/javascript/borlabs-cookie.min.js,qver=3.0.1.pagespeed.ce.Mi8-j8D_PK.js HTTP/1.0" 200 4683 "https://autenrieth.inglory.de/" "Mozilla/5.0 (X11; Linux x86_64) AppleWebKit/537.36 (KHTML, like Gecko) Chrome/121.0.0.0 Safari/537.36"
74.125.210.32 - - [12/Mar/2026:20:01:39 +0100] "GET /wp-content/themes/hello-elementor/assets/css/reset.css,qver=3.4.6.pagespeed.ce.r0uWONaZVx.css HTTP/1.0" 200 5976 "https://autenrieth.inglory.de/" "Mozilla/5.0 (X11; Linux x86_64) AppleWebKit/537.36 (KHTML, like Gecko) Chrome/121.0.0.0 Safari/537.36"
192.178.15.1 - - [12/Mar/2026:20:01:40 +0100] "GET /wp-content/plugins/elementor/assets/lib/animations/animations.min.css,qver=3.23.4.pagespeed.ce.RgG6VQREE3.css HTTP/1.0" 200 6777 "https://autenrieth.inglory.de/" "Mozilla/5.0 (Linux; U; Android 4.3; en-us; SM-N900T Build/JSS15J) AppleWebKit/534.30 (KHTML, like Gecko) Version/4.0 Mobile Safari/534.30"
66.249.88.198 - - [12/Mar/2026:20:01:42 +0100] "GET /wp-content/uploads/2024/04/3-2.jpg HTTP/1.0" 200 147789 "https://autenrieth.inglory.de/" "Mozilla/5.0 (Linux; U; Android 4.3; en-us; SM-N900T Build/JSS15J) AppleWebKit/534.30 (KHTML, like Gecko) Version/4.0 Mobile Safari/534.30"
74.125.210.39 - - [12/Mar/2026:20:01:42 +0100] "GET /wp-content/uploads/2024/02/xLayer-3-5.png.pagespeed.ic.e1PV05pWNH.png HTTP/1.0" 200 28308 "https://autenrieth.inglory.de/" "Mozilla/5.0 (Linux; U; Android 4.3; en-us; SM-N900T Build/JSS15J) AppleWebKit/534.30 (KHTML, like Gecko) Version/4.0 Mobile Safari/534.30"
66.249.88.192 - - [12/Mar/2026:20:01:42 +0100] "GET /wp-content/plugins/borlabs-cookie/assets/images/borlabs-cookie-widget-a.svg HTTP/1.0" 200 5933 "https://autenrieth.inglory.de/" "Mozilla/5.0 (Linux; U; Android 4.3; en-us; SM-N900T Build/JSS15J) AppleWebKit/534.30 (KHTML, like Gecko) Version/4.0 Mobile Safari/534.30"
66.249.84.104 - - [12/Mar/2026:20:01:43 +0100] "GET /wp-content/plugins/elementor/assets/lib/eicons/fonts/eicons.woff2?5.30.0 HTTP/1.0" 200 101293 "https://autenrieth.inglory.de/wp-content/plugins/elementor/assets/lib/eicons/css/A.elementor-icons.min.css,qver=5.30.0.pagespeed.cf.aHMuBxXHzb.css" "Mozilla/5.0 (Linux; U; Android 4.3; en-us; SM-N900T Build/JSS15J) AppleWebKit/534.30 (KHTML, like Gecko) Version/4.0 Mobile Safari/534.30"
74.125.210.39 - - [12/Mar/2026:20:01:43 +0100] "GET /wp-content/plugins/elementor/assets/lib/font-awesome/webfonts/fa-solid-900.woff2 HTTP/1.0" 200 82335 "https://autenrieth.inglory.de/" "Mozilla/5.0 (Linux; U; Android 4.3; en-us; SM-N900T Build/JSS15J) AppleWebKit/534.30 (KHTML, like Gecko) Version/4.0 Mobile Safari/534.30"
74.125.210.32 - - [12/Mar/2026:20:01:43 +0100] "GET /wp-content/uploads/2024/04/Group-1261156712-1.png HTTP/1.0" 200 14767 "https://autenrieth.inglory.de/" "Mozilla/5.0 (Linux; U; Android 4.3; en-us; SM-N900T Build/JSS15J) AppleWebKit/534.30 (KHTML, like Gecko) Version/4.0 Mobile Safari/534.30"
66.249.88.199 - - [12/Mar/2026:20:01:42 +0100] "GET /wp-includes/js/wp-emoji-release.min.js?ver=6.9.4 HTTP/1.0" 200 9375 "https://autenrieth.inglory.de/" "Mozilla/5.0 (Linux; U; Android 4.3; en-us; SM-N900T Build/JSS15J) AppleWebKit/534.30 (KHTML, like Gecko) Version/4.0 Mobile Safari/534.30"
192.178.15.3 - - [12/Mar/2026:20:01:43 +0100] "GET /wp-content/uploads/2024/02/OBJECTS-2-2.svg HTTP/1.0" 200 59532 "https://autenrieth.inglory.de/" "Mozilla/5.0 (X11; Linux x86_64) AppleWebKit/537.36 (KHTML, like Gecko) Chrome/121.0.0.0 Safari/537.36"
192.178.15.1 - - [12/Mar/2026:20:01:43 +0100] "GET /wp-content/plugins/borlabs-cookie/assets/javascript/init.d0a8a83e.min.js HTTP/1.0" 200 14921 "https://autenrieth.inglory.de/wp-content/plugins/borlabs-cookie/assets/javascript/borlabs-cookie.min.js,qver=3.0.1.pagespeed.ce.Mi8-j8D_PK.js" "Mozilla/5.0 (X11; Linux x86_64) AppleWebKit/537.36 (KHTML, like Gecko) Chrome/121.0.0.0 Safari/537.36"
74.125.210.38 - - [12/Mar/2026:20:01:43 +0100] "GET /wp-content/plugins/elementor/assets/js/frontend.min.js,qver=3.23.4.pagespeed.ce.bmZuhK0yOD.js HTTP/1.0" 200 16448 "https://autenrieth.inglory.de/" "Mozilla/5.0 (X11; Linux x86_64) AppleWebKit/537.36 (KHTML, like Gecko) Chrome/121.0.0.0 Safari/537.36"
192.178.15.1 - - [12/Mar/2026:20:01:43 +0100] "GET /wp-content/uploads/2024/02/menu.svg HTTP/1.0" 200 4325 "https://autenrieth.inglory.de/" "Mozilla/5.0 (Linux; U; Android 4.3; en-us; SM-N900T Build/JSS15J) AppleWebKit/534.30 (KHTML, like Gecko) Version/4.0 Mobile Safari/534.30"
192.178.15.1 - - [12/Mar/2026:20:01:43 +0100] "GET /wp-content/uploads/2024/02/Group-1261156721.svg HTTP/1.0" 200 5167 "https://autenrieth.inglory.de/" "Mozilla/5.0 (X11; Linux x86_64) AppleWebKit/537.36 (KHTML, like Gecko) Chrome/121.0.0.0 Safari/537.36"
192.178.15.1 - - [12/Mar/2026:20:01:43 +0100] "GET /wp-content/uploads/2024/02/xsilver-1.jpg.pagespeed.ic.xoZRykMejr.webp HTTP/1.0" 200 10467 "https://autenrieth.inglory.de/" "Mozilla/5.0 (X11; Linux x86_64) AppleWebKit/537.36 (KHTML, like Gecko) Chrome/121.0.0.0 Safari/537.36"
192.178.15.2 - - [12/Mar/2026:20:01:43 +0100] "GET /wp-content/plugins/borlabs-cookie/assets/javascript/observer.472990d3.min.js HTTP/1.0" 200 7909 "https://autenrieth.inglory.de/wp-content/plugins/borlabs-cookie/assets/javascript/borlabs-cookie.min.js,qver=3.0.1.pagespeed.ce.Mi8-j8D_PK.js" "Mozilla/5.0 (X11; Linux x86_64) AppleWebKit/537.36 (KHTML, like Gecko) Chrome/121.0.0.0 Safari/537.36"
192.178.15.2 - - [12/Mar/2026:20:01:43 +0100] "GET /wp-content/uploads/2024/02/xTraditional-Line-1.png.pagespeed.ic.RGdbbOJID9.webp HTTP/1.0" 200 64330 "https://autenrieth.inglory.de/" "Mozilla/5.0 (X11; Linux x86_64) AppleWebKit/537.36 (KHTML, like Gecko) Chrome/121.0.0.0 Safari/537.36"
192.178.15.1 - - [12/Mar/2026:20:01:43 +0100] "GET /wp-content/uploads/2024/02/OBJECTS-6.svg HTTP/1.0" 200 101491 "https://autenrieth.inglory.de/wp-content/uploads/elementor/css/A.post-19.css,qver=1723465678.pagespeed.cf.lklr-ao2vH.css" "Mozilla/5.0 (X11; Linux x86_64) AppleWebKit/537.36 (KHTML, like Gecko) Chrome/121.0.0.0 Safari/537.36"
192.178.15.1 - - [12/Mar/2026:20:01:43 +0100] "GET /wp-content/uploads/2024/02/Group-1261156719.svg HTTP/1.0" 200 4728 "https://autenrieth.inglory.de/" "Mozilla/5.0 (Linux; U; Android 4.3; en-us; SM-N900T Build/JSS15J) AppleWebKit/534.30 (KHTML, like Gecko) Version/4.0 Mobile Safari/534.30"
192.178.15.3 - - [12/Mar/2026:20:01:43 +0100] "GET /wp-content/uploads/2024/02/x-close.svg HTTP/1.0" 200 4208 "https://autenrieth.inglory.de/" "Mozilla/5.0 (Linux; U; Android 4.3; en-us; SM-N900T Build/JSS15J) AppleWebKit/534.30 (KHTML, like Gecko) Version/4.0 Mobile Safari/534.30"
74.125.210.32 - - [12/Mar/2026:20:01:43 +0100] "GET /wp-content/uploads/2024/02/Logo-Vektor-SVG.svg HTTP/1.0" 200 8287 "https://autenrieth.inglory.de/" "Mozilla/5.0 (X11; Linux x86_64) AppleWebKit/537.36 (KHTML, like Gecko) Chrome/121.0.0.0 Safari/537.36"
74.125.210.38 - - [12/Mar/2026:20:01:43 +0100] "GET /wp-content/uploads/2024/02/menu.svg HTTP/1.0" 200 4325 "https://autenrieth.inglory.de/" "Mozilla/5.0 (X11; Linux x86_64) AppleWebKit/537.36 (KHTML, like Gecko) Chrome/121.0.0.0 Safari/537.36"
74.125.210.32 - - [12/Mar/2026:20:01:43 +0100] "GET /wp-content/uploads/2024/02/Group-1261156719.svg HTTP/1.0" 200 4728 "https://autenrieth.inglory.de/" "Mozilla/5.0 (X11; Linux x86_64) AppleWebKit/537.36 (KHTML, like Gecko) Chrome/121.0.0.0 Safari/537.36"
192.178.15.1 - - [12/Mar/2026:20:01:43 +0100] "GET /wp-content/uploads/2024/02/xgold-1.png.pagespeed.ic.Cr3gzonMtU.webp HTTP/1.0" 200 58783 "https://autenrieth.inglory.de/" "Mozilla/5.0 (X11; Linux x86_64) AppleWebKit/537.36 (KHTML, like Gecko) Chrome/121.0.0.0 Safari/537.36"
74.125.210.39 - - [12/Mar/2026:20:01:43 +0100] "GET /wp-content/plugins/elementor/assets/lib/font-awesome/webfonts/fa-brands-400.woff2 HTTP/1.0" 200 85751 "https://autenrieth.inglory.de/" "Mozilla/5.0 (Linux; U; Android 4.3; en-us; SM-N900T Build/JSS15J) AppleWebKit/534.30 (KHTML, like Gecko) Version/4.0 Mobile Safari/534.30"
192.178.15.3 - - [12/Mar/2026:20:01:43 +0100] "GET /wp-content/plugins/borlabs-cookie/assets/javascript/vue.a50c3feb.min.js HTTP/1.0" 200 30817 "https://autenrieth.inglory.de/wp-content/plugins/borlabs-cookie/assets/javascript/borlabs-cookie.min.js,qver=3.0.1.pagespeed.ce.Mi8-j8D_PK.js" "Mozilla/5.0 (X11; Linux x86_64) AppleWebKit/537.36 (KHTML, like Gecko) Chrome/121.0.0.0 Safari/537.36"
192.178.15.3 - - [12/Mar/2026:20:01:43 +0100] "GET /wp-content/plugins/borlabs-cookie/assets/javascript/observer.472990d3.min.js HTTP/1.0" 200 7909 "https://autenrieth.inglory.de/wp-content/plugins/borlabs-cookie/assets/javascript/borlabs-cookie.min.js,qver=3.0.1.pagespeed.ce.Mi8-j8D_PK.js" "Mozilla/5.0 (X11; Linux x86_64) AppleWebKit/537.36 (KHTML, like Gecko) Chrome/121.0.0.0 Safari/537.36"
192.178.15.3 - - [12/Mar/2026:20:01:43 +0100] "GET /wp-content/plugins/borlabs-cookie/assets/javascript/vue.a50c3feb.min.js HTTP/1.0" 200 30817 "https://autenrieth.inglory.de/wp-content/plugins/borlabs-cookie/assets/javascript/borlabs-cookie.min.js,qver=3.0.1.pagespeed.ce.Mi8-j8D_PK.js" "Mozilla/5.0 (X11; Linux x86_64) AppleWebKit/537.36 (KHTML, like Gecko) Chrome/121.0.0.0 Safari/537.36"
192.178.15.3 - - [12/Mar/2026:20:01:43 +0100] "GET /wp-content/plugins/borlabs-cookie/assets/javascript/init.d0a8a83e.min.js HTTP/1.0" 200 14921 "https://autenrieth.inglory.de/wp-content/plugins/borlabs-cookie/assets/javascript/borlabs-cookie.min.js,qver=3.0.1.pagespeed.ce.Mi8-j8D_PK.js" "Mozilla/5.0 (X11; Linux x86_64) AppleWebKit/537.36 (KHTML, like Gecko) Chrome/121.0.0.0 Safari/537.36"
66.249.84.106 - - [12/Mar/2026:20:01:43 +0100] "GET /wp-content,_plugins,_elementor-pro,_assets,_js,_frontend.min.js,qver==3.21.2+wp-content,_plugins,_elementor,_assets,_lib,_waypoints,_waypoints.min.js,qver==4.0.2+wp-includes,_js,_jquery,_ui,_core.min.js,qver==1.13.3.pagespeed.jc.dGFpfOGu8O.js HTTP/1.0" 200 19962 "https://autenrieth.inglory.de/" "Mozilla/5.0 (X11; Linux x86_64) AppleWebKit/537.36 (KHTML, like Gecko) Chrome/121.0.0.0 Safari/537.36"
74.125.210.32 - - [12/Mar/2026:20:01:43 +0100] "GET /wp-content/uploads/2024/02/Group-1261156732-1-1.jpg HTTP/1.0" 200 78552 "https://autenrieth.inglory.de/" "Mozilla/5.0 (Linux; U; Android 4.3; en-us; SM-N900T Build/JSS15J) AppleWebKit/534.30 (KHTML, like Gecko) Version/4.0 Mobile Safari/534.30"
66.249.84.106 - - [12/Mar/2026:20:01:43 +0100] "GET /wp-content/plugins/elementor-pro/assets/lib/sticky/jquery.sticky.min.js,qver=3.21.2.pagespeed.ce.PjGg3bH5EP.js HTTP/1.0" 200 5696 "https://autenrieth.inglory.de/" "Mozilla/5.0 (X11; Linux x86_64) AppleWebKit/537.36 (KHTML, like Gecko) Chrome/121.0.0.0 Safari/537.36"
66.249.84.104 - - [12/Mar/2026:20:01:43 +0100] "GET /wp-content/uploads/2024/02/Logo-Vektor-SVG.svg HTTP/1.0" 200 8287 "https://autenrieth.inglory.de/" "Mozilla/5.0 (X11; Linux x86_64) AppleWebKit/537.36 (KHTML, like Gecko) Chrome/121.0.0.0 Safari/537.36"
74.125.210.38 - - [12/Mar/2026:20:01:43 +0100] "GET /wp-content/uploads/2024/02/OBJECTS-5.svg HTTP/1.0" 200 72540 "https://autenrieth.inglory.de/wp-content/uploads/elementor/css/A.post-19.css,qver=1723465678.pagespeed.cf.5Jm6GPysju.css" "Mozilla/5.0 (Linux; U; Android 4.3; en-us; SM-N900T Build/JSS15J) AppleWebKit/534.30 (KHTML, like Gecko) Version/4.0 Mobile Safari/534.30"
66.249.84.104 - - [12/Mar/2026:20:01:43 +0100] "GET /wp-content/plugins/elementor-pro/assets/js/webpack-pro.runtime.min.js?ver=3.21.2 HTTP/1.0" 200 6863 "https://autenrieth.inglory.de/datenschutz/" "Mozilla/5.0 (Linux; U; Android 4.3; en-us; SM-N900T Build/JSS15J) AppleWebKit/534.30 (KHTML, like Gecko) Version/4.0 Mobile Safari/534.30"
74.125.210.38 - - [12/Mar/2026:20:01:43 +0100] "GET /wp-content/uploads/2024/02/xFrame-1261156714-1.png.pagespeed.ic.V8rSA48puF.webp HTTP/1.0" 200 45150 "https://autenrieth.inglory.de/" "Mozilla/5.0 (X11; Linux x86_64) AppleWebKit/537.36 (KHTML, like Gecko) Chrome/121.0.0.0 Safari/537.36"
192.178.15.3 - - [12/Mar/2026:20:01:43 +0100] "GET /wp-content/plugins/borlabs-cookie/assets/javascript/init.d0a8a83e.min.js HTTP/1.0" 200 14921 "https://autenrieth.inglory.de/wp-content/plugins/borlabs-cookie/assets/javascript/borlabs-cookie.min.js,qver=3.0.1.pagespeed.ce.Mi8-j8D_PK.js" "Mozilla/5.0 (X11; Linux x86_64) AppleWebKit/537.36 (KHTML, like Gecko) Chrome/121.0.0.0 Safari/537.36"
66.249.84.105 - - [12/Mar/2026:20:01:43 +0100] "GET /wp-content,_plugins,_elementor-pro,_assets,_js,_frontend.min.js,qver==3.21.2+wp-content,_plugins,_elementor,_assets,_lib,_waypoints,_waypoints.min.js,qver==4.0.2+wp-includes,_js,_jquery,_ui,_core.min.js,qver==1.13.3.pagespeed.jc.dGFpfOGu8O.js HTTP/1.0" 200 19962 "https://autenrieth.inglory.de/datenschutz/" "Mozilla/5.0 (Linux; U; Android 4.3; en-us; SM-N900T Build/JSS15J) AppleWebKit/534.30 (KHTML, like Gecko) Version/4.0 Mobile Safari/534.30"
192.178.15.1 - - [12/Mar/2026:20:01:43 +0100] "GET /wp-content/plugins/borlabs-cookie/assets/javascript/observer.472990d3.min.js HTTP/1.0" 200 7909 "https://autenrieth.inglory.de/wp-content/plugins/borlabs-cookie/assets/javascript/borlabs-cookie.min.js,qver=3.0.1.pagespeed.ce.Mi8-j8D_PK.js" "Mozilla/5.0 (X11; Linux x86_64) AppleWebKit/537.36 (KHTML, like Gecko) Chrome/121.0.0.0 Safari/537.36"
74.125.210.38 - - [12/Mar/2026:20:01:43 +0100] "GET /wp-content/uploads/2024/02/CTA-1-scaled.jpg HTTP/1.0" 200 120829 "https://autenrieth.inglory.de/" "Mozilla/5.0 (Linux; U; Android 4.3; en-us; SM-N900T Build/JSS15J) AppleWebKit/534.30 (KHTML, like Gecko) Version/4.0 Mobile Safari/534.30"
192.178.15.2 - - [12/Mar/2026:20:01:43 +0100] "GET /wp-content/plugins/borlabs-cookie/assets/javascript/vue.a50c3feb.min.js HTTP/1.0" 200 30817 "https://autenrieth.inglory.de/wp-content/plugins/borlabs-cookie/assets/javascript/borlabs-cookie.min.js,qver=3.0.1.pagespeed.ce.Mi8-j8D_PK.js" "Mozilla/5.0 (X11; Linux x86_64) AppleWebKit/537.36 (KHTML, like Gecko) Chrome/121.0.0.0 Safari/537.36"
192.178.15.1 - - [12/Mar/2026:20:01:43 +0100] "GET /wp-content/uploads/2024/02/CTA-1-scaled.jpg.pagespeed.ce.SEunwa_dYo.jpg HTTP/1.0" 200 120920 "https://autenrieth.inglory.de/wp-content/uploads/elementor/css/post-19.css?ver=1723465678" "Mozilla/5.0 (X11; Linux x86_64) AppleWebKit/537.36 (KHTML, like Gecko) Chrome/121.0.0.0 Safari/537.36"
66.249.84.106 - - [12/Mar/2026:20:01:43 +0100] "GET /wp-content/uploads/elementor/css/A.custom-widget-icon-list.min.css,qver=1723465678.pagespeed.cf.qpO9w4Bi0s.css HTTP/1.0" 200 5080 "https://autenrieth.inglory.de/impressum/" "Mozilla/5.0 (X11; Linux x86_64) AppleWebKit/537.36 (KHTML, like Gecko) Chrome/121.0.0.0 Safari/537.36"
66.249.84.104 - - [12/Mar/2026:20:01:40 +0100] "GET /wp-content/plugins/elementor/assets/lib/animations/animations.min.css,qver=3.23.4.pagespeed.ce.RgG6VQREE3.css HTTP/1.0" 200 6777 "https://autenrieth.inglory.de/impressum/" "Mozilla/5.0 (Linux; U; Android 4.3; en-us; SM-N900T Build/JSS15J) AppleWebKit/534.30 (KHTML, like Gecko) Version/4.0 Mobile Safari/534.30"
192.178.15.1 - - [12/Mar/2026:20:01:40 +0100] "GET /wp-content/plugins/borlabs-cookie/assets/javascript/borlabs-cookie.min.js,qver=3.0.1.pagespeed.ce.Mi8-j8D_PK.js HTTP/1.0" 200 4683 "https://autenrieth.inglory.de/" "Mozilla/5.0 (Linux; U; Android 4.3; en-us; SM-N900T Build/JSS15J) AppleWebKit/534.30 (KHTML, like Gecko) Version/4.0 Mobile Safari/534.30"
66.249.84.104 - - [12/Mar/2026:20:01:40 +0100] "GET /wp-content/plugins/elementor/assets/lib/animations/animations.min.css,qver=3.23.4.pagespeed.ce.RgG6VQREE3.css HTTP/1.0" 200 6777 "https://autenrieth.inglory.de/" "Mozilla/5.0 (X11; Linux x86_64) AppleWebKit/537.36 (KHTML, like Gecko) Chrome/121.0.0.0 Safari/537.36"
66.249.84.104 - - [12/Mar/2026:20:01:40 +0100] "GET /wp-content/plugins/elementor/assets/lib/swiper/css/swiper.min.css,qver=5.3.6.pagespeed.ce.vK13gbPnTb.css HTTP/1.0" 200 6594 "https://autenrieth.inglory.de/author/inglory/" "Mozilla/5.0 (X11; Linux x86_64) AppleWebKit/537.36 (KHTML, like Gecko) Chrome/121.0.0.0 Safari/537.36"
66.249.84.106 - - [12/Mar/2026:20:01:40 +0100] "GET /wp-content/uploads/elementor/css/custom-pro-frontend-lite.min.css,qver=1723465678.pagespeed.ce.1B0riWj0t8.css HTTP/1.0" 200 5625 "https://autenrieth.inglory.de/author/inglory/" "Mozilla/5.0 (X11; Linux x86_64) AppleWebKit/537.36 (KHTML, like Gecko) Chrome/121.0.0.0 Safari/537.36"
66.249.84.104 - - [12/Mar/2026:20:01:40 +0100] "GET /wp-content/plugins/elementor/assets/lib/swiper/css/swiper.min.css,qver=5.3.6.pagespeed.ce.vK13gbPnTb.css HTTP/1.0" 200 6594 "https://autenrieth.inglory.de/impressum/" "Mozilla/5.0 (X11; Linux x86_64) AppleWebKit/537.36 (KHTML, like Gecko) Chrome/121.0.0.0 Safari/537.36"
66.249.84.104 - - [12/Mar/2026:20:01:40 +0100] "GET /wp-content/plugins/elementor/assets/lib/animations/animations.min.css,qver=3.23.4.pagespeed.ce.RgG6VQREE3.css HTTP/1.0" 200 6777 "https://autenrieth.inglory.de/datenschutz/" "Mozilla/5.0 (Linux; U; Android 4.3; en-us; SM-N900T Build/JSS15J) AppleWebKit/534.30 (KHTML, like Gecko) Version/4.0 Mobile Safari/534.30"
192.178.15.3 - - [12/Mar/2026:20:01:41 +0100] "GET /wp-content/uploads/2024/02/Frame-1261156713-1.png.pagespeed.ce.fAnCitcY04.png HTTP/1.0" 200 51276 "https://autenrieth.inglory.de/" "Mozilla/5.0 (Linux; U; Android 4.3; en-us; SM-N900T Build/JSS15J) AppleWebKit/534.30 (KHTML, like Gecko) Version/4.0 Mobile Safari/534.30"
66.249.84.105 - - [12/Mar/2026:20:01:41 +0100] "GET /wp-content/themes/hello-elementor/assets/css/theme.css,qver=3.4.6.pagespeed.ce.pIDSv4xSPa.css HTTP/1.0" 200 5411 "https://autenrieth.inglory.de/datenschutz/" "Mozilla/5.0 (Linux; U; Android 4.3; en-us; SM-N900T Build/JSS15J) AppleWebKit/534.30 (KHTML, like Gecko) Version/4.0 Mobile Safari/534.30"
66.249.84.105 - - [12/Mar/2026:20:01:41 +0100] "GET /wp-content/themes/hello-elementor/assets/css/theme.css,qver=3.4.6.pagespeed.ce.pIDSv4xSPa.css HTTP/1.0" 200 5411 "https://autenrieth.inglory.de/" "Mozilla/5.0 (Linux; U; Android 4.3; en-us; SM-N900T Build/JSS15J) AppleWebKit/534.30 (KHTML, like Gecko) Version/4.0 Mobile Safari/534.30"
66.249.84.105 - - [12/Mar/2026:20:01:41 +0100] "GET /wp-content/plugins/elementor/assets/lib/swiper/css/swiper.min.css,qver=5.3.6.pagespeed.ce.vK13gbPnTb.css HTTP/1.0" 200 6594 "https://autenrieth.inglory.de/datenschutz/" "Mozilla/5.0 (Linux; U; Android 4.3; en-us; SM-N900T Build/JSS15J) AppleWebKit/534.30 (KHTML, like Gecko) Version/4.0 Mobile Safari/534.30"
66.249.84.104 - - [12/Mar/2026:20:01:41 +0100] "GET /wp-content/uploads/elementor/css/custom-pro-frontend-lite.min.css,qver=1723465678.pagespeed.ce.1B0riWj0t8.css HTTP/1.0" 200 5625 "https://autenrieth.inglory.de/datenschutz/" "Mozilla/5.0 (X11; Linux x86_64) AppleWebKit/537.36 (KHTML, like Gecko) Chrome/121.0.0.0 Safari/537.36"
66.249.84.106 - - [12/Mar/2026:20:01:41 +0100] "GET /wp-content/plugins/borlabs-cookie/assets/javascript/borlabs-cookie.min.js,qver=3.0.1.pagespeed.ce.Mi8-j8D_PK.js HTTP/1.0" 200 4683 "https://autenrieth.inglory.de/impressum/" "Mozilla/5.0 (Linux; U; Android 4.3; en-us; SM-N900T Build/JSS15J) AppleWebKit/534.30 (KHTML, like Gecko) Version/4.0 Mobile Safari/534.30"
74.125.210.32 - - [12/Mar/2026:20:01:43 +0100] "GET /wp-content/uploads/2024/02/x-close.svg HTTP/1.0" 200 4208 "https://autenrieth.inglory.de/" "Mozilla/5.0 (X11; Linux x86_64) AppleWebKit/537.36 (KHTML, like Gecko) Chrome/121.0.0.0 Safari/537.36"
66.249.84.106 - - [12/Mar/2026:20:01:41 +0100] "GET /wp-content/plugins/elementor/assets/lib/swiper/css/swiper.min.css,qver=5.3.6.pagespeed.ce.vK13gbPnTb.css HTTP/1.0" 200 6594 "https://autenrieth.inglory.de/author/inglory/" "Mozilla/5.0 (X11; Linux x86_64) AppleWebKit/537.36 (KHTML, like Gecko) Chrome/121.0.0.0 Safari/537.36"
66.249.84.104 - - [12/Mar/2026:20:01:40 +0100] "GET /wp-content/uploads/elementor/css/custom-pro-frontend-lite.min.css,qver=1723465678.pagespeed.ce.1B0riWj0t8.css HTTP/1.0" 200 5625 "https://autenrieth.inglory.de/impressum/" "Mozilla/5.0 (X11; Linux x86_64) AppleWebKit/537.36 (KHTML, like Gecko) Chrome/121.0.0.0 Safari/537.36"
192.178.15.3 - - [12/Mar/2026:20:01:41 +0100] "GET /wp-content/uploads/2024/02/Frame-1261156713-1.png.pagespeed.ce.fAnCitcY04.png HTTP/1.0" 200 51276 "https://autenrieth.inglory.de/" "Mozilla/5.0 (Linux; U; Android 4.3; en-us; SM-N900T Build/JSS15J) AppleWebKit/534.30 (KHTML, like Gecko) Version/4.0 Mobile Safari/534.30"
74.125.210.38 - - [12/Mar/2026:20:01:40 +0100] "GET /wp-content/uploads/2024/02/red-v3-1-1-2.png.pagespeed.ce.hkCwDlvnyC.png HTTP/1.0" 200 15210 "https://autenrieth.inglory.de/" "Mozilla/5.0 (Linux; U; Android 4.3; en-us; SM-N900T Build/JSS15J) AppleWebKit/534.30 (KHTML, like Gecko) Version/4.0 Mobile Safari/534.30"
66.249.84.106 - - [12/Mar/2026:20:01:41 +0100] "GET /wp-content/uploads/elementor/css/custom-pro-widget-nav-menu.min.css,qver=1723465678.pagespeed.ce.63AjBJUm5h.css HTTP/1.0" 200 7505 "https://autenrieth.inglory.de/datenschutz/" "Mozilla/5.0 (Linux; U; Android 4.3; en-us; SM-N900T Build/JSS15J) AppleWebKit/534.30 (KHTML, like Gecko) Version/4.0 Mobile Safari/534.30"
74.125.210.32 - - [12/Mar/2026:20:01:40 +0100] "GET /wp-content/uploads/2024/02/xLayer-3-3.png.pagespeed.ic.yxBRaHmYf7.png HTTP/1.0" 200 25727 "https://autenrieth.inglory.de/" "Mozilla/5.0 (Linux; U; Android 4.3; en-us; SM-N900T Build/JSS15J) AppleWebKit/534.30 (KHTML, like Gecko) Version/4.0 Mobile Safari/534.30"
74.125.210.39 - - [12/Mar/2026:20:01:43 +0100] "GET /wp-content/uploads/2024/02/xOBJECTS-1-1.png.pagespeed.ic.WXq6RLtBjd.webp HTTP/1.0" 200 15587 "https://autenrieth.inglory.de/wp-content/uploads/elementor/css/A.post-19.css,qver=1723465678.pagespeed.cf.lklr-ao2vH.css" "Mozilla/5.0 (X11; Linux x86_64) AppleWebKit/537.36 (KHTML, like Gecko) Chrome/121.0.0.0 Safari/537.36"
192.178.15.1 - - [12/Mar/2026:20:01:41 +0100] "GET /wp-content/plugins/elementor-pro/assets/js/elements-handlers.min.js,qver=3.21.2.pagespeed.ce.gzkS2wmBaY.js HTTP/1.0" 200 13486 "https://autenrieth.inglory.de/" "Mozilla/5.0 (X11; Linux x86_64) AppleWebKit/537.36 (KHTML, like Gecko) Chrome/121.0.0.0 Safari/537.36"
66.249.88.192 - - [12/Mar/2026:20:01:42 +0100] "GET /wp-content/uploads/elementor/css/custom-pro-widget-nav-menu.min.css,qver=1723465678.pagespeed.ce.63AjBJUm5h.css HTTP/1.0" 200 7505 "https://autenrieth.inglory.de/" "Mozilla/5.0 (Linux; U; Android 4.3; en-us; SM-N900T Build/JSS15J) AppleWebKit/534.30 (KHTML, like Gecko) Version/4.0 Mobile Safari/534.30"
192.178.15.3 - - [12/Mar/2026:20:01:43 +0100] "GET /wp-content/uploads/2024/02/Logo-Vektor-SVG.svg HTTP/1.0" 200 8287 "https://autenrieth.inglory.de/" "Mozilla/5.0 (Linux; U; Android 4.3; en-us; SM-N900T Build/JSS15J) AppleWebKit/534.30 (KHTML, like Gecko) Version/4.0 Mobile Safari/534.30"
192.178.15.1 - - [12/Mar/2026:20:01:43 +0100] "GET /wp-content/plugins/elementor-pro/assets/lib/sticky/jquery.sticky.min.js,qver=3.21.2.pagespeed.ce.PjGg3bH5EP.js HTTP/1.0" 200 5696 "https://autenrieth.inglory.de/" "Mozilla/5.0 (Linux; U; Android 4.3; en-us; SM-N900T Build/JSS15J) AppleWebKit/534.30 (KHTML, like Gecko) Version/4.0 Mobile Safari/534.30"
66.249.84.104 - - [12/Mar/2026:20:01:43 +0100] "GET /wp-content/plugins/elementor-pro/assets/lib/sticky/jquery.sticky.min.js,qver=3.21.2.pagespeed.ce.PjGg3bH5EP.js HTTP/1.0" 200 5696 "https://autenrieth.inglory.de/author/inglory/" "Mozilla/5.0 (X11; Linux x86_64) AppleWebKit/537.36 (KHTML, like Gecko) Chrome/121.0.0.0 Safari/537.36"
192.178.15.3 - - [12/Mar/2026:20:01:43 +0100] "GET /wp-content/uploads/2024/02/black-1-1.png.pagespeed.ce.EW_wQlVNAY.png HTTP/1.0" 200 354555 "https://autenrieth.inglory.de/wp-content/uploads/elementor/css/post-19.css?ver=1723465678" "Mozilla/5.0 (X11; Linux x86_64) AppleWebKit/537.36 (KHTML, like Gecko) Chrome/121.0.0.0 Safari/537.36"
192.178.15.2 - - [12/Mar/2026:20:01:43 +0100] "GET /wp-content/uploads/2024/02/hero-1.png.pagespeed.ce.WcPKcTFLhR.png HTTP/1.0" 200 752378 "https://autenrieth.inglory.de/wp-content/uploads/elementor/css/A.post-19.css,qver=1723465678.pagespeed.cf.5Jm6GPysju.css" "Mozilla/5.0 (Linux; U; Android 4.3; en-us; SM-N900T Build/JSS15J) AppleWebKit/534.30 (KHTML, like Gecko) Version/4.0 Mobile Safari/534.30"
192.178.15.3 - - [12/Mar/2026:20:01:43 +0100] "GET /wp-content/uploads/2024/02/OBJECTS-1-1.png.pagespeed.ce.r0KfZ-va_z.png HTTP/1.0" 200 15927 "https://autenrieth.inglory.de/wp-content/uploads/elementor/css/A.post-19.css,qver=1723465678.pagespeed.cf.5Jm6GPysju.css" "Mozilla/5.0 (Linux; U; Android 4.3; en-us; SM-N900T Build/JSS15J) AppleWebKit/534.30 (KHTML, like Gecko) Version/4.0 Mobile Safari/534.30"
74.125.210.38 - - [12/Mar/2026:20:01:43 +0100] "GET /wp-content/uploads/2024/02/OBJECTS-6.svg HTTP/1.0" 200 101491 "https://autenrieth.inglory.de/wp-content/uploads/elementor/css/A.post-19.css,qver=1723465678.pagespeed.cf.5Jm6GPysju.css" "Mozilla/5.0 (Linux; U; Android 4.3; en-us; SM-N900T Build/JSS15J) AppleWebKit/534.30 (KHTML, like Gecko) Version/4.0 Mobile Safari/534.30"
74.125.210.38 - - [12/Mar/2026:20:01:40 +0100] "GET /wp-content/uploads/2024/02/xLayer-2-1.png.pagespeed.ic.-Fngdp3Z_M.png HTTP/1.0" 200 36759 "https://autenrieth.inglory.de/" "Mozilla/5.0 (Linux; U; Android 4.3; en-us; SM-N900T Build/JSS15J) AppleWebKit/534.30 (KHTML, like Gecko) Version/4.0 Mobile Safari/534.30"
192.178.15.1 - - [12/Mar/2026:20:01:43 +0100] "GET /wp-content/uploads/2024/02/Pattern.svg HTTP/1.0" 200 9820 "https://autenrieth.inglory.de/wp-content/uploads/elementor/css/A.post-281.css,qver=1723465678.pagespeed.cf.XCG_GVcWQ2.css" "Mozilla/5.0 (X11; Linux x86_64) AppleWebKit/537.36 (KHTML, like Gecko) Chrome/121.0.0.0 Safari/537.36"
66.249.84.105 - - [12/Mar/2026:20:01:43 +0100] "GET /wp-content/plugins/elementor/assets/lib/font-awesome/webfonts/fa-solid-900.woff2 HTTP/1.0" 200 82335 "https://autenrieth.inglory.de/" "Mozilla/5.0 (Linux; U; Android 4.3; en-us; SM-N900T Build/JSS15J) AppleWebKit/534.30 (KHTML, like Gecko) Version/4.0 Mobile Safari/534.30"
66.249.84.104 - - [12/Mar/2026:20:01:43 +0100] "GET /wp-content/uploads/2024/02/hero-1.png.pagespeed.ce.WcPKcTFLhR.png HTTP/1.0" 200 752378 "https://autenrieth.inglory.de/wp-content/uploads/elementor/css/A.post-19.css,qver=1723465678.pagespeed.cf.5Jm6GPysju.css" "Mozilla/5.0 (Linux; U; Android 4.3; en-us; SM-N900T Build/JSS15J) AppleWebKit/534.30 (KHTML, like Gecko) Version/4.0 Mobile Safari/534.30"
66.249.84.105 - - [12/Mar/2026:20:01:43 +0100] "GET /wp-content/uploads/2024/02/menu.svg HTTP/1.0" 200 4325 "https://autenrieth.inglory.de/" "Mozilla/5.0 (Linux; U; Android 4.3; en-us; SM-N900T Build/JSS15J) AppleWebKit/534.30 (KHTML, like Gecko) Version/4.0 Mobile Safari/534.30"
74.125.210.32 - - [12/Mar/2026:20:01:43 +0100] "GET /wp-content/uploads/2024/02/xOBJECTS-1.png.pagespeed.ic.Rzd29v4TL9.webp HTTP/1.0" 200 27083 "https://autenrieth.inglory.de/" "Mozilla/5.0 (X11; Linux x86_64) AppleWebKit/537.36 (KHTML, like Gecko) Chrome/121.0.0.0 Safari/537.36"
66.249.84.105 - - [12/Mar/2026:20:01:43 +0100] "GET /wp-content/uploads/2024/02/menu.svg HTTP/1.0" 200 4325 "https://autenrieth.inglory.de/" "Mozilla/5.0 (X11; Linux x86_64) AppleWebKit/537.36 (KHTML, like Gecko) Chrome/121.0.0.0 Safari/537.36"
74.125.210.39 - - [12/Mar/2026:20:01:43 +0100] "GET /wp-content/uploads/2024/02/xRectangle-16.png.pagespeed.ic.uhwo9K5ILT.png HTTP/1.0" 200 4270 "https://autenrieth.inglory.de/wp-content/uploads/elementor/css/A.post-19.css,qver=1723465678.pagespeed.cf.5Jm6GPysju.css" "Mozilla/5.0 (Linux; U; Android 4.3; en-us; SM-N900T Build/JSS15J) AppleWebKit/534.30 (KHTML, like Gecko) Version/4.0 Mobile Safari/534.30"
66.249.84.105 - - [12/Mar/2026:20:01:43 +0100] "GET /wp-content/uploads/2024/02/Group-1261156719.svg HTTP/1.0" 200 4728 "https://autenrieth.inglory.de/" "Mozilla/5.0 (X11; Linux x86_64) AppleWebKit/537.36 (KHTML, like Gecko) Chrome/121.0.0.0 Safari/537.36"
192.178.15.1 - - [12/Mar/2026:20:01:43 +0100] "GET /wp-content/uploads/2024/02/Group-1261156722.svg HTTP/1.0" 200 5230 "https://autenrieth.inglory.de/" "Mozilla/5.0 (X11; Linux x86_64) AppleWebKit/537.36 (KHTML, like Gecko) Chrome/121.0.0.0 Safari/537.36"
66.249.84.106 - - [12/Mar/2026:20:01:43 +0100] "GET /wp-content/uploads/2024/02/Layer-2-1-1.png.pagespeed.ce.no3tKKX3NA.png HTTP/1.0" 200 39848 "https://autenrieth.inglory.de/" "Mozilla/5.0 (Linux; U; Android 4.3; en-us; SM-N900T Build/JSS15J) AppleWebKit/534.30 (KHTML, like Gecko) Version/4.0 Mobile Safari/534.30"
66.249.84.106 - - [12/Mar/2026:20:01:43 +0100] "GET /wp-content/plugins/elementor/assets/lib/font-awesome/webfonts/fa-brands-400.woff2 HTTP/1.0" 200 85751 "https://autenrieth.inglory.de/" "Mozilla/5.0 (Linux; U; Android 4.3; en-us; SM-N900T Build/JSS15J) AppleWebKit/534.30 (KHTML, like Gecko) Version/4.0 Mobile Safari/534.30"
192.178.15.1 - - [12/Mar/2026:20:01:43 +0100] "GET /wp-content/uploads/2024/02/xGroup-1261156729-1.png.pagespeed.ic.e6WilJQzma.webp HTTP/1.0" 200 81321 "https://autenrieth.inglory.de/" "Mozilla/5.0 (X11; Linux x86_64) AppleWebKit/537.36 (KHTML, like Gecko) Chrome/121.0.0.0 Safari/537.36"
192.178.15.1 - - [12/Mar/2026:20:01:43 +0100] "GET /wp-content/plugins/borlabs-cookie/assets/css/base-button.38f38120.min.css HTTP/1.0" 200 4297 "https://autenrieth.inglory.de/" "Mozilla/5.0 (X11; Linux x86_64) AppleWebKit/537.36 (KHTML, like Gecko) Chrome/121.0.0.0 Safari/537.36"
66.249.84.105 - - [12/Mar/2026:20:01:43 +0100] "GET /wp-content/uploads/2024/02/Logo-Vektor-SVG.svg HTTP/1.0" 200 8287 "https://autenrieth.inglory.de/" "Mozilla/5.0 (Linux; U; Android 4.3; en-us; SM-N900T Build/JSS15J) AppleWebKit/534.30 (KHTML, like Gecko) Version/4.0 Mobile Safari/534.30"
74.125.210.32 - - [12/Mar/2026:20:01:43 +0100] "GET /wp-content/uploads/2024/02/Pattern.svg HTTP/1.0" 200 9820 "https://autenrieth.inglory.de/" "Mozilla/5.0 (Linux; U; Android 4.3; en-us; SM-N900T Build/JSS15J) AppleWebKit/534.30 (KHTML, like Gecko) Version/4.0 Mobile Safari/534.30"
192.178.15.1 - - [12/Mar/2026:20:01:43 +0100] "GET /wp-content/uploads/2024/02/OBJECTS-4-1.svg HTTP/1.0" 200 92603 "https://autenrieth.inglory.de/" "Mozilla/5.0 (X11; Linux x86_64) AppleWebKit/537.36 (KHTML, like Gecko) Chrome/121.0.0.0 Safari/537.36"
66.249.84.105 - - [12/Mar/2026:20:01:43 +0100] "GET /wp-content/uploads/2024/02/xFrame-1261156714-1.png.pagespeed.ic.V8rSA48puF.webp HTTP/1.0" 200 45150 "https://autenrieth.inglory.de/" "Mozilla/5.0 (X11; Linux x86_64) AppleWebKit/537.36 (KHTML, like Gecko) Chrome/121.0.0.0 Safari/537.36"
74.125.210.39 - - [12/Mar/2026:20:01:43 +0100] "GET /wp-content/plugins/elementor/assets/lib/font-awesome/webfonts/fa-solid-900.woff2 HTTP/1.0" 200 82335 "https://autenrieth.inglory.de/" "Mozilla/5.0 (X11; Linux x86_64) AppleWebKit/537.36 (KHTML, like Gecko) Chrome/121.0.0.0 Safari/537.36"
192.178.15.1 - - [12/Mar/2026:20:01:43 +0100] "GET /wp-content/uploads/2024/02/menu.svg HTTP/1.0" 200 4325 "https://autenrieth.inglory.de/" "Mozilla/5.0 (Linux; U; Android 4.3; en-us; SM-N900T Build/JSS15J) AppleWebKit/534.30 (KHTML, like Gecko) Version/4.0 Mobile Safari/534.30"
74.125.210.39 - - [12/Mar/2026:20:01:43 +0100] "GET /wp-content/plugins/elementor/assets/lib/font-awesome/webfonts/fa-brands-400.woff2 HTTP/1.0" 200 85751 "https://autenrieth.inglory.de/" "Mozilla/5.0 (X11; Linux x86_64) AppleWebKit/537.36 (KHTML, like Gecko) Chrome/121.0.0.0 Safari/537.36"
192.178.15.1 - - [12/Mar/2026:20:01:43 +0100] "GET /wp-content/uploads/2024/02/OBJECTS-3-2.svg HTTP/1.0" 200 81057 "https://autenrieth.inglory.de/" "Mozilla/5.0 (X11; Linux x86_64) AppleWebKit/537.36 (KHTML, like Gecko) Chrome/121.0.0.0 Safari/537.36"
66.249.84.106 - - [12/Mar/2026:20:01:43 +0100] "GET /wp-content/uploads/2024/02/xred-v3-1.png.pagespeed.ic.FiB6O7HznF.png HTTP/1.0" 200 190967 "https://autenrieth.inglory.de/" "Mozilla/5.0 (Linux; U; Android 4.3; en-us; SM-N900T Build/JSS15J) AppleWebKit/534.30 (KHTML, like Gecko) Version/4.0 Mobile Safari/534.30"
192.178.15.3 - - [12/Mar/2026:20:01:43 +0100] "GET /wp-content/uploads/2024/02/Group-1261156719.svg HTTP/1.0" 200 4728 "https://autenrieth.inglory.de/" "Mozilla/5.0 (Linux; U; Android 4.3; en-us; SM-N900T Build/JSS15J) AppleWebKit/534.30 (KHTML, like Gecko) Version/4.0 Mobile Safari/534.30"
66.249.84.106 - - [12/Mar/2026:20:01:43 +0100] "GET /wp-content/uploads/2024/02/x-close.svg HTTP/1.0" 200 4208 "https://autenrieth.inglory.de/" "Mozilla/5.0 (X11; Linux x86_64) AppleWebKit/537.36 (KHTML, like Gecko) Chrome/121.0.0.0 Safari/537.36"
192.178.15.1 - - [12/Mar/2026:20:01:43 +0100] "GET /wp-content/plugins/elementor/assets/lib/font-awesome/webfonts/fa-solid-900.woff2 HTTP/1.0" 200 82335 "https://autenrieth.inglory.de/" "Mozilla/5.0 (Linux; U; Android 4.3; en-us; SM-N900T Build/JSS15J) AppleWebKit/534.30 (KHTML, like Gecko) Version/4.0 Mobile Safari/534.30"
66.249.84.106 - - [12/Mar/2026:20:01:43 +0100] "GET /wp-content/uploads/2024/02/Logo-Vektor-SVG.svg HTTP/1.0" 200 8287 "https://autenrieth.inglory.de/author/inglory/" "Mozilla/5.0 (X11; Linux x86_64) AppleWebKit/537.36 (KHTML, like Gecko) Chrome/121.0.0.0 Safari/537.36"
192.178.15.1 - - [12/Mar/2026:20:01:43 +0100] "GET /wp-content/plugins/elementor/assets/lib/font-awesome/webfonts/fa-brands-400.woff2 HTTP/1.0" 200 85751 "https://autenrieth.inglory.de/" "Mozilla/5.0 (Linux; U; Android 4.3; en-us; SM-N900T Build/JSS15J) AppleWebKit/534.30 (KHTML, like Gecko) Version/4.0 Mobile Safari/534.30"
66.249.84.105 - - [12/Mar/2026:20:01:43 +0100] "GET /wp-content/plugins/loftloader-pro/assets/js/jquery.waitformedias.min.js,qver=2022112801.pagespeed.jm.Mo79GDpayV.js HTTP/1.0" 200 6006 "https://autenrieth.inglory.de/" "Mozilla/5.0 (Linux; U; Android 4.3; en-us; SM-N900T Build/JSS15J) AppleWebKit/534.30 (KHTML, like Gecko) Version/4.0 Mobile Safari/534.30"
74.125.210.39 - - [12/Mar/2026:20:01:40 +0100] "GET /wp-content/uploads/2024/02/xLayer-3-5.png.pagespeed.ic.e1PV05pWNH.png HTTP/1.0" 200 28308 "https://autenrieth.inglory.de/" "Mozilla/5.0 (Linux; U; Android 4.3; en-us; SM-N900T Build/JSS15J) AppleWebKit/534.30 (KHTML, like Gecko) Version/4.0 Mobile Safari/534.30"
192.178.15.1 - - [12/Mar/2026:20:01:43 +0100] "GET /wp-content/uploads/2024/02/xFrame-1261156729-2-1.jpg.pagespeed.ic.cgO3EGc4aR.webp HTTP/1.0" 200 131398 "https://autenrieth.inglory.de/" "Mozilla/5.0 (X11; Linux x86_64) AppleWebKit/537.36 (KHTML, like Gecko) Chrome/121.0.0.0 Safari/537.36"
66.249.84.106 - - [12/Mar/2026:20:01:43 +0100] "GET /wp-content/plugins/loftloader-pro/assets/js/jquery.waitformedias.min.js,qver=2022112801.pagespeed.jm.Mo79GDpayV.js HTTP/1.0" 200 6006 "https://autenrieth.inglory.de/impressum/" "Mozilla/5.0 (X11; Linux x86_64) AppleWebKit/537.36 (KHTML, like Gecko) Chrome/121.0.0.0 Safari/537.36"
74.125.210.38 - - [12/Mar/2026:20:01:43 +0100] "GET /wp-content/uploads/2024/02/OBJECTS-3-1.svg HTTP/1.0" 200 75614 "https://autenrieth.inglory.de/" "Mozilla/5.0 (Linux; U; Android 4.3; en-us; SM-N900T Build/JSS15J) AppleWebKit/534.30 (KHTML, like Gecko) Version/4.0 Mobile Safari/534.30"
66.249.84.104 - - [12/Mar/2026:20:01:43 +0100] "GET /wp-content/plugins/loftloader-pro/assets/js/loftloader.js,qver=2022112801.pagespeed.jm.CXlrii3vxv.js HTTP/1.0" 200 8973 "https://autenrieth.inglory.de/impressum/" "Mozilla/5.0 (X11; Linux x86_64) AppleWebKit/537.36 (KHTML, like Gecko) Chrome/121.0.0.0 Safari/537.36"
192.178.15.3 - - [12/Mar/2026:20:01:43 +0100] "GET /wp-content/plugins/borlabs-cookie/assets/css/base-button.38f38120.min.css HTTP/1.0" 200 4297 "https://autenrieth.inglory.de/" "Mozilla/5.0 (X11; Linux x86_64) AppleWebKit/537.36 (KHTML, like Gecko) Chrome/121.0.0.0 Safari/537.36"
66.249.84.105 - - [12/Mar/2026:20:01:43 +0100] "GET /wp-content/uploads/2024/02/x-close.svg HTTP/1.0" 200 4208 "https://autenrieth.inglory.de/datenschutz/" "Mozilla/5.0 (X11; Linux x86_64) AppleWebKit/537.36 (KHTML, like Gecko) Chrome/121.0.0.0 Safari/537.36"
66.249.84.104 - - [12/Mar/2026:20:01:43 +0100] "GET /wp-content/uploads/2024/02/menu.svg HTTP/1.0" 200 4325 "https://autenrieth.inglory.de/author/inglory/" "Mozilla/5.0 (X11; Linux x86_64) AppleWebKit/537.36 (KHTML, like Gecko) Chrome/121.0.0.0 Safari/537.36"
66.249.84.104 - - [12/Mar/2026:20:01:43 +0100] "GET /wp-content/plugins/loftloader-pro/assets/js/jquery.waitformedias.min.js,qver=2022112801.pagespeed.jm.Mo79GDpayV.js HTTP/1.0" 200 6006 "https://autenrieth.inglory.de/" "Mozilla/5.0 (Linux; U; Android 4.3; en-us; SM-N900T Build/JSS15J) AppleWebKit/534.30 (KHTML, like Gecko) Version/4.0 Mobile Safari/534.30"
66.249.84.104 - - [12/Mar/2026:20:01:43 +0100] "GET /wp-content/plugins/elementor-pro/assets/lib/sticky/jquery.sticky.min.js,qver=3.21.2.pagespeed.ce.PjGg3bH5EP.js HTTP/1.0" 200 5696 "https://autenrieth.inglory.de/datenschutz/" "Mozilla/5.0 (Linux; U; Android 4.3; en-us; SM-N900T Build/JSS15J) AppleWebKit/534.30 (KHTML, like Gecko) Version/4.0 Mobile Safari/534.30"
66.249.84.106 - - [12/Mar/2026:20:01:43 +0100] "GET /wp-content/uploads/2024/02/menu.svg HTTP/1.0" 200 4325 "https://autenrieth.inglory.de/datenschutz/" "Mozilla/5.0 (X11; Linux x86_64) AppleWebKit/537.36 (KHTML, like Gecko) Chrome/121.0.0.0 Safari/537.36"
66.249.84.104 - - [12/Mar/2026:20:01:43 +0100] "GET /wp-content/uploads/2024/02/Logo-Vektor-SVG.svg HTTP/1.0" 200 8287 "https://autenrieth.inglory.de/datenschutz/" "Mozilla/5.0 (Linux; U; Android 4.3; en-us; SM-N900T Build/JSS15J) AppleWebKit/534.30 (KHTML, like Gecko) Version/4.0 Mobile Safari/534.30"
66.249.84.105 - - [12/Mar/2026:20:01:43 +0100] "GET /wp-content/plugins/mystickyelements-pro,_js,_mystickyelements-fronted.min.js,qver==2.0.7+elementor-pro,_assets,_lib,_smartmenus,_jquery.smartmenus.min.js,qver==1.2.1.pagespeed.jc.Jf9k061WOB.js HTTP/1.0" 200 16099 "https://autenrieth.inglory.de/impressum/" "Mozilla/5.0 (X11; Linux x86_64) AppleWebKit/537.36 (KHTML, like Gecko) Chrome/121.0.0.0 Safari/537.36"
66.249.84.104 - - [12/Mar/2026:20:01:43 +0100] "GET /wp-content/plugins/elementor-pro/assets/js/webpack-pro.runtime.min.js?ver=3.21.2 HTTP/1.0" 200 6863 "https://autenrieth.inglory.de/impressum/" "Mozilla/5.0 (X11; Linux x86_64) AppleWebKit/537.36 (KHTML, like Gecko) Chrome/121.0.0.0 Safari/537.36"
66.249.84.104 - - [12/Mar/2026:20:01:43 +0100] "GET /wp-content/plugins/mystickyelements-pro/intl-tel-input-src,_build,_js,_intlTelInput.js,qver==2.0.7+js,_jquery.cookie.js,qver==2.0.7.pagespeed.jc.XGW1SXPSoy.js HTTP/1.0" 200 17641 "https://autenrieth.inglory.de/impressum/" "Mozilla/5.0 (X11; Linux x86_64) AppleWebKit/537.36 (KHTML, like Gecko) Chrome/121.0.0.0 Safari/537.36"
66.249.84.106 - - [12/Mar/2026:20:01:43 +0100] "GET /wp-content/uploads/2024/02/Logo-Vektor-SVG.svg HTTP/1.0" 200 8287 "https://autenrieth.inglory.de/author/inglory/" "Mozilla/5.0 (X11; Linux x86_64) AppleWebKit/537.36 (KHTML, like Gecko) Chrome/121.0.0.0 Safari/537.36"
66.249.84.105 - - [12/Mar/2026:20:01:43 +0100] "GET /wp-content/uploads/2024/02/Pattern.svg HTTP/1.0" 200 9820 "https://autenrieth.inglory.de/wp-content/uploads/elementor/css/A.post-281.css,qver=1723465678.pagespeed.cf.XCG_GVcWQ2.css" "Mozilla/5.0 (Linux; U; Android 4.3; en-us; SM-N900T Build/JSS15J) AppleWebKit/534.30 (KHTML, like Gecko) Version/4.0 Mobile Safari/534.30"
66.249.84.105 - - [12/Mar/2026:20:01:43 +0100] "GET /wp-content/uploads/2024/02/x-close.svg HTTP/1.0" 200 4208 "https://autenrieth.inglory.de/datenschutz/" "Mozilla/5.0 (Linux; U; Android 4.3; en-us; SM-N900T Build/JSS15J) AppleWebKit/534.30 (KHTML, like Gecko) Version/4.0 Mobile Safari/534.30"
66.249.84.106 - - [12/Mar/2026:20:01:43 +0100] "GET /wp-content/plugins/loftloader-pro/assets/js/loftloader.js,qver=2022112801.pagespeed.jm.CXlrii3vxv.js HTTP/1.0" 200 8973 "https://autenrieth.inglory.de/" "Mozilla/5.0 (Linux; U; Android 4.3; en-us; SM-N900T Build/JSS15J) AppleWebKit/534.30 (KHTML, like Gecko) Version/4.0 Mobile Safari/534.30"
66.249.84.104 - - [12/Mar/2026:20:01:43 +0100] "GET /wp-content/plugins/mystickyelements-pro/intl-tel-input-src,_build,_js,_intlTelInput.js,qver==2.0.7+js,_jquery.cookie.js,qver==2.0.7.pagespeed.jc.XGW1SXPSoy.js HTTP/1.0" 200 17641 "https://autenrieth.inglory.de/" "Mozilla/5.0 (Linux; U; Android 4.3; en-us; SM-N900T Build/JSS15J) AppleWebKit/534.30 (KHTML, like Gecko) Version/4.0 Mobile Safari/534.30"
66.249.84.105 - - [12/Mar/2026:20:01:43 +0100] "GET /wp-content/uploads/2024/02/Pattern.svg HTTP/1.0" 200 9820 "https://autenrieth.inglory.de/wp-content/uploads/elementor/css/A.post-281.css,qver=1723465678.pagespeed.cf.XCG_GVcWQ2.css" "Mozilla/5.0 (X11; Linux x86_64) AppleWebKit/537.36 (KHTML, like Gecko) Chrome/121.0.0.0 Safari/537.36"
74.125.210.38 - - [12/Mar/2026:20:01:43 +0100] "GET /wp-content/uploads/2024/02/xFrame-1261156742-1.png.pagespeed.ic.MyddBY2nY4.png HTTP/1.0" 200 140454 "https://autenrieth.inglory.de/" "Mozilla/5.0 (Linux; U; Android 4.3; en-us; SM-N900T Build/JSS15J) AppleWebKit/534.30 (KHTML, like Gecko) Version/4.0 Mobile Safari/534.30"
66.249.84.105 - - [12/Mar/2026:20:01:43 +0100] "GET /wp-content/plugins/loftloader-pro/assets/js/loftloader.js,qver=2022112801.pagespeed.jm.CXlrii3vxv.js HTTP/1.0" 200 8973 "https://autenrieth.inglory.de/" "Mozilla/5.0 (Linux; U; Android 4.3; en-us; SM-N900T Build/JSS15J) AppleWebKit/534.30 (KHTML, like Gecko) Version/4.0 Mobile Safari/534.30"
66.249.84.105 - - [12/Mar/2026:20:01:43 +0100] "GET /wp-content/uploads/2024/02/OBJECTS-1-1.svg HTTP/1.0" 200 78472 "https://autenrieth.inglory.de/impressum/" "Mozilla/5.0 (Linux; U; Android 4.3; en-us; SM-N900T Build/JSS15J) AppleWebKit/534.30 (KHTML, like Gecko) Version/4.0 Mobile Safari/534.30"
66.249.84.106 - - [12/Mar/2026:20:01:43 +0100] "GET /wp-content/uploads/2024/02/menu.svg HTTP/1.0" 200 4325 "https://autenrieth.inglory.de/author/inglory/" "Mozilla/5.0 (X11; Linux x86_64) AppleWebKit/537.36 (KHTML, like Gecko) Chrome/121.0.0.0 Safari/537.36"
66.249.84.106 - - [12/Mar/2026:20:01:43 +0100] "GET /wp-content/uploads/2024/02/Pattern.svg HTTP/1.0" 200 9820 "https://autenrieth.inglory.de/wp-content/uploads/elementor/css/A.post-281.css,qver=1723465678.pagespeed.cf.XCG_GVcWQ2.css" "Mozilla/5.0 (Linux; U; Android 4.3; en-us; SM-N900T Build/JSS15J) AppleWebKit/534.30 (KHTML, like Gecko) Version/4.0 Mobile Safari/534.30"
66.249.84.106 - - [12/Mar/2026:20:01:43 +0100] "GET /wp-content/uploads/2024/02/Pattern.svg HTTP/1.0" 200 9820 "https://autenrieth.inglory.de/wp-content/uploads/elementor/css/A.post-281.css,qver=1723465678.pagespeed.cf.XCG_GVcWQ2.css" "Mozilla/5.0 (Linux; U; Android 4.3; en-us; SM-N900T Build/JSS15J) AppleWebKit/534.30 (KHTML, like Gecko) Version/4.0 Mobile Safari/534.30"
66.249.84.104 - - [12/Mar/2026:20:01:43 +0100] "GET /wp-content/uploads/2024/02/xOBJECTS-1.png.pagespeed.ic.K4orya6Tic.png HTTP/1.0" 200 28084 "https://autenrieth.inglory.de/impressum/" "Mozilla/5.0 (Linux; U; Android 4.3; en-us; SM-N900T Build/JSS15J) AppleWebKit/534.30 (KHTML, like Gecko) Version/4.0 Mobile Safari/534.30"
66.249.84.104 - - [12/Mar/2026:20:01:43 +0100] "GET /wp-content/uploads/2024/03/line.svg HTTP/1.0" 200 4357 "https://autenrieth.inglory.de/impressum/" "Mozilla/5.0 (Linux; U; Android 4.3; en-us; SM-N900T Build/JSS15J) AppleWebKit/534.30 (KHTML, like Gecko) Version/4.0 Mobile Safari/534.30"
74.125.210.32 - - [12/Mar/2026:20:01:43 +0100] "GET /wp-content/plugins/borlabs-cookie/assets/javascript/init.d0a8a83e.min.js HTTP/1.0" 200 14921 "https://autenrieth.inglory.de/wp-content/plugins/borlabs-cookie/assets/javascript/borlabs-cookie.min.js,qver=3.0.1.pagespeed.ce.Mi8-j8D_PK.js" "Mozilla/5.0 (Linux; U; Android 4.3; en-us; SM-N900T Build/JSS15J) AppleWebKit/534.30 (KHTML, like Gecko) Version/4.0 Mobile Safari/534.30"
74.125.210.32 - - [12/Mar/2026:20:01:43 +0100] "GET /wp-content/plugins/borlabs-cookie/assets/javascript/observer.472990d3.min.js HTTP/1.0" 200 7909 "https://autenrieth.inglory.de/wp-content/plugins/borlabs-cookie/assets/javascript/borlabs-cookie.min.js,qver=3.0.1.pagespeed.ce.Mi8-j8D_PK.js" "Mozilla/5.0 (Linux; U; Android 4.3; en-us; SM-N900T Build/JSS15J) AppleWebKit/534.30 (KHTML, like Gecko) Version/4.0 Mobile Safari/534.30"
