74.125.210.39 - - [12/Mar/2026:20:01:42 +0100] "GET /wp-content/plugins/loftloader-pro/assets/js/jquery.waitformedias.min.js,qver=2022112801.pagespeed.jm.Mo79GDpayV.js HTTP/1.0" 200 6006 "https://autenrieth.inglory.de/" "Mozilla/5.0 (X11; Linux x86_64) AppleWebKit/537.36 (KHTML, like Gecko) Chrome/121.0.0.0 Safari/537.36"
66.249.84.104 - - [12/Mar/2026:20:01:42 +0100] "GET /wp-content/uploads/2024/02/xLayer-2-1-1.png.pagespeed.ic.NkhHXMy99g.webp HTTP/1.0" 200 36775 "https://autenrieth.inglory.de/" "Mozilla/5.0 (X11; Linux x86_64) AppleWebKit/537.36 (KHTML, like Gecko) Chrome/121.0.0.0 Safari/537.36"
66.249.84.104 - - [12/Mar/2026:20:01:42 +0100] "GET /wp-content/plugins/elementor-pro/assets/js/webpack-pro.runtime.min.js?ver=3.21.2 HTTP/1.0" 200 6863 "https://autenrieth.inglory.de/author/inglory/" "Mozilla/5.0 (X11; Linux x86_64) AppleWebKit/537.36 (KHTML, like Gecko) Chrome/121.0.0.0 Safari/537.36"
192.178.15.2 - - [12/Mar/2026:20:01:42 +0100] "GET /wp-content/uploads/2024/02/xOBJECTS-1.png.pagespeed.ic.Rzd29v4TL9.webp HTTP/1.0" 200 27083 "https://autenrieth.inglory.de/datenschutz/" "Mozilla/5.0 (X11; Linux x86_64) AppleWebKit/537.36 (KHTML, like Gecko) Chrome/121.0.0.0 Safari/537.36"
66.249.84.104 - - [12/Mar/2026:20:01:42 +0100] "GET /wp-content/uploads/elementor/css/A.post-696.css,qver=1723465679.pagespeed.cf.l5WHW3kJsy.css HTTP/1.0" 200 5527 "https://autenrieth.inglory.de/" "Mozilla/5.0 (Linux; U; Android 4.3; en-us; SM-N900T Build/JSS15J) AppleWebKit/534.30 (KHTML, like Gecko) Version/4.0 Mobile Safari/534.30"
66.249.84.106 - - [12/Mar/2026:20:01:42 +0100] "GET /wp-content/plugins/elementor/assets/js/webpack.runtime.min.js?ver=3.23.4 HTTP/1.0" 200 6427 "https://autenrieth.inglory.de/author/inglory/" "Mozilla/5.0 (X11; Linux x86_64) AppleWebKit/537.36 (KHTML, like Gecko) Chrome/121.0.0.0 Safari/537.36"
192.178.15.3 - - [12/Mar/2026:20:01:42 +0100] "GET /wp-content/uploads/2024/02/OBJECTS-5.svg HTTP/1.0" 200 72540 "https://autenrieth.inglory.de/wp-content/uploads/elementor/css/post-19.css?ver=1723465678" "Mozilla/5.0 (X11; Linux x86_64) AppleWebKit/537.36 (KHTML, like Gecko) Chrome/121.0.0.0 Safari/537.36"
66.249.84.106 - - [12/Mar/2026:20:01:42 +0100] "GET /wp-content/cache/borlabs-cookie/1/borlabs-cookie-config-de.json.js,qver=3.0.1-428.pagespeed.jm.LqjWzSZ5Xp.js HTTP/1.0" 200 8558 "https://autenrieth.inglory.de/" "Mozilla/5.0 (Linux; U; Android 4.3; en-us; SM-N900T Build/JSS15J) AppleWebKit/534.30 (KHTML, like Gecko) Version/4.0 Mobile Safari/534.30"
66.249.84.105 - - [12/Mar/2026:20:01:42 +0100] "GET /wp-content/plugins/loftloader-pro/assets/js/jquery.waitformedias.min.js,qver=2022112801.pagespeed.jm.Mo79GDpayV.js HTTP/1.0" 200 6006 "https://autenrieth.inglory.de/" "Mozilla/5.0 (X11; Linux x86_64) AppleWebKit/537.36 (KHTML, like Gecko) Chrome/121.0.0.0 Safari/537.36"
66.249.84.104 - - [12/Mar/2026:20:01:42 +0100] "GET /wp-content/uploads/elementor/css/A.post-753.css,qver=1723465679.pagespeed.cf.SzPR3J2IHw.css HTTP/1.0" 200 5174 "https://autenrieth.inglory.de/" "Mozilla/5.0 (Linux; U; Android 4.3; en-us; SM-N900T Build/JSS15J) AppleWebKit/534.30 (KHTML, like Gecko) Version/4.0 Mobile Safari/534.30"
66.249.84.106 - - [12/Mar/2026:20:01:42 +0100] "GET /wp-content/uploads/2024/02/OBJECTS-2-2.svg HTTP/1.0" 200 59532 "https://autenrieth.inglory.de/datenschutz/" "Mozilla/5.0 (X11; Linux x86_64) AppleWebKit/537.36 (KHTML, like Gecko) Chrome/121.0.0.0 Safari/537.36"
66.249.84.104 - - [12/Mar/2026:20:01:42 +0100] "GET /wp-content/uploads/2024/02/OBJECTS-3-1.svg HTTP/1.0" 200 75614 "https://autenrieth.inglory.de/impressum/" "Mozilla/5.0 (X11; Linux x86_64) AppleWebKit/537.36 (KHTML, like Gecko) Chrome/121.0.0.0 Safari/537.36"
66.249.88.199 - - [12/Mar/2026:20:01:42 +0100] "GET /wp-content/plugins/borlabs-cookie/assets/css/borlabs-cookie-box.50ba957b.min.css HTTP/1.0" 200 4970 "https://autenrieth.inglory.de/" "Mozilla/5.0 (Linux; U; Android 4.3; en-us; SM-N900T Build/JSS15J) AppleWebKit/534.30 (KHTML, like Gecko) Version/4.0 Mobile Safari/534.30"
66.249.88.192 - - [12/Mar/2026:20:01:42 +0100] "GET /wp-content/plugins/borlabs-cookie/assets/javascript/use-special-features.8baed93f.min.js HTTP/1.0" 200 4552 "-" "Mozilla/5.0 (Linux; U; Android 4.3; en-us; SM-N900T Build/JSS15J) AppleWebKit/534.30 (KHTML, like Gecko) Version/4.0 Mobile Safari/534.30"
66.249.84.104 - - [12/Mar/2026:20:01:42 +0100] "GET /wp-content/uploads/elementor/css/A.post-107.css,qver=1723465678.pagespeed.cf.l3hllbBXhh.css HTTP/1.0" 200 5136 "https://autenrieth.inglory.de/" "Mozilla/5.0 (Linux; U; Android 4.3; en-us; SM-N900T Build/JSS15J) AppleWebKit/534.30 (KHTML, like Gecko) Version/4.0 Mobile Safari/534.30"
66.249.88.199 - - [12/Mar/2026:20:01:42 +0100] "GET /wp-content/plugins/borlabs-cookie/assets/javascript/x-icon.0dc80929.min.js HTTP/1.0" 200 4602 "-" "Mozilla/5.0 (Linux; U; Android 4.3; en-us; SM-N900T Build/JSS15J) AppleWebKit/534.30 (KHTML, like Gecko) Version/4.0 Mobile Safari/534.30"
192.178.15.2 - - [12/Mar/2026:20:01:42 +0100] "GET /wp-content/plugins/elementor/assets/lib/dialog/dialog.min.js?ver=4.9.0 HTTP/1.0" 200 7545 "https://autenrieth.inglory.de/datenschutz/" "Mozilla/5.0 (Linux; U; Android 4.3; en-us; SM-N900T Build/JSS15J) AppleWebKit/534.30 (KHTML, like Gecko) Version/4.0 Mobile Safari/534.30"
192.178.15.2 - - [12/Mar/2026:20:01:42 +0100] "GET /wp-content/plugins/borlabs-cookie/assets/javascript/use-iabtcf-purposes.261b12e4.min.js HTTP/1.0" 200 4554 "-" "Mozilla/5.0 (X11; Linux x86_64) AppleWebKit/537.36 (KHTML, like Gecko) Chrome/121.0.0.0 Safari/537.36"
192.178.15.3 - - [12/Mar/2026:20:01:42 +0100] "GET /wp-content/plugins/borlabs-cookie/assets/javascript/use-iabtcf-vendors.698208c6.min.js HTTP/1.0" 200 4836 "-" "Mozilla/5.0 (X11; Linux x86_64) AppleWebKit/537.36 (KHTML, like Gecko) Chrome/121.0.0.0 Safari/537.36"
192.178.15.2 - - [12/Mar/2026:20:01:42 +0100] "GET /wp-content,_plugins,_elementor,_assets,_js,_frontend-modules.min.js,qver==3.23.4+wp-includes,_js,_dist,_hooks.min.js,qver==dd5603f07f9220ed27f1+wp-includes,_js,_dist,_i18n.min.js,qver==c26c3dc7bed366793375.pagespeed.jc.P8Yx3nO6gW.js HTTP/1.0" 200 27904 "https://autenrieth.inglory.de/" "Mozilla/5.0 (Linux; U; Android 4.3; en-us; SM-N900T Build/JSS15J) AppleWebKit/534.30 (KHTML, like Gecko) Version/4.0 Mobile Safari/534.30"
192.178.15.1 - - [12/Mar/2026:20:01:42 +0100] "GET /wp-content/plugins/elementor/assets/js/text-editor.2c35aafbe5bf0e127950.bundle.min.js HTTP/1.0" 200 4870 "https://autenrieth.inglory.de/datenschutz/" "Mozilla/5.0 (Linux; U; Android 4.3; en-us; SM-N900T Build/JSS15J) AppleWebKit/534.30 (KHTML, like Gecko) Version/4.0 Mobile Safari/534.30"
192.178.15.1 - - [12/Mar/2026:20:01:40 +0100] "GET /wp-content/uploads/2024/02/xFrame-1261156713-1.png.pagespeed.ic.ti_atwQf1f.webp HTTP/1.0" 200 45845 "https://autenrieth.inglory.de/" "Mozilla/5.0 (X11; Linux x86_64) AppleWebKit/537.36 (KHTML, like Gecko) Chrome/121.0.0.0 Safari/537.36"
66.249.84.106 - - [12/Mar/2026:20:01:42 +0100] "GET /wp-content/uploads/elementor/css/A.post-608.css,qver=1723465678.pagespeed.cf.yXVoBde1e0.css HTTP/1.0" 200 5144 "https://autenrieth.inglory.de/" "Mozilla/5.0 (Linux; U; Android 4.3; en-us; SM-N900T Build/JSS15J) AppleWebKit/534.30 (KHTML, like Gecko) Version/4.0 Mobile Safari/534.30"
66.249.84.105 - - [12/Mar/2026:20:01:42 +0100] "GET /wp-content,_plugins,_elementor-pro,_assets,_js,_frontend.min.js,qver==3.21.2+wp-content,_plugins,_elementor,_assets,_lib,_waypoints,_waypoints.min.js,qver==4.0.2+wp-includes,_js,_jquery,_ui,_core.min.js,qver==1.13.3.pagespeed.jc.dGFpfOGu8O.js HTTP/1.0" 200 19962 "https://autenrieth.inglory.de/impressum/" "Mozilla/5.0 (Linux; U; Android 4.3; en-us; SM-N900T Build/JSS15J) AppleWebKit/534.30 (KHTML, like Gecko) Version/4.0 Mobile Safari/534.30"
192.178.15.2 - - [12/Mar/2026:20:01:42 +0100] "GET /wp-content/plugins/borlabs-cookie/assets/images/borlabs-cookie-widget-a.svg HTTP/1.0" 200 5933 "https://autenrieth.inglory.de/datenschutz/" "Mozilla/5.0 (Linux; U; Android 4.3; en-us; SM-N900T Build/JSS15J) AppleWebKit/534.30 (KHTML, like Gecko) Version/4.0 Mobile Safari/534.30"
66.249.88.192 - - [12/Mar/2026:20:01:42 +0100] "GET /wp-content/plugins/borlabs-cookie/assets/javascript/use-iabtcf-legitimate-interests.1e9766de.min.js HTTP/1.0" 200 4934 "-" "Mozilla/5.0 (Linux; U; Android 4.3; en-us; SM-N900T Build/JSS15J) AppleWebKit/534.30 (KHTML, like Gecko) Version/4.0 Mobile Safari/534.30"
66.249.88.199 - - [12/Mar/2026:20:01:42 +0100] "GET /wp-content/uploads/2024/02/Logo-Vektor-SVG.svg HTTP/1.0" 200 8287 "https://autenrieth.inglory.de/" "Mozilla/5.0 (Linux; U; Android 4.3; en-us; SM-N900T Build/JSS15J) AppleWebKit/534.30 (KHTML, like Gecko) Version/4.0 Mobile Safari/534.30"
66.249.84.106 - - [12/Mar/2026:20:01:42 +0100] "GET /wp-content/uploads/elementor/css/A.post-162.css,qver=1723465679.pagespeed.cf.9o3J0c0rwQ.css HTTP/1.0" 200 5508 "https://autenrieth.inglory.de/" "Mozilla/5.0 (Linux; U; Android 4.3; en-us; SM-N900T Build/JSS15J) AppleWebKit/534.30 (KHTML, like Gecko) Version/4.0 Mobile Safari/534.30"
192.178.15.1 - - [12/Mar/2026:20:01:42 +0100] "GET /wp-content,_plugins,_mystickyelements-pro,_js,_mystickyelements-fronted.min.js,qver==2.0.7+wp-content,_plugins,_elementor-pro,_assets,_lib,_smartmenus,_jquery.smartmenus.min.js,qver==1.2.1+wp-includes,_js,_imagesloaded.min.js,qver==5.0.0.pagespeed.jc.8a_Umt4pgb.js HTTP/1.0" 200 17761 "https://autenrieth.inglory.de/" "Mozilla/5.0 (Linux; U; Android 4.3; en-us; SM-N900T Build/JSS15J) AppleWebKit/534.30 (KHTML, like Gecko) Version/4.0 Mobile Safari/534.30"
192.178.15.2 - - [12/Mar/2026:20:01:42 +0100] "GET /wp-content/uploads/2024/02/Group-1261156719.svg HTTP/1.0" 200 4728 "https://autenrieth.inglory.de/" "Mozilla/5.0 (X11; Linux x86_64) AppleWebKit/537.36 (KHTML, like Gecko) Chrome/121.0.0.0 Safari/537.36"
66.249.84.106 - - [12/Mar/2026:20:01:42 +0100] "GET /wp-content/uploads/elementor/css/A.post-679.css,qver=1723465679.pagespeed.cf.2nrOMjWSCE.css HTTP/1.0" 200 5526 "https://autenrieth.inglory.de/" "Mozilla/5.0 (Linux; U; Android 4.3; en-us; SM-N900T Build/JSS15J) AppleWebKit/534.30 (KHTML, like Gecko) Version/4.0 Mobile Safari/534.30"
66.249.84.105 - - [12/Mar/2026:20:01:42 +0100] "GET /wp-content/plugins/elementor-pro/assets/js/webpack-pro.runtime.min.js?ver=3.21.2 HTTP/1.0" 200 6863 "https://autenrieth.inglory.de/author/inglory/" "Mozilla/5.0 (X11; Linux x86_64) AppleWebKit/537.36 (KHTML, like Gecko) Chrome/121.0.0.0 Safari/537.36"
74.125.210.39 - - [12/Mar/2026:20:01:42 +0100] "GET /wp-content/uploads/2024/02/OBJECTS-7.svg HTTP/1.0" 200 197680 "https://autenrieth.inglory.de/" "Mozilla/5.0 (Linux; U; Android 4.3; en-us; SM-N900T Build/JSS15J) AppleWebKit/534.30 (KHTML, like Gecko) Version/4.0 Mobile Safari/534.30"
74.125.210.32 - - [12/Mar/2026:20:01:42 +0100] "GET /wp-content/plugins/loftloader-pro/assets/js/loftloader.js,qver=2022112801.pagespeed.jm.CXlrii3vxv.js HTTP/1.0" 200 8973 "https://autenrieth.inglory.de/" "Mozilla/5.0 (X11; Linux x86_64) AppleWebKit/537.36 (KHTML, like Gecko) Chrome/121.0.0.0 Safari/537.36"
192.178.15.3 - - [12/Mar/2026:20:01:42 +0100] "GET /wp-content/plugins/borlabs-cookie/assets/css/base-button.38f38120.min.css HTTP/1.0" 200 4297 "https://autenrieth.inglory.de/author/inglory/" "Mozilla/5.0 (X11; Linux x86_64) AppleWebKit/537.36 (KHTML, like Gecko) Chrome/121.0.0.0 Safari/537.36"
192.178.15.2 - - [12/Mar/2026:20:01:42 +0100] "GET /wp-content/plugins/borlabs-cookie/assets/css/borlabs-cookie-box.50ba957b.min.css HTTP/1.0" 200 4970 "https://autenrieth.inglory.de/author/inglory/" "Mozilla/5.0 (X11; Linux x86_64) AppleWebKit/537.36 (KHTML, like Gecko) Chrome/121.0.0.0 Safari/537.36"
66.249.84.106 - - [12/Mar/2026:20:01:42 +0100] "GET /wp-content/uploads/elementor/css/A.post-688.css,qver=1723465679.pagespeed.cf.nbwLWs9qW5.css HTTP/1.0" 200 5543 "https://autenrieth.inglory.de/" "Mozilla/5.0 (Linux; U; Android 4.3; en-us; SM-N900T Build/JSS15J) AppleWebKit/534.30 (KHTML, like Gecko) Version/4.0 Mobile Safari/534.30"
192.178.15.2 - - [12/Mar/2026:20:01:42 +0100] "GET /wp-content/plugins/elementor-pro/assets/js/webpack-pro.runtime.min.js?ver=3.21.2 HTTP/1.0" 200 6863 "https://autenrieth.inglory.de/" "Mozilla/5.0 (Linux; U; Android 4.3; en-us; SM-N900T Build/JSS15J) AppleWebKit/534.30 (KHTML, like Gecko) Version/4.0 Mobile Safari/534.30"
192.178.15.1 - - [12/Mar/2026:20:01:42 +0100] "GET /wp-content/plugins/elementor/assets/lib/font-awesome/webfonts/fa-brands-400.woff2 HTTP/1.0" 200 85751 "https://autenrieth.inglory.de/datenschutz/" "Mozilla/5.0 (X11; Linux x86_64) AppleWebKit/537.36 (KHTML, like Gecko) Chrome/121.0.0.0 Safari/537.36"
192.178.15.3 - - [12/Mar/2026:20:01:42 +0100] "GET /wp-content/uploads/2024/02/xFrame-1261156714-1.png.pagespeed.ic.V8rSA48puF.webp HTTP/1.0" 200 45150 "https://autenrieth.inglory.de/" "Mozilla/5.0 (X11; Linux x86_64) AppleWebKit/537.36 (KHTML, like Gecko) Chrome/121.0.0.0 Safari/537.36"
74.125.210.38 - - [12/Mar/2026:20:01:42 +0100] "GET /wp-content/uploads/2024/02/xLayer-3-3.png.pagespeed.ic.yxBRaHmYf7.png HTTP/1.0" 200 25704 "https://autenrieth.inglory.de/" "Mozilla/5.0 (Linux; U; Android 4.3; en-us; SM-N900T Build/JSS15J) AppleWebKit/534.30 (KHTML, like Gecko) Version/4.0 Mobile Safari/534.30"
192.178.15.1 - - [12/Mar/2026:20:01:42 +0100] "GET /wp-content/uploads/2024/02/xOBJECTS-1.png.pagespeed.ic.Rzd29v4TL9.webp HTTP/1.0" 200 27083 "https://autenrieth.inglory.de/" "Mozilla/5.0 (X11; Linux x86_64) AppleWebKit/537.36 (KHTML, like Gecko) Chrome/121.0.0.0 Safari/537.36"
192.178.15.2 - - [12/Mar/2026:20:01:42 +0100] "GET /wp-content/plugins/borlabs-cookie/assets/javascript/use-special-features.8baed93f.min.js HTTP/1.0" 200 4552 "-" "Mozilla/5.0 (X11; Linux x86_64) AppleWebKit/537.36 (KHTML, like Gecko) Chrome/121.0.0.0 Safari/537.36"
192.178.15.3 - - [12/Mar/2026:20:01:42 +0100] "GET /wp-content/uploads/2024/02/OBJECTS-1-1.svg HTTP/1.0" 200 78472 "https://autenrieth.inglory.de/datenschutz/" "Mozilla/5.0 (X11; Linux x86_64) AppleWebKit/537.36 (KHTML, like Gecko) Chrome/121.0.0.0 Safari/537.36"
192.178.15.3 - - [12/Mar/2026:20:01:42 +0100] "GET /wp-content/plugins/borlabs-cookie/assets/javascript/x-icon.0dc80929.min.js HTTP/1.0" 200 4602 "-" "Mozilla/5.0 (X11; Linux x86_64) AppleWebKit/537.36 (KHTML, like Gecko) Chrome/121.0.0.0 Safari/537.36"
66.249.84.105 - - [12/Mar/2026:20:01:41 +0100] "GET /wp-content/plugins/borlabs-cookie/assets/javascript/borlabs-cookie.min.js,qver=3.0.1.pagespeed.ce.Mi8-j8D_PK.js HTTP/1.0" 200 4683 "https://autenrieth.inglory.de/datenschutz/" "Mozilla/5.0 (Linux; U; Android 4.3; en-us; SM-N900T Build/JSS15J) AppleWebKit/534.30 (KHTML, like Gecko) Version/4.0 Mobile Safari/534.30"
66.249.84.105 - - [12/Mar/2026:20:01:41 +0100] "GET /wp-content/plugins/elementor/assets/lib/animations/animations.min.css,qver=3.23.4.pagespeed.ce.RgG6VQREE3.css HTTP/1.0" 200 6777 "https://autenrieth.inglory.de/impressum/" "Mozilla/5.0 (X11; Linux x86_64) AppleWebKit/537.36 (KHTML, like Gecko) Chrome/121.0.0.0 Safari/537.36"
66.249.88.198 - - [12/Mar/2026:20:01:42 +0100] "GET /wp-content/plugins/elementor/assets/lib/dialog/dialog.min.js?ver=4.9.0 HTTP/1.0" 200 7545 "https://autenrieth.inglory.de/" "Mozilla/5.0 (Linux; U; Android 4.3; en-us; SM-N900T Build/JSS15J) AppleWebKit/534.30 (KHTML, like Gecko) Version/4.0 Mobile Safari/534.30"
66.249.84.106 - - [12/Mar/2026:20:01:42 +0100] "GET /wp-content/plugins/elementor/assets/js/frontend.min.js,qver=3.23.4.pagespeed.ce.bmZuhK0yOD.js HTTP/1.0" 200 16448 "https://autenrieth.inglory.de/datenschutz/" "Mozilla/5.0 (X11; Linux x86_64) AppleWebKit/537.36 (KHTML, like Gecko) Chrome/121.0.0.0 Safari/537.36"
192.178.15.3 - - [12/Mar/2026:20:01:42 +0100] "GET /wp-content/uploads/2024/02/OBJECTS.svg HTTP/1.0" 200 120214 "https://autenrieth.inglory.de/" "Mozilla/5.0 (X11; Linux x86_64) AppleWebKit/537.36 (KHTML, like Gecko) Chrome/121.0.0.0 Safari/537.36"
74.125.210.39 - - [12/Mar/2026:20:01:42 +0100] "GET /wp-content/uploads/2024/02/OBJECTS-1-1.png.pagespeed.ce.r0KfZ-va_z.png HTTP/1.0" 200 15927 "https://autenrieth.inglory.de/wp-content/uploads/elementor/css/A.post-19.css,qver=1723465678.pagespeed.cf.5Jm6GPysju.css" "Mozilla/5.0 (Linux; U; Android 4.3; en-us; SM-N900T Build/JSS15J) AppleWebKit/534.30 (KHTML, like Gecko) Version/4.0 Mobile Safari/534.30"
66.249.84.104 - - [12/Mar/2026:20:01:42 +0100] "GET /wp-content/uploads/elementor/css/A.post-696.css,qver=1723465679.pagespeed.cf.l5WHW3kJsy.css HTTP/1.0" 200 5527 "https://autenrieth.inglory.de/" "Mozilla/5.0 (Linux; U; Android 4.3; en-us; SM-N900T Build/JSS15J) AppleWebKit/534.30 (KHTML, like Gecko) Version/4.0 Mobile Safari/534.30"
66.249.88.192 - - [12/Mar/2026:20:01:42 +0100] "GET /wp-content/plugins/elementor-pro/assets/js/nav-menu.d43af66e5000fd109c04.bundle.min.js HTTP/1.0" 200 5906 "https://autenrieth.inglory.de/" "Mozilla/5.0 (Linux; U; Android 4.3; en-us; SM-N900T Build/JSS15J) AppleWebKit/534.30 (KHTML, like Gecko) Version/4.0 Mobile Safari/534.30"
66.249.88.199 - - [12/Mar/2026:20:01:42 +0100] "GET /wp-content/plugins/elementor/assets/js/text-editor.2c35aafbe5bf0e127950.bundle.min.js HTTP/1.0" 200 4870 "https://autenrieth.inglory.de/" "Mozilla/5.0 (Linux; U; Android 4.3; en-us; SM-N900T Build/JSS15J) AppleWebKit/534.30 (KHTML, like Gecko) Version/4.0 Mobile Safari/534.30"
66.249.84.104 - - [12/Mar/2026:20:01:42 +0100] "GET /wp-content/plugins/elementor/assets/js/webpack.runtime.min.js?ver=3.23.4 HTTP/1.0" 200 6427 "https://autenrieth.inglory.de/author/inglory/" "Mozilla/5.0 (X11; Linux x86_64) AppleWebKit/537.36 (KHTML, like Gecko) Chrome/121.0.0.0 Safari/537.36"
66.249.84.106 - - [12/Mar/2026:20:01:42 +0100] "GET /wp-includes/js/jquery/jquery.min.js,qver=3.7.1.pagespeed.jm.PoWN7KAtLT.js HTTP/1.0" 200 34472 "https://autenrieth.inglory.de/" "Mozilla/5.0 (Linux; U; Android 4.3; en-us; SM-N900T Build/JSS15J) AppleWebKit/534.30 (KHTML, like Gecko) Version/4.0 Mobile Safari/534.30"
192.178.15.3 - - [12/Mar/2026:20:01:42 +0100] "GET /wp-content/plugins/borlabs-cookie/assets/javascript/use-iabtcf-legitimate-interests.1e9766de.min.js HTTP/1.0" 200 4934 "-" "Mozilla/5.0 (X11; Linux x86_64) AppleWebKit/537.36 (KHTML, like Gecko) Chrome/121.0.0.0 Safari/537.36"
192.178.15.3 - - [12/Mar/2026:20:01:42 +0100] "GET /wp-content/uploads/2024/02/Group-1261156725-1-1.png.pagespeed.ce.DtisnsdFas.png HTTP/1.0" 200 235411 "https://autenrieth.inglory.de/wp-content/uploads/elementor/css/post-19.css?ver=1723465678" "Mozilla/5.0 (X11; Linux x86_64) AppleWebKit/537.36 (KHTML, like Gecko) Chrome/121.0.0.0 Safari/537.36"
66.249.84.105 - - [12/Mar/2026:20:01:42 +0100] "GET /wp-includes/js/jquery/jquery-migrate.min.js,qver=3.4.1.pagespeed.jm.bhhu-RahTI.js HTTP/1.0" 200 8984 "https://autenrieth.inglory.de/" "Mozilla/5.0 (Linux; U; Android 4.3; en-us; SM-N900T Build/JSS15J) AppleWebKit/534.30 (KHTML, like Gecko) Version/4.0 Mobile Safari/534.30"
66.249.88.192 - - [12/Mar/2026:20:01:42 +0100] "GET /wp-content/plugins/elementor/assets/lib/swiper/swiper.min.js?ver=5.3.6 HTTP/1.0" 200 39693 "https://autenrieth.inglory.de/" "Mozilla/5.0 (Linux; U; Android 4.3; en-us; SM-N900T Build/JSS15J) AppleWebKit/534.30 (KHTML, like Gecko) Version/4.0 Mobile Safari/534.30"
192.178.15.2 - - [12/Mar/2026:20:01:42 +0100] "GET /wp-content/plugins/borlabs-cookie/assets/javascript/base-button.f7e450d7.min.js HTTP/1.0" 200 4652 "-" "Mozilla/5.0 (X11; Linux x86_64) AppleWebKit/537.36 (KHTML, like Gecko) Chrome/121.0.0.0 Safari/537.36"
66.249.88.199 - - [12/Mar/2026:20:01:42 +0100] "GET /wp-content/plugins/elementor-pro/assets/js/carousel.9b02b45d7826c1c48f33.bundle.min.js HTTP/1.0" 200 5764 "https://autenrieth.inglory.de/" "Mozilla/5.0 (Linux; U; Android 4.3; en-us; SM-N900T Build/JSS15J) AppleWebKit/534.30 (KHTML, like Gecko) Version/4.0 Mobile Safari/534.30"
66.249.84.104 - - [12/Mar/2026:20:01:42 +0100] "GET /wp-content,_plugins,_elementor,_assets,_js,_frontend-modules.min.js,qver==3.23.4+wp-includes,_js,_dist,_hooks.min.js,qver==dd5603f07f9220ed27f1+wp-includes,_js,_dist,_i18n.min.js,qver==c26c3dc7bed366793375.pagespeed.jc.P8Yx3nO6gW.js HTTP/1.0" 200 27904 "https://autenrieth.inglory.de/author/inglory/" "Mozilla/5.0 (X11; Linux x86_64) AppleWebKit/537.36 (KHTML, like Gecko) Chrome/121.0.0.0 Safari/537.36"
66.249.84.105 - - [12/Mar/2026:20:01:42 +0100] "GET /wp-content/plugins/loftloader-pro/assets/js/loftloader.js,qver=2022112801.pagespeed.jm.CXlrii3vxv.js HTTP/1.0" 200 8973 "https://autenrieth.inglory.de/" "Mozilla/5.0 (X11; Linux x86_64) AppleWebKit/537.36 (KHTML, like Gecko) Chrome/121.0.0.0 Safari/537.36"
66.249.88.192 - - [12/Mar/2026:20:01:42 +0100] "GET /wp-content/uploads/2024/02/OBJECTS-2-2.svg HTTP/1.0" 200 59532 "https://autenrieth.inglory.de/impressum/" "Mozilla/5.0 (Linux; U; Android 4.3; en-us; SM-N900T Build/JSS15J) AppleWebKit/534.30 (KHTML, like Gecko) Version/4.0 Mobile Safari/534.30"
66.249.84.105 - - [12/Mar/2026:20:01:42 +0100] "GET /wp-content/plugins/elementor-pro/assets/css/A.widget-carousel.min.css.pagespeed.cf.iKhB3l1vZF.css HTTP/1.0" 200 7386 "https://autenrieth.inglory.de/" "Mozilla/5.0 (Linux; U; Android 4.3; en-us; SM-N900T Build/JSS15J) AppleWebKit/534.30 (KHTML, like Gecko) Version/4.0 Mobile Safari/534.30"
66.249.84.105 - - [12/Mar/2026:20:01:42 +0100] "GET /wp-content/plugins/mystickyelements-pro/intl-tel-input-src,_build,_js,_intlTelInput.js,qver==2.0.7+js,_jquery.cookie.js,qver==2.0.7.pagespeed.jc.XGW1SXPSoy.js HTTP/1.0" 200 17641 "https://autenrieth.inglory.de/" "Mozilla/5.0 (X11; Linux x86_64) AppleWebKit/537.36 (KHTML, like Gecko) Chrome/121.0.0.0 Safari/537.36"
66.249.84.104 - - [12/Mar/2026:20:01:42 +0100] "GET /wp-content/plugins/elementor-pro/assets/js/elements-handlers.min.js,qver=3.21.2.pagespeed.ce.gzkS2wmBaY.js HTTP/1.0" 200 13486 "https://autenrieth.inglory.de/impressum/" "Mozilla/5.0 (Linux; U; Android 4.3; en-us; SM-N900T Build/JSS15J) AppleWebKit/534.30 (KHTML, like Gecko) Version/4.0 Mobile Safari/534.30"
66.249.84.106 - - [12/Mar/2026:20:01:42 +0100] "GET /wp-content,_plugins,_elementor-pro,_assets,_js,_frontend.min.js,qver==3.21.2+wp-content,_plugins,_elementor,_assets,_lib,_waypoints,_waypoints.min.js,qver==4.0.2+wp-includes,_js,_jquery,_ui,_core.min.js,qver==1.13.3.pagespeed.jc.dGFpfOGu8O.js HTTP/1.0" 200 19962 "https://autenrieth.inglory.de/author/inglory/" "Mozilla/5.0 (X11; Linux x86_64) AppleWebKit/537.36 (KHTML, like Gecko) Chrome/121.0.0.0 Safari/537.36"
74.125.210.38 - - [12/Mar/2026:20:01:42 +0100] "GET /wp-content/uploads/2024/02/Group-1261156722.svg HTTP/1.0" 200 5230 "https://autenrieth.inglory.de/" "Mozilla/5.0 (Linux; U; Android 4.3; en-us; SM-N900T Build/JSS15J) AppleWebKit/534.30 (KHTML, like Gecko) Version/4.0 Mobile Safari/534.30"
66.249.88.192 - - [12/Mar/2026:20:01:42 +0100] "GET /wp-content/uploads/2024/02/OBJECTS-1-1.svg HTTP/1.0" 200 78472 "https://autenrieth.inglory.de/impressum/" "Mozilla/5.0 (Linux; U; Android 4.3; en-us; SM-N900T Build/JSS15J) AppleWebKit/534.30 (KHTML, like Gecko) Version/4.0 Mobile Safari/534.30"
66.249.84.105 - - [12/Mar/2026:20:01:42 +0100] "GET /wp-includes/js/jquery/jquery-migrate.min.js,qver=3.4.1.pagespeed.jm.bhhu-RahTI.js HTTP/1.0" 200 8984 "https://autenrieth.inglory.de/" "Mozilla/5.0 (Linux; U; Android 4.3; en-us; SM-N900T Build/JSS15J) AppleWebKit/534.30 (KHTML, like Gecko) Version/4.0 Mobile Safari/534.30"
66.249.84.104 - - [12/Mar/2026:20:01:42 +0100] "GET /wp-content/cache/borlabs-cookie/1/borlabs-cookie-config-de.json.js,qver=3.0.1-428.pagespeed.jm.LqjWzSZ5Xp.js HTTP/1.0" 200 8558 "https://autenrieth.inglory.de/" "Mozilla/5.0 (Linux; U; Android 4.3; en-us; SM-N900T Build/JSS15J) AppleWebKit/534.30 (KHTML, like Gecko) Version/4.0 Mobile Safari/534.30"
192.178.15.2 - - [12/Mar/2026:20:01:42 +0100] "GET /wp-content/plugins/elementor/assets/lib/font-awesome/webfonts/fa-solid-900.woff2 HTTP/1.0" 200 82335 "https://autenrieth.inglory.de/" "Mozilla/5.0 (X11; Linux x86_64) AppleWebKit/537.36 (KHTML, like Gecko) Chrome/121.0.0.0 Safari/537.36"
66.249.84.105 - - [12/Mar/2026:20:01:42 +0100] "GET /wp-includes/js/jquery/jquery.min.js,qver=3.7.1.pagespeed.jm.PoWN7KAtLT.js HTTP/1.0" 200 34472 "https://autenrieth.inglory.de/" "Mozilla/5.0 (Linux; U; Android 4.3; en-us; SM-N900T Build/JSS15J) AppleWebKit/534.30 (KHTML, like Gecko) Version/4.0 Mobile Safari/534.30"
66.249.84.106 - - [12/Mar/2026:20:01:42 +0100] "GET /wp-content/uploads/2024/02/OBJECTS-2-1.svg HTTP/1.0" 200 75245 "https://autenrieth.inglory.de/datenschutz/" "Mozilla/5.0 (Linux; U; Android 4.3; en-us; SM-N900T Build/JSS15J) AppleWebKit/534.30 (KHTML, like Gecko) Version/4.0 Mobile Safari/534.30"
192.178.15.2 - - [12/Mar/2026:20:01:42 +0100] "GET /wp-content/uploads/2024/03/line.svg HTTP/1.0" 200 4357 "https://autenrieth.inglory.de/datenschutz/" "Mozilla/5.0 (X11; Linux x86_64) AppleWebKit/537.36 (KHTML, like Gecko) Chrome/121.0.0.0 Safari/537.36"
74.125.210.38 - - [12/Mar/2026:20:01:42 +0100] "GET /wp-content/plugins/mystickyelements-pro/intl-tel-input-src,_build,_js,_intlTelInput.js,qver==2.0.7+js,_jquery.cookie.js,qver==2.0.7.pagespeed.jc.XGW1SXPSoy.js HTTP/1.0" 200 17641 "https://autenrieth.inglory.de/" "Mozilla/5.0 (X11; Linux x86_64) AppleWebKit/537.36 (KHTML, like Gecko) Chrome/121.0.0.0 Safari/537.36"
192.178.15.1 - - [12/Mar/2026:20:01:42 +0100] "GET /wp-content/plugins/elementor/assets/lib/dialog/dialog.min.js?ver=4.9.0 HTTP/1.0" 200 7545 "https://autenrieth.inglory.de/author/inglory/" "Mozilla/5.0 (X11; Linux x86_64) AppleWebKit/537.36 (KHTML, like Gecko) Chrome/121.0.0.0 Safari/537.36"
192.178.15.3 - - [12/Mar/2026:20:01:42 +0100] "GET /wp-content/plugins/borlabs-cookie/assets/javascript/borlabs-widget.87b9a45d.min.js HTTP/1.0" 200 4797 "-" "Mozilla/5.0 (X11; Linux x86_64) AppleWebKit/537.36 (KHTML, like Gecko) Chrome/121.0.0.0 Safari/537.36"
192.178.15.2 - - [12/Mar/2026:20:01:42 +0100] "GET /wp-content/uploads/2024/02/xLayer-3-3.png.pagespeed.ic.sXbaJqnqXv.webp HTTP/1.0" 200 27171 "https://autenrieth.inglory.de/" "Mozilla/5.0 (X11; Linux x86_64) AppleWebKit/537.36 (KHTML, like Gecko) Chrome/121.0.0.0 Safari/537.36"
192.178.15.3 - - [12/Mar/2026:20:01:42 +0100] "GET /wp-content/plugins/elementor-pro/assets/js/nav-menu.d43af66e5000fd109c04.bundle.min.js HTTP/1.0" 200 5906 "https://autenrieth.inglory.de/author/inglory/" "Mozilla/5.0 (X11; Linux x86_64) AppleWebKit/537.36 (KHTML, like Gecko) Chrome/121.0.0.0 Safari/537.36"
192.178.15.1 - - [12/Mar/2026:20:01:42 +0100] "GET /wp-content/plugins/elementor/assets/js/webpack.runtime.min.js?ver=3.23.4 HTTP/1.0" 200 6427 "https://autenrieth.inglory.de/" "Mozilla/5.0 (Linux; U; Android 4.3; en-us; SM-N900T Build/JSS15J) AppleWebKit/534.30 (KHTML, like Gecko) Version/4.0 Mobile Safari/534.30"
66.249.88.192 - - [12/Mar/2026:20:01:42 +0100] "GET /wp-content/uploads/2024/04/Frame-1261156715-3.jpg HTTP/1.0" 200 50418 "https://autenrieth.inglory.de/" "Mozilla/5.0 (Linux; U; Android 4.3; en-us; SM-N900T Build/JSS15J) AppleWebKit/534.30 (KHTML, like Gecko) Version/4.0 Mobile Safari/534.30"
74.125.210.32 - - [12/Mar/2026:20:01:42 +0100] "GET /wp-content/plugins/elementor/assets/lib/eicons/fonts/eicons.woff2?5.30.0 HTTP/1.0" 200 101293 "https://autenrieth.inglory.de/wp-content/plugins/elementor/assets/lib/eicons/css/A.elementor-icons.min.css,qver=5.30.0.pagespeed.cf.aHMuBxXHzb.css" "Mozilla/5.0 (Linux; U; Android 4.3; en-us; SM-N900T Build/JSS15J) AppleWebKit/534.30 (KHTML, like Gecko) Version/4.0 Mobile Safari/534.30"
192.178.15.2 - - [12/Mar/2026:20:01:42 +0100] "GET /wp-content/plugins/elementor/assets/lib/font-awesome/webfonts/fa-brands-400.woff2 HTTP/1.0" 200 85751 "https://autenrieth.inglory.de/" "Mozilla/5.0 (X11; Linux x86_64) AppleWebKit/537.36 (KHTML, like Gecko) Chrome/121.0.0.0 Safari/537.36"
66.249.88.199 - - [12/Mar/2026:20:01:42 +0100] "GET /wp-content/uploads/2024/04/Frame-1261156715-1-1.jpg HTTP/1.0" 200 94321 "https://autenrieth.inglory.de/" "Mozilla/5.0 (Linux; U; Android 4.3; en-us; SM-N900T Build/JSS15J) AppleWebKit/534.30 (KHTML, like Gecko) Version/4.0 Mobile Safari/534.30"
192.178.15.1 - - [12/Mar/2026:20:01:42 +0100] "GET /wp-content/plugins/elementor/assets/js/text-editor.2c35aafbe5bf0e127950.bundle.min.js HTTP/1.0" 200 4870 "https://autenrieth.inglory.de/author/inglory/" "Mozilla/5.0 (X11; Linux x86_64) AppleWebKit/537.36 (KHTML, like Gecko) Chrome/121.0.0.0 Safari/537.36"
66.249.88.198 - - [12/Mar/2026:20:01:42 +0100] "GET /wp-content/uploads/2024/04/Frame-1261156715-2-1.jpg HTTP/1.0" 200 264500 "https://autenrieth.inglory.de/" "Mozilla/5.0 (Linux; U; Android 4.3; en-us; SM-N900T Build/JSS15J) AppleWebKit/534.30 (KHTML, like Gecko) Version/4.0 Mobile Safari/534.30"
192.178.15.3 - - [12/Mar/2026:20:01:42 +0100] "GET /wp-content/plugins/elementor/assets/lib/eicons/fonts/eicons.woff2?5.30.0 HTTP/1.0" 200 101293 "https://autenrieth.inglory.de/wp-content/plugins/elementor/assets/lib/eicons/css/A.elementor-icons.min.css,qver=5.30.0.pagespeed.cf.aHMuBxXHzb.css" "Mozilla/5.0 (X11; Linux x86_64) AppleWebKit/537.36 (KHTML, like Gecko) Chrome/121.0.0.0 Safari/537.36"
192.178.15.3 - - [12/Mar/2026:20:01:42 +0100] "GET /wp-includes/js/wp-emoji-release.min.js?ver=6.9.4 HTTP/1.0" 200 9375 "https://autenrieth.inglory.de/datenschutz/" "Mozilla/5.0 (Linux; U; Android 4.3; en-us; SM-N900T Build/JSS15J) AppleWebKit/534.30 (KHTML, like Gecko) Version/4.0 Mobile Safari/534.30"
192.178.15.2 - - [12/Mar/2026:20:01:42 +0100] "GET /wp-content,_plugins,_elementor-pro,_assets,_js,_frontend.min.js,qver==3.21.2+wp-content,_plugins,_elementor,_assets,_lib,_waypoints,_waypoints.min.js,qver==4.0.2+wp-includes,_js,_jquery,_ui,_core.min.js,qver==1.13.3.pagespeed.jc.dGFpfOGu8O.js HTTP/1.0" 200 19962 "https://autenrieth.inglory.de/" "Mozilla/5.0 (Linux; U; Android 4.3; en-us; SM-N900T Build/JSS15J) AppleWebKit/534.30 (KHTML, like Gecko) Version/4.0 Mobile Safari/534.30"
74.125.210.38 - - [12/Mar/2026:20:01:42 +0100] "GET /wp-content,_plugins,_mystickyelements-pro,_js,_mystickyelements-fronted.min.js,qver==2.0.7+wp-content,_plugins,_elementor-pro,_assets,_lib,_smartmenus,_jquery.smartmenus.min.js,qver==1.2.1+wp-includes,_js,_imagesloaded.min.js,qver==5.0.0.pagespeed.jc.8a_Umt4pgb.js HTTP/1.0" 200 17761 "https://autenrieth.inglory.de/" "Mozilla/5.0 (X11; Linux x86_64) AppleWebKit/537.36 (KHTML, like Gecko) Chrome/121.0.0.0 Safari/537.36"
192.178.15.3 - - [12/Mar/2026:20:01:42 +0100] "GET /wp-content/plugins/elementor-pro/assets/js/nav-menu.d43af66e5000fd109c04.bundle.min.js HTTP/1.0" 200 5906 "https://autenrieth.inglory.de/datenschutz/" "Mozilla/5.0 (Linux; U; Android 4.3; en-us; SM-N900T Build/JSS15J) AppleWebKit/534.30 (KHTML, like Gecko) Version/4.0 Mobile Safari/534.30"
74.125.210.32 - - [12/Mar/2026:20:01:42 +0100] "GET /wp-content/uploads/2024/02/OBJECTS-4-1.svg HTTP/1.0" 200 92603 "https://autenrieth.inglory.de/" "Mozilla/5.0 (Linux; U; Android 4.3; en-us; SM-N900T Build/JSS15J) AppleWebKit/534.30 (KHTML, like Gecko) Version/4.0 Mobile Safari/534.30"
192.178.15.2 - - [12/Mar/2026:20:01:42 +0100] "GET /wp-content,_plugins,_elementor,_assets,_js,_frontend-modules.min.js,qver==3.23.4+wp-includes,_js,_dist,_hooks.min.js,qver==dd5603f07f9220ed27f1+wp-includes,_js,_dist,_i18n.min.js,qver==c26c3dc7bed366793375.pagespeed.jc.P8Yx3nO6gW.js HTTP/1.0" 200 27904 "https://autenrieth.inglory.de/" "Mozilla/5.0 (Linux; U; Android 4.3; en-us; SM-N900T Build/JSS15J) AppleWebKit/534.30 (KHTML, like Gecko) Version/4.0 Mobile Safari/534.30"
66.249.84.106 - - [12/Mar/2026:20:01:42 +0100] "GET /wp-content/plugins/elementor-pro/assets/css/A.widget-carousel.min.css.pagespeed.cf.iKhB3l1vZF.css HTTP/1.0" 200 7386 "https://autenrieth.inglory.de/" "Mozilla/5.0 (Linux; U; Android 4.3; en-us; SM-N900T Build/JSS15J) AppleWebKit/534.30 (KHTML, like Gecko) Version/4.0 Mobile Safari/534.30"
192.178.15.2 - - [12/Mar/2026:20:01:42 +0100] "GET /wp-content/plugins/elementor/assets/lib/font-awesome/webfonts/fa-solid-900.woff2 HTTP/1.0" 200 82335 "https://autenrieth.inglory.de/" "Mozilla/5.0 (X11; Linux x86_64) AppleWebKit/537.36 (KHTML, like Gecko) Chrome/121.0.0.0 Safari/537.36"
66.249.84.106 - - [12/Mar/2026:20:01:42 +0100] "GET /wp-content/plugins/borlabs-cookie/assets/javascript/borlabs-cookie.min.js,qver=3.0.1.pagespeed.ce.Mi8-j8D_PK.js HTTP/1.0" 200 4683 "https://autenrieth.inglory.de/" "Mozilla/5.0 (Linux; U; Android 4.3; en-us; SM-N900T Build/JSS15J) AppleWebKit/534.30 (KHTML, like Gecko) Version/4.0 Mobile Safari/534.30"
66.249.84.104 - - [12/Mar/2026:20:01:42 +0100] "GET /wp-content/uploads/elementor/css/custom-pro-widget-nav-menu.min.css,qver=1723465678.pagespeed.ce.63AjBJUm5h.css HTTP/1.0" 200 7505 "https://autenrieth.inglory.de/" "Mozilla/5.0 (Linux; U; Android 4.3; en-us; SM-N900T Build/JSS15J) AppleWebKit/534.30 (KHTML, like Gecko) Version/4.0 Mobile Safari/534.30"
66.249.88.198 - - [12/Mar/2026:20:01:42 +0100] "GET /wp-content/uploads/2024/04/2-1.jpg HTTP/1.0" 200 96083 "https://autenrieth.inglory.de/" "Mozilla/5.0 (Linux; U; Android 4.3; en-us; SM-N900T Build/JSS15J) AppleWebKit/534.30 (KHTML, like Gecko) Version/4.0 Mobile Safari/534.30"
66.249.84.105 - - [12/Mar/2026:20:01:42 +0100] "GET /wp-content/plugins/loftloader-pro/assets/js/jquery.waitformedias.min.js,qver=2022112801.pagespeed.jm.Mo79GDpayV.js HTTP/1.0" 200 6006 "https://autenrieth.inglory.de/datenschutz/" "Mozilla/5.0 (Linux; U; Android 4.3; en-us; SM-N900T Build/JSS15J) AppleWebKit/534.30 (KHTML, like Gecko) Version/4.0 Mobile Safari/534.30"
192.178.15.3 - - [12/Mar/2026:20:01:42 +0100] "GET /wp-content/uploads/2024/02/Logo-Vektor-SVG.svg HTTP/1.0" 200 8287 "https://autenrieth.inglory.de/" "Mozilla/5.0 (Linux; U; Android 4.3; en-us; SM-N900T Build/JSS15J) AppleWebKit/534.30 (KHTML, like Gecko) Version/4.0 Mobile Safari/534.30"
192.178.15.3 - - [12/Mar/2026:20:01:42 +0100] "GET /wp-includes/js/wp-emoji-release.min.js?ver=6.9.4 HTTP/1.0" 200 9375 "https://autenrieth.inglory.de/author/inglory/" "Mozilla/5.0 (X11; Linux x86_64) AppleWebKit/537.36 (KHTML, like Gecko) Chrome/121.0.0.0 Safari/537.36"
66.249.84.104 - - [12/Mar/2026:20:01:42 +0100] "GET /wp-content,_plugins,_elementor-pro,_assets,_js,_frontend.min.js,qver==3.21.2+wp-content,_plugins,_elementor,_assets,_lib,_waypoints,_waypoints.min.js,qver==4.0.2+wp-includes,_js,_jquery,_ui,_core.min.js,qver==1.13.3.pagespeed.jc.dGFpfOGu8O.js HTTP/1.0" 200 19962 "https://autenrieth.inglory.de/author/inglory/" "Mozilla/5.0 (X11; Linux x86_64) AppleWebKit/537.36 (KHTML, like Gecko) Chrome/121.0.0.0 Safari/537.36"
66.249.84.106 - - [12/Mar/2026:20:01:42 +0100] "GET /wp-content,_plugins,_elementor,_assets,_js,_frontend-modules.min.js,qver==3.23.4+wp-includes,_js,_dist,_hooks.min.js,qver==dd5603f07f9220ed27f1+wp-includes,_js,_dist,_i18n.min.js,qver==c26c3dc7bed366793375.pagespeed.jc.P8Yx3nO6gW.js HTTP/1.0" 200 27904 "https://autenrieth.inglory.de/author/inglory/" "Mozilla/5.0 (X11; Linux x86_64) AppleWebKit/537.36 (KHTML, like Gecko) Chrome/121.0.0.0 Safari/537.36"
66.249.84.106 - - [12/Mar/2026:20:01:42 +0100] "GET /wp-content/uploads/2024/02/OBJECTS-2-1.svg HTTP/1.0" 200 75245 "https://autenrieth.inglory.de/impressum/" "Mozilla/5.0 (X11; Linux x86_64) AppleWebKit/537.36 (KHTML, like Gecko) Chrome/121.0.0.0 Safari/537.36"
66.249.84.104 - - [12/Mar/2026:20:01:42 +0100] "GET /wp-content/plugins/elementor-pro/assets/lib/sticky/jquery.sticky.min.js,qver=3.21.2.pagespeed.ce.PjGg3bH5EP.js HTTP/1.0" 200 5696 "https://autenrieth.inglory.de/datenschutz/" "Mozilla/5.0 (X11; Linux x86_64) AppleWebKit/537.36 (KHTML, like Gecko) Chrome/121.0.0.0 Safari/537.36"
192.178.15.2 - - [12/Mar/2026:20:01:42 +0100] "GET /wp-content/plugins/elementor/assets/lib/font-awesome/webfonts/fa-brands-400.woff2 HTTP/1.0" 200 85751 "https://autenrieth.inglory.de/" "Mozilla/5.0 (X11; Linux x86_64) AppleWebKit/537.36 (KHTML, like Gecko) Chrome/121.0.0.0 Safari/537.36"
66.249.84.105 - - [12/Mar/2026:20:01:42 +0100] "GET /wp-content/uploads/elementor/css/custom-pro-widget-nav-menu.min.css,qver=1723465678.pagespeed.ce.63AjBJUm5h.css HTTP/1.0" 200 7505 "https://autenrieth.inglory.de/" "Mozilla/5.0 (Linux; U; Android 4.3; en-us; SM-N900T Build/JSS15J) AppleWebKit/534.30 (KHTML, like Gecko) Version/4.0 Mobile Safari/534.30"
74.125.210.32 - - [12/Mar/2026:20:01:42 +0100] "GET /wp-content/uploads/2024/02/OBJECTS-3-2.svg HTTP/1.0" 200 81057 "https://autenrieth.inglory.de/" "Mozilla/5.0 (Linux; U; Android 4.3; en-us; SM-N900T Build/JSS15J) AppleWebKit/534.30 (KHTML, like Gecko) Version/4.0 Mobile Safari/534.30"
74.125.210.38 - - [12/Mar/2026:20:01:42 +0100] "GET /wp-content/uploads/2024/02/xLayer-2-1.png.pagespeed.ic.-Fngdp3Z_M.png HTTP/1.0" 200 36759 "https://autenrieth.inglory.de/" "Mozilla/5.0 (Linux; U; Android 4.3; en-us; SM-N900T Build/JSS15J) AppleWebKit/534.30 (KHTML, like Gecko) Version/4.0 Mobile Safari/534.30"
66.249.84.104 - - [12/Mar/2026:20:01:42 +0100] "GET /wp-content/uploads/elementor/css/A.custom-widget-icon-list.min.css,qver=1723465678.pagespeed.cf.qpO9w4Bi0s.css HTTP/1.0" 200 5080 "https://autenrieth.inglory.de/" "Mozilla/5.0 (Linux; U; Android 4.3; en-us; SM-N900T Build/JSS15J) AppleWebKit/534.30 (KHTML, like Gecko) Version/4.0 Mobile Safari/534.30"
192.178.15.1 - - [12/Mar/2026:20:01:42 +0100] "GET /wp-content/plugins/borlabs-cookie/assets/javascript/init.d0a8a83e.min.js HTTP/1.0" 200 14921 "https://autenrieth.inglory.de/wp-content/plugins/borlabs-cookie/assets/javascript/borlabs-cookie.min.js,qver=3.0.1.pagespeed.ce.Mi8-j8D_PK.js" "Mozilla/5.0 (X11; Linux x86_64) AppleWebKit/537.36 (KHTML, like Gecko) Chrome/121.0.0.0 Safari/537.36"
74.125.210.32 - - [12/Mar/2026:20:01:42 +0100] "GET /wp-content/plugins/elementor-pro/assets/js/webpack-pro.runtime.min.js?ver=3.21.2 HTTP/1.0" 200 6863 "https://autenrieth.inglory.de/" "Mozilla/5.0 (X11; Linux x86_64) AppleWebKit/537.36 (KHTML, like Gecko) Chrome/121.0.0.0 Safari/537.36"
192.178.15.2 - - [12/Mar/2026:20:01:42 +0100] "GET /wp-content/uploads/2024/02/Group-1261156720-1.svg HTTP/1.0" 200 4644 "https://autenrieth.inglory.de/" "Mozilla/5.0 (X11; Linux x86_64) AppleWebKit/537.36 (KHTML, like Gecko) Chrome/121.0.0.0 Safari/537.36"
192.178.15.2 - - [12/Mar/2026:20:01:42 +0100] "GET /wp-content/uploads/2024/02/xLayer-2-1.png.pagespeed.ic.ZOMOhqu1lr.webp HTTP/1.0" 200 38559 "https://autenrieth.inglory.de/" "Mozilla/5.0 (X11; Linux x86_64) AppleWebKit/537.36 (KHTML, like Gecko) Chrome/121.0.0.0 Safari/537.36"
192.178.15.1 - - [12/Mar/2026:20:01:42 +0100] "GET /wp-content/plugins/borlabs-cookie/assets/javascript/observer.472990d3.min.js HTTP/1.0" 200 7909 "https://autenrieth.inglory.de/wp-content/plugins/borlabs-cookie/assets/javascript/borlabs-cookie.min.js,qver=3.0.1.pagespeed.ce.Mi8-j8D_PK.js" "Mozilla/5.0 (X11; Linux x86_64) AppleWebKit/537.36 (KHTML, like Gecko) Chrome/121.0.0.0 Safari/537.36"
192.178.15.3 - - [12/Mar/2026:20:01:42 +0100] "GET /wp-content/plugins/borlabs-cookie/assets/images/borlabs-cookie-widget-a.svg HTTP/1.0" 200 5933 "https://autenrieth.inglory.de/author/inglory/" "Mozilla/5.0 (X11; Linux x86_64) AppleWebKit/537.36 (KHTML, like Gecko) Chrome/121.0.0.0 Safari/537.36"
66.249.84.105 - - [12/Mar/2026:20:01:42 +0100] "GET /wp-content/plugins/elementor-pro/assets/js/webpack-pro.runtime.min.js?ver=3.21.2 HTTP/1.0" 200 6863 "https://autenrieth.inglory.de/" "Mozilla/5.0 (X11; Linux x86_64) AppleWebKit/537.36 (KHTML, like Gecko) Chrome/121.0.0.0 Safari/537.36"
66.249.84.106 - - [12/Mar/2026:20:01:42 +0100] "GET /wp-content,_plugins,_mystickyelements-pro,_js,_mystickyelements-fronted.min.js,qver==2.0.7+wp-content,_plugins,_elementor-pro,_assets,_lib,_smartmenus,_jquery.smartmenus.min.js,qver==1.2.1+wp-includes,_js,_imagesloaded.min.js,qver==5.0.0.pagespeed.jc.8a_Umt4pgb.js HTTP/1.0" 200 17761 "https://autenrieth.inglory.de/" "Mozilla/5.0 (X11; Linux x86_64) AppleWebKit/537.36 (KHTML, like Gecko) Chrome/121.0.0.0 Safari/537.36"
192.178.15.2 - - [12/Mar/2026:20:01:42 +0100] "GET /wp-content,_plugins,_elementor-pro,_assets,_js,_frontend.min.js,qver==3.21.2+wp-content,_plugins,_elementor,_assets,_lib,_waypoints,_waypoints.min.js,qver==4.0.2+wp-includes,_js,_jquery,_ui,_core.min.js,qver==1.13.3.pagespeed.jc.dGFpfOGu8O.js HTTP/1.0" 200 19962 "https://autenrieth.inglory.de/" "Mozilla/5.0 (Linux; U; Android 4.3; en-us; SM-N900T Build/JSS15J) AppleWebKit/534.30 (KHTML, like Gecko) Version/4.0 Mobile Safari/534.30"
66.249.88.199 - - [12/Mar/2026:20:01:42 +0100] "GET /wp-content/uploads/2024/04/1-1.jpg HTTP/1.0" 200 112720 "https://autenrieth.inglory.de/" "Mozilla/5.0 (Linux; U; Android 4.3; en-us; SM-N900T Build/JSS15J) AppleWebKit/534.30 (KHTML, like Gecko) Version/4.0 Mobile Safari/534.30"
192.178.15.3 - - [12/Mar/2026:20:01:42 +0100] "GET /wp-content/uploads/2024/02/OBJECTS-2-2.svg HTTP/1.0" 200 59532 "https://autenrieth.inglory.de/datenschutz/" "Mozilla/5.0 (X11; Linux x86_64) AppleWebKit/537.36 (KHTML, like Gecko) Chrome/121.0.0.0 Safari/537.36"
66.249.84.106 - - [12/Mar/2026:20:01:42 +0100] "GET /wp-content/uploads/2024/02/Logo-Vektor-SVG.svg HTTP/1.0" 200 8287 "https://autenrieth.inglory.de/impressum/" "Mozilla/5.0 (Linux; U; Android 4.3; en-us; SM-N900T Build/JSS15J) AppleWebKit/534.30 (KHTML, like Gecko) Version/4.0 Mobile Safari/534.30"
66.249.84.106 - - [12/Mar/2026:20:01:42 +0100] "GET /wp-content/uploads/2024/02/menu.svg HTTP/1.0" 200 4325 "https://autenrieth.inglory.de/impressum/" "Mozilla/5.0 (Linux; U; Android 4.3; en-us; SM-N900T Build/JSS15J) AppleWebKit/534.30 (KHTML, like Gecko) Version/4.0 Mobile Safari/534.30"
192.178.15.2 - - [12/Mar/2026:20:01:42 +0100] "GET /wp-content/uploads/2024/02/OBJECTS-1-1.svg HTTP/1.0" 200 78472 "https://autenrieth.inglory.de/" "Mozilla/5.0 (X11; Linux x86_64) AppleWebKit/537.36 (KHTML, like Gecko) Chrome/121.0.0.0 Safari/537.36"
192.178.15.2 - - [12/Mar/2026:20:01:42 +0100] "GET /wp-content/uploads/2024/02/xLayer-3-5.png.pagespeed.ic.ZvUelgJS9P.webp HTTP/1.0" 200 29793 "https://autenrieth.inglory.de/" "Mozilla/5.0 (X11; Linux x86_64) AppleWebKit/537.36 (KHTML, like Gecko) Chrome/121.0.0.0 Safari/537.36"
74.125.210.38 - - [12/Mar/2026:20:01:42 +0100] "GET /wp-content/plugins/elementor/assets/js/webpack.runtime.min.js?ver=3.23.4 HTTP/1.0" 200 6427 "https://autenrieth.inglory.de/" "Mozilla/5.0 (X11; Linux x86_64) AppleWebKit/537.36 (KHTML, like Gecko) Chrome/121.0.0.0 Safari/537.36"
66.249.84.105 - - [12/Mar/2026:20:01:42 +0100] "GET /wp-content/plugins/elementor-pro/assets/js/elements-handlers.min.js,qver=3.21.2.pagespeed.ce.gzkS2wmBaY.js HTTP/1.0" 200 13486 "https://autenrieth.inglory.de/author/inglory/" "Mozilla/5.0 (X11; Linux x86_64) AppleWebKit/537.36 (KHTML, like Gecko) Chrome/121.0.0.0 Safari/537.36"
192.178.15.3 - - [12/Mar/2026:20:01:42 +0100] "GET /wp-content/plugins/borlabs-cookie/assets/javascript/vue.a50c3feb.min.js HTTP/1.0" 200 30817 "https://autenrieth.inglory.de/wp-content/plugins/borlabs-cookie/assets/javascript/borlabs-cookie.min.js,qver=3.0.1.pagespeed.ce.Mi8-j8D_PK.js" "Mozilla/5.0 (X11; Linux x86_64) AppleWebKit/537.36 (KHTML, like Gecko) Chrome/121.0.0.0 Safari/537.36"
66.249.84.105 - - [12/Mar/2026:20:01:42 +0100] "GET /wp-content/plugins/elementor-pro/assets/lib/sticky/jquery.sticky.min.js,qver=3.21.2.pagespeed.ce.PjGg3bH5EP.js HTTP/1.0" 200 5696 "https://autenrieth.inglory.de/impressum/" "Mozilla/5.0 (Linux; U; Android 4.3; en-us; SM-N900T Build/JSS15J) AppleWebKit/534.30 (KHTML, like Gecko) Version/4.0 Mobile Safari/534.30"
66.249.84.104 - - [12/Mar/2026:20:01:42 +0100] "GET /wp-content/plugins/elementor/assets/js/frontend.min.js,qver=3.23.4.pagespeed.ce.bmZuhK0yOD.js HTTP/1.0" 200 16448 "https://autenrieth.inglory.de/author/inglory/" "Mozilla/5.0 (X11; Linux x86_64) AppleWebKit/537.36 (KHTML, like Gecko) Chrome/121.0.0.0 Safari/537.36"
66.249.84.105 - - [12/Mar/2026:20:01:42 +0100] "GET /wp-content/uploads/elementor/css/A.custom-widget-icon-list.min.css,qver=1723465678.pagespeed.cf.qpO9w4Bi0s.css HTTP/1.0" 200 5080 "https://autenrieth.inglory.de/" "Mozilla/5.0 (Linux; U; Android 4.3; en-us; SM-N900T Build/JSS15J) AppleWebKit/534.30 (KHTML, like Gecko) Version/4.0 Mobile Safari/534.30"
74.125.210.38 - - [12/Mar/2026:20:01:42 +0100] "GET /wp-content/uploads/2024/02/Frame-1261156729-2-1.jpg HTTP/1.0" 200 131324 "https://autenrieth.inglory.de/" "Mozilla/5.0 (Linux; U; Android 4.3; en-us; SM-N900T Build/JSS15J) AppleWebKit/534.30 (KHTML, like Gecko) Version/4.0 Mobile Safari/534.30"
66.249.84.105 - - [12/Mar/2026:20:01:42 +0100] "GET /wp-content/uploads/2024/02/OBJECTS-3-1.svg HTTP/1.0" 200 75614 "https://autenrieth.inglory.de/" "Mozilla/5.0 (Linux; U; Android 4.3; en-us; SM-N900T Build/JSS15J) AppleWebKit/534.30 (KHTML, like Gecko) Version/4.0 Mobile Safari/534.30"
74.125.210.32 - - [12/Mar/2026:20:01:42 +0100] "GET /wp-content,_plugins,_elementor,_assets,_js,_frontend-modules.min.js,qver==3.23.4+wp-includes,_js,_dist,_hooks.min.js,qver==dd5603f07f9220ed27f1+wp-includes,_js,_dist,_i18n.min.js,qver==c26c3dc7bed366793375.pagespeed.jc.P8Yx3nO6gW.js HTTP/1.0" 200 27904 "https://autenrieth.inglory.de/" "Mozilla/5.0 (X11; Linux x86_64) AppleWebKit/537.36 (KHTML, like Gecko) Chrome/121.0.0.0 Safari/537.36"
192.178.15.1 - - [12/Mar/2026:20:01:42 +0100] "GET /wp-content/plugins/elementor/assets/js/frontend.min.js,qver=3.23.4.pagespeed.ce.bmZuhK0yOD.js HTTP/1.0" 200 16448 "https://autenrieth.inglory.de/" "Mozilla/5.0 (Linux; U; Android 4.3; en-us; SM-N900T Build/JSS15J) AppleWebKit/534.30 (KHTML, like Gecko) Version/4.0 Mobile Safari/534.30"
74.125.210.38 - - [12/Mar/2026:20:01:42 +0100] "GET /wp-content/uploads/2024/02/Group-1261156720-1.svg HTTP/1.0" 200 4644 "https://autenrieth.inglory.de/" "Mozilla/5.0 (Linux; U; Android 4.3; en-us; SM-N900T Build/JSS15J) AppleWebKit/534.30 (KHTML, like Gecko) Version/4.0 Mobile Safari/534.30"
192.178.15.1 - - [12/Mar/2026:20:01:42 +0100] "GET /wp-content/plugins/elementor/assets/js/frontend.min.js,qver=3.23.4.pagespeed.ce.bmZuhK0yOD.js HTTP/1.0" 200 16448 "https://autenrieth.inglory.de/" "Mozilla/5.0 (Linux; U; Android 4.3; en-us; SM-N900T Build/JSS15J) AppleWebKit/534.30 (KHTML, like Gecko) Version/4.0 Mobile Safari/534.30"
192.178.15.1 - - [12/Mar/2026:20:01:42 +0100] "GET /wp-content/uploads/2024/02/xred-v3-1-1-2.png.pagespeed.ic.9oayZ2W-Ny.webp HTTP/1.0" 200 14153 "https://autenrieth.inglory.de/" "Mozilla/5.0 (X11; Linux x86_64) AppleWebKit/537.36 (KHTML, like Gecko) Chrome/121.0.0.0 Safari/537.36"
192.178.15.1 - - [12/Mar/2026:20:01:42 +0100] "GET /wp-content/uploads/2024/02/xOBJECTS-1-1.png.pagespeed.ic.WXq6RLtBjd.webp HTTP/1.0" 200 15587 "https://autenrieth.inglory.de/wp-content/uploads/elementor/css/A.post-19.css,qver=1723465678.pagespeed.cf.lklr-ao2vH.css" "Mozilla/5.0 (X11; Linux x86_64) AppleWebKit/537.36 (KHTML, like Gecko) Chrome/121.0.0.0 Safari/537.36"
192.178.15.2 - - [12/Mar/2026:20:01:42 +0100] "GET /wp-content/uploads/2024/02/xcropped-Logo-SVG-1-32x32.png.pagespeed.ic.re2N8Js9cQ.webp HTTP/1.0" 200 4967 "https://autenrieth.inglory.de/author/inglory/" "Mozilla/5.0 (X11; Linux x86_64) AppleWebKit/537.36 (KHTML, like Gecko) Chrome/121.0.0.0 Safari/537.36"
192.178.15.1 - - [12/Mar/2026:20:01:42 +0100] "POST /mod_pagespeed_beacon?url=https%3A%2F%2Fautenrieth.inglory.de%2Fauthor%2Finglory%2F HTTP/1.0" 204 3899 "https://autenrieth.inglory.de/author/inglory/" "Mozilla/5.0 (X11; Linux x86_64) AppleWebKit/537.36 (KHTML, like Gecko) Chrome/121.0.0.0 Safari/537.36"
74.125.210.32 - - [12/Mar/2026:20:01:42 +0100] "GET /wp-content,_plugins,_elementor-pro,_assets,_js,_frontend.min.js,qver==3.21.2+wp-content,_plugins,_elementor,_assets,_lib,_waypoints,_waypoints.min.js,qver==4.0.2+wp-includes,_js,_jquery,_ui,_core.min.js,qver==1.13.3.pagespeed.jc.dGFpfOGu8O.js HTTP/1.0" 200 19962 "https://autenrieth.inglory.de/" "Mozilla/5.0 (X11; Linux x86_64) AppleWebKit/537.36 (KHTML, like Gecko) Chrome/121.0.0.0 Safari/537.36"
66.249.84.105 - - [12/Mar/2026:20:01:42 +0100] "GET /wp-content/plugins/loftloader-pro/assets/js/loftloader.js,qver=2022112801.pagespeed.jm.CXlrii3vxv.js HTTP/1.0" 200 8973 "https://autenrieth.inglory.de/datenschutz/" "Mozilla/5.0 (Linux; U; Android 4.3; en-us; SM-N900T Build/JSS15J) AppleWebKit/534.30 (KHTML, like Gecko) Version/4.0 Mobile Safari/534.30"
192.178.15.1 - - [12/Mar/2026:20:01:42 +0100] "GET /wp-content/uploads/2024/02/Group-1261156723-1.png.pagespeed.ce.My0WJfn8Rt.png HTTP/1.0" 200 289851 "https://autenrieth.inglory.de/wp-content/uploads/elementor/css/A.post-19.css,qver=1723465678.pagespeed.cf.lklr-ao2vH.css" "Mozilla/5.0 (X11; Linux x86_64) AppleWebKit/537.36 (KHTML, like Gecko) Chrome/121.0.0.0 Safari/537.36"
192.178.15.1 - - [12/Mar/2026:20:01:42 +0100] "GET /wp-content/uploads/2024/02/OBJECTS-5.svg HTTP/1.0" 200 72540 "https://autenrieth.inglory.de/wp-content/uploads/elementor/css/A.post-19.css,qver=1723465678.pagespeed.cf.lklr-ao2vH.css" "Mozilla/5.0 (X11; Linux x86_64) AppleWebKit/537.36 (KHTML, like Gecko) Chrome/121.0.0.0 Safari/537.36"
66.249.84.104 - - [12/Mar/2026:20:01:42 +0100] "GET /wp-content/plugins/elementor/assets/js/frontend.min.js,qver=3.23.4.pagespeed.ce.bmZuhK0yOD.js HTTP/1.0" 200 16448 "https://autenrieth.inglory.de/author/inglory/" "Mozilla/5.0 (X11; Linux x86_64) AppleWebKit/537.36 (KHTML, like Gecko) Chrome/121.0.0.0 Safari/537.36"
66.249.84.106 - - [12/Mar/2026:20:01:42 +0100] "GET /wp-content/plugins/elementor-pro/assets/js/elements-handlers.min.js,qver=3.21.2.pagespeed.ce.gzkS2wmBaY.js HTTP/1.0" 200 13486 "https://autenrieth.inglory.de/author/inglory/" "Mozilla/5.0 (X11; Linux x86_64) AppleWebKit/537.36 (KHTML, like Gecko) Chrome/121.0.0.0 Safari/537.36"
192.178.15.1 - - [12/Mar/2026:20:01:42 +0100] "GET /wp-content/plugins/elementor-pro/assets/js/elements-handlers.min.js,qver=3.21.2.pagespeed.ce.gzkS2wmBaY.js HTTP/1.0" 200 13486 "https://autenrieth.inglory.de/" "Mozilla/5.0 (Linux; U; Android 4.3; en-us; SM-N900T Build/JSS15J) AppleWebKit/534.30 (KHTML, like Gecko) Version/4.0 Mobile Safari/534.30"
