94.130.90.54 - - [12/Mar/2026:20:01:36 +0100] "GET /wp-content/uploads/2024/02/Group-1261156729-1-572x1024.png HTTP/1.1" 304 3407 "https://autenrieth.inglory.de/" "Serf/1.3.9 (mod_pagespeed/1.13.35.2-0)"
66.249.88.199 - - [12/Mar/2026:20:01:36 +0100] "GET /wp-content/uploads/2024/02/Pattern.svg HTTP/1.0" 200 9820 "https://autenrieth.inglory.de/wp-content/uploads/elementor/css/post-281.css?ver=1723465678" "Mozilla/5.0 (X11; Linux x86_64) AppleWebKit/537.36 (KHTML, like Gecko) Chrome/121.0.0.0 Safari/537.36"
94.130.90.54 - - [12/Mar/2026:20:01:36 +0100] "GET /wp-content/uploads/2024/02/Frame-1261156729-2-1.jpg HTTP/1.1" 304 3407 "https://autenrieth.inglory.de/" "Serf/1.3.9 (mod_pagespeed/1.13.35.2-0)"
66.249.88.199 - - [12/Mar/2026:20:01:36 +0100] "GET /wp-content/plugins/elementor/assets/lib/font-awesome/css/A.fontawesome.min.css,qver=5.15.3.pagespeed.cf.OnyloIe9DI.css HTTP/1.0" 200 16478 "https://autenrieth.inglory.de/impressum/" "Mozilla/5.0 (Linux; U; Android 4.3; en-us; SM-N900T Build/JSS15J) AppleWebKit/534.30 (KHTML, like Gecko) Version/4.0 Mobile Safari/534.30"
66.249.88.198 - - [12/Mar/2026:20:01:36 +0100] "GET /wp-content/uploads/2024/02/OBJECTS-2-2.svg HTTP/1.0" 200 59532 "https://autenrieth.inglory.de/datenschutz/" "Mozilla/5.0 (X11; Linux x86_64) AppleWebKit/537.36 (KHTML, like Gecko) Chrome/121.0.0.0 Safari/537.36"
66.249.88.192 - - [12/Mar/2026:20:01:36 +0100] "GET /wp-content/uploads/elementor/css/custom-widget-icon-list.min.css?ver=1723465678 HTTP/1.0" 200 5078 "https://autenrieth.inglory.de/impressum/" "Mozilla/5.0 (Linux; U; Android 4.3; en-us; SM-N900T Build/JSS15J) AppleWebKit/534.30 (KHTML, like Gecko) Version/4.0 Mobile Safari/534.30"
94.130.90.54 - - [12/Mar/2026:20:01:36 +0100] "GET /wp-content/uploads/2024/02/Frame-1261156729-2-1.jpg HTTP/1.1" 304 3407 "https://autenrieth.inglory.de/" "Serf/1.3.9 (mod_pagespeed/1.13.35.2-0)"
74.125.210.32 - - [12/Mar/2026:20:01:36 +0100] "GET /wp-includes/js/jquery/jquery-migrate.min.js,qver=3.4.1.pagespeed.jm.bhhu-RahTI.js HTTP/1.0" 200 8984 "https://autenrieth.inglory.de/datenschutz/" "Mozilla/5.0 (X11; Linux x86_64) AppleWebKit/537.36 (KHTML, like Gecko) Chrome/121.0.0.0 Safari/537.36"
94.130.90.54 - - [12/Mar/2026:20:01:36 +0100] "GET /wp-content/uploads/2024/02/Frame-1261156729-2-1-265x300.jpg HTTP/1.1" 304 3406 "https://autenrieth.inglory.de/" "Serf/1.3.9 (mod_pagespeed/1.13.35.2-0)"
74.125.210.39 - - [12/Mar/2026:20:01:36 +0100] "GET /wp-content/uploads/elementor/css/A.post-967.css,qver=1723468767.pagespeed.cf.lh0IawtCYa.css HTTP/1.0" 200 5209 "https://autenrieth.inglory.de/impressum/" "Mozilla/5.0 (Linux; U; Android 4.3; en-us; SM-N900T Build/JSS15J) AppleWebKit/534.30 (KHTML, like Gecko) Version/4.0 Mobile Safari/534.30"
94.130.90.54 - - [12/Mar/2026:20:01:36 +0100] "GET /wp-content/uploads/2024/04/Group-1261156712-1.png HTTP/1.1" 304 3406 "https://autenrieth.inglory.de/" "Serf/1.3.9 (mod_pagespeed/1.13.35.2-0)"
74.125.210.32 - - [12/Mar/2026:20:01:36 +0100] "GET /wp-content/uploads/elementor/css/A.post-281.css,qver=1723465678.pagespeed.cf.XCG_GVcWQ2.css HTTP/1.0" 200 5673 "https://autenrieth.inglory.de/impressum/" "Mozilla/5.0 (Linux; U; Android 4.3; en-us; SM-N900T Build/JSS15J) AppleWebKit/534.30 (KHTML, like Gecko) Version/4.0 Mobile Safari/534.30"
94.130.90.54 - - [12/Mar/2026:20:01:36 +0100] "GET /wp-content/uploads/2024/02/Group-1261156732-1-1.jpg HTTP/1.1" 304 3407 "https://autenrieth.inglory.de/" "Serf/1.3.9 (mod_pagespeed/1.13.35.2-0)"
94.130.90.54 - - [12/Mar/2026:20:01:36 +0100] "GET /wp-content/uploads/2024/02/Group-1261156732-1-1.jpg HTTP/1.1" 304 3407 "https://autenrieth.inglory.de/" "Serf/1.3.9 (mod_pagespeed/1.13.35.2-0)"
94.130.90.54 - - [12/Mar/2026:20:01:36 +0100] "GET /wp-content/uploads/2024/02/Group-1261156732-1-1-290x300.jpg HTTP/1.1" 304 3406 "https://autenrieth.inglory.de/" "Serf/1.3.9 (mod_pagespeed/1.13.35.2-0)"
94.130.90.54 - - [12/Mar/2026:20:01:36 +0100] "GET /wp-content/uploads/2024/02/red-v3-1.png HTTP/1.1" 304 3407 "https://autenrieth.inglory.de/" "Serf/1.3.9 (mod_pagespeed/1.13.35.2-0)"
94.130.90.54 - - [12/Mar/2026:20:01:36 +0100] "GET /wp-content/uploads/2024/02/red-v3-1.png HTTP/1.1" 304 3407 "https://autenrieth.inglory.de/" "Serf/1.3.9 (mod_pagespeed/1.13.35.2-0)"
94.130.90.54 - - [12/Mar/2026:20:01:36 +0100] "GET /wp-content/uploads/2024/02/red-v3-1-86x300.png HTTP/1.1" 304 3406 "https://autenrieth.inglory.de/" "Serf/1.3.9 (mod_pagespeed/1.13.35.2-0)"
94.130.90.54 - - [12/Mar/2026:20:01:36 +0100] "GET /wp-content/uploads/2024/02/Frame-1261156713-1.png HTTP/1.1" 304 3406 "https://autenrieth.inglory.de/" "Serf/1.3.9 (mod_pagespeed/1.13.35.2-0)"
74.125.210.39 - - [12/Mar/2026:20:01:36 +0100] "GET /wp-content/plugins/mystickyelements-pro/css/A.font-awesome.min.css,qver=2.0.7.pagespeed.cf.4o9rjSkGlP.css HTTP/1.0" 200 15806 "https://autenrieth.inglory.de/impressum/" "Mozilla/5.0 (Linux; U; Android 4.3; en-us; SM-N900T Build/JSS15J) AppleWebKit/534.30 (KHTML, like Gecko) Version/4.0 Mobile Safari/534.30"
94.130.90.54 - - [12/Mar/2026:20:01:36 +0100] "GET /wp-content/uploads/2024/02/Frame-1261156713-1.png HTTP/1.1" 304 3406 "https://autenrieth.inglory.de/" "Serf/1.3.9 (mod_pagespeed/1.13.35.2-0)"
74.125.210.32 - - [12/Mar/2026:20:01:36 +0100] "GET /wp-content/plugins/mystickyelements-pro/css/A.mystickyelements-front.min.css,qver=2.0.7.pagespeed.cf.1mvclvofWF.css HTTP/1.0" 200 18251 "https://autenrieth.inglory.de/impressum/" "Mozilla/5.0 (Linux; U; Android 4.3; en-us; SM-N900T Build/JSS15J) AppleWebKit/534.30 (KHTML, like Gecko) Version/4.0 Mobile Safari/534.30"
192.178.15.3 - - [12/Mar/2026:20:01:36 +0100] "GET /wp-content/uploads/elementor/css/A.post-281.css,qver=1723465678.pagespeed.cf.XCG_GVcWQ2.css HTTP/1.0" 200 5673 "https://autenrieth.inglory.de/datenschutz/" "Mozilla/5.0 (Linux; U; Android 4.3; en-us; SM-N900T Build/JSS15J) AppleWebKit/534.30 (KHTML, like Gecko) Version/4.0 Mobile Safari/534.30"
192.178.15.1 - - [12/Mar/2026:20:01:36 +0100] "GET /wp-content/uploads/elementor/css/A.post-388.css,qver=1723465678.pagespeed.cf.5cGqs5akQO.css HTTP/1.0" 200 5267 "https://autenrieth.inglory.de/datenschutz/" "Mozilla/5.0 (Linux; U; Android 4.3; en-us; SM-N900T Build/JSS15J) AppleWebKit/534.30 (KHTML, like Gecko) Version/4.0 Mobile Safari/534.30"
94.130.90.54 - - [12/Mar/2026:20:01:36 +0100] "GET /wp-content/uploads/2024/02/Frame-1261156713-1-82x300.png HTTP/1.1" 304 3406 "https://autenrieth.inglory.de/" "Serf/1.3.9 (mod_pagespeed/1.13.35.2-0)"
94.130.90.54 - - [12/Mar/2026:20:01:36 +0100] "GET /wp-content/uploads/2024/02/Layer-2-1-1.png HTTP/1.1" 304 3406 "https://autenrieth.inglory.de/" "Serf/1.3.9 (mod_pagespeed/1.13.35.2-0)"
94.130.90.54 - - [12/Mar/2026:20:01:36 +0100] "GET /wp-content/uploads/2024/02/Layer-2-1-1.png HTTP/1.1" 304 3406 "https://autenrieth.inglory.de/" "Serf/1.3.9 (mod_pagespeed/1.13.35.2-0)"
94.130.90.54 - - [12/Mar/2026:20:01:36 +0100] "GET /wp-content/uploads/2024/02/Layer-2-1-1-72x300.png HTTP/1.1" 304 3406 "https://autenrieth.inglory.de/" "Serf/1.3.9 (mod_pagespeed/1.13.35.2-0)"
94.130.90.54 - - [12/Mar/2026:20:01:36 +0100] "GET /wp-content/uploads/2024/02/Frame-1261156714-1.png HTTP/1.1" 304 3406 "https://autenrieth.inglory.de/" "Serf/1.3.9 (mod_pagespeed/1.13.35.2-0)"
94.130.90.54 - - [12/Mar/2026:20:01:36 +0100] "GET /wp-content/uploads/2024/02/Frame-1261156714-1.png HTTP/1.1" 304 3406 "https://autenrieth.inglory.de/" "Serf/1.3.9 (mod_pagespeed/1.13.35.2-0)"
74.125.210.32 - - [12/Mar/2026:20:01:36 +0100] "GET /wp-content/plugins/elementor/assets/lib/font-awesome/css/A.fontawesome.min.css,qver=5.15.3.pagespeed.cf.OnyloIe9DI.css HTTP/1.0" 200 16478 "https://autenrieth.inglory.de/impressum/" "Mozilla/5.0 (Linux; U; Android 4.3; en-us; SM-N900T Build/JSS15J) AppleWebKit/534.30 (KHTML, like Gecko) Version/4.0 Mobile Safari/534.30"
94.130.90.54 - - [12/Mar/2026:20:01:36 +0100] "GET /wp-content/uploads/2024/02/Frame-1261156714-1-87x300.png HTTP/1.1" 304 3406 "https://autenrieth.inglory.de/" "Serf/1.3.9 (mod_pagespeed/1.13.35.2-0)"
192.178.15.2 - - [12/Mar/2026:20:01:36 +0100] "GET /wp-content/plugins/elementor/assets/lib/font-awesome/css/A.fontawesome.min.css,qver=5.15.3.pagespeed.cf.OnyloIe9DI.css HTTP/1.0" 200 16478 "https://autenrieth.inglory.de/datenschutz/" "Mozilla/5.0 (X11; Linux x86_64) AppleWebKit/537.36 (KHTML, like Gecko) Chrome/121.0.0.0 Safari/537.36"
74.125.210.32 - - [12/Mar/2026:20:01:36 +0100] "GET /wp-content/plugins/mystickyelements-pro/intl-tel-input-src/build/css/A.intlTelInput.css,qver=2.0.7.pagespeed.cf.RC9eEhGsJx.css HTTP/1.0" 200 7102 "https://autenrieth.inglory.de/impressum/" "Mozilla/5.0 (Linux; U; Android 4.3; en-us; SM-N900T Build/JSS15J) AppleWebKit/534.30 (KHTML, like Gecko) Version/4.0 Mobile Safari/534.30"
94.130.90.54 - - [12/Mar/2026:20:01:36 +0100] "GET /wp-content/plugins/elementor-pro/assets/css/widget-carousel.min.css HTTP/1.1" 304 3406 "https://autenrieth.inglory.de/" "Serf/1.3.9 (mod_pagespeed/1.13.35.2-0)"
74.125.210.38 - - [12/Mar/2026:20:01:36 +0100] "GET /wp-content/uploads/elementor/css/A.post-753.css,qver=1723465679.pagespeed.cf.SzPR3J2IHw.css HTTP/1.0" 200 5174 "https://autenrieth.inglory.de/impressum/" "Mozilla/5.0 (Linux; U; Android 4.3; en-us; SM-N900T Build/JSS15J) AppleWebKit/534.30 (KHTML, like Gecko) Version/4.0 Mobile Safari/534.30"
94.130.90.54 - - [12/Mar/2026:20:01:36 +0100] "GET /wp-content/uploads/elementor/css/post-19.css?ver=1723465678 HTTP/1.1" 304 3407 "https://autenrieth.inglory.de/" "Serf/1.3.9 (mod_pagespeed/1.13.35.2-0)"
192.178.15.3 - - [12/Mar/2026:20:01:36 +0100] "GET /wp-content/cache/borlabs-cookie/1/A.borlabs-cookie-1-de.css,qver=3.0.1-425.pagespeed.cf.ZW6QnaYjdc.css HTTP/1.0" 200 15614 "https://autenrieth.inglory.de/datenschutz/" "Mozilla/5.0 (Linux; U; Android 4.3; en-us; SM-N900T Build/JSS15J) AppleWebKit/534.30 (KHTML, like Gecko) Version/4.0 Mobile Safari/534.30"
192.178.15.1 - - [12/Mar/2026:20:01:36 +0100] "GET /wp-content/plugins/mystickyelements-pro/css/A.mystickyelements-front.min.css,qver=2.0.7.pagespeed.cf.Rih4iCCZha.css HTTP/1.0" 200 18258 "https://autenrieth.inglory.de/datenschutz/" "Mozilla/5.0 (X11; Linux x86_64) AppleWebKit/537.36 (KHTML, like Gecko) Chrome/121.0.0.0 Safari/537.36"
74.125.210.39 - - [12/Mar/2026:20:01:36 +0100] "GET /wp-content/plugins/elementor/assets/lib/animations/animations.min.css,qver=3.23.4.pagespeed.ce.RgG6VQREE3.css HTTP/1.0" 200 6777 "https://autenrieth.inglory.de/impressum/" "Mozilla/5.0 (Linux; U; Android 4.3; en-us; SM-N900T Build/JSS15J) AppleWebKit/534.30 (KHTML, like Gecko) Version/4.0 Mobile Safari/534.30"
94.130.90.54 - - [12/Mar/2026:20:01:36 +0100] "GET /wp-content/uploads/elementor/css/post-162.css?ver=1723465679 HTTP/1.1" 304 3406 "https://autenrieth.inglory.de/" "Serf/1.3.9 (mod_pagespeed/1.13.35.2-0)"
192.178.15.3 - - [12/Mar/2026:20:01:36 +0100] "GET /wp-content/plugins/elementor/assets/lib/swiper/css/swiper.min.css,qver=5.3.6.pagespeed.ce.vK13gbPnTb.css HTTP/1.0" 200 6594 "https://autenrieth.inglory.de/datenschutz/" "Mozilla/5.0 (Linux; U; Android 4.3; en-us; SM-N900T Build/JSS15J) AppleWebKit/534.30 (KHTML, like Gecko) Version/4.0 Mobile Safari/534.30"
94.130.90.54 - - [12/Mar/2026:20:01:36 +0100] "GET /wp-content/uploads/elementor/css/post-679.css?ver=1723465679 HTTP/1.1" 304 3406 "https://autenrieth.inglory.de/" "Serf/1.3.9 (mod_pagespeed/1.13.35.2-0)"
94.130.90.54 - - [12/Mar/2026:20:01:36 +0100] "GET /wp-content/uploads/elementor/css/post-688.css?ver=1723465679 HTTP/1.1" 304 3406 "https://autenrieth.inglory.de/" "Serf/1.3.9 (mod_pagespeed/1.13.35.2-0)"
192.178.15.3 - - [12/Mar/2026:20:01:36 +0100] "GET /wp-content/uploads/elementor/css/A.post-281.css,qver=1723465678.pagespeed.cf.XCG_GVcWQ2.css HTTP/1.0" 200 5673 "https://autenrieth.inglory.de/datenschutz/" "Mozilla/5.0 (X11; Linux x86_64) AppleWebKit/537.36 (KHTML, like Gecko) Chrome/121.0.0.0 Safari/537.36"
66.249.88.198 - - [12/Mar/2026:20:01:36 +0100] "GET /wp-content/uploads/2024/02/cropped-Logo-SVG-1-32x32.png HTTP/1.0" 200 5280 "https://autenrieth.inglory.de/datenschutz/" "Mozilla/5.0 (Linux; U; Android 4.3; en-us; SM-N900T Build/JSS15J) AppleWebKit/534.30 (KHTML, like Gecko) Version/4.0 Mobile Safari/534.30"
66.249.88.192 - - [12/Mar/2026:20:01:36 +0100] "POST /mod_pagespeed_beacon?url=https%3A%2F%2Fautenrieth.inglory.de%2Fdatenschutz%2F HTTP/1.0" 204 3899 "https://autenrieth.inglory.de/datenschutz/" "Mozilla/5.0 (Linux; U; Android 4.3; en-us; SM-N900T Build/JSS15J) AppleWebKit/534.30 (KHTML, like Gecko) Version/4.0 Mobile Safari/534.30"
94.130.90.54 - - [12/Mar/2026:20:01:36 +0100] "GET /wp-content/uploads/elementor/css/post-696.css?ver=1723465679 HTTP/1.1" 304 3406 "https://autenrieth.inglory.de/" "Serf/1.3.9 (mod_pagespeed/1.13.35.2-0)"
94.130.90.54 - - [12/Mar/2026:20:01:36 +0100] "GET /wp-content/uploads/2024/02/Group-1261156719.svg HTTP/1.1" 200 4952 "https://autenrieth.inglory.de/" "Serf/1.3.9 (mod_pagespeed/1.13.35.2-0)"
192.178.15.1 - - [12/Mar/2026:20:01:36 +0100] "GET /wp-content/uploads/elementor/css/A.post-388.css,qver=1723465678.pagespeed.cf.5cGqs5akQO.css HTTP/1.0" 200 5267 "https://autenrieth.inglory.de/datenschutz/" "Mozilla/5.0 (X11; Linux x86_64) AppleWebKit/537.36 (KHTML, like Gecko) Chrome/121.0.0.0 Safari/537.36"
94.130.90.54 - - [12/Mar/2026:20:01:36 +0100] "GET /wp-content/uploads/2024/02/Group-1261156720-1.svg HTTP/1.1" 200 4849 "https://autenrieth.inglory.de/" "Serf/1.3.9 (mod_pagespeed/1.13.35.2-0)"
94.130.90.54 - - [12/Mar/2026:20:01:36 +0100] "GET /wp-content/uploads/2024/02/Group-1261156721.svg HTTP/1.1" 200 5975 "https://autenrieth.inglory.de/" "Serf/1.3.9 (mod_pagespeed/1.13.35.2-0)"
94.130.90.54 - - [12/Mar/2026:20:01:36 +0100] "GET /wp-content/uploads/2024/02/Group-1261156722.svg HTTP/1.1" 200 6152 "https://autenrieth.inglory.de/" "Serf/1.3.9 (mod_pagespeed/1.13.35.2-0)"
74.125.210.39 - - [12/Mar/2026:20:01:36 +0100] "GET /wp-content/cache/borlabs-cookie/1/borlabs-cookie-config-de.json.js,qver=3.0.1-428.pagespeed.jm.LqjWzSZ5Xp.js HTTP/1.0" 200 8558 "https://autenrieth.inglory.de/impressum/" "Mozilla/5.0 (Linux; U; Android 4.3; en-us; SM-N900T Build/JSS15J) AppleWebKit/534.30 (KHTML, like Gecko) Version/4.0 Mobile Safari/534.30"
94.130.90.54 - - [12/Mar/2026:20:01:36 +0100] "GET /wp-content/uploads/2024/02/OBJECTS-4-1.svg HTTP/1.1" 200 222647 "https://autenrieth.inglory.de/" "Serf/1.3.9 (mod_pagespeed/1.13.35.2-0)"
192.178.15.2 - - [12/Mar/2026:20:01:36 +0100] "GET /wp-content/uploads/elementor/css/A.post-753.css,qver=1723465679.pagespeed.cf.SzPR3J2IHw.css HTTP/1.0" 200 5174 "https://autenrieth.inglory.de/datenschutz/" "Mozilla/5.0 (X11; Linux x86_64) AppleWebKit/537.36 (KHTML, like Gecko) Chrome/121.0.0.0 Safari/537.36"
94.130.90.54 - - [12/Mar/2026:20:01:36 +0100] "GET /wp-content/uploads/2024/02/OBJECTS-3-2.svg HTTP/1.1" 200 187348 "https://autenrieth.inglory.de/" "Serf/1.3.9 (mod_pagespeed/1.13.35.2-0)"
74.125.210.39 - - [12/Mar/2026:20:01:36 +0100] "GET /wp-includes/js/jquery/jquery.min.js,qver=3.7.1.pagespeed.jm.PoWN7KAtLT.js HTTP/1.0" 200 34472 "https://autenrieth.inglory.de/impressum/" "Mozilla/5.0 (Linux; U; Android 4.3; en-us; SM-N900T Build/JSS15J) AppleWebKit/534.30 (KHTML, like Gecko) Version/4.0 Mobile Safari/534.30"
94.130.90.54 - - [12/Mar/2026:20:01:36 +0100] "GET /wp-content/uploads/2024/02/hero-1.png HTTP/1.1" 304 3407 "https://autenrieth.inglory.de/" "Serf/1.3.9 (mod_pagespeed/1.13.35.2-0)"
66.249.88.198 - - [12/Mar/2026:20:01:36 +0100] "GET /wp-content/plugins/loftloader-pro/assets/css/loftloader.min.css?ver=2022112801 HTTP/1.0" 200 11042 "https://autenrieth.inglory.de/datenschutz/" "Mozilla/5.0 (Linux; U; Android 4.3; en-us; SM-N900T Build/JSS15J) AppleWebKit/534.30 (KHTML, like Gecko) Version/4.0 Mobile Safari/534.30"
94.130.90.54 - - [12/Mar/2026:20:01:37 +0100] "GET /wp-content/uploads/2024/02/OBJECTS-1-1.png HTTP/1.1" 304 3406 "https://autenrieth.inglory.de/" "Serf/1.3.9 (mod_pagespeed/1.13.35.2-0)"
94.130.90.54 - - [12/Mar/2026:20:01:37 +0100] "GET /wp-content/uploads/2024/02/Group-1261156723-1.png HTTP/1.1" 304 3407 "https://autenrieth.inglory.de/" "Serf/1.3.9 (mod_pagespeed/1.13.35.2-0)"
66.249.88.192 - - [12/Mar/2026:20:01:37 +0100] "GET /wp-content/uploads/elementor/css/custom-frontend-lite.min.css?ver=1723465678 HTTP/1.0" 200 26835 "https://autenrieth.inglory.de/datenschutz/" "Mozilla/5.0 (Linux; U; Android 4.3; en-us; SM-N900T Build/JSS15J) AppleWebKit/534.30 (KHTML, like Gecko) Version/4.0 Mobile Safari/534.30"
66.249.88.199 - - [12/Mar/2026:20:01:37 +0100] "GET /wp-content/plugins/borlabs-cookie/assets/javascript/observer.472990d3.min.js HTTP/1.0" 200 7909 "https://autenrieth.inglory.de/wp-content/plugins/borlabs-cookie/assets/javascript/borlabs-cookie.min.js,qver=3.0.1.pagespeed.ce.Mi8-j8D_PK.js" "Mozilla/5.0 (X11; Linux x86_64) AppleWebKit/537.36 (KHTML, like Gecko) Chrome/121.0.0.0 Safari/537.36"
66.249.88.199 - - [12/Mar/2026:20:01:37 +0100] "GET /wp-content/plugins/borlabs-cookie/assets/javascript/vue.a50c3feb.min.js HTTP/1.0" 200 30817 "https://autenrieth.inglory.de/wp-content/plugins/borlabs-cookie/assets/javascript/borlabs-cookie.min.js,qver=3.0.1.pagespeed.ce.Mi8-j8D_PK.js" "Mozilla/5.0 (X11; Linux x86_64) AppleWebKit/537.36 (KHTML, like Gecko) Chrome/121.0.0.0 Safari/537.36"
66.249.88.192 - - [12/Mar/2026:20:01:37 +0100] "GET /wp-content/plugins/borlabs-cookie/assets/javascript/init.d0a8a83e.min.js HTTP/1.0" 200 14921 "https://autenrieth.inglory.de/wp-content/plugins/borlabs-cookie/assets/javascript/borlabs-cookie.min.js,qver=3.0.1.pagespeed.ce.Mi8-j8D_PK.js" "Mozilla/5.0 (X11; Linux x86_64) AppleWebKit/537.36 (KHTML, like Gecko) Chrome/121.0.0.0 Safari/537.36"
94.130.90.54 - - [12/Mar/2026:20:01:37 +0100] "GET /wp-content/uploads/2024/02/Group-1261156725-1-1.png HTTP/1.1" 304 3407 "https://autenrieth.inglory.de/" "Serf/1.3.9 (mod_pagespeed/1.13.35.2-0)"
192.178.15.2 - - [12/Mar/2026:20:01:37 +0100] "GET /wp-content/plugins/mystickyelements-pro/css/A.mystickyelements-front.min.css,qver=2.0.7.pagespeed.cf.1mvclvofWF.css HTTP/1.0" 200 18251 "https://autenrieth.inglory.de/datenschutz/" "Mozilla/5.0 (Linux; U; Android 4.3; en-us; SM-N900T Build/JSS15J) AppleWebKit/534.30 (KHTML, like Gecko) Version/4.0 Mobile Safari/534.30"
192.178.15.2 - - [12/Mar/2026:20:01:37 +0100] "GET /wp-content/plugins/mystickyelements-pro/css/A.font-awesome.min.css,qver=2.0.7.pagespeed.cf.4o9rjSkGlP.css HTTP/1.0" 200 15806 "https://autenrieth.inglory.de/datenschutz/" "Mozilla/5.0 (Linux; U; Android 4.3; en-us; SM-N900T Build/JSS15J) AppleWebKit/534.30 (KHTML, like Gecko) Version/4.0 Mobile Safari/534.30"
66.249.88.192 - - [12/Mar/2026:20:01:37 +0100] "GET /wp-content/uploads/elementor/css/post-1145.css?ver=1723468771 HTTP/1.0" 200 5214 "https://autenrieth.inglory.de/datenschutz/" "Mozilla/5.0 (Linux; U; Android 4.3; en-us; SM-N900T Build/JSS15J) AppleWebKit/534.30 (KHTML, like Gecko) Version/4.0 Mobile Safari/534.30"
94.130.90.54 - - [12/Mar/2026:20:01:37 +0100] "GET /wp-content/uploads/2024/02/Group-1261156726-2-1.png HTTP/1.1" 304 3407 "https://autenrieth.inglory.de/" "Serf/1.3.9 (mod_pagespeed/1.13.35.2-0)"
94.130.90.54 - - [12/Mar/2026:20:01:37 +0100] "GET /wp-content/uploads/2024/02/black-1-1.png HTTP/1.1" 304 3407 "https://autenrieth.inglory.de/" "Serf/1.3.9 (mod_pagespeed/1.13.35.2-0)"
74.125.210.39 - - [12/Mar/2026:20:01:37 +0100] "GET /wp-includes/js/jquery/jquery-migrate.min.js,qver=3.4.1.pagespeed.jm.bhhu-RahTI.js HTTP/1.0" 200 8984 "https://autenrieth.inglory.de/impressum/" "Mozilla/5.0 (Linux; U; Android 4.3; en-us; SM-N900T Build/JSS15J) AppleWebKit/534.30 (KHTML, like Gecko) Version/4.0 Mobile Safari/534.30"
94.130.90.54 - - [12/Mar/2026:20:01:37 +0100] "GET /wp-content/uploads/2024/02/CTA-1-scaled.jpg HTTP/1.1" 304 3407 "https://autenrieth.inglory.de/" "Serf/1.3.9 (mod_pagespeed/1.13.35.2-0)"
94.130.90.54 - - [12/Mar/2026:20:01:37 +0100] "GET /wp-content/uploads/2024/02/Group-1261156723-2-1.png HTTP/1.1" 304 3407 "https://autenrieth.inglory.de/" "Serf/1.3.9 (mod_pagespeed/1.13.35.2-0)"
94.130.90.54 - - [12/Mar/2026:20:01:37 +0100] "GET /wp-content/uploads/2024/02/Group-1261156725-3-1.png HTTP/1.1" 304 3407 "https://autenrieth.inglory.de/" "Serf/1.3.9 (mod_pagespeed/1.13.35.2-0)"
94.130.90.54 - - [12/Mar/2026:20:01:37 +0100] "GET /wp-content/uploads/2024/02/Group-1261156726-3-1.png HTTP/1.1" 304 3407 "https://autenrieth.inglory.de/" "Serf/1.3.9 (mod_pagespeed/1.13.35.2-0)"
192.178.15.1 - - [12/Mar/2026:20:01:37 +0100] "GET /wp-content/uploads/elementor/css/custom-pro-frontend-lite.min.css,qver=1723465678.pagespeed.ce.1B0riWj0t8.css HTTP/1.0" 200 5625 "https://autenrieth.inglory.de/datenschutz/" "Mozilla/5.0 (Linux; U; Android 4.3; en-us; SM-N900T Build/JSS15J) AppleWebKit/534.30 (KHTML, like Gecko) Version/4.0 Mobile Safari/534.30"
94.130.90.54 - - [12/Mar/2026:20:01:37 +0100] "GET /wp-content/uploads/2024/02/Rectangle-16.png HTTP/1.1" 304 3404 "https://autenrieth.inglory.de/" "Serf/1.3.9 (mod_pagespeed/1.13.35.2-0)"
192.178.15.2 - - [12/Mar/2026:20:01:37 +0100] "GET /wp-content/plugins/elementor/assets/lib/animations/animations.min.css,qver=3.23.4.pagespeed.ce.RgG6VQREE3.css HTTP/1.0" 200 6777 "https://autenrieth.inglory.de/datenschutz/" "Mozilla/5.0 (X11; Linux x86_64) AppleWebKit/537.36 (KHTML, like Gecko) Chrome/121.0.0.0 Safari/537.36"
74.125.210.32 - - [12/Mar/2026:20:01:37 +0100] "GET /wp-content/plugins/borlabs-cookie/assets/javascript/borlabs-cookie.min.js,qver=3.0.1.pagespeed.ce.Mi8-j8D_PK.js HTTP/1.0" 200 4683 "https://autenrieth.inglory.de/impressum/" "Mozilla/5.0 (Linux; U; Android 4.3; en-us; SM-N900T Build/JSS15J) AppleWebKit/534.30 (KHTML, like Gecko) Version/4.0 Mobile Safari/534.30"
66.249.88.198 - - [12/Mar/2026:20:01:37 +0100] "GET /wp-content/uploads/elementor/css/post-281.css?ver=1723465678 HTTP/1.0" 200 5671 "https://autenrieth.inglory.de/datenschutz/" "Mozilla/5.0 (Linux; U; Android 4.3; en-us; SM-N900T Build/JSS15J) AppleWebKit/534.30 (KHTML, like Gecko) Version/4.0 Mobile Safari/534.30"
74.125.210.39 - - [12/Mar/2026:20:01:37 +0100] "GET /wp-content/uploads/elementor/css/custom-pro-widget-nav-menu.min.css,qver=1723465678.pagespeed.ce.63AjBJUm5h.css HTTP/1.0" 200 7505 "https://autenrieth.inglory.de/impressum/" "Mozilla/5.0 (Linux; U; Android 4.3; en-us; SM-N900T Build/JSS15J) AppleWebKit/534.30 (KHTML, like Gecko) Version/4.0 Mobile Safari/534.30"
94.130.90.54 - - [12/Mar/2026:20:01:37 +0100] "GET /wp-content/uploads/2024/02/OBJECTS-5.svg HTTP/1.1" 200 182722 "https://autenrieth.inglory.de/" "Serf/1.3.9 (mod_pagespeed/1.13.35.2-0)"
94.130.90.54 - - [12/Mar/2026:20:01:37 +0100] "GET /wp-content/uploads/2024/02/OBJECTS-6.svg HTTP/1.1" 200 264474 "https://autenrieth.inglory.de/" "Serf/1.3.9 (mod_pagespeed/1.13.35.2-0)"
192.178.15.3 - - [12/Mar/2026:20:01:37 +0100] "GET /wp-content/plugins/mystickyelements-pro/intl-tel-input-src/build/css/A.intlTelInput.css,qver=2.0.7.pagespeed.cf.RC9eEhGsJx.css HTTP/1.0" 200 7102 "https://autenrieth.inglory.de/datenschutz/" "Mozilla/5.0 (Linux; U; Android 4.3; en-us; SM-N900T Build/JSS15J) AppleWebKit/534.30 (KHTML, like Gecko) Version/4.0 Mobile Safari/534.30"
66.249.88.198 - - [12/Mar/2026:20:01:37 +0100] "GET /wp-content/plugins/mystickyelements-pro/css/font-awesome.min.css?ver=2.0.7 HTTP/1.0" 200 15804 "https://autenrieth.inglory.de/datenschutz/" "Mozilla/5.0 (Linux; U; Android 4.3; en-us; SM-N900T Build/JSS15J) AppleWebKit/534.30 (KHTML, like Gecko) Version/4.0 Mobile Safari/534.30"
66.249.88.198 - - [12/Mar/2026:20:01:37 +0100] "GET /wp-content/cache/borlabs-cookie/1/borlabs-cookie-1-de.css?ver=3.0.1-425 HTTP/1.0" 200 15612 "https://autenrieth.inglory.de/datenschutz/" "Mozilla/5.0 (Linux; U; Android 4.3; en-us; SM-N900T Build/JSS15J) AppleWebKit/534.30 (KHTML, like Gecko) Version/4.0 Mobile Safari/534.30"
192.178.15.1 - - [12/Mar/2026:20:01:37 +0100] "GET /wp-content/uploads/elementor/css/A.post-1145.css,qver=1723468771.pagespeed.cf._wwCjaMyxK.css HTTP/1.0" 200 5216 "https://autenrieth.inglory.de/datenschutz/" "Mozilla/5.0 (Linux; U; Android 4.3; en-us; SM-N900T Build/JSS15J) AppleWebKit/534.30 (KHTML, like Gecko) Version/4.0 Mobile Safari/534.30"
94.130.90.54 - - [12/Mar/2026:20:01:37 +0100] "GET /wp-content/uploads/2024/02/OBJECTS-7.svg HTTP/1.1" 200 492930 "https://autenrieth.inglory.de/" "Serf/1.3.9 (mod_pagespeed/1.13.35.2-0)"
94.130.90.54 - - [12/Mar/2026:20:01:37 +0100] "GET /wp-content/uploads/2024/02/Frame-1261156742-1.png HTTP/1.1" 304 3407 "https://autenrieth.inglory.de/" "Serf/1.3.9 (mod_pagespeed/1.13.35.2-0)"
192.178.15.1 - - [12/Mar/2026:20:01:37 +0100] "GET /wp-content/cache/borlabs-cookie/1/borlabs-cookie-config-de.json.js,qver=3.0.1-428.pagespeed.jm.LqjWzSZ5Xp.js HTTP/1.0" 200 8558 "https://autenrieth.inglory.de/datenschutz/" "Mozilla/5.0 (X11; Linux x86_64) AppleWebKit/537.36 (KHTML, like Gecko) Chrome/121.0.0.0 Safari/537.36"
192.178.15.1 - - [12/Mar/2026:20:01:37 +0100] "GET /wp-content/plugins/mystickyelements-pro/intl-tel-input-src/build/css/A.intlTelInput.css,qver=2.0.7.pagespeed.cf.IOX6y97evN.css HTTP/1.0" 200 7110 "https://autenrieth.inglory.de/datenschutz/" "Mozilla/5.0 (X11; Linux x86_64) AppleWebKit/537.36 (KHTML, like Gecko) Chrome/121.0.0.0 Safari/537.36"
192.178.15.1 - - [12/Mar/2026:20:01:37 +0100] "GET /wp-content/plugins/elementor/assets/lib/font-awesome/css/A.fontawesome.min.css,qver=5.15.3.pagespeed.cf.OnyloIe9DI.css HTTP/1.0" 200 16478 "https://autenrieth.inglory.de/datenschutz/" "Mozilla/5.0 (Linux; U; Android 4.3; en-us; SM-N900T Build/JSS15J) AppleWebKit/534.30 (KHTML, like Gecko) Version/4.0 Mobile Safari/534.30"
94.130.90.54 - - [12/Mar/2026:20:01:37 +0100] "GET /wp-content/uploads/2024/02/Silver-4-1.png HTTP/1.1" 304 3406 "https://autenrieth.inglory.de/" "Serf/1.3.9 (mod_pagespeed/1.13.35.2-0)"
192.178.15.2 - - [12/Mar/2026:20:01:37 +0100] "GET /wp-includes/js/jquery/jquery.min.js,qver=3.7.1.pagespeed.jm.PoWN7KAtLT.js HTTP/1.0" 200 34472 "https://autenrieth.inglory.de/datenschutz/" "Mozilla/5.0 (X11; Linux x86_64) AppleWebKit/537.36 (KHTML, like Gecko) Chrome/121.0.0.0 Safari/537.36"
94.130.90.54 - - [12/Mar/2026:20:01:37 +0100] "GET /wp-content/uploads/2024/02/Gold-1-1.png HTTP/1.1" 304 3406 "https://autenrieth.inglory.de/" "Serf/1.3.9 (mod_pagespeed/1.13.35.2-0)"
94.130.90.54 - - [12/Mar/2026:20:01:37 +0100] "GET /wp-content/uploads/2024/02/BLACK-1.png HTTP/1.1" 304 3406 "https://autenrieth.inglory.de/" "Serf/1.3.9 (mod_pagespeed/1.13.35.2-0)"
66.249.88.192 - - [12/Mar/2026:20:01:37 +0100] "GET /wp-content/plugins/mystickyelements-pro/css/mystickyelements-front.min.css?ver=2.0.7 HTTP/1.0" 200 18249 "https://autenrieth.inglory.de/datenschutz/" "Mozilla/5.0 (Linux; U; Android 4.3; en-us; SM-N900T Build/JSS15J) AppleWebKit/534.30 (KHTML, like Gecko) Version/4.0 Mobile Safari/534.30"
94.130.90.54 - - [12/Mar/2026:20:01:37 +0100] "GET /wp-includes/css/dist/block-library/style.min.css?ver=6.9.4 HTTP/1.1" 200 123103 "https://autenrieth.inglory.de/author/inglory/" "Serf/1.3.9 (mod_pagespeed/1.13.35.2-0)"
192.178.15.1 - - [12/Mar/2026:20:01:35 +0100] "GET /author/inglory/ HTTP/1.0" 200 21979 "-" "Mozilla/5.0 (X11; Linux x86_64) AppleWebKit/537.36 (KHTML, like Gecko) Chrome/121.0.0.0 Safari/537.36"
66.249.88.192 - - [12/Mar/2026:20:01:37 +0100] "GET /wp-content/plugins/elementor/assets/lib/font-awesome/css/brands.min.css?ver=5.15.3 HTTP/1.0" 200 4496 "https://autenrieth.inglory.de/datenschutz/" "Mozilla/5.0 (Linux; U; Android 4.3; en-us; SM-N900T Build/JSS15J) AppleWebKit/534.30 (KHTML, like Gecko) Version/4.0 Mobile Safari/534.30"
66.249.88.199 - - [12/Mar/2026:20:01:37 +0100] "GET /wp-content/plugins/elementor/assets/lib/animations/animations.min.css?ver=3.23.4 HTTP/1.0" 200 6761 "https://autenrieth.inglory.de/datenschutz/" "Mozilla/5.0 (Linux; U; Android 4.3; en-us; SM-N900T Build/JSS15J) AppleWebKit/534.30 (KHTML, like Gecko) Version/4.0 Mobile Safari/534.30"
192.178.15.2 - - [12/Mar/2026:20:01:37 +0100] "GET /wp-content/uploads/elementor/css/A.post-753.css,qver=1723465679.pagespeed.cf.SzPR3J2IHw.css HTTP/1.0" 200 5174 "https://autenrieth.inglory.de/datenschutz/" "Mozilla/5.0 (Linux; U; Android 4.3; en-us; SM-N900T Build/JSS15J) AppleWebKit/534.30 (KHTML, like Gecko) Version/4.0 Mobile Safari/534.30"
192.178.15.1 - - [12/Mar/2026:20:01:37 +0100] "GET /wp-includes/js/jquery/jquery-migrate.min.js,qver=3.4.1.pagespeed.jm.bhhu-RahTI.js HTTP/1.0" 200 8984 "https://autenrieth.inglory.de/datenschutz/" "Mozilla/5.0 (X11; Linux x86_64) AppleWebKit/537.36 (KHTML, like Gecko) Chrome/121.0.0.0 Safari/537.36"
74.125.210.39 - - [12/Mar/2026:20:01:37 +0100] "GET /wp-content/uploads/2024/02/OBJECTS-3-1.svg HTTP/1.0" 200 75614 "https://autenrieth.inglory.de/impressum/" "Mozilla/5.0 (Linux; U; Android 4.3; en-us; SM-N900T Build/JSS15J) AppleWebKit/534.30 (KHTML, like Gecko) Version/4.0 Mobile Safari/534.30"
66.249.88.192 - - [12/Mar/2026:20:01:37 +0100] "GET /wp-content/uploads/elementor/css/custom-widget-icon-list.min.css?ver=1723465678 HTTP/1.0" 200 5078 "https://autenrieth.inglory.de/datenschutz/" "Mozilla/5.0 (Linux; U; Android 4.3; en-us; SM-N900T Build/JSS15J) AppleWebKit/534.30 (KHTML, like Gecko) Version/4.0 Mobile Safari/534.30"
192.178.15.3 - - [12/Mar/2026:20:01:37 +0100] "GET /wp-content/plugins/borlabs-cookie/assets/javascript/borlabs-cookie.min.js,qver=3.0.1.pagespeed.ce.Mi8-j8D_PK.js HTTP/1.0" 200 4683 "https://autenrieth.inglory.de/datenschutz/" "Mozilla/5.0 (X11; Linux x86_64) AppleWebKit/537.36 (KHTML, like Gecko) Chrome/121.0.0.0 Safari/537.36"
192.178.15.2 - - [12/Mar/2026:20:01:37 +0100] "GET /wp-content/plugins/elementor/assets/lib/animations/animations.min.css,qver=3.23.4.pagespeed.ce.RgG6VQREE3.css HTTP/1.0" 200 6777 "https://autenrieth.inglory.de/datenschutz/" "Mozilla/5.0 (Linux; U; Android 4.3; en-us; SM-N900T Build/JSS15J) AppleWebKit/534.30 (KHTML, like Gecko) Version/4.0 Mobile Safari/534.30"
192.178.15.2 - - [12/Mar/2026:20:01:37 +0100] "GET /wp-includes/js/jquery/jquery.min.js,qver=3.7.1.pagespeed.jm.PoWN7KAtLT.js HTTP/1.0" 200 34472 "https://autenrieth.inglory.de/datenschutz/" "Mozilla/5.0 (Linux; U; Android 4.3; en-us; SM-N900T Build/JSS15J) AppleWebKit/534.30 (KHTML, like Gecko) Version/4.0 Mobile Safari/534.30"
192.178.15.2 - - [12/Mar/2026:20:01:37 +0100] "GET /wp-content/uploads/2024/02/OBJECTS.svg HTTP/1.0" 200 120214 "https://autenrieth.inglory.de/datenschutz/" "Mozilla/5.0 (X11; Linux x86_64) AppleWebKit/537.36 (KHTML, like Gecko) Chrome/121.0.0.0 Safari/537.36"
192.178.15.2 - - [12/Mar/2026:20:01:37 +0100] "GET /wp-content/uploads/elementor/css/custom-pro-widget-nav-menu.min.css,qver=1723465678.pagespeed.ce.63AjBJUm5h.css HTTP/1.0" 200 7505 "https://autenrieth.inglory.de/datenschutz/" "Mozilla/5.0 (X11; Linux x86_64) AppleWebKit/537.36 (KHTML, like Gecko) Chrome/121.0.0.0 Safari/537.36"
192.178.15.3 - - [12/Mar/2026:20:01:37 +0100] "GET /wp-includes/js/jquery/jquery-migrate.min.js,qver=3.4.1.pagespeed.jm.bhhu-RahTI.js HTTP/1.0" 200 8984 "https://autenrieth.inglory.de/datenschutz/" "Mozilla/5.0 (Linux; U; Android 4.3; en-us; SM-N900T Build/JSS15J) AppleWebKit/534.30 (KHTML, like Gecko) Version/4.0 Mobile Safari/534.30"
74.125.210.32 - - [12/Mar/2026:20:01:37 +0100] "GET /wp-content/plugins/loftloader-pro/assets/css/A.loftloader.min.css,qver=2022112801.pagespeed.cf.022XFbJey_.css HTTP/1.0" 200 11044 "https://autenrieth.inglory.de/" "Mozilla/5.0 (Linux; U; Android 4.3; en-us; SM-N900T Build/JSS15J) AppleWebKit/534.30 (KHTML, like Gecko) Version/4.0 Mobile Safari/534.30"
192.178.15.2 - - [12/Mar/2026:20:01:37 +0100] "GET /wp-content/cache/borlabs-cookie/1/borlabs-cookie-config-de.json.js,qver=3.0.1-428.pagespeed.jm.LqjWzSZ5Xp.js HTTP/1.0" 200 8558 "https://autenrieth.inglory.de/datenschutz/" "Mozilla/5.0 (Linux; U; Android 4.3; en-us; SM-N900T Build/JSS15J) AppleWebKit/534.30 (KHTML, like Gecko) Version/4.0 Mobile Safari/534.30"
74.125.210.39 - - [12/Mar/2026:20:01:37 +0100] "GET /wp-content/themes/hello-elementor/assets/css/header-footer.css,qver=3.4.6.pagespeed.ce.htu0eVW7nb.css HTTP/1.0" 200 5563 "https://autenrieth.inglory.de/" "Mozilla/5.0 (Linux; U; Android 4.3; en-us; SM-N900T Build/JSS15J) AppleWebKit/534.30 (KHTML, like Gecko) Version/4.0 Mobile Safari/534.30"
74.125.210.39 - - [12/Mar/2026:20:01:37 +0100] "GET /wp-content/plugins/elementor/assets/lib/eicons/css/A.elementor-icons.min.css,qver=5.30.0.pagespeed.cf.aHMuBxXHzb.css HTTP/1.0" 200 8121 "https://autenrieth.inglory.de/" "Mozilla/5.0 (Linux; U; Android 4.3; en-us; SM-N900T Build/JSS15J) AppleWebKit/534.30 (KHTML, like Gecko) Version/4.0 Mobile Safari/534.30"
74.125.210.39 - - [12/Mar/2026:20:01:37 +0100] "GET /wp-content/uploads/elementor/css/A.custom-widget-icon-list.min.css,qver=1723465678.pagespeed.cf.qpO9w4Bi0s.css HTTP/1.0" 200 5080 "https://autenrieth.inglory.de/datenschutz/" "Mozilla/5.0 (X11; Linux x86_64) AppleWebKit/537.36 (KHTML, like Gecko) Chrome/121.0.0.0 Safari/537.36"
74.125.210.38 - - [12/Mar/2026:20:01:37 +0100] "GET /wp-content/plugins/loftloader-pro/assets/js/jquery.waitformedias.min.js,qver=2022112801.pagespeed.jm.Mo79GDpayV.js HTTP/1.0" 200 6006 "https://autenrieth.inglory.de/datenschutz/" "Mozilla/5.0 (X11; Linux x86_64) AppleWebKit/537.36 (KHTML, like Gecko) Chrome/121.0.0.0 Safari/537.36"
74.125.210.32 - - [12/Mar/2026:20:01:37 +0100] "GET /wp-content/plugins/loftloader-pro/assets/js/loftloader.js,qver=2022112801.pagespeed.jm.CXlrii3vxv.js HTTP/1.0" 200 8973 "https://autenrieth.inglory.de/datenschutz/" "Mozilla/5.0 (X11; Linux x86_64) AppleWebKit/537.36 (KHTML, like Gecko) Chrome/121.0.0.0 Safari/537.36"
74.125.210.39 - - [12/Mar/2026:20:01:37 +0100] "GET /wp-content/plugins/mystickyelements-pro/intl-tel-input-src,_build,_js,_intlTelInput.js,qver==2.0.7+js,_jquery.cookie.js,qver==2.0.7.pagespeed.jc.XGW1SXPSoy.js HTTP/1.0" 200 17641 "https://autenrieth.inglory.de/datenschutz/" "Mozilla/5.0 (X11; Linux x86_64) AppleWebKit/537.36 (KHTML, like Gecko) Chrome/121.0.0.0 Safari/537.36"
66.249.88.192 - - [12/Mar/2026:20:01:37 +0100] "GET /wp-content/plugins/borlabs-cookie/assets/javascript/borlabs-widget.87b9a45d.min.js HTTP/1.0" 200 4660 "-" "Mozilla/5.0 (X11; Linux x86_64) AppleWebKit/537.36 (KHTML, like Gecko) Chrome/121.0.0.0 Safari/537.36"
66.249.88.192 - - [12/Mar/2026:20:01:37 +0100] "GET /wp-content/plugins/borlabs-cookie/assets/css/base-button.38f38120.min.css HTTP/1.0" 200 4347 "https://autenrieth.inglory.de/datenschutz/" "Mozilla/5.0 (X11; Linux x86_64) AppleWebKit/537.36 (KHTML, like Gecko) Chrome/121.0.0.0 Safari/537.36"
66.249.88.192 - - [12/Mar/2026:20:01:37 +0100] "GET /wp-content/plugins/elementor/assets/lib/dialog/dialog.min.js?ver=4.9.0 HTTP/1.0" 200 7706 "https://autenrieth.inglory.de/datenschutz/" "Mozilla/5.0 (X11; Linux x86_64) AppleWebKit/537.36 (KHTML, like Gecko) Chrome/121.0.0.0 Safari/537.36"
74.125.210.38 - - [12/Mar/2026:20:01:37 +0100] "GET /wp-content/uploads/elementor/css/A.custom-frontend-lite.min.css,qver=1723465678.pagespeed.cf.6iuHL0lgWF.css HTTP/1.0" 200 26837 "https://autenrieth.inglory.de/" "Mozilla/5.0 (Linux; U; Android 4.3; en-us; SM-N900T Build/JSS15J) AppleWebKit/534.30 (KHTML, like Gecko) Version/4.0 Mobile Safari/534.30"
66.249.88.199 - - [12/Mar/2026:20:01:37 +0100] "GET /wp-content/plugins/borlabs-cookie/assets/javascript/base-button.f7e450d7.min.js HTTP/1.0" 200 4644 "-" "Mozilla/5.0 (X11; Linux x86_64) AppleWebKit/537.36 (KHTML, like Gecko) Chrome/121.0.0.0 Safari/537.36"
66.249.88.198 - - [12/Mar/2026:20:01:37 +0100] "GET /wp-content/plugins/borlabs-cookie/assets/javascript/borlabs-cookie-preferences.778a018d.min.js HTTP/1.0" 200 4775 "-" "Mozilla/5.0 (X11; Linux x86_64) AppleWebKit/537.36 (KHTML, like Gecko) Chrome/121.0.0.0 Safari/537.36"
66.249.88.199 - - [12/Mar/2026:20:01:37 +0100] "GET /wp-content/plugins/borlabs-cookie/assets/javascript/_plugin-vue_export-helper.c27b6911.min.js HTTP/1.0" 200 4294 "-" "Mozilla/5.0 (X11; Linux x86_64) AppleWebKit/537.36 (KHTML, like Gecko) Chrome/121.0.0.0 Safari/537.36"
74.125.210.32 - - [12/Mar/2026:20:01:37 +0100] "GET /wp-content/plugins/elementor-pro/assets/js/webpack-pro.runtime.min.js?ver=3.21.2 HTTP/1.0" 200 6863 "https://autenrieth.inglory.de/datenschutz/" "Mozilla/5.0 (X11; Linux x86_64) AppleWebKit/537.36 (KHTML, like Gecko) Chrome/121.0.0.0 Safari/537.36"
66.249.88.192 - - [12/Mar/2026:20:01:37 +0100] "GET /wp-content/plugins/loftloader-pro/assets/css/A.loftloader.min.css,qver=2022112801.pagespeed.cf.022XFbJey_.css HTTP/1.0" 200 11044 "https://autenrieth.inglory.de/" "Mozilla/5.0 (Linux; U; Android 4.3; en-us; SM-N900T Build/JSS15J) AppleWebKit/534.30 (KHTML, like Gecko) Version/4.0 Mobile Safari/534.30"
66.249.88.198 - - [12/Mar/2026:20:01:37 +0100] "GET /wp-content/themes/hello-elementor/assets/css/reset.css,qver=3.4.6.pagespeed.ce.r0uWONaZVx.css HTTP/1.0" 200 5976 "https://autenrieth.inglory.de/" "Mozilla/5.0 (Linux; U; Android 4.3; en-us; SM-N900T Build/JSS15J) AppleWebKit/534.30 (KHTML, like Gecko) Version/4.0 Mobile Safari/534.30"
74.125.210.39 - - [12/Mar/2026:20:01:37 +0100] "GET /wp-content/uploads/2024/02/OBJECTS.svg HTTP/1.0" 200 120214 "https://autenrieth.inglory.de/impressum/" "Mozilla/5.0 (Linux; U; Android 4.3; en-us; SM-N900T Build/JSS15J) AppleWebKit/534.30 (KHTML, like Gecko) Version/4.0 Mobile Safari/534.30"
66.249.88.198 - - [12/Mar/2026:20:01:37 +0100] "GET /wp-content/plugins/elementor/assets/lib/eicons/css/A.elementor-icons.min.css,qver=5.30.0.pagespeed.cf.aHMuBxXHzb.css HTTP/1.0" 200 8121 "https://autenrieth.inglory.de/" "Mozilla/5.0 (Linux; U; Android 4.3; en-us; SM-N900T Build/JSS15J) AppleWebKit/534.30 (KHTML, like Gecko) Version/4.0 Mobile Safari/534.30"
66.249.88.192 - - [12/Mar/2026:20:01:37 +0100] "GET /wp-content/uploads/elementor/css/A.custom-frontend-lite.min.css,qver=1723465678.pagespeed.cf.6iuHL0lgWF.css HTTP/1.0" 200 26837 "https://autenrieth.inglory.de/" "Mozilla/5.0 (Linux; U; Android 4.3; en-us; SM-N900T Build/JSS15J) AppleWebKit/534.30 (KHTML, like Gecko) Version/4.0 Mobile Safari/534.30"
66.249.88.192 - - [12/Mar/2026:20:01:37 +0100] "GET /wp-content/themes/hello-elementor/assets/css/theme.css,qver=3.4.6.pagespeed.ce.pIDSv4xSPa.css HTTP/1.0" 200 5411 "https://autenrieth.inglory.de/" "Mozilla/5.0 (Linux; U; Android 4.3; en-us; SM-N900T Build/JSS15J) AppleWebKit/534.30 (KHTML, like Gecko) Version/4.0 Mobile Safari/534.30"
192.178.15.1 - - [12/Mar/2026:20:01:37 +0100] "GET /wp-content/uploads/2024/02/OBJECTS.svg HTTP/1.0" 200 120214 "https://autenrieth.inglory.de/datenschutz/" "Mozilla/5.0 (Linux; U; Android 4.3; en-us; SM-N900T Build/JSS15J) AppleWebKit/534.30 (KHTML, like Gecko) Version/4.0 Mobile Safari/534.30"
192.178.15.3 - - [12/Mar/2026:20:01:37 +0100] "GET /wp-content/uploads/2024/02/OBJECTS-3-1.svg HTTP/1.0" 200 75614 "https://autenrieth.inglory.de/datenschutz/" "Mozilla/5.0 (Linux; U; Android 4.3; en-us; SM-N900T Build/JSS15J) AppleWebKit/534.30 (KHTML, like Gecko) Version/4.0 Mobile Safari/534.30"
192.178.15.2 - - [12/Mar/2026:20:01:37 +0100] "GET /wp-content/uploads/elementor/css/custom-pro-widget-nav-menu.min.css,qver=1723465678.pagespeed.ce.63AjBJUm5h.css HTTP/1.0" 200 7505 "https://autenrieth.inglory.de/datenschutz/" "Mozilla/5.0 (Linux; U; Android 4.3; en-us; SM-N900T Build/JSS15J) AppleWebKit/534.30 (KHTML, like Gecko) Version/4.0 Mobile Safari/534.30"
192.178.15.2 - - [12/Mar/2026:20:01:34 +0100] "GET / HTTP/1.0" 200 31177 "-" "Mozilla/5.0 (X11; Linux x86_64) AppleWebKit/537.36 (KHTML, like Gecko) Chrome/121.0.0.0 Safari/537.36"
192.178.15.1 - - [12/Mar/2026:20:01:37 +0100] "GET /wp-includes/css/dist/block-library/style.min.css?ver=6.9.4 HTTP/1.0" 200 19937 "https://autenrieth.inglory.de/author/inglory/" "Mozilla/5.0 (X11; Linux x86_64) AppleWebKit/537.36 (KHTML, like Gecko) Chrome/121.0.0.0 Safari/537.36"
74.125.210.39 - - [12/Mar/2026:20:01:37 +0100] "GET /wp-content/uploads/elementor/css/A.post-7.css,qver=1723465678.pagespeed.cf.7I9b0YqvI0.css HTTP/1.0" 200 5162 "https://autenrieth.inglory.de/" "Mozilla/5.0 (Linux; U; Android 4.3; en-us; SM-N900T Build/JSS15J) AppleWebKit/534.30 (KHTML, like Gecko) Version/4.0 Mobile Safari/534.30"
74.125.210.38 - - [12/Mar/2026:20:01:37 +0100] "GET /wp-content/plugins/elementor/assets/js/webpack.runtime.min.js?ver=3.23.4 HTTP/1.0" 200 6427 "https://autenrieth.inglory.de/datenschutz/" "Mozilla/5.0 (X11; Linux x86_64) AppleWebKit/537.36 (KHTML, like Gecko) Chrome/121.0.0.0 Safari/537.36"
74.125.210.32 - - [12/Mar/2026:20:01:37 +0100] "GET /wp-content,_plugins,_elementor-pro,_assets,_js,_frontend.min.js,qver==3.21.2+wp-content,_plugins,_elementor,_assets,_lib,_waypoints,_waypoints.min.js,qver==4.0.2+wp-includes,_js,_jquery,_ui,_core.min.js,qver==1.13.3.pagespeed.jc.dGFpfOGu8O.js HTTP/1.0" 200 19962 "https://autenrieth.inglory.de/datenschutz/" "Mozilla/5.0 (X11; Linux x86_64) AppleWebKit/537.36 (KHTML, like Gecko) Chrome/121.0.0.0 Safari/537.36"
74.125.210.32 - - [12/Mar/2026:20:01:37 +0100] "GET /wp-content/themes/hello-elementor/assets/css/theme.css,qver=3.4.6.pagespeed.ce.pIDSv4xSPa.css HTTP/1.0" 200 5411 "https://autenrieth.inglory.de/" "Mozilla/5.0 (Linux; U; Android 4.3; en-us; SM-N900T Build/JSS15J) AppleWebKit/534.30 (KHTML, like Gecko) Version/4.0 Mobile Safari/534.30"
74.125.210.39 - - [12/Mar/2026:20:01:37 +0100] "GET /wp-content,_plugins,_elementor,_assets,_js,_frontend-modules.min.js,qver==3.23.4+wp-includes,_js,_dist,_hooks.min.js,qver==dd5603f07f9220ed27f1+wp-includes,_js,_dist,_i18n.min.js,qver==c26c3dc7bed366793375.pagespeed.jc.P8Yx3nO6gW.js HTTP/1.0" 200 27904 "https://autenrieth.inglory.de/datenschutz/" "Mozilla/5.0 (X11; Linux x86_64) AppleWebKit/537.36 (KHTML, like Gecko) Chrome/121.0.0.0 Safari/537.36"
74.125.210.32 - - [12/Mar/2026:20:01:37 +0100] "GET /wp-content/themes/hello-elementor/assets/css/reset.css,qver=3.4.6.pagespeed.ce.r0uWONaZVx.css HTTP/1.0" 200 5976 "https://autenrieth.inglory.de/" "Mozilla/5.0 (Linux; U; Android 4.3; en-us; SM-N900T Build/JSS15J) AppleWebKit/534.30 (KHTML, like Gecko) Version/4.0 Mobile Safari/534.30"
192.178.15.2 - - [12/Mar/2026:20:01:37 +0100] "GET /wp-content/plugins/borlabs-cookie/assets/javascript/borlabs-cookie.min.js,qver=3.0.1.pagespeed.ce.Mi8-j8D_PK.js HTTP/1.0" 200 4683 "https://autenrieth.inglory.de/datenschutz/" "Mozilla/5.0 (Linux; U; Android 4.3; en-us; SM-N900T Build/JSS15J) AppleWebKit/534.30 (KHTML, like Gecko) Version/4.0 Mobile Safari/534.30"
66.249.88.199 - - [12/Mar/2026:20:01:37 +0100] "GET /wp-content/themes/hello-elementor/assets/css/header-footer.css,qver=3.4.6.pagespeed.ce.htu0eVW7nb.css HTTP/1.0" 200 5563 "https://autenrieth.inglory.de/" "Mozilla/5.0 (Linux; U; Android 4.3; en-us; SM-N900T Build/JSS15J) AppleWebKit/534.30 (KHTML, like Gecko) Version/4.0 Mobile Safari/534.30"
74.125.210.32 - - [12/Mar/2026:20:01:37 +0100] "GET /wp-content/plugins/elementor/assets/lib/swiper/css/swiper.min.css,qver=5.3.6.pagespeed.ce.vK13gbPnTb.css HTTP/1.0" 200 6594 "https://autenrieth.inglory.de/" "Mozilla/5.0 (Linux; U; Android 4.3; en-us; SM-N900T Build/JSS15J) AppleWebKit/534.30 (KHTML, like Gecko) Version/4.0 Mobile Safari/534.30"
192.178.15.1 - - [12/Mar/2026:20:01:37 +0100] "GET /wp-content/themes/hello-elementor/assets/css/header-footer.css,qver=3.4.6.pagespeed.ce.htu0eVW7nb.css HTTP/1.0" 200 5563 "https://autenrieth.inglory.de/author/inglory/" "Mozilla/5.0 (X11; Linux x86_64) AppleWebKit/537.36 (KHTML, like Gecko) Chrome/121.0.0.0 Safari/537.36"
192.178.15.2 - - [12/Mar/2026:20:01:37 +0100] "GET /wp-content/themes/hello-elementor/assets/css/theme.css,qver=3.4.6.pagespeed.ce.pIDSv4xSPa.css HTTP/1.0" 200 5411 "https://autenrieth.inglory.de/author/inglory/" "Mozilla/5.0 (X11; Linux x86_64) AppleWebKit/537.36 (KHTML, like Gecko) Chrome/121.0.0.0 Safari/537.36"
74.125.210.39 - - [12/Mar/2026:20:01:37 +0100] "GET /wp-content/plugins/elementor-pro/assets/js/elements-handlers.min.js,qver=3.21.2.pagespeed.ce.gzkS2wmBaY.js HTTP/1.0" 200 13486 "https://autenrieth.inglory.de/datenschutz/" "Mozilla/5.0 (X11; Linux x86_64) AppleWebKit/537.36 (KHTML, like Gecko) Chrome/121.0.0.0 Safari/537.36"
74.125.210.39 - - [12/Mar/2026:20:01:37 +0100] "GET /wp-content/uploads/elementor/css/post-19.css?ver=1723465678 HTTP/1.0" 200 11241 "https://autenrieth.inglory.de/" "Mozilla/5.0 (Linux; U; Android 4.3; en-us; SM-N900T Build/JSS15J) AppleWebKit/534.30 (KHTML, like Gecko) Version/4.0 Mobile Safari/534.30"
66.249.88.199 - - [12/Mar/2026:20:01:37 +0100] "GET /wp-content/uploads/elementor/css/A.post-7.css,qver=1723465678.pagespeed.cf.7I9b0YqvI0.css HTTP/1.0" 200 5162 "https://autenrieth.inglory.de/" "Mozilla/5.0 (Linux; U; Android 4.3; en-us; SM-N900T Build/JSS15J) AppleWebKit/534.30 (KHTML, like Gecko) Version/4.0 Mobile Safari/534.30"
192.178.15.2 - - [12/Mar/2026:20:01:37 +0100] "GET /wp-content/themes/hello-elementor/assets/css/reset.css,qver=3.4.6.pagespeed.ce.r0uWONaZVx.css HTTP/1.0" 200 5976 "https://autenrieth.inglory.de/author/inglory/" "Mozilla/5.0 (X11; Linux x86_64) AppleWebKit/537.36 (KHTML, like Gecko) Chrome/121.0.0.0 Safari/537.36"
66.249.88.198 - - [12/Mar/2026:20:01:37 +0100] "GET /wp-content/uploads/elementor/css/post-19.css?ver=1723465678 HTTP/1.0" 200 11241 "https://autenrieth.inglory.de/" "Mozilla/5.0 (Linux; U; Android 4.3; en-us; SM-N900T Build/JSS15J) AppleWebKit/534.30 (KHTML, like Gecko) Version/4.0 Mobile Safari/534.30"
66.249.88.199 - - [12/Mar/2026:20:01:37 +0100] "GET /wp-content/uploads/elementor/css/custom-pro-frontend-lite.min.css,qver=1723465678.pagespeed.ce.1B0riWj0t8.css HTTP/1.0" 200 5625 "https://autenrieth.inglory.de/" "Mozilla/5.0 (Linux; U; Android 4.3; en-us; SM-N900T Build/JSS15J) AppleWebKit/534.30 (KHTML, like Gecko) Version/4.0 Mobile Safari/534.30"
192.178.15.2 - - [12/Mar/2026:20:01:37 +0100] "GET /wp-content/plugins/loftloader-pro/assets/css/A.loftloader.min.css,qver=2022112801.pagespeed.cf.022XFbJey_.css HTTP/1.0" 200 11044 "https://autenrieth.inglory.de/author/inglory/" "Mozilla/5.0 (X11; Linux x86_64) AppleWebKit/537.36 (KHTML, like Gecko) Chrome/121.0.0.0 Safari/537.36"
66.249.88.198 - - [12/Mar/2026:20:01:37 +0100] "GET /wp-content/plugins/elementor/assets/lib/swiper/css/swiper.min.css,qver=5.3.6.pagespeed.ce.vK13gbPnTb.css HTTP/1.0" 200 6594 "https://autenrieth.inglory.de/" "Mozilla/5.0 (Linux; U; Android 4.3; en-us; SM-N900T Build/JSS15J) AppleWebKit/534.30 (KHTML, like Gecko) Version/4.0 Mobile Safari/534.30"
192.178.15.2 - - [12/Mar/2026:20:01:37 +0100] "GET /wp-content/uploads/2024/02/OBJECTS-3-1.svg HTTP/1.0" 200 75614 "https://autenrieth.inglory.de/datenschutz/" "Mozilla/5.0 (X11; Linux x86_64) AppleWebKit/537.36 (KHTML, like Gecko) Chrome/121.0.0.0 Safari/537.36"
74.125.210.39 - - [12/Mar/2026:20:01:37 +0100] "GET /wp-content/uploads/elementor/css/A.post-388.css,qver=1723465678.pagespeed.cf.5cGqs5akQO.css HTTP/1.0" 200 5267 "https://autenrieth.inglory.de/" "Mozilla/5.0 (Linux; U; Android 4.3; en-us; SM-N900T Build/JSS15J) AppleWebKit/534.30 (KHTML, like Gecko) Version/4.0 Mobile Safari/534.30"
74.125.210.39 - - [12/Mar/2026:20:01:37 +0100] "GET /wp-content/plugins/mystickyelements-pro,_js,_mystickyelements-fronted.min.js,qver==2.0.7+elementor-pro,_assets,_lib,_smartmenus,_jquery.smartmenus.min.js,qver==1.2.1.pagespeed.jc.Jf9k061WOB.js HTTP/1.0" 200 16099 "https://autenrieth.inglory.de/datenschutz/" "Mozilla/5.0 (X11; Linux x86_64) AppleWebKit/537.36 (KHTML, like Gecko) Chrome/121.0.0.0 Safari/537.36"
74.125.210.32 - - [12/Mar/2026:20:01:37 +0100] "GET /wp-content/plugins/elementor/assets/lib/font-awesome/webfonts/fa-brands-400.woff2 HTTP/1.0" 200 85751 "https://autenrieth.inglory.de/datenschutz/" "Mozilla/5.0 (X11; Linux x86_64) AppleWebKit/537.36 (KHTML, like Gecko) Chrome/121.0.0.0 Safari/537.36"
192.178.15.3 - - [12/Mar/2026:20:01:37 +0100] "GET /wp-content/plugins/elementor/assets/lib/eicons/css/A.elementor-icons.min.css,qver=5.30.0.pagespeed.cf.aHMuBxXHzb.css HTTP/1.0" 200 8121 "https://autenrieth.inglory.de/author/inglory/" "Mozilla/5.0 (X11; Linux x86_64) AppleWebKit/537.36 (KHTML, like Gecko) Chrome/121.0.0.0 Safari/537.36"
192.178.15.3 - - [12/Mar/2026:20:01:37 +0100] "GET /wp-content/uploads/elementor/css/A.custom-frontend-lite.min.css,qver=1723465678.pagespeed.cf.6iuHL0lgWF.css HTTP/1.0" 200 26837 "https://autenrieth.inglory.de/author/inglory/" "Mozilla/5.0 (X11; Linux x86_64) AppleWebKit/537.36 (KHTML, like Gecko) Chrome/121.0.0.0 Safari/537.36"
66.249.88.198 - - [12/Mar/2026:20:01:37 +0100] "GET /wp-content/plugins/borlabs-cookie/assets/images/borlabs-cookie-widget-a.svg HTTP/1.0" 200 5933 "https://autenrieth.inglory.de/datenschutz/" "Mozilla/5.0 (X11; Linux x86_64) AppleWebKit/537.36 (KHTML, like Gecko) Chrome/121.0.0.0 Safari/537.36"
66.249.88.192 - - [12/Mar/2026:20:01:37 +0100] "GET /wp-content/plugins/elementor/assets/js/text-editor.2c35aafbe5bf0e127950.bundle.min.js HTTP/1.0" 200 4732 "https://autenrieth.inglory.de/datenschutz/" "Mozilla/5.0 (X11; Linux x86_64) AppleWebKit/537.36 (KHTML, like Gecko) Chrome/121.0.0.0 Safari/537.36"
66.249.88.192 - - [12/Mar/2026:20:01:37 +0100] "GET /wp-content/plugins/elementor-pro/assets/js/nav-menu.d43af66e5000fd109c04.bundle.min.js HTTP/1.0" 200 5898 "https://autenrieth.inglory.de/datenschutz/" "Mozilla/5.0 (X11; Linux x86_64) AppleWebKit/537.36 (KHTML, like Gecko) Chrome/121.0.0.0 Safari/537.36"
74.125.210.38 - - [12/Mar/2026:20:01:37 +0100] "GET /wp-content/plugins/elementor/assets/lib/font-awesome/webfonts/fa-solid-900.woff2 HTTP/1.0" 200 82335 "https://autenrieth.inglory.de/datenschutz/" "Mozilla/5.0 (X11; Linux x86_64) AppleWebKit/537.36 (KHTML, like Gecko) Chrome/121.0.0.0 Safari/537.36"
74.125.210.39 - - [12/Mar/2026:20:01:37 +0100] "GET /wp-content/cache/borlabs-cookie/1/A.borlabs-cookie-1-de.css,qver=3.0.1-425.pagespeed.cf.ZW6QnaYjdc.css HTTP/1.0" 200 15614 "https://autenrieth.inglory.de/" "Mozilla/5.0 (Linux; U; Android 4.3; en-us; SM-N900T Build/JSS15J) AppleWebKit/534.30 (KHTML, like Gecko) Version/4.0 Mobile Safari/534.30"
