66.249.84.104 - - [12/Mar/2026:20:01:46 +0100] "POST /mod_pagespeed_beacon?url=https%3A%2F%2Fautenrieth.inglory.de%2Fimpressum%2F HTTP/1.0" 204 3899 "https://autenrieth.inglory.de/impressum/" "Mozilla/5.0 (Linux; U; Android 4.3; en-us; SM-N900T Build/JSS15J) AppleWebKit/534.30 (KHTML, like Gecko) Version/4.0 Mobile Safari/534.30"
192.178.15.3 - - [12/Mar/2026:20:01:46 +0100] "GET /wp-content/uploads/elementor/css/A.post-1145.css,qver=1723468771.pagespeed.cf._wwCjaMyxK.css HTTP/1.0" 200 5216 "https://autenrieth.inglory.de/datenschutz/" "Mozilla/5.0 (X11; Linux x86_64) AppleWebKit/537.36 (KHTML, like Gecko) Chrome/121.0.0.0 Safari/537.36"
192.178.15.1 - - [12/Mar/2026:20:01:46 +0100] "GET /wp-content/uploads/2024/02/Silver-4-1.png.pagespeed.ce.XRILFid8E2.png HTTP/1.0" 200 11761 "https://autenrieth.inglory.de/" "Mozilla/5.0 (Linux; U; Android 4.3; en-us; SM-N900T Build/JSS15J) AppleWebKit/534.30 (KHTML, like Gecko) Version/4.0 Mobile Safari/534.30"
192.178.15.2 - - [12/Mar/2026:20:01:46 +0100] "GET /wp-content/uploads/elementor/css/custom-pro-frontend-lite.min.css,qver=1723465678.pagespeed.ce.1B0riWj0t8.css HTTP/1.0" 200 5625 "https://autenrieth.inglory.de/datenschutz/" "Mozilla/5.0 (X11; Linux x86_64) AppleWebKit/537.36 (KHTML, like Gecko) Chrome/121.0.0.0 Safari/537.36"
192.178.15.1 - - [12/Mar/2026:20:01:46 +0100] "GET /wp-content/cache/borlabs-cookie/1/A.borlabs-cookie-1-de.css,qver=3.0.1-425.pagespeed.cf.ZW6QnaYjdc.css HTTP/1.0" 200 15614 "https://autenrieth.inglory.de/datenschutz/" "Mozilla/5.0 (X11; Linux x86_64) AppleWebKit/537.36 (KHTML, like Gecko) Chrome/121.0.0.0 Safari/537.36"
192.178.15.3 - - [12/Mar/2026:20:01:46 +0100] "GET /wp-content/uploads/elementor/css/A.post-281.css,qver=1723465678.pagespeed.cf.XCG_GVcWQ2.css HTTP/1.0" 200 5673 "https://autenrieth.inglory.de/datenschutz/" "Mozilla/5.0 (X11; Linux x86_64) AppleWebKit/537.36 (KHTML, like Gecko) Chrome/121.0.0.0 Safari/537.36"
192.178.15.1 - - [12/Mar/2026:20:01:46 +0100] "GET /wp-content/uploads/2024/04/Frame-1261156715-3.jpg HTTP/1.0" 200 50499 "https://autenrieth.inglory.de/" "Mozilla/5.0 (Linux; U; Android 4.3; en-us; SM-N900T Build/JSS15J) AppleWebKit/534.30 (KHTML, like Gecko) Version/4.0 Mobile Safari/534.30"
66.249.84.106 - - [12/Mar/2026:20:01:46 +0100] "GET /wp-content/plugins/borlabs-cookie/assets/css/base-button.38f38120.min.css HTTP/1.0" 200 4297 "https://autenrieth.inglory.de/" "Mozilla/5.0 (Linux; U; Android 4.3; en-us; SM-N900T Build/JSS15J) AppleWebKit/534.30 (KHTML, like Gecko) Version/4.0 Mobile Safari/534.30"
74.125.210.38 - - [12/Mar/2026:20:01:46 +0100] "GET /wp-content/plugins/borlabs-cookie/assets/javascript/_commonjsHelpers.187a63f9.min.js HTTP/1.0" 200 4389 "-" "Mozilla/5.0 (X11; Linux x86_64) AppleWebKit/537.36 (KHTML, like Gecko) Chrome/121.0.0.0 Safari/537.36"
192.178.15.3 - - [12/Mar/2026:20:01:46 +0100] "GET /wp-content/uploads/2024/04/Frame-1261156715-1-1.jpg HTTP/1.0" 200 94402 "https://autenrieth.inglory.de/" "Mozilla/5.0 (Linux; U; Android 4.3; en-us; SM-N900T Build/JSS15J) AppleWebKit/534.30 (KHTML, like Gecko) Version/4.0 Mobile Safari/534.30"
192.178.15.2 - - [12/Mar/2026:20:01:46 +0100] "GET /wp-content/plugins/elementor/assets/lib/swiper/swiper.min.js?ver=5.3.6 HTTP/1.0" 200 39379 "https://autenrieth.inglory.de/" "Mozilla/5.0 (Linux; U; Android 4.3; en-us; SM-N900T Build/JSS15J) AppleWebKit/534.30 (KHTML, like Gecko) Version/4.0 Mobile Safari/534.30"
192.178.15.2 - - [12/Mar/2026:20:01:46 +0100] "GET /wp-content/plugins/mystickyelements-pro/css/A.mystickyelements-front.min.css,qver=2.0.7.pagespeed.cf.Rih4iCCZha.css HTTP/1.0" 200 18258 "https://autenrieth.inglory.de/datenschutz/" "Mozilla/5.0 (X11; Linux x86_64) AppleWebKit/537.36 (KHTML, like Gecko) Chrome/121.0.0.0 Safari/537.36"
74.125.210.38 - - [12/Mar/2026:20:01:46 +0100] "GET /wp-content/plugins/borlabs-cookie/assets/javascript/use-iabtcf-purposes.261b12e4.min.js HTTP/1.0" 200 4554 "-" "Mozilla/5.0 (X11; Linux x86_64) AppleWebKit/537.36 (KHTML, like Gecko) Chrome/121.0.0.0 Safari/537.36"
74.125.210.32 - - [12/Mar/2026:20:01:46 +0100] "GET /wp-content/uploads/2024/02/BLACK-1.png.pagespeed.ce.k2bApd-ckm.png HTTP/1.0" 200 16608 "https://autenrieth.inglory.de/" "Mozilla/5.0 (Linux; U; Android 4.3; en-us; SM-N900T Build/JSS15J) AppleWebKit/534.30 (KHTML, like Gecko) Version/4.0 Mobile Safari/534.30"
74.125.210.32 - - [12/Mar/2026:20:01:46 +0100] "GET /wp-content/plugins/borlabs-cookie/assets/javascript/use-special-features.8baed93f.min.js HTTP/1.0" 200 4560 "-" "Mozilla/5.0 (X11; Linux x86_64) AppleWebKit/537.36 (KHTML, like Gecko) Chrome/121.0.0.0 Safari/537.36"
66.249.84.105 - - [12/Mar/2026:20:01:46 +0100] "GET /wp-content/plugins/borlabs-cookie/assets/javascript/use-iabtcf-vendors.698208c6.min.js HTTP/1.0" 200 4844 "-" "Mozilla/5.0 (X11; Linux x86_64) AppleWebKit/537.36 (KHTML, like Gecko) Chrome/121.0.0.0 Safari/537.36"
74.125.210.32 - - [12/Mar/2026:20:01:46 +0100] "GET /wp-content/plugins/borlabs-cookie/assets/javascript/x-icon.0dc80929.min.js HTTP/1.0" 200 4610 "-" "Mozilla/5.0 (X11; Linux x86_64) AppleWebKit/537.36 (KHTML, like Gecko) Chrome/121.0.0.0 Safari/537.36"
192.178.15.3 - - [12/Mar/2026:20:01:46 +0100] "GET /wp-content/uploads/2024/02/Layer-2-1-1.png.pagespeed.ce.no3tKKX3NA.png HTTP/1.0" 200 39848 "https://autenrieth.inglory.de/" "Mozilla/5.0 (Linux; U; Android 4.3; en-us; SM-N900T Build/JSS15J) AppleWebKit/534.30 (KHTML, like Gecko) Version/4.0 Mobile Safari/534.30"
192.178.15.1 - - [12/Mar/2026:20:01:46 +0100] "GET /wp-content/uploads/2024/04/Frame-1261156715-2-1.jpg HTTP/1.0" 200 264581 "https://autenrieth.inglory.de/" "Mozilla/5.0 (Linux; U; Android 4.3; en-us; SM-N900T Build/JSS15J) AppleWebKit/534.30 (KHTML, like Gecko) Version/4.0 Mobile Safari/534.30"
192.178.15.3 - - [12/Mar/2026:20:01:46 +0100] "GET /wp-content/uploads/2024/04/Frame-1261156729-2-1.jpg HTTP/1.0" 200 370135 "https://autenrieth.inglory.de/" "Mozilla/5.0 (X11; Linux x86_64) AppleWebKit/537.36 (KHTML, like Gecko) Chrome/121.0.0.0 Safari/537.36"
192.178.15.2 - - [12/Mar/2026:20:01:46 +0100] "GET /wp-content/uploads/2024/02/BLACK-1.png.pagespeed.ce.k2bApd-ckm.png HTTP/1.0" 200 16608 "https://autenrieth.inglory.de/" "Mozilla/5.0 (Linux; U; Android 4.3; en-us; SM-N900T Build/JSS15J) AppleWebKit/534.30 (KHTML, like Gecko) Version/4.0 Mobile Safari/534.30"
66.249.84.106 - - [12/Mar/2026:20:01:46 +0100] "GET /wp-content/plugins/borlabs-cookie/assets/javascript/borlabs-widget.87b9a45d.min.js HTTP/1.0" 200 4797 "-" "Mozilla/5.0 (X11; Linux x86_64) AppleWebKit/537.36 (KHTML, like Gecko) Chrome/121.0.0.0 Safari/537.36"
74.125.210.38 - - [12/Mar/2026:20:01:46 +0100] "GET /wp-content/uploads/2024/02/Frame-1261156714-1.png.pagespeed.ce.q73933vK6c.png HTTP/1.0" 200 50975 "https://autenrieth.inglory.de/" "Mozilla/5.0 (Linux; U; Android 4.3; en-us; SM-N900T Build/JSS15J) AppleWebKit/534.30 (KHTML, like Gecko) Version/4.0 Mobile Safari/534.30"
66.249.84.104 - - [12/Mar/2026:20:01:46 +0100] "GET /wp-content/uploads/2024/02/Pattern.svg HTTP/1.0" 200 9820 "https://autenrieth.inglory.de/" "Mozilla/5.0 (Linux; U; Android 4.3; en-us; SM-N900T Build/JSS15J) AppleWebKit/534.30 (KHTML, like Gecko) Version/4.0 Mobile Safari/534.30"
192.178.15.3 - - [12/Mar/2026:20:01:46 +0100] "GET /wp-content/uploads/2024/04/Frame-1261156730-3.jpg HTTP/1.0" 200 60820 "https://autenrieth.inglory.de/" "Mozilla/5.0 (X11; Linux x86_64) AppleWebKit/537.36 (KHTML, like Gecko) Chrome/121.0.0.0 Safari/537.36"
66.249.84.104 - - [12/Mar/2026:20:01:46 +0100] "GET /wp-content/plugins/borlabs-cookie/assets/javascript/iabtcf.cc626483.min.js HTTP/1.0" 200 21913 "-" "Mozilla/5.0 (X11; Linux x86_64) AppleWebKit/537.36 (KHTML, like Gecko) Chrome/121.0.0.0 Safari/537.36"
66.249.84.105 - - [12/Mar/2026:20:01:46 +0100] "GET /wp-content/plugins/elementor/assets/lib/dialog/dialog.min.js?ver=4.9.0 HTTP/1.0" 200 7545 "https://autenrieth.inglory.de/impressum/" "Mozilla/5.0 (X11; Linux x86_64) AppleWebKit/537.36 (KHTML, like Gecko) Chrome/121.0.0.0 Safari/537.36"
74.125.210.38 - - [12/Mar/2026:20:01:46 +0100] "GET /wp-content/plugins/elementor-pro/assets/js/nav-menu.d43af66e5000fd109c04.bundle.min.js HTTP/1.0" 200 5906 "https://autenrieth.inglory.de/" "Mozilla/5.0 (Linux; U; Android 4.3; en-us; SM-N900T Build/JSS15J) AppleWebKit/534.30 (KHTML, like Gecko) Version/4.0 Mobile Safari/534.30"
192.178.15.3 - - [12/Mar/2026:20:01:46 +0100] "GET /wp-content/uploads/2024/04/Frame-1261156729-2-1.jpg HTTP/1.0" 200 370135 "https://autenrieth.inglory.de/" "Mozilla/5.0 (X11; Linux x86_64) AppleWebKit/537.36 (KHTML, like Gecko) Chrome/121.0.0.0 Safari/537.36"
192.178.15.2 - - [12/Mar/2026:20:01:46 +0100] "GET /wp-content/uploads/2024/04/2-1.jpg HTTP/1.0" 200 96164 "https://autenrieth.inglory.de/" "Mozilla/5.0 (Linux; U; Android 4.3; en-us; SM-N900T Build/JSS15J) AppleWebKit/534.30 (KHTML, like Gecko) Version/4.0 Mobile Safari/534.30"
66.249.84.105 - - [12/Mar/2026:20:01:46 +0100] "GET /wp-content/uploads/2024/02/xcropped-Logo-SVG-1-32x32.png.pagespeed.ic.re2N8Js9cQ.webp HTTP/1.0" 200 4967 "https://autenrieth.inglory.de/author/inglory/" "Mozilla/5.0 (X11; Linux x86_64) AppleWebKit/537.36 (KHTML, like Gecko) Chrome/121.0.0.0 Safari/537.36"
66.249.84.105 - - [12/Mar/2026:20:01:46 +0100] "GET /wp-content/plugins/borlabs-cookie/assets/css/borlabs-cookie-box.50ba957b.min.css HTTP/1.0" 200 4917 "https://autenrieth.inglory.de/" "Mozilla/5.0 (Linux; U; Android 4.3; en-us; SM-N900T Build/JSS15J) AppleWebKit/534.30 (KHTML, like Gecko) Version/4.0 Mobile Safari/534.30"
66.249.84.106 - - [12/Mar/2026:20:01:46 +0100] "GET /wp-content/uploads/elementor/css/A.post-7.css,qver=1723465678.pagespeed.cf.7I9b0YqvI0.css HTTP/1.0" 200 5162 "https://autenrieth.inglory.de/impressum/" "Mozilla/5.0 (Linux; U; Android 4.3; en-us; SM-N900T Build/JSS15J) AppleWebKit/534.30 (KHTML, like Gecko) Version/4.0 Mobile Safari/534.30"
74.125.210.39 - - [12/Mar/2026:20:01:46 +0100] "GET /wp-content/plugins/elementor/assets/js/text-editor.2c35aafbe5bf0e127950.bundle.min.js HTTP/1.0" 200 4870 "https://autenrieth.inglory.de/" "Mozilla/5.0 (Linux; U; Android 4.3; en-us; SM-N900T Build/JSS15J) AppleWebKit/534.30 (KHTML, like Gecko) Version/4.0 Mobile Safari/534.30"
74.125.210.32 - - [12/Mar/2026:20:01:46 +0100] "GET /wp-content/plugins/borlabs-cookie/assets/javascript/base-button.f7e450d7.min.js HTTP/1.0" 200 4652 "-" "Mozilla/5.0 (X11; Linux x86_64) AppleWebKit/537.36 (KHTML, like Gecko) Chrome/121.0.0.0 Safari/537.36"
192.178.15.2 - - [12/Mar/2026:20:01:46 +0100] "GET /wp-content/uploads/2024/04/Frame-1261156730-2-1.jpg HTTP/1.0" 200 102000 "https://autenrieth.inglory.de/" "Mozilla/5.0 (X11; Linux x86_64) AppleWebKit/537.36 (KHTML, like Gecko) Chrome/121.0.0.0 Safari/537.36"
192.178.15.3 - - [12/Mar/2026:20:01:44 +0100] "GET /wp-content/uploads/2024/02/xTraditional-Line-1.png.pagespeed.ic.RGdbbOJID9.webp HTTP/1.0" 200 61801 "https://autenrieth.inglory.de/" "Mozilla/5.0 (X11; Linux x86_64) AppleWebKit/537.36 (KHTML, like Gecko) Chrome/121.0.0.0 Safari/537.36"
66.249.84.104 - - [12/Mar/2026:20:01:46 +0100] "GET /wp-content/plugins/borlabs-cookie/assets/javascript/_commonjsHelpers.187a63f9.min.js HTTP/1.0" 200 4389 "-" "Mozilla/5.0 (X11; Linux x86_64) AppleWebKit/537.36 (KHTML, like Gecko) Chrome/121.0.0.0 Safari/537.36"
74.125.210.32 - - [12/Mar/2026:20:01:46 +0100] "GET /wp-content/plugins/elementor-pro/assets/js/carousel.9b02b45d7826c1c48f33.bundle.min.js HTTP/1.0" 200 5923 "https://autenrieth.inglory.de/" "Mozilla/5.0 (Linux; U; Android 4.3; en-us; SM-N900T Build/JSS15J) AppleWebKit/534.30 (KHTML, like Gecko) Version/4.0 Mobile Safari/534.30"
192.178.15.2 - - [12/Mar/2026:20:01:46 +0100] "GET /wp-content/plugins/mystickyelements-pro/intl-tel-input-src/build/css/A.intlTelInput.css,qver=2.0.7.pagespeed.cf.IOX6y97evN.css HTTP/1.0" 200 7110 "https://autenrieth.inglory.de/datenschutz/" "Mozilla/5.0 (X11; Linux x86_64) AppleWebKit/537.36 (KHTML, like Gecko) Chrome/121.0.0.0 Safari/537.36"
66.249.84.106 - - [12/Mar/2026:20:01:46 +0100] "GET /wp-content/plugins/borlabs-cookie/assets/javascript/use-iabtcf-purposes.261b12e4.min.js HTTP/1.0" 200 4554 "-" "Mozilla/5.0 (X11; Linux x86_64) AppleWebKit/537.36 (KHTML, like Gecko) Chrome/121.0.0.0 Safari/537.36"
192.178.15.2 - - [12/Mar/2026:20:01:46 +0100] "GET /wp-content/uploads/2024/04/1-1.jpg HTTP/1.0" 200 112801 "https://autenrieth.inglory.de/" "Mozilla/5.0 (Linux; U; Android 4.3; en-us; SM-N900T Build/JSS15J) AppleWebKit/534.30 (KHTML, like Gecko) Version/4.0 Mobile Safari/534.30"
192.178.15.3 - - [12/Mar/2026:20:01:46 +0100] "GET /wp-content/uploads/2024/02/x-close.svg HTTP/1.0" 200 4208 "https://autenrieth.inglory.de/" "Mozilla/5.0 (Linux; U; Android 4.3; en-us; SM-N900T Build/JSS15J) AppleWebKit/534.30 (KHTML, like Gecko) Version/4.0 Mobile Safari/534.30"
66.249.84.105 - - [12/Mar/2026:20:01:46 +0100] "GET /wp-content/plugins/elementor/assets/lib/swiper/css/swiper.min.css,qver=5.3.6.pagespeed.ce.vK13gbPnTb.css HTTP/1.0" 200 6594 "https://autenrieth.inglory.de/impressum/" "Mozilla/5.0 (Linux; U; Android 4.3; en-us; SM-N900T Build/JSS15J) AppleWebKit/534.30 (KHTML, like Gecko) Version/4.0 Mobile Safari/534.30"
192.178.15.2 - - [12/Mar/2026:20:01:46 +0100] "GET /wp-content/uploads/2024/02/Frame-1261156714-1.png.pagespeed.ce.q73933vK6c.png HTTP/1.0" 200 50975 "https://autenrieth.inglory.de/" "Mozilla/5.0 (Linux; U; Android 4.3; en-us; SM-N900T Build/JSS15J) AppleWebKit/534.30 (KHTML, like Gecko) Version/4.0 Mobile Safari/534.30"
66.249.84.106 - - [12/Mar/2026:20:01:46 +0100] "GET /wp-content/uploads/2024/02/xFrame-1261156742-1.png.pagespeed.ic.MyddBY2nY4.png HTTP/1.0" 200 92031 "https://autenrieth.inglory.de/" "Mozilla/5.0 (Linux; U; Android 4.3; en-us; SM-N900T Build/JSS15J) AppleWebKit/534.30 (KHTML, like Gecko) Version/4.0 Mobile Safari/534.30"
74.125.210.38 - - [12/Mar/2026:20:01:46 +0100] "GET /wp-content/plugins/borlabs-cookie/assets/javascript/use-iabtcf-legitimate-interests.1e9766de.min.js HTTP/1.0" 200 4942 "-" "Mozilla/5.0 (X11; Linux x86_64) AppleWebKit/537.36 (KHTML, like Gecko) Chrome/121.0.0.0 Safari/537.36"
66.249.84.105 - - [12/Mar/2026:20:01:46 +0100] "GET /wp-content/plugins/elementor-pro/assets/js/nav-menu.d43af66e5000fd109c04.bundle.min.js HTTP/1.0" 200 5906 "https://autenrieth.inglory.de/impressum/" "Mozilla/5.0 (X11; Linux x86_64) AppleWebKit/537.36 (KHTML, like Gecko) Chrome/121.0.0.0 Safari/537.36"
74.125.210.32 - - [12/Mar/2026:20:01:46 +0100] "GET /wp-content/plugins/borlabs-cookie/assets/javascript/borlabs-widget.87b9a45d.min.js HTTP/1.0" 200 4797 "-" "Mozilla/5.0 (X11; Linux x86_64) AppleWebKit/537.36 (KHTML, like Gecko) Chrome/121.0.0.0 Safari/537.36"
192.178.15.1 - - [12/Mar/2026:20:01:46 +0100] "GET /wp-content/plugins/elementor/assets/lib/dialog/dialog.min.js?ver=4.9.0 HTTP/1.0" 200 7545 "https://autenrieth.inglory.de/" "Mozilla/5.0 (Linux; U; Android 4.3; en-us; SM-N900T Build/JSS15J) AppleWebKit/534.30 (KHTML, like Gecko) Version/4.0 Mobile Safari/534.30"
66.249.84.105 - - [12/Mar/2026:20:01:46 +0100] "GET /wp-content/plugins/elementor/assets/js/text-editor.2c35aafbe5bf0e127950.bundle.min.js HTTP/1.0" 200 4870 "https://autenrieth.inglory.de/impressum/" "Mozilla/5.0 (X11; Linux x86_64) AppleWebKit/537.36 (KHTML, like Gecko) Chrome/121.0.0.0 Safari/537.36"
74.125.210.32 - - [12/Mar/2026:20:01:46 +0100] "GET /wp-content/plugins/elementor/assets/lib/swiper/swiper.min.js?ver=5.3.6 HTTP/1.0" 200 39379 "https://autenrieth.inglory.de/" "Mozilla/5.0 (Linux; U; Android 4.3; en-us; SM-N900T Build/JSS15J) AppleWebKit/534.30 (KHTML, like Gecko) Version/4.0 Mobile Safari/534.30"
192.178.15.3 - - [12/Mar/2026:20:01:46 +0100] "GET /wp-content/plugins/elementor-pro/assets/js/nav-menu.d43af66e5000fd109c04.bundle.min.js HTTP/1.0" 200 5906 "https://autenrieth.inglory.de/" "Mozilla/5.0 (Linux; U; Android 4.3; en-us; SM-N900T Build/JSS15J) AppleWebKit/534.30 (KHTML, like Gecko) Version/4.0 Mobile Safari/534.30"
192.178.15.1 - - [12/Mar/2026:20:01:46 +0100] "GET /wp-content/plugins/elementor/assets/lib/font-awesome/css/A.fontawesome.min.css,qver=5.15.3.pagespeed.cf.OnyloIe9DI.css HTTP/1.0" 200 16478 "https://autenrieth.inglory.de/datenschutz/" "Mozilla/5.0 (X11; Linux x86_64) AppleWebKit/537.36 (KHTML, like Gecko) Chrome/121.0.0.0 Safari/537.36"
66.249.84.104 - - [12/Mar/2026:20:01:46 +0100] "GET /wp-content/uploads/elementor/css/A.post-967.css,qver=1723468767.pagespeed.cf.lh0IawtCYa.css HTTP/1.0" 200 5196 "https://autenrieth.inglory.de/impressum/" "Mozilla/5.0 (Linux; U; Android 4.3; en-us; SM-N900T Build/JSS15J) AppleWebKit/534.30 (KHTML, like Gecko) Version/4.0 Mobile Safari/534.30"
66.249.84.104 - - [12/Mar/2026:20:01:46 +0100] "GET /wp-content/uploads/elementor/css/custom-pro-frontend-lite.min.css,qver=1723465678.pagespeed.ce.1B0riWj0t8.css HTTP/1.0" 200 5625 "https://autenrieth.inglory.de/impressum/" "Mozilla/5.0 (Linux; U; Android 4.3; en-us; SM-N900T Build/JSS15J) AppleWebKit/534.30 (KHTML, like Gecko) Version/4.0 Mobile Safari/534.30"
192.178.15.1 - - [12/Mar/2026:20:01:46 +0100] "GET /wp-content/uploads/elementor/css/A.custom-widget-icon-list.min.css,qver=1723465678.pagespeed.cf.qpO9w4Bi0s.css HTTP/1.0" 200 5080 "https://autenrieth.inglory.de/datenschutz/" "Mozilla/5.0 (X11; Linux x86_64) AppleWebKit/537.36 (KHTML, like Gecko) Chrome/121.0.0.0 Safari/537.36"
192.178.15.1 - - [12/Mar/2026:20:01:46 +0100] "GET /wp-content/plugins/borlabs-cookie/assets/css/base-button.38f38120.min.css HTTP/1.0" 200 4297 "https://autenrieth.inglory.de/datenschutz/" "Mozilla/5.0 (X11; Linux x86_64) AppleWebKit/537.36 (KHTML, like Gecko) Chrome/121.0.0.0 Safari/537.36"
74.125.210.38 - - [12/Mar/2026:20:01:46 +0100] "GET /wp-content/uploads/2024/02/xGold-1-1.png.pagespeed.ic.hLRqjB6BRd.webp HTTP/1.0" 200 10998 "https://autenrieth.inglory.de/" "Mozilla/5.0 (X11; Linux x86_64) AppleWebKit/537.36 (KHTML, like Gecko) Chrome/121.0.0.0 Safari/537.36"
66.249.84.105 - - [12/Mar/2026:20:01:46 +0100] "GET /wp-content/uploads/2024/02/xred-v3-1.png.pagespeed.ic.FiB6O7HznF.png HTTP/1.0" 200 190967 "https://autenrieth.inglory.de/" "Mozilla/5.0 (Linux; U; Android 4.3; en-us; SM-N900T Build/JSS15J) AppleWebKit/534.30 (KHTML, like Gecko) Version/4.0 Mobile Safari/534.30"
192.178.15.1 - - [12/Mar/2026:20:01:46 +0100] "GET /wp-content/uploads/2024/04/Frame-1261156730-1-1.jpg HTTP/1.0" 200 74174 "https://autenrieth.inglory.de/" "Mozilla/5.0 (X11; Linux x86_64) AppleWebKit/537.36 (KHTML, like Gecko) Chrome/121.0.0.0 Safari/537.36"
74.125.210.32 - - [12/Mar/2026:20:01:46 +0100] "GET /wp-content/uploads/2024/02/xBLACK-1.png.pagespeed.ic.c76IXjv-lS.webp HTTP/1.0" 200 15905 "https://autenrieth.inglory.de/" "Mozilla/5.0 (X11; Linux x86_64) AppleWebKit/537.36 (KHTML, like Gecko) Chrome/121.0.0.0 Safari/537.36"
192.178.15.3 - - [12/Mar/2026:20:01:46 +0100] "GET /wp-content/plugins/elementor/assets/lib/animations/animations.min.css,qver=3.23.4.pagespeed.ce.RgG6VQREE3.css HTTP/1.0" 200 6777 "https://autenrieth.inglory.de/datenschutz/" "Mozilla/5.0 (X11; Linux x86_64) AppleWebKit/537.36 (KHTML, like Gecko) Chrome/121.0.0.0 Safari/537.36"
192.178.15.1 - - [12/Mar/2026:20:01:46 +0100] "GET /wp-content/uploads/2024/04/3-2.jpg HTTP/1.0" 200 147870 "https://autenrieth.inglory.de/" "Mozilla/5.0 (Linux; U; Android 4.3; en-us; SM-N900T Build/JSS15J) AppleWebKit/534.30 (KHTML, like Gecko) Version/4.0 Mobile Safari/534.30"
66.249.84.104 - - [12/Mar/2026:20:01:46 +0100] "GET /wp-includes/js/wp-emoji-release.min.js?ver=6.9.4 HTTP/1.0" 200 9375 "https://autenrieth.inglory.de/impressum/" "Mozilla/5.0 (X11; Linux x86_64) AppleWebKit/537.36 (KHTML, like Gecko) Chrome/121.0.0.0 Safari/537.36"
192.178.15.2 - - [12/Mar/2026:20:01:46 +0100] "GET /wp-includes/js/wp-emoji-release.min.js?ver=6.9.4 HTTP/1.0" 200 9375 "https://autenrieth.inglory.de/" "Mozilla/5.0 (Linux; U; Android 4.3; en-us; SM-N900T Build/JSS15J) AppleWebKit/534.30 (KHTML, like Gecko) Version/4.0 Mobile Safari/534.30"
66.249.84.105 - - [12/Mar/2026:20:01:46 +0100] "GET /wp-content/uploads/elementor/css/A.post-388.css,qver=1723465678.pagespeed.cf.5cGqs5akQO.css HTTP/1.0" 200 5267 "https://autenrieth.inglory.de/impressum/" "Mozilla/5.0 (Linux; U; Android 4.3; en-us; SM-N900T Build/JSS15J) AppleWebKit/534.30 (KHTML, like Gecko) Version/4.0 Mobile Safari/534.30"
192.178.15.2 - - [12/Mar/2026:20:01:46 +0100] "GET /wp-content/plugins/elementor/assets/js/text-editor.2c35aafbe5bf0e127950.bundle.min.js HTTP/1.0" 200 4870 "https://autenrieth.inglory.de/" "Mozilla/5.0 (Linux; U; Android 4.3; en-us; SM-N900T Build/JSS15J) AppleWebKit/534.30 (KHTML, like Gecko) Version/4.0 Mobile Safari/534.30"
66.249.84.104 - - [12/Mar/2026:20:01:46 +0100] "GET /wp-content/uploads/2024/02/Silver-4-1.png.pagespeed.ce.XRILFid8E2.png HTTP/1.0" 200 11761 "https://autenrieth.inglory.de/" "Mozilla/5.0 (Linux; U; Android 4.3; en-us; SM-N900T Build/JSS15J) AppleWebKit/534.30 (KHTML, like Gecko) Version/4.0 Mobile Safari/534.30"
192.178.15.3 - - [12/Mar/2026:20:01:46 +0100] "GET /wp-content/plugins/elementor-pro/assets/js/carousel.9b02b45d7826c1c48f33.bundle.min.js HTTP/1.0" 200 5923 "https://autenrieth.inglory.de/" "Mozilla/5.0 (Linux; U; Android 4.3; en-us; SM-N900T Build/JSS15J) AppleWebKit/534.30 (KHTML, like Gecko) Version/4.0 Mobile Safari/534.30"
192.178.15.3 - - [12/Mar/2026:20:01:46 +0100] "GET /wp-content/plugins/borlabs-cookie/assets/images/borlabs-cookie-widget-a.svg HTTP/1.0" 200 5933 "https://autenrieth.inglory.de/" "Mozilla/5.0 (Linux; U; Android 4.3; en-us; SM-N900T Build/JSS15J) AppleWebKit/534.30 (KHTML, like Gecko) Version/4.0 Mobile Safari/534.30"
66.249.84.104 - - [12/Mar/2026:20:01:46 +0100] "GET /wp-content/plugins/borlabs-cookie/assets/javascript/borlabs-cookie-box.cd3478fc.min.js HTTP/1.0" 200 16958 "-" "Mozilla/5.0 (Linux; U; Android 4.3; en-us; SM-N900T Build/JSS15J) AppleWebKit/534.30 (KHTML, like Gecko) Version/4.0 Mobile Safari/534.30"
66.249.84.104 - - [12/Mar/2026:20:01:46 +0100] "GET /wp-content/plugins/borlabs-cookie/assets/javascript/use-special-features.8baed93f.min.js HTTP/1.0" 200 4560 "-" "Mozilla/5.0 (X11; Linux x86_64) AppleWebKit/537.36 (KHTML, like Gecko) Chrome/121.0.0.0 Safari/537.36"
74.125.210.38 - - [12/Mar/2026:20:01:46 +0100] "GET /wp-content/plugins/elementor/assets/lib/dialog/dialog.min.js?ver=4.9.0 HTTP/1.0" 200 7545 "https://autenrieth.inglory.de/" "Mozilla/5.0 (X11; Linux x86_64) AppleWebKit/537.36 (KHTML, like Gecko) Chrome/121.0.0.0 Safari/537.36"
192.178.15.3 - - [12/Mar/2026:20:01:46 +0100] "GET /wp-content/uploads/2024/04/Frame-1261156730-1-1.jpg HTTP/1.0" 200 56803 "https://autenrieth.inglory.de/" "Mozilla/5.0 (X11; Linux x86_64) AppleWebKit/537.36 (KHTML, like Gecko) Chrome/121.0.0.0 Safari/537.36"
74.125.210.39 - - [12/Mar/2026:20:01:46 +0100] "GET /wp-content/uploads/2024/04/Frame-1261156715-1-1.jpg HTTP/1.0" 200 94402 "https://autenrieth.inglory.de/" "Mozilla/5.0 (Linux; U; Android 4.3; en-us; SM-N900T Build/JSS15J) AppleWebKit/534.30 (KHTML, like Gecko) Version/4.0 Mobile Safari/534.30"
74.125.210.38 - - [12/Mar/2026:20:01:46 +0100] "GET /wp-content/uploads/2024/04/Frame-1261156715-3.jpg HTTP/1.0" 200 50499 "https://autenrieth.inglory.de/" "Mozilla/5.0 (Linux; U; Android 4.3; en-us; SM-N900T Build/JSS15J) AppleWebKit/534.30 (KHTML, like Gecko) Version/4.0 Mobile Safari/534.30"
66.249.84.105 - - [12/Mar/2026:20:01:46 +0100] "GET /wp-content/plugins/borlabs-cookie/assets/images/borlabs-cookie-widget-a.svg HTTP/1.0" 200 5933 "https://autenrieth.inglory.de/impressum/" "Mozilla/5.0 (X11; Linux x86_64) AppleWebKit/537.36 (KHTML, like Gecko) Chrome/121.0.0.0 Safari/537.36"
74.125.210.38 - - [12/Mar/2026:20:01:46 +0100] "GET /wp-content/uploads/2024/04/Frame-1261156715-2-1.jpg HTTP/1.0" 200 264581 "https://autenrieth.inglory.de/" "Mozilla/5.0 (Linux; U; Android 4.3; en-us; SM-N900T Build/JSS15J) AppleWebKit/534.30 (KHTML, like Gecko) Version/4.0 Mobile Safari/534.30"
66.249.84.105 - - [12/Mar/2026:20:01:46 +0100] "GET /wp-content/uploads/2024/02/Gold-1-1.png.pagespeed.ce.8OIuI8MJda.png HTTP/1.0" 200 11026 "https://autenrieth.inglory.de/" "Mozilla/5.0 (Linux; U; Android 4.3; en-us; SM-N900T Build/JSS15J) AppleWebKit/534.30 (KHTML, like Gecko) Version/4.0 Mobile Safari/534.30"
66.249.84.104 - - [12/Mar/2026:20:01:46 +0100] "GET /wp-content/plugins/borlabs-cookie/assets/javascript/_plugin-vue_export-helper.c27b6911.min.js HTTP/1.0" 200 4302 "-" "Mozilla/5.0 (Linux; U; Android 4.3; en-us; SM-N900T Build/JSS15J) AppleWebKit/534.30 (KHTML, like Gecko) Version/4.0 Mobile Safari/534.30"
74.125.210.39 - - [12/Mar/2026:20:01:46 +0100] "GET /wp-content/plugins/elementor-pro/assets/js/nav-menu.d43af66e5000fd109c04.bundle.min.js HTTP/1.0" 200 5906 "https://autenrieth.inglory.de/" "Mozilla/5.0 (X11; Linux x86_64) AppleWebKit/537.36 (KHTML, like Gecko) Chrome/121.0.0.0 Safari/537.36"
74.125.210.32 - - [12/Mar/2026:20:01:46 +0100] "GET /wp-content/plugins/elementor/assets/js/text-editor.2c35aafbe5bf0e127950.bundle.min.js HTTP/1.0" 200 4870 "https://autenrieth.inglory.de/" "Mozilla/5.0 (X11; Linux x86_64) AppleWebKit/537.36 (KHTML, like Gecko) Chrome/121.0.0.0 Safari/537.36"
66.249.84.104 - - [12/Mar/2026:20:01:46 +0100] "GET /wp-content/plugins/borlabs-cookie/assets/javascript/x-icon.0dc80929.min.js HTTP/1.0" 200 4610 "-" "Mozilla/5.0 (X11; Linux x86_64) AppleWebKit/537.36 (KHTML, like Gecko) Chrome/121.0.0.0 Safari/537.36"
192.178.15.2 - - [12/Mar/2026:20:01:46 +0100] "GET /wp-content/plugins/elementor/assets/lib/swiper/swiper.min.js?ver=5.3.6 HTTP/1.0" 200 39379 "https://autenrieth.inglory.de/" "Mozilla/5.0 (Linux; U; Android 4.3; en-us; SM-N900T Build/JSS15J) AppleWebKit/534.30 (KHTML, like Gecko) Version/4.0 Mobile Safari/534.30"
66.249.84.104 - - [12/Mar/2026:20:01:46 +0100] "GET /wp-content/plugins/borlabs-cookie/assets/javascript/base-button.f7e450d7.min.js HTTP/1.0" 200 4652 "-" "Mozilla/5.0 (X11; Linux x86_64) AppleWebKit/537.36 (KHTML, like Gecko) Chrome/121.0.0.0 Safari/537.36"
192.178.15.3 - - [12/Mar/2026:20:01:46 +0100] "GET /wp-includes/js/wp-emoji-release.min.js?ver=6.9.4 HTTP/1.0" 200 9375 "https://autenrieth.inglory.de/" "Mozilla/5.0 (X11; Linux x86_64) AppleWebKit/537.36 (KHTML, like Gecko) Chrome/121.0.0.0 Safari/537.36"
192.178.15.1 - - [12/Mar/2026:20:01:46 +0100] "GET /wp-content/uploads/2024/04/Frame-1261156715-3.jpg HTTP/1.0" 200 50499 "https://autenrieth.inglory.de/" "Mozilla/5.0 (Linux; U; Android 4.3; en-us; SM-N900T Build/JSS15J) AppleWebKit/534.30 (KHTML, like Gecko) Version/4.0 Mobile Safari/534.30"
66.249.84.104 - - [12/Mar/2026:20:01:46 +0100] "GET /wp-content/plugins/borlabs-cookie/assets/javascript/use-iabtcf-vendors.698208c6.min.js HTTP/1.0" 200 4844 "-" "Mozilla/5.0 (Linux; U; Android 4.3; en-us; SM-N900T Build/JSS15J) AppleWebKit/534.30 (KHTML, like Gecko) Version/4.0 Mobile Safari/534.30"
74.125.210.39 - - [12/Mar/2026:20:01:46 +0100] "GET /wp-content/plugins/elementor-pro/assets/js/carousel.9b02b45d7826c1c48f33.bundle.min.js HTTP/1.0" 200 5923 "https://autenrieth.inglory.de/" "Mozilla/5.0 (X11; Linux x86_64) AppleWebKit/537.36 (KHTML, like Gecko) Chrome/121.0.0.0 Safari/537.36"
74.125.210.39 - - [12/Mar/2026:20:01:46 +0100] "GET /wp-content/plugins/elementor/assets/lib/swiper/swiper.min.js?ver=5.3.6 HTTP/1.0" 200 39379 "https://autenrieth.inglory.de/" "Mozilla/5.0 (X11; Linux x86_64) AppleWebKit/537.36 (KHTML, like Gecko) Chrome/121.0.0.0 Safari/537.36"
192.178.15.1 - - [12/Mar/2026:20:01:46 +0100] "GET /wp-content/uploads/2024/04/Frame-1261156715-1-1.jpg HTTP/1.0" 200 94402 "https://autenrieth.inglory.de/" "Mozilla/5.0 (Linux; U; Android 4.3; en-us; SM-N900T Build/JSS15J) AppleWebKit/534.30 (KHTML, like Gecko) Version/4.0 Mobile Safari/534.30"
66.249.84.106 - - [12/Mar/2026:20:01:46 +0100] "GET /wp-content/uploads/elementor/css/A.post-281.css,qver=1723465678.pagespeed.cf.XCG_GVcWQ2.css HTTP/1.0" 200 5673 "https://autenrieth.inglory.de/impressum/" "Mozilla/5.0 (Linux; U; Android 4.3; en-us; SM-N900T Build/JSS15J) AppleWebKit/534.30 (KHTML, like Gecko) Version/4.0 Mobile Safari/534.30"
66.249.84.106 - - [12/Mar/2026:20:01:46 +0100] "GET /wp-content/plugins/borlabs-cookie/assets/javascript/borlabs-widget.87b9a45d.min.js HTTP/1.0" 200 4797 "-" "Mozilla/5.0 (X11; Linux x86_64) AppleWebKit/537.36 (KHTML, like Gecko) Chrome/121.0.0.0 Safari/537.36"
66.249.84.106 - - [12/Mar/2026:20:01:46 +0100] "GET /wp-content/plugins/borlabs-cookie/assets/javascript/use-iabtcf-legitimate-interests.1e9766de.min.js HTTP/1.0" 200 4942 "-" "Mozilla/5.0 (X11; Linux x86_64) AppleWebKit/537.36 (KHTML, like Gecko) Chrome/121.0.0.0 Safari/537.36"
192.178.15.1 - - [12/Mar/2026:20:01:46 +0100] "GET /wp-content/uploads/2024/04/Frame-1261156715-2-1.jpg HTTP/1.0" 200 264581 "https://autenrieth.inglory.de/" "Mozilla/5.0 (Linux; U; Android 4.3; en-us; SM-N900T Build/JSS15J) AppleWebKit/534.30 (KHTML, like Gecko) Version/4.0 Mobile Safari/534.30"
74.125.210.38 - - [12/Mar/2026:20:01:46 +0100] "GET /wp-content/uploads/2024/04/2-1.jpg HTTP/1.0" 200 96164 "https://autenrieth.inglory.de/" "Mozilla/5.0 (Linux; U; Android 4.3; en-us; SM-N900T Build/JSS15J) AppleWebKit/534.30 (KHTML, like Gecko) Version/4.0 Mobile Safari/534.30"
66.249.84.105 - - [12/Mar/2026:20:01:46 +0100] "GET /wp-content/plugins/mystickyelements-pro/css/A.font-awesome.min.css,qver=2.0.7.pagespeed.cf.4o9rjSkGlP.css HTTP/1.0" 200 15806 "https://autenrieth.inglory.de/impressum/" "Mozilla/5.0 (Linux; U; Android 4.3; en-us; SM-N900T Build/JSS15J) AppleWebKit/534.30 (KHTML, like Gecko) Version/4.0 Mobile Safari/534.30"
66.249.84.105 - - [12/Mar/2026:20:01:46 +0100] "GET /wp-content/uploads/2024/02/BLACK-1.png.pagespeed.ce.k2bApd-ckm.png HTTP/1.0" 200 16608 "https://autenrieth.inglory.de/" "Mozilla/5.0 (Linux; U; Android 4.3; en-us; SM-N900T Build/JSS15J) AppleWebKit/534.30 (KHTML, like Gecko) Version/4.0 Mobile Safari/534.30"
192.178.15.3 - - [12/Mar/2026:20:01:46 +0100] "GET /wp-content/uploads/2024/04/2-1.jpg HTTP/1.0" 200 96164 "https://autenrieth.inglory.de/" "Mozilla/5.0 (Linux; U; Android 4.3; en-us; SM-N900T Build/JSS15J) AppleWebKit/534.30 (KHTML, like Gecko) Version/4.0 Mobile Safari/534.30"
74.125.210.39 - - [12/Mar/2026:20:01:46 +0100] "GET /wp-includes/js/wp-emoji-release.min.js?ver=6.9.4 HTTP/1.0" 200 9375 "https://autenrieth.inglory.de/" "Mozilla/5.0 (Linux; U; Android 4.3; en-us; SM-N900T Build/JSS15J) AppleWebKit/534.30 (KHTML, like Gecko) Version/4.0 Mobile Safari/534.30"
192.178.15.3 - - [12/Mar/2026:20:01:46 +0100] "GET /wp-content/plugins/borlabs-cookie/assets/images/borlabs-cookie-widget-a.svg HTTP/1.0" 200 5933 "https://autenrieth.inglory.de/" "Mozilla/5.0 (X11; Linux x86_64) AppleWebKit/537.36 (KHTML, like Gecko) Chrome/121.0.0.0 Safari/537.36"
192.178.15.2 - - [12/Mar/2026:20:01:46 +0100] "GET /wp-content/uploads/2024/04/1-1.jpg HTTP/1.0" 200 112801 "https://autenrieth.inglory.de/" "Mozilla/5.0 (Linux; U; Android 4.3; en-us; SM-N900T Build/JSS15J) AppleWebKit/534.30 (KHTML, like Gecko) Version/4.0 Mobile Safari/534.30"
66.249.84.104 - - [12/Mar/2026:20:01:46 +0100] "GET /wp-content/plugins/elementor/assets/lib/font-awesome/css/A.fontawesome.min.css,qver=5.15.3.pagespeed.cf.OnyloIe9DI.css HTTP/1.0" 200 16478 "https://autenrieth.inglory.de/impressum/" "Mozilla/5.0 (Linux; U; Android 4.3; en-us; SM-N900T Build/JSS15J) AppleWebKit/534.30 (KHTML, like Gecko) Version/4.0 Mobile Safari/534.30"
66.249.84.104 - - [12/Mar/2026:20:01:46 +0100] "GET /wp-content/uploads/2024/02/Frame-1261156714-1.png.pagespeed.ce.q73933vK6c.png HTTP/1.0" 200 50975 "https://autenrieth.inglory.de/" "Mozilla/5.0 (Linux; U; Android 4.3; en-us; SM-N900T Build/JSS15J) AppleWebKit/534.30 (KHTML, like Gecko) Version/4.0 Mobile Safari/534.30"
66.249.84.105 - - [12/Mar/2026:20:01:46 +0100] "GET /wp-content/plugins/mystickyelements-pro/css/A.mystickyelements-front.min.css,qver=2.0.7.pagespeed.cf.1mvclvofWF.css HTTP/1.0" 200 18251 "https://autenrieth.inglory.de/impressum/" "Mozilla/5.0 (Linux; U; Android 4.3; en-us; SM-N900T Build/JSS15J) AppleWebKit/534.30 (KHTML, like Gecko) Version/4.0 Mobile Safari/534.30"
66.249.84.106 - - [12/Mar/2026:20:01:46 +0100] "GET /wp-content/plugins/mystickyelements-pro/intl-tel-input-src/build/css/A.intlTelInput.css,qver=2.0.7.pagespeed.cf.RC9eEhGsJx.css HTTP/1.0" 200 7102 "https://autenrieth.inglory.de/impressum/" "Mozilla/5.0 (Linux; U; Android 4.3; en-us; SM-N900T Build/JSS15J) AppleWebKit/534.30 (KHTML, like Gecko) Version/4.0 Mobile Safari/534.30"
66.249.84.104 - - [12/Mar/2026:20:01:46 +0100] "GET /wp-content/plugins/borlabs-cookie/assets/javascript/iabtcf.cc626483.min.js HTTP/1.0" 200 21913 "-" "Mozilla/5.0 (Linux; U; Android 4.3; en-us; SM-N900T Build/JSS15J) AppleWebKit/534.30 (KHTML, like Gecko) Version/4.0 Mobile Safari/534.30"
74.125.210.38 - - [12/Mar/2026:20:01:46 +0100] "GET /wp-content/uploads/2024/04/Frame-1261156715-3.jpg HTTP/1.0" 200 50499 "https://autenrieth.inglory.de/" "Mozilla/5.0 (X11; Linux x86_64) AppleWebKit/537.36 (KHTML, like Gecko) Chrome/121.0.0.0 Safari/537.36"
66.249.84.106 - - [12/Mar/2026:20:01:46 +0100] "GET /wp-content/uploads/elementor/css/A.post-753.css,qver=1723465679.pagespeed.cf.SzPR3J2IHw.css HTTP/1.0" 200 5174 "https://autenrieth.inglory.de/impressum/" "Mozilla/5.0 (Linux; U; Android 4.3; en-us; SM-N900T Build/JSS15J) AppleWebKit/534.30 (KHTML, like Gecko) Version/4.0 Mobile Safari/534.30"
66.249.84.105 - - [12/Mar/2026:20:01:46 +0100] "GET /wp-content/plugins/elementor/assets/lib/dialog/dialog.min.js?ver=4.9.0 HTTP/1.0" 200 7545 "https://autenrieth.inglory.de/" "Mozilla/5.0 (Linux; U; Android 4.3; en-us; SM-N900T Build/JSS15J) AppleWebKit/534.30 (KHTML, like Gecko) Version/4.0 Mobile Safari/534.30"
66.249.84.104 - - [12/Mar/2026:20:01:46 +0100] "GET /wp-content/plugins/borlabs-cookie/assets/javascript/_commonjsHelpers.187a63f9.min.js HTTP/1.0" 200 4389 "-" "Mozilla/5.0 (Linux; U; Android 4.3; en-us; SM-N900T Build/JSS15J) AppleWebKit/534.30 (KHTML, like Gecko) Version/4.0 Mobile Safari/534.30"
74.125.210.32 - - [12/Mar/2026:20:01:46 +0100] "GET /wp-content/uploads/2024/04/Frame-1261156715-1-1.jpg HTTP/1.0" 200 94402 "https://autenrieth.inglory.de/" "Mozilla/5.0 (X11; Linux x86_64) AppleWebKit/537.36 (KHTML, like Gecko) Chrome/121.0.0.0 Safari/537.36"
66.249.84.104 - - [12/Mar/2026:20:01:46 +0100] "GET /wp-content/plugins/elementor-pro/assets/js/nav-menu.d43af66e5000fd109c04.bundle.min.js HTTP/1.0" 200 5906 "https://autenrieth.inglory.de/" "Mozilla/5.0 (Linux; U; Android 4.3; en-us; SM-N900T Build/JSS15J) AppleWebKit/534.30 (KHTML, like Gecko) Version/4.0 Mobile Safari/534.30"
74.125.210.39 - - [12/Mar/2026:20:01:46 +0100] "GET /wp-content/uploads/2024/04/Frame-1261156715-2-1.jpg HTTP/1.0" 200 264581 "https://autenrieth.inglory.de/" "Mozilla/5.0 (X11; Linux x86_64) AppleWebKit/537.36 (KHTML, like Gecko) Chrome/121.0.0.0 Safari/537.36"
66.249.84.105 - - [12/Mar/2026:20:01:46 +0100] "GET /wp-content/uploads/2024/02/Group-1261156721.svg HTTP/1.0" 200 5167 "https://autenrieth.inglory.de/" "Mozilla/5.0 (X11; Linux x86_64) AppleWebKit/537.36 (KHTML, like Gecko) Chrome/121.0.0.0 Safari/537.36"
74.125.210.38 - - [12/Mar/2026:20:01:46 +0100] "GET /wp-content/uploads/2024/04/2-1.jpg HTTP/1.0" 200 96164 "https://autenrieth.inglory.de/" "Mozilla/5.0 (X11; Linux x86_64) AppleWebKit/537.36 (KHTML, like Gecko) Chrome/121.0.0.0 Safari/537.36"
74.125.210.38 - - [12/Mar/2026:20:01:46 +0100] "GET /wp-content/uploads/2024/04/1-1.jpg HTTP/1.0" 200 112801 "https://autenrieth.inglory.de/" "Mozilla/5.0 (X11; Linux x86_64) AppleWebKit/537.36 (KHTML, like Gecko) Chrome/121.0.0.0 Safari/537.36"
192.178.15.1 - - [12/Mar/2026:20:01:46 +0100] "GET /wp-content/uploads/2024/04/3-2.jpg HTTP/1.0" 200 147870 "https://autenrieth.inglory.de/" "Mozilla/5.0 (Linux; U; Android 4.3; en-us; SM-N900T Build/JSS15J) AppleWebKit/534.30 (KHTML, like Gecko) Version/4.0 Mobile Safari/534.30"
66.249.84.105 - - [12/Mar/2026:20:01:46 +0100] "GET /wp-content/plugins/borlabs-cookie/assets/javascript/use-iabtcf-purposes.261b12e4.min.js HTTP/1.0" 200 4554 "-" "Mozilla/5.0 (Linux; U; Android 4.3; en-us; SM-N900T Build/JSS15J) AppleWebKit/534.30 (KHTML, like Gecko) Version/4.0 Mobile Safari/534.30"
66.249.84.105 - - [12/Mar/2026:20:01:46 +0100] "GET /wp-content/plugins/elementor/assets/js/text-editor.2c35aafbe5bf0e127950.bundle.min.js HTTP/1.0" 200 4870 "https://autenrieth.inglory.de/" "Mozilla/5.0 (Linux; U; Android 4.3; en-us; SM-N900T Build/JSS15J) AppleWebKit/534.30 (KHTML, like Gecko) Version/4.0 Mobile Safari/534.30"
192.178.15.3 - - [12/Mar/2026:20:01:46 +0100] "GET /wp-includes/js/wp-emoji-release.min.js?ver=6.9.4 HTTP/1.0" 200 9375 "https://autenrieth.inglory.de/" "Mozilla/5.0 (Linux; U; Android 4.3; en-us; SM-N900T Build/JSS15J) AppleWebKit/534.30 (KHTML, like Gecko) Version/4.0 Mobile Safari/534.30"
66.249.84.104 - - [12/Mar/2026:20:01:46 +0100] "GET /wp-content/uploads/2024/02/xcropped-Logo-SVG-1-32x32.png.pagespeed.ic.re2N8Js9cQ.webp HTTP/1.0" 200 4967 "https://autenrieth.inglory.de/impressum/" "Mozilla/5.0 (X11; Linux x86_64) AppleWebKit/537.36 (KHTML, like Gecko) Chrome/121.0.0.0 Safari/537.36"
66.249.84.105 - - [12/Mar/2026:20:01:46 +0100] "GET /wp-content/uploads/2024/02/xTraditional-Line-1.png.pagespeed.ic.RGdbbOJID9.webp HTTP/1.0" 200 61778 "https://autenrieth.inglory.de/" "Mozilla/5.0 (X11; Linux x86_64) AppleWebKit/537.36 (KHTML, like Gecko) Chrome/121.0.0.0 Safari/537.36"
192.178.15.2 - - [12/Mar/2026:20:01:46 +0100] "GET /wp-content/plugins/borlabs-cookie/assets/images/borlabs-cookie-widget-a.svg HTTP/1.0" 200 5933 "https://autenrieth.inglory.de/" "Mozilla/5.0 (Linux; U; Android 4.3; en-us; SM-N900T Build/JSS15J) AppleWebKit/534.30 (KHTML, like Gecko) Version/4.0 Mobile Safari/534.30"
66.249.84.104 - - [12/Mar/2026:20:01:46 +0100] "GET /wp-content/plugins/borlabs-cookie/assets/javascript/use-special-features.8baed93f.min.js HTTP/1.0" 200 4560 "-" "Mozilla/5.0 (Linux; U; Android 4.3; en-us; SM-N900T Build/JSS15J) AppleWebKit/534.30 (KHTML, like Gecko) Version/4.0 Mobile Safari/534.30"
66.249.84.106 - - [12/Mar/2026:20:01:46 +0100] "GET /wp-content/uploads/2024/02/xsilver-1.jpg.pagespeed.ic.xoZRykMejr.webp HTTP/1.0" 200 10467 "https://autenrieth.inglory.de/" "Mozilla/5.0 (X11; Linux x86_64) AppleWebKit/537.36 (KHTML, like Gecko) Chrome/121.0.0.0 Safari/537.36"
66.249.84.104 - - [12/Mar/2026:20:01:46 +0100] "GET /wp-content/uploads/2024/02/xgold-1.png.pagespeed.ic.Cr3gzonMtU.webp HTTP/1.0" 200 58006 "https://autenrieth.inglory.de/" "Mozilla/5.0 (X11; Linux x86_64) AppleWebKit/537.36 (KHTML, like Gecko) Chrome/121.0.0.0 Safari/537.36"
66.249.84.105 - - [12/Mar/2026:20:01:46 +0100] "GET /wp-content/plugins/borlabs-cookie/assets/javascript/x-icon.0dc80929.min.js HTTP/1.0" 200 4610 "-" "Mozilla/5.0 (Linux; U; Android 4.3; en-us; SM-N900T Build/JSS15J) AppleWebKit/534.30 (KHTML, like Gecko) Version/4.0 Mobile Safari/534.30"
66.249.84.106 - - [12/Mar/2026:20:01:46 +0100] "GET /wp-content/plugins/elementor/assets/lib/animations/animations.min.css,qver=3.23.4.pagespeed.ce.RgG6VQREE3.css HTTP/1.0" 200 6777 "https://autenrieth.inglory.de/impressum/" "Mozilla/5.0 (Linux; U; Android 4.3; en-us; SM-N900T Build/JSS15J) AppleWebKit/534.30 (KHTML, like Gecko) Version/4.0 Mobile Safari/534.30"
66.249.84.104 - - [12/Mar/2026:20:01:46 +0100] "GET /wp-content/uploads/2024/02/xGroup-1261156729-1.png.pagespeed.ic.e6WilJQzma.webp HTTP/1.0" 200 70808 "https://autenrieth.inglory.de/" "Mozilla/5.0 (X11; Linux x86_64) AppleWebKit/537.36 (KHTML, like Gecko) Chrome/121.0.0.0 Safari/537.36"
66.249.84.105 - - [12/Mar/2026:20:01:46 +0100] "GET /wp-content/uploads/2024/02/Group-1261156722.svg HTTP/1.0" 200 5230 "https://autenrieth.inglory.de/" "Mozilla/5.0 (X11; Linux x86_64) AppleWebKit/537.36 (KHTML, like Gecko) Chrome/121.0.0.0 Safari/537.36"
66.249.84.104 - - [12/Mar/2026:20:01:46 +0100] "GET /wp-content/uploads/elementor/css/custom-pro-widget-nav-menu.min.css,qver=1723465678.pagespeed.ce.63AjBJUm5h.css HTTP/1.0" 200 7505 "https://autenrieth.inglory.de/impressum/" "Mozilla/5.0 (Linux; U; Android 4.3; en-us; SM-N900T Build/JSS15J) AppleWebKit/534.30 (KHTML, like Gecko) Version/4.0 Mobile Safari/534.30"
74.125.210.32 - - [12/Mar/2026:20:01:46 +0100] "GET /wp-content/uploads/2024/04/3-2.jpg HTTP/1.0" 200 147870 "https://autenrieth.inglory.de/" "Mozilla/5.0 (X11; Linux x86_64) AppleWebKit/537.36 (KHTML, like Gecko) Chrome/121.0.0.0 Safari/537.36"
66.249.84.104 - - [12/Mar/2026:20:01:46 +0100] "GET /wp-content/plugins/borlabs-cookie/assets/javascript/base-button.f7e450d7.min.js HTTP/1.0" 200 4652 "-" "Mozilla/5.0 (Linux; U; Android 4.3; en-us; SM-N900T Build/JSS15J) AppleWebKit/534.30 (KHTML, like Gecko) Version/4.0 Mobile Safari/534.30"
66.249.84.105 - - [12/Mar/2026:20:01:46 +0100] "GET /wp-content/plugins/elementor-pro/assets/js/carousel.9b02b45d7826c1c48f33.bundle.min.js HTTP/1.0" 200 5923 "https://autenrieth.inglory.de/" "Mozilla/5.0 (Linux; U; Android 4.3; en-us; SM-N900T Build/JSS15J) AppleWebKit/534.30 (KHTML, like Gecko) Version/4.0 Mobile Safari/534.30"
66.249.84.105 - - [12/Mar/2026:20:01:46 +0100] "GET /wp-content/plugins/borlabs-cookie/assets/javascript/use-iabtcf-legitimate-interests.1e9766de.min.js HTTP/1.0" 200 4942 "-" "Mozilla/5.0 (Linux; U; Android 4.3; en-us; SM-N900T Build/JSS15J) AppleWebKit/534.30 (KHTML, like Gecko) Version/4.0 Mobile Safari/534.30"
66.249.84.104 - - [12/Mar/2026:20:01:46 +0100] "GET /wp-content/plugins/elementor/assets/lib/swiper/swiper.min.js?ver=5.3.6 HTTP/1.0" 200 39379 "https://autenrieth.inglory.de/" "Mozilla/5.0 (Linux; U; Android 4.3; en-us; SM-N900T Build/JSS15J) AppleWebKit/534.30 (KHTML, like Gecko) Version/4.0 Mobile Safari/534.30"
66.249.84.106 - - [12/Mar/2026:20:01:46 +0100] "GET /wp-content/uploads/elementor/css/A.custom-widget-icon-list.min.css,qver=1723465678.pagespeed.cf.qpO9w4Bi0s.css HTTP/1.0" 200 5080 "https://autenrieth.inglory.de/impressum/" "Mozilla/5.0 (Linux; U; Android 4.3; en-us; SM-N900T Build/JSS15J) AppleWebKit/534.30 (KHTML, like Gecko) Version/4.0 Mobile Safari/534.30"
74.125.210.38 - - [12/Mar/2026:20:01:46 +0100] "GET /wp-content/uploads/2024/04/Frame-1261156729-3.jpg HTTP/1.0" 200 183786 "https://autenrieth.inglory.de/" "Mozilla/5.0 (X11; Linux x86_64) AppleWebKit/537.36 (KHTML, like Gecko) Chrome/121.0.0.0 Safari/537.36"
66.249.84.104 - - [12/Mar/2026:20:01:46 +0100] "GET /wp-content/uploads/2024/04/Frame-1261156715-3.jpg HTTP/1.0" 200 50499 "https://autenrieth.inglory.de/" "Mozilla/5.0 (Linux; U; Android 4.3; en-us; SM-N900T Build/JSS15J) AppleWebKit/534.30 (KHTML, like Gecko) Version/4.0 Mobile Safari/534.30"
66.249.84.105 - - [12/Mar/2026:20:01:46 +0100] "GET /wp-content/plugins/borlabs-cookie/assets/javascript/borlabs-widget.87b9a45d.min.js HTTP/1.0" 200 4797 "-" "Mozilla/5.0 (Linux; U; Android 4.3; en-us; SM-N900T Build/JSS15J) AppleWebKit/534.30 (KHTML, like Gecko) Version/4.0 Mobile Safari/534.30"
66.249.84.106 - - [12/Mar/2026:20:01:46 +0100] "GET /wp-content/uploads/2024/04/Frame-1261156715-1-1.jpg HTTP/1.0" 200 94402 "https://autenrieth.inglory.de/" "Mozilla/5.0 (Linux; U; Android 4.3; en-us; SM-N900T Build/JSS15J) AppleWebKit/534.30 (KHTML, like Gecko) Version/4.0 Mobile Safari/534.30"
74.125.210.32 - - [12/Mar/2026:20:01:46 +0100] "GET /wp-content/uploads/2024/04/Frame-1261156729-1-1.jpg HTTP/1.0" 200 147759 "https://autenrieth.inglory.de/" "Mozilla/5.0 (X11; Linux x86_64) AppleWebKit/537.36 (KHTML, like Gecko) Chrome/121.0.0.0 Safari/537.36"
192.178.15.1 - - [12/Mar/2026:20:01:46 +0100] "GET /wp-content/uploads/2024/02/xcropped-Logo-SVG-1-32x32.png.pagespeed.ic.re2N8Js9cQ.webp HTTP/1.0" 200 4967 "https://autenrieth.inglory.de/" "Mozilla/5.0 (X11; Linux x86_64) AppleWebKit/537.36 (KHTML, like Gecko) Chrome/121.0.0.0 Safari/537.36"
74.125.210.39 - - [12/Mar/2026:20:01:46 +0100] "GET /wp-content/uploads/2024/04/Frame-1261156729-2-1.jpg HTTP/1.0" 200 221048 "https://autenrieth.inglory.de/" "Mozilla/5.0 (X11; Linux x86_64) AppleWebKit/537.36 (KHTML, like Gecko) Chrome/121.0.0.0 Safari/537.36"
66.249.84.105 - - [12/Mar/2026:20:01:46 +0100] "GET /wp-content/uploads/2024/02/OBJECTS-4-1.svg HTTP/1.0" 200 92603 "https://autenrieth.inglory.de/" "Mozilla/5.0 (X11; Linux x86_64) AppleWebKit/537.36 (KHTML, like Gecko) Chrome/121.0.0.0 Safari/537.36"
66.249.84.104 - - [12/Mar/2026:20:01:46 +0100] "GET /wp-content/uploads/2024/02/Logo-Vektor-SVG.svg HTTP/1.0" 200 8287 "https://autenrieth.inglory.de/" "Mozilla/5.0 (Linux; U; Android 4.3; en-us; SM-N900T Build/JSS15J) AppleWebKit/534.30 (KHTML, like Gecko) Version/4.0 Mobile Safari/534.30"
66.249.84.104 - - [12/Mar/2026:20:01:46 +0100] "GET /wp-content/uploads/2024/04/Frame-1261156715-2-1.jpg HTTP/1.0" 200 264581 "https://autenrieth.inglory.de/" "Mozilla/5.0 (Linux; U; Android 4.3; en-us; SM-N900T Build/JSS15J) AppleWebKit/534.30 (KHTML, like Gecko) Version/4.0 Mobile Safari/534.30"
192.178.15.2 - - [12/Mar/2026:20:01:46 +0100] "GET /wp-content/uploads/2024/02/xcropped-Logo-SVG-1-32x32.png.pagespeed.ic.re2N8Js9cQ.webp HTTP/1.0" 200 4967 "https://autenrieth.inglory.de/" "Mozilla/5.0 (X11; Linux x86_64) AppleWebKit/537.36 (KHTML, like Gecko) Chrome/121.0.0.0 Safari/537.36"
66.249.84.105 - - [12/Mar/2026:20:01:46 +0100] "GET /wp-content/uploads/2024/02/xFrame-1261156729-2-1.jpg.pagespeed.ic.cgO3EGc4aR.webp HTTP/1.0" 200 110644 "https://autenrieth.inglory.de/" "Mozilla/5.0 (Linux; U; Android 4.3; en-us; SM-N900T Build/JSS15J) AppleWebKit/534.30 (KHTML, like Gecko) Version/4.0 Mobile Safari/534.30"
74.125.210.32 - - [12/Mar/2026:20:01:46 +0100] "GET /wp-content/uploads/2024/04/Frame-1261156730-3.jpg HTTP/1.0" 200 60828 "https://autenrieth.inglory.de/" "Mozilla/5.0 (X11; Linux x86_64) AppleWebKit/537.36 (KHTML, like Gecko) Chrome/121.0.0.0 Safari/537.36"
192.178.15.2 - - [12/Mar/2026:20:01:46 +0100] "GET /wp-content/plugins/loftloader-pro/assets/css/A.loftloader.min.css,qver=2022112801.pagespeed.cf.022XFbJey_.css HTTP/1.0" 200 11044 "https://autenrieth.inglory.de/" "Mozilla/5.0 (X11; Linux x86_64) AppleWebKit/537.36 (KHTML, like Gecko) Chrome/121.0.0.0 Safari/537.36"
66.249.84.106 - - [12/Mar/2026:20:01:46 +0100] "GET /wp-content/uploads/2024/02/xFrame-1261156729-2-1.jpg.pagespeed.ic.cgO3EGc4aR.webp HTTP/1.0" 200 110644 "https://autenrieth.inglory.de/" "Mozilla/5.0 (X11; Linux x86_64) AppleWebKit/537.36 (KHTML, like Gecko) Chrome/121.0.0.0 Safari/537.36"
66.249.84.106 - - [12/Mar/2026:20:01:46 +0100] "GET /wp-content/uploads/2024/04/xGroup-1261156712-1.png.pagespeed.ic.BpP9zDAizp.webp HTTP/1.0" 200 14490 "https://autenrieth.inglory.de/" "Mozilla/5.0 (X11; Linux x86_64) AppleWebKit/537.36 (KHTML, like Gecko) Chrome/121.0.0.0 Safari/537.36"
192.178.15.2 - - [12/Mar/2026:20:01:46 +0100] "GET /wp-content/uploads/elementor/css/A.custom-frontend-lite.min.css,qver=1723465678.pagespeed.cf.6iuHL0lgWF.css HTTP/1.0" 200 26837 "https://autenrieth.inglory.de/" "Mozilla/5.0 (X11; Linux x86_64) AppleWebKit/537.36 (KHTML, like Gecko) Chrome/121.0.0.0 Safari/537.36"
192.178.15.3 - - [12/Mar/2026:20:01:46 +0100] "GET /wp-content/plugins/elementor/assets/lib/swiper/css/swiper.min.css,qver=5.3.6.pagespeed.ce.vK13gbPnTb.css HTTP/1.0" 200 6594 "https://autenrieth.inglory.de/" "Mozilla/5.0 (X11; Linux x86_64) AppleWebKit/537.36 (KHTML, like Gecko) Chrome/121.0.0.0 Safari/537.36"
192.178.15.3 - - [12/Mar/2026:20:01:46 +0100] "GET /wp-content/themes/hello-elementor/assets/css/header-footer.css,qver=3.4.6.pagespeed.ce.htu0eVW7nb.css HTTP/1.0" 200 5563 "https://autenrieth.inglory.de/" "Mozilla/5.0 (X11; Linux x86_64) AppleWebKit/537.36 (KHTML, like Gecko) Chrome/121.0.0.0 Safari/537.36"
66.249.84.104 - - [12/Mar/2026:20:01:46 +0100] "GET /wp-content/uploads/2024/02/OBJECTS-3-2.svg HTTP/1.0" 200 81057 "https://autenrieth.inglory.de/" "Mozilla/5.0 (X11; Linux x86_64) AppleWebKit/537.36 (KHTML, like Gecko) Chrome/121.0.0.0 Safari/537.36"
192.178.15.3 - - [12/Mar/2026:20:01:47 +0100] "GET /wp-content/uploads/elementor/css/custom-pro-frontend-lite.min.css,qver=1723465678.pagespeed.ce.1B0riWj0t8.css HTTP/1.0" 200 5625 "https://autenrieth.inglory.de/" "Mozilla/5.0 (X11; Linux x86_64) AppleWebKit/537.36 (KHTML, like Gecko) Chrome/121.0.0.0 Safari/537.36"
66.249.84.106 - - [12/Mar/2026:20:01:47 +0100] "GET /wp-content/uploads/2024/02/xGroup-1261156732-1-1.jpg.pagespeed.ic.AuhrC-jC8B.webp HTTP/1.0" 200 52926 "https://autenrieth.inglory.de/" "Mozilla/5.0 (X11; Linux x86_64) AppleWebKit/537.36 (KHTML, like Gecko) Chrome/121.0.0.0 Safari/537.36"
66.249.84.105 - - [12/Mar/2026:20:01:47 +0100] "GET /wp-content/uploads/2024/02/Pattern.svg HTTP/1.0" 200 9820 "https://autenrieth.inglory.de/" "Mozilla/5.0 (Linux; U; Android 4.3; en-us; SM-N900T Build/JSS15J) AppleWebKit/534.30 (KHTML, like Gecko) Version/4.0 Mobile Safari/534.30"
74.125.210.39 - - [12/Mar/2026:20:01:47 +0100] "GET /wp-content/uploads/2024/04/Frame-1261156730-2-1.jpg HTTP/1.0" 200 69442 "https://autenrieth.inglory.de/" "Mozilla/5.0 (X11; Linux x86_64) AppleWebKit/537.36 (KHTML, like Gecko) Chrome/121.0.0.0 Safari/537.36"
66.249.84.104 - - [12/Mar/2026:20:01:47 +0100] "GET /wp-content/uploads/2024/04/2-1.jpg HTTP/1.0" 200 96164 "https://autenrieth.inglory.de/" "Mozilla/5.0 (Linux; U; Android 4.3; en-us; SM-N900T Build/JSS15J) AppleWebKit/534.30 (KHTML, like Gecko) Version/4.0 Mobile Safari/534.30"
66.249.84.106 - - [12/Mar/2026:20:01:47 +0100] "GET /wp-content/uploads/2024/04/1-1.jpg HTTP/1.0" 200 112801 "https://autenrieth.inglory.de/" "Mozilla/5.0 (Linux; U; Android 4.3; en-us; SM-N900T Build/JSS15J) AppleWebKit/534.30 (KHTML, like Gecko) Version/4.0 Mobile Safari/534.30"
192.178.15.1 - - [12/Mar/2026:20:01:47 +0100] "GET /wp-content/uploads/2024/02/cropped-Logo-SVG-1-32x32.png.pagespeed.ce.nS7q8cxRw2.png HTTP/1.0" 200 5383 "https://autenrieth.inglory.de/" "Mozilla/5.0 (Linux; U; Android 4.3; en-us; SM-N900T Build/JSS15J) AppleWebKit/534.30 (KHTML, like Gecko) Version/4.0 Mobile Safari/534.30"
