94.130.90.54 - - [11/Mar/2026:14:54:38 +0100] "GET /wp-content/uploads/cropped-favicon-192x192.webp HTTP/1.1" 200 5397 "https://inglory.de/wp-login.php" "Serf/1.3.9 (mod_pagespeed/1.13.35.2-0)"
94.130.90.54 - - [11/Mar/2026:14:54:38 +0100] "GET /wp-content/uploads/cropped-favicon-192x192.webp HTTP/1.1" 200 5397 "https://inglory.de/wp-login.php" "Serf/1.3.9 (mod_pagespeed/1.13.35.2-0)"
94.130.90.54 - - [11/Mar/2026:14:54:38 +0100] "GET /wp-content/uploads/cropped-favicon-180x180.webp HTTP/1.1" 200 5258 "https://inglory.de/wp-login.php" "Serf/1.3.9 (mod_pagespeed/1.13.35.2-0)"
94.130.90.54 - - [11/Mar/2026:14:54:38 +0100] "GET /wp-content/uploads/cropped-favicon-180x180.webp HTTP/1.1" 200 5258 "https://inglory.de/wp-login.php" "Serf/1.3.9 (mod_pagespeed/1.13.35.2-0)"
94.130.90.54 - - [11/Mar/2026:14:54:38 +0100] "GET /wp-includes/js/clipboard.min.js?ver=2.0.11 HTTP/1.1" 304 3419 "https://inglory.de/wp-login.php" "Serf/1.3.9 (mod_pagespeed/1.13.35.2-0)"
94.130.90.54 - - [11/Mar/2026:14:54:38 +0100] "GET /wp-includes/js/clipboard.min.js?ver=2.0.11 HTTP/1.1" 304 3419 "https://inglory.de/wp-login.php" "Serf/1.3.9 (mod_pagespeed/1.13.35.2-0)"
94.130.90.54 - - [11/Mar/2026:14:54:38 +0100] "GET /wp-includes/js/jquery/jquery.min.js?ver=3.7.1 HTTP/1.1" 304 3420 "https://inglory.de/wp-login.php" "Serf/1.3.9 (mod_pagespeed/1.13.35.2-0)"
94.130.90.54 - - [11/Mar/2026:14:54:38 +0100] "GET /wp-includes/js/jquery/jquery.min.js?ver=3.7.1 HTTP/1.1" 304 3420 "https://inglory.de/wp-login.php" "Serf/1.3.9 (mod_pagespeed/1.13.35.2-0)"
94.130.90.54 - - [11/Mar/2026:14:54:38 +0100] "GET /wp-includes/js/jquery/jquery-migrate.min.js?ver=3.4.1 HTTP/1.1" 304 3419 "https://inglory.de/wp-login.php" "Serf/1.3.9 (mod_pagespeed/1.13.35.2-0)"
94.130.90.54 - - [11/Mar/2026:14:54:38 +0100] "GET /wp-includes/js/underscore.min.js?ver=1.13.7 HTTP/1.1" 304 3419 "https://inglory.de/wp-login.php" "Serf/1.3.9 (mod_pagespeed/1.13.35.2-0)"
94.130.90.54 - - [11/Mar/2026:14:54:38 +0100] "GET /wp-includes/js/jquery/jquery-migrate.min.js?ver=3.4.1 HTTP/1.1" 304 3419 "https://inglory.de/wp-login.php" "Serf/1.3.9 (mod_pagespeed/1.13.35.2-0)"
94.130.90.54 - - [11/Mar/2026:14:54:38 +0100] "GET /wp-includes/js/dist/a11y.min.js?ver=cb460b4676c94bd228ed HTTP/1.1" 304 3418 "https://inglory.de/wp-login.php" "Serf/1.3.9 (mod_pagespeed/1.13.35.2-0)"
94.130.90.54 - - [11/Mar/2026:14:54:38 +0100] "GET /wp-includes/js/underscore.min.js?ver=1.13.7 HTTP/1.1" 304 3419 "https://inglory.de/wp-login.php" "Serf/1.3.9 (mod_pagespeed/1.13.35.2-0)"
94.130.90.54 - - [11/Mar/2026:14:54:38 +0100] "GET /wp-includes/js/zxcvbn-async.min.js?ver=1.0 HTTP/1.1" 304 3418 "https://inglory.de/wp-login.php" "Serf/1.3.9 (mod_pagespeed/1.13.35.2-0)"
94.130.90.54 - - [11/Mar/2026:14:54:38 +0100] "GET /wp-includes/js/dist/a11y.min.js?ver=cb460b4676c94bd228ed HTTP/1.1" 304 3418 "https://inglory.de/wp-login.php" "Serf/1.3.9 (mod_pagespeed/1.13.35.2-0)"
94.130.90.54 - - [11/Mar/2026:14:54:38 +0100] "GET /wp-includes/js/zxcvbn-async.min.js?ver=1.0 HTTP/1.1" 304 3418 "https://inglory.de/wp-login.php" "Serf/1.3.9 (mod_pagespeed/1.13.35.2-0)"
167.235.143.113 - - [11/Mar/2026:14:55:11 +0100] "HEAD / HTTP/1.0" 200 4190 "https://inglory.de" "Mozilla/5.0+(compatible; UptimeRobot/2.0; http://www.uptimerobot.com/)"
173.239.214.26 - - [11/Mar/2026:14:55:38 +0100] "POST /wp-login.php HTTP/1.0" 200 42428 "-" "Mozilla/5.0"
94.130.90.54 - - [11/Mar/2026:14:55:39 +0100] "POST /wp-cron.php?doing_wp_cron=1773237339.9083869457244873046875 HTTP/1.0" 200 4066 "-" "Z6svsvIXcPYm"
185.198.240.135 - - [11/Mar/2026:14:55:38 +0100] "POST /wp-login.php HTTP/1.0" 200 42432 "-" "Mozilla/5.0"
185.198.240.141 - - [11/Mar/2026:14:55:38 +0100] "POST /wp-login.php HTTP/1.0" 200 42422 "-" "Mozilla/5.0"
94.130.90.54 - - [11/Mar/2026:14:59:09 +0100] "POST /wp-cron.php?doing_wp_cron=1773237549.0091741085052490234375 HTTP/1.0" 200 4066 "-" "VS0ZbrUvqQM8"
94.130.90.54 - - [11/Mar/2026:14:59:09 +0100] "GET /wp-content/plugins/real-cookie-banner-pro/public/lib/animate.css/animate.min.css?ver=4.1.1 HTTP/1.1" 304 3420 "https://inglory.de/" "Serf/1.3.9 (mod_pagespeed/1.13.35.2-0)"
94.130.90.54 - - [11/Mar/2026:14:59:09 +0100] "GET /wp-content/plugins/hub-core/extras/redux-framework/redux-core/assets/css/extendify-utilities.css?ver=4.4.12.2 HTTP/1.1" 304 3419 "https://inglory.de/" "Serf/1.3.9 (mod_pagespeed/1.13.35.2-0)"
94.130.90.54 - - [11/Mar/2026:14:59:09 +0100] "GET /wp-content/themes/hub/assets/vendors/bootstrap/css/bootstrap.min.css HTTP/1.1" 304 3419 "https://inglory.de/" "Serf/1.3.9 (mod_pagespeed/1.13.35.2-0)"
94.130.90.54 - - [11/Mar/2026:14:59:09 +0100] "GET /wp-content/themes/hub/style.css HTTP/1.1" 304 3418 "https://inglory.de/" "Serf/1.3.9 (mod_pagespeed/1.13.35.2-0)"
94.130.90.54 - - [11/Mar/2026:14:59:09 +0100] "GET /wp-content/themes/hub/assets/css/elements/base/typography.css HTTP/1.1" 304 3418 "https://inglory.de/" "Serf/1.3.9 (mod_pagespeed/1.13.35.2-0)"
94.130.90.54 - - [11/Mar/2026:14:59:09 +0100] "GET /wp-content/plugins/elementor/assets/css/frontend.min.css?ver=3.35.6 HTTP/1.1" 304 3419 "https://inglory.de/" "Serf/1.3.9 (mod_pagespeed/1.13.35.2-0)"
94.130.90.54 - - [11/Mar/2026:14:59:09 +0100] "GET /wp-content/plugins/elementor/assets/lib/eicons/css/elementor-icons.min.css?ver=5.47.0 HTTP/1.1" 304 3419 "https://inglory.de/" "Serf/1.3.9 (mod_pagespeed/1.13.35.2-0)"
91.45.99.77 - - [11/Mar/2026:14:59:06 +0100] "GET / HTTP/1.0" 200 39895 "https://l.wl.co/" "Mozilla/5.0 (Windows NT 10.0; Win64; x64; rv:148.0) Gecko/20100101 Firefox/148.0"
94.130.90.54 - - [11/Mar/2026:14:59:09 +0100] "GET /wp-content/plugins/elementor/assets/css/widget-image.min.css?ver=3.35.6 HTTP/1.1" 304 3417 "https://inglory.de/" "Serf/1.3.9 (mod_pagespeed/1.13.35.2-0)"
94.130.90.54 - - [11/Mar/2026:14:59:09 +0100] "GET /wp-content/plugins/elementor/assets/lib/animations/styles/zoomIn.min.css?ver=3.35.6 HTTP/1.1" 304 3417 "https://inglory.de/" "Serf/1.3.9 (mod_pagespeed/1.13.35.2-0)"
94.130.90.54 - - [11/Mar/2026:14:59:09 +0100] "GET /wp-content/plugins/pro-elements/assets/css/widget-countdown.min.css?ver=3.30.0 HTTP/1.1" 304 3418 "https://inglory.de/" "Serf/1.3.9 (mod_pagespeed/1.13.35.2-0)"
94.130.90.54 - - [11/Mar/2026:14:59:09 +0100] "GET /wp-content/plugins/elementor/assets/lib/animations/styles/fadeInUp.min.css?ver=3.35.6 HTTP/1.1" 304 3417 "https://inglory.de/" "Serf/1.3.9 (mod_pagespeed/1.13.35.2-0)"
94.130.90.54 - - [11/Mar/2026:14:59:09 +0100] "GET /wp-content/plugins/pro-elements/assets/css/widget-nav-menu.min.css?ver=3.30.0 HTTP/1.1" 304 3419 "https://inglory.de/" "Serf/1.3.9 (mod_pagespeed/1.13.35.2-0)"
94.130.90.54 - - [11/Mar/2026:14:59:09 +0100] "GET /wp-content/plugins/hub-elementor-addons/assets/css/theme-elementor.min.css?ver=5.0.7 HTTP/1.1" 304 3420 "https://inglory.de/" "Serf/1.3.9 (mod_pagespeed/1.13.35.2-0)"
91.45.99.77 - - [11/Mar/2026:14:59:09 +0100] "GET /wp-content/plugins/real-cookie-banner-pro/public/dist/vendor-banner.pro.js,qver=999564eaa31ab373ce4e9c8b101375a1.pagespeed.ce.mZVk6qMas3.js HTTP/1.0" 200 23532 "https://inglory.de/" "Mozilla/5.0 (Windows NT 10.0; Win64; x64; rv:148.0) Gecko/20100101 Firefox/148.0"
94.130.90.54 - - [11/Mar/2026:14:59:09 +0100] "GET /wp-content/plugins/elementor/assets/lib/font-awesome/css/fontawesome.min.css?ver=5.15.3 HTTP/1.1" 304 3419 "https://inglory.de/" "Serf/1.3.9 (mod_pagespeed/1.13.35.2-0)"
94.130.90.54 - - [11/Mar/2026:14:59:09 +0100] "GET /wp-content/plugins/elementor/assets/lib/font-awesome/css/solid.min.css?ver=5.15.3 HTTP/1.1" 304 3418 "https://inglory.de/" "Serf/1.3.9 (mod_pagespeed/1.13.35.2-0)"
94.130.90.54 - - [11/Mar/2026:14:59:09 +0100] "GET /wp-content/themes/hub/assets/vendors/liquid-icon/lqd-essentials/lqd-essentials.min.css?ver=1.0.0 HTTP/1.1" 304 3418 "https://inglory.de/" "Serf/1.3.9 (mod_pagespeed/1.13.35.2-0)"
91.45.99.77 - - [11/Mar/2026:14:59:09 +0100] "GET /wp-content/plugins/real-cookie-banner-pro/public/lib/animate.css/A.animate.min.css,qver=4.1.1.pagespeed.cf.M3aj0gs58u.css HTTP/1.0" 200 9089 "https://inglory.de/" "Mozilla/5.0 (Windows NT 10.0; Win64; x64; rv:148.0) Gecko/20100101 Firefox/148.0"
91.45.99.77 - - [11/Mar/2026:14:59:09 +0100] "GET /wp-content/plugins/real-cookie-banner-pro/public/dist/banner.pro.js,qver=e254713b5a42206c0ddfb3e20e347bdf.pagespeed.ce.GEmoz4dEwH.js HTTP/1.0" 200 36918 "https://inglory.de/" "Mozilla/5.0 (Windows NT 10.0; Win64; x64; rv:148.0) Gecko/20100101 Firefox/148.0"
91.45.99.77 - - [11/Mar/2026:14:59:09 +0100] "GET /wp-content/themes/hub/assets/vendors/liquid-icon/lqd-essentials/fonts/lqd-essentials.woff2 HTTP/1.0" 200 4122 "https://inglory.de/" "Mozilla/5.0 (Windows NT 10.0; Win64; x64; rv:148.0) Gecko/20100101 Firefox/148.0"
94.130.90.54 - - [11/Mar/2026:14:59:09 +0100] "GET /wp-content/plugins/elementor/assets/lib/font-awesome/css/brands.min.css?ver=5.15.3 HTTP/1.1" 304 3418 "https://inglory.de/" "Serf/1.3.9 (mod_pagespeed/1.13.35.2-0)"
91.45.99.77 - - [11/Mar/2026:14:59:09 +0100] "GET /wp-content/plugins/hub-core/extras/redux-framework/redux-core/assets/css/extendify-utilities.css?ver=4.4.12.2 HTTP/1.0" 200 9980 "https://inglory.de/" "Mozilla/5.0 (Windows NT 10.0; Win64; x64; rv:148.0) Gecko/20100101 Firefox/148.0"
91.45.99.77 - - [11/Mar/2026:14:59:09 +0100] "GET /wp-content/themes/hub/assets/vendors/bootstrap/css/bootstrap.min.css HTTP/1.0" 200 14103 "https://inglory.de/" "Mozilla/5.0 (Windows NT 10.0; Win64; x64; rv:148.0) Gecko/20100101 Firefox/148.0"
91.45.99.77 - - [11/Mar/2026:14:59:09 +0100] "GET /wp-content/themes/hub/style.css HTTP/1.0" 200 5291 "https://inglory.de/" "Mozilla/5.0 (Windows NT 10.0; Win64; x64; rv:148.0) Gecko/20100101 Firefox/148.0"
91.45.99.77 - - [11/Mar/2026:14:59:09 +0100] "GET /wp-content/themes/hub/assets/css/elements/base/typography.css HTTP/1.0" 200 4406 "https://inglory.de/" "Mozilla/5.0 (Windows NT 10.0; Win64; x64; rv:148.0) Gecko/20100101 Firefox/148.0"
91.45.99.77 - - [11/Mar/2026:14:59:09 +0100] "GET /wp-content/plugins/elementor/assets/css/frontend.min.css?ver=3.35.6 HTTP/1.0" 200 11423 "https://inglory.de/" "Mozilla/5.0 (Windows NT 10.0; Win64; x64; rv:148.0) Gecko/20100101 Firefox/148.0"
91.45.99.77 - - [11/Mar/2026:14:59:09 +0100] "GET /wp-content/plugins/elementor/assets/lib/eicons/css/elementor-icons.min.css?ver=5.47.0 HTTP/1.0" 200 8554 "https://inglory.de/" "Mozilla/5.0 (Windows NT 10.0; Win64; x64; rv:148.0) Gecko/20100101 Firefox/148.0"
91.45.99.77 - - [11/Mar/2026:14:59:09 +0100] "GET /wp-content/plugins/elementor/assets/lib/animations/styles/zoomIn.min.css?ver=3.35.6 HTTP/1.0" 200 4289 "https://inglory.de/" "Mozilla/5.0 (Windows NT 10.0; Win64; x64; rv:148.0) Gecko/20100101 Firefox/148.0"
91.45.99.77 - - [11/Mar/2026:14:59:09 +0100] "GET /wp-content/plugins/pro-elements/assets/css/widget-countdown.min.css?ver=3.30.0 HTTP/1.0" 200 4526 "https://inglory.de/" "Mozilla/5.0 (Windows NT 10.0; Win64; x64; rv:148.0) Gecko/20100101 Firefox/148.0"
91.45.99.77 - - [11/Mar/2026:14:59:09 +0100] "GET /wp-content/plugins/elementor/assets/lib/animations/styles/fadeInUp.min.css?ver=3.35.6 HTTP/1.0" 200 4301 "https://inglory.de/" "Mozilla/5.0 (Windows NT 10.0; Win64; x64; rv:148.0) Gecko/20100101 Firefox/148.0"
91.45.99.77 - - [11/Mar/2026:14:59:09 +0100] "GET /wp-content/plugins/pro-elements/assets/css/widget-nav-menu.min.css?ver=3.30.0 HTTP/1.0" 200 7541 "https://inglory.de/" "Mozilla/5.0 (Windows NT 10.0; Win64; x64; rv:148.0) Gecko/20100101 Firefox/148.0"
91.45.99.77 - - [11/Mar/2026:14:59:09 +0100] "GET /wp-content/plugins/elementor/assets/css/widget-image.min.css?ver=3.35.6 HTTP/1.0" 200 4319 "https://inglory.de/" "Mozilla/5.0 (Windows NT 10.0; Win64; x64; rv:148.0) Gecko/20100101 Firefox/148.0"
91.45.99.77 - - [11/Mar/2026:14:59:09 +0100] "GET /wp-content/plugins/elementor/assets/lib/font-awesome/css/fontawesome.min.css?ver=5.15.3 HTTP/1.0" 200 16669 "https://inglory.de/" "Mozilla/5.0 (Windows NT 10.0; Win64; x64; rv:148.0) Gecko/20100101 Firefox/148.0"
94.130.90.54 - - [11/Mar/2026:14:59:09 +0100] "GET /wp-content/plugins/Funnelforms-pro/res/frontend/styles/select.css?ver=3.8.1 HTTP/1.1" 304 3419 "https://inglory.de/" "Serf/1.3.9 (mod_pagespeed/1.13.35.2-0)"
91.45.99.77 - - [11/Mar/2026:14:59:09 +0100] "GET /wp-content/plugins/elementor/assets/lib/font-awesome/css/brands.min.css?ver=5.15.3 HTTP/1.0" 200 4493 "https://inglory.de/" "Mozilla/5.0 (Windows NT 10.0; Win64; x64; rv:148.0) Gecko/20100101 Firefox/148.0"
94.130.90.54 - - [11/Mar/2026:14:59:09 +0100] "GET /wp-content/plugins/Funnelforms-pro/res/frontend/styles/fontawesome_5.15.4.css?ver=3.8.1 HTTP/1.1" 304 3420 "https://inglory.de/" "Serf/1.3.9 (mod_pagespeed/1.13.35.2-0)"
91.45.99.77 - - [11/Mar/2026:14:59:09 +0100] "GET /wp-includes/js/jquery/jquery.min.js,qver=3.7.1.pagespeed.jm.PoWN7KAtLT.js HTTP/1.0" 200 34469 "https://inglory.de/" "Mozilla/5.0 (Windows NT 10.0; Win64; x64; rv:148.0) Gecko/20100101 Firefox/148.0"
94.130.90.54 - - [11/Mar/2026:14:59:09 +0100] "GET /wp-content/themes/hub/assets/vendors/liquid-icon/lqd-essentials/lqd-essentials.min.css HTTP/1.1" 304 3418 "https://inglory.de/" "Serf/1.3.9 (mod_pagespeed/1.13.35.2-0)"
91.45.99.77 - - [11/Mar/2026:14:59:09 +0100] "GET /wp-includes/js/jquery/jquery-migrate.min.js,qver=3.4.1.pagespeed.jm.bhhu-RahTI.js HTTP/1.0" 200 8981 "https://inglory.de/" "Mozilla/5.0 (Windows NT 10.0; Win64; x64; rv:148.0) Gecko/20100101 Firefox/148.0"
94.130.90.54 - - [11/Mar/2026:14:59:09 +0100] "GET /wp-content/themes/hub/assets/vendors/fresco/js/fresco.js HTTP/1.1" 304 3420 "https://inglory.de/" "Serf/1.3.9 (mod_pagespeed/1.13.35.2-0)"
91.45.99.77 - - [11/Mar/2026:14:59:09 +0100] "GET /wp-content/plugins/Funnelforms-pro/res/frontend/styles/select.css?ver=3.8.1 HTTP/1.0" 200 6246 "https://inglory.de/" "Mozilla/5.0 (Windows NT 10.0; Win64; x64; rv:148.0) Gecko/20100101 Firefox/148.0"
94.130.90.54 - - [11/Mar/2026:14:59:09 +0100] "GET /wp-content/themes/hub/assets/vendors/lity/lity.min.js HTTP/1.1" 304 3419 "https://inglory.de/" "Serf/1.3.9 (mod_pagespeed/1.13.35.2-0)"
91.45.99.77 - - [11/Mar/2026:14:59:09 +0100] "GET /wp-content/plugins/Funnelforms-pro/res/frontend/styles/fontawesome_5.15.4.css?ver=3.8.1 HTTP/1.0" 200 17384 "https://inglory.de/" "Mozilla/5.0 (Windows NT 10.0; Win64; x64; rv:148.0) Gecko/20100101 Firefox/148.0"
94.130.90.54 - - [11/Mar/2026:14:59:09 +0100] "GET /wp-content/themes/hub/assets/vendors/gsap/minified/ScrollTrigger.min.js HTTP/1.1" 304 3419 "https://inglory.de/" "Serf/1.3.9 (mod_pagespeed/1.13.35.2-0)"
91.45.99.77 - - [11/Mar/2026:14:59:09 +0100] "GET /wp-content/plugins/hub-elementor-addons/assets/css/theme-elementor.min.css?ver=5.0.7 HTTP/1.0" 200 83457 "https://inglory.de/" "Mozilla/5.0 (Windows NT 10.0; Win64; x64; rv:148.0) Gecko/20100101 Firefox/148.0"
94.130.90.54 - - [11/Mar/2026:14:59:09 +0100] "GET /wp-content/themes/hub/assets/vendors/fontfaceobserver.js HTTP/1.1" 304 3419 "https://inglory.de/" "Serf/1.3.9 (mod_pagespeed/1.13.35.2-0)"
91.45.99.77 - - [11/Mar/2026:14:59:09 +0100] "GET /wp-content/plugins/Funnelforms-pro/res/frontend/styles/intlTelInput.css?ver=3.8.1 HTTP/1.0" 200 4069 "https://inglory.de/" "Mozilla/5.0 (Windows NT 10.0; Win64; x64; rv:148.0) Gecko/20100101 Firefox/148.0"
94.130.90.54 - - [11/Mar/2026:14:59:09 +0100] "GET /wp-content/themes/hub/assets/vendors/intersection-observer.js HTTP/1.1" 304 3419 "https://inglory.de/" "Serf/1.3.9 (mod_pagespeed/1.13.35.2-0)"
91.45.99.77 - - [11/Mar/2026:14:59:09 +0100] "GET /wp-content/themes/hub/assets/vendors/fastdom/fastdom.min.js HTTP/1.0" 200 4071 "https://inglory.de/" "Mozilla/5.0 (Windows NT 10.0; Win64; x64; rv:148.0) Gecko/20100101 Firefox/148.0"
94.130.90.54 - - [11/Mar/2026:14:59:09 +0100] "GET /wp-content/themes/hub/assets/vendors/lazyload.min.js HTTP/1.1" 304 3419 "https://inglory.de/" "Serf/1.3.9 (mod_pagespeed/1.13.35.2-0)"
91.45.99.77 - - [11/Mar/2026:14:59:09 +0100] "GET /wp-includes/js/imagesloaded.min.js?ver=5.0.0 HTTP/1.0" 200 4046 "https://inglory.de/" "Mozilla/5.0 (Windows NT 10.0; Win64; x64; rv:148.0) Gecko/20100101 Firefox/148.0"
94.130.90.54 - - [11/Mar/2026:14:59:09 +0100] "GET /wp-content/themes/hub/assets/vendors/gsap/utils/SplitText.min.js HTTP/1.1" 304 3419 "https://inglory.de/" "Serf/1.3.9 (mod_pagespeed/1.13.35.2-0)"
91.45.99.77 - - [11/Mar/2026:14:59:09 +0100] "GET /wp-content/themes/hub/assets/vendors/fresco/js/fresco.js HTTP/1.0" 200 20481 "https://inglory.de/" "Mozilla/5.0 (Windows NT 10.0; Win64; x64; rv:148.0) Gecko/20100101 Firefox/148.0"
94.130.90.54 - - [11/Mar/2026:14:59:09 +0100] "GET /wp-content/plugins/elementor/assets/js/frontend-modules.min.js?ver=3.35.6 HTTP/1.1" 304 3419 "https://inglory.de/" "Serf/1.3.9 (mod_pagespeed/1.13.35.2-0)"
91.45.99.77 - - [11/Mar/2026:14:59:09 +0100] "GET /wp-content/themes/hub/assets/vendors/intersection-observer.js HTTP/1.0" 200 6865 "https://inglory.de/" "Mozilla/5.0 (Windows NT 10.0; Win64; x64; rv:148.0) Gecko/20100101 Firefox/148.0"
94.130.90.54 - - [11/Mar/2026:14:59:09 +0100] "GET /wp-includes/js/jquery/ui/core.min.js?ver=1.13.3 HTTP/1.1" 304 3419 "https://inglory.de/" "Serf/1.3.9 (mod_pagespeed/1.13.35.2-0)"
91.45.99.77 - - [11/Mar/2026:14:59:09 +0100] "GET /wp-content/plugins/Funnelforms-pro/res/frontend/scripts/libs/jquery_ui.js?ver=3.8.1 HTTP/1.0" 200 4085 "https://inglory.de/" "Mozilla/5.0 (Windows NT 10.0; Win64; x64; rv:148.0) Gecko/20100101 Firefox/148.0"
94.130.90.54 - - [11/Mar/2026:14:59:09 +0100] "GET /wp-content/themes/hub/assets/vendors/flickity/flickity.pkgd.min.js HTTP/1.1" 304 3419 "https://inglory.de/" "Serf/1.3.9 (mod_pagespeed/1.13.35.2-0)"
94.130.90.54 - - [11/Mar/2026:14:59:09 +0100] "GET /wp-content/themes/hub/assets/vendors/flickity/flickity-fade.min.js HTTP/1.1" 304 3418 "https://inglory.de/" "Serf/1.3.9 (mod_pagespeed/1.13.35.2-0)"
94.130.90.54 - - [11/Mar/2026:14:59:09 +0100] "GET /wp-content/plugins/pro-elements/assets/lib/smartmenus/jquery.smartmenus.min.js?ver=1.2.1 HTTP/1.1" 304 3419 "https://inglory.de/" "Serf/1.3.9 (mod_pagespeed/1.13.35.2-0)"
94.130.90.54 - - [11/Mar/2026:14:59:09 +0100] "GET /wp-includes/js/dist/hooks.min.js?ver=dd5603f07f9220ed27f1 HTTP/1.1" 304 3419 "https://inglory.de/" "Serf/1.3.9 (mod_pagespeed/1.13.35.2-0)"
91.45.99.77 - - [11/Mar/2026:14:59:09 +0100] "GET /wp-includes/js/dist/hooks.min.js?ver=dd5603f07f9220ed27f1 HTTP/1.0" 200 6165 "https://inglory.de/" "Mozilla/5.0 (Windows NT 10.0; Win64; x64; rv:148.0) Gecko/20100101 Firefox/148.0"
94.130.90.54 - - [11/Mar/2026:14:59:09 +0100] "GET /wp-includes/js/dist/i18n.min.js?ver=c26c3dc7bed366793375 HTTP/1.1" 304 3419 "https://inglory.de/" "Serf/1.3.9 (mod_pagespeed/1.13.35.2-0)"
91.45.99.77 - - [11/Mar/2026:14:59:09 +0100] "GET /wp-content/plugins/pro-elements/assets/js/webpack-pro.runtime.min.js?ver=3.30.0 HTTP/1.0" 200 4080 "https://inglory.de/" "Mozilla/5.0 (Windows NT 10.0; Win64; x64; rv:148.0) Gecko/20100101 Firefox/148.0"
94.130.90.54 - - [11/Mar/2026:14:59:09 +0100] "GET /wp-content/plugins/real-cookie-banner-pro/public/dist/vendor-banner.pro.js?ver=999564eaa31ab373ce4e9c8b101375a1 HTTP/1.1" 304 3419 "https://inglory.de/" "Serf/1.3.9 (mod_pagespeed/1.13.35.2-0)"
91.45.99.77 - - [11/Mar/2026:14:59:09 +0100] "GET /wp-content/plugins/pro-elements/assets/js/elements-handlers.min.js?ver=3.30.0 HTTP/1.0" 200 4078 "https://inglory.de/" "Mozilla/5.0 (Windows NT 10.0; Win64; x64; rv:148.0) Gecko/20100101 Firefox/148.0"
94.130.90.54 - - [11/Mar/2026:14:59:09 +0100] "GET /wp-content/plugins/real-cookie-banner-pro/public/dist/banner.pro.js?ver=e254713b5a42206c0ddfb3e20e347bdf HTTP/1.1" 304 3420 "https://inglory.de/" "Serf/1.3.9 (mod_pagespeed/1.13.35.2-0)"
91.45.99.77 - - [11/Mar/2026:14:59:09 +0100] "GET /wp-content/plugins/elementor/assets/lib/font-awesome/css/solid.min.css?ver=5.15.3 HTTP/1.0" 200 4494 "https://inglory.de/" "Mozilla/5.0 (Windows NT 10.0; Win64; x64; rv:148.0) Gecko/20100101 Firefox/148.0"
91.45.99.77 - - [11/Mar/2026:14:59:09 +0100] "GET /wp-content/themes/hub/assets/vendors/liquid-icon/lqd-essentials/lqd-essentials.min.css?ver=1.0.0 HTTP/1.0" 200 4948 "https://inglory.de/" "Mozilla/5.0 (Windows NT 10.0; Win64; x64; rv:148.0) Gecko/20100101 Firefox/148.0"
91.45.99.77 - - [11/Mar/2026:14:59:09 +0100] "GET /wp-content/uploads/logo_slogan_retina.webp HTTP/1.0" 200 4056 "https://inglory.de/" "Mozilla/5.0 (Windows NT 10.0; Win64; x64; rv:148.0) Gecko/20100101 Firefox/148.0"
94.130.90.54 - - [11/Mar/2026:14:59:09 +0100] "GET /wp-content/plugins/real-cookie-banner-pro/public/dist/blocker.pro.js?ver=853aee641143ce676b6ff4d3a37c559f HTTP/1.1" 304 3419 "https://inglory.de/" "Serf/1.3.9 (mod_pagespeed/1.13.35.2-0)"
91.45.99.77 - - [11/Mar/2026:14:59:09 +0100] "GET /wp-content/themes/hub/assets/vendors/liquid-icon/lqd-essentials/lqd-essentials.min.css HTTP/1.0" 200 4948 "https://inglory.de/" "Mozilla/5.0 (Windows NT 10.0; Win64; x64; rv:148.0) Gecko/20100101 Firefox/148.0"
91.45.99.77 - - [11/Mar/2026:14:59:09 +0100] "GET /wp-content/plugins/Funnelforms-pro/res/frontend/styles/frontend.css?ver=3.8.1 HTTP/1.0" 200 4065 "https://inglory.de/" "Mozilla/5.0 (Windows NT 10.0; Win64; x64; rv:148.0) Gecko/20100101 Firefox/148.0"
94.130.90.54 - - [11/Mar/2026:14:59:09 +0100] "GET /wp-content/uploads/cropped-favicon.webp HTTP/1.1" 200 7633 "https://inglory.de/" "Serf/1.3.9 (mod_pagespeed/1.13.35.2-0)"
91.45.99.77 - - [11/Mar/2026:14:59:09 +0100] "GET /wp-content/themes/hub/assets/vendors/bootstrap/js/bootstrap.min.js HTTP/1.0" 200 4078 "https://inglory.de/" "Mozilla/5.0 (Windows NT 10.0; Win64; x64; rv:148.0) Gecko/20100101 Firefox/148.0"
91.45.99.77 - - [11/Mar/2026:14:59:09 +0100] "GET /wp-content/plugins/real-cookie-banner-pro/public/dist/blocker.pro.js,qver=853aee641143ce676b6ff4d3a37c559f.pagespeed.ce.FW9CPBmtBQ.js HTTP/1.0" 200 20371 "https://inglory.de/" "Mozilla/5.0 (Windows NT 10.0; Win64; x64; rv:148.0) Gecko/20100101 Firefox/148.0"
94.130.90.54 - - [11/Mar/2026:14:59:09 +0100] "GET /wp-content/uploads/cropped-favicon-32x32.webp HTTP/1.1" 200 3891 "https://inglory.de/" "Serf/1.3.9 (mod_pagespeed/1.13.35.2-0)"
91.45.99.77 - - [11/Mar/2026:14:59:09 +0100] "GET /wp-content/themes/hub/assets/vendors/jquery-ui/jquery-ui.min.js HTTP/1.0" 200 4075 "https://inglory.de/" "Mozilla/5.0 (Windows NT 10.0; Win64; x64; rv:148.0) Gecko/20100101 Firefox/148.0"
91.45.99.77 - - [11/Mar/2026:14:59:09 +0100] "GET /wp-content/themes/hub/assets/vendors/gsap/minified/gsap.min.js HTTP/1.0" 200 4074 "https://inglory.de/" "Mozilla/5.0 (Windows NT 10.0; Win64; x64; rv:148.0) Gecko/20100101 Firefox/148.0"
91.45.99.77 - - [11/Mar/2026:14:59:09 +0100] "GET /wp-content/themes/hub/assets/vendors/fontfaceobserver.js HTTP/1.0" 200 6424 "https://inglory.de/" "Mozilla/5.0 (Windows NT 10.0; Win64; x64; rv:148.0) Gecko/20100101 Firefox/148.0"
91.45.99.77 - - [11/Mar/2026:14:59:09 +0100] "GET /wp-content/themes/hub/assets/vendors/gsap/minified/ScrollTrigger.min.js HTTP/1.0" 200 21890 "https://inglory.de/" "Mozilla/5.0 (Windows NT 10.0; Win64; x64; rv:148.0) Gecko/20100101 Firefox/148.0"
91.45.99.77 - - [11/Mar/2026:14:59:09 +0100] "GET /wp-content/themes/hub/assets/vendors/lity/lity.min.js HTTP/1.0" 200 6395 "https://inglory.de/" "Mozilla/5.0 (Windows NT 10.0; Win64; x64; rv:148.0) Gecko/20100101 Firefox/148.0"
91.45.99.77 - - [11/Mar/2026:14:59:09 +0100] "GET /wp-content/themes/hub/assets/vendors/lazyload.min.js HTTP/1.0" 200 7273 "https://inglory.de/" "Mozilla/5.0 (Windows NT 10.0; Win64; x64; rv:148.0) Gecko/20100101 Firefox/148.0"
94.130.90.54 - - [11/Mar/2026:14:59:09 +0100] "GET /wp-content/uploads/cropped-favicon-192x192.webp HTTP/1.1" 200 5397 "https://inglory.de/" "Serf/1.3.9 (mod_pagespeed/1.13.35.2-0)"
91.45.99.77 - - [11/Mar/2026:14:59:09 +0100] "GET /wp-content/themes/hub/assets/vendors/gsap/utils/SplitText.min.js HTTP/1.0" 200 9569 "https://inglory.de/" "Mozilla/5.0 (Windows NT 10.0; Win64; x64; rv:148.0) Gecko/20100101 Firefox/148.0"
91.45.99.77 - - [11/Mar/2026:14:59:09 +0100] "GET /wp-content/themes/hub/assets/vendors/tinycolor-min.js HTTP/1.0" 200 4065 "https://inglory.de/" "Mozilla/5.0 (Windows NT 10.0; Win64; x64; rv:148.0) Gecko/20100101 Firefox/148.0"
94.130.90.54 - - [11/Mar/2026:14:59:09 +0100] "GET /wp-content/uploads/cropped-favicon-180x180.webp HTTP/1.1" 200 5258 "https://inglory.de/" "Serf/1.3.9 (mod_pagespeed/1.13.35.2-0)"
91.45.99.77 - - [11/Mar/2026:14:59:09 +0100] "GET /wp-content/plugins/elementor/assets/js/webpack.runtime.min.js?ver=3.35.6 HTTP/1.0" 200 4073 "https://inglory.de/" "Mozilla/5.0 (Windows NT 10.0; Win64; x64; rv:148.0) Gecko/20100101 Firefox/148.0"
91.45.99.77 - - [11/Mar/2026:14:59:09 +0100] "GET /wp-content/themes/hub/assets/js/theme.min.js HTTP/1.0" 200 4056 "https://inglory.de/" "Mozilla/5.0 (Windows NT 10.0; Win64; x64; rv:148.0) Gecko/20100101 Firefox/148.0"
94.130.90.54 - - [11/Mar/2026:14:59:09 +0100] "GET /wp-content/uploads/logo_slogan_retina.webp HTTP/1.1" 200 25086 "https://inglory.de/" "Serf/1.3.9 (mod_pagespeed/1.13.35.2-0)"
91.45.99.77 - - [11/Mar/2026:14:59:09 +0100] "GET /wp-content/themes/hub/assets/vendors/flickity/flickity.pkgd.min.js HTTP/1.0" 200 18410 "https://inglory.de/" "Mozilla/5.0 (Windows NT 10.0; Win64; x64; rv:148.0) Gecko/20100101 Firefox/148.0"
94.130.90.54 - - [11/Mar/2026:14:59:09 +0100] "GET /wp-content/uploads/logo_slogan_retina.webp HTTP/1.1" 200 25086 "https://inglory.de/" "Serf/1.3.9 (mod_pagespeed/1.13.35.2-0)"
91.45.99.77 - - [11/Mar/2026:14:59:09 +0100] "GET /wp-includes/js/jquery/ui/core.min.js?ver=1.13.3 HTTP/1.0" 200 11318 "https://inglory.de/" "Mozilla/5.0 (Windows NT 10.0; Win64; x64; rv:148.0) Gecko/20100101 Firefox/148.0"
91.45.99.77 - - [11/Mar/2026:14:59:09 +0100] "GET /wp-content/plugins/elementor/assets/js/frontend.min.js?ver=3.35.6 HTTP/1.0" 200 4066 "https://inglory.de/" "Mozilla/5.0 (Windows NT 10.0; Win64; x64; rv:148.0) Gecko/20100101 Firefox/148.0"
94.130.90.54 - - [11/Mar/2026:14:59:09 +0100] "GET /wp-content/uploads/logo_slogan_retina-300x134.webp HTTP/1.1" 200 8914 "https://inglory.de/" "Serf/1.3.9 (mod_pagespeed/1.13.35.2-0)"
91.45.99.77 - - [11/Mar/2026:14:59:09 +0100] "GET /wp-content/themes/hub/assets/vendors/flickity/flickity-fade.min.js HTTP/1.0" 200 5396 "https://inglory.de/" "Mozilla/5.0 (Windows NT 10.0; Win64; x64; rv:148.0) Gecko/20100101 Firefox/148.0"
91.45.99.77 - - [11/Mar/2026:14:59:09 +0100] "GET /wp-content/plugins/pro-elements/assets/lib/smartmenus/jquery.smartmenus.min.js?ver=1.2.1 HTTP/1.0" 200 11279 "https://inglory.de/" "Mozilla/5.0 (Windows NT 10.0; Win64; x64; rv:148.0) Gecko/20100101 Firefox/148.0"
91.45.99.77 - - [11/Mar/2026:14:59:09 +0100] "GET /wp-content/plugins/elementor/assets/js/frontend-modules.min.js?ver=3.35.6 HTTP/1.0" 200 20080 "https://inglory.de/" "Mozilla/5.0 (Windows NT 10.0; Win64; x64; rv:148.0) Gecko/20100101 Firefox/148.0"
94.130.90.54 - - [11/Mar/2026:14:59:09 +0100] "GET /wp-content/uploads/logo_slogan_retina-1024x458.webp HTTP/1.1" 200 23646 "https://inglory.de/" "Serf/1.3.9 (mod_pagespeed/1.13.35.2-0)"
91.45.99.77 - - [11/Mar/2026:14:59:09 +0100] "GET /wp-includes/js/dist/i18n.min.js?ver=c26c3dc7bed366793375 HTTP/1.0" 200 6452 "https://inglory.de/" "Mozilla/5.0 (Windows NT 10.0; Win64; x64; rv:148.0) Gecko/20100101 Firefox/148.0"
94.130.90.54 - - [11/Mar/2026:14:59:09 +0100] "GET /wp-content/uploads/logo_slogan_retina-1536x687.webp HTTP/1.1" 200 33636 "https://inglory.de/" "Serf/1.3.9 (mod_pagespeed/1.13.35.2-0)"
91.45.99.77 - - [11/Mar/2026:14:59:09 +0100] "GET /wp-content/plugins/Funnelforms-pro/res/frontend/scripts/frontend.js?ver=3.8.1 HTTP/1.0" 200 4079 "https://inglory.de/" "Mozilla/5.0 (Windows NT 10.0; Win64; x64; rv:148.0) Gecko/20100101 Firefox/148.0"
94.130.90.54 - - [11/Mar/2026:14:59:09 +0100] "GET /wp-content/uploads/cropped-favicon.webp HTTP/1.1" 200 7633 "https://inglory.de/" "Serf/1.3.9 (mod_pagespeed/1.13.35.2-0)"
91.45.99.77 - - [11/Mar/2026:14:59:09 +0100] "GET /wp-content/plugins/Funnelforms-pro/res/frontend/scripts/dropzone.js?ver=3.8.1 HTTP/1.0" 200 4079 "https://inglory.de/" "Mozilla/5.0 (Windows NT 10.0; Win64; x64; rv:148.0) Gecko/20100101 Firefox/148.0"
91.45.99.77 - - [11/Mar/2026:14:59:09 +0100] "GET /wp-content/plugins/Funnelforms-pro/res/frontend/scripts/intlTelInputSelect2.js?ver=3.8.1 HTTP/1.0" 200 4090 "https://inglory.de/" "Mozilla/5.0 (Windows NT 10.0; Win64; x64; rv:148.0) Gecko/20100101 Firefox/148.0"
94.130.90.54 - - [11/Mar/2026:14:59:09 +0100] "GET /wp-includes/js/jquery/jquery.min.js?ver=3.7.1 HTTP/1.1" 304 3420 "https://inglory.de/" "Serf/1.3.9 (mod_pagespeed/1.13.35.2-0)"
91.45.99.77 - - [11/Mar/2026:14:59:09 +0100] "GET /wp-content/plugins/Funnelforms-pro/res/frontend/scripts/select.js?ver=3.8.1 HTTP/1.0" 200 4077 "https://inglory.de/" "Mozilla/5.0 (Windows NT 10.0; Win64; x64; rv:148.0) Gecko/20100101 Firefox/148.0"
91.45.99.77 - - [11/Mar/2026:14:59:09 +0100] "GET /wp-content/plugins/pro-elements/assets/js/frontend.min.js?ver=3.30.0 HTTP/1.0" 200 4069 "https://inglory.de/" "Mozilla/5.0 (Windows NT 10.0; Win64; x64; rv:148.0) Gecko/20100101 Firefox/148.0"
94.130.90.54 - - [11/Mar/2026:14:59:09 +0100] "GET /wp-includes/js/jquery/jquery-migrate.min.js?ver=3.4.1 HTTP/1.1" 304 3419 "https://inglory.de/" "Serf/1.3.9 (mod_pagespeed/1.13.35.2-0)"
94.130.90.54 - - [11/Mar/2026:14:59:09 +0100] "GET /wp-content/plugins/Funnelforms-pro/res/frontend/scripts/frontend.js?ver=3.8.1 HTTP/1.1" 304 3420 "https://inglory.de/" "Serf/1.3.9 (mod_pagespeed/1.13.35.2-0)"
94.130.90.54 - - [11/Mar/2026:14:59:09 +0100] "GET /wp-content/plugins/Funnelforms-pro/res/frontend/scripts/dropzone.js?ver=3.8.1 HTTP/1.1" 304 3419 "https://inglory.de/" "Serf/1.3.9 (mod_pagespeed/1.13.35.2-0)"
94.130.90.54 - - [11/Mar/2026:14:59:09 +0100] "GET /wp-content/plugins/Funnelforms-pro/res/frontend/scripts/select.js?ver=3.8.1 HTTP/1.1" 304 3420 "https://inglory.de/" "Serf/1.3.9 (mod_pagespeed/1.13.35.2-0)"
94.130.90.54 - - [11/Mar/2026:14:59:09 +0100] "GET /wp-content/plugins/Funnelforms-pro/res/frontend/scripts/intlTelInputSelect2.js?ver=3.8.1 HTTP/1.1" 304 3419 "https://inglory.de/" "Serf/1.3.9 (mod_pagespeed/1.13.35.2-0)"
94.130.90.54 - - [11/Mar/2026:14:59:09 +0100] "GET /wp-content/plugins/pro-elements/assets/js/webpack-pro.runtime.min.js?ver=3.30.0 HTTP/1.1" 304 3419 "https://inglory.de/" "Serf/1.3.9 (mod_pagespeed/1.13.35.2-0)"
94.130.90.54 - - [11/Mar/2026:14:59:09 +0100] "GET /wp-content/plugins/pro-elements/assets/js/frontend.min.js?ver=3.30.0 HTTP/1.1" 304 3419 "https://inglory.de/" "Serf/1.3.9 (mod_pagespeed/1.13.35.2-0)"
94.130.90.54 - - [11/Mar/2026:14:59:09 +0100] "GET /wp-content/plugins/pro-elements/assets/js/elements-handlers.min.js?ver=3.30.0 HTTP/1.1" 304 3419 "https://inglory.de/" "Serf/1.3.9 (mod_pagespeed/1.13.35.2-0)"
94.130.90.54 - - [11/Mar/2026:14:59:09 +0100] "GET /wp-content/plugins/Funnelforms-pro/res/frontend/styles/frontend.css?ver=3.8.1 HTTP/1.1" 304 3419 "https://inglory.de/" "Serf/1.3.9 (mod_pagespeed/1.13.35.2-0)"
94.130.90.54 - - [11/Mar/2026:14:59:09 +0100] "GET /wp-content/plugins/Funnelforms-pro/res/frontend/styles/intlTelInput.css?ver=3.8.1 HTTP/1.1" 304 3419 "https://inglory.de/" "Serf/1.3.9 (mod_pagespeed/1.13.35.2-0)"
94.130.90.54 - - [11/Mar/2026:14:59:09 +0100] "GET /wp-content/themes/hub/assets/vendors/bootstrap/js/bootstrap.min.js HTTP/1.1" 304 3420 "https://inglory.de/" "Serf/1.3.9 (mod_pagespeed/1.13.35.2-0)"
94.130.90.54 - - [11/Mar/2026:14:59:09 +0100] "GET /wp-content/themes/hub/assets/vendors/jquery-ui/jquery-ui.min.js HTTP/1.1" 304 3420 "https://inglory.de/" "Serf/1.3.9 (mod_pagespeed/1.13.35.2-0)"
94.130.90.54 - - [11/Mar/2026:14:59:09 +0100] "GET /wp-content/themes/hub/assets/vendors/gsap/minified/gsap.min.js HTTP/1.1" 304 3420 "https://inglory.de/" "Serf/1.3.9 (mod_pagespeed/1.13.35.2-0)"
94.130.90.54 - - [11/Mar/2026:14:59:09 +0100] "GET /wp-content/themes/hub/assets/vendors/tinycolor-min.js HTTP/1.1" 304 3419 "https://inglory.de/" "Serf/1.3.9 (mod_pagespeed/1.13.35.2-0)"
94.130.90.54 - - [11/Mar/2026:14:59:09 +0100] "GET /wp-content/themes/hub/assets/js/theme.min.js HTTP/1.1" 304 3420 "https://inglory.de/" "Serf/1.3.9 (mod_pagespeed/1.13.35.2-0)"
94.130.90.54 - - [11/Mar/2026:14:59:09 +0100] "GET /wp-content/plugins/elementor/assets/js/webpack.runtime.min.js?ver=3.35.6 HTTP/1.1" 304 3419 "https://inglory.de/" "Serf/1.3.9 (mod_pagespeed/1.13.35.2-0)"
94.130.90.54 - - [11/Mar/2026:14:59:09 +0100] "GET /wp-content/plugins/elementor/assets/js/frontend.min.js?ver=3.35.6 HTTP/1.1" 304 3419 "https://inglory.de/" "Serf/1.3.9 (mod_pagespeed/1.13.35.2-0)"
94.130.90.54 - - [11/Mar/2026:14:59:09 +0100] "GET /wp-content/plugins/Funnelforms-pro/res/images/close_button_af2.png HTTP/1.1" 304 3433 "https://inglory.de/" "Serf/1.3.9 (mod_pagespeed/1.13.35.2-0)"
94.130.90.54 - - [11/Mar/2026:14:59:09 +0100] "GET /wp-content/plugins/Funnelforms-pro/res/images/flags.png HTTP/1.1" 304 3434 "https://inglory.de/" "Serf/1.3.9 (mod_pagespeed/1.13.35.2-0)"
94.130.90.54 - - [11/Mar/2026:14:59:09 +0100] "GET /wp-content/plugins/Funnelforms-pro/res/images/flags@2x.png HTTP/1.1" 304 3434 "https://inglory.de/" "Serf/1.3.9 (mod_pagespeed/1.13.35.2-0)"
91.45.99.77 - - [11/Mar/2026:14:59:09 +0100] "GET /wp-content/uploads/Public-Sans-Lokal/public-sans-v14-latin-regular.woff2 HTTP/1.0" 200 4104 "https://inglory.de/" "Mozilla/5.0 (Windows NT 10.0; Win64; x64; rv:148.0) Gecko/20100101 Firefox/148.0"
91.45.99.77 - - [11/Mar/2026:14:59:09 +0100] "GET /wp-content/plugins/Funnelforms-pro/fonts/FontAwesome/fa-solid-900.woff2 HTTP/1.0" 200 4103 "https://inglory.de/wp-content/plugins/Funnelforms-pro/res/frontend/styles/fontawesome_5.15.4.css?ver=3.8.1" "Mozilla/5.0 (Windows NT 10.0; Win64; x64; rv:148.0) Gecko/20100101 Firefox/148.0"
91.45.99.77 - - [11/Mar/2026:14:59:09 +0100] "GET /wp-content/uploads/Public-Sans-Lokal/public-sans-v14-latin-800.woff2 HTTP/1.0" 200 4100 "https://inglory.de/" "Mozilla/5.0 (Windows NT 10.0; Win64; x64; rv:148.0) Gecko/20100101 Firefox/148.0"
91.45.99.77 - - [11/Mar/2026:14:59:09 +0100] "GET /wp-content/uploads/Public-Sans-Lokal/public-sans-v14-latin-700.woff HTTP/1.0" 200 4098 "https://inglory.de/" "Mozilla/5.0 (Windows NT 10.0; Win64; x64; rv:148.0) Gecko/20100101 Firefox/148.0"
91.45.99.77 - - [11/Mar/2026:14:59:09 +0100] "GET /wp-content/plugins/Funnelforms-pro/fonts/FontAwesome/fa-brands-400.woff2 HTTP/1.0" 200 4104 "https://inglory.de/wp-content/plugins/Funnelforms-pro/res/frontend/styles/fontawesome_5.15.4.css?ver=3.8.1" "Mozilla/5.0 (Windows NT 10.0; Win64; x64; rv:148.0) Gecko/20100101 Firefox/148.0"
91.45.99.77 - - [11/Mar/2026:14:59:09 +0100] "GET /wp-content/uploads/Public-Sans-Lokal/public-sans-v14-latin-500.woff2 HTTP/1.0" 200 4100 "https://inglory.de/" "Mozilla/5.0 (Windows NT 10.0; Win64; x64; rv:148.0) Gecko/20100101 Firefox/148.0"
91.45.99.77 - - [11/Mar/2026:14:59:09 +0100] "GET /wp-content/plugins/elementor/assets/lib/font-awesome/webfonts/fa-solid-900.woff2 HTTP/1.0" 200 4112 "https://inglory.de/wp-content/plugins/elementor/assets/lib/font-awesome/css/solid.min.css?ver=5.15.3" "Mozilla/5.0 (Windows NT 10.0; Win64; x64; rv:148.0) Gecko/20100101 Firefox/148.0"
91.45.99.77 - - [11/Mar/2026:14:59:09 +0100] "GET /wp-includes/js/wp-emoji-release.min.js?ver=6.9.3 HTTP/1.0" 200 4050 "https://inglory.de/" "Mozilla/5.0 (Windows NT 10.0; Win64; x64; rv:148.0) Gecko/20100101 Firefox/148.0"
91.45.99.77 - - [11/Mar/2026:14:59:09 +0100] "GET /wp-content/plugins/elementor/assets/lib/font-awesome/webfonts/fa-brands-400.woff2 HTTP/1.0" 200 4113 "https://inglory.de/wp-content/plugins/elementor/assets/lib/font-awesome/css/brands.min.css?ver=5.15.3" "Mozilla/5.0 (Windows NT 10.0; Win64; x64; rv:148.0) Gecko/20100101 Firefox/148.0"
91.45.99.77 - - [11/Mar/2026:14:59:09 +0100] "GET /wp-content/uploads/cropped-favicon-192x192.webp.pagespeed.ce.VeyCrQowQS.webp HTTP/1.0" 200 6032 "https://inglory.de/" "Mozilla/5.0 (Windows NT 10.0; Win64; x64; rv:148.0) Gecko/20100101 Firefox/148.0"
91.45.99.77 - - [11/Mar/2026:14:59:09 +0100] "GET /wp-content/uploads/cropped-favicon-32x32.webp.pagespeed.ce.m9NKQ0fePt.webp HTTP/1.0" 200 4530 "https://inglory.de/" "Mozilla/5.0 (Windows NT 10.0; Win64; x64; rv:148.0) Gecko/20100101 Firefox/148.0"
91.45.99.77 - - [11/Mar/2026:14:59:09 +0100] "POST /mod_pagespeed_beacon?url=https%3A%2F%2Finglory.de%2F HTTP/1.0" 204 3896 "https://inglory.de/" "Mozilla/5.0 (Windows NT 10.0; Win64; x64; rv:148.0) Gecko/20100101 Firefox/148.0"
91.45.99.77 - - [11/Mar/2026:14:59:09 +0100] "GET /wp-content/uploads/logo_retina.webp HTTP/1.0" 200 4049 "https://inglory.de/" "Mozilla/5.0 (Windows NT 10.0; Win64; x64; rv:148.0) Gecko/20100101 Firefox/148.0"
91.45.99.77 - - [11/Mar/2026:14:59:09 +0100] "GET /wp-content/plugins/elementor/assets/js/shared-frontend-handlers.03caa53373b56d3bab67.bundle.min.js HTTP/1.0" 200 4110 "https://inglory.de/" "Mozilla/5.0 (Windows NT 10.0; Win64; x64; rv:148.0) Gecko/20100101 Firefox/148.0"
91.45.99.77 - - [11/Mar/2026:14:59:09 +0100] "GET /wp-content/plugins/pro-elements/assets/js/countdown.0e9e688751d29d07a8d3.bundle.min.js HTTP/1.0" 200 4098 "https://inglory.de/" "Mozilla/5.0 (Windows NT 10.0; Win64; x64; rv:148.0) Gecko/20100101 Firefox/148.0"
91.45.99.77 - - [11/Mar/2026:14:59:09 +0100] "GET /wp-content/plugins/pro-elements/assets/js/nav-menu.a23fbd67486c5bedf26c.bundle.min.js HTTP/1.0" 200 4097 "https://inglory.de/" "Mozilla/5.0 (Windows NT 10.0; Win64; x64; rv:148.0) Gecko/20100101 Firefox/148.0"
91.45.99.77 - - [11/Mar/2026:14:59:11 +0100] "POST /wp-json/mnutq6cpim4wqtd2iv4ey6tlormxsodxjr4tq52mgjhhetd2ju2ey6jypbhugodujzbtq6snim4wqtd2m53ey6thozneovtz0/mrvekpi0/09c4de265e8f0aa44e97bc50f1505b162/consent?_method=POST&_v=3.8.0&_locale=user&_wp_http_referer=https%3A%2F%2Finglory.de%2F HTTP/1.0" 200 4972 "https://inglory.de/" "Mozilla/5.0 (Windows NT 10.0; Win64; x64; rv:148.0) Gecko/20100101 Firefox/148.0"
94.130.90.54 - - [11/Mar/2026:14:59:27 +0100] "POST /wp-cron.php?doing_wp_cron=1773237567.7417800426483154296875 HTTP/1.0" 200 4066 "-" "Cuha1AESesuZ"
138.201.53.248 - - [11/Mar/2026:14:59:26 +0100] "GET /feed/ HTTP/1.0" 200 4749 "-" "Mozilla/5.0 (compatible; FleebsBot/1~w; +https://fleebs.com/bot)"
138.201.53.248 - - [11/Mar/2026:14:59:27 +0100] "GET /robots.txt HTTP/1.0" 200 4217 "-" "Mozilla/5.0 (Macintosh; Intel Mac OS X 10_14_6) AppleWebKit/537.36 (KHTML, like Gecko) Chrome/87.0.4280.88 Safari/537.36"
94.130.90.54 - - [11/Mar/2026:15:00:17 +0100] "POST /wp-cron.php?doing_wp_cron=1773237617.7264668941497802734375 HTTP/1.0" 200 4066 "-" "lNnKynwYCvlg"
49.13.134.145 - - [11/Mar/2026:15:00:16 +0100] "HEAD / HTTP/1.0" 200 4190 "https://inglory.de" "Mozilla/5.0+(compatible; UptimeRobot/2.0; http://www.uptimerobot.com/)"
94.130.90.54 - - [11/Mar/2026:15:05:22 +0100] "POST /wp-cron.php?doing_wp_cron=1773237922.7164769172668457031250 HTTP/1.0" 200 4066 "-" "lqewERWpNrXV"
63.178.84.147 - - [11/Mar/2026:15:05:21 +0100] "HEAD / HTTP/1.0" 200 4190 "https://inglory.de" "Mozilla/5.0+(compatible; UptimeRobot/2.0; http://www.uptimerobot.com/)"
17.241.227.75 - - [11/Mar/2026:15:06:10 +0100] "GET /robots.txt HTTP/1.0" 200 4217 "-" "Mozilla/5.0 (Macintosh; Intel Mac OS X 10_15_7) AppleWebKit/605.1.15 (KHTML, like Gecko) Version/17.4 Safari/605.1.15 (Applebot/0.1; +http://www.apple.com/go/applebot)"
17.241.227.75 - - [11/Mar/2026:15:06:12 +0100] "GET /comments/feed/ HTTP/1.0" 200 4652 "-" "Mozilla/5.0 (Macintosh; Intel Mac OS X 10_15_7) AppleWebKit/605.1.15 (KHTML, like Gecko) Version/17.4 Safari/605.1.15 (Applebot/0.1; +http://www.apple.com/go/applebot)"
94.130.90.54 - - [11/Mar/2026:15:06:43 +0100] "POST /wp-cron.php?doing_wp_cron=1773238003.6861228942871093750000 HTTP/1.0" 200 4066 "-" "2qsYDSkRudEK"
94.130.90.54 - - [11/Mar/2026:15:06:43 +0100] "GET /wp-includes/css/dashicons.min.css?ver=6.9.3 HTTP/1.1" 304 3419 "https://inglory.de/wp-login.php" "Serf/1.3.9 (mod_pagespeed/1.13.35.2-0)"
173.239.214.10 - - [11/Mar/2026:15:06:42 +0100] "POST /wp-login.php HTTP/1.0" 200 42054 "-" "Mozilla/5.0"
185.198.240.147 - - [11/Mar/2026:15:06:42 +0100] "POST /wp-login.php HTTP/1.0" 200 42050 "-" "Mozilla/5.0"
94.130.90.54 - - [11/Mar/2026:15:06:43 +0100] "GET /wp-includes/css/buttons.min.css?ver=6.9.3 HTTP/1.1" 304 3419 "https://inglory.de/wp-login.php" "Serf/1.3.9 (mod_pagespeed/1.13.35.2-0)"
94.130.90.54 - - [11/Mar/2026:15:06:43 +0100] "GET /wp-includes/js/dist/hooks.min.js?ver=dd5603f07f9220ed27f1 HTTP/1.1" 304 3419 "https://inglory.de/wp-login.php" "Serf/1.3.9 (mod_pagespeed/1.13.35.2-0)"
94.130.90.54 - - [11/Mar/2026:15:06:43 +0100] "GET /wp-includes/js/dist/i18n.min.js?ver=c26c3dc7bed366793375 HTTP/1.1" 304 3419 "https://inglory.de/wp-login.php" "Serf/1.3.9 (mod_pagespeed/1.13.35.2-0)"
94.130.90.54 - - [11/Mar/2026:15:06:43 +0100] "GET /wp-includes/js/wp-util.min.js?ver=6.9.3 HTTP/1.1" 304 3418 "https://inglory.de/wp-login.php" "Serf/1.3.9 (mod_pagespeed/1.13.35.2-0)"
94.130.90.54 - - [11/Mar/2026:15:06:43 +0100] "GET /wp-includes/js/dist/dom-ready.min.js?ver=f77871ff7694fffea381 HTTP/1.1" 304 3418 "https://inglory.de/wp-login.php" "Serf/1.3.9 (mod_pagespeed/1.13.35.2-0)"
94.130.90.54 - - [11/Mar/2026:15:06:43 +0100] "GET /wp-content/uploads/cropped-favicon-32x32.webp HTTP/1.1" 200 3891 "https://inglory.de/wp-login.php" "Serf/1.3.9 (mod_pagespeed/1.13.35.2-0)"
94.130.90.54 - - [11/Mar/2026:15:06:43 +0100] "GET /wp-content/uploads/cropped-favicon-192x192.webp HTTP/1.1" 200 5397 "https://inglory.de/wp-login.php" "Serf/1.3.9 (mod_pagespeed/1.13.35.2-0)"
94.130.90.54 - - [11/Mar/2026:15:06:43 +0100] "GET /wp-content/uploads/cropped-favicon-180x180.webp HTTP/1.1" 200 5258 "https://inglory.de/wp-login.php" "Serf/1.3.9 (mod_pagespeed/1.13.35.2-0)"
94.130.90.54 - - [11/Mar/2026:15:06:43 +0100] "GET /wp-includes/js/clipboard.min.js?ver=2.0.11 HTTP/1.1" 304 3419 "https://inglory.de/wp-login.php" "Serf/1.3.9 (mod_pagespeed/1.13.35.2-0)"
94.130.90.54 - - [11/Mar/2026:15:06:43 +0100] "GET /wp-includes/js/jquery/jquery.min.js?ver=3.7.1 HTTP/1.1" 304 3420 "https://inglory.de/wp-login.php" "Serf/1.3.9 (mod_pagespeed/1.13.35.2-0)"
94.130.90.54 - - [11/Mar/2026:15:06:43 +0100] "GET /wp-includes/js/jquery/jquery-migrate.min.js?ver=3.4.1 HTTP/1.1" 304 3419 "https://inglory.de/wp-login.php" "Serf/1.3.9 (mod_pagespeed/1.13.35.2-0)"
94.130.90.54 - - [11/Mar/2026:15:06:43 +0100] "GET /wp-includes/js/underscore.min.js?ver=1.13.7 HTTP/1.1" 304 3419 "https://inglory.de/wp-login.php" "Serf/1.3.9 (mod_pagespeed/1.13.35.2-0)"
94.130.90.54 - - [11/Mar/2026:15:06:43 +0100] "GET /wp-includes/js/dist/a11y.min.js?ver=cb460b4676c94bd228ed HTTP/1.1" 304 3418 "https://inglory.de/wp-login.php" "Serf/1.3.9 (mod_pagespeed/1.13.35.2-0)"
94.130.90.54 - - [11/Mar/2026:15:06:43 +0100] "GET /wp-content/plugins/real-cookie-banner-pro/public/dist/vendor-banner.pro.js?ver=999564eaa31ab373ce4e9c8b101375a1 HTTP/1.1" 304 3419 "https://inglory.de/wp-login.php" "Serf/1.3.9 (mod_pagespeed/1.13.35.2-0)"
94.130.90.54 - - [11/Mar/2026:15:06:43 +0100] "GET /wp-content/plugins/real-cookie-banner-pro/public/dist/banner.pro.js?ver=e254713b5a42206c0ddfb3e20e347bdf HTTP/1.1" 304 3420 "https://inglory.de/wp-login.php" "Serf/1.3.9 (mod_pagespeed/1.13.35.2-0)"
94.130.90.54 - - [11/Mar/2026:15:06:43 +0100] "GET /wp-content/plugins/real-cookie-banner-pro/public/dist/blocker.pro.js?ver=853aee641143ce676b6ff4d3a37c559f HTTP/1.1" 304 3419 "https://inglory.de/wp-login.php" "Serf/1.3.9 (mod_pagespeed/1.13.35.2-0)"
94.130.90.54 - - [11/Mar/2026:15:06:43 +0100] "GET /wp-content/plugins/real-cookie-banner-pro/public/lib/animate.css/animate.min.css?ver=4.1.1 HTTP/1.1" 304 3420 "https://inglory.de/wp-login.php" "Serf/1.3.9 (mod_pagespeed/1.13.35.2-0)"
185.198.240.139 - - [11/Mar/2026:15:06:42 +0100] "POST /wp-login.php HTTP/1.0" 200 42363 "-" "Mozilla/5.0"
94.130.90.54 - - [11/Mar/2026:15:06:43 +0100] "GET /wp-includes/css/dashicons.min.css?ver=6.9.3 HTTP/1.1" 304 3419 "https://inglory.de/wp-login.php" "Serf/1.3.9 (mod_pagespeed/1.13.35.2-0)"
94.130.90.54 - - [11/Mar/2026:15:06:43 +0100] "GET /wp-includes/css/buttons.min.css?ver=6.9.3 HTTP/1.1" 304 3419 "https://inglory.de/wp-login.php" "Serf/1.3.9 (mod_pagespeed/1.13.35.2-0)"
94.130.90.54 - - [11/Mar/2026:15:06:43 +0100] "GET /wp-includes/js/dist/hooks.min.js?ver=dd5603f07f9220ed27f1 HTTP/1.1" 304 3419 "https://inglory.de/wp-login.php" "Serf/1.3.9 (mod_pagespeed/1.13.35.2-0)"
94.130.90.54 - - [11/Mar/2026:15:06:43 +0100] "GET /wp-includes/js/dist/i18n.min.js?ver=c26c3dc7bed366793375 HTTP/1.1" 304 3419 "https://inglory.de/wp-login.php" "Serf/1.3.9 (mod_pagespeed/1.13.35.2-0)"
94.130.90.54 - - [11/Mar/2026:15:06:43 +0100] "GET /wp-includes/js/wp-util.min.js?ver=6.9.3 HTTP/1.1" 304 3418 "https://inglory.de/wp-login.php" "Serf/1.3.9 (mod_pagespeed/1.13.35.2-0)"
94.130.90.54 - - [11/Mar/2026:15:06:43 +0100] "GET /wp-includes/js/dist/dom-ready.min.js?ver=f77871ff7694fffea381 HTTP/1.1" 304 3418 "https://inglory.de/wp-login.php" "Serf/1.3.9 (mod_pagespeed/1.13.35.2-0)"
94.130.90.54 - - [11/Mar/2026:15:06:43 +0100] "GET /wp-content/uploads/cropped-favicon-32x32.webp HTTP/1.1" 200 3891 "https://inglory.de/wp-login.php" "Serf/1.3.9 (mod_pagespeed/1.13.35.2-0)"
94.130.90.54 - - [11/Mar/2026:15:06:43 +0100] "GET /wp-content/uploads/cropped-favicon-192x192.webp HTTP/1.1" 200 5397 "https://inglory.de/wp-login.php" "Serf/1.3.9 (mod_pagespeed/1.13.35.2-0)"
94.130.90.54 - - [11/Mar/2026:15:06:43 +0100] "GET /wp-content/uploads/cropped-favicon-180x180.webp HTTP/1.1" 200 5258 "https://inglory.de/wp-login.php" "Serf/1.3.9 (mod_pagespeed/1.13.35.2-0)"
94.130.90.54 - - [11/Mar/2026:15:06:43 +0100] "GET /wp-includes/js/clipboard.min.js?ver=2.0.11 HTTP/1.1" 304 3419 "https://inglory.de/wp-login.php" "Serf/1.3.9 (mod_pagespeed/1.13.35.2-0)"
94.130.90.54 - - [11/Mar/2026:15:06:43 +0100] "GET /wp-includes/js/jquery/jquery.min.js?ver=3.7.1 HTTP/1.1" 304 3420 "https://inglory.de/wp-login.php" "Serf/1.3.9 (mod_pagespeed/1.13.35.2-0)"
94.130.90.54 - - [11/Mar/2026:15:06:43 +0100] "GET /wp-includes/js/jquery/jquery-migrate.min.js?ver=3.4.1 HTTP/1.1" 304 3419 "https://inglory.de/wp-login.php" "Serf/1.3.9 (mod_pagespeed/1.13.35.2-0)"
94.130.90.54 - - [11/Mar/2026:15:06:43 +0100] "GET /wp-includes/js/underscore.min.js?ver=1.13.7 HTTP/1.1" 304 3419 "https://inglory.de/wp-login.php" "Serf/1.3.9 (mod_pagespeed/1.13.35.2-0)"
94.130.90.54 - - [11/Mar/2026:15:06:43 +0100] "GET /wp-includes/js/dist/a11y.min.js?ver=cb460b4676c94bd228ed HTTP/1.1" 304 3418 "https://inglory.de/wp-login.php" "Serf/1.3.9 (mod_pagespeed/1.13.35.2-0)"
94.130.90.54 - - [11/Mar/2026:15:06:43 +0100] "GET /wp-content/plugins/real-cookie-banner-pro/public/dist/vendor-banner.pro.js?ver=999564eaa31ab373ce4e9c8b101375a1 HTTP/1.1" 304 3419 "https://inglory.de/wp-login.php" "Serf/1.3.9 (mod_pagespeed/1.13.35.2-0)"
94.130.90.54 - - [11/Mar/2026:15:06:43 +0100] "GET /wp-content/plugins/real-cookie-banner-pro/public/dist/banner.pro.js?ver=e254713b5a42206c0ddfb3e20e347bdf HTTP/1.1" 304 3420 "https://inglory.de/wp-login.php" "Serf/1.3.9 (mod_pagespeed/1.13.35.2-0)"
94.130.90.54 - - [11/Mar/2026:15:06:43 +0100] "GET /wp-content/plugins/real-cookie-banner-pro/public/dist/blocker.pro.js?ver=853aee641143ce676b6ff4d3a37c559f HTTP/1.1" 304 3419 "https://inglory.de/wp-login.php" "Serf/1.3.9 (mod_pagespeed/1.13.35.2-0)"
94.130.90.54 - - [11/Mar/2026:15:06:43 +0100] "GET /wp-content/plugins/real-cookie-banner-pro/public/lib/animate.css/animate.min.css?ver=4.1.1 HTTP/1.1" 304 3420 "https://inglory.de/wp-login.php" "Serf/1.3.9 (mod_pagespeed/1.13.35.2-0)"
94.130.90.54 - - [11/Mar/2026:15:06:43 +0100] "GET /wp-includes/js/zxcvbn-async.min.js?ver=1.0 HTTP/1.1" 304 3418 "https://inglory.de/wp-login.php" "Serf/1.3.9 (mod_pagespeed/1.13.35.2-0)"
94.130.90.54 - - [11/Mar/2026:15:06:43 +0100] "GET /wp-includes/js/zxcvbn-async.min.js?ver=1.0 HTTP/1.1" 304 3418 "https://inglory.de/wp-login.php" "Serf/1.3.9 (mod_pagespeed/1.13.35.2-0)"
94.130.90.54 - - [11/Mar/2026:15:06:43 +0100] "GET /wp-content/plugins/real-cookie-banner-pro/public/lib/animate.css/animate.min.css?ver=4.1.1 HTTP/1.1" 304 3420 "https://inglory.de/wp-login.php" "Serf/1.3.9 (mod_pagespeed/1.13.35.2-0)"
94.130.90.54 - - [11/Mar/2026:15:06:43 +0100] "GET /wp-content/plugins/real-cookie-banner-pro/public/dist/blocker.pro.js?ver=853aee641143ce676b6ff4d3a37c559f HTTP/1.1" 304 3419 "https://inglory.de/wp-login.php" "Serf/1.3.9 (mod_pagespeed/1.13.35.2-0)"
94.130.90.54 - - [11/Mar/2026:15:06:43 +0100] "GET /wp-includes/js/zxcvbn-async.min.js?ver=1.0 HTTP/1.1" 304 3418 "https://inglory.de/wp-login.php" "Serf/1.3.9 (mod_pagespeed/1.13.35.2-0)"
167.99.182.62 - - [11/Mar/2026:15:06:52 +0100] "POST /wp-login.php HTTP/1.0" 200 42422 "-" "Mozilla/5.0"
167.99.182.62 - - [11/Mar/2026:15:06:52 +0100] "POST /wp-login.php HTTP/1.0" 200 42428 "-" "Mozilla/5.0"
94.130.90.54 - - [11/Mar/2026:15:10:28 +0100] "POST /wp-cron.php?doing_wp_cron=1773238228.2558310031890869140625 HTTP/1.0" 200 4066 "-" "fGVLwhleFY54"
142.132.180.39 - - [11/Mar/2026:15:10:26 +0100] "HEAD / HTTP/1.0" 200 4190 "https://inglory.de" "Mozilla/5.0+(compatible; UptimeRobot/2.0; http://www.uptimerobot.com/)"
94.130.90.54 - - [11/Mar/2026:15:15:07 +0100] "POST /wp-cron.php?doing_wp_cron=1773238507.9082500934600830078125 HTTP/1.0" 200 4066 "-" "HBp8g3BrwjdO"
94.130.90.54 - - [11/Mar/2026:15:15:07 +0100] "GET /wp-includes/css/dashicons.min.css?ver=6.9.3 HTTP/1.1" 304 3419 "https://inglory.de/wp-login.php" "Serf/1.3.9 (mod_pagespeed/1.13.35.2-0)"
173.244.42.174 - - [11/Mar/2026:15:15:06 +0100] "GET /wp-login.php HTTP/1.0" 200 17183 "-" "Mozilla/5.0 (Windows NT 10.0; Win64; x64) AppleWebKit/537.36 (KHTML, like Gecko) Chrome/91.0.4472.124 Safari/537.36"
94.130.90.54 - - [11/Mar/2026:15:15:07 +0100] "GET /wp-includes/css/buttons.min.css?ver=6.9.3 HTTP/1.1" 304 3419 "https://inglory.de/wp-login.php" "Serf/1.3.9 (mod_pagespeed/1.13.35.2-0)"
94.130.90.54 - - [11/Mar/2026:15:15:07 +0100] "GET /wp-content/plugins/real-cookie-banner-pro/public/lib/animate.css/animate.min.css?ver=4.1.1 HTTP/1.1" 304 3420 "https://inglory.de/wp-login.php" "Serf/1.3.9 (mod_pagespeed/1.13.35.2-0)"
94.130.90.54 - - [11/Mar/2026:15:15:07 +0100] "GET /wp-includes/js/dist/hooks.min.js?ver=dd5603f07f9220ed27f1 HTTP/1.1" 304 3419 "https://inglory.de/wp-login.php" "Serf/1.3.9 (mod_pagespeed/1.13.35.2-0)"
