94.130.90.54 - - [11/Mar/2026:08:13:45 +0100] "GET /wp-content/plugins/pro-elements/assets/js/frontend.min.js?ver=3.30.0 HTTP/1.1" 304 3419 "https://inglory.de/" "Serf/1.3.9 (mod_pagespeed/1.13.35.2-0)"
94.130.90.54 - - [11/Mar/2026:08:13:45 +0100] "GET /wp-content/plugins/pro-elements/assets/js/elements-handlers.min.js?ver=3.30.0 HTTP/1.1" 304 3419 "https://inglory.de/" "Serf/1.3.9 (mod_pagespeed/1.13.35.2-0)"
94.130.90.54 - - [11/Mar/2026:08:13:45 +0100] "GET /wp-content/plugins/Funnelforms-pro/res/frontend/styles/frontend.css?ver=3.8.1 HTTP/1.1" 304 3419 "https://inglory.de/" "Serf/1.3.9 (mod_pagespeed/1.13.35.2-0)"
94.130.90.54 - - [11/Mar/2026:08:13:45 +0100] "GET /wp-content/plugins/Funnelforms-pro/res/frontend/styles/intlTelInput.css?ver=3.8.1 HTTP/1.1" 304 3419 "https://inglory.de/" "Serf/1.3.9 (mod_pagespeed/1.13.35.2-0)"
94.130.90.54 - - [11/Mar/2026:08:13:45 +0100] "GET /wp-content/themes/hub/assets/vendors/fastdom/fastdom.min.js HTTP/1.1" 304 3418 "https://inglory.de/" "Serf/1.3.9 (mod_pagespeed/1.13.35.2-0)"
94.130.90.54 - - [11/Mar/2026:08:13:45 +0100] "GET /wp-content/themes/hub/assets/vendors/bootstrap/js/bootstrap.min.js HTTP/1.1" 304 3420 "https://inglory.de/" "Serf/1.3.9 (mod_pagespeed/1.13.35.2-0)"
94.130.90.54 - - [11/Mar/2026:08:13:45 +0100] "GET /wp-includes/js/imagesloaded.min.js?ver=5.0.0 HTTP/1.1" 304 3419 "https://inglory.de/" "Serf/1.3.9 (mod_pagespeed/1.13.35.2-0)"
94.130.90.54 - - [11/Mar/2026:08:13:45 +0100] "GET /wp-content/themes/hub/assets/vendors/jquery-ui/jquery-ui.min.js HTTP/1.1" 304 3420 "https://inglory.de/" "Serf/1.3.9 (mod_pagespeed/1.13.35.2-0)"
94.130.90.54 - - [11/Mar/2026:08:13:45 +0100] "GET /wp-content/themes/hub/assets/vendors/gsap/minified/gsap.min.js HTTP/1.1" 304 3420 "https://inglory.de/" "Serf/1.3.9 (mod_pagespeed/1.13.35.2-0)"
94.130.90.54 - - [11/Mar/2026:08:13:45 +0100] "GET /wp-content/themes/hub/assets/vendors/tinycolor-min.js HTTP/1.1" 304 3419 "https://inglory.de/" "Serf/1.3.9 (mod_pagespeed/1.13.35.2-0)"
94.130.90.54 - - [11/Mar/2026:08:13:45 +0100] "GET /wp-content/themes/hub/assets/js/theme.min.js HTTP/1.1" 304 3420 "https://inglory.de/" "Serf/1.3.9 (mod_pagespeed/1.13.35.2-0)"
94.130.90.54 - - [11/Mar/2026:08:13:45 +0100] "GET /wp-content/plugins/elementor/assets/js/webpack.runtime.min.js?ver=3.35.6 HTTP/1.1" 304 3419 "https://inglory.de/" "Serf/1.3.9 (mod_pagespeed/1.13.35.2-0)"
94.130.90.54 - - [11/Mar/2026:08:13:45 +0100] "GET /wp-content/plugins/elementor/assets/js/frontend.min.js?ver=3.35.6 HTTP/1.1" 304 3419 "https://inglory.de/" "Serf/1.3.9 (mod_pagespeed/1.13.35.2-0)"
94.130.90.54 - - [11/Mar/2026:08:13:45 +0100] "GET /wp-content/plugins/Funnelforms-pro/res/frontend/scripts/libs/jquery_ui.js?ver=3.8.1 HTTP/1.1" 304 3420 "https://inglory.de/" "Serf/1.3.9 (mod_pagespeed/1.13.35.2-0)"
94.130.90.54 - - [11/Mar/2026:08:13:45 +0100] "GET /wp-content/plugins/Funnelforms-pro/res/images/close_button_af2.png HTTP/1.1" 304 3433 "https://inglory.de/" "Serf/1.3.9 (mod_pagespeed/1.13.35.2-0)"
94.130.90.54 - - [11/Mar/2026:08:13:45 +0100] "GET /wp-content/plugins/Funnelforms-pro/res/images/flags.png HTTP/1.1" 304 3434 "https://inglory.de/" "Serf/1.3.9 (mod_pagespeed/1.13.35.2-0)"
94.130.90.54 - - [11/Mar/2026:08:13:45 +0100] "GET /wp-content/plugins/Funnelforms-pro/res/images/flags@2x.png HTTP/1.1" 304 3434 "https://inglory.de/" "Serf/1.3.9 (mod_pagespeed/1.13.35.2-0)"
94.130.90.54 - - [11/Mar/2026:08:14:06 +0100] "GET /wp-includes/css/dashicons.min.css?ver=6.9.3 HTTP/1.1" 304 3419 "https://inglory.de/wp-login.php" "Serf/1.3.9 (mod_pagespeed/1.13.35.2-0)"
94.130.90.54 - - [11/Mar/2026:08:14:06 +0100] "GET /wp-includes/css/buttons.min.css?ver=6.9.3 HTTP/1.1" 304 3419 "https://inglory.de/wp-login.php" "Serf/1.3.9 (mod_pagespeed/1.13.35.2-0)"
173.239.214.2 - - [11/Mar/2026:08:14:05 +0100] "POST /wp-login.php HTTP/1.0" 200 42304 "-" "Mozilla/5.0"
94.130.90.54 - - [11/Mar/2026:08:14:06 +0100] "GET /wp-includes/js/wp-util.min.js?ver=6.9.3 HTTP/1.1" 304 3418 "https://inglory.de/wp-login.php" "Serf/1.3.9 (mod_pagespeed/1.13.35.2-0)"
94.130.90.54 - - [11/Mar/2026:08:14:06 +0100] "GET /wp-includes/js/dist/dom-ready.min.js?ver=f77871ff7694fffea381 HTTP/1.1" 304 3418 "https://inglory.de/wp-login.php" "Serf/1.3.9 (mod_pagespeed/1.13.35.2-0)"
94.130.90.54 - - [11/Mar/2026:08:14:06 +0100] "GET /wp-includes/js/clipboard.min.js?ver=2.0.11 HTTP/1.1" 304 3419 "https://inglory.de/wp-login.php" "Serf/1.3.9 (mod_pagespeed/1.13.35.2-0)"
94.130.90.54 - - [11/Mar/2026:08:14:06 +0100] "GET /wp-includes/js/underscore.min.js?ver=1.13.7 HTTP/1.1" 304 3419 "https://inglory.de/wp-login.php" "Serf/1.3.9 (mod_pagespeed/1.13.35.2-0)"
94.130.90.54 - - [11/Mar/2026:08:14:06 +0100] "GET /wp-includes/js/dist/a11y.min.js?ver=cb460b4676c94bd228ed HTTP/1.1" 304 3418 "https://inglory.de/wp-login.php" "Serf/1.3.9 (mod_pagespeed/1.13.35.2-0)"
94.130.90.54 - - [11/Mar/2026:08:14:06 +0100] "GET /wp-includes/js/zxcvbn-async.min.js?ver=1.0 HTTP/1.1" 304 3418 "https://inglory.de/wp-login.php" "Serf/1.3.9 (mod_pagespeed/1.13.35.2-0)"
185.198.240.144 - - [11/Mar/2026:08:14:05 +0100] "POST /wp-login.php HTTP/1.0" 200 42428 "-" "Mozilla/5.0"
45.131.195.208 - - [11/Mar/2026:08:14:05 +0100] "POST /wp-login.php HTTP/1.0" 200 42422 "-" "Mozilla/5.0"
94.130.90.54 - - [11/Mar/2026:08:15:45 +0100] "GET /wp-content/uploads/logo_slogan_retina.webp HTTP/1.0" 200 4056 "-" "-"
94.130.90.54 - - [11/Mar/2026:08:15:46 +0100] "POST /wp-cron.php?doing_wp_cron=1773213346.2504301071166992187500 HTTP/1.0" 200 4066 "-" "Ryjq6XewHldo"
52.178.176.146 - - [11/Mar/2026:08:15:44 +0100] "GET /wp-content/plugins/hellopress/wp_filemanager.php HTTP/1.0" 404 214855 "-" "-"
94.130.90.54 - - [11/Mar/2026:08:15:47 +0100] "GET /wp-content/uploads/logo_slogan_retina.webp HTTP/1.0" 200 4028 "-" "-"
52.178.176.146 - - [11/Mar/2026:08:15:46 +0100] "GET /dom.php HTTP/1.0" 404 214855 "-" "-"
94.130.90.54 - - [11/Mar/2026:08:15:48 +0100] "GET /wp-content/uploads/logo_slogan_retina.webp HTTP/1.0" 200 4028 "-" "-"
52.178.176.146 - - [11/Mar/2026:08:15:47 +0100] "GET /wp.php HTTP/1.0" 404 214855 "-" "-"
94.130.90.54 - - [11/Mar/2026:08:15:50 +0100] "GET /wp-content/uploads/logo_slogan_retina.webp HTTP/1.0" 200 4028 "-" "-"
52.178.176.146 - - [11/Mar/2026:08:15:49 +0100] "GET /ta0ol.php HTTP/1.0" 404 214855 "-" "-"
94.130.90.54 - - [11/Mar/2026:08:15:51 +0100] "GET /wp-content/uploads/logo_slogan_retina.webp HTTP/1.0" 200 4028 "-" "-"
52.178.176.146 - - [11/Mar/2026:08:15:50 +0100] "GET /xa.php HTTP/1.0" 404 214855 "-" "-"
94.130.90.54 - - [11/Mar/2026:08:15:52 +0100] "GET /wp-content/uploads/logo_slogan_retina.webp HTTP/1.0" 200 4028 "-" "-"
52.178.176.146 - - [11/Mar/2026:08:15:51 +0100] "GET /a5.php HTTP/1.0" 404 214855 "-" "-"
94.130.90.54 - - [11/Mar/2026:08:15:54 +0100] "GET /wp-content/uploads/logo_slogan_retina.webp HTTP/1.0" 200 4028 "-" "-"
52.178.176.146 - - [11/Mar/2026:08:15:53 +0100] "GET /phina.php HTTP/1.0" 404 214855 "-" "-"
94.130.90.54 - - [11/Mar/2026:08:15:55 +0100] "GET /wp-content/uploads/logo_slogan_retina.webp HTTP/1.0" 200 4028 "-" "-"
52.178.176.146 - - [11/Mar/2026:08:15:54 +0100] "GET /jga.php HTTP/1.0" 404 214855 "-" "-"
94.130.90.54 - - [11/Mar/2026:08:15:56 +0100] "GET /wp-content/uploads/logo_slogan_retina.webp HTTP/1.0" 200 4028 "-" "-"
52.178.176.146 - - [11/Mar/2026:08:15:55 +0100] "GET /fs6.php HTTP/1.0" 404 214855 "-" "-"
94.130.90.54 - - [11/Mar/2026:08:15:58 +0100] "GET /wp-content/uploads/logo_slogan_retina.webp HTTP/1.0" 200 4028 "-" "-"
52.178.176.146 - - [11/Mar/2026:08:15:57 +0100] "GET /fs7.php HTTP/1.0" 404 214855 "-" "-"
94.130.90.54 - - [11/Mar/2026:08:15:59 +0100] "GET /wp-content/uploads/logo_slogan_retina.webp HTTP/1.0" 200 4028 "-" "-"
52.178.176.146 - - [11/Mar/2026:08:15:58 +0100] "GET /kbfr.php HTTP/1.0" 404 214855 "-" "-"
94.130.90.54 - - [11/Mar/2026:08:16:00 +0100] "GET /wp-content/uploads/logo_slogan_retina.webp HTTP/1.0" 200 4028 "-" "-"
52.178.176.146 - - [11/Mar/2026:08:15:59 +0100] "GET /wander.php HTTP/1.0" 404 214855 "-" "-"
94.130.90.54 - - [11/Mar/2026:08:16:02 +0100] "GET /wp-content/uploads/logo_slogan_retina.webp HTTP/1.0" 200 4028 "-" "-"
52.178.176.146 - - [11/Mar/2026:08:16:01 +0100] "GET /xc0252.php HTTP/1.0" 404 214855 "-" "-"
94.130.90.54 - - [11/Mar/2026:08:16:03 +0100] "GET /wp-content/uploads/logo_slogan_retina.webp HTTP/1.0" 200 4028 "-" "-"
52.178.176.146 - - [11/Mar/2026:08:16:02 +0100] "GET /f6.php HTTP/1.0" 404 214855 "-" "-"
94.130.90.54 - - [11/Mar/2026:08:16:04 +0100] "GET /wp-content/uploads/logo_slogan_retina.webp HTTP/1.0" 200 4028 "-" "-"
52.178.176.146 - - [11/Mar/2026:08:16:03 +0100] "GET /8.php HTTP/1.0" 404 214855 "-" "-"
94.130.90.54 - - [11/Mar/2026:08:16:06 +0100] "GET /wp-content/uploads/logo_slogan_retina.webp HTTP/1.0" 200 4028 "-" "-"
52.178.176.146 - - [11/Mar/2026:08:16:05 +0100] "GET /xs.php HTTP/1.0" 404 214855 "-" "-"
94.130.90.54 - - [11/Mar/2026:08:16:07 +0100] "GET /wp-content/uploads/logo_slogan_retina.webp HTTP/1.0" 200 4028 "-" "-"
52.178.176.146 - - [11/Mar/2026:08:16:06 +0100] "GET /ws47.php HTTP/1.0" 404 214855 "-" "-"
94.130.90.54 - - [11/Mar/2026:08:16:08 +0100] "GET /wp-content/uploads/logo_slogan_retina.webp HTTP/1.0" 200 4028 "-" "-"
52.178.176.146 - - [11/Mar/2026:08:16:08 +0100] "GET /vvvb.php HTTP/1.0" 404 214855 "-" "-"
94.130.90.54 - - [11/Mar/2026:08:16:10 +0100] "GET /wp-content/uploads/logo_slogan_retina.webp HTTP/1.0" 200 4028 "-" "-"
52.178.176.146 - - [11/Mar/2026:08:16:09 +0100] "GET /x12.php HTTP/1.0" 404 214855 "-" "-"
94.130.90.54 - - [11/Mar/2026:08:16:11 +0100] "GET /wp-content/uploads/logo_slogan_retina.webp HTTP/1.0" 200 4028 "-" "-"
52.178.176.146 - - [11/Mar/2026:08:16:10 +0100] "GET /webadmin.php HTTP/1.0" 404 214855 "-" "-"
94.130.90.54 - - [11/Mar/2026:08:16:13 +0100] "GET /wp-content/uploads/logo_slogan_retina.webp HTTP/1.0" 200 4028 "-" "-"
52.178.176.146 - - [11/Mar/2026:08:16:12 +0100] "GET /sid3.php HTTP/1.0" 404 214855 "-" "-"
94.130.90.54 - - [11/Mar/2026:08:16:14 +0100] "GET /wp-content/uploads/logo_slogan_retina.webp HTTP/1.0" 200 4028 "-" "-"
52.178.176.146 - - [11/Mar/2026:08:16:13 +0100] "GET /class.api.php HTTP/1.0" 404 214855 "-" "-"
94.130.90.54 - - [11/Mar/2026:08:16:15 +0100] "GET /wp-content/uploads/logo_slogan_retina.webp HTTP/1.0" 200 4028 "-" "-"
52.178.176.146 - - [11/Mar/2026:08:16:14 +0100] "GET /blog/222.php HTTP/1.0" 404 214855 "-" "-"
94.130.90.54 - - [11/Mar/2026:08:16:17 +0100] "GET /wp-content/uploads/logo_slogan_retina.webp HTTP/1.0" 200 4028 "-" "-"
52.178.176.146 - - [11/Mar/2026:08:16:16 +0100] "GET /wp-admin/js/about.php HTTP/1.0" 404 214827 "-" "-"
94.130.90.54 - - [11/Mar/2026:08:16:18 +0100] "GET /wp-content/uploads/logo_slogan_retina.webp HTTP/1.0" 200 4028 "-" "-"
52.178.176.146 - - [11/Mar/2026:08:16:17 +0100] "GET /rrr.php HTTP/1.0" 404 214855 "-" "-"
94.130.90.54 - - [11/Mar/2026:08:16:19 +0100] "GET /wp-content/uploads/logo_slogan_retina.webp HTTP/1.0" 200 4028 "-" "-"
52.178.176.146 - - [11/Mar/2026:08:16:18 +0100] "GET /uploads/admin.php HTTP/1.0" 404 214855 "-" "-"
94.130.90.54 - - [11/Mar/2026:08:16:21 +0100] "GET /wp-content/uploads/logo_slogan_retina.webp HTTP/1.0" 200 4028 "-" "-"
52.178.176.146 - - [11/Mar/2026:08:16:20 +0100] "GET /ant.php HTTP/1.0" 404 214855 "-" "-"
94.130.90.54 - - [11/Mar/2026:08:16:22 +0100] "GET /wp-content/uploads/logo_slogan_retina.webp HTTP/1.0" 200 4028 "-" "-"
52.178.176.146 - - [11/Mar/2026:08:16:21 +0100] "GET /1.php HTTP/1.0" 404 214855 "-" "-"
94.130.90.54 - - [11/Mar/2026:08:16:23 +0100] "GET /wp-content/uploads/logo_slogan_retina.webp HTTP/1.0" 200 4028 "-" "-"
52.178.176.146 - - [11/Mar/2026:08:16:22 +0100] "GET /vx.php HTTP/1.0" 404 214855 "-" "-"
94.130.90.54 - - [11/Mar/2026:08:16:25 +0100] "GET /wp-content/uploads/logo_slogan_retina.webp HTTP/1.0" 200 4028 "-" "-"
52.178.176.146 - - [11/Mar/2026:08:16:24 +0100] "GET /gtc.php HTTP/1.0" 404 214855 "-" "-"
94.130.90.54 - - [11/Mar/2026:08:16:26 +0100] "GET /wp-content/uploads/logo_slogan_retina.webp HTTP/1.0" 200 4028 "-" "-"
52.178.176.146 - - [11/Mar/2026:08:16:25 +0100] "GET /wp-admin/images/admin.php HTTP/1.0" 404 214827 "-" "-"
52.178.176.146 - - [11/Mar/2026:08:16:26 +0100] "GET /wp-content/index.php HTTP/1.0" 200 3986 "-" "-"
94.130.90.54 - - [11/Mar/2026:08:16:27 +0100] "GET /wp-content/uploads/logo_slogan_retina.webp HTTP/1.0" 200 4028 "-" "-"
52.178.176.146 - - [11/Mar/2026:08:16:26 +0100] "GET /wp-includes/Text/about.php HTTP/1.0" 404 214855 "-" "-"
94.130.90.54 - - [11/Mar/2026:08:16:29 +0100] "GET /wp-content/uploads/logo_slogan_retina.webp HTTP/1.0" 200 4028 "-" "-"
52.178.176.146 - - [11/Mar/2026:08:16:28 +0100] "GET /mini.php HTTP/1.0" 404 214855 "-" "-"
94.130.90.54 - - [11/Mar/2026:08:16:30 +0100] "GET /wp-content/uploads/logo_slogan_retina.webp HTTP/1.0" 200 4028 "-" "-"
52.178.176.146 - - [11/Mar/2026:08:16:29 +0100] "GET /sf.php HTTP/1.0" 404 214855 "-" "-"
94.130.90.54 - - [11/Mar/2026:08:16:31 +0100] "GET /wp-content/uploads/logo_slogan_retina.webp HTTP/1.0" 200 4028 "-" "-"
52.178.176.146 - - [11/Mar/2026:08:16:30 +0100] "GET /pn.php HTTP/1.0" 404 214855 "-" "-"
94.130.90.54 - - [11/Mar/2026:08:16:33 +0100] "GET /wp-content/uploads/logo_slogan_retina.webp HTTP/1.0" 200 4028 "-" "-"
52.178.176.146 - - [11/Mar/2026:08:16:32 +0100] "GET /miansha.php HTTP/1.0" 404 214855 "-" "-"
94.130.90.54 - - [11/Mar/2026:08:16:34 +0100] "GET /wp-content/uploads/logo_slogan_retina.webp HTTP/1.0" 200 4028 "-" "-"
94.130.90.54 - - [11/Mar/2026:08:16:34 +0100] "POST /wp-cron.php?doing_wp_cron=1773213394.7729389667510986328125 HTTP/1.0" 200 4066 "-" "ExlbPRgC5xVJ"
52.178.176.146 - - [11/Mar/2026:08:16:33 +0100] "GET /az.php HTTP/1.0" 404 214855 "-" "-"
94.130.90.54 - - [11/Mar/2026:08:16:35 +0100] "GET /wp-content/uploads/logo_slogan_retina.webp HTTP/1.0" 200 4028 "-" "-"
52.178.176.146 - - [11/Mar/2026:08:16:34 +0100] "GET /155.php HTTP/1.0" 404 214855 "-" "-"
94.130.90.54 - - [11/Mar/2026:08:16:37 +0100] "GET /wp-content/uploads/logo_slogan_retina.webp HTTP/1.0" 200 4028 "-" "-"
52.178.176.146 - - [11/Mar/2026:08:16:36 +0100] "GET /file2.php HTTP/1.0" 404 214855 "-" "-"
94.130.90.54 - - [11/Mar/2026:08:16:38 +0100] "GET /wp-content/uploads/logo_slogan_retina.webp HTTP/1.0" 200 4028 "-" "-"
52.178.176.146 - - [11/Mar/2026:08:16:37 +0100] "GET /oo.php HTTP/1.0" 404 214855 "-" "-"
94.130.90.54 - - [11/Mar/2026:08:16:39 +0100] "GET /wp-content/uploads/logo_slogan_retina.webp HTTP/1.0" 200 4028 "-" "-"
52.178.176.146 - - [11/Mar/2026:08:16:38 +0100] "GET /bless.php HTTP/1.0" 404 214855 "-" "-"
94.130.90.54 - - [11/Mar/2026:08:16:41 +0100] "GET /wp-content/uploads/logo_slogan_retina.webp HTTP/1.0" 200 4028 "-" "-"
52.178.176.146 - - [11/Mar/2026:08:16:40 +0100] "GET /z60.php HTTP/1.0" 404 214855 "-" "-"
94.130.90.54 - - [11/Mar/2026:08:16:42 +0100] "GET /wp-content/uploads/logo_slogan_retina.webp HTTP/1.0" 200 4028 "-" "-"
52.178.176.146 - - [11/Mar/2026:08:16:41 +0100] "GET /666.php HTTP/1.0" 404 214855 "-" "-"
94.130.90.54 - - [11/Mar/2026:08:16:43 +0100] "GET /wp-content/uploads/logo_slogan_retina.webp HTTP/1.0" 200 4028 "-" "-"
52.178.176.146 - - [11/Mar/2026:08:16:42 +0100] "GET /wsd.php HTTP/1.0" 404 214855 "-" "-"
94.130.90.54 - - [11/Mar/2026:08:16:45 +0100] "GET /wp-content/uploads/logo_slogan_retina.webp HTTP/1.0" 200 4028 "-" "-"
52.178.176.146 - - [11/Mar/2026:08:16:44 +0100] "GET /ccou.php HTTP/1.0" 404 214855 "-" "-"
94.130.90.54 - - [11/Mar/2026:08:16:46 +0100] "GET /wp-content/uploads/logo_slogan_retina.webp HTTP/1.0" 200 4028 "-" "-"
52.178.176.146 - - [11/Mar/2026:08:16:45 +0100] "GET /wp-admin/css/colors/about.php HTTP/1.0" 404 214827 "-" "-"
94.130.90.54 - - [11/Mar/2026:08:16:48 +0100] "GET /wp-content/uploads/logo_slogan_retina.webp HTTP/1.0" 200 4028 "-" "-"
52.178.176.146 - - [11/Mar/2026:08:16:47 +0100] "GET /wp-logout.php HTTP/1.0" 404 214855 "-" "-"
94.130.90.54 - - [11/Mar/2026:08:16:49 +0100] "GET /wp-content/uploads/logo_slogan_retina.webp HTTP/1.0" 200 4028 "-" "-"
52.178.176.146 - - [11/Mar/2026:08:16:48 +0100] "GET /wp-links.php HTTP/1.0" 404 214855 "-" "-"
94.130.90.54 - - [11/Mar/2026:08:16:50 +0100] "GET /wp-content/uploads/logo_slogan_retina.webp HTTP/1.0" 200 4028 "-" "-"
52.178.176.146 - - [11/Mar/2026:08:16:49 +0100] "GET /web.php HTTP/1.0" 404 214855 "-" "-"
94.130.90.54 - - [11/Mar/2026:08:16:51 +0100] "GET /wp-content/uploads/logo_slogan_retina.webp HTTP/1.0" 200 4028 "-" "-"
52.178.176.146 - - [11/Mar/2026:08:16:51 +0100] "GET /11.php HTTP/1.0" 404 214855 "-" "-"
94.130.90.54 - - [11/Mar/2026:08:16:53 +0100] "GET /wp-content/uploads/logo_slogan_retina.webp HTTP/1.0" 200 4028 "-" "-"
52.178.176.146 - - [11/Mar/2026:08:16:52 +0100] "GET /style.php HTTP/1.0" 404 214855 "-" "-"
94.130.90.54 - - [11/Mar/2026:08:16:54 +0100] "GET /wp-content/uploads/logo_slogan_retina.webp HTTP/1.0" 200 4028 "-" "-"
52.178.176.146 - - [11/Mar/2026:08:16:53 +0100] "GET /past1.php HTTP/1.0" 404 214855 "-" "-"
94.130.90.54 - - [11/Mar/2026:08:16:56 +0100] "GET /wp-content/uploads/logo_slogan_retina.webp HTTP/1.0" 200 4028 "-" "-"
52.178.176.146 - - [11/Mar/2026:08:16:55 +0100] "GET /ws46.php HTTP/1.0" 404 214855 "-" "-"
94.130.90.54 - - [11/Mar/2026:08:16:57 +0100] "GET /wp-content/uploads/logo_slogan_retina.webp HTTP/1.0" 200 4028 "-" "-"
52.178.176.146 - - [11/Mar/2026:08:16:56 +0100] "GET /f35.php HTTP/1.0" 404 214855 "-" "-"
94.130.90.54 - - [11/Mar/2026:08:16:58 +0100] "GET /wp-content/uploads/logo_slogan_retina.webp HTTP/1.0" 200 4028 "-" "-"
52.178.176.146 - - [11/Mar/2026:08:16:57 +0100] "GET /eee.php HTTP/1.0" 404 214855 "-" "-"
94.130.90.54 - - [11/Mar/2026:08:16:59 +0100] "GET /wp-content/uploads/logo_slogan_retina.webp HTTP/1.0" 200 4028 "-" "-"
52.178.176.146 - - [11/Mar/2026:08:16:59 +0100] "GET /buy.php HTTP/1.0" 404 214855 "-" "-"
94.130.90.54 - - [11/Mar/2026:08:17:01 +0100] "GET /wp-content/uploads/logo_slogan_retina.webp HTTP/1.0" 200 4028 "-" "-"
52.178.176.146 - - [11/Mar/2026:08:17:00 +0100] "GET /chosen.php HTTP/1.0" 404 214855 "-" "-"
94.130.90.54 - - [11/Mar/2026:08:17:02 +0100] "GET /wp-content/uploads/logo_slogan_retina.webp HTTP/1.0" 200 4028 "-" "-"
52.178.176.146 - - [11/Mar/2026:08:17:01 +0100] "GET /ws36.php HTTP/1.0" 404 214855 "-" "-"
94.130.90.54 - - [11/Mar/2026:08:17:04 +0100] "GET /wp-content/uploads/logo_slogan_retina.webp HTTP/1.0" 200 4028 "-" "-"
52.178.176.146 - - [11/Mar/2026:08:17:03 +0100] "GET /past.php HTTP/1.0" 404 214855 "-" "-"
94.130.90.54 - - [11/Mar/2026:08:17:05 +0100] "GET /wp-content/uploads/logo_slogan_retina.webp HTTP/1.0" 200 4028 "-" "-"
52.178.176.146 - - [11/Mar/2026:08:17:04 +0100] "GET /size.php HTTP/1.0" 404 214855 "-" "-"
94.130.90.54 - - [11/Mar/2026:08:17:06 +0100] "GET /wp-content/uploads/logo_slogan_retina.webp HTTP/1.0" 200 4028 "-" "-"
52.178.176.146 - - [11/Mar/2026:08:17:05 +0100] "GET /a2.php HTTP/1.0" 404 214855 "-" "-"
94.130.90.54 - - [11/Mar/2026:08:17:08 +0100] "GET /wp-content/uploads/logo_slogan_retina.webp HTTP/1.0" 200 4028 "-" "-"
52.178.176.146 - - [11/Mar/2026:08:17:07 +0100] "GET /abcd.php HTTP/1.0" 404 214855 "-" "-"
94.130.90.54 - - [11/Mar/2026:08:17:09 +0100] "GET /wp-content/uploads/logo_slogan_retina.webp HTTP/1.0" 200 4028 "-" "-"
52.178.176.146 - - [11/Mar/2026:08:17:08 +0100] "GET /mh.php HTTP/1.0" 404 214855 "-" "-"
94.130.90.54 - - [11/Mar/2026:08:17:10 +0100] "GET /wp-content/uploads/logo_slogan_retina.webp HTTP/1.0" 200 4028 "-" "-"
52.178.176.146 - - [11/Mar/2026:08:17:09 +0100] "GET /s.php HTTP/1.0" 404 214855 "-" "-"
94.130.90.54 - - [11/Mar/2026:08:17:12 +0100] "GET /wp-content/uploads/logo_slogan_retina.webp HTTP/1.0" 200 4028 "-" "-"
52.178.176.146 - - [11/Mar/2026:08:17:11 +0100] "GET /x.php HTTP/1.0" 404 214855 "-" "-"
94.130.90.54 - - [11/Mar/2026:08:17:13 +0100] "GET /wp-content/uploads/logo_slogan_retina.webp HTTP/1.0" 200 4028 "-" "-"
52.178.176.146 - - [11/Mar/2026:08:17:12 +0100] "GET /item.php HTTP/1.0" 404 214855 "-" "-"
94.130.90.54 - - [11/Mar/2026:08:17:14 +0100] "GET /wp-content/uploads/logo_slogan_retina.webp HTTP/1.0" 200 4028 "-" "-"
52.178.176.146 - - [11/Mar/2026:08:17:13 +0100] "GET /support.php HTTP/1.0" 404 214855 "-" "-"
94.130.90.54 - - [11/Mar/2026:08:17:16 +0100] "GET /wp-content/uploads/logo_slogan_retina.webp HTTP/1.0" 200 4028 "-" "-"
52.178.176.146 - - [11/Mar/2026:08:17:15 +0100] "GET /siteheads.php HTTP/1.0" 404 214855 "-" "-"
94.130.90.54 - - [11/Mar/2026:08:17:17 +0100] "GET /wp-content/uploads/logo_slogan_retina.webp HTTP/1.0" 200 4028 "-" "-"
52.178.176.146 - - [11/Mar/2026:08:17:16 +0100] "GET /wen.php HTTP/1.0" 404 214855 "-" "-"
94.130.90.54 - - [11/Mar/2026:08:17:18 +0100] "GET /wp-content/uploads/logo_slogan_retina.webp HTTP/1.0" 200 4028 "-" "-"
52.178.176.146 - - [11/Mar/2026:08:17:17 +0100] "GET /ng.php HTTP/1.0" 404 214855 "-" "-"
94.130.90.54 - - [11/Mar/2026:08:17:20 +0100] "GET /wp-content/uploads/logo_slogan_retina.webp HTTP/1.0" 200 4028 "-" "-"
52.178.176.146 - - [11/Mar/2026:08:17:19 +0100] "GET /gecko.php HTTP/1.0" 404 214855 "-" "-"
94.130.90.54 - - [11/Mar/2026:08:17:21 +0100] "GET /wp-content/uploads/logo_slogan_retina.webp HTTP/1.0" 200 4028 "-" "-"
52.178.176.146 - - [11/Mar/2026:08:17:20 +0100] "GET /to.php HTTP/1.0" 404 214855 "-" "-"
94.130.90.54 - - [11/Mar/2026:08:17:22 +0100] "GET /wp-content/uploads/logo_slogan_retina.webp HTTP/1.0" 200 4028 "-" "-"
52.178.176.146 - - [11/Mar/2026:08:17:21 +0100] "GET /error.php HTTP/1.0" 404 214855 "-" "-"
94.130.90.54 - - [11/Mar/2026:08:17:24 +0100] "GET /wp-content/uploads/logo_slogan_retina.webp HTTP/1.0" 200 4028 "-" "-"
52.178.176.146 - - [11/Mar/2026:08:17:23 +0100] "GET /log.php HTTP/1.0" 404 214855 "-" "-"
52.178.176.146 - - [11/Mar/2026:08:17:24 +0100] "GET /wp-admin/js/index.php HTTP/1.0" 301 4165 "-" "-"
52.178.176.146 - - [11/Mar/2026:08:17:25 +0100] "GET /wp-admin/js/ HTTP/1.0" 403 4795 "-" "-"
94.130.90.54 - - [11/Mar/2026:08:17:26 +0100] "GET /wp-content/uploads/logo_slogan_retina.webp HTTP/1.0" 200 4028 "-" "-"
52.178.176.146 - - [11/Mar/2026:08:17:25 +0100] "GET /amax.php HTTP/1.0" 404 214855 "-" "-"
94.130.90.54 - - [11/Mar/2026:08:17:27 +0100] "GET /wp-content/uploads/logo_slogan_retina.webp HTTP/1.0" 200 4028 "-" "-"
52.178.176.146 - - [11/Mar/2026:08:17:26 +0100] "GET /m.php HTTP/1.0" 404 214855 "-" "-"
94.130.90.54 - - [11/Mar/2026:08:17:28 +0100] "GET /wp-content/uploads/logo_slogan_retina.webp HTTP/1.0" 200 4028 "-" "-"
52.178.176.146 - - [11/Mar/2026:08:17:27 +0100] "GET /222.php HTTP/1.0" 404 214855 "-" "-"
94.130.90.54 - - [11/Mar/2026:08:17:30 +0100] "GET /wp-content/uploads/logo_slogan_retina.webp HTTP/1.0" 200 4028 "-" "-"
52.178.176.146 - - [11/Mar/2026:08:17:29 +0100] "GET /test1.php HTTP/1.0" 404 214855 "-" "-"
94.130.90.54 - - [11/Mar/2026:08:17:31 +0100] "GET /wp-content/uploads/logo_slogan_retina.webp HTTP/1.0" 200 4028 "-" "-"
52.178.176.146 - - [11/Mar/2026:08:17:30 +0100] "GET /geck.php HTTP/1.0" 404 214855 "-" "-"
94.130.90.54 - - [11/Mar/2026:08:17:32 +0100] "GET /wp-content/uploads/logo_slogan_retina.webp HTTP/1.0" 200 4028 "-" "-"
52.178.176.146 - - [11/Mar/2026:08:17:31 +0100] "GET /0x.php HTTP/1.0" 404 214855 "-" "-"
94.130.90.54 - - [11/Mar/2026:08:17:34 +0100] "GET /wp-content/uploads/logo_slogan_retina.webp HTTP/1.0" 200 4028 "-" "-"
94.130.90.54 - - [11/Mar/2026:08:17:34 +0100] "POST /wp-cron.php?doing_wp_cron=1773213454.4945979118347167968750 HTTP/1.0" 200 4066 "-" "c5rmvZd7WlON"
52.178.176.146 - - [11/Mar/2026:08:17:33 +0100] "GET /ova.php HTTP/1.0" 404 214855 "-" "-"
94.130.90.54 - - [11/Mar/2026:08:17:35 +0100] "GET /wp-content/uploads/logo_slogan_retina.webp HTTP/1.0" 200 4028 "-" "-"
52.178.176.146 - - [11/Mar/2026:08:17:34 +0100] "GET /img.php HTTP/1.0" 404 214855 "-" "-"
94.130.90.54 - - [11/Mar/2026:08:17:36 +0100] "GET /wp-content/uploads/logo_slogan_retina.webp HTTP/1.0" 200 4028 "-" "-"
52.178.176.146 - - [11/Mar/2026:08:17:36 +0100] "GET /abc.php HTTP/1.0" 404 214855 "-" "-"
94.130.90.54 - - [11/Mar/2026:08:17:38 +0100] "GET /wp-content/uploads/logo_slogan_retina.webp HTTP/1.0" 200 4028 "-" "-"
52.178.176.146 - - [11/Mar/2026:08:17:37 +0100] "GET /dropdown.php HTTP/1.0" 404 214855 "-" "-"
94.130.90.54 - - [11/Mar/2026:08:18:34 +0100] "POST /wp-cron.php?doing_wp_cron=1773213514.2919158935546875000000 HTTP/1.0" 200 4066 "-" "vk2M55JKp9qn"
91.134.81.133 - - [11/Mar/2026:08:18:33 +0100] "POST /xmlrpc.php HTTP/1.0" 200 4255 "-" "Mozilla/5.0 (Windows NT 10.0; WOW64) AppleWebKit/537.36 (KHTML, like Gecko) Chrome/65.0.3325.146 Safari/537.36"
167.235.143.113 - - [11/Mar/2026:08:19:04 +0100] "HEAD / HTTP/1.0" 200 4190 "https://inglory.de" "Mozilla/5.0+(compatible; UptimeRobot/2.0; http://www.uptimerobot.com/)"
94.130.90.54 - - [11/Mar/2026:08:24:11 +0100] "POST /wp-cron.php?doing_wp_cron=1773213851.4804780483245849609375 HTTP/1.0" 200 4066 "-" "bFcNUkra9cVS"
49.13.134.145 - - [11/Mar/2026:08:24:10 +0100] "HEAD / HTTP/1.0" 200 4190 "https://inglory.de" "Mozilla/5.0+(compatible; UptimeRobot/2.0; http://www.uptimerobot.com/)"
94.130.90.54 - - [11/Mar/2026:08:29:15 +0100] "POST /wp-cron.php?doing_wp_cron=1773214155.7772099971771240234375 HTTP/1.0" 200 4066 "-" "a90FJ56J3miQ"
159.69.158.189 - - [11/Mar/2026:08:29:14 +0100] "HEAD / HTTP/1.0" 200 4190 "https://inglory.de" "Mozilla/5.0+(compatible; UptimeRobot/2.0; http://www.uptimerobot.com/)"
94.130.90.54 - - [11/Mar/2026:08:34:28 +0100] "POST /wp-cron.php?doing_wp_cron=1773214468.4893929958343505859375 HTTP/1.0" 200 4066 "-" "JbpDMUI1EB8t"
88.99.80.227 - - [11/Mar/2026:08:34:27 +0100] "HEAD / HTTP/1.0" 200 4190 "https://inglory.de" "Mozilla/5.0+(compatible; UptimeRobot/2.0; http://www.uptimerobot.com/)"
94.130.90.54 - - [11/Mar/2026:08:36:53 +0100] "POST /wp-cron.php?doing_wp_cron=1773214613.4090199470520019531250 HTTP/1.0" 200 4066 "-" "opj8rF7eWnZL"
50.6.225.58 - - [11/Mar/2026:08:36:52 +0100] "POST /xmlrpc.php HTTP/1.0" 200 4255 "-" "Mozilla/5.0 (Windows NT 10.0; WOW64; Trident/7.0; MANM; rv:11.0) like Gecko"
94.130.90.54 - - [11/Mar/2026:08:37:30 +0100] "GET /wp-includes/css/dashicons.min.css?ver=6.9.3 HTTP/1.1" 304 3419 "https://inglory.de/wp-login.php" "Serf/1.3.9 (mod_pagespeed/1.13.35.2-0)"
173.239.214.4 - - [11/Mar/2026:08:37:29 +0100] "POST /wp-login.php HTTP/1.0" 200 42054 "-" "Mozilla/5.0"
94.130.90.54 - - [11/Mar/2026:08:37:30 +0100] "GET /wp-includes/css/buttons.min.css?ver=6.9.3 HTTP/1.1" 304 3419 "https://inglory.de/wp-login.php" "Serf/1.3.9 (mod_pagespeed/1.13.35.2-0)"
94.130.90.54 - - [11/Mar/2026:08:37:30 +0100] "GET /wp-content/plugins/real-cookie-banner-pro/public/lib/animate.css/animate.min.css?ver=4.1.1 HTTP/1.1" 304 3420 "https://inglory.de/wp-login.php" "Serf/1.3.9 (mod_pagespeed/1.13.35.2-0)"
94.130.90.54 - - [11/Mar/2026:08:37:30 +0100] "GET /wp-includes/js/dist/hooks.min.js?ver=dd5603f07f9220ed27f1 HTTP/1.1" 304 3419 "https://inglory.de/wp-login.php" "Serf/1.3.9 (mod_pagespeed/1.13.35.2-0)"
94.130.90.54 - - [11/Mar/2026:08:37:30 +0100] "GET /wp-includes/js/dist/i18n.min.js?ver=c26c3dc7bed366793375 HTTP/1.1" 304 3419 "https://inglory.de/wp-login.php" "Serf/1.3.9 (mod_pagespeed/1.13.35.2-0)"
94.130.90.54 - - [11/Mar/2026:08:37:30 +0100] "GET /wp-includes/js/wp-util.min.js?ver=6.9.3 HTTP/1.1" 304 3418 "https://inglory.de/wp-login.php" "Serf/1.3.9 (mod_pagespeed/1.13.35.2-0)"
94.130.90.54 - - [11/Mar/2026:08:37:30 +0100] "GET /wp-includes/js/dist/dom-ready.min.js?ver=f77871ff7694fffea381 HTTP/1.1" 304 3418 "https://inglory.de/wp-login.php" "Serf/1.3.9 (mod_pagespeed/1.13.35.2-0)"
94.130.90.54 - - [11/Mar/2026:08:37:30 +0100] "GET /wp-content/plugins/real-cookie-banner-pro/public/dist/vendor-banner.pro.js?ver=999564eaa31ab373ce4e9c8b101375a1 HTTP/1.1" 304 3419 "https://inglory.de/wp-login.php" "Serf/1.3.9 (mod_pagespeed/1.13.35.2-0)"
94.130.90.54 - - [11/Mar/2026:08:37:30 +0100] "GET /wp-content/plugins/real-cookie-banner-pro/public/dist/banner.pro.js?ver=e254713b5a42206c0ddfb3e20e347bdf HTTP/1.1" 304 3420 "https://inglory.de/wp-login.php" "Serf/1.3.9 (mod_pagespeed/1.13.35.2-0)"
94.130.90.54 - - [11/Mar/2026:08:37:30 +0100] "GET /wp-content/plugins/real-cookie-banner-pro/public/dist/blocker.pro.js?ver=853aee641143ce676b6ff4d3a37c559f HTTP/1.1" 304 3419 "https://inglory.de/wp-login.php" "Serf/1.3.9 (mod_pagespeed/1.13.35.2-0)"
94.130.90.54 - - [11/Mar/2026:08:37:30 +0100] "GET /wp-content/plugins/real-cookie-banner-pro/public/dist/blocker.pro.js?ver=853aee641143ce676b6ff4d3a37c559f HTTP/1.1" 304 3419 "https://inglory.de/wp-login.php" "Serf/1.3.9 (mod_pagespeed/1.13.35.2-0)"
94.130.90.54 - - [11/Mar/2026:08:37:30 +0100] "GET /wp-content/uploads/cropped-favicon-32x32.webp HTTP/1.1" 200 3891 "https://inglory.de/wp-login.php" "Serf/1.3.9 (mod_pagespeed/1.13.35.2-0)"
94.130.90.54 - - [11/Mar/2026:08:37:30 +0100] "GET /wp-content/uploads/cropped-favicon-192x192.webp HTTP/1.1" 200 5397 "https://inglory.de/wp-login.php" "Serf/1.3.9 (mod_pagespeed/1.13.35.2-0)"
94.130.90.54 - - [11/Mar/2026:08:37:30 +0100] "GET /wp-content/uploads/cropped-favicon-32x32.webp HTTP/1.1" 200 3891 "https://inglory.de/wp-login.php" "Serf/1.3.9 (mod_pagespeed/1.13.35.2-0)"
94.130.90.54 - - [11/Mar/2026:08:37:30 +0100] "GET /wp-content/uploads/cropped-favicon-180x180.webp HTTP/1.1" 200 5258 "https://inglory.de/wp-login.php" "Serf/1.3.9 (mod_pagespeed/1.13.35.2-0)"
173.239.214.8 - - [11/Mar/2026:08:37:29 +0100] "POST /wp-login.php HTTP/1.0" 200 42201 "-" "Mozilla/5.0"
94.130.90.54 - - [11/Mar/2026:08:37:30 +0100] "GET /wp-content/uploads/cropped-favicon-192x192.webp HTTP/1.1" 200 5397 "https://inglory.de/wp-login.php" "Serf/1.3.9 (mod_pagespeed/1.13.35.2-0)"
94.130.90.54 - - [11/Mar/2026:08:37:30 +0100] "GET /wp-includes/js/clipboard.min.js?ver=2.0.11 HTTP/1.1" 304 3419 "https://inglory.de/wp-login.php" "Serf/1.3.9 (mod_pagespeed/1.13.35.2-0)"
94.130.90.54 - - [11/Mar/2026:08:37:30 +0100] "GET /wp-includes/js/jquery/jquery.min.js?ver=3.7.1 HTTP/1.1" 304 3420 "https://inglory.de/wp-login.php" "Serf/1.3.9 (mod_pagespeed/1.13.35.2-0)"
94.130.90.54 - - [11/Mar/2026:08:37:30 +0100] "GET /wp-content/uploads/cropped-favicon-180x180.webp HTTP/1.1" 200 5258 "https://inglory.de/wp-login.php" "Serf/1.3.9 (mod_pagespeed/1.13.35.2-0)"
94.130.90.54 - - [11/Mar/2026:08:37:30 +0100] "GET /wp-includes/js/zxcvbn-async.min.js?ver=1.0 HTTP/1.1" 304 3418 "https://inglory.de/wp-login.php" "Serf/1.3.9 (mod_pagespeed/1.13.35.2-0)"
94.130.90.54 - - [11/Mar/2026:08:37:30 +0100] "GET /wp-includes/js/clipboard.min.js?ver=2.0.11 HTTP/1.1" 304 3419 "https://inglory.de/wp-login.php" "Serf/1.3.9 (mod_pagespeed/1.13.35.2-0)"
94.130.90.54 - - [11/Mar/2026:08:37:30 +0100] "GET /wp-includes/js/jquery/jquery-migrate.min.js?ver=3.4.1 HTTP/1.1" 304 3419 "https://inglory.de/wp-login.php" "Serf/1.3.9 (mod_pagespeed/1.13.35.2-0)"
94.130.90.54 - - [11/Mar/2026:08:37:30 +0100] "GET /wp-includes/js/jquery/jquery.min.js?ver=3.7.1 HTTP/1.1" 304 3420 "https://inglory.de/wp-login.php" "Serf/1.3.9 (mod_pagespeed/1.13.35.2-0)"
94.130.90.54 - - [11/Mar/2026:08:37:30 +0100] "GET /wp-includes/js/underscore.min.js?ver=1.13.7 HTTP/1.1" 304 3419 "https://inglory.de/wp-login.php" "Serf/1.3.9 (mod_pagespeed/1.13.35.2-0)"
94.130.90.54 - - [11/Mar/2026:08:37:30 +0100] "GET /wp-includes/js/dist/a11y.min.js?ver=cb460b4676c94bd228ed HTTP/1.1" 304 3418 "https://inglory.de/wp-login.php" "Serf/1.3.9 (mod_pagespeed/1.13.35.2-0)"
94.130.90.54 - - [11/Mar/2026:08:37:30 +0100] "GET /wp-includes/js/jquery/jquery-migrate.min.js?ver=3.4.1 HTTP/1.1" 304 3419 "https://inglory.de/wp-login.php" "Serf/1.3.9 (mod_pagespeed/1.13.35.2-0)"
94.130.90.54 - - [11/Mar/2026:08:37:30 +0100] "GET /wp-includes/js/zxcvbn-async.min.js?ver=1.0 HTTP/1.1" 304 3418 "https://inglory.de/wp-login.php" "Serf/1.3.9 (mod_pagespeed/1.13.35.2-0)"
94.130.90.54 - - [11/Mar/2026:08:37:30 +0100] "GET /wp-includes/js/underscore.min.js?ver=1.13.7 HTTP/1.1" 304 3419 "https://inglory.de/wp-login.php" "Serf/1.3.9 (mod_pagespeed/1.13.35.2-0)"
94.130.90.54 - - [11/Mar/2026:08:37:30 +0100] "GET /wp-includes/js/dist/a11y.min.js?ver=cb460b4676c94bd228ed HTTP/1.1" 304 3418 "https://inglory.de/wp-login.php" "Serf/1.3.9 (mod_pagespeed/1.13.35.2-0)"
173.239.214.17 - - [11/Mar/2026:08:37:29 +0100] "POST /wp-login.php HTTP/1.0" 200 42422 "-" "Mozilla/5.0"
94.130.90.54 - - [11/Mar/2026:08:39:32 +0100] "POST /wp-cron.php?doing_wp_cron=1773214772.8771829605102539062500 HTTP/1.0" 200 4066 "-" "XQflEsXukCex"
128.140.41.193 - - [11/Mar/2026:08:39:32 +0100] "HEAD / HTTP/1.0" 200 4190 "https://inglory.de" "Mozilla/5.0+(compatible; UptimeRobot/2.0; http://www.uptimerobot.com/)"
94.130.90.54 - - [11/Mar/2026:08:44:38 +0100] "POST /wp-cron.php?doing_wp_cron=1773215078.0290060043334960937500 HTTP/1.0" 200 4066 "-" "0xCcjtnQrDIR"
159.69.158.189 - - [11/Mar/2026:08:44:37 +0100] "HEAD / HTTP/1.0" 200 4190 "https://inglory.de" "Mozilla/5.0+(compatible; UptimeRobot/2.0; http://www.uptimerobot.com/)"
94.130.90.54 - - [11/Mar/2026:08:46:07 +0100] "POST /wp-cron.php?doing_wp_cron=1773215167.7729508876800537109375 HTTP/1.0" 200 4066 "-" "xTetq0j4GzeI"
94.130.90.54 - - [11/Mar/2026:08:46:07 +0100] "GET /wp-content/plugins/real-cookie-banner-pro/public/lib/animate.css/animate.min.css?ver=4.1.1 HTTP/1.1" 304 3420 "https://inglory.de/wp-login.php" "Serf/1.3.9 (mod_pagespeed/1.13.35.2-0)"
62.60.130.228 - - [11/Mar/2026:08:46:07 +0100] "GET /wp-login.php HTTP/1.0" 200 17183 "-" "Mozilla/5.0 (Windows NT 10.0; Win64; x64) AppleWebKit/537.36 (KHTML, like Gecko) Chrome/120.0.0.0 Safari/537.36 Edg/120.0.2210.133"
94.130.90.54 - - [11/Mar/2026:08:46:07 +0100] "GET /wp-includes/js/dist/hooks.min.js?ver=dd5603f07f9220ed27f1 HTTP/1.1" 304 3419 "https://inglory.de/wp-login.php" "Serf/1.3.9 (mod_pagespeed/1.13.35.2-0)"
94.130.90.54 - - [11/Mar/2026:08:46:07 +0100] "GET /wp-includes/js/dist/i18n.min.js?ver=c26c3dc7bed366793375 HTTP/1.1" 304 3419 "https://inglory.de/wp-login.php" "Serf/1.3.9 (mod_pagespeed/1.13.35.2-0)"
94.130.90.54 - - [11/Mar/2026:08:46:07 +0100] "GET /wp-includes/js/wp-util.min.js?ver=6.9.3 HTTP/1.1" 304 3418 "https://inglory.de/wp-login.php" "Serf/1.3.9 (mod_pagespeed/1.13.35.2-0)"
94.130.90.54 - - [11/Mar/2026:08:46:07 +0100] "GET /wp-includes/js/dist/dom-ready.min.js?ver=f77871ff7694fffea381 HTTP/1.1" 304 3418 "https://inglory.de/wp-login.php" "Serf/1.3.9 (mod_pagespeed/1.13.35.2-0)"
94.130.90.54 - - [11/Mar/2026:08:46:07 +0100] "GET /wp-content/plugins/real-cookie-banner-pro/public/dist/vendor-banner.pro.js?ver=999564eaa31ab373ce4e9c8b101375a1 HTTP/1.1" 304 3419 "https://inglory.de/wp-login.php" "Serf/1.3.9 (mod_pagespeed/1.13.35.2-0)"
94.130.90.54 - - [11/Mar/2026:08:46:07 +0100] "GET /wp-content/plugins/real-cookie-banner-pro/public/dist/banner.pro.js?ver=e254713b5a42206c0ddfb3e20e347bdf HTTP/1.1" 304 3420 "https://inglory.de/wp-login.php" "Serf/1.3.9 (mod_pagespeed/1.13.35.2-0)"
94.130.90.54 - - [11/Mar/2026:08:46:07 +0100] "GET /wp-content/plugins/real-cookie-banner-pro/public/dist/blocker.pro.js?ver=853aee641143ce676b6ff4d3a37c559f HTTP/1.1" 304 3419 "https://inglory.de/wp-login.php" "Serf/1.3.9 (mod_pagespeed/1.13.35.2-0)"
94.130.90.54 - - [11/Mar/2026:08:46:07 +0100] "GET /wp-content/uploads/cropped-favicon-32x32.webp HTTP/1.1" 304 3432 "https://inglory.de/wp-login.php" "Serf/1.3.9 (mod_pagespeed/1.13.35.2-0)"
94.130.90.54 - - [11/Mar/2026:08:46:07 +0100] "GET /wp-content/uploads/cropped-favicon-192x192.webp HTTP/1.1" 304 3432 "https://inglory.de/wp-login.php" "Serf/1.3.9 (mod_pagespeed/1.13.35.2-0)"
94.130.90.54 - - [11/Mar/2026:08:46:07 +0100] "GET /wp-content/uploads/cropped-favicon-180x180.webp HTTP/1.1" 304 3432 "https://inglory.de/wp-login.php" "Serf/1.3.9 (mod_pagespeed/1.13.35.2-0)"
94.130.90.54 - - [11/Mar/2026:08:46:07 +0100] "GET /wp-includes/js/clipboard.min.js?ver=2.0.11 HTTP/1.1" 304 3419 "https://inglory.de/wp-login.php" "Serf/1.3.9 (mod_pagespeed/1.13.35.2-0)"
94.130.90.54 - - [11/Mar/2026:08:46:07 +0100] "GET /wp-includes/js/jquery/jquery.min.js?ver=3.7.1 HTTP/1.1" 304 3420 "https://inglory.de/wp-login.php" "Serf/1.3.9 (mod_pagespeed/1.13.35.2-0)"
94.130.90.54 - - [11/Mar/2026:08:46:07 +0100] "GET /wp-includes/js/jquery/jquery-migrate.min.js?ver=3.4.1 HTTP/1.1" 304 3419 "https://inglory.de/wp-login.php" "Serf/1.3.9 (mod_pagespeed/1.13.35.2-0)"
94.130.90.54 - - [11/Mar/2026:08:46:07 +0100] "GET /wp-includes/js/underscore.min.js?ver=1.13.7 HTTP/1.1" 304 3419 "https://inglory.de/wp-login.php" "Serf/1.3.9 (mod_pagespeed/1.13.35.2-0)"
94.130.90.54 - - [11/Mar/2026:08:46:07 +0100] "GET /wp-includes/js/dist/a11y.min.js?ver=cb460b4676c94bd228ed HTTP/1.1" 304 3418 "https://inglory.de/wp-login.php" "Serf/1.3.9 (mod_pagespeed/1.13.35.2-0)"
94.130.90.54 - - [11/Mar/2026:08:46:07 +0100] "GET /wp-includes/css/dashicons.min.css?ver=6.9.3 HTTP/1.1" 304 3419 "https://inglory.de/wp-login.php" "Serf/1.3.9 (mod_pagespeed/1.13.35.2-0)"
94.130.90.54 - - [11/Mar/2026:08:46:07 +0100] "GET /wp-includes/css/buttons.min.css?ver=6.9.3 HTTP/1.1" 304 3419 "https://inglory.de/wp-login.php" "Serf/1.3.9 (mod_pagespeed/1.13.35.2-0)"
94.130.90.54 - - [11/Mar/2026:08:46:07 +0100] "GET /wp-includes/js/zxcvbn-async.min.js?ver=1.0 HTTP/1.1" 304 3418 "https://inglory.de/wp-login.php" "Serf/1.3.9 (mod_pagespeed/1.13.35.2-0)"
62.60.130.228 - - [11/Mar/2026:08:46:08 +0100] "POST /wp-login.php HTTP/1.0" 200 17621 "https://inglory.de/wp-login.php" "Mozilla/5.0 (Windows NT 10.0; Win64; x64) AppleWebKit/537.36 (KHTML, like Gecko) Chrome/121.0.0.0 Safari/537.36 Edg/121.0.2277.83"
62.60.130.228 - - [11/Mar/2026:08:46:09 +0100] "GET /wp-admin/index.php HTTP/1.0" 302 4222 "https://inglory.de/wp-login.php" "Mozilla/5.0 (Windows NT 10.0; Win64; x64) AppleWebKit/537.36 (KHTML, like Gecko) Chrome/121.0.0.0 Safari/537.36 Edg/121.0.2277.83"
62.60.130.228 - - [11/Mar/2026:08:46:10 +0100] "GET /wp-login.php?redirect_to=https%3A%2F%2Finglory.de%2Fwp-admin%2Findex.php&reauth=1 HTTP/1.0" 200 19566 "https://inglory.de/wp-login.php" "Mozilla/5.0 (Windows NT 10.0; Win64; x64) AppleWebKit/537.36 (KHTML, like Gecko) Chrome/121.0.0.0 Safari/537.36 Edg/121.0.2277.83"
62.60.130.228 - - [11/Mar/2026:08:46:11 +0100] "POST /wp-login.php HTTP/1.0" 200 17628 "https://inglory.de/wp-login.php" "Mozilla/5.0 (Macintosh; Intel Mac OS X 13_6_2) AppleWebKit/537.36 (KHTML, like Gecko) Chrome/122.0.6261.57 Safari/537.36"
62.60.130.228 - - [11/Mar/2026:08:46:12 +0100] "GET /wp-admin/index.php HTTP/1.0" 302 4222 "https://inglory.de/wp-login.php" "Mozilla/5.0 (Macintosh; Intel Mac OS X 13_6_2) AppleWebKit/537.36 (KHTML, like Gecko) Chrome/122.0.6261.57 Safari/537.36"
62.60.130.228 - - [11/Mar/2026:08:46:13 +0100] "GET /wp-login.php?redirect_to=https%3A%2F%2Finglory.de%2Fwp-admin%2Findex.php&reauth=1 HTTP/1.0" 200 19566 "https://inglory.de/wp-login.php" "Mozilla/5.0 (Macintosh; Intel Mac OS X 13_6_2) AppleWebKit/537.36 (KHTML, like Gecko) Chrome/122.0.6261.57 Safari/537.36"
62.60.130.228 - - [11/Mar/2026:08:46:14 +0100] "POST /wp-login.php HTTP/1.0" 200 17621 "https://inglory.de/wp-login.php" "Mozilla/5.0 (Windows NT 10.0; Win64; x64) AppleWebKit/537.36 (KHTML, like Gecko) Chrome/119.0.0.0 Safari/537.36 Edg/119.0.2151.97"
62.60.130.228 - - [11/Mar/2026:08:46:14 +0100] "GET /wp-admin/index.php HTTP/1.0" 302 4222 "https://inglory.de/wp-login.php" "Mozilla/5.0 (Windows NT 10.0; Win64; x64) AppleWebKit/537.36 (KHTML, like Gecko) Chrome/119.0.0.0 Safari/537.36 Edg/119.0.2151.97"
62.60.130.228 - - [11/Mar/2026:08:46:15 +0100] "GET /wp-login.php?redirect_to=https%3A%2F%2Finglory.de%2Fwp-admin%2Findex.php&reauth=1 HTTP/1.0" 200 19567 "https://inglory.de/wp-login.php" "Mozilla/5.0 (Windows NT 10.0; Win64; x64) AppleWebKit/537.36 (KHTML, like Gecko) Chrome/119.0.0.0 Safari/537.36 Edg/119.0.2151.97"
62.60.130.228 - - [11/Mar/2026:08:46:16 +0100] "POST /wp-login.php HTTP/1.0" 200 17441 "https://inglory.de/wp-login.php" "Mozilla/5.0 (Windows NT 10.0; Win64; x64) AppleWebKit/537.36 (KHTML, like Gecko) Chrome/121.0.0.0 Safari/537.36 Edg/121.0.2277.83"
62.60.130.228 - - [11/Mar/2026:08:46:17 +0100] "GET /wp-admin/index.php HTTP/1.0" 302 4222 "https://inglory.de/wp-login.php" "Mozilla/5.0 (Windows NT 10.0; Win64; x64) AppleWebKit/537.36 (KHTML, like Gecko) Chrome/121.0.0.0 Safari/537.36 Edg/121.0.2277.83"
62.60.130.228 - - [11/Mar/2026:08:46:18 +0100] "GET /wp-login.php?redirect_to=https%3A%2F%2Finglory.de%2Fwp-admin%2Findex.php&reauth=1 HTTP/1.0" 200 19384 "https://inglory.de/wp-login.php" "Mozilla/5.0 (Windows NT 10.0; Win64; x64) AppleWebKit/537.36 (KHTML, like Gecko) Chrome/121.0.0.0 Safari/537.36 Edg/121.0.2277.83"
62.60.130.228 - - [11/Mar/2026:08:46:19 +0100] "POST /wp-login.php HTTP/1.0" 200 17621 "https://inglory.de/wp-login.php" "Mozilla/5.0 (Windows NT 10.0; Win64; x64) AppleWebKit/537.36 (KHTML, like Gecko) Chrome/119.0.6045.159 Safari/537.36"
62.60.130.228 - - [11/Mar/2026:08:46:20 +0100] "GET /wp-admin/index.php HTTP/1.0" 302 4222 "https://inglory.de/wp-login.php" "Mozilla/5.0 (Windows NT 10.0; Win64; x64) AppleWebKit/537.36 (KHTML, like Gecko) Chrome/119.0.6045.159 Safari/537.36"
62.60.130.228 - - [11/Mar/2026:08:46:20 +0100] "GET /wp-login.php?redirect_to=https%3A%2F%2Finglory.de%2Fwp-admin%2Findex.php&reauth=1 HTTP/1.0" 200 19567 "https://inglory.de/wp-login.php" "Mozilla/5.0 (Windows NT 10.0; Win64; x64) AppleWebKit/537.36 (KHTML, like Gecko) Chrome/119.0.6045.159 Safari/537.36"
62.60.130.228 - - [11/Mar/2026:08:46:22 +0100] "POST /wp-login.php HTTP/1.0" 200 17438 "https://inglory.de/wp-login.php" "Mozilla/5.0 (X11; Ubuntu; Linux x86_64; rv:120.0.1) Gecko/20100101 Firefox/120.0.1"
62.60.130.228 - - [11/Mar/2026:08:46:23 +0100] "GET /wp-admin/index.php HTTP/1.0" 302 4222 "https://inglory.de/wp-login.php" "Mozilla/5.0 (X11; Ubuntu; Linux x86_64; rv:120.0.1) Gecko/20100101 Firefox/120.0.1"
62.60.130.228 - - [11/Mar/2026:08:46:23 +0100] "GET /wp-login.php?redirect_to=https%3A%2F%2Finglory.de%2Fwp-admin%2Findex.php&reauth=1 HTTP/1.0" 200 19382 "https://inglory.de/wp-login.php" "Mozilla/5.0 (X11; Ubuntu; Linux x86_64; rv:120.0.1) Gecko/20100101 Firefox/120.0.1"
62.60.130.228 - - [11/Mar/2026:08:46:25 +0100] "POST /wp-login.php HTTP/1.0" 200 17393 "https://inglory.de/wp-login.php" "Mozilla/5.0 (Windows NT 10.0; Win64; x64) AppleWebKit/537.36 (KHTML, like Gecko) Chrome/120.0.6099.130 Safari/537.36"
62.60.130.228 - - [11/Mar/2026:08:46:26 +0100] "GET /wp-admin/index.php HTTP/1.0" 302 4222 "https://inglory.de/wp-login.php" "Mozilla/5.0 (Windows NT 10.0; Win64; x64) AppleWebKit/537.36 (KHTML, like Gecko) Chrome/120.0.6099.130 Safari/537.36"
62.60.130.228 - - [11/Mar/2026:08:46:27 +0100] "GET /wp-login.php?redirect_to=https%3A%2F%2Finglory.de%2Fwp-admin%2Findex.php&reauth=1 HTTP/1.0" 200 19384 "https://inglory.de/wp-login.php" "Mozilla/5.0 (Windows NT 10.0; Win64; x64) AppleWebKit/537.36 (KHTML, like Gecko) Chrome/120.0.6099.130 Safari/537.36"
62.60.130.228 - - [11/Mar/2026:08:46:28 +0100] "POST /wp-login.php HTTP/1.0" 200 17577 "https://inglory.de/wp-login.php" "Mozilla/5.0 (Windows NT 10.0; Win64; x64) AppleWebKit/537.36 (KHTML, like Gecko) Chrome/120.0.0.0 Safari/537.36 Edg/120.0.2210.133"
62.60.130.228 - - [11/Mar/2026:08:46:29 +0100] "GET /wp-admin/index.php HTTP/1.0" 302 4222 "https://inglory.de/wp-login.php" "Mozilla/5.0 (Windows NT 10.0; Win64; x64) AppleWebKit/537.36 (KHTML, like Gecko) Chrome/120.0.0.0 Safari/537.36 Edg/120.0.2210.133"
62.60.130.228 - - [11/Mar/2026:08:46:29 +0100] "GET /wp-login.php?redirect_to=https%3A%2F%2Finglory.de%2Fwp-admin%2Findex.php&reauth=1 HTTP/1.0" 200 19568 "https://inglory.de/wp-login.php" "Mozilla/5.0 (Windows NT 10.0; Win64; x64) AppleWebKit/537.36 (KHTML, like Gecko) Chrome/120.0.0.0 Safari/537.36 Edg/120.0.2210.133"
62.60.130.228 - - [11/Mar/2026:08:46:31 +0100] "POST /wp-login.php HTTP/1.0" 200 17626 "https://inglory.de/wp-login.php" "Mozilla/5.0 (Macintosh; Intel Mac OS X 10_15_7) AppleWebKit/537.36 (KHTML, like Gecko) Chrome/121.0.6167.85 Safari/537.36"
62.60.130.228 - - [11/Mar/2026:08:46:32 +0100] "GET /wp-admin/index.php HTTP/1.0" 302 4222 "https://inglory.de/wp-login.php" "Mozilla/5.0 (Macintosh; Intel Mac OS X 10_15_7) AppleWebKit/537.36 (KHTML, like Gecko) Chrome/121.0.6167.85 Safari/537.36"
62.60.130.228 - - [11/Mar/2026:08:46:32 +0100] "GET /wp-login.php?redirect_to=https%3A%2F%2Finglory.de%2Fwp-admin%2Findex.php&reauth=1 HTTP/1.0" 200 19565 "https://inglory.de/wp-login.php" "Mozilla/5.0 (Macintosh; Intel Mac OS X 10_15_7) AppleWebKit/537.36 (KHTML, like Gecko) Chrome/121.0.6167.85 Safari/537.36"
94.130.90.54 - - [11/Mar/2026:08:46:34 +0100] "POST /wp-cron.php?doing_wp_cron=1773215194.9748280048370361328125 HTTP/1.0" 200 4066 "-" "07dfFP0O5CHR"
94.130.90.54 - - [11/Mar/2026:08:46:35 +0100] "GET /wp-content/uploads/cropped-favicon-32x32.webp HTTP/1.1" 200 3891 "https://inglory.de/wp-login.php" "Serf/1.3.9 (mod_pagespeed/1.13.35.2-0)"
62.60.130.228 - - [11/Mar/2026:08:46:34 +0100] "POST /wp-login.php HTTP/1.0" 200 17583 "https://inglory.de/wp-login.php" "Mozilla/5.0 (Macintosh; Intel Mac OS X 12_6_2) AppleWebKit/605.1.15 (KHTML, like Gecko) Version/17.0 Safari/605.1.15"
94.130.90.54 - - [11/Mar/2026:08:46:35 +0100] "GET /wp-content/uploads/cropped-favicon-192x192.webp HTTP/1.1" 200 5397 "https://inglory.de/wp-login.php" "Serf/1.3.9 (mod_pagespeed/1.13.35.2-0)"
94.130.90.54 - - [11/Mar/2026:08:46:35 +0100] "GET /wp-content/uploads/cropped-favicon-180x180.webp HTTP/1.1" 200 5258 "https://inglory.de/wp-login.php" "Serf/1.3.9 (mod_pagespeed/1.13.35.2-0)"
62.60.130.228 - - [11/Mar/2026:08:46:35 +0100] "GET /wp-admin/index.php HTTP/1.0" 302 4222 "https://inglory.de/wp-login.php" "Mozilla/5.0 (Macintosh; Intel Mac OS X 12_6_2) AppleWebKit/605.1.15 (KHTML, like Gecko) Version/17.0 Safari/605.1.15"
62.60.130.228 - - [11/Mar/2026:08:46:35 +0100] "GET /wp-login.php?redirect_to=https%3A%2F%2Finglory.de%2Fwp-admin%2Findex.php&reauth=1 HTTP/1.0" 200 19566 "https://inglory.de/wp-login.php" "Mozilla/5.0 (Macintosh; Intel Mac OS X 12_6_2) AppleWebKit/605.1.15 (KHTML, like Gecko) Version/17.0 Safari/605.1.15"
62.60.130.228 - - [11/Mar/2026:08:46:37 +0100] "POST /wp-login.php HTTP/1.0" 200 17393 "https://inglory.de/wp-login.php" "Mozilla/5.0 (Windows NT 10.0; Win64; x64) AppleWebKit/537.36 (KHTML, like Gecko) Chrome/119.0.0.0 Safari/537.36 Edg/119.0.2151.97"
62.60.130.228 - - [11/Mar/2026:08:46:37 +0100] "GET /wp-admin/index.php HTTP/1.0" 302 4222 "https://inglory.de/wp-login.php" "Mozilla/5.0 (Windows NT 10.0; Win64; x64) AppleWebKit/537.36 (KHTML, like Gecko) Chrome/119.0.0.0 Safari/537.36 Edg/119.0.2151.97"
62.60.130.228 - - [11/Mar/2026:08:46:38 +0100] "GET /wp-login.php?redirect_to=https%3A%2F%2Finglory.de%2Fwp-admin%2Findex.php&reauth=1 HTTP/1.0" 200 19381 "https://inglory.de/wp-login.php" "Mozilla/5.0 (Windows NT 10.0; Win64; x64) AppleWebKit/537.36 (KHTML, like Gecko) Chrome/119.0.0.0 Safari/537.36 Edg/119.0.2151.97"
62.60.130.228 - - [11/Mar/2026:08:46:39 +0100] "POST /wp-login.php HTTP/1.0" 200 17439 "https://inglory.de/wp-login.php" "Mozilla/5.0 (Macintosh; Intel Mac OS X 10_15_7) AppleWebKit/537.36 (KHTML, like Gecko) Chrome/121.0.6167.85 Safari/537.36"
62.60.130.228 - - [11/Mar/2026:08:46:40 +0100] "GET /wp-admin/index.php HTTP/1.0" 302 4222 "https://inglory.de/wp-login.php" "Mozilla/5.0 (Macintosh; Intel Mac OS X 10_15_7) AppleWebKit/537.36 (KHTML, like Gecko) Chrome/121.0.6167.85 Safari/537.36"
62.60.130.228 - - [11/Mar/2026:08:46:41 +0100] "GET /wp-login.php?redirect_to=https%3A%2F%2Finglory.de%2Fwp-admin%2Findex.php&reauth=1 HTTP/1.0" 200 19384 "https://inglory.de/wp-login.php" "Mozilla/5.0 (Macintosh; Intel Mac OS X 10_15_7) AppleWebKit/537.36 (KHTML, like Gecko) Chrome/121.0.6167.85 Safari/537.36"
62.60.130.228 - - [11/Mar/2026:08:46:42 +0100] "POST /wp-login.php HTTP/1.0" 200 17438 "https://inglory.de/wp-login.php" "Mozilla/5.0 (Windows NT 11.0; Win64; x64) AppleWebKit/537.36 (KHTML, like Gecko) Chrome/120.0.6099.130 Safari/537.36"
62.60.130.228 - - [11/Mar/2026:08:46:43 +0100] "GET /wp-admin/index.php HTTP/1.0" 302 4222 "https://inglory.de/wp-login.php" "Mozilla/5.0 (Windows NT 11.0; Win64; x64) AppleWebKit/537.36 (KHTML, like Gecko) Chrome/120.0.6099.130 Safari/537.36"
62.60.130.228 - - [11/Mar/2026:08:46:44 +0100] "GET /wp-login.php?redirect_to=https%3A%2F%2Finglory.de%2Fwp-admin%2Findex.php&reauth=1 HTTP/1.0" 200 19384 "https://inglory.de/wp-login.php" "Mozilla/5.0 (Windows NT 11.0; Win64; x64) AppleWebKit/537.36 (KHTML, like Gecko) Chrome/120.0.6099.130 Safari/537.36"
62.60.130.228 - - [11/Mar/2026:08:46:45 +0100] "POST /wp-login.php HTTP/1.0" 200 17443 "https://inglory.de/wp-login.php" "Mozilla/5.0 (Macintosh; Intel Mac OS X 12_6_2) AppleWebKit/605.1.15 (KHTML, like Gecko) Version/17.0 Safari/605.1.15"
62.60.130.228 - - [11/Mar/2026:08:46:46 +0100] "GET /wp-admin/index.php HTTP/1.0" 302 4222 "https://inglory.de/wp-login.php" "Mozilla/5.0 (Macintosh; Intel Mac OS X 12_6_2) AppleWebKit/605.1.15 (KHTML, like Gecko) Version/17.0 Safari/605.1.15"
62.60.130.228 - - [11/Mar/2026:08:46:46 +0100] "GET /wp-login.php?redirect_to=https%3A%2F%2Finglory.de%2Fwp-admin%2Findex.php&reauth=1 HTTP/1.0" 200 19384 "https://inglory.de/wp-login.php" "Mozilla/5.0 (Macintosh; Intel Mac OS X 12_6_2) AppleWebKit/605.1.15 (KHTML, like Gecko) Version/17.0 Safari/605.1.15"
62.60.130.228 - - [11/Mar/2026:08:46:48 +0100] "POST /wp-login.php HTTP/1.0" 200 17597 "https://inglory.de/wp-login.php" "Mozilla/5.0 (Macintosh; Intel Mac OS X 10.15) Gecko/20100101 Firefox/119.0.1"
62.60.130.228 - - [11/Mar/2026:08:46:48 +0100] "GET /wp-admin/index.php HTTP/1.0" 302 4222 "https://inglory.de/wp-login.php" "Mozilla/5.0 (Macintosh; Intel Mac OS X 10.15) Gecko/20100101 Firefox/119.0.1"
62.60.130.228 - - [11/Mar/2026:08:46:49 +0100] "GET /wp-login.php?redirect_to=https%3A%2F%2Finglory.de%2Fwp-admin%2Findex.php&reauth=1 HTTP/1.0" 200 19566 "https://inglory.de/wp-login.php" "Mozilla/5.0 (Macintosh; Intel Mac OS X 10.15) Gecko/20100101 Firefox/119.0.1"
62.60.130.228 - - [11/Mar/2026:08:46:50 +0100] "POST /wp-login.php HTTP/1.0" 200 17578 "https://inglory.de/wp-login.php" "Mozilla/5.0 (Macintosh; Intel Mac OS X 13_6_1) AppleWebKit/605.1.15 (KHTML, like Gecko) Version/17.0 Safari/605.1.15"
