94.130.90.54 - - [11/Mar/2026:19:02:36 +0100] "GET /wp-includes/js/dist/a11y.min.js?ver=cb460b4676c94bd228ed HTTP/1.1" 304 3418 "https://inglory.de/wp-login.php" "Serf/1.3.9 (mod_pagespeed/1.13.35.2-0)"
94.130.90.54 - - [11/Mar/2026:19:02:36 +0100] "GET /wp-content/plugins/real-cookie-banner-pro/public/dist/vendor-banner.pro.js?ver=999564eaa31ab373ce4e9c8b101375a1 HTTP/1.1" 304 3419 "https://inglory.de/wp-login.php" "Serf/1.3.9 (mod_pagespeed/1.13.35.2-0)"
94.130.90.54 - - [11/Mar/2026:19:02:36 +0100] "GET /wp-content/plugins/real-cookie-banner-pro/public/dist/banner.pro.js?ver=e254713b5a42206c0ddfb3e20e347bdf HTTP/1.1" 304 3420 "https://inglory.de/wp-login.php" "Serf/1.3.9 (mod_pagespeed/1.13.35.2-0)"
94.130.90.54 - - [11/Mar/2026:19:02:36 +0100] "GET /wp-content/plugins/real-cookie-banner-pro/public/dist/blocker.pro.js?ver=853aee641143ce676b6ff4d3a37c559f HTTP/1.1" 304 3419 "https://inglory.de/wp-login.php" "Serf/1.3.9 (mod_pagespeed/1.13.35.2-0)"
94.130.90.54 - - [11/Mar/2026:19:02:36 +0100] "GET /wp-includes/js/zxcvbn-async.min.js?ver=1.0 HTTP/1.1" 304 3418 "https://inglory.de/wp-login.php" "Serf/1.3.9 (mod_pagespeed/1.13.35.2-0)"
94.130.90.54 - - [11/Mar/2026:19:02:36 +0100] "GET /wp-includes/js/zxcvbn-async.min.js?ver=1.0 HTTP/1.1" 304 3418 "https://inglory.de/wp-login.php" "Serf/1.3.9 (mod_pagespeed/1.13.35.2-0)"
94.130.90.54 - - [11/Mar/2026:19:03:43 +0100] "POST /wp-cron.php?doing_wp_cron=1773252223.6059679985046386718750 HTTP/1.0" 200 4066 "-" "kkFegGSMnFe8"
54.39.89.10 - - [11/Mar/2026:19:03:42 +0100] "GET /robots.txt HTTP/1.0" 301 4079 "-" "Mozilla/5.0 (compatible; AhrefsBot/7.0; +http://ahrefs.com/robot/)"
54.39.89.10 - - [11/Mar/2026:19:03:44 +0100] "GET /robots.txt HTTP/1.0" 200 4217 "-" "Mozilla/5.0 (compatible; AhrefsBot/7.0; +http://ahrefs.com/robot/)"
94.130.90.54 - - [11/Mar/2026:19:04:37 +0100] "POST /wp-cron.php?doing_wp_cron=1773252277.3179779052734375000000 HTTP/1.0" 200 4066 "-" "yHl9R4vquu6k"
52.59.43.236 - - [11/Mar/2026:19:04:36 +0100] "HEAD / HTTP/1.0" 200 4190 "https://inglory.de" "Mozilla/5.0+(compatible; UptimeRobot/2.0; http://www.uptimerobot.com/)"
94.130.90.54 - - [11/Mar/2026:19:05:45 +0100] "POST /wp-cron.php?doing_wp_cron=1773252345.7592658996582031250000 HTTP/1.0" 200 4066 "-" "p2YMFazw9CGx"
158.220.116.59 - - [11/Mar/2026:19:05:44 +0100] "POST /xmlrpc.php HTTP/1.0" 200 4255 "-" "Mozilla/4.0 (compatible; MSIE 7.0; Windows NT 6.1; WOW64; Trident/7.0; SLCC2; .NET CLR 2.0.50727; .NET CLR 3.5.30729; .NET CLR 3.0.30729; InfoPath.2; .NET4.0C; .NET4.0E)"
94.130.90.54 - - [11/Mar/2026:19:07:04 +0100] "POST /wp-cron.php?doing_wp_cron=1773252424.0100939273834228515625 HTTP/1.0" 200 4066 "-" "ImLlDDpvDKgu"
94.130.90.54 - - [11/Mar/2026:19:07:04 +0100] "GET /wp-content/plugins/real-cookie-banner-pro/public/lib/animate.css/animate.min.css?ver=4.1.1 HTTP/1.1" 304 3420 "https://inglory.de/" "Serf/1.3.9 (mod_pagespeed/1.13.35.2-0)"
94.130.90.54 - - [11/Mar/2026:19:07:04 +0100] "GET /wp-content/plugins/hub-core/extras/redux-framework/redux-core/assets/css/extendify-utilities.css?ver=4.4.12.2 HTTP/1.1" 304 3419 "https://inglory.de/" "Serf/1.3.9 (mod_pagespeed/1.13.35.2-0)"
94.130.90.54 - - [11/Mar/2026:19:07:04 +0100] "GET /wp-content/themes/hub/assets/vendors/bootstrap/css/bootstrap.min.css HTTP/1.1" 304 3419 "https://inglory.de/" "Serf/1.3.9 (mod_pagespeed/1.13.35.2-0)"
45.138.16.69 - - [11/Mar/2026:19:07:01 +0100] "GET / HTTP/1.0" 200 201789 "https://inglory.de" "Mozilla/5.0 (Linux; Android 5.1; TIT-L01) AppleWebKit/537.36 (KHTML, like Gecko) Chrome/81.0.4044.138 Mobile Safari/537.36"
94.130.90.54 - - [11/Mar/2026:19:07:04 +0100] "GET /wp-content/themes/hub/style.css HTTP/1.1" 304 3418 "https://inglory.de/" "Serf/1.3.9 (mod_pagespeed/1.13.35.2-0)"
94.130.90.54 - - [11/Mar/2026:19:07:04 +0100] "GET /wp-content/themes/hub/assets/css/elements/base/typography.css HTTP/1.1" 304 3418 "https://inglory.de/" "Serf/1.3.9 (mod_pagespeed/1.13.35.2-0)"
94.130.90.54 - - [11/Mar/2026:19:07:04 +0100] "GET /wp-content/plugins/elementor/assets/css/frontend.min.css?ver=3.35.6 HTTP/1.1" 304 3419 "https://inglory.de/" "Serf/1.3.9 (mod_pagespeed/1.13.35.2-0)"
94.130.90.54 - - [11/Mar/2026:19:07:04 +0100] "GET /wp-content/plugins/elementor/assets/lib/eicons/css/elementor-icons.min.css?ver=5.47.0 HTTP/1.1" 304 3419 "https://inglory.de/" "Serf/1.3.9 (mod_pagespeed/1.13.35.2-0)"
94.130.90.54 - - [11/Mar/2026:19:07:04 +0100] "GET /wp-content/plugins/elementor/assets/css/widget-image.min.css?ver=3.35.6 HTTP/1.1" 304 3417 "https://inglory.de/" "Serf/1.3.9 (mod_pagespeed/1.13.35.2-0)"
94.130.90.54 - - [11/Mar/2026:19:07:04 +0100] "GET /wp-content/plugins/elementor/assets/lib/animations/styles/zoomIn.min.css?ver=3.35.6 HTTP/1.1" 304 3417 "https://inglory.de/" "Serf/1.3.9 (mod_pagespeed/1.13.35.2-0)"
94.130.90.54 - - [11/Mar/2026:19:07:04 +0100] "GET /wp-content/plugins/pro-elements/assets/css/widget-countdown.min.css?ver=3.30.0 HTTP/1.1" 304 3418 "https://inglory.de/" "Serf/1.3.9 (mod_pagespeed/1.13.35.2-0)"
94.130.90.54 - - [11/Mar/2026:19:07:04 +0100] "GET /wp-content/plugins/elementor/assets/lib/animations/styles/fadeInUp.min.css?ver=3.35.6 HTTP/1.1" 304 3417 "https://inglory.de/" "Serf/1.3.9 (mod_pagespeed/1.13.35.2-0)"
94.130.90.54 - - [11/Mar/2026:19:07:04 +0100] "GET /wp-content/plugins/pro-elements/assets/css/widget-nav-menu.min.css?ver=3.30.0 HTTP/1.1" 304 3419 "https://inglory.de/" "Serf/1.3.9 (mod_pagespeed/1.13.35.2-0)"
94.130.90.54 - - [11/Mar/2026:19:07:04 +0100] "GET /wp-content/plugins/hub-elementor-addons/assets/css/theme-elementor.min.css?ver=5.0.7 HTTP/1.1" 304 3420 "https://inglory.de/" "Serf/1.3.9 (mod_pagespeed/1.13.35.2-0)"
94.130.90.54 - - [11/Mar/2026:19:07:04 +0100] "GET /wp-content/plugins/elementor/assets/lib/font-awesome/css/fontawesome.min.css?ver=5.15.3 HTTP/1.1" 304 3419 "https://inglory.de/" "Serf/1.3.9 (mod_pagespeed/1.13.35.2-0)"
94.130.90.54 - - [11/Mar/2026:19:07:04 +0100] "GET /wp-content/plugins/elementor/assets/lib/font-awesome/css/solid.min.css?ver=5.15.3 HTTP/1.1" 304 3418 "https://inglory.de/" "Serf/1.3.9 (mod_pagespeed/1.13.35.2-0)"
94.130.90.54 - - [11/Mar/2026:19:07:04 +0100] "GET /wp-content/themes/hub/assets/vendors/liquid-icon/lqd-essentials/lqd-essentials.min.css?ver=1.0.0 HTTP/1.1" 304 3418 "https://inglory.de/" "Serf/1.3.9 (mod_pagespeed/1.13.35.2-0)"
94.130.90.54 - - [11/Mar/2026:19:07:04 +0100] "GET /wp-content/plugins/elementor/assets/lib/font-awesome/css/brands.min.css?ver=5.15.3 HTTP/1.1" 304 3418 "https://inglory.de/" "Serf/1.3.9 (mod_pagespeed/1.13.35.2-0)"
94.130.90.54 - - [11/Mar/2026:19:07:04 +0100] "GET /wp-content/plugins/Funnelforms-pro/res/frontend/styles/select.css?ver=3.8.1 HTTP/1.1" 304 3419 "https://inglory.de/" "Serf/1.3.9 (mod_pagespeed/1.13.35.2-0)"
94.130.90.54 - - [11/Mar/2026:19:07:04 +0100] "GET /wp-content/plugins/Funnelforms-pro/res/frontend/styles/fontawesome_5.15.4.css?ver=3.8.1 HTTP/1.1" 304 3420 "https://inglory.de/" "Serf/1.3.9 (mod_pagespeed/1.13.35.2-0)"
94.130.90.54 - - [11/Mar/2026:19:07:04 +0100] "GET /wp-content/themes/hub/assets/vendors/liquid-icon/lqd-essentials/lqd-essentials.min.css HTTP/1.1" 304 3418 "https://inglory.de/" "Serf/1.3.9 (mod_pagespeed/1.13.35.2-0)"
94.130.90.54 - - [11/Mar/2026:19:07:04 +0100] "GET /wp-content/themes/hub/assets/vendors/fresco/js/fresco.js HTTP/1.1" 304 3420 "https://inglory.de/" "Serf/1.3.9 (mod_pagespeed/1.13.35.2-0)"
94.130.90.54 - - [11/Mar/2026:19:07:04 +0100] "GET /wp-content/themes/hub/assets/vendors/lity/lity.min.js HTTP/1.1" 304 3419 "https://inglory.de/" "Serf/1.3.9 (mod_pagespeed/1.13.35.2-0)"
94.130.90.54 - - [11/Mar/2026:19:07:04 +0100] "GET /wp-content/themes/hub/assets/vendors/gsap/minified/ScrollTrigger.min.js HTTP/1.1" 304 3419 "https://inglory.de/" "Serf/1.3.9 (mod_pagespeed/1.13.35.2-0)"
94.130.90.54 - - [11/Mar/2026:19:07:04 +0100] "GET /wp-content/themes/hub/assets/vendors/fontfaceobserver.js HTTP/1.1" 304 3419 "https://inglory.de/" "Serf/1.3.9 (mod_pagespeed/1.13.35.2-0)"
94.130.90.54 - - [11/Mar/2026:19:07:04 +0100] "GET /wp-content/themes/hub/assets/vendors/intersection-observer.js HTTP/1.1" 304 3419 "https://inglory.de/" "Serf/1.3.9 (mod_pagespeed/1.13.35.2-0)"
94.130.90.54 - - [11/Mar/2026:19:07:04 +0100] "GET /wp-content/themes/hub/assets/vendors/lazyload.min.js HTTP/1.1" 304 3419 "https://inglory.de/" "Serf/1.3.9 (mod_pagespeed/1.13.35.2-0)"
94.130.90.54 - - [11/Mar/2026:19:07:04 +0100] "GET /wp-content/themes/hub/assets/vendors/gsap/utils/SplitText.min.js HTTP/1.1" 304 3419 "https://inglory.de/" "Serf/1.3.9 (mod_pagespeed/1.13.35.2-0)"
94.130.90.54 - - [11/Mar/2026:19:07:04 +0100] "GET /wp-content/plugins/elementor/assets/js/frontend-modules.min.js?ver=3.35.6 HTTP/1.1" 304 3419 "https://inglory.de/" "Serf/1.3.9 (mod_pagespeed/1.13.35.2-0)"
94.130.90.54 - - [11/Mar/2026:19:07:04 +0100] "GET /wp-includes/js/jquery/ui/core.min.js?ver=1.13.3 HTTP/1.1" 304 3419 "https://inglory.de/" "Serf/1.3.9 (mod_pagespeed/1.13.35.2-0)"
94.130.90.54 - - [11/Mar/2026:19:07:04 +0100] "GET /wp-content/themes/hub/assets/vendors/flickity/flickity.pkgd.min.js HTTP/1.1" 304 3419 "https://inglory.de/" "Serf/1.3.9 (mod_pagespeed/1.13.35.2-0)"
94.130.90.54 - - [11/Mar/2026:19:07:04 +0100] "GET /wp-content/themes/hub/assets/vendors/flickity/flickity-fade.min.js HTTP/1.1" 304 3418 "https://inglory.de/" "Serf/1.3.9 (mod_pagespeed/1.13.35.2-0)"
94.130.90.54 - - [11/Mar/2026:19:07:04 +0100] "GET /wp-content/plugins/pro-elements/assets/lib/smartmenus/jquery.smartmenus.min.js?ver=1.2.1 HTTP/1.1" 304 3419 "https://inglory.de/" "Serf/1.3.9 (mod_pagespeed/1.13.35.2-0)"
94.130.90.54 - - [11/Mar/2026:19:07:04 +0100] "GET /wp-includes/js/dist/hooks.min.js?ver=dd5603f07f9220ed27f1 HTTP/1.1" 304 3419 "https://inglory.de/" "Serf/1.3.9 (mod_pagespeed/1.13.35.2-0)"
94.130.90.54 - - [11/Mar/2026:19:07:04 +0100] "GET /wp-includes/js/dist/i18n.min.js?ver=c26c3dc7bed366793375 HTTP/1.1" 304 3419 "https://inglory.de/" "Serf/1.3.9 (mod_pagespeed/1.13.35.2-0)"
94.130.90.54 - - [11/Mar/2026:19:07:04 +0100] "GET /wp-content/plugins/real-cookie-banner-pro/public/dist/vendor-banner.pro.js?ver=999564eaa31ab373ce4e9c8b101375a1 HTTP/1.1" 304 3419 "https://inglory.de/" "Serf/1.3.9 (mod_pagespeed/1.13.35.2-0)"
94.130.90.54 - - [11/Mar/2026:19:07:04 +0100] "GET /wp-content/plugins/real-cookie-banner-pro/public/dist/banner.pro.js?ver=e254713b5a42206c0ddfb3e20e347bdf HTTP/1.1" 304 3420 "https://inglory.de/" "Serf/1.3.9 (mod_pagespeed/1.13.35.2-0)"
94.130.90.54 - - [11/Mar/2026:19:07:04 +0100] "GET /wp-content/plugins/real-cookie-banner-pro/public/dist/blocker.pro.js?ver=853aee641143ce676b6ff4d3a37c559f HTTP/1.1" 304 3419 "https://inglory.de/" "Serf/1.3.9 (mod_pagespeed/1.13.35.2-0)"
94.130.90.54 - - [11/Mar/2026:19:07:04 +0100] "GET /wp-content/uploads/cropped-favicon.webp HTTP/1.1" 200 7633 "https://inglory.de/" "Serf/1.3.9 (mod_pagespeed/1.13.35.2-0)"
94.130.90.54 - - [11/Mar/2026:19:07:04 +0100] "GET /wp-content/uploads/cropped-favicon-32x32.webp HTTP/1.1" 200 3891 "https://inglory.de/" "Serf/1.3.9 (mod_pagespeed/1.13.35.2-0)"
94.130.90.54 - - [11/Mar/2026:19:07:04 +0100] "GET /wp-content/uploads/cropped-favicon-192x192.webp HTTP/1.1" 200 5397 "https://inglory.de/" "Serf/1.3.9 (mod_pagespeed/1.13.35.2-0)"
94.130.90.54 - - [11/Mar/2026:19:07:04 +0100] "GET /wp-content/uploads/cropped-favicon-180x180.webp HTTP/1.1" 200 5258 "https://inglory.de/" "Serf/1.3.9 (mod_pagespeed/1.13.35.2-0)"
94.130.90.54 - - [11/Mar/2026:19:07:04 +0100] "GET /wp-content/uploads/logo_slogan_retina.webp HTTP/1.1" 200 25086 "https://inglory.de/" "Serf/1.3.9 (mod_pagespeed/1.13.35.2-0)"
94.130.90.54 - - [11/Mar/2026:19:07:04 +0100] "GET /wp-content/uploads/logo_slogan_retina.webp HTTP/1.1" 200 25086 "https://inglory.de/" "Serf/1.3.9 (mod_pagespeed/1.13.35.2-0)"
94.130.90.54 - - [11/Mar/2026:19:07:04 +0100] "GET /wp-content/uploads/logo_slogan_retina-300x134.webp HTTP/1.1" 200 8914 "https://inglory.de/" "Serf/1.3.9 (mod_pagespeed/1.13.35.2-0)"
94.130.90.54 - - [11/Mar/2026:19:07:04 +0100] "GET /wp-content/uploads/logo_slogan_retina-1024x458.webp HTTP/1.1" 200 23646 "https://inglory.de/" "Serf/1.3.9 (mod_pagespeed/1.13.35.2-0)"
94.130.90.54 - - [11/Mar/2026:19:07:04 +0100] "GET /wp-content/uploads/logo_slogan_retina-1536x687.webp HTTP/1.1" 200 33636 "https://inglory.de/" "Serf/1.3.9 (mod_pagespeed/1.13.35.2-0)"
94.130.90.54 - - [11/Mar/2026:19:07:04 +0100] "GET /wp-content/uploads/cropped-favicon.webp HTTP/1.1" 200 7633 "https://inglory.de/" "Serf/1.3.9 (mod_pagespeed/1.13.35.2-0)"
94.130.90.54 - - [11/Mar/2026:19:07:04 +0100] "GET /wp-includes/js/jquery/jquery.min.js?ver=3.7.1 HTTP/1.1" 304 3420 "https://inglory.de/" "Serf/1.3.9 (mod_pagespeed/1.13.35.2-0)"
94.130.90.54 - - [11/Mar/2026:19:07:04 +0100] "GET /wp-includes/js/jquery/jquery-migrate.min.js?ver=3.4.1 HTTP/1.1" 304 3419 "https://inglory.de/" "Serf/1.3.9 (mod_pagespeed/1.13.35.2-0)"
94.130.90.54 - - [11/Mar/2026:19:07:04 +0100] "GET /wp-content/plugins/Funnelforms-pro/res/frontend/scripts/frontend.js?ver=3.8.1 HTTP/1.1" 304 3420 "https://inglory.de/" "Serf/1.3.9 (mod_pagespeed/1.13.35.2-0)"
94.130.90.54 - - [11/Mar/2026:19:07:04 +0100] "GET /wp-content/plugins/Funnelforms-pro/res/frontend/scripts/dropzone.js?ver=3.8.1 HTTP/1.1" 304 3419 "https://inglory.de/" "Serf/1.3.9 (mod_pagespeed/1.13.35.2-0)"
94.130.90.54 - - [11/Mar/2026:19:07:04 +0100] "GET /wp-content/plugins/Funnelforms-pro/res/frontend/scripts/select.js?ver=3.8.1 HTTP/1.1" 304 3420 "https://inglory.de/" "Serf/1.3.9 (mod_pagespeed/1.13.35.2-0)"
94.130.90.54 - - [11/Mar/2026:19:07:04 +0100] "GET /wp-content/plugins/Funnelforms-pro/res/frontend/scripts/intlTelInputSelect2.js?ver=3.8.1 HTTP/1.1" 304 3419 "https://inglory.de/" "Serf/1.3.9 (mod_pagespeed/1.13.35.2-0)"
94.130.90.54 - - [11/Mar/2026:19:07:04 +0100] "GET /wp-content/plugins/pro-elements/assets/js/webpack-pro.runtime.min.js?ver=3.30.0 HTTP/1.1" 304 3419 "https://inglory.de/" "Serf/1.3.9 (mod_pagespeed/1.13.35.2-0)"
94.130.90.54 - - [11/Mar/2026:19:07:04 +0100] "GET /wp-content/plugins/pro-elements/assets/js/frontend.min.js?ver=3.30.0 HTTP/1.1" 304 3419 "https://inglory.de/" "Serf/1.3.9 (mod_pagespeed/1.13.35.2-0)"
94.130.90.54 - - [11/Mar/2026:19:07:04 +0100] "GET /wp-content/plugins/pro-elements/assets/js/elements-handlers.min.js?ver=3.30.0 HTTP/1.1" 304 3419 "https://inglory.de/" "Serf/1.3.9 (mod_pagespeed/1.13.35.2-0)"
94.130.90.54 - - [11/Mar/2026:19:07:04 +0100] "GET /wp-content/plugins/Funnelforms-pro/res/frontend/styles/frontend.css?ver=3.8.1 HTTP/1.1" 304 3419 "https://inglory.de/" "Serf/1.3.9 (mod_pagespeed/1.13.35.2-0)"
94.130.90.54 - - [11/Mar/2026:19:07:04 +0100] "GET /wp-content/plugins/Funnelforms-pro/res/frontend/styles/intlTelInput.css?ver=3.8.1 HTTP/1.1" 304 3419 "https://inglory.de/" "Serf/1.3.9 (mod_pagespeed/1.13.35.2-0)"
94.130.90.54 - - [11/Mar/2026:19:07:04 +0100] "GET /wp-content/themes/hub/assets/vendors/fastdom/fastdom.min.js HTTP/1.1" 304 3418 "https://inglory.de/" "Serf/1.3.9 (mod_pagespeed/1.13.35.2-0)"
94.130.90.54 - - [11/Mar/2026:19:07:04 +0100] "GET /wp-content/themes/hub/assets/vendors/bootstrap/js/bootstrap.min.js HTTP/1.1" 304 3420 "https://inglory.de/" "Serf/1.3.9 (mod_pagespeed/1.13.35.2-0)"
94.130.90.54 - - [11/Mar/2026:19:07:04 +0100] "GET /wp-includes/js/imagesloaded.min.js?ver=5.0.0 HTTP/1.1" 304 3419 "https://inglory.de/" "Serf/1.3.9 (mod_pagespeed/1.13.35.2-0)"
94.130.90.54 - - [11/Mar/2026:19:07:04 +0100] "GET /wp-content/themes/hub/assets/vendors/jquery-ui/jquery-ui.min.js HTTP/1.1" 304 3420 "https://inglory.de/" "Serf/1.3.9 (mod_pagespeed/1.13.35.2-0)"
94.130.90.54 - - [11/Mar/2026:19:07:04 +0100] "GET /wp-content/themes/hub/assets/vendors/gsap/minified/gsap.min.js HTTP/1.1" 304 3420 "https://inglory.de/" "Serf/1.3.9 (mod_pagespeed/1.13.35.2-0)"
94.130.90.54 - - [11/Mar/2026:19:07:04 +0100] "GET /wp-content/themes/hub/assets/vendors/tinycolor-min.js HTTP/1.1" 304 3419 "https://inglory.de/" "Serf/1.3.9 (mod_pagespeed/1.13.35.2-0)"
94.130.90.54 - - [11/Mar/2026:19:07:04 +0100] "GET /wp-content/themes/hub/assets/js/theme.min.js HTTP/1.1" 304 3420 "https://inglory.de/" "Serf/1.3.9 (mod_pagespeed/1.13.35.2-0)"
94.130.90.54 - - [11/Mar/2026:19:07:04 +0100] "GET /wp-content/plugins/elementor/assets/js/webpack.runtime.min.js?ver=3.35.6 HTTP/1.1" 304 3419 "https://inglory.de/" "Serf/1.3.9 (mod_pagespeed/1.13.35.2-0)"
94.130.90.54 - - [11/Mar/2026:19:07:04 +0100] "GET /wp-content/plugins/elementor/assets/js/frontend.min.js?ver=3.35.6 HTTP/1.1" 304 3419 "https://inglory.de/" "Serf/1.3.9 (mod_pagespeed/1.13.35.2-0)"
94.130.90.54 - - [11/Mar/2026:19:07:04 +0100] "GET /wp-content/plugins/Funnelforms-pro/res/frontend/scripts/libs/jquery_ui.js?ver=3.8.1 HTTP/1.1" 304 3420 "https://inglory.de/" "Serf/1.3.9 (mod_pagespeed/1.13.35.2-0)"
94.130.90.54 - - [11/Mar/2026:19:07:04 +0100] "GET /wp-content/uploads/cropped-favicon-32x32.webp HTTP/1.1" 200 3891 "https://inglory.de/" "Serf/1.3.9 (mod_pagespeed/1.13.35.2-0)"
94.130.90.54 - - [11/Mar/2026:19:07:04 +0100] "GET /wp-content/uploads/cropped-favicon-192x192.webp HTTP/1.1" 200 5397 "https://inglory.de/" "Serf/1.3.9 (mod_pagespeed/1.13.35.2-0)"
94.130.90.54 - - [11/Mar/2026:19:07:04 +0100] "GET /wp-content/uploads/cropped-favicon-180x180.webp HTTP/1.1" 200 5258 "https://inglory.de/" "Serf/1.3.9 (mod_pagespeed/1.13.35.2-0)"
94.130.90.54 - - [11/Mar/2026:19:07:04 +0100] "GET /wp-content/plugins/Funnelforms-pro/res/images/close_button_af2.png HTTP/1.1" 304 3433 "https://inglory.de/" "Serf/1.3.9 (mod_pagespeed/1.13.35.2-0)"
94.130.90.54 - - [11/Mar/2026:19:07:04 +0100] "GET /wp-content/plugins/Funnelforms-pro/res/images/flags.png HTTP/1.1" 304 3434 "https://inglory.de/" "Serf/1.3.9 (mod_pagespeed/1.13.35.2-0)"
94.130.90.54 - - [11/Mar/2026:19:07:04 +0100] "GET /wp-content/plugins/Funnelforms-pro/res/images/flags@2x.png HTTP/1.1" 304 3434 "https://inglory.de/" "Serf/1.3.9 (mod_pagespeed/1.13.35.2-0)"
94.130.90.54 - - [11/Mar/2026:19:09:43 +0100] "POST /wp-cron.php?doing_wp_cron=1773252583.0984890460968017578125 HTTP/1.0" 200 4066 "-" "h7K8OgVvLMkM"
78.47.173.76 - - [11/Mar/2026:19:09:41 +0100] "HEAD / HTTP/1.0" 200 4190 "https://inglory.de" "Mozilla/5.0+(compatible; UptimeRobot/2.0; http://www.uptimerobot.com/)"
94.130.90.54 - - [11/Mar/2026:19:14:49 +0100] "POST /wp-cron.php?doing_wp_cron=1773252889.5808010101318359375000 HTTP/1.0" 200 4066 "-" "vwrsusZhgwOu"
159.69.158.189 - - [11/Mar/2026:19:14:48 +0100] "HEAD / HTTP/1.0" 200 4190 "https://inglory.de" "Mozilla/5.0+(compatible; UptimeRobot/2.0; http://www.uptimerobot.com/)"
94.130.90.54 - - [11/Mar/2026:19:15:03 +0100] "GET /wp-includes/css/dashicons.min.css?ver=6.9.3 HTTP/1.1" 304 3419 "https://inglory.de/wp-login.php" "Serf/1.3.9 (mod_pagespeed/1.13.35.2-0)"
167.99.182.62 - - [11/Mar/2026:19:15:02 +0100] "POST /wp-login.php HTTP/1.0" 200 42050 "-" "Mozilla/5.0"
167.99.182.62 - - [11/Mar/2026:19:15:02 +0100] "POST /wp-login.php HTTP/1.0" 200 42044 "-" "Mozilla/5.0"
94.130.90.54 - - [11/Mar/2026:19:15:03 +0100] "GET /wp-includes/css/dashicons.min.css?ver=6.9.3 HTTP/1.1" 304 3419 "https://inglory.de/wp-login.php" "Serf/1.3.9 (mod_pagespeed/1.13.35.2-0)"
94.130.90.54 - - [11/Mar/2026:19:15:03 +0100] "GET /wp-includes/css/buttons.min.css?ver=6.9.3 HTTP/1.1" 304 3419 "https://inglory.de/wp-login.php" "Serf/1.3.9 (mod_pagespeed/1.13.35.2-0)"
94.130.90.54 - - [11/Mar/2026:19:15:03 +0100] "GET /wp-includes/css/buttons.min.css?ver=6.9.3 HTTP/1.1" 304 3419 "https://inglory.de/wp-login.php" "Serf/1.3.9 (mod_pagespeed/1.13.35.2-0)"
94.130.90.54 - - [11/Mar/2026:19:15:03 +0100] "GET /wp-content/plugins/real-cookie-banner-pro/public/lib/animate.css/animate.min.css?ver=4.1.1 HTTP/1.1" 304 3420 "https://inglory.de/wp-login.php" "Serf/1.3.9 (mod_pagespeed/1.13.35.2-0)"
94.130.90.54 - - [11/Mar/2026:19:15:03 +0100] "GET /wp-content/plugins/real-cookie-banner-pro/public/lib/animate.css/animate.min.css?ver=4.1.1 HTTP/1.1" 304 3420 "https://inglory.de/wp-login.php" "Serf/1.3.9 (mod_pagespeed/1.13.35.2-0)"
94.130.90.54 - - [11/Mar/2026:19:15:03 +0100] "GET /wp-includes/js/dist/hooks.min.js?ver=dd5603f07f9220ed27f1 HTTP/1.1" 304 3419 "https://inglory.de/wp-login.php" "Serf/1.3.9 (mod_pagespeed/1.13.35.2-0)"
94.130.90.54 - - [11/Mar/2026:19:15:03 +0100] "GET /wp-includes/js/dist/hooks.min.js?ver=dd5603f07f9220ed27f1 HTTP/1.1" 304 3419 "https://inglory.de/wp-login.php" "Serf/1.3.9 (mod_pagespeed/1.13.35.2-0)"
94.130.90.54 - - [11/Mar/2026:19:15:03 +0100] "GET /wp-includes/js/dist/i18n.min.js?ver=c26c3dc7bed366793375 HTTP/1.1" 304 3419 "https://inglory.de/wp-login.php" "Serf/1.3.9 (mod_pagespeed/1.13.35.2-0)"
94.130.90.54 - - [11/Mar/2026:19:15:03 +0100] "GET /wp-includes/js/dist/i18n.min.js?ver=c26c3dc7bed366793375 HTTP/1.1" 304 3419 "https://inglory.de/wp-login.php" "Serf/1.3.9 (mod_pagespeed/1.13.35.2-0)"
94.130.90.54 - - [11/Mar/2026:19:15:03 +0100] "GET /wp-includes/js/wp-util.min.js?ver=6.9.3 HTTP/1.1" 304 3418 "https://inglory.de/wp-login.php" "Serf/1.3.9 (mod_pagespeed/1.13.35.2-0)"
94.130.90.54 - - [11/Mar/2026:19:15:03 +0100] "GET /wp-includes/js/wp-util.min.js?ver=6.9.3 HTTP/1.1" 304 3418 "https://inglory.de/wp-login.php" "Serf/1.3.9 (mod_pagespeed/1.13.35.2-0)"
94.130.90.54 - - [11/Mar/2026:19:15:03 +0100] "GET /wp-includes/js/dist/dom-ready.min.js?ver=f77871ff7694fffea381 HTTP/1.1" 304 3418 "https://inglory.de/wp-login.php" "Serf/1.3.9 (mod_pagespeed/1.13.35.2-0)"
94.130.90.54 - - [11/Mar/2026:19:15:03 +0100] "GET /wp-includes/js/dist/dom-ready.min.js?ver=f77871ff7694fffea381 HTTP/1.1" 304 3418 "https://inglory.de/wp-login.php" "Serf/1.3.9 (mod_pagespeed/1.13.35.2-0)"
94.130.90.54 - - [11/Mar/2026:19:15:03 +0100] "GET /wp-content/plugins/real-cookie-banner-pro/public/dist/vendor-banner.pro.js?ver=999564eaa31ab373ce4e9c8b101375a1 HTTP/1.1" 304 3419 "https://inglory.de/wp-login.php" "Serf/1.3.9 (mod_pagespeed/1.13.35.2-0)"
94.130.90.54 - - [11/Mar/2026:19:15:03 +0100] "GET /wp-content/plugins/real-cookie-banner-pro/public/dist/vendor-banner.pro.js?ver=999564eaa31ab373ce4e9c8b101375a1 HTTP/1.1" 304 3419 "https://inglory.de/wp-login.php" "Serf/1.3.9 (mod_pagespeed/1.13.35.2-0)"
94.130.90.54 - - [11/Mar/2026:19:15:03 +0100] "GET /wp-content/plugins/real-cookie-banner-pro/public/dist/banner.pro.js?ver=e254713b5a42206c0ddfb3e20e347bdf HTTP/1.1" 304 3420 "https://inglory.de/wp-login.php" "Serf/1.3.9 (mod_pagespeed/1.13.35.2-0)"
94.130.90.54 - - [11/Mar/2026:19:15:03 +0100] "GET /wp-content/plugins/real-cookie-banner-pro/public/dist/banner.pro.js?ver=e254713b5a42206c0ddfb3e20e347bdf HTTP/1.1" 304 3420 "https://inglory.de/wp-login.php" "Serf/1.3.9 (mod_pagespeed/1.13.35.2-0)"
94.130.90.54 - - [11/Mar/2026:19:15:04 +0100] "GET /wp-content/plugins/real-cookie-banner-pro/public/dist/blocker.pro.js?ver=853aee641143ce676b6ff4d3a37c559f HTTP/1.1" 304 3419 "https://inglory.de/wp-login.php" "Serf/1.3.9 (mod_pagespeed/1.13.35.2-0)"
94.130.90.54 - - [11/Mar/2026:19:15:04 +0100] "GET /wp-content/plugins/real-cookie-banner-pro/public/dist/blocker.pro.js?ver=853aee641143ce676b6ff4d3a37c559f HTTP/1.1" 304 3419 "https://inglory.de/wp-login.php" "Serf/1.3.9 (mod_pagespeed/1.13.35.2-0)"
94.130.90.54 - - [11/Mar/2026:19:15:04 +0100] "GET /wp-content/uploads/cropped-favicon-32x32.webp HTTP/1.1" 200 3891 "https://inglory.de/wp-login.php" "Serf/1.3.9 (mod_pagespeed/1.13.35.2-0)"
94.130.90.54 - - [11/Mar/2026:19:15:04 +0100] "GET /wp-content/uploads/cropped-favicon-32x32.webp HTTP/1.1" 200 3891 "https://inglory.de/wp-login.php" "Serf/1.3.9 (mod_pagespeed/1.13.35.2-0)"
94.130.90.54 - - [11/Mar/2026:19:15:04 +0100] "GET /wp-content/uploads/cropped-favicon-192x192.webp HTTP/1.1" 200 5397 "https://inglory.de/wp-login.php" "Serf/1.3.9 (mod_pagespeed/1.13.35.2-0)"
94.130.90.54 - - [11/Mar/2026:19:15:04 +0100] "GET /wp-content/uploads/cropped-favicon-192x192.webp HTTP/1.1" 200 5397 "https://inglory.de/wp-login.php" "Serf/1.3.9 (mod_pagespeed/1.13.35.2-0)"
94.130.90.54 - - [11/Mar/2026:19:15:04 +0100] "GET /wp-content/uploads/cropped-favicon-180x180.webp HTTP/1.1" 200 5258 "https://inglory.de/wp-login.php" "Serf/1.3.9 (mod_pagespeed/1.13.35.2-0)"
94.130.90.54 - - [11/Mar/2026:19:15:04 +0100] "GET /wp-content/uploads/cropped-favicon-180x180.webp HTTP/1.1" 200 5258 "https://inglory.de/wp-login.php" "Serf/1.3.9 (mod_pagespeed/1.13.35.2-0)"
94.130.90.54 - - [11/Mar/2026:19:15:04 +0100] "GET /wp-includes/js/clipboard.min.js?ver=2.0.11 HTTP/1.1" 304 3419 "https://inglory.de/wp-login.php" "Serf/1.3.9 (mod_pagespeed/1.13.35.2-0)"
94.130.90.54 - - [11/Mar/2026:19:15:04 +0100] "GET /wp-includes/js/clipboard.min.js?ver=2.0.11 HTTP/1.1" 304 3419 "https://inglory.de/wp-login.php" "Serf/1.3.9 (mod_pagespeed/1.13.35.2-0)"
94.130.90.54 - - [11/Mar/2026:19:15:04 +0100] "GET /wp-includes/js/jquery/jquery.min.js?ver=3.7.1 HTTP/1.1" 304 3420 "https://inglory.de/wp-login.php" "Serf/1.3.9 (mod_pagespeed/1.13.35.2-0)"
94.130.90.54 - - [11/Mar/2026:19:15:04 +0100] "GET /wp-includes/js/jquery/jquery.min.js?ver=3.7.1 HTTP/1.1" 304 3420 "https://inglory.de/wp-login.php" "Serf/1.3.9 (mod_pagespeed/1.13.35.2-0)"
94.130.90.54 - - [11/Mar/2026:19:15:04 +0100] "GET /wp-includes/js/jquery/jquery-migrate.min.js?ver=3.4.1 HTTP/1.1" 304 3419 "https://inglory.de/wp-login.php" "Serf/1.3.9 (mod_pagespeed/1.13.35.2-0)"
94.130.90.54 - - [11/Mar/2026:19:15:04 +0100] "GET /wp-includes/js/jquery/jquery-migrate.min.js?ver=3.4.1 HTTP/1.1" 304 3419 "https://inglory.de/wp-login.php" "Serf/1.3.9 (mod_pagespeed/1.13.35.2-0)"
94.130.90.54 - - [11/Mar/2026:19:15:04 +0100] "GET /wp-includes/js/underscore.min.js?ver=1.13.7 HTTP/1.1" 304 3419 "https://inglory.de/wp-login.php" "Serf/1.3.9 (mod_pagespeed/1.13.35.2-0)"
94.130.90.54 - - [11/Mar/2026:19:15:04 +0100] "GET /wp-includes/js/underscore.min.js?ver=1.13.7 HTTP/1.1" 304 3419 "https://inglory.de/wp-login.php" "Serf/1.3.9 (mod_pagespeed/1.13.35.2-0)"
94.130.90.54 - - [11/Mar/2026:19:15:04 +0100] "GET /wp-includes/js/dist/a11y.min.js?ver=cb460b4676c94bd228ed HTTP/1.1" 304 3418 "https://inglory.de/wp-login.php" "Serf/1.3.9 (mod_pagespeed/1.13.35.2-0)"
94.130.90.54 - - [11/Mar/2026:19:15:04 +0100] "GET /wp-includes/js/dist/a11y.min.js?ver=cb460b4676c94bd228ed HTTP/1.1" 304 3418 "https://inglory.de/wp-login.php" "Serf/1.3.9 (mod_pagespeed/1.13.35.2-0)"
94.130.90.54 - - [11/Mar/2026:19:15:04 +0100] "GET /wp-includes/js/zxcvbn-async.min.js?ver=1.0 HTTP/1.1" 304 3418 "https://inglory.de/wp-login.php" "Serf/1.3.9 (mod_pagespeed/1.13.35.2-0)"
94.130.90.54 - - [11/Mar/2026:19:15:04 +0100] "GET /wp-includes/js/zxcvbn-async.min.js?ver=1.0 HTTP/1.1" 304 3418 "https://inglory.de/wp-login.php" "Serf/1.3.9 (mod_pagespeed/1.13.35.2-0)"
94.130.90.54 - - [11/Mar/2026:19:19:54 +0100] "POST /wp-cron.php?doing_wp_cron=1773253194.7062320709228515625000 HTTP/1.0" 200 4066 "-" "t0KLXIlay8X0"
78.47.173.76 - - [11/Mar/2026:19:19:53 +0100] "HEAD / HTTP/1.0" 200 4190 "https://inglory.de" "Mozilla/5.0+(compatible; UptimeRobot/2.0; http://www.uptimerobot.com/)"
94.130.90.54 - - [11/Mar/2026:19:21:51 +0100] "POST /wp-cron.php?doing_wp_cron=1773253311.8170230388641357421875 HTTP/1.0" 200 4066 "-" "owdeIqaOImao"
88.99.62.61 - - [11/Mar/2026:19:21:50 +0100] "GET /feed/ HTTP/1.0" 200 4749 "-" "Mozilla/5.0 (compatible; FleebsBot/1~w; +https://fleebs.com/bot)"
88.99.62.61 - - [11/Mar/2026:19:21:51 +0100] "GET /robots.txt HTTP/1.0" 200 4217 "-" "Mozilla/5.0 (Macintosh; Intel Mac OS X 10_14_6) AppleWebKit/537.36 (KHTML, like Gecko) Chrome/87.0.4280.88 Safari/537.36"
94.130.90.54 - - [11/Mar/2026:19:25:00 +0100] "POST /wp-cron.php?doing_wp_cron=1773253500.0411479473114013671875 HTTP/1.0" 200 4066 "-" "pRAidy7CHYc7"
157.90.155.240 - - [11/Mar/2026:19:24:58 +0100] "HEAD / HTTP/1.0" 200 4190 "https://inglory.de" "Mozilla/5.0+(compatible; UptimeRobot/2.0; http://www.uptimerobot.com/)"
94.130.90.54 - - [11/Mar/2026:19:27:21 +0100] "GET /wp-includes/css/dashicons.min.css?ver=6.9.3 HTTP/1.1" 304 3419 "https://inglory.de/wp-login.php" "Serf/1.3.9 (mod_pagespeed/1.13.35.2-0)"
167.99.182.62 - - [11/Mar/2026:19:27:19 +0100] "POST /wp-login.php HTTP/1.0" 200 42044 "-" "Mozilla/5.0"
94.130.90.54 - - [11/Mar/2026:19:27:21 +0100] "POST /wp-cron.php?doing_wp_cron=1773253640.9971408843994140625000 HTTP/1.0" 200 4066 "-" "ecE9p355NjJV"
94.130.90.54 - - [11/Mar/2026:19:27:21 +0100] "GET /wp-includes/css/buttons.min.css?ver=6.9.3 HTTP/1.1" 304 3419 "https://inglory.de/wp-login.php" "Serf/1.3.9 (mod_pagespeed/1.13.35.2-0)"
94.130.90.54 - - [11/Mar/2026:19:27:21 +0100] "GET /wp-includes/css/buttons.min.css?ver=6.9.3 HTTP/1.1" 304 3419 "https://inglory.de/wp-login.php" "Serf/1.3.9 (mod_pagespeed/1.13.35.2-0)"
94.130.90.54 - - [11/Mar/2026:19:27:21 +0100] "GET /wp-content/plugins/real-cookie-banner-pro/public/lib/animate.css/animate.min.css?ver=4.1.1 HTTP/1.1" 304 3420 "https://inglory.de/wp-login.php" "Serf/1.3.9 (mod_pagespeed/1.13.35.2-0)"
167.99.182.62 - - [11/Mar/2026:19:27:19 +0100] "POST /wp-login.php HTTP/1.0" 200 42081 "-" "Mozilla/5.0"
94.130.90.54 - - [11/Mar/2026:19:27:21 +0100] "GET /wp-content/plugins/real-cookie-banner-pro/public/lib/animate.css/animate.min.css?ver=4.1.1 HTTP/1.1" 304 3420 "https://inglory.de/wp-login.php" "Serf/1.3.9 (mod_pagespeed/1.13.35.2-0)"
94.130.90.54 - - [11/Mar/2026:19:27:21 +0100] "GET /wp-includes/js/dist/hooks.min.js?ver=dd5603f07f9220ed27f1 HTTP/1.1" 304 3419 "https://inglory.de/wp-login.php" "Serf/1.3.9 (mod_pagespeed/1.13.35.2-0)"
94.130.90.54 - - [11/Mar/2026:19:27:21 +0100] "GET /wp-includes/js/dist/hooks.min.js?ver=dd5603f07f9220ed27f1 HTTP/1.1" 304 3419 "https://inglory.de/wp-login.php" "Serf/1.3.9 (mod_pagespeed/1.13.35.2-0)"
94.130.90.54 - - [11/Mar/2026:19:27:21 +0100] "GET /wp-includes/js/dist/i18n.min.js?ver=c26c3dc7bed366793375 HTTP/1.1" 304 3419 "https://inglory.de/wp-login.php" "Serf/1.3.9 (mod_pagespeed/1.13.35.2-0)"
94.130.90.54 - - [11/Mar/2026:19:27:21 +0100] "GET /wp-includes/js/dist/i18n.min.js?ver=c26c3dc7bed366793375 HTTP/1.1" 304 3419 "https://inglory.de/wp-login.php" "Serf/1.3.9 (mod_pagespeed/1.13.35.2-0)"
94.130.90.54 - - [11/Mar/2026:19:27:21 +0100] "GET /wp-includes/js/wp-util.min.js?ver=6.9.3 HTTP/1.1" 304 3418 "https://inglory.de/wp-login.php" "Serf/1.3.9 (mod_pagespeed/1.13.35.2-0)"
94.130.90.54 - - [11/Mar/2026:19:27:21 +0100] "GET /wp-includes/js/wp-util.min.js?ver=6.9.3 HTTP/1.1" 304 3418 "https://inglory.de/wp-login.php" "Serf/1.3.9 (mod_pagespeed/1.13.35.2-0)"
94.130.90.54 - - [11/Mar/2026:19:27:21 +0100] "GET /wp-includes/js/dist/dom-ready.min.js?ver=f77871ff7694fffea381 HTTP/1.1" 304 3418 "https://inglory.de/wp-login.php" "Serf/1.3.9 (mod_pagespeed/1.13.35.2-0)"
94.130.90.54 - - [11/Mar/2026:19:27:21 +0100] "GET /wp-includes/js/dist/dom-ready.min.js?ver=f77871ff7694fffea381 HTTP/1.1" 304 3418 "https://inglory.de/wp-login.php" "Serf/1.3.9 (mod_pagespeed/1.13.35.2-0)"
94.130.90.54 - - [11/Mar/2026:19:27:21 +0100] "GET /wp-content/plugins/real-cookie-banner-pro/public/dist/vendor-banner.pro.js?ver=999564eaa31ab373ce4e9c8b101375a1 HTTP/1.1" 304 3419 "https://inglory.de/wp-login.php" "Serf/1.3.9 (mod_pagespeed/1.13.35.2-0)"
94.130.90.54 - - [11/Mar/2026:19:27:21 +0100] "GET /wp-content/plugins/real-cookie-banner-pro/public/dist/vendor-banner.pro.js?ver=999564eaa31ab373ce4e9c8b101375a1 HTTP/1.1" 304 3419 "https://inglory.de/wp-login.php" "Serf/1.3.9 (mod_pagespeed/1.13.35.2-0)"
94.130.90.54 - - [11/Mar/2026:19:27:21 +0100] "GET /wp-content/plugins/real-cookie-banner-pro/public/dist/banner.pro.js?ver=e254713b5a42206c0ddfb3e20e347bdf HTTP/1.1" 304 3420 "https://inglory.de/wp-login.php" "Serf/1.3.9 (mod_pagespeed/1.13.35.2-0)"
94.130.90.54 - - [11/Mar/2026:19:27:21 +0100] "GET /wp-content/plugins/real-cookie-banner-pro/public/dist/banner.pro.js?ver=e254713b5a42206c0ddfb3e20e347bdf HTTP/1.1" 304 3420 "https://inglory.de/wp-login.php" "Serf/1.3.9 (mod_pagespeed/1.13.35.2-0)"
94.130.90.54 - - [11/Mar/2026:19:27:21 +0100] "GET /wp-content/plugins/real-cookie-banner-pro/public/dist/blocker.pro.js?ver=853aee641143ce676b6ff4d3a37c559f HTTP/1.1" 304 3419 "https://inglory.de/wp-login.php" "Serf/1.3.9 (mod_pagespeed/1.13.35.2-0)"
94.130.90.54 - - [11/Mar/2026:19:27:21 +0100] "GET /wp-content/plugins/real-cookie-banner-pro/public/dist/blocker.pro.js?ver=853aee641143ce676b6ff4d3a37c559f HTTP/1.1" 304 3419 "https://inglory.de/wp-login.php" "Serf/1.3.9 (mod_pagespeed/1.13.35.2-0)"
94.130.90.54 - - [11/Mar/2026:19:27:21 +0100] "GET /wp-content/uploads/cropped-favicon-32x32.webp HTTP/1.1" 200 3891 "https://inglory.de/wp-login.php" "Serf/1.3.9 (mod_pagespeed/1.13.35.2-0)"
94.130.90.54 - - [11/Mar/2026:19:27:21 +0100] "GET /wp-content/uploads/cropped-favicon-32x32.webp HTTP/1.1" 200 3891 "https://inglory.de/wp-login.php" "Serf/1.3.9 (mod_pagespeed/1.13.35.2-0)"
94.130.90.54 - - [11/Mar/2026:19:27:21 +0100] "GET /wp-content/uploads/cropped-favicon-192x192.webp HTTP/1.1" 200 5397 "https://inglory.de/wp-login.php" "Serf/1.3.9 (mod_pagespeed/1.13.35.2-0)"
94.130.90.54 - - [11/Mar/2026:19:27:21 +0100] "GET /wp-content/uploads/cropped-favicon-192x192.webp HTTP/1.1" 200 5397 "https://inglory.de/wp-login.php" "Serf/1.3.9 (mod_pagespeed/1.13.35.2-0)"
94.130.90.54 - - [11/Mar/2026:19:27:21 +0100] "GET /wp-content/uploads/cropped-favicon-180x180.webp HTTP/1.1" 200 5258 "https://inglory.de/wp-login.php" "Serf/1.3.9 (mod_pagespeed/1.13.35.2-0)"
94.130.90.54 - - [11/Mar/2026:19:27:21 +0100] "GET /wp-content/uploads/cropped-favicon-180x180.webp HTTP/1.1" 200 5258 "https://inglory.de/wp-login.php" "Serf/1.3.9 (mod_pagespeed/1.13.35.2-0)"
94.130.90.54 - - [11/Mar/2026:19:27:21 +0100] "GET /wp-includes/js/clipboard.min.js?ver=2.0.11 HTTP/1.1" 304 3419 "https://inglory.de/wp-login.php" "Serf/1.3.9 (mod_pagespeed/1.13.35.2-0)"
94.130.90.54 - - [11/Mar/2026:19:27:21 +0100] "GET /wp-includes/js/clipboard.min.js?ver=2.0.11 HTTP/1.1" 304 3419 "https://inglory.de/wp-login.php" "Serf/1.3.9 (mod_pagespeed/1.13.35.2-0)"
94.130.90.54 - - [11/Mar/2026:19:27:21 +0100] "GET /wp-includes/js/jquery/jquery.min.js?ver=3.7.1 HTTP/1.1" 304 3420 "https://inglory.de/wp-login.php" "Serf/1.3.9 (mod_pagespeed/1.13.35.2-0)"
94.130.90.54 - - [11/Mar/2026:19:27:21 +0100] "GET /wp-includes/js/jquery/jquery.min.js?ver=3.7.1 HTTP/1.1" 304 3420 "https://inglory.de/wp-login.php" "Serf/1.3.9 (mod_pagespeed/1.13.35.2-0)"
94.130.90.54 - - [11/Mar/2026:19:27:21 +0100] "GET /wp-includes/js/jquery/jquery-migrate.min.js?ver=3.4.1 HTTP/1.1" 304 3419 "https://inglory.de/wp-login.php" "Serf/1.3.9 (mod_pagespeed/1.13.35.2-0)"
94.130.90.54 - - [11/Mar/2026:19:27:21 +0100] "GET /wp-includes/js/jquery/jquery-migrate.min.js?ver=3.4.1 HTTP/1.1" 304 3419 "https://inglory.de/wp-login.php" "Serf/1.3.9 (mod_pagespeed/1.13.35.2-0)"
94.130.90.54 - - [11/Mar/2026:19:27:21 +0100] "GET /wp-includes/js/underscore.min.js?ver=1.13.7 HTTP/1.1" 304 3419 "https://inglory.de/wp-login.php" "Serf/1.3.9 (mod_pagespeed/1.13.35.2-0)"
94.130.90.54 - - [11/Mar/2026:19:27:21 +0100] "GET /wp-includes/js/underscore.min.js?ver=1.13.7 HTTP/1.1" 304 3419 "https://inglory.de/wp-login.php" "Serf/1.3.9 (mod_pagespeed/1.13.35.2-0)"
94.130.90.54 - - [11/Mar/2026:19:27:21 +0100] "GET /wp-includes/js/dist/a11y.min.js?ver=cb460b4676c94bd228ed HTTP/1.1" 304 3418 "https://inglory.de/wp-login.php" "Serf/1.3.9 (mod_pagespeed/1.13.35.2-0)"
94.130.90.54 - - [11/Mar/2026:19:27:21 +0100] "GET /wp-includes/js/dist/a11y.min.js?ver=cb460b4676c94bd228ed HTTP/1.1" 304 3418 "https://inglory.de/wp-login.php" "Serf/1.3.9 (mod_pagespeed/1.13.35.2-0)"
94.130.90.54 - - [11/Mar/2026:19:27:21 +0100] "GET /wp-includes/js/zxcvbn-async.min.js?ver=1.0 HTTP/1.1" 304 3418 "https://inglory.de/wp-login.php" "Serf/1.3.9 (mod_pagespeed/1.13.35.2-0)"
94.130.90.54 - - [11/Mar/2026:19:27:21 +0100] "GET /wp-includes/js/zxcvbn-async.min.js?ver=1.0 HTTP/1.1" 304 3418 "https://inglory.de/wp-login.php" "Serf/1.3.9 (mod_pagespeed/1.13.35.2-0)"
116.76.36.80 - - [11/Mar/2026:19:27:53 +0100] "GET /robots.txt HTTP/1.0" 301 4079 "-" "Mozilla/5.0 (Windows NT 10.0; WOW64) AppleWebKit/537.36 (KHTML, like Gecko) Chrome/78.0.3590.40 Safari/537.36 SE 2.X MetaSr 1.0"
115.45.43.235 - - [11/Mar/2026:19:27:56 +0100] "GET /robots.txt HTTP/1.0" 200 4217 "-" "Mozilla/5.0 (Windows NT 10.0; WOW64) AppleWebKit/537.36 (KHTML, like Gecko) Chrome/78.0.3590.40 Safari/537.36 SE 2.X MetaSr 1.0"
94.130.90.54 - - [11/Mar/2026:19:30:05 +0100] "POST /wp-cron.php?doing_wp_cron=1773253805.4346940517425537109375 HTTP/1.0" 200 4066 "-" "EGWxuUr2D3zK"
88.99.80.227 - - [11/Mar/2026:19:30:04 +0100] "HEAD / HTTP/1.0" 200 4190 "https://inglory.de" "Mozilla/5.0+(compatible; UptimeRobot/2.0; http://www.uptimerobot.com/)"
94.130.90.54 - - [11/Mar/2026:19:30:35 +0100] "POST /wp-cron.php?doing_wp_cron=1773253835.4498200416564941406250 HTTP/1.0" 200 4066 "-" "hTieUULzMQnS"
35.184.96.208 - - [11/Mar/2026:19:30:33 +0100] "HEAD /new/ HTTP/1.0" 404 4132 "http://inglory.de/new/" "Mozilla/5.0 (Linux; U; Android 10; en-US; CPH2015) AppleWebKit/537.36 (KHTML, like Gecko) UCBrowser/13.5.8.1311 Mobile Safari/537.36"
35.184.96.208 - - [11/Mar/2026:19:30:35 +0100] "HEAD /old/ HTTP/1.0" 404 4132 "http://inglory.de/old/" "Mozilla/5.0 (Windows NT 10.0; Win64; x64) AppleWebKit/537.36 (KHTML, like Gecko) Chrome/127.0.6534.42 Safari/537.36"
35.184.96.208 - - [11/Mar/2026:19:30:37 +0100] "HEAD / HTTP/1.0" 200 4190 "http://inglory.de/" "Mozilla/5.0 (Linux; Android 12; TECNO CK6n) AppleWebKit/537.36 (KHTML, like Gecko) Chrome/125.0.6422.50 Mobile Safari/537.36"
35.184.96.208 - - [11/Mar/2026:19:30:39 +0100] "HEAD /wordpress/ HTTP/1.0" 404 4132 "http://inglory.de/wordpress/" "Mozilla/5.0 (Linux; Android 14; OnePlus 12) AppleWebKit/537.36 (KHTML, like Gecko) Chrome/125.0.6422.102 Mobile Safari/537.36"
35.184.96.208 - - [11/Mar/2026:19:30:41 +0100] "HEAD /blog/ HTTP/1.0" 404 4132 "http://inglory.de/blog/" "Mozilla/5.0 (Windows NT 11.0; Win64; x64) AppleWebKit/537.36 (KHTML, like Gecko) Edg/128.0.2790.25 Chrome/128.0.6540.22 Safari/537.36"
35.184.96.208 - - [11/Mar/2026:19:30:43 +0100] "HEAD /backup/ HTTP/1.0" 404 4132 "http://inglory.de/backup/" "Mozilla/5.0 (Linux; U; Android 10; en-US; CPH2015) AppleWebKit/537.36 (KHTML, like Gecko) UCBrowser/13.5.8.1311 Mobile Safari/537.36"
35.184.96.208 - - [11/Mar/2026:19:30:45 +0100] "HEAD /wp/ HTTP/1.0" 404 4132 "http://inglory.de/wp/" "Mozilla/5.0 (Windows NT 10.0; Win64; x64) AppleWebKit/537.36 (KHTML, like Gecko) Chrome/125.0.6422.112 Safari/537.36 Brave/1.63.120"
94.130.90.54 - - [11/Mar/2026:19:35:10 +0100] "POST /wp-cron.php?doing_wp_cron=1773254110.3297839164733886718750 HTTP/1.0" 200 4066 "-" "12ZXQM2NcTOr"
78.46.190.63 - - [11/Mar/2026:19:35:09 +0100] "HEAD / HTTP/1.0" 200 4190 "https://inglory.de" "Mozilla/5.0+(compatible; UptimeRobot/2.0; http://www.uptimerobot.com/)"
94.130.90.54 - - [11/Mar/2026:19:36:44 +0100] "GET /wp-content/uploads/logo_slogan_retina.webp HTTP/1.0" 200 4056 "-" "-"
94.130.90.54 - - [11/Mar/2026:19:36:45 +0100] "POST /wp-cron.php?doing_wp_cron=1773254204.9977099895477294921875 HTTP/1.0" 200 4066 "-" "6tJRnd96UkvR"
94.156.152.15 - - [11/Mar/2026:19:36:41 +0100] "GET /style.php HTTP/1.0" 404 214855 "http://inglory.de/style.php" "Go-http-client/2.0"
94.130.90.54 - - [11/Mar/2026:19:36:47 +0100] "GET /wp-content/uploads/logo_slogan_retina.webp HTTP/1.0" 200 4028 "-" "-"
94.156.152.15 - - [11/Mar/2026:19:36:45 +0100] "GET /wp-content/style.php HTTP/1.0" 404 214855 "http://inglory.de/wp-content/style.php" "Go-http-client/2.0"
94.130.90.54 - - [11/Mar/2026:19:36:50 +0100] "GET /wp-content/uploads/logo_slogan_retina.webp HTTP/1.0" 200 4028 "-" "-"
94.156.152.15 - - [11/Mar/2026:19:36:48 +0100] "GET /wp-content/themes/style.php HTTP/1.0" 404 214855 "http://inglory.de/wp-content/themes/style.php" "Go-http-client/2.0"
94.130.90.54 - - [11/Mar/2026:19:36:53 +0100] "GET /wp-content/uploads/logo_slogan_retina.webp HTTP/1.0" 200 4028 "-" "-"
94.156.152.15 - - [11/Mar/2026:19:36:51 +0100] "GET /wp-admin/style.php HTTP/1.0" 404 214827 "http://inglory.de/wp-admin/style.php" "Go-http-client/2.0"
94.130.90.54 - - [11/Mar/2026:19:36:56 +0100] "GET /wp-content/uploads/logo_slogan_retina.webp HTTP/1.0" 200 4028 "-" "-"
94.156.152.15 - - [11/Mar/2026:19:36:54 +0100] "GET /wp-includes/style.php HTTP/1.0" 404 214855 "http://inglory.de/wp-includes/style.php" "Go-http-client/2.0"
94.156.152.15 - - [11/Mar/2026:19:36:57 +0100] "GET /chosen.php?p= HTTP/1.0" 301 4191 "http://inglory.de/chosen.php?p=" "Go-http-client/2.0"
94.130.90.54 - - [11/Mar/2026:19:37:02 +0100] "GET /wp-content/uploads/logo_slogan_retina.webp HTTP/1.0" 200 4028 "-" "-"
94.156.152.15 - - [11/Mar/2026:19:36:59 +0100] "GET /chosen.php HTTP/1.0" 404 214855 "https://inglory.de/chosen.php?p=" "Go-http-client/2.0"
94.130.90.54 - - [11/Mar/2026:19:37:05 +0100] "GET /wp-content/uploads/logo_slogan_retina.webp HTTP/1.0" 200 4028 "-" "-"
94.156.152.15 - - [11/Mar/2026:19:37:02 +0100] "GET /file.php HTTP/1.0" 404 214855 "http://inglory.de/file.php" "Go-http-client/2.0"
94.130.90.54 - - [11/Mar/2026:19:37:08 +0100] "GET /wp-content/uploads/logo_slogan_retina.webp HTTP/1.0" 200 4028 "-" "-"
94.156.152.15 - - [11/Mar/2026:19:37:05 +0100] "GET /flower.php HTTP/1.0" 404 214855 "http://inglory.de/flower.php" "Go-http-client/2.0"
94.130.90.54 - - [11/Mar/2026:19:37:11 +0100] "GET /wp-content/uploads/logo_slogan_retina.webp HTTP/1.0" 200 4028 "-" "-"
94.156.152.15 - - [11/Mar/2026:19:37:08 +0100] "GET /gifclass.php HTTP/1.0" 404 214855 "http://inglory.de/gifclass.php#888xyz999" "Go-http-client/2.0"
94.130.90.54 - - [11/Mar/2026:19:37:14 +0100] "GET /wp-content/uploads/logo_slogan_retina.webp HTTP/1.0" 200 4028 "-" "-"
94.156.152.15 - - [11/Mar/2026:19:37:11 +0100] "GET /bless.php HTTP/1.0" 404 214855 "http://inglory.de/bless.php#888xyz999" "Go-http-client/2.0"
94.130.90.54 - - [11/Mar/2026:19:37:17 +0100] "GET /wp-content/uploads/logo_slogan_retina.webp HTTP/1.0" 200 4028 "-" "-"
94.130.90.54 - - [11/Mar/2026:19:37:17 +0100] "POST /wp-cron.php?doing_wp_cron=1773254237.4654550552368164062500 HTTP/1.0" 200 4066 "-" "j82zrmLoPUpS"
94.156.152.15 - - [11/Mar/2026:19:37:14 +0100] "GET /class-t.api.php HTTP/1.0" 404 214855 "http://inglory.de/class-t.api.php#888xyz999" "Go-http-client/2.0"
94.130.90.54 - - [11/Mar/2026:19:37:20 +0100] "GET /wp-content/uploads/logo_slogan_retina.webp HTTP/1.0" 200 4028 "-" "-"
94.156.152.15 - - [11/Mar/2026:19:37:17 +0100] "GET /blurbs.php HTTP/1.0" 404 214855 "http://inglory.de/blurbs.php#888xyz999" "Go-http-client/2.0"
94.130.90.54 - - [11/Mar/2026:19:37:22 +0100] "GET /wp-content/uploads/logo_slogan_retina.webp HTTP/1.0" 200 4028 "-" "-"
94.156.152.15 - - [11/Mar/2026:19:37:20 +0100] "GET /akcc.php HTTP/1.0" 404 214855 "http://inglory.de/akcc.php" "Go-http-client/2.0"
94.130.90.54 - - [11/Mar/2026:19:37:25 +0100] "GET /wp-content/uploads/logo_slogan_retina.webp HTTP/1.0" 200 4028 "-" "-"
94.156.152.15 - - [11/Mar/2026:19:37:23 +0100] "GET /abcd.php HTTP/1.0" 404 214855 "http://inglory.de/abcd.php" "Go-http-client/2.0"
94.130.90.54 - - [11/Mar/2026:19:37:28 +0100] "GET /wp-content/uploads/logo_slogan_retina.webp HTTP/1.0" 200 4028 "-" "-"
94.156.152.15 - - [11/Mar/2026:19:37:26 +0100] "GET /shelp.php HTTP/1.0" 404 214855 "http://inglory.de/shelp.php" "Go-http-client/2.0"
94.130.90.54 - - [11/Mar/2026:19:37:31 +0100] "GET /wp-content/uploads/logo_slogan_retina.webp HTTP/1.0" 200 4028 "-" "-"
94.156.152.15 - - [11/Mar/2026:19:37:29 +0100] "GET /cord.php HTTP/1.0" 404 214855 "http://inglory.de/cord.php" "Go-http-client/2.0"
94.130.90.54 - - [11/Mar/2026:19:37:34 +0100] "GET /wp-content/uploads/logo_slogan_retina.webp HTTP/1.0" 200 4028 "-" "-"
94.156.152.15 - - [11/Mar/2026:19:37:32 +0100] "GET /dex.php HTTP/1.0" 404 214855 "http://inglory.de/dex.php" "Go-http-client/2.0"
94.156.152.15 - - [11/Mar/2026:19:37:35 +0100] "GET /wp-admin/admin-ajax.php HTTP/1.0" 400 4095 "http://inglory.de/wp-admin/admin-ajax.php" "Go-http-client/2.0"
94.130.90.54 - - [11/Mar/2026:19:37:38 +0100] "GET /wp-content/uploads/logo_slogan_retina.webp HTTP/1.0" 200 4028 "-" "-"
94.156.152.15 - - [11/Mar/2026:19:37:36 +0100] "GET /file2.php HTTP/1.0" 404 214855 "http://inglory.de/file2.php#tabFM" "Go-http-client/2.0"
94.156.152.15 - - [11/Mar/2026:19:37:39 +0100] "GET //zwso.php HTTP/1.0" 301 4189 "http://inglory.de//zwso.php" "Go-http-client/2.0"
94.130.90.54 - - [11/Mar/2026:19:37:43 +0100] "GET /wp-content/uploads/logo_slogan_retina.webp HTTP/1.0" 200 4028 "-" "-"
94.156.152.15 - - [11/Mar/2026:19:37:41 +0100] "GET /zwso.php HTTP/1.0" 404 214855 "https://inglory.de//zwso.php" "Go-http-client/2.0"
94.130.90.54 - - [11/Mar/2026:19:37:46 +0100] "GET /wp-content/uploads/logo_slogan_retina.webp HTTP/1.0" 200 4028 "-" "-"
94.156.152.15 - - [11/Mar/2026:19:37:44 +0100] "GET /wp-admin/zwso.php HTTP/1.0" 404 214827 "http://inglory.de/wp-admin/zwso.php" "Go-http-client/2.0"
94.130.90.54 - - [11/Mar/2026:19:37:49 +0100] "GET /wp-content/uploads/logo_slogan_retina.webp HTTP/1.0" 200 4028 "-" "-"
94.156.152.15 - - [11/Mar/2026:19:37:47 +0100] "GET /wp-content/plugins/hellopress/wp_mna.php HTTP/1.0" 404 214855 "http://inglory.de/wp-content/plugins/hellopress/wp_mna.php" "Go-http-client/2.0"
94.130.90.54 - - [11/Mar/2026:19:37:52 +0100] "GET /wp-content/uploads/logo_slogan_retina.webp HTTP/1.0" 200 4028 "-" "-"
94.156.152.15 - - [11/Mar/2026:19:37:50 +0100] "GET /bolt.php HTTP/1.0" 404 214855 "http://inglory.de/bolt.php" "Go-http-client/2.0"
94.130.90.54 - - [11/Mar/2026:19:37:55 +0100] "GET /wp-content/uploads/logo_slogan_retina.webp HTTP/1.0" 200 4028 "-" "-"
94.156.152.15 - - [11/Mar/2026:19:37:53 +0100] "GET /shlo.php HTTP/1.0" 404 214855 "http://inglory.de/shlo.php#lufix" "Go-http-client/2.0"
94.130.90.54 - - [11/Mar/2026:19:37:58 +0100] "GET /wp-content/uploads/logo_slogan_retina.webp HTTP/1.0" 200 4028 "-" "-"
94.156.152.15 - - [11/Mar/2026:19:37:56 +0100] "GET /133.php HTTP/1.0" 404 214855 "http://inglory.de/133.php" "Go-http-client/2.0"
94.130.90.54 - - [11/Mar/2026:19:38:01 +0100] "GET /wp-content/uploads/logo_slogan_retina.webp HTTP/1.0" 200 4028 "-" "-"
94.156.152.15 - - [11/Mar/2026:19:37:59 +0100] "GET /ahax.php HTTP/1.0" 404 214855 "http://inglory.de/ahax.php" "Go-http-client/2.0"
94.130.90.54 - - [11/Mar/2026:19:38:04 +0100] "GET /wp-content/uploads/logo_slogan_retina.webp HTTP/1.0" 200 4028 "-" "-"
94.156.152.15 - - [11/Mar/2026:19:38:02 +0100] "GET /php8.php HTTP/1.0" 404 214855 "http://inglory.de/php8.php#xleet" "Go-http-client/2.0"
94.130.90.54 - - [11/Mar/2026:19:38:07 +0100] "GET /wp-content/uploads/logo_slogan_retina.webp HTTP/1.0" 200 4028 "-" "-"
94.156.152.15 - - [11/Mar/2026:19:38:05 +0100] "GET /lufix1.php HTTP/1.0" 404 214855 "http://inglory.de/lufix1.php#lufix" "Go-http-client/2.0"
94.130.90.54 - - [11/Mar/2026:19:38:10 +0100] "GET /wp-content/uploads/logo_slogan_retina.webp HTTP/1.0" 200 4028 "-" "-"
94.156.152.15 - - [11/Mar/2026:19:38:08 +0100] "GET /witmm.php HTTP/1.0" 404 214855 "http://inglory.de/witmm.php#lufix" "Go-http-client/2.0"
94.156.152.15 - - [11/Mar/2026:19:38:11 +0100] "GET /wp-admin/css/index.php HTTP/1.0" 301 4166 "http://inglory.de/wp-admin/css/index.php" "Go-http-client/2.0"
94.156.152.15 - - [11/Mar/2026:19:38:13 +0100] "GET /wp-admin/css/ HTTP/1.0" 403 4795 "https://inglory.de/wp-admin/css/index.php" "Go-http-client/2.0"
94.156.152.15 - - [11/Mar/2026:19:38:13 +0100] "GET /wp-content/plugins/index.php HTTP/1.0" 200 3986 "http://inglory.de/wp-content/plugins/index.php" "Go-http-client/2.0"
94.156.152.15 - - [11/Mar/2026:19:38:13 +0100] "GET /wp-content/index.php HTTP/1.0" 200 3986 "http://inglory.de/wp-content/index.php" "Go-http-client/2.0"
94.130.90.54 - - [11/Mar/2026:19:38:15 +0100] "GET /wp-content/uploads/logo_slogan_retina.webp HTTP/1.0" 200 4028 "-" "-"
94.130.90.54 - - [11/Mar/2026:19:38:16 +0100] "POST /wp-cron.php?doing_wp_cron=1773254296.2711429595947265625000 HTTP/1.0" 200 4066 "-" "bZwS1QQNN5W1"
94.156.152.15 - - [11/Mar/2026:19:38:13 +0100] "GET /ioxi-o.php HTTP/1.0" 404 214855 "http://inglory.de/ioxi-o.php" "Go-http-client/2.0"
94.130.90.54 - - [11/Mar/2026:19:38:18 +0100] "GET /wp-content/uploads/logo_slogan_retina.webp HTTP/1.0" 200 4028 "-" "-"
94.156.152.15 - - [11/Mar/2026:19:38:16 +0100] "GET /222.php HTTP/1.0" 404 214855 "http://inglory.de/222.php" "Go-http-client/2.0"
94.130.90.54 - - [11/Mar/2026:19:38:21 +0100] "GET /wp-content/uploads/logo_slogan_retina.webp HTTP/1.0" 200 4028 "-" "-"
94.156.152.15 - - [11/Mar/2026:19:38:19 +0100] "GET /files.php HTTP/1.0" 404 214855 "http://inglory.de/files.php#admin@3tu/T?TJ8v?N" "Go-http-client/2.0"
94.130.90.54 - - [11/Mar/2026:19:38:24 +0100] "GET /wp-content/uploads/logo_slogan_retina.webp HTTP/1.0" 200 4028 "-" "-"
94.156.152.15 - - [11/Mar/2026:19:38:22 +0100] "GET /wp-editor.php HTTP/1.0" 404 214855 "http://inglory.de/wp-editor.php#lufix" "Go-http-client/2.0"
94.130.90.54 - - [11/Mar/2026:19:38:27 +0100] "GET /wp-content/uploads/logo_slogan_retina.webp HTTP/1.0" 200 4028 "-" "-"
94.156.152.15 - - [11/Mar/2026:19:38:25 +0100] "GET /txets.php HTTP/1.0" 404 214855 "http://inglory.de/txets.php" "Go-http-client/2.0"
94.130.90.54 - - [11/Mar/2026:19:38:30 +0100] "GET /wp-content/uploads/logo_slogan_retina.webp HTTP/1.0" 200 4028 "-" "-"
94.156.152.15 - - [11/Mar/2026:19:38:28 +0100] "GET /wp-content/txets.php HTTP/1.0" 404 214855 "http://inglory.de/wp-content/txets.php" "Go-http-client/2.0"
94.130.90.54 - - [11/Mar/2026:19:38:33 +0100] "GET /wp-content/uploads/logo_slogan_retina.webp HTTP/1.0" 200 4028 "-" "-"
94.156.152.15 - - [11/Mar/2026:19:38:31 +0100] "GET /wp-admin/txets.php HTTP/1.0" 404 214827 "http://inglory.de/wp-admin/txets.php" "Go-http-client/2.0"
94.130.90.54 - - [11/Mar/2026:19:38:36 +0100] "GET /wp-content/uploads/logo_slogan_retina.webp HTTP/1.0" 200 4028 "-" "-"
94.156.152.15 - - [11/Mar/2026:19:38:34 +0100] "GET /postnews.php HTTP/1.0" 404 214855 "http://inglory.de/postnews.php" "Go-http-client/2.0"
94.130.90.54 - - [11/Mar/2026:19:38:39 +0100] "GET /wp-content/uploads/logo_slogan_retina.webp HTTP/1.0" 200 4028 "-" "-"
94.156.152.15 - - [11/Mar/2026:19:38:37 +0100] "GET /wp-content/postnews.php HTTP/1.0" 404 214921 "http://inglory.de/wp-content/postnews.php" "Go-http-client/2.0"
