94.130.90.54 - - [11/Mar/2026:10:55:49 +0100] "GET /wp-content/themes/hub/assets/vendors/liquid-icon/lqd-essentials/lqd-essentials.min.css?ver=1.0.0 HTTP/1.1" 200 6876 "https://inglory.de/" "Serf/1.3.9 (mod_pagespeed/1.13.35.2-0)"
94.130.90.54 - - [11/Mar/2026:10:55:49 +0100] "GET /wp-content/plugins/elementor/assets/lib/font-awesome/css/brands.min.css?ver=5.15.3 HTTP/1.1" 200 4219 "https://inglory.de/" "Serf/1.3.9 (mod_pagespeed/1.13.35.2-0)"
94.130.90.54 - - [11/Mar/2026:10:55:49 +0100] "GET /wp-content/plugins/Funnelforms-pro/res/frontend/styles/select.css?ver=3.8.1 HTTP/1.1" 200 19399 "https://inglory.de/" "Serf/1.3.9 (mod_pagespeed/1.13.35.2-0)"
94.130.90.54 - - [11/Mar/2026:10:55:49 +0100] "GET /wp-content/plugins/Funnelforms-pro/res/frontend/styles/fontawesome_5.15.4.css?ver=3.8.1 HTTP/1.1" 200 80618 "https://inglory.de/" "Serf/1.3.9 (mod_pagespeed/1.13.35.2-0)"
94.130.90.54 - - [11/Mar/2026:10:55:49 +0100] "GET /wp-content/themes/hub/assets/vendors/liquid-icon/lqd-essentials/lqd-essentials.min.css HTTP/1.1" 304 3418 "https://inglory.de/" "Serf/1.3.9 (mod_pagespeed/1.13.35.2-0)"
94.130.90.54 - - [11/Mar/2026:10:55:49 +0100] "GET /wp-content/themes/hub/assets/vendors/fresco/js/fresco.js HTTP/1.1" 304 3420 "https://inglory.de/" "Serf/1.3.9 (mod_pagespeed/1.13.35.2-0)"
94.130.90.54 - - [11/Mar/2026:10:55:49 +0100] "GET /wp-content/themes/hub/assets/vendors/lity/lity.min.js HTTP/1.1" 304 3419 "https://inglory.de/" "Serf/1.3.9 (mod_pagespeed/1.13.35.2-0)"
94.130.90.54 - - [11/Mar/2026:10:55:49 +0100] "GET /wp-content/themes/hub/assets/vendors/gsap/minified/ScrollTrigger.min.js HTTP/1.1" 304 3419 "https://inglory.de/" "Serf/1.3.9 (mod_pagespeed/1.13.35.2-0)"
94.130.90.54 - - [11/Mar/2026:10:55:49 +0100] "GET /wp-content/themes/hub/assets/vendors/fontfaceobserver.js HTTP/1.1" 304 3419 "https://inglory.de/" "Serf/1.3.9 (mod_pagespeed/1.13.35.2-0)"
94.130.90.54 - - [11/Mar/2026:10:55:49 +0100] "GET /wp-content/themes/hub/assets/vendors/intersection-observer.js HTTP/1.1" 304 3419 "https://inglory.de/" "Serf/1.3.9 (mod_pagespeed/1.13.35.2-0)"
94.130.90.54 - - [11/Mar/2026:10:55:49 +0100] "GET /wp-content/themes/hub/assets/vendors/lazyload.min.js HTTP/1.1" 304 3419 "https://inglory.de/" "Serf/1.3.9 (mod_pagespeed/1.13.35.2-0)"
94.130.90.54 - - [11/Mar/2026:10:55:49 +0100] "GET /wp-content/themes/hub/assets/vendors/gsap/utils/SplitText.min.js HTTP/1.1" 304 3419 "https://inglory.de/" "Serf/1.3.9 (mod_pagespeed/1.13.35.2-0)"
94.130.90.54 - - [11/Mar/2026:10:55:49 +0100] "GET /wp-content/plugins/elementor/assets/js/frontend-modules.min.js?ver=3.35.6 HTTP/1.1" 304 3419 "https://inglory.de/" "Serf/1.3.9 (mod_pagespeed/1.13.35.2-0)"
94.130.90.54 - - [11/Mar/2026:10:55:49 +0100] "GET /wp-includes/js/jquery/ui/core.min.js?ver=1.13.3 HTTP/1.1" 304 3419 "https://inglory.de/" "Serf/1.3.9 (mod_pagespeed/1.13.35.2-0)"
94.130.90.54 - - [11/Mar/2026:10:55:49 +0100] "GET /wp-content/themes/hub/assets/vendors/flickity/flickity.pkgd.min.js HTTP/1.1" 200 61790 "https://inglory.de/" "Serf/1.3.9 (mod_pagespeed/1.13.35.2-0)"
94.130.90.54 - - [11/Mar/2026:10:55:49 +0100] "GET /wp-content/themes/hub/assets/vendors/flickity/flickity-fade.min.js HTTP/1.1" 200 7123 "https://inglory.de/" "Serf/1.3.9 (mod_pagespeed/1.13.35.2-0)"
94.130.90.54 - - [11/Mar/2026:10:55:49 +0100] "GET /wp-content/plugins/pro-elements/assets/lib/smartmenus/jquery.smartmenus.min.js?ver=1.2.1 HTTP/1.1" 200 27728 "https://inglory.de/" "Serf/1.3.9 (mod_pagespeed/1.13.35.2-0)"
136.226.163.74 - - [11/Mar/2026:10:55:49 +0100] "GET /wp-content/plugins/real-cookie-banner-pro/public/dist/vendor-banner.pro.js?ver=999564eaa31ab373ce4e9c8b101375a1 HTTP/1.0" 200 4086 "https://inglory.de/" "Mozilla/5.0 (Windows NT 10.0; Win64; x64) AppleWebKit/537.36 (KHTML, like Gecko) Chrome/145.0.0.0 Safari/537.36"
94.130.90.54 - - [11/Mar/2026:10:55:49 +0100] "GET /wp-includes/js/dist/hooks.min.js?ver=dd5603f07f9220ed27f1 HTTP/1.1" 304 3419 "https://inglory.de/" "Serf/1.3.9 (mod_pagespeed/1.13.35.2-0)"
94.130.90.54 - - [11/Mar/2026:10:55:49 +0100] "GET /wp-includes/js/dist/i18n.min.js?ver=c26c3dc7bed366793375 HTTP/1.1" 304 3419 "https://inglory.de/" "Serf/1.3.9 (mod_pagespeed/1.13.35.2-0)"
94.130.90.54 - - [11/Mar/2026:10:55:49 +0100] "GET /wp-content/plugins/real-cookie-banner-pro/public/dist/vendor-banner.pro.js?ver=999564eaa31ab373ce4e9c8b101375a1 HTTP/1.1" 304 3419 "https://inglory.de/" "Serf/1.3.9 (mod_pagespeed/1.13.35.2-0)"
94.130.90.54 - - [11/Mar/2026:10:55:49 +0100] "GET /wp-content/plugins/real-cookie-banner-pro/public/dist/banner.pro.js?ver=e254713b5a42206c0ddfb3e20e347bdf HTTP/1.1" 304 3420 "https://inglory.de/" "Serf/1.3.9 (mod_pagespeed/1.13.35.2-0)"
94.130.90.54 - - [11/Mar/2026:10:55:49 +0100] "GET /wp-content/plugins/real-cookie-banner-pro/public/dist/blocker.pro.js?ver=853aee641143ce676b6ff4d3a37c559f HTTP/1.1" 304 3419 "https://inglory.de/" "Serf/1.3.9 (mod_pagespeed/1.13.35.2-0)"
94.130.90.54 - - [11/Mar/2026:10:55:49 +0100] "GET /wp-content/uploads/cropped-favicon.webp HTTP/1.1" 304 3432 "https://inglory.de/" "Serf/1.3.9 (mod_pagespeed/1.13.35.2-0)"
94.130.90.54 - - [11/Mar/2026:10:55:49 +0100] "GET /wp-content/uploads/cropped-favicon-32x32.webp HTTP/1.1" 304 3432 "https://inglory.de/" "Serf/1.3.9 (mod_pagespeed/1.13.35.2-0)"
94.130.90.54 - - [11/Mar/2026:10:55:49 +0100] "GET /wp-content/uploads/cropped-favicon-192x192.webp HTTP/1.1" 304 3432 "https://inglory.de/" "Serf/1.3.9 (mod_pagespeed/1.13.35.2-0)"
94.130.90.54 - - [11/Mar/2026:10:55:49 +0100] "GET /wp-content/uploads/cropped-favicon-180x180.webp HTTP/1.1" 304 3432 "https://inglory.de/" "Serf/1.3.9 (mod_pagespeed/1.13.35.2-0)"
94.130.90.54 - - [11/Mar/2026:10:55:49 +0100] "GET /wp-content/uploads/logo_slogan_retina.webp HTTP/1.1" 200 25086 "https://inglory.de/" "Serf/1.3.9 (mod_pagespeed/1.13.35.2-0)"
94.130.90.54 - - [11/Mar/2026:10:55:49 +0100] "GET /wp-content/uploads/logo_slogan_retina.webp HTTP/1.1" 200 25086 "https://inglory.de/" "Serf/1.3.9 (mod_pagespeed/1.13.35.2-0)"
94.130.90.54 - - [11/Mar/2026:10:55:49 +0100] "GET /wp-content/uploads/logo_slogan_retina-300x134.webp HTTP/1.1" 200 8914 "https://inglory.de/" "Serf/1.3.9 (mod_pagespeed/1.13.35.2-0)"
94.130.90.54 - - [11/Mar/2026:10:55:49 +0100] "GET /wp-content/uploads/logo_slogan_retina-1024x458.webp HTTP/1.1" 200 23646 "https://inglory.de/" "Serf/1.3.9 (mod_pagespeed/1.13.35.2-0)"
94.130.90.54 - - [11/Mar/2026:10:55:49 +0100] "GET /wp-content/uploads/logo_slogan_retina-1536x687.webp HTTP/1.1" 200 33636 "https://inglory.de/" "Serf/1.3.9 (mod_pagespeed/1.13.35.2-0)"
94.130.90.54 - - [11/Mar/2026:10:55:49 +0100] "GET /wp-content/uploads/cropped-favicon.webp HTTP/1.1" 304 3432 "https://inglory.de/" "Serf/1.3.9 (mod_pagespeed/1.13.35.2-0)"
94.130.90.54 - - [11/Mar/2026:10:55:49 +0100] "GET /wp-includes/js/jquery/jquery.min.js?ver=3.7.1 HTTP/1.1" 304 3420 "https://inglory.de/" "Serf/1.3.9 (mod_pagespeed/1.13.35.2-0)"
94.130.90.54 - - [11/Mar/2026:10:55:49 +0100] "GET /wp-includes/js/jquery/jquery-migrate.min.js?ver=3.4.1 HTTP/1.1" 304 3419 "https://inglory.de/" "Serf/1.3.9 (mod_pagespeed/1.13.35.2-0)"
94.130.90.54 - - [11/Mar/2026:10:55:49 +0100] "GET /wp-content/plugins/Funnelforms-pro/res/frontend/scripts/frontend.js?ver=3.8.1 HTTP/1.1" 200 424911 "https://inglory.de/" "Serf/1.3.9 (mod_pagespeed/1.13.35.2-0)"
136.226.163.74 - - [11/Mar/2026:10:55:49 +0100] "GET /wp-content/plugins/real-cookie-banner-pro/public/lib/animate.css/A.animate.min.css,qver=4.1.1.pagespeed.cf.M3aj0gs58u.css HTTP/1.0" 200 9313 "https://inglory.de/" "Mozilla/5.0 (Windows NT 10.0; Win64; x64) AppleWebKit/537.36 (KHTML, like Gecko) Chrome/145.0.0.0 Safari/537.36"
136.226.163.74 - - [11/Mar/2026:10:55:49 +0100] "GET /wp-content/themes/hub/style.css HTTP/1.0" 200 5291 "https://inglory.de/" "Mozilla/5.0 (Windows NT 10.0; Win64; x64) AppleWebKit/537.36 (KHTML, like Gecko) Chrome/145.0.0.0 Safari/537.36"
94.130.90.54 - - [11/Mar/2026:10:55:49 +0100] "GET /wp-content/plugins/Funnelforms-pro/res/frontend/scripts/dropzone.js?ver=3.8.1 HTTP/1.1" 200 51797 "https://inglory.de/" "Serf/1.3.9 (mod_pagespeed/1.13.35.2-0)"
136.226.163.74 - - [11/Mar/2026:10:55:49 +0100] "GET /wp-content/plugins/hub-core/extras/redux-framework/redux-core/assets/css/extendify-utilities.css,qver=4.4.12.2.pagespeed.ce.tJ5rg_e9R-.css HTTP/1.0" 200 10062 "https://inglory.de/" "Mozilla/5.0 (Windows NT 10.0; Win64; x64) AppleWebKit/537.36 (KHTML, like Gecko) Chrome/145.0.0.0 Safari/537.36"
94.130.90.54 - - [11/Mar/2026:10:55:49 +0100] "GET /wp-content/plugins/Funnelforms-pro/res/frontend/scripts/select.js?ver=3.8.1 HTTP/1.1" 200 76150 "https://inglory.de/" "Serf/1.3.9 (mod_pagespeed/1.13.35.2-0)"
136.226.163.74 - - [11/Mar/2026:10:55:49 +0100] "GET /wp-content/themes/hub/assets/vendors/bootstrap/css/A.bootstrap.min.css.pagespeed.cf.8-x_4xxn79.css HTTP/1.0" 200 13829 "https://inglory.de/" "Mozilla/5.0 (Windows NT 10.0; Win64; x64) AppleWebKit/537.36 (KHTML, like Gecko) Chrome/145.0.0.0 Safari/537.36"
94.130.90.54 - - [11/Mar/2026:10:55:49 +0100] "GET /wp-content/plugins/Funnelforms-pro/res/frontend/scripts/intlTelInputSelect2.js?ver=3.8.1 HTTP/1.1" 200 26167 "https://inglory.de/" "Serf/1.3.9 (mod_pagespeed/1.13.35.2-0)"
136.226.163.74 - - [11/Mar/2026:10:55:49 +0100] "GET /wp-content/plugins/elementor/assets/css/widget-image.min.css?ver=3.35.6 HTTP/1.0" 200 4319 "https://inglory.de/" "Mozilla/5.0 (Windows NT 10.0; Win64; x64) AppleWebKit/537.36 (KHTML, like Gecko) Chrome/145.0.0.0 Safari/537.36"
136.226.163.74 - - [11/Mar/2026:10:55:49 +0100] "GET /wp-content/themes/hub/assets/css/elements/base/typography.css HTTP/1.0" 200 4406 "https://inglory.de/" "Mozilla/5.0 (Windows NT 10.0; Win64; x64) AppleWebKit/537.36 (KHTML, like Gecko) Chrome/145.0.0.0 Safari/537.36"
94.130.90.54 - - [11/Mar/2026:10:55:49 +0100] "GET /wp-content/plugins/pro-elements/assets/js/webpack-pro.runtime.min.js?ver=3.30.0 HTTP/1.1" 304 3419 "https://inglory.de/" "Serf/1.3.9 (mod_pagespeed/1.13.35.2-0)"
136.226.163.74 - - [11/Mar/2026:10:55:49 +0100] "GET /wp-content/plugins/elementor/assets/css/frontend.min.css?ver=3.35.6 HTTP/1.0" 200 11423 "https://inglory.de/" "Mozilla/5.0 (Windows NT 10.0; Win64; x64) AppleWebKit/537.36 (KHTML, like Gecko) Chrome/145.0.0.0 Safari/537.36"
94.130.90.54 - - [11/Mar/2026:10:55:49 +0100] "GET /wp-content/plugins/pro-elements/assets/js/frontend.min.js?ver=3.30.0 HTTP/1.1" 304 3419 "https://inglory.de/" "Serf/1.3.9 (mod_pagespeed/1.13.35.2-0)"
136.226.163.74 - - [11/Mar/2026:10:55:49 +0100] "GET /wp-content/plugins/elementor/assets/lib/eicons/css/elementor-icons.min.css?ver=5.47.0 HTTP/1.0" 200 8554 "https://inglory.de/" "Mozilla/5.0 (Windows NT 10.0; Win64; x64) AppleWebKit/537.36 (KHTML, like Gecko) Chrome/145.0.0.0 Safari/537.36"
136.226.163.74 - - [11/Mar/2026:10:55:49 +0100] "GET /wp-content/plugins/elementor/assets/lib/animations/styles/zoomIn.min.css?ver=3.35.6 HTTP/1.0" 200 4289 "https://inglory.de/" "Mozilla/5.0 (Windows NT 10.0; Win64; x64) AppleWebKit/537.36 (KHTML, like Gecko) Chrome/145.0.0.0 Safari/537.36"
94.130.90.54 - - [11/Mar/2026:10:55:49 +0100] "GET /wp-content/plugins/pro-elements/assets/js/elements-handlers.min.js?ver=3.30.0 HTTP/1.1" 304 3419 "https://inglory.de/" "Serf/1.3.9 (mod_pagespeed/1.13.35.2-0)"
94.130.90.54 - - [11/Mar/2026:10:55:49 +0100] "GET /wp-content/plugins/Funnelforms-pro/res/frontend/styles/frontend.css?ver=3.8.1 HTTP/1.1" 200 61467 "https://inglory.de/" "Serf/1.3.9 (mod_pagespeed/1.13.35.2-0)"
136.226.163.74 - - [11/Mar/2026:10:55:49 +0100] "GET /wp-content/plugins/pro-elements/assets/css/widget-countdown.min.css?ver=3.30.0 HTTP/1.0" 200 4526 "https://inglory.de/" "Mozilla/5.0 (Windows NT 10.0; Win64; x64) AppleWebKit/537.36 (KHTML, like Gecko) Chrome/145.0.0.0 Safari/537.36"
136.226.163.74 - - [11/Mar/2026:10:55:49 +0100] "GET /wp-content/plugins/elementor/assets/lib/animations/styles/fadeInUp.min.css?ver=3.35.6 HTTP/1.0" 200 4301 "https://inglory.de/" "Mozilla/5.0 (Windows NT 10.0; Win64; x64) AppleWebKit/537.36 (KHTML, like Gecko) Chrome/145.0.0.0 Safari/537.36"
136.226.163.74 - - [11/Mar/2026:10:55:49 +0100] "GET /wp-content/plugins/pro-elements/assets/css/widget-nav-menu.min.css?ver=3.30.0 HTTP/1.0" 200 7541 "https://inglory.de/" "Mozilla/5.0 (Windows NT 10.0; Win64; x64) AppleWebKit/537.36 (KHTML, like Gecko) Chrome/145.0.0.0 Safari/537.36"
94.130.90.54 - - [11/Mar/2026:10:55:49 +0100] "GET /wp-content/plugins/Funnelforms-pro/res/frontend/styles/intlTelInput.css?ver=3.8.1 HTTP/1.1" 200 30669 "https://inglory.de/" "Serf/1.3.9 (mod_pagespeed/1.13.35.2-0)"
94.130.90.54 - - [11/Mar/2026:10:55:49 +0100] "GET /wp-content/themes/hub/assets/vendors/fastdom/fastdom.min.js HTTP/1.1" 304 3418 "https://inglory.de/" "Serf/1.3.9 (mod_pagespeed/1.13.35.2-0)"
136.226.163.74 - - [11/Mar/2026:10:55:49 +0100] "GET /wp-content/plugins/hub-elementor-addons/assets/css/theme-elementor.min.css?ver=5.0.7 HTTP/1.0" 200 83457 "https://inglory.de/" "Mozilla/5.0 (Windows NT 10.0; Win64; x64) AppleWebKit/537.36 (KHTML, like Gecko) Chrome/145.0.0.0 Safari/537.36"
94.130.90.54 - - [11/Mar/2026:10:55:49 +0100] "GET /wp-content/themes/hub/assets/vendors/bootstrap/js/bootstrap.min.js HTTP/1.1" 304 3420 "https://inglory.de/" "Serf/1.3.9 (mod_pagespeed/1.13.35.2-0)"
136.226.163.74 - - [11/Mar/2026:10:55:49 +0100] "GET /wp-content/plugins/elementor/assets/lib/font-awesome/css/solid.min.css?ver=5.15.3 HTTP/1.0" 200 4494 "https://inglory.de/" "Mozilla/5.0 (Windows NT 10.0; Win64; x64) AppleWebKit/537.36 (KHTML, like Gecko) Chrome/145.0.0.0 Safari/537.36"
94.130.90.54 - - [11/Mar/2026:10:55:49 +0100] "GET /wp-includes/js/imagesloaded.min.js?ver=5.0.0 HTTP/1.1" 304 3419 "https://inglory.de/" "Serf/1.3.9 (mod_pagespeed/1.13.35.2-0)"
136.226.163.74 - - [11/Mar/2026:10:55:49 +0100] "GET /wp-content/plugins/elementor/assets/lib/font-awesome/css/fontawesome.min.css?ver=5.15.3 HTTP/1.0" 200 16669 "https://inglory.de/" "Mozilla/5.0 (Windows NT 10.0; Win64; x64) AppleWebKit/537.36 (KHTML, like Gecko) Chrome/145.0.0.0 Safari/537.36"
94.130.90.54 - - [11/Mar/2026:10:55:49 +0100] "GET /wp-content/themes/hub/assets/vendors/jquery-ui/jquery-ui.min.js HTTP/1.1" 304 3420 "https://inglory.de/" "Serf/1.3.9 (mod_pagespeed/1.13.35.2-0)"
136.226.163.74 - - [11/Mar/2026:10:55:49 +0100] "GET /wp-content/plugins/elementor/assets/lib/font-awesome/css/brands.min.css?ver=5.15.3 HTTP/1.0" 200 4493 "https://inglory.de/" "Mozilla/5.0 (Windows NT 10.0; Win64; x64) AppleWebKit/537.36 (KHTML, like Gecko) Chrome/145.0.0.0 Safari/537.36"
136.226.163.74 - - [11/Mar/2026:10:55:49 +0100] "GET /wp-content/themes/hub/assets/vendors/liquid-icon/lqd-essentials/lqd-essentials.min.css?ver=1.0.0 HTTP/1.0" 200 4948 "https://inglory.de/" "Mozilla/5.0 (Windows NT 10.0; Win64; x64) AppleWebKit/537.36 (KHTML, like Gecko) Chrome/145.0.0.0 Safari/537.36"
94.130.90.54 - - [11/Mar/2026:10:55:49 +0100] "GET /wp-content/themes/hub/assets/vendors/gsap/minified/gsap.min.js HTTP/1.1" 304 3420 "https://inglory.de/" "Serf/1.3.9 (mod_pagespeed/1.13.35.2-0)"
94.130.90.54 - - [11/Mar/2026:10:55:49 +0100] "GET /wp-content/themes/hub/assets/vendors/tinycolor-min.js HTTP/1.1" 304 3419 "https://inglory.de/" "Serf/1.3.9 (mod_pagespeed/1.13.35.2-0)"
136.226.163.74 - - [11/Mar/2026:10:55:49 +0100] "GET /wp-content/themes/hub/assets/vendors/liquid-icon/lqd-essentials/fonts/lqd-essentials.woff2 HTTP/1.0" 200 4122 "https://inglory.de/" "Mozilla/5.0 (Windows NT 10.0; Win64; x64) AppleWebKit/537.36 (KHTML, like Gecko) Chrome/145.0.0.0 Safari/537.36"
94.130.90.54 - - [11/Mar/2026:10:55:49 +0100] "GET /wp-content/themes/hub/assets/js/theme.min.js HTTP/1.1" 304 3420 "https://inglory.de/" "Serf/1.3.9 (mod_pagespeed/1.13.35.2-0)"
94.130.90.54 - - [11/Mar/2026:10:55:49 +0100] "GET /wp-content/plugins/elementor/assets/js/webpack.runtime.min.js?ver=3.35.6 HTTP/1.1" 304 3419 "https://inglory.de/" "Serf/1.3.9 (mod_pagespeed/1.13.35.2-0)"
94.130.90.54 - - [11/Mar/2026:10:55:49 +0100] "GET /wp-content/plugins/elementor/assets/js/frontend.min.js?ver=3.35.6 HTTP/1.1" 304 3419 "https://inglory.de/" "Serf/1.3.9 (mod_pagespeed/1.13.35.2-0)"
136.226.163.74 - - [11/Mar/2026:10:55:49 +0100] "GET /wp-content/uploads/logo_slogan_retina.webp HTTP/1.0" 200 25657 "https://inglory.de/" "Mozilla/5.0 (Windows NT 10.0; Win64; x64) AppleWebKit/537.36 (KHTML, like Gecko) Chrome/145.0.0.0 Safari/537.36"
136.226.163.74 - - [11/Mar/2026:10:55:49 +0100] "GET /wp-includes/js/jquery/jquery.min.js?ver=3.7.1 HTTP/1.0" 200 34591 "https://inglory.de/" "Mozilla/5.0 (Windows NT 10.0; Win64; x64) AppleWebKit/537.36 (KHTML, like Gecko) Chrome/145.0.0.0 Safari/537.36"
136.226.163.74 - - [11/Mar/2026:10:55:49 +0100] "GET /wp-includes/js/jquery/jquery-migrate.min.js?ver=3.4.1 HTTP/1.0" 200 9094 "https://inglory.de/" "Mozilla/5.0 (Windows NT 10.0; Win64; x64) AppleWebKit/537.36 (KHTML, like Gecko) Chrome/145.0.0.0 Safari/537.36"
94.130.90.54 - - [11/Mar/2026:10:55:49 +0100] "GET /wp-content/plugins/Funnelforms-pro/res/frontend/scripts/libs/jquery_ui.js?ver=3.8.1 HTTP/1.1" 200 525545 "https://inglory.de/" "Serf/1.3.9 (mod_pagespeed/1.13.35.2-0)"
136.226.163.74 - - [11/Mar/2026:10:55:49 +0100] "GET /wp-content/plugins/real-cookie-banner-pro/public/dist/banner.pro.js?ver=e254713b5a42206c0ddfb3e20e347bdf HTTP/1.0" 200 36882 "https://inglory.de/" "Mozilla/5.0 (Windows NT 10.0; Win64; x64) AppleWebKit/537.36 (KHTML, like Gecko) Chrome/145.0.0.0 Safari/537.36"
136.226.163.74 - - [11/Mar/2026:10:55:49 +0100] "GET /wp-content/plugins/Funnelforms-pro/res/frontend/styles/select.css?ver=3.8.1 HTTP/1.0" 200 6246 "https://inglory.de/" "Mozilla/5.0 (Windows NT 10.0; Win64; x64) AppleWebKit/537.36 (KHTML, like Gecko) Chrome/145.0.0.0 Safari/537.36"
136.226.163.74 - - [11/Mar/2026:10:55:49 +0100] "GET /wp-content/plugins/Funnelforms-pro/res/frontend/styles/fontawesome_5.15.4.css?ver=3.8.1 HTTP/1.0" 200 17384 "https://inglory.de/" "Mozilla/5.0 (Windows NT 10.0; Win64; x64) AppleWebKit/537.36 (KHTML, like Gecko) Chrome/145.0.0.0 Safari/537.36"
136.226.163.74 - - [11/Mar/2026:10:55:49 +0100] "GET /wp-content/plugins/Funnelforms-pro/res/frontend/styles/intlTelInput.css?ver=3.8.1 HTTP/1.0" 200 7588 "https://inglory.de/" "Mozilla/5.0 (Windows NT 10.0; Win64; x64) AppleWebKit/537.36 (KHTML, like Gecko) Chrome/145.0.0.0 Safari/537.36"
136.226.163.74 - - [11/Mar/2026:10:55:49 +0100] "GET /wp-content/plugins/Funnelforms-pro/res/frontend/styles/frontend.css?ver=3.8.1 HTTP/1.0" 200 12101 "https://inglory.de/" "Mozilla/5.0 (Windows NT 10.0; Win64; x64) AppleWebKit/537.36 (KHTML, like Gecko) Chrome/145.0.0.0 Safari/537.36"
94.130.90.54 - - [11/Mar/2026:10:55:49 +0100] "GET /wp-content/plugins/Funnelforms-pro/res/images/flags.png HTTP/1.1" 200 74542 "https://inglory.de/wp-content/plugins/Funnelforms-pro/res/frontend/styles/intlTelInput.css?ver=3.8.1" "Serf/1.3.9 (mod_pagespeed/1.13.35.2-0)"
94.130.90.54 - - [11/Mar/2026:10:55:49 +0100] "GET /wp-content/plugins/Funnelforms-pro/res/images/flags@2x.png HTTP/1.1" 200 178229 "https://inglory.de/wp-content/plugins/Funnelforms-pro/res/frontend/styles/intlTelInput.css?ver=3.8.1" "Serf/1.3.9 (mod_pagespeed/1.13.35.2-0)"
94.130.90.54 - - [11/Mar/2026:10:55:49 +0100] "GET /wp-content/plugins/Funnelforms-pro/res/images/close_button_af2.png HTTP/1.1" 200 25290 "https://inglory.de/wp-content/plugins/Funnelforms-pro/res/frontend/styles/frontend.css?ver=3.8.1" "Serf/1.3.9 (mod_pagespeed/1.13.35.2-0)"
136.226.163.74 - - [11/Mar/2026:10:55:49 +0100] "GET /wp-content/themes/hub/assets/vendors/liquid-icon/lqd-essentials/lqd-essentials.min.css HTTP/1.0" 200 4948 "https://inglory.de/" "Mozilla/5.0 (Windows NT 10.0; Win64; x64) AppleWebKit/537.36 (KHTML, like Gecko) Chrome/145.0.0.0 Safari/537.36"
94.130.90.54 - - [11/Mar/2026:10:55:49 +0100] "GET /wp-content/plugins/Funnelforms-pro/res/images/close_button_af2.png HTTP/1.1" 200 25290 "https://inglory.de/" "Serf/1.3.9 (mod_pagespeed/1.13.35.2-0)"
94.130.90.54 - - [11/Mar/2026:10:55:49 +0100] "GET /wp-content/plugins/Funnelforms-pro/res/images/flags.png HTTP/1.1" 200 74542 "https://inglory.de/" "Serf/1.3.9 (mod_pagespeed/1.13.35.2-0)"
136.226.163.74 - - [11/Mar/2026:10:55:49 +0100] "GET /wp-content/themes/hub/assets/vendors/fastdom/fastdom.min.js HTTP/1.0" 200 5105 "https://inglory.de/" "Mozilla/5.0 (Windows NT 10.0; Win64; x64) AppleWebKit/537.36 (KHTML, like Gecko) Chrome/145.0.0.0 Safari/537.36"
94.130.90.54 - - [11/Mar/2026:10:55:49 +0100] "GET /wp-content/plugins/Funnelforms-pro/res/images/flags@2x.png HTTP/1.1" 200 178229 "https://inglory.de/" "Serf/1.3.9 (mod_pagespeed/1.13.35.2-0)"
136.226.163.74 - - [11/Mar/2026:10:55:49 +0100] "GET /wp-content/themes/hub/assets/vendors/bootstrap/js/bootstrap.min.js HTTP/1.0" 200 29517 "https://inglory.de/" "Mozilla/5.0 (Windows NT 10.0; Win64; x64) AppleWebKit/537.36 (KHTML, like Gecko) Chrome/145.0.0.0 Safari/537.36"
136.226.163.74 - - [11/Mar/2026:10:55:49 +0100] "GET /wp-content/themes/hub/assets/vendors/jquery-ui/jquery-ui.min.js HTTP/1.0" 200 33544 "https://inglory.de/" "Mozilla/5.0 (Windows NT 10.0; Win64; x64) AppleWebKit/537.36 (KHTML, like Gecko) Chrome/145.0.0.0 Safari/537.36"
136.226.163.74 - - [11/Mar/2026:10:55:49 +0100] "GET /wp-content/themes/hub/assets/vendors/fresco/js/fresco.js HTTP/1.0" 200 20481 "https://inglory.de/" "Mozilla/5.0 (Windows NT 10.0; Win64; x64) AppleWebKit/537.36 (KHTML, like Gecko) Chrome/145.0.0.0 Safari/537.36"
136.226.163.74 - - [11/Mar/2026:10:55:49 +0100] "GET /wp-includes/js/imagesloaded.min.js?ver=5.0.0 HTTP/1.0" 200 6025 "https://inglory.de/" "Mozilla/5.0 (Windows NT 10.0; Win64; x64) AppleWebKit/537.36 (KHTML, like Gecko) Chrome/145.0.0.0 Safari/537.36"
136.226.163.74 - - [11/Mar/2026:10:55:49 +0100] "GET /wp-content/uploads/Public-Sans-Lokal/public-sans-v14-latin-regular.woff2 HTTP/1.0" 200 4104 "https://inglory.de/" "Mozilla/5.0 (Windows NT 10.0; Win64; x64) AppleWebKit/537.36 (KHTML, like Gecko) Chrome/145.0.0.0 Safari/537.36"
136.226.163.74 - - [11/Mar/2026:10:55:49 +0100] "GET /wp-content/themes/hub/assets/vendors/lity/lity.min.js HTTP/1.0" 200 6395 "https://inglory.de/" "Mozilla/5.0 (Windows NT 10.0; Win64; x64) AppleWebKit/537.36 (KHTML, like Gecko) Chrome/145.0.0.0 Safari/537.36"
136.226.163.74 - - [11/Mar/2026:10:55:49 +0100] "GET /wp-content/themes/hub/assets/vendors/gsap/minified/gsap.min.js HTTP/1.0" 200 32322 "https://inglory.de/" "Mozilla/5.0 (Windows NT 10.0; Win64; x64) AppleWebKit/537.36 (KHTML, like Gecko) Chrome/145.0.0.0 Safari/537.36"
136.226.163.74 - - [11/Mar/2026:10:55:49 +0100] "GET /wp-content/themes/hub/assets/vendors/gsap/minified/ScrollTrigger.min.js HTTP/1.0" 200 21890 "https://inglory.de/" "Mozilla/5.0 (Windows NT 10.0; Win64; x64) AppleWebKit/537.36 (KHTML, like Gecko) Chrome/145.0.0.0 Safari/537.36"
136.226.163.74 - - [11/Mar/2026:10:55:49 +0100] "GET /wp-content/themes/hub/assets/vendors/fontfaceobserver.js HTTP/1.0" 200 6424 "https://inglory.de/" "Mozilla/5.0 (Windows NT 10.0; Win64; x64) AppleWebKit/537.36 (KHTML, like Gecko) Chrome/145.0.0.0 Safari/537.36"
136.226.163.74 - - [11/Mar/2026:10:55:49 +0100] "GET /wp-content/themes/hub/assets/vendors/intersection-observer.js HTTP/1.0" 200 6865 "https://inglory.de/" "Mozilla/5.0 (Windows NT 10.0; Win64; x64) AppleWebKit/537.36 (KHTML, like Gecko) Chrome/145.0.0.0 Safari/537.36"
136.226.163.74 - - [11/Mar/2026:10:55:49 +0100] "GET /wp-content/themes/hub/assets/vendors/lazyload.min.js HTTP/1.0" 200 7273 "https://inglory.de/" "Mozilla/5.0 (Windows NT 10.0; Win64; x64) AppleWebKit/537.36 (KHTML, like Gecko) Chrome/145.0.0.0 Safari/537.36"
136.226.163.74 - - [11/Mar/2026:10:55:49 +0100] "GET /wp-content/themes/hub/assets/vendors/tinycolor-min.js HTTP/1.0" 200 9470 "https://inglory.de/" "Mozilla/5.0 (Windows NT 10.0; Win64; x64) AppleWebKit/537.36 (KHTML, like Gecko) Chrome/145.0.0.0 Safari/537.36"
136.226.163.74 - - [11/Mar/2026:10:55:49 +0100] "GET /wp-content/themes/hub/assets/vendors/gsap/utils/SplitText.min.js HTTP/1.0" 200 9569 "https://inglory.de/" "Mozilla/5.0 (Windows NT 10.0; Win64; x64) AppleWebKit/537.36 (KHTML, like Gecko) Chrome/145.0.0.0 Safari/537.36"
136.226.163.74 - - [11/Mar/2026:10:55:49 +0100] "GET /wp-content/themes/hub/assets/js/theme.min.js HTTP/1.0" 200 80680 "https://inglory.de/" "Mozilla/5.0 (Windows NT 10.0; Win64; x64) AppleWebKit/537.36 (KHTML, like Gecko) Chrome/145.0.0.0 Safari/537.36"
136.226.163.74 - - [11/Mar/2026:10:55:49 +0100] "GET /wp-content/uploads/Public-Sans-Lokal/public-sans-v14-latin-800.woff2 HTTP/1.0" 200 4100 "https://inglory.de/" "Mozilla/5.0 (Windows NT 10.0; Win64; x64) AppleWebKit/537.36 (KHTML, like Gecko) Chrome/145.0.0.0 Safari/537.36"
136.226.163.74 - - [11/Mar/2026:10:55:49 +0100] "GET /wp-content/uploads/Public-Sans-Lokal/public-sans-v14-latin-700.woff HTTP/1.0" 200 4098 "https://inglory.de/" "Mozilla/5.0 (Windows NT 10.0; Win64; x64) AppleWebKit/537.36 (KHTML, like Gecko) Chrome/145.0.0.0 Safari/537.36"
136.226.163.74 - - [11/Mar/2026:10:55:49 +0100] "GET /wp-content/plugins/Funnelforms-pro/fonts/FontAwesome/fa-brands-400.woff2 HTTP/1.0" 200 4104 "https://inglory.de/wp-content/plugins/Funnelforms-pro/res/frontend/styles/fontawesome_5.15.4.css?ver=3.8.1" "Mozilla/5.0 (Windows NT 10.0; Win64; x64) AppleWebKit/537.36 (KHTML, like Gecko) Chrome/145.0.0.0 Safari/537.36"
136.226.163.74 - - [11/Mar/2026:10:55:49 +0100] "GET /wp-content/plugins/Funnelforms-pro/fonts/FontAwesome/fa-solid-900.woff2 HTTP/1.0" 200 4103 "https://inglory.de/wp-content/plugins/Funnelforms-pro/res/frontend/styles/fontawesome_5.15.4.css?ver=3.8.1" "Mozilla/5.0 (Windows NT 10.0; Win64; x64) AppleWebKit/537.36 (KHTML, like Gecko) Chrome/145.0.0.0 Safari/537.36"
136.226.163.74 - - [11/Mar/2026:10:55:49 +0100] "GET /wp-content/plugins/elementor/assets/js/webpack.runtime.min.js?ver=3.35.6 HTTP/1.0" 200 6719 "https://inglory.de/" "Mozilla/5.0 (Windows NT 10.0; Win64; x64) AppleWebKit/537.36 (KHTML, like Gecko) Chrome/145.0.0.0 Safari/537.36"
136.226.163.74 - - [11/Mar/2026:10:55:49 +0100] "GET /wp-content/plugins/elementor/assets/js/frontend-modules.min.js?ver=3.35.6 HTTP/1.0" 200 20080 "https://inglory.de/" "Mozilla/5.0 (Windows NT 10.0; Win64; x64) AppleWebKit/537.36 (KHTML, like Gecko) Chrome/145.0.0.0 Safari/537.36"
136.226.163.74 - - [11/Mar/2026:10:55:49 +0100] "GET /wp-includes/js/jquery/ui/core.min.js?ver=1.13.3 HTTP/1.0" 200 11318 "https://inglory.de/" "Mozilla/5.0 (Windows NT 10.0; Win64; x64) AppleWebKit/537.36 (KHTML, like Gecko) Chrome/145.0.0.0 Safari/537.36"
136.226.163.74 - - [11/Mar/2026:10:55:49 +0100] "GET /wp-content/plugins/elementor/assets/js/frontend.min.js?ver=3.35.6 HTTP/1.0" 200 14548 "https://inglory.de/" "Mozilla/5.0 (Windows NT 10.0; Win64; x64) AppleWebKit/537.36 (KHTML, like Gecko) Chrome/145.0.0.0 Safari/537.36"
136.226.163.74 - - [11/Mar/2026:10:55:49 +0100] "GET /wp-content/themes/hub/assets/vendors/flickity/flickity.pkgd.min.js HTTP/1.0" 200 18410 "https://inglory.de/" "Mozilla/5.0 (Windows NT 10.0; Win64; x64) AppleWebKit/537.36 (KHTML, like Gecko) Chrome/145.0.0.0 Safari/537.36"
136.226.163.74 - - [11/Mar/2026:10:55:49 +0100] "GET /wp-content/themes/hub/assets/vendors/flickity/flickity-fade.min.js HTTP/1.0" 200 5396 "https://inglory.de/" "Mozilla/5.0 (Windows NT 10.0; Win64; x64) AppleWebKit/537.36 (KHTML, like Gecko) Chrome/145.0.0.0 Safari/537.36"
136.226.163.74 - - [11/Mar/2026:10:55:49 +0100] "GET /wp-content/plugins/pro-elements/assets/lib/smartmenus/jquery.smartmenus.min.js?ver=1.2.1 HTTP/1.0" 200 11279 "https://inglory.de/" "Mozilla/5.0 (Windows NT 10.0; Win64; x64) AppleWebKit/537.36 (KHTML, like Gecko) Chrome/145.0.0.0 Safari/537.36"
136.226.163.74 - - [11/Mar/2026:10:55:49 +0100] "GET /wp-includes/js/dist/hooks.min.js?ver=dd5603f07f9220ed27f1 HTTP/1.0" 200 6165 "https://inglory.de/" "Mozilla/5.0 (Windows NT 10.0; Win64; x64) AppleWebKit/537.36 (KHTML, like Gecko) Chrome/145.0.0.0 Safari/537.36"
136.226.163.74 - - [11/Mar/2026:10:55:49 +0100] "GET /wp-content/plugins/Funnelforms-pro/res/frontend/scripts/libs/jquery_ui.js?ver=3.8.1 HTTP/1.0" 200 127722 "https://inglory.de/" "Mozilla/5.0 (Windows NT 10.0; Win64; x64) AppleWebKit/537.36 (KHTML, like Gecko) Chrome/145.0.0.0 Safari/537.36"
136.226.163.74 - - [11/Mar/2026:10:55:49 +0100] "GET /wp-includes/js/dist/i18n.min.js?ver=c26c3dc7bed366793375 HTTP/1.0" 200 6452 "https://inglory.de/" "Mozilla/5.0 (Windows NT 10.0; Win64; x64) AppleWebKit/537.36 (KHTML, like Gecko) Chrome/145.0.0.0 Safari/537.36"
136.226.163.74 - - [11/Mar/2026:10:55:49 +0100] "GET /wp-content/plugins/Funnelforms-pro/res/frontend/scripts/dropzone.js?ver=3.8.1 HTTP/1.0" 200 17795 "https://inglory.de/" "Mozilla/5.0 (Windows NT 10.0; Win64; x64) AppleWebKit/537.36 (KHTML, like Gecko) Chrome/145.0.0.0 Safari/537.36"
136.226.163.74 - - [11/Mar/2026:10:55:49 +0100] "GET /wp-content/plugins/Funnelforms-pro/res/frontend/scripts/frontend.js?ver=3.8.1 HTTP/1.0" 200 50065 "https://inglory.de/" "Mozilla/5.0 (Windows NT 10.0; Win64; x64) AppleWebKit/537.36 (KHTML, like Gecko) Chrome/145.0.0.0 Safari/537.36"
136.226.163.74 - - [11/Mar/2026:10:55:49 +0100] "GET /wp-content/plugins/Funnelforms-pro/res/frontend/scripts/select.js?ver=3.8.1 HTTP/1.0" 200 24131 "https://inglory.de/" "Mozilla/5.0 (Windows NT 10.0; Win64; x64) AppleWebKit/537.36 (KHTML, like Gecko) Chrome/145.0.0.0 Safari/537.36"
136.226.163.74 - - [11/Mar/2026:10:55:49 +0100] "GET /wp-content/plugins/Funnelforms-pro/res/frontend/scripts/intlTelInputSelect2.js?ver=3.8.1 HTTP/1.0" 200 11688 "https://inglory.de/" "Mozilla/5.0 (Windows NT 10.0; Win64; x64) AppleWebKit/537.36 (KHTML, like Gecko) Chrome/145.0.0.0 Safari/537.36"
136.226.163.74 - - [11/Mar/2026:10:55:49 +0100] "GET /wp-content/plugins/pro-elements/assets/js/webpack-pro.runtime.min.js?ver=3.30.0 HTTP/1.0" 200 7076 "https://inglory.de/" "Mozilla/5.0 (Windows NT 10.0; Win64; x64) AppleWebKit/537.36 (KHTML, like Gecko) Chrome/145.0.0.0 Safari/537.36"
136.226.163.74 - - [11/Mar/2026:10:55:49 +0100] "GET /wp-content/plugins/pro-elements/assets/js/frontend.min.js?ver=3.30.0 HTTP/1.0" 200 10712 "https://inglory.de/" "Mozilla/5.0 (Windows NT 10.0; Win64; x64) AppleWebKit/537.36 (KHTML, like Gecko) Chrome/145.0.0.0 Safari/537.36"
136.226.163.74 - - [11/Mar/2026:10:55:49 +0100] "GET /wp-content/plugins/pro-elements/assets/js/elements-handlers.min.js?ver=3.30.0 HTTP/1.0" 200 14868 "https://inglory.de/" "Mozilla/5.0 (Windows NT 10.0; Win64; x64) AppleWebKit/537.36 (KHTML, like Gecko) Chrome/145.0.0.0 Safari/537.36"
136.226.163.74 - - [11/Mar/2026:10:55:49 +0100] "GET /wp-content/plugins/real-cookie-banner-pro/public/dist/blocker.pro.js?ver=853aee641143ce676b6ff4d3a37c559f HTTP/1.0" 200 20363 "https://inglory.de/" "Mozilla/5.0 (Windows NT 10.0; Win64; x64) AppleWebKit/537.36 (KHTML, like Gecko) Chrome/145.0.0.0 Safari/537.36"
136.226.163.74 - - [11/Mar/2026:10:55:49 +0100] "GET /wp-content/uploads/Public-Sans-Lokal/public-sans-v14-latin-500.woff2 HTTP/1.0" 200 4100 "https://inglory.de/" "Mozilla/5.0 (Windows NT 10.0; Win64; x64) AppleWebKit/537.36 (KHTML, like Gecko) Chrome/145.0.0.0 Safari/537.36"
136.226.163.74 - - [11/Mar/2026:10:55:50 +0100] "GET /wp-content/uploads/logo.webp HTTP/1.0" 200 4042 "https://inglory.de/" "Mozilla/5.0 (Windows NT 10.0; Win64; x64) AppleWebKit/537.36 (KHTML, like Gecko) Chrome/145.0.0.0 Safari/537.36"
136.226.163.74 - - [11/Mar/2026:10:55:50 +0100] "GET /wp-content/plugins/elementor/assets/js/shared-frontend-handlers.03caa53373b56d3bab67.bundle.min.js HTTP/1.0" 200 4110 "https://inglory.de/" "Mozilla/5.0 (Windows NT 10.0; Win64; x64) AppleWebKit/537.36 (KHTML, like Gecko) Chrome/145.0.0.0 Safari/537.36"
136.226.163.74 - - [11/Mar/2026:10:55:50 +0100] "GET /wp-content/plugins/pro-elements/assets/js/countdown.0e9e688751d29d07a8d3.bundle.min.js HTTP/1.0" 200 4098 "https://inglory.de/" "Mozilla/5.0 (Windows NT 10.0; Win64; x64) AppleWebKit/537.36 (KHTML, like Gecko) Chrome/145.0.0.0 Safari/537.36"
136.226.163.74 - - [11/Mar/2026:10:55:50 +0100] "GET /wp-content/plugins/pro-elements/assets/js/nav-menu.a23fbd67486c5bedf26c.bundle.min.js HTTP/1.0" 200 4097 "https://inglory.de/" "Mozilla/5.0 (Windows NT 10.0; Win64; x64) AppleWebKit/537.36 (KHTML, like Gecko) Chrome/145.0.0.0 Safari/537.36"
136.226.163.74 - - [11/Mar/2026:10:55:50 +0100] "GET /wp-content/uploads/cropped-favicon.webp HTTP/1.0" 200 8211 "https://inglory.de/" "Mozilla/5.0 (Windows NT 10.0; Win64; x64) AppleWebKit/537.36 (KHTML, like Gecko) Chrome/145.0.0.0 Safari/537.36"
136.226.163.74 - - [11/Mar/2026:10:55:50 +0100] "GET /wp-includes/js/wp-emoji-release.min.js?ver=6.9.3 HTTP/1.0" 200 4050 "https://inglory.de/" "Mozilla/5.0 (Windows NT 10.0; Win64; x64) AppleWebKit/537.36 (KHTML, like Gecko) Chrome/145.0.0.0 Safari/537.36"
136.226.163.74 - - [11/Mar/2026:10:55:50 +0100] "GET /wp-content/uploads/cropped-favicon-32x32.webp HTTP/1.0" 200 4476 "https://inglory.de/" "Mozilla/5.0 (Windows NT 10.0; Win64; x64) AppleWebKit/537.36 (KHTML, like Gecko) Chrome/145.0.0.0 Safari/537.36"
136.226.163.74 - - [11/Mar/2026:10:55:50 +0100] "POST /mod_pagespeed_beacon?url=https%3A%2F%2Finglory.de%2F HTTP/1.0" 204 3896 "https://inglory.de/" "Mozilla/5.0 (Windows NT 10.0; Win64; x64) AppleWebKit/537.36 (KHTML, like Gecko) Chrome/145.0.0.0 Safari/537.36"
136.226.163.74 - - [11/Mar/2026:10:55:51 +0100] "POST /wp-json/mnutq6cpim4wqtd2iv4ey6tlormxsodxjr4tq52mgjhhetd2ju2ey6jypbhugodujzbtq6snim4wqtd2m53ey6thozneovtz0/mrvekpi0/09c4de265e8f0aa44e97bc50f1505b162/consent?_method=POST&_v=3.8.0&_locale=user&_wp_http_referer=https%3A%2F%2Finglory.de%2F HTTP/1.0" 200 4972 "https://inglory.de/" "Mozilla/5.0 (Windows NT 10.0; Win64; x64) AppleWebKit/537.36 (KHTML, like Gecko) Chrome/145.0.0.0 Safari/537.36"
94.130.90.54 - - [11/Mar/2026:10:57:19 +0100] "POST /wp-cron.php?doing_wp_cron=1773223039.1991930007934570312500 HTTP/1.0" 200 4066 "-" "eShcJgZGdyoo"
57.141.20.34 - - [11/Mar/2026:10:57:18 +0100] "GET /wp-sitemap-posts-liquid-footer-1.xml HTTP/1.0" 200 4306 "-" "meta-externalagent/1.1 (+https://developers.facebook.com/docs/sharing/webmasters/crawler)"
94.130.90.54 - - [11/Mar/2026:10:58:30 +0100] "POST /wp-cron.php?doing_wp_cron=1773223110.6920371055603027343750 HTTP/1.0" 200 4066 "-" "NIVH0aQUpJyS"
49.13.164.148 - - [11/Mar/2026:10:58:29 +0100] "HEAD / HTTP/1.0" 200 4190 "https://inglory.de" "Mozilla/5.0+(compatible; UptimeRobot/2.0; http://www.uptimerobot.com/)"
94.130.90.54 - - [11/Mar/2026:11:00:46 +0100] "POST /wp-cron.php?doing_wp_cron=1773223246.9407610893249511718750 HTTP/1.0" 200 4066 "-" "pM1k8n98SA76"
94.130.90.54 - - [11/Mar/2026:11:00:46 +0100] "POST /wp-cron.php?doing_wp_cron=1773223246.9407880306243896484375 HTTP/1.0" 200 4066 "-" "pvgtm3GrMW4z"
94.130.90.54 - - [11/Mar/2026:11:00:46 +0100] "GET /wp-includes/css/dashicons.min.css?ver=6.9.3 HTTP/1.1" 304 3419 "https://inglory.de/wp-login.php" "Serf/1.3.9 (mod_pagespeed/1.13.35.2-0)"
94.130.90.54 - - [11/Mar/2026:11:00:46 +0100] "GET /wp-includes/css/dashicons.min.css?ver=6.9.3 HTTP/1.1" 304 3419 "https://inglory.de/wp-login.php" "Serf/1.3.9 (mod_pagespeed/1.13.35.2-0)"
167.99.182.62 - - [11/Mar/2026:11:00:46 +0100] "POST /wp-login.php HTTP/1.0" 200 42174 "-" "Mozilla/5.0"
167.99.182.62 - - [11/Mar/2026:11:00:46 +0100] "POST /wp-login.php HTTP/1.0" 200 42236 "-" "Mozilla/5.0"
94.130.90.54 - - [11/Mar/2026:11:00:46 +0100] "GET /wp-includes/css/buttons.min.css?ver=6.9.3 HTTP/1.1" 304 3419 "https://inglory.de/wp-login.php" "Serf/1.3.9 (mod_pagespeed/1.13.35.2-0)"
94.130.90.54 - - [11/Mar/2026:11:00:46 +0100] "GET /wp-includes/css/buttons.min.css?ver=6.9.3 HTTP/1.1" 304 3419 "https://inglory.de/wp-login.php" "Serf/1.3.9 (mod_pagespeed/1.13.35.2-0)"
94.130.90.54 - - [11/Mar/2026:11:00:46 +0100] "GET /wp-content/plugins/real-cookie-banner-pro/public/lib/animate.css/animate.min.css?ver=4.1.1 HTTP/1.1" 304 3420 "https://inglory.de/wp-login.php" "Serf/1.3.9 (mod_pagespeed/1.13.35.2-0)"
94.130.90.54 - - [11/Mar/2026:11:00:46 +0100] "GET /wp-includes/js/dist/hooks.min.js?ver=dd5603f07f9220ed27f1 HTTP/1.1" 304 3419 "https://inglory.de/wp-login.php" "Serf/1.3.9 (mod_pagespeed/1.13.35.2-0)"
94.130.90.54 - - [11/Mar/2026:11:00:46 +0100] "GET /wp-includes/js/wp-util.min.js?ver=6.9.3 HTTP/1.1" 304 3418 "https://inglory.de/wp-login.php" "Serf/1.3.9 (mod_pagespeed/1.13.35.2-0)"
94.130.90.54 - - [11/Mar/2026:11:00:46 +0100] "GET /wp-includes/js/dist/i18n.min.js?ver=c26c3dc7bed366793375 HTTP/1.1" 304 3419 "https://inglory.de/wp-login.php" "Serf/1.3.9 (mod_pagespeed/1.13.35.2-0)"
94.130.90.54 - - [11/Mar/2026:11:00:47 +0100] "GET /wp-includes/js/dist/dom-ready.min.js?ver=f77871ff7694fffea381 HTTP/1.1" 304 3418 "https://inglory.de/wp-login.php" "Serf/1.3.9 (mod_pagespeed/1.13.35.2-0)"
94.130.90.54 - - [11/Mar/2026:11:00:47 +0100] "GET /wp-includes/js/wp-util.min.js?ver=6.9.3 HTTP/1.1" 304 3418 "https://inglory.de/wp-login.php" "Serf/1.3.9 (mod_pagespeed/1.13.35.2-0)"
94.130.90.54 - - [11/Mar/2026:11:00:47 +0100] "GET /wp-content/uploads/cropped-favicon-192x192.webp HTTP/1.1" 200 5397 "https://inglory.de/wp-login.php" "Serf/1.3.9 (mod_pagespeed/1.13.35.2-0)"
94.130.90.54 - - [11/Mar/2026:11:00:47 +0100] "GET /wp-includes/js/dist/dom-ready.min.js?ver=f77871ff7694fffea381 HTTP/1.1" 304 3418 "https://inglory.de/wp-login.php" "Serf/1.3.9 (mod_pagespeed/1.13.35.2-0)"
94.130.90.54 - - [11/Mar/2026:11:00:47 +0100] "GET /wp-content/uploads/cropped-favicon-180x180.webp HTTP/1.1" 200 5258 "https://inglory.de/wp-login.php" "Serf/1.3.9 (mod_pagespeed/1.13.35.2-0)"
94.130.90.54 - - [11/Mar/2026:11:00:47 +0100] "GET /wp-includes/js/clipboard.min.js?ver=2.0.11 HTTP/1.1" 304 3419 "https://inglory.de/wp-login.php" "Serf/1.3.9 (mod_pagespeed/1.13.35.2-0)"
94.130.90.54 - - [11/Mar/2026:11:00:47 +0100] "GET /wp-content/plugins/real-cookie-banner-pro/public/dist/vendor-banner.pro.js?ver=999564eaa31ab373ce4e9c8b101375a1 HTTP/1.1" 304 3419 "https://inglory.de/wp-login.php" "Serf/1.3.9 (mod_pagespeed/1.13.35.2-0)"
94.130.90.54 - - [11/Mar/2026:11:00:47 +0100] "GET /wp-content/plugins/real-cookie-banner-pro/public/dist/banner.pro.js?ver=e254713b5a42206c0ddfb3e20e347bdf HTTP/1.1" 304 3420 "https://inglory.de/wp-login.php" "Serf/1.3.9 (mod_pagespeed/1.13.35.2-0)"
94.130.90.54 - - [11/Mar/2026:11:00:47 +0100] "GET /wp-includes/js/zxcvbn-async.min.js?ver=1.0 HTTP/1.1" 304 3418 "https://inglory.de/wp-login.php" "Serf/1.3.9 (mod_pagespeed/1.13.35.2-0)"
94.130.90.54 - - [11/Mar/2026:11:00:47 +0100] "GET /wp-includes/js/underscore.min.js?ver=1.13.7 HTTP/1.1" 304 3419 "https://inglory.de/wp-login.php" "Serf/1.3.9 (mod_pagespeed/1.13.35.2-0)"
94.130.90.54 - - [11/Mar/2026:11:00:47 +0100] "GET /wp-includes/js/dist/a11y.min.js?ver=cb460b4676c94bd228ed HTTP/1.1" 304 3418 "https://inglory.de/wp-login.php" "Serf/1.3.9 (mod_pagespeed/1.13.35.2-0)"
94.130.90.54 - - [11/Mar/2026:11:00:47 +0100] "GET /wp-content/plugins/real-cookie-banner-pro/public/dist/blocker.pro.js?ver=853aee641143ce676b6ff4d3a37c559f HTTP/1.1" 304 3419 "https://inglory.de/wp-login.php" "Serf/1.3.9 (mod_pagespeed/1.13.35.2-0)"
94.130.90.54 - - [11/Mar/2026:11:00:47 +0100] "GET /wp-content/uploads/cropped-favicon-32x32.webp HTTP/1.1" 200 3891 "https://inglory.de/wp-login.php" "Serf/1.3.9 (mod_pagespeed/1.13.35.2-0)"
94.130.90.54 - - [11/Mar/2026:11:00:47 +0100] "GET /wp-content/uploads/cropped-favicon-192x192.webp HTTP/1.1" 200 5397 "https://inglory.de/wp-login.php" "Serf/1.3.9 (mod_pagespeed/1.13.35.2-0)"
94.130.90.54 - - [11/Mar/2026:11:00:47 +0100] "GET /wp-content/uploads/cropped-favicon-180x180.webp HTTP/1.1" 200 5258 "https://inglory.de/wp-login.php" "Serf/1.3.9 (mod_pagespeed/1.13.35.2-0)"
94.130.90.54 - - [11/Mar/2026:11:00:47 +0100] "GET /wp-includes/js/clipboard.min.js?ver=2.0.11 HTTP/1.1" 304 3419 "https://inglory.de/wp-login.php" "Serf/1.3.9 (mod_pagespeed/1.13.35.2-0)"
94.130.90.54 - - [11/Mar/2026:11:00:47 +0100] "GET /wp-includes/js/jquery/jquery.min.js?ver=3.7.1 HTTP/1.1" 304 3420 "https://inglory.de/wp-login.php" "Serf/1.3.9 (mod_pagespeed/1.13.35.2-0)"
94.130.90.54 - - [11/Mar/2026:11:00:47 +0100] "GET /wp-includes/js/jquery/jquery-migrate.min.js?ver=3.4.1 HTTP/1.1" 304 3419 "https://inglory.de/wp-login.php" "Serf/1.3.9 (mod_pagespeed/1.13.35.2-0)"
94.130.90.54 - - [11/Mar/2026:11:00:47 +0100] "GET /wp-includes/js/underscore.min.js?ver=1.13.7 HTTP/1.1" 304 3419 "https://inglory.de/wp-login.php" "Serf/1.3.9 (mod_pagespeed/1.13.35.2-0)"
94.130.90.54 - - [11/Mar/2026:11:00:47 +0100] "GET /wp-includes/js/dist/a11y.min.js?ver=cb460b4676c94bd228ed HTTP/1.1" 304 3418 "https://inglory.de/wp-login.php" "Serf/1.3.9 (mod_pagespeed/1.13.35.2-0)"
94.130.90.54 - - [11/Mar/2026:11:00:47 +0100] "GET /wp-includes/js/zxcvbn-async.min.js?ver=1.0 HTTP/1.1" 304 3418 "https://inglory.de/wp-login.php" "Serf/1.3.9 (mod_pagespeed/1.13.35.2-0)"
94.130.90.54 - - [11/Mar/2026:11:00:47 +0100] "GET /wp-content/uploads/cropped-favicon-192x192.webp HTTP/1.1" 200 5397 "https://inglory.de/wp-login.php" "Serf/1.3.9 (mod_pagespeed/1.13.35.2-0)"
94.130.90.54 - - [11/Mar/2026:11:00:47 +0100] "GET /wp-content/uploads/cropped-favicon-180x180.webp HTTP/1.1" 200 5258 "https://inglory.de/wp-login.php" "Serf/1.3.9 (mod_pagespeed/1.13.35.2-0)"
94.130.90.54 - - [11/Mar/2026:11:03:18 +0100] "POST /wp-cron.php?doing_wp_cron=1773223398.8556950092315673828125 HTTP/1.0" 200 4066 "-" "v8hgYbQsEKFx"
94.130.90.54 - - [11/Mar/2026:11:03:18 +0100] "GET /wp-content/uploads/cropped-favicon-32x32.webp HTTP/1.1" 200 3891 "https://inglory.de/wp-login.php" "Serf/1.3.9 (mod_pagespeed/1.13.35.2-0)"
185.198.240.137 - - [11/Mar/2026:11:03:18 +0100] "POST /wp-login.php HTTP/1.0" 200 42403 "-" "Mozilla/5.0"
173.239.214.11 - - [11/Mar/2026:11:03:18 +0100] "POST /wp-login.php HTTP/1.0" 200 42428 "-" "Mozilla/5.0"
185.198.240.137 - - [11/Mar/2026:11:03:18 +0100] "POST /wp-login.php HTTP/1.0" 200 42422 "-" "Mozilla/5.0"
94.130.90.54 - - [11/Mar/2026:11:03:37 +0100] "POST /wp-cron.php?doing_wp_cron=1773223417.0754289627075195312500 HTTP/1.0" 200 4066 "-" "Mj7ZOhagvoNZ"
157.90.156.63 - - [11/Mar/2026:11:03:36 +0100] "HEAD / HTTP/1.0" 200 4190 "https://inglory.de" "Mozilla/5.0+(compatible; UptimeRobot/2.0; http://www.uptimerobot.com/)"
94.130.90.54 - - [11/Mar/2026:11:07:05 +0100] "POST /wp-cron.php?doing_wp_cron=1773223625.4977350234985351562500 HTTP/1.0" 200 4066 "-" "cJ1pJX3FvWPo"
209.235.136.144 - - [11/Mar/2026:11:07:04 +0100] "POST /xmlrpc.php HTTP/1.0" 200 4255 "-" "Mozilla/5.0 (Windows NT 10.0; WOW64; Trident/7.0; EIE10;ENUSMSN; rv:11.0) like Gecko"
94.130.90.54 - - [11/Mar/2026:11:08:44 +0100] "POST /wp-cron.php?doing_wp_cron=1773223724.1929979324340820312500 HTTP/1.0" 200 4066 "-" "9v5NKI2LrRM3"
168.119.123.75 - - [11/Mar/2026:11:08:43 +0100] "HEAD / HTTP/1.0" 200 4190 "https://inglory.de" "Mozilla/5.0+(compatible; UptimeRobot/2.0; http://www.uptimerobot.com/)"
94.130.90.54 - - [11/Mar/2026:11:10:53 +0100] "POST /wp-cron.php?doing_wp_cron=1773223853.5048658847808837890625 HTTP/1.0" 200 4066 "-" "AX3cjnpUq1TN"
94.130.90.54 - - [11/Mar/2026:11:10:53 +0100] "POST /wp-cron.php?doing_wp_cron=1773223853.5048999786376953125000 HTTP/1.0" 200 4066 "-" "rNPXlDCkYO5n"
94.130.90.54 - - [11/Mar/2026:11:10:53 +0100] "GET /wp-includes/css/dashicons.min.css?ver=6.9.3 HTTP/1.1" 304 3419 "https://inglory.de/wp-login.php" "Serf/1.3.9 (mod_pagespeed/1.13.35.2-0)"
94.130.90.54 - - [11/Mar/2026:11:10:53 +0100] "GET /wp-includes/css/dashicons.min.css?ver=6.9.3 HTTP/1.1" 304 3419 "https://inglory.de/wp-login.php" "Serf/1.3.9 (mod_pagespeed/1.13.35.2-0)"
167.99.182.62 - - [11/Mar/2026:11:10:52 +0100] "POST /wp-login.php HTTP/1.0" 200 42050 "-" "Mozilla/5.0"
167.99.182.62 - - [11/Mar/2026:11:10:52 +0100] "POST /wp-login.php HTTP/1.0" 200 42044 "-" "Mozilla/5.0"
94.130.90.54 - - [11/Mar/2026:11:10:53 +0100] "GET /wp-includes/css/buttons.min.css?ver=6.9.3 HTTP/1.1" 304 3419 "https://inglory.de/wp-login.php" "Serf/1.3.9 (mod_pagespeed/1.13.35.2-0)"
94.130.90.54 - - [11/Mar/2026:11:10:53 +0100] "GET /wp-includes/css/buttons.min.css?ver=6.9.3 HTTP/1.1" 304 3419 "https://inglory.de/wp-login.php" "Serf/1.3.9 (mod_pagespeed/1.13.35.2-0)"
94.130.90.54 - - [11/Mar/2026:11:10:53 +0100] "GET /wp-content/plugins/real-cookie-banner-pro/public/lib/animate.css/animate.min.css?ver=4.1.1 HTTP/1.1" 304 3420 "https://inglory.de/wp-login.php" "Serf/1.3.9 (mod_pagespeed/1.13.35.2-0)"
94.130.90.54 - - [11/Mar/2026:11:10:53 +0100] "GET /wp-content/plugins/real-cookie-banner-pro/public/lib/animate.css/animate.min.css?ver=4.1.1 HTTP/1.1" 304 3420 "https://inglory.de/wp-login.php" "Serf/1.3.9 (mod_pagespeed/1.13.35.2-0)"
94.130.90.54 - - [11/Mar/2026:11:10:53 +0100] "GET /wp-includes/js/dist/hooks.min.js?ver=dd5603f07f9220ed27f1 HTTP/1.1" 304 3419 "https://inglory.de/wp-login.php" "Serf/1.3.9 (mod_pagespeed/1.13.35.2-0)"
94.130.90.54 - - [11/Mar/2026:11:10:53 +0100] "GET /wp-includes/js/dist/hooks.min.js?ver=dd5603f07f9220ed27f1 HTTP/1.1" 304 3419 "https://inglory.de/wp-login.php" "Serf/1.3.9 (mod_pagespeed/1.13.35.2-0)"
94.130.90.54 - - [11/Mar/2026:11:10:53 +0100] "GET /wp-includes/js/dist/i18n.min.js?ver=c26c3dc7bed366793375 HTTP/1.1" 304 3419 "https://inglory.de/wp-login.php" "Serf/1.3.9 (mod_pagespeed/1.13.35.2-0)"
94.130.90.54 - - [11/Mar/2026:11:10:53 +0100] "GET /wp-includes/js/dist/i18n.min.js?ver=c26c3dc7bed366793375 HTTP/1.1" 304 3419 "https://inglory.de/wp-login.php" "Serf/1.3.9 (mod_pagespeed/1.13.35.2-0)"
94.130.90.54 - - [11/Mar/2026:11:10:53 +0100] "GET /wp-includes/js/wp-util.min.js?ver=6.9.3 HTTP/1.1" 304 3418 "https://inglory.de/wp-login.php" "Serf/1.3.9 (mod_pagespeed/1.13.35.2-0)"
94.130.90.54 - - [11/Mar/2026:11:10:53 +0100] "GET /wp-includes/js/wp-util.min.js?ver=6.9.3 HTTP/1.1" 304 3418 "https://inglory.de/wp-login.php" "Serf/1.3.9 (mod_pagespeed/1.13.35.2-0)"
94.130.90.54 - - [11/Mar/2026:11:10:53 +0100] "GET /wp-includes/js/dist/dom-ready.min.js?ver=f77871ff7694fffea381 HTTP/1.1" 304 3418 "https://inglory.de/wp-login.php" "Serf/1.3.9 (mod_pagespeed/1.13.35.2-0)"
94.130.90.54 - - [11/Mar/2026:11:10:53 +0100] "GET /wp-includes/js/dist/dom-ready.min.js?ver=f77871ff7694fffea381 HTTP/1.1" 304 3418 "https://inglory.de/wp-login.php" "Serf/1.3.9 (mod_pagespeed/1.13.35.2-0)"
94.130.90.54 - - [11/Mar/2026:11:10:53 +0100] "GET /wp-content/plugins/real-cookie-banner-pro/public/dist/vendor-banner.pro.js?ver=999564eaa31ab373ce4e9c8b101375a1 HTTP/1.1" 304 3419 "https://inglory.de/wp-login.php" "Serf/1.3.9 (mod_pagespeed/1.13.35.2-0)"
94.130.90.54 - - [11/Mar/2026:11:10:53 +0100] "GET /wp-content/plugins/real-cookie-banner-pro/public/dist/vendor-banner.pro.js?ver=999564eaa31ab373ce4e9c8b101375a1 HTTP/1.1" 304 3419 "https://inglory.de/wp-login.php" "Serf/1.3.9 (mod_pagespeed/1.13.35.2-0)"
94.130.90.54 - - [11/Mar/2026:11:10:53 +0100] "GET /wp-content/plugins/real-cookie-banner-pro/public/dist/banner.pro.js?ver=e254713b5a42206c0ddfb3e20e347bdf HTTP/1.1" 304 3420 "https://inglory.de/wp-login.php" "Serf/1.3.9 (mod_pagespeed/1.13.35.2-0)"
94.130.90.54 - - [11/Mar/2026:11:10:53 +0100] "GET /wp-content/plugins/real-cookie-banner-pro/public/dist/banner.pro.js?ver=e254713b5a42206c0ddfb3e20e347bdf HTTP/1.1" 304 3420 "https://inglory.de/wp-login.php" "Serf/1.3.9 (mod_pagespeed/1.13.35.2-0)"
94.130.90.54 - - [11/Mar/2026:11:10:53 +0100] "GET /wp-content/plugins/real-cookie-banner-pro/public/dist/blocker.pro.js?ver=853aee641143ce676b6ff4d3a37c559f HTTP/1.1" 304 3419 "https://inglory.de/wp-login.php" "Serf/1.3.9 (mod_pagespeed/1.13.35.2-0)"
94.130.90.54 - - [11/Mar/2026:11:10:53 +0100] "GET /wp-content/plugins/real-cookie-banner-pro/public/dist/blocker.pro.js?ver=853aee641143ce676b6ff4d3a37c559f HTTP/1.1" 304 3419 "https://inglory.de/wp-login.php" "Serf/1.3.9 (mod_pagespeed/1.13.35.2-0)"
94.130.90.54 - - [11/Mar/2026:11:10:53 +0100] "GET /wp-content/uploads/cropped-favicon-32x32.webp HTTP/1.1" 200 3891 "https://inglory.de/wp-login.php" "Serf/1.3.9 (mod_pagespeed/1.13.35.2-0)"
94.130.90.54 - - [11/Mar/2026:11:10:53 +0100] "GET /wp-content/uploads/cropped-favicon-32x32.webp HTTP/1.1" 200 3891 "https://inglory.de/wp-login.php" "Serf/1.3.9 (mod_pagespeed/1.13.35.2-0)"
94.130.90.54 - - [11/Mar/2026:11:10:53 +0100] "GET /wp-content/uploads/cropped-favicon-192x192.webp HTTP/1.1" 200 5397 "https://inglory.de/wp-login.php" "Serf/1.3.9 (mod_pagespeed/1.13.35.2-0)"
94.130.90.54 - - [11/Mar/2026:11:10:53 +0100] "GET /wp-content/uploads/cropped-favicon-192x192.webp HTTP/1.1" 200 5397 "https://inglory.de/wp-login.php" "Serf/1.3.9 (mod_pagespeed/1.13.35.2-0)"
94.130.90.54 - - [11/Mar/2026:11:10:53 +0100] "GET /wp-content/uploads/cropped-favicon-180x180.webp HTTP/1.1" 200 5258 "https://inglory.de/wp-login.php" "Serf/1.3.9 (mod_pagespeed/1.13.35.2-0)"
94.130.90.54 - - [11/Mar/2026:11:10:53 +0100] "GET /wp-content/uploads/cropped-favicon-180x180.webp HTTP/1.1" 200 5258 "https://inglory.de/wp-login.php" "Serf/1.3.9 (mod_pagespeed/1.13.35.2-0)"
94.130.90.54 - - [11/Mar/2026:11:10:53 +0100] "GET /wp-includes/js/clipboard.min.js?ver=2.0.11 HTTP/1.1" 304 3419 "https://inglory.de/wp-login.php" "Serf/1.3.9 (mod_pagespeed/1.13.35.2-0)"
94.130.90.54 - - [11/Mar/2026:11:10:53 +0100] "GET /wp-includes/js/clipboard.min.js?ver=2.0.11 HTTP/1.1" 304 3419 "https://inglory.de/wp-login.php" "Serf/1.3.9 (mod_pagespeed/1.13.35.2-0)"
94.130.90.54 - - [11/Mar/2026:11:10:53 +0100] "GET /wp-includes/js/jquery/jquery.min.js?ver=3.7.1 HTTP/1.1" 304 3420 "https://inglory.de/wp-login.php" "Serf/1.3.9 (mod_pagespeed/1.13.35.2-0)"
94.130.90.54 - - [11/Mar/2026:11:10:53 +0100] "GET /wp-includes/js/jquery/jquery.min.js?ver=3.7.1 HTTP/1.1" 304 3420 "https://inglory.de/wp-login.php" "Serf/1.3.9 (mod_pagespeed/1.13.35.2-0)"
94.130.90.54 - - [11/Mar/2026:11:10:53 +0100] "GET /wp-includes/js/jquery/jquery-migrate.min.js?ver=3.4.1 HTTP/1.1" 304 3419 "https://inglory.de/wp-login.php" "Serf/1.3.9 (mod_pagespeed/1.13.35.2-0)"
94.130.90.54 - - [11/Mar/2026:11:10:53 +0100] "GET /wp-includes/js/jquery/jquery-migrate.min.js?ver=3.4.1 HTTP/1.1" 304 3419 "https://inglory.de/wp-login.php" "Serf/1.3.9 (mod_pagespeed/1.13.35.2-0)"
94.130.90.54 - - [11/Mar/2026:11:10:53 +0100] "GET /wp-includes/js/underscore.min.js?ver=1.13.7 HTTP/1.1" 304 3419 "https://inglory.de/wp-login.php" "Serf/1.3.9 (mod_pagespeed/1.13.35.2-0)"
